2024-05-14T09:23:32.210 INFO:teuthology.orchestra.run.smithi002.stdout:/usr/bin/ceph: stderr
2024-05-14T09:23:31.220+0000 7f87e2b11700 1 --2- 172.21.15.2:0/1695306190 >> [v2:172.21.15.2:3300/0,v1:172.21.15.2:6789/0] conn(0x7f87dc10a560 0x7f87dc10c980 secure :-1 s=READY pgs=70 cs=0 l=1 rev1=1 crypto rx=0x7f87d00098a0 tx=0x7f87d0009bb0 comp rx=0 tx=0).stop
2024-05-14T09:23:32.210 INFO:teuthology.orchestra.run.smithi002.stdout:/usr/bin/ceph: stderr
2024-05-14T09:23:31.220+0000 7f87e2b11700 1 -- 172.21.15.2:0/1695306190 shutdown_connections
2024-05-14T09:23:32.210 INFO:teuthology.orchestra.run.smithi002.stdout:/usr/bin/ceph: stderr
2024-05-14T09:23:31.220+0000 7f87e2b11700 1 --2- 172.21.15.2:0/1695306190 >> [v2:172.21.15.2:3300/0,v1:172.21.15.2:6789/0] conn(0x7f87dc10a560 0x7f87dc10c980 unknown :-1 s=CLOSED pgs=70 cs=0 l=1 rev1=1 crypto rx=0 tx=0 comp rx=0 tx=0).stop
2024-05-14T09:23:32.210 INFO:teuthology.orchestra.run.smithi002.stdout:/usr/bin/ceph: stderr
2024-05-14T09:23:31.220+0000 7f87e2b11700 1 -- 172.21.15.2:0/1695306190 >> 172.21.15.2:0/1695306190 conn(0x7f87dc103fc0 msgr2=0x7f87dc106430 unknown :-1 s=STATE_NONE l=0).mark_down
2024-05-14T09:23:32.211 INFO:teuthology.orchestra.run.smithi002.stdout:/usr/bin/ceph: stderr
2024-05-14T09:23:31.220+0000 7f87e2b11700 1 -- 172.21.15.2:0/1695306190 shutdown_connections
2024-05-14T09:23:32.211 INFO:teuthology.orchestra.run.smithi002.stdout:/usr/bin/ceph: stderr
2024-05-14T09:23:31.220+0000 7f87e2b11700 1 -- 172.21.15.2:0/1695306190 wait complete.
2024-05-14T09:23:32.211 INFO:teuthology.orchestra.run.smithi002.stdout:/usr/bin/ceph: stderr
2024-05-14T09:23:31.221+0000 7f87e2b11700 1 Processor -- start
2024-05-14T09:23:32.211 INFO:teuthology.orchestra.run.smithi002.stdout:/usr/bin/ceph: stderr
2024-05-14T09:23:31.221+0000 7f87e2b11700 1 -- start start
2024-05-14T09:23:32.211 INFO:teuthology.orchestra.run.smithi002.stdout:/usr/bin/ceph: stderr
2024-05-14T09:23:31.222+0000 7f87e2b11700 1 --2- >> [v2:172.21.15.2:3300/0,v1:172.21.15.2:6789/0] conn(0x7f87dc10a560 0x7f87dc19e100 unknown :-1 s=NONE pgs=0 cs=0 l=1 rev1=0 crypto rx=0 tx=0 comp rx=0 tx=0).connect
2024-05-14T09:23:32.211 INFO:teuthology.orchestra.run.smithi002.stdout:/usr/bin/ceph: stderr
2024-05-14T09:23:31.222+0000 7f87e2b11700 1 -- --> [v2:172.21.15.2:3300/0,v1:172.21.15.2:6789/0] -- mon_getmap magic: 0 -- 0x7f87dc10de60 con 0x7f87dc10a560
2024-05-14T09:23:32.211 INFO:teuthology.orchestra.run.smithi002.stdout:/usr/bin/ceph: stderr
2024-05-14T09:23:31.222+0000 7f87e08ad700 1 --2- >> [v2:172.21.15.2:3300/0,v1:172.21.15.2:6789/0] conn(0x7f87dc10a560 0x7f87dc19e100 unknown :-1 s=BANNER_CONNECTING pgs=0 cs=0 l=1 rev1=0 crypto rx=0 tx=0 comp rx=0 tx=0)._handle_peer_banner_payload supported=3 required=0
2024-05-14T09:23:32.211 INFO:teuthology.orchestra.run.smithi002.stdout:/usr/bin/ceph: stderr
2024-05-14T09:23:31.222+0000 7f87e08ad700 1 --2- >> [v2:172.21.15.2:3300/0,v1:172.21.15.2:6789/0] conn(0x7f87dc10a560 0x7f87dc19e100 unknown :-1 s=HELLO_CONNECTING pgs=0 cs=0 l=1 rev1=1 crypto rx=0 tx=0 comp rx=0 tx=0).handle_hello peer v2:172.21.15.2:3300/0 says I am v2:172.21.15.2:38274/0 (socket says 172.21.15.2:38274)
2024-05-14T09:23:32.211 INFO:teuthology.orchestra.run.smithi002.stdout:/usr/bin/ceph: stderr
2024-05-14T09:23:31.222+0000 7f87e08ad700 1 -- 172.21.15.2:0/817229817 learned_addr learned my addr 172.21.15.2:0/817229817 (peer_addr_for_me v2:172.21.15.2:0/0)
2024-05-14T09:23:32.211 INFO:teuthology.orchestra.run.smithi002.stdout:/usr/bin/ceph: stderr
2024-05-14T09:23:31.222+0000 7f87e08ad700 1 -- 172.21.15.2:0/817229817 --> [v2:172.21.15.2:3300/0,v1:172.21.15.2:6789/0] -- mon_subscribe({config=0+,monmap=0+}) -- 0x7f87dc19e640 con 0x7f87dc10a560
2024-05-14T09:23:32.211 INFO:teuthology.orchestra.run.smithi002.stdout:/usr/bin/ceph: stderr
2024-05-14T09:23:31.222+0000 7f87e08ad700 1 --2- 172.21.15.2:0/817229817 >> [v2:172.21.15.2:3300/0,v1:172.21.15.2:6789/0] conn(0x7f87dc10a560 0x7f87dc19e100 secure :-1 s=READY pgs=71 cs=0 l=1 rev1=1 crypto rx=0x7f87d0004660 tx=0x7f87d0011aa0 comp rx=0 tx=0).ready entity=mon.0 client_cookie=0 server_cookie=0 in_seq=0 out_seq=0
2024-05-14T09:23:32.211 INFO:teuthology.orchestra.run.smithi002.stdout:/usr/bin/ceph: stderr
2024-05-14T09:23:31.222+0000 7f87d9ffb700 1 -- 172.21.15.2:0/817229817 <== mon.0 v2:172.21.15.2:3300/0 1 ==== mon_map magic: 0 ==== 205+0+0 (secure 0 0 0) 0x7f87d0003a60 con 0x7f87dc10a560
2024-05-14T09:23:32.211 INFO:teuthology.orchestra.run.smithi002.stdout:/usr/bin/ceph: stderr
2024-05-14T09:23:31.222+0000 7f87e2b11700 1 -- 172.21.15.2:0/817229817 --> [v2:172.21.15.2:3300/0,v1:172.21.15.2:6789/0] -- mon_subscribe({mgrmap=0+}) -- 0x7f87dc19e8d0 con 0x7f87dc10a560
2024-05-14T09:23:32.211 INFO:teuthology.orchestra.run.smithi002.stdout:/usr/bin/ceph: stderr
2024-05-14T09:23:31.223+0000 7f87d9ffb700 1 -- 172.21.15.2:0/817229817 <== mon.0 v2:172.21.15.2:3300/0 2 ==== config(26 keys) ==== 1101+0+0 (secure 0 0 0) 0x7f87d001b8f0 con 0x7f87dc10a560
2024-05-14T09:23:32.212 INFO:teuthology.orchestra.run.smithi002.stdout:/usr/bin/ceph: stderr
2024-05-14T09:23:31.223+0000 7f87d9ffb700 1 -- 172.21.15.2:0/817229817 <== mon.0 v2:172.21.15.2:3300/0 3 ==== mon_map magic: 0 ==== 205+0+0 (secure 0 0 0) 0x7f87d0023890 con 0x7f87dc10a560
2024-05-14T09:23:32.212 INFO:teuthology.orchestra.run.smithi002.stdout:/usr/bin/ceph: stderr
2024-05-14T09:23:31.223+0000 7f87e2b11700 1 -- 172.21.15.2:0/817229817 --> [v2:172.21.15.2:3300/0,v1:172.21.15.2:6789/0] -- mon_subscribe({osdmap=0}) -- 0x7f87dc1a14e0 con 0x7f87dc10a560
2024-05-14T09:23:32.212 INFO:teuthology.orchestra.run.smithi002.stdout:/usr/bin/ceph: stderr
2024-05-14T09:23:31.224+0000 7f87d9ffb700 1 -- 172.21.15.2:0/817229817 <== mon.0 v2:172.21.15.2:3300/0 4 ==== mgrmap(e 12) ==== 50235+0+0 (secure 0 0 0) 0x7f87d002c3f0 con 0x7f87dc10a560
2024-05-14T09:23:32.212 INFO:teuthology.orchestra.run.smithi002.stdout:/usr/bin/ceph: stderr
2024-05-14T09:23:31.224+0000 7f87d9ffb700 1 --2- 172.21.15.2:0/817229817 >> [v2:172.21.15.2:6800/3050449557,v1:172.21.15.2:6801/3050449557] conn(0x7f87cc03e470 0x7f87cc040980 unknown :-1 s=NONE pgs=0 cs=0 l=1 rev1=0 crypto rx=0 tx=0 comp rx=0 tx=0).connect
2024-05-14T09:23:32.212 INFO:teuthology.orchestra.run.smithi002.stdout:/usr/bin/ceph: stderr
2024-05-14T09:23:31.224+0000 7f87d9ffb700 1 -- 172.21.15.2:0/817229817 <== mon.0 v2:172.21.15.2:3300/0 5 ==== osd_map(3..3 src has 1..3) ==== 1155+0+0 (secure 0 0 0) 0x7f87d001b5f0 con 0x7f87dc10a560
2024-05-14T09:23:32.212 INFO:teuthology.orchestra.run.smithi002.stdout:/usr/bin/ceph: stderr
2024-05-14T09:23:31.224+0000 7f87dbfff700 1 --2- 172.21.15.2:0/817229817 >> [v2:172.21.15.2:6800/3050449557,v1:172.21.15.2:6801/3050449557] conn(0x7f87cc03e470 0x7f87cc040980 unknown :-1 s=BANNER_CONNECTING pgs=0 cs=0 l=1 rev1=0 crypto rx=0 tx=0 comp rx=0 tx=0)._handle_peer_banner_payload supported=3 required=0
2024-05-14T09:23:32.212 INFO:teuthology.orchestra.run.smithi002.stdout:/usr/bin/ceph: stderr
2024-05-14T09:23:31.224+0000 7f87e2b11700 1 -- 172.21.15.2:0/817229817 --> [v2:172.21.15.2:3300/0,v1:172.21.15.2:6789/0] -- mon_command({"prefix": "get_command_descriptions"} v 0) -- 0x7f87dc064e20 con 0x7f87dc10a560
2024-05-14T09:23:32.212 INFO:teuthology.orchestra.run.smithi002.stdout:/usr/bin/ceph: stderr
2024-05-14T09:23:31.225+0000 7f87dbfff700 1 --2- 172.21.15.2:0/817229817 >> [v2:172.21.15.2:6800/3050449557,v1:172.21.15.2:6801/3050449557] conn(0x7f87cc03e470 0x7f87cc040980 secure :-1 s=READY pgs=7 cs=0 l=1 rev1=1 crypto rx=0x7f87c8006fd0 tx=0x7f87c8006e40 comp rx=0 tx=0).ready entity=mgr.14152 client_cookie=0 server_cookie=0 in_seq=0 out_seq=0
2024-05-14T09:23:32.212 INFO:teuthology.orchestra.run.smithi002.stdout:/usr/bin/ceph: stderr
2024-05-14T09:23:31.230+0000 7f87d9ffb700 1 -- 172.21.15.2:0/817229817 <== mon.0 v2:172.21.15.2:3300/0 6 ==== mon_command_ack([{"prefix": "get_command_descriptions"}]=0 v0) ==== 72+0+191963 (secure 0 0 0) 0x7f87d001f030 con 0x7f87dc10a560
2024-05-14T09:23:32.212 INFO:teuthology.orchestra.run.smithi002.stdout:/usr/bin/ceph: stderr
2024-05-14T09:23:31.452+0000 7f87e2b11700 1 -- 172.21.15.2:0/817229817 --> [v2:172.21.15.2:6800/3050449557,v1:172.21.15.2:6801/3050449557] -- mgr_command(tid 0: {"prefix": "dashboard create-self-signed-cert", "target": ["mon-mgr", ""]}) -- 0x7f87dc063c00 con 0x7f87cc03e470
2024-05-14T09:23:32.212 INFO:teuthology.orchestra.run.smithi002.stdout:/usr/bin/ceph: stderr
2024-05-14T09:23:31.602+0000 7f87d9ffb700 1 -- 172.21.15.2:0/817229817 <== mgr.14152 v2:172.21.15.2:6800/3050449557 1 ==== mgr_command_reply(tid 0: 0 ) ==== 8+0+32 (secure 0 0 0) 0x7f87dc063c00 con 0x7f87cc03e470
2024-05-14T09:23:32.212 INFO:teuthology.orchestra.run.smithi002.stdout:/usr/bin/ceph: stderr
2024-05-14T09:23:31.604+0000 7f87e2b11700 1 -- 172.21.15.2:0/817229817 >> [v2:172.21.15.2:6800/3050449557,v1:172.21.15.2:6801/3050449557] conn(0x7f87cc03e470 msgr2=0x7f87cc040980 secure :-1 s=STATE_CONNECTION_ESTABLISHED l=1).mark_down
2024-05-14T09:23:32.212 INFO:teuthology.orchestra.run.smithi002.stdout:/usr/bin/ceph: stderr
2024-05-14T09:23:31.604+0000 7f87e2b11700 1 --2- 172.21.15.2:0/817229817 >> [v2:172.21.15.2:6800/3050449557,v1:172.21.15.2:6801/3050449557] conn(0x7f87cc03e470 0x7f87cc040980 secure :-1 s=READY pgs=7 cs=0 l=1 rev1=1 crypto rx=0x7f87c8006fd0 tx=0x7f87c8006e40 comp rx=0 tx=0).stop
2024-05-14T09:23:32.212 INFO:teuthology.orchestra.run.smithi002.stdout:/usr/bin/ceph: stderr
2024-05-14T09:23:31.604+0000 7f87e2b11700 1 -- 172.21.15.2:0/817229817 >> [v2:172.21.15.2:3300/0,v1:172.21.15.2:6789/0] conn(0x7f87dc10a560 msgr2=0x7f87dc19e100 secure :-1 s=STATE_CONNECTION_ESTABLISHED l=1).mark_down
2024-05-14T09:23:32.212 INFO:teuthology.orchestra.run.smithi002.stdout:/usr/bin/ceph: stderr
2024-05-14T09:23:31.604+0000 7f87e2b11700 1 --2- 172.21.15.2:0/817229817 >> [v2:172.21.15.2:3300/0,v1:172.21.15.2:6789/0] conn(0x7f87dc10a560 0x7f87dc19e100 secure :-1 s=READY pgs=71 cs=0 l=1 rev1=1 crypto rx=0x7f87d0004660 tx=0x7f87d0011aa0 comp rx=0 tx=0).stop
2024-05-14T09:23:32.213 INFO:teuthology.orchestra.run.smithi002.stdout:/usr/bin/ceph: stderr
2024-05-14T09:23:31.604+0000 7f87e2b11700 1 -- 172.21.15.2:0/817229817 shutdown_connections
2024-05-14T09:23:32.213 INFO:teuthology.orchestra.run.smithi002.stdout:/usr/bin/ceph: stderr
2024-05-14T09:23:31.604+0000 7f87e2b11700 1 --2- 172.21.15.2:0/817229817 >> [v2:172.21.15.2:6800/3050449557,v1:172.21.15.2:6801/3050449557] conn(0x7f87cc03e470 0x7f87cc040980 unknown :-1 s=CLOSED pgs=7 cs=0 l=1 rev1=1 crypto rx=0 tx=0 comp rx=0 tx=0).stop
2024-05-14T09:23:32.213 INFO:teuthology.orchestra.run.smithi002.stdout:/usr/bin/ceph: stderr
2024-05-14T09:23:31.604+0000 7f87e2b11700 1 --2- 172.21.15.2:0/817229817 >> [v2:172.21.15.2:3300/0,v1:172.21.15.2:6789/0] conn(0x7f87dc10a560 0x7f87dc19e100 unknown :-1 s=CLOSED pgs=71 cs=0 l=1 rev1=1 crypto rx=0 tx=0 comp rx=0 tx=0).stop
2024-05-14T09:23:32.213 INFO:teuthology.orchestra.run.smithi002.stdout:/usr/bin/ceph: stderr
2024-05-14T09:23:31.604+0000 7f87e2b11700 1 -- 172.21.15.2:0/817229817 >> 172.21.15.2:0/817229817 conn(0x7f87dc103fc0 msgr2=0x7f87dc104ac0 unknown :-1 s=STATE_NONE l=0).mark_down
2024-05-14T09:23:32.213 INFO:teuthology.orchestra.run.smithi002.stdout:/usr/bin/ceph: stderr
2024-05-14T09:23:31.604+0000 7f87e2b11700 1 -- 172.21.15.2:0/817229817 shutdown_connections
2024-05-14T09:23:32.213 INFO:teuthology.orchestra.run.smithi002.stdout:/usr/bin/ceph: stderr
2024-05-14T09:23:31.604+0000 7f87e2b11700 1 -- 172.21.15.2:0/817229817 wait complete.
2024-05-14T09:23:32.213 INFO:teuthology.orchestra.run.smithi002.stdout:Creating initial admin user...
2024-05-14T09:23:33.740 INFO:teuthology.orchestra.run.smithi002.stdout:/usr/bin/ceph: stdout {"username": "admin", "password": "$2b$12$ryqbyqmojFFAP7s7XTedpucqJdLGC64rZe9TsDHB83lCO/MfLLEu6", "roles": ["administrator"], "name": null, "email": null, "lastUpdate": 1715678613, "enabled": true, "pwdExpirationDate": null, "pwdUpdateRequired": true}
2024-05-14T09:23:33.740 INFO:teuthology.orchestra.run.smithi002.stdout:/usr/bin/ceph: stderr
2024-05-14T09:23:32.665+0000 7fb004b2d700 1 Processor -- start
2024-05-14T09:23:33.740 INFO:teuthology.orchestra.run.smithi002.stdout:/usr/bin/ceph: stderr
2024-05-14T09:23:32.665+0000 7fb004b2d700 1 -- start start
2024-05-14T09:23:33.741 INFO:teuthology.orchestra.run.smithi002.stdout:/usr/bin/ceph: stderr
2024-05-14T09:23:32.665+0000 7fb004b2d700 1 --2- >> [v2:172.21.15.2:3300/0,v1:172.21.15.2:6789/0] conn(0x7fb00010a560 0x7fb00010c980 unknown :-1 s=NONE pgs=0 cs=0 l=0 rev1=0 crypto rx=0 tx=0 comp rx=0 tx=0).connect
2024-05-14T09:23:33.741 INFO:teuthology.orchestra.run.smithi002.stdout:/usr/bin/ceph: stderr
2024-05-14T09:23:32.665+0000 7fb004b2d700 1 -- --> [v2:172.21.15.2:3300/0,v1:172.21.15.2:6789/0] -- mon_getmap magic: 0 -- 0x7fb00007d880 con 0x7fb00010a560
2024-05-14T09:23:33.741 INFO:teuthology.orchestra.run.smithi002.stdout:/usr/bin/ceph: stderr
2024-05-14T09:23:32.666+0000 7faffe59c700 1 --2- >> [v2:172.21.15.2:3300/0,v1:172.21.15.2:6789/0] conn(0x7fb00010a560 0x7fb00010c980 unknown :-1 s=BANNER_CONNECTING pgs=0 cs=0 l=0 rev1=0 crypto rx=0 tx=0 comp rx=0 tx=0)._handle_peer_banner_payload supported=3 required=0
2024-05-14T09:23:33.741 INFO:teuthology.orchestra.run.smithi002.stdout:/usr/bin/ceph: stderr
2024-05-14T09:23:32.666+0000 7faffe59c700 1 --2- >> [v2:172.21.15.2:3300/0,v1:172.21.15.2:6789/0] conn(0x7fb00010a560 0x7fb00010c980 unknown :-1 s=HELLO_CONNECTING pgs=0 cs=0 l=0 rev1=1 crypto rx=0 tx=0 comp rx=0 tx=0).handle_hello peer v2:172.21.15.2:3300/0 says I am v2:172.21.15.2:38282/0 (socket says 172.21.15.2:38282)
2024-05-14T09:23:33.741 INFO:teuthology.orchestra.run.smithi002.stdout:/usr/bin/ceph: stderr
2024-05-14T09:23:32.666+0000 7faffe59c700 1 -- 172.21.15.2:0/1279345489 learned_addr learned my addr 172.21.15.2:0/1279345489 (peer_addr_for_me v2:172.21.15.2:0/0)
2024-05-14T09:23:33.741 INFO:teuthology.orchestra.run.smithi002.stdout:/usr/bin/ceph: stderr
2024-05-14T09:23:32.666+0000 7faffe59c700 1 -- 172.21.15.2:0/1279345489 --> [v2:172.21.15.2:3300/0,v1:172.21.15.2:6789/0] -- mon_subscribe({config=0+,monmap=0+}) -- 0x7fb00010cec0 con 0x7fb00010a560
2024-05-14T09:23:33.741 INFO:teuthology.orchestra.run.smithi002.stdout:/usr/bin/ceph: stderr
2024-05-14T09:23:32.666+0000 7faffe59c700 1 --2- 172.21.15.2:0/1279345489 >> [v2:172.21.15.2:3300/0,v1:172.21.15.2:6789/0] conn(0x7fb00010a560 0x7fb00010c980 secure :-1 s=READY pgs=72 cs=0 l=1 rev1=1 crypto rx=0x7faff00098a0 tx=0x7faff0009bb0 comp rx=0 tx=0).ready entity=mon.0 client_cookie=94d73917a86feb82 server_cookie=0 in_seq=0 out_seq=0
2024-05-14T09:23:33.741 INFO:teuthology.orchestra.run.smithi002.stdout:/usr/bin/ceph: stderr
2024-05-14T09:23:32.666+0000 7faffd59a700 1 -- 172.21.15.2:0/1279345489 <== mon.0 v2:172.21.15.2:3300/0 1 ==== mon_map magic: 0 ==== 205+0+0 (secure 0 0 0) 0x7faff0004160 con 0x7fb00010a560
2024-05-14T09:23:33.741 INFO:teuthology.orchestra.run.smithi002.stdout:/usr/bin/ceph: stderr
2024-05-14T09:23:32.666+0000 7faffd59a700 1 -- 172.21.15.2:0/1279345489 <== mon.0 v2:172.21.15.2:3300/0 2 ==== config(26 keys) ==== 1101+0+0 (secure 0 0 0) 0x7faff0004300 con 0x7fb00010a560
2024-05-14T09:23:33.741 INFO:teuthology.orchestra.run.smithi002.stdout:/usr/bin/ceph: stderr
2024-05-14T09:23:32.666+0000 7faffd59a700 1 -- 172.21.15.2:0/1279345489 <== mon.0 v2:172.21.15.2:3300/0 3 ==== mon_map magic: 0 ==== 205+0+0 (secure 0 0 0) 0x7faff0011a20 con 0x7fb00010a560
2024-05-14T09:23:33.741 INFO:teuthology.orchestra.run.smithi002.stdout:/usr/bin/ceph: stderr
2024-05-14T09:23:32.667+0000 7fb004b2d700 1 -- 172.21.15.2:0/1279345489 >> [v2:172.21.15.2:3300/0,v1:172.21.15.2:6789/0] conn(0x7fb00010a560 msgr2=0x7fb00010c980 secure :-1 s=STATE_CONNECTION_ESTABLISHED l=1).mark_down
2024-05-14T09:23:33.741 INFO:teuthology.orchestra.run.smithi002.stdout:/usr/bin/ceph: stderr
2024-05-14T09:23:32.667+0000 7fb004b2d700 1 --2- 172.21.15.2:0/1279345489 >> [v2:172.21.15.2:3300/0,v1:172.21.15.2:6789/0] conn(0x7fb00010a560 0x7fb00010c980 secure :-1 s=READY pgs=72 cs=0 l=1 rev1=1 crypto rx=0x7faff00098a0 tx=0x7faff0009bb0 comp rx=0 tx=0).stop
2024-05-14T09:23:33.741 INFO:teuthology.orchestra.run.smithi002.stdout:/usr/bin/ceph: stderr
2024-05-14T09:23:32.667+0000 7fb004b2d700 1 -- 172.21.15.2:0/1279345489 shutdown_connections
2024-05-14T09:23:33.741 INFO:teuthology.orchestra.run.smithi002.stdout:/usr/bin/ceph: stderr
2024-05-14T09:23:32.667+0000 7fb004b2d700 1 --2- 172.21.15.2:0/1279345489 >> [v2:172.21.15.2:3300/0,v1:172.21.15.2:6789/0] conn(0x7fb00010a560 0x7fb00010c980 unknown :-1 s=CLOSED pgs=72 cs=0 l=1 rev1=1 crypto rx=0 tx=0 comp rx=0 tx=0).stop
2024-05-14T09:23:33.742 INFO:teuthology.orchestra.run.smithi002.stdout:/usr/bin/ceph: stderr
2024-05-14T09:23:32.667+0000 7fb004b2d700 1 -- 172.21.15.2:0/1279345489 >> 172.21.15.2:0/1279345489 conn(0x7fb000103fc0 msgr2=0x7fb000106430 unknown :-1 s=STATE_NONE l=0).mark_down
2024-05-14T09:23:33.742 INFO:teuthology.orchestra.run.smithi002.stdout:/usr/bin/ceph: stderr
2024-05-14T09:23:32.668+0000 7fb004b2d700 1 -- 172.21.15.2:0/1279345489 shutdown_connections
2024-05-14T09:23:33.742 INFO:teuthology.orchestra.run.smithi002.stdout:/usr/bin/ceph: stderr
2024-05-14T09:23:32.668+0000 7fb004b2d700 1 -- 172.21.15.2:0/1279345489 wait complete.
2024-05-14T09:23:33.742 INFO:teuthology.orchestra.run.smithi002.stdout:/usr/bin/ceph: stderr
2024-05-14T09:23:32.669+0000 7fb004b2d700 1 Processor -- start
2024-05-14T09:23:33.742 INFO:teuthology.orchestra.run.smithi002.stdout:/usr/bin/ceph: stderr
2024-05-14T09:23:32.669+0000 7fb004b2d700 1 -- start start
2024-05-14T09:23:33.742 INFO:teuthology.orchestra.run.smithi002.stdout:/usr/bin/ceph: stderr
2024-05-14T09:23:32.669+0000 7fb004b2d700 1 --2- >> [v2:172.21.15.2:3300/0,v1:172.21.15.2:6789/0] conn(0x7fb00010a560 0x7fb00019e100 unknown :-1 s=NONE pgs=0 cs=0 l=1 rev1=0 crypto rx=0 tx=0 comp rx=0 tx=0).connect
2024-05-14T09:23:33.742 INFO:teuthology.orchestra.run.smithi002.stdout:/usr/bin/ceph: stderr
2024-05-14T09:23:32.669+0000 7fb004b2d700 1 -- --> [v2:172.21.15.2:3300/0,v1:172.21.15.2:6789/0] -- mon_getmap magic: 0 -- 0x7fb00010de60 con 0x7fb00010a560
2024-05-14T09:23:33.742 INFO:teuthology.orchestra.run.smithi002.stdout:/usr/bin/ceph: stderr
2024-05-14T09:23:32.669+0000 7faffe59c700 1 --2- >> [v2:172.21.15.2:3300/0,v1:172.21.15.2:6789/0] conn(0x7fb00010a560 0x7fb00019e100 unknown :-1 s=BANNER_CONNECTING pgs=0 cs=0 l=1 rev1=0 crypto rx=0 tx=0 comp rx=0 tx=0)._handle_peer_banner_payload supported=3 required=0
2024-05-14T09:23:33.742 INFO:teuthology.orchestra.run.smithi002.stdout:/usr/bin/ceph: stderr
2024-05-14T09:23:32.669+0000 7faffe59c700 1 --2- >> [v2:172.21.15.2:3300/0,v1:172.21.15.2:6789/0] conn(0x7fb00010a560 0x7fb00019e100 unknown :-1 s=HELLO_CONNECTING pgs=0 cs=0 l=1 rev1=1 crypto rx=0 tx=0 comp rx=0 tx=0).handle_hello peer v2:172.21.15.2:3300/0 says I am v2:172.21.15.2:38296/0 (socket says 172.21.15.2:38296)
2024-05-14T09:23:33.742 INFO:teuthology.orchestra.run.smithi002.stdout:/usr/bin/ceph: stderr
2024-05-14T09:23:32.669+0000 7faffe59c700 1 -- 172.21.15.2:0/3875598648 learned_addr learned my addr 172.21.15.2:0/3875598648 (peer_addr_for_me v2:172.21.15.2:0/0)
2024-05-14T09:23:33.742 INFO:teuthology.orchestra.run.smithi002.stdout:/usr/bin/ceph: stderr
2024-05-14T09:23:32.670+0000 7faffe59c700 1 -- 172.21.15.2:0/3875598648 --> [v2:172.21.15.2:3300/0,v1:172.21.15.2:6789/0] -- mon_subscribe({config=0+,monmap=0+}) -- 0x7fb00019e640 con 0x7fb00010a560
2024-05-14T09:23:33.742 INFO:teuthology.orchestra.run.smithi002.stdout:/usr/bin/ceph: stderr
2024-05-14T09:23:32.670+0000 7faffe59c700 1 --2- 172.21.15.2:0/3875598648 >> [v2:172.21.15.2:3300/0,v1:172.21.15.2:6789/0] conn(0x7fb00010a560 0x7fb00019e100 secure :-1 s=READY pgs=73 cs=0 l=1 rev1=1 crypto rx=0x7faff0009520 tx=0x7faff0011aa0 comp rx=0 tx=0).ready entity=mon.0 client_cookie=0 server_cookie=0 in_seq=0 out_seq=0
2024-05-14T09:23:33.742 INFO:teuthology.orchestra.run.smithi002.stdout:/usr/bin/ceph: stderr
2024-05-14T09:23:32.670+0000 7fafef7fe700 1 -- 172.21.15.2:0/3875598648 <== mon.0 v2:172.21.15.2:3300/0 1 ==== mon_map magic: 0 ==== 205+0+0 (secure 0 0 0) 0x7faff00039e0 con 0x7fb00010a560
2024-05-14T09:23:33.742 INFO:teuthology.orchestra.run.smithi002.stdout:/usr/bin/ceph: stderr
2024-05-14T09:23:32.670+0000 7fafef7fe700 1 -- 172.21.15.2:0/3875598648 <== mon.0 v2:172.21.15.2:3300/0 2 ==== config(26 keys) ==== 1101+0+0 (secure 0 0 0) 0x7faff001b8f0 con 0x7fb00010a560
2024-05-14T09:23:33.743 INFO:teuthology.orchestra.run.smithi002.stdout:/usr/bin/ceph: stderr
2024-05-14T09:23:32.670+0000 7fb004b2d700 1 -- 172.21.15.2:0/3875598648 --> [v2:172.21.15.2:3300/0,v1:172.21.15.2:6789/0] -- mon_subscribe({mgrmap=0+}) -- 0x7fb00019e8d0 con 0x7fb00010a560
2024-05-14T09:23:33.743 INFO:teuthology.orchestra.run.smithi002.stdout:/usr/bin/ceph: stderr
2024-05-14T09:23:32.670+0000 7fafef7fe700 1 -- 172.21.15.2:0/3875598648 <== mon.0 v2:172.21.15.2:3300/0 3 ==== mon_map magic: 0 ==== 205+0+0 (secure 0 0 0) 0x7faff00197d0 con 0x7fb00010a560
2024-05-14T09:23:33.743 INFO:teuthology.orchestra.run.smithi002.stdout:/usr/bin/ceph: stderr
2024-05-14T09:23:32.670+0000 7fb004b2d700 1 -- 172.21.15.2:0/3875598648 --> [v2:172.21.15.2:3300/0,v1:172.21.15.2:6789/0] -- mon_subscribe({osdmap=0}) -- 0x7fb0001a14e0 con 0x7fb00010a560
2024-05-14T09:23:33.743 INFO:teuthology.orchestra.run.smithi002.stdout:/usr/bin/ceph: stderr
2024-05-14T09:23:32.671+0000 7fb004b2d700 1 -- 172.21.15.2:0/3875598648 --> [v2:172.21.15.2:3300/0,v1:172.21.15.2:6789/0] -- mon_command({"prefix": "get_command_descriptions"} v 0) -- 0x7fb000064e20 con 0x7fb00010a560
2024-05-14T09:23:33.743 INFO:teuthology.orchestra.run.smithi002.stdout:/usr/bin/ceph: stderr
2024-05-14T09:23:32.671+0000 7fafef7fe700 1 -- 172.21.15.2:0/3875598648 <== mon.0 v2:172.21.15.2:3300/0 4 ==== mgrmap(e 12) ==== 50235+0+0 (secure 0 0 0) 0x7faff0019a80 con 0x7fb00010a560
2024-05-14T09:23:33.743 INFO:teuthology.orchestra.run.smithi002.stdout:/usr/bin/ceph: stderr
2024-05-14T09:23:32.672+0000 7fafef7fe700 1 --2- 172.21.15.2:0/3875598648 >> [v2:172.21.15.2:6800/3050449557,v1:172.21.15.2:6801/3050449557] conn(0x7fafe803e520 0x7fafe8040a30 unknown :-1 s=NONE pgs=0 cs=0 l=1 rev1=0 crypto rx=0 tx=0 comp rx=0 tx=0).connect
2024-05-14T09:23:33.743 INFO:teuthology.orchestra.run.smithi002.stdout:/usr/bin/ceph: stderr
2024-05-14T09:23:32.672+0000 7fafef7fe700 1 -- 172.21.15.2:0/3875598648 <== mon.0 v2:172.21.15.2:3300/0 5 ==== osd_map(3..3 src has 1..3) ==== 1155+0+0 (secure 0 0 0) 0x7faff0054080 con 0x7fb00010a560
2024-05-14T09:23:33.743 INFO:teuthology.orchestra.run.smithi002.stdout:/usr/bin/ceph: stderr
2024-05-14T09:23:32.672+0000 7faffdd9b700 1 --2- 172.21.15.2:0/3875598648 >> [v2:172.21.15.2:6800/3050449557,v1:172.21.15.2:6801/3050449557] conn(0x7fafe803e520 0x7fafe8040a30 unknown :-1 s=BANNER_CONNECTING pgs=0 cs=0 l=1 rev1=0 crypto rx=0 tx=0 comp rx=0 tx=0)._handle_peer_banner_payload supported=3 required=0
2024-05-14T09:23:33.743 INFO:teuthology.orchestra.run.smithi002.stdout:/usr/bin/ceph: stderr
2024-05-14T09:23:32.672+0000 7faffdd9b700 1 --2- 172.21.15.2:0/3875598648 >> [v2:172.21.15.2:6800/3050449557,v1:172.21.15.2:6801/3050449557] conn(0x7fafe803e520 0x7fafe8040a30 secure :-1 s=READY pgs=8 cs=0 l=1 rev1=1 crypto rx=0x7faff4006fd0 tx=0x7faff4006e40 comp rx=0 tx=0).ready entity=mgr.14152 client_cookie=0 server_cookie=0 in_seq=0 out_seq=0
2024-05-14T09:23:33.743 INFO:teuthology.orchestra.run.smithi002.stdout:/usr/bin/ceph: stderr
2024-05-14T09:23:32.677+0000 7fafef7fe700 1 -- 172.21.15.2:0/3875598648 <== mon.0 v2:172.21.15.2:3300/0 6 ==== mon_command_ack([{"prefix": "get_command_descriptions"}]=0 v0) ==== 72+0+191963 (secure 0 0 0) 0x7faff001f030 con 0x7fb00010a560
2024-05-14T09:23:33.743 INFO:teuthology.orchestra.run.smithi002.stdout:/usr/bin/ceph: stderr
2024-05-14T09:23:32.912+0000 7fb004b2d700 1 -- 172.21.15.2:0/3875598648 --> [v2:172.21.15.2:6800/3050449557,v1:172.21.15.2:6801/3050449557] -- mgr_command(tid 0: {"prefix": "dashboard ac-user-create", "username": "admin", "rolename": "administrator", "force_password": true, "pwd_update_required": true, "target": ["mon-mgr", ""]}) -- 0x7fb000196190 con 0x7fafe803e520
2024-05-14T09:23:33.743 INFO:teuthology.orchestra.run.smithi002.stdout:/usr/bin/ceph: stderr
2024-05-14T09:23:33.162+0000 7fafef7fe700 1 -- 172.21.15.2:0/3875598648 <== mgr.14152 v2:172.21.15.2:6800/3050449557 1 ==== mgr_command_reply(tid 0: 0 ) ==== 8+0+252 (secure 0 0 0) 0x7fb000196190 con 0x7fafe803e520
2024-05-14T09:23:33.743 INFO:teuthology.orchestra.run.smithi002.stdout:/usr/bin/ceph: stderr
2024-05-14T09:23:33.165+0000 7fb004b2d700 1 -- 172.21.15.2:0/3875598648 >> [v2:172.21.15.2:6800/3050449557,v1:172.21.15.2:6801/3050449557] conn(0x7fafe803e520 msgr2=0x7fafe8040a30 secure :-1 s=STATE_CONNECTION_ESTABLISHED l=1).mark_down
2024-05-14T09:23:33.743 INFO:teuthology.orchestra.run.smithi002.stdout:/usr/bin/ceph: stderr
2024-05-14T09:23:33.165+0000 7fb004b2d700 1 --2- 172.21.15.2:0/3875598648 >> [v2:172.21.15.2:6800/3050449557,v1:172.21.15.2:6801/3050449557] conn(0x7fafe803e520 0x7fafe8040a30 secure :-1 s=READY pgs=8 cs=0 l=1 rev1=1 crypto rx=0x7faff4006fd0 tx=0x7faff4006e40 comp rx=0 tx=0).stop
2024-05-14T09:23:33.744 INFO:teuthology.orchestra.run.smithi002.stdout:/usr/bin/ceph: stderr
2024-05-14T09:23:33.165+0000 7fb004b2d700 1 -- 172.21.15.2:0/3875598648 >> [v2:172.21.15.2:3300/0,v1:172.21.15.2:6789/0] conn(0x7fb00010a560 msgr2=0x7fb00019e100 secure :-1 s=STATE_CONNECTION_ESTABLISHED l=1).mark_down
2024-05-14T09:23:33.744 INFO:teuthology.orchestra.run.smithi002.stdout:/usr/bin/ceph: stderr
2024-05-14T09:23:33.165+0000 7fb004b2d700 1 --2- 172.21.15.2:0/3875598648 >> [v2:172.21.15.2:3300/0,v1:172.21.15.2:6789/0] conn(0x7fb00010a560 0x7fb00019e100 secure :-1 s=READY pgs=73 cs=0 l=1 rev1=1 crypto rx=0x7faff0009520 tx=0x7faff0011aa0 comp rx=0 tx=0).stop
2024-05-14T09:23:33.744 INFO:teuthology.orchestra.run.smithi002.stdout:/usr/bin/ceph: stderr
2024-05-14T09:23:33.165+0000 7fb004b2d700 1 -- 172.21.15.2:0/3875598648 shutdown_connections
2024-05-14T09:23:33.744 INFO:teuthology.orchestra.run.smithi002.stdout:/usr/bin/ceph: stderr
2024-05-14T09:23:33.165+0000 7fb004b2d700 1 --2- 172.21.15.2:0/3875598648 >> [v2:172.21.15.2:6800/3050449557,v1:172.21.15.2:6801/3050449557] conn(0x7fafe803e520 0x7fafe8040a30 unknown :-1 s=CLOSED pgs=8 cs=0 l=1 rev1=1 crypto rx=0 tx=0 comp rx=0 tx=0).stop
2024-05-14T09:23:33.744 INFO:teuthology.orchestra.run.smithi002.stdout:/usr/bin/ceph: stderr
2024-05-14T09:23:33.165+0000 7fb004b2d700 1 --2- 172.21.15.2:0/3875598648 >> [v2:172.21.15.2:3300/0,v1:172.21.15.2:6789/0] conn(0x7fb00010a560 0x7fb00019e100 unknown :-1 s=CLOSED pgs=73 cs=0 l=1 rev1=1 crypto rx=0 tx=0 comp rx=0 tx=0).stop
2024-05-14T09:23:33.744 INFO:teuthology.orchestra.run.smithi002.stdout:/usr/bin/ceph: stderr
2024-05-14T09:23:33.165+0000 7fb004b2d700 1 -- 172.21.15.2:0/3875598648 >> 172.21.15.2:0/3875598648 conn(0x7fb000103fc0 msgr2=0x7fb000104af0 unknown :-1 s=STATE_NONE l=0).mark_down
2024-05-14T09:23:33.744 INFO:teuthology.orchestra.run.smithi002.stdout:/usr/bin/ceph: stderr
2024-05-14T09:23:33.165+0000 7fb004b2d700 1 -- 172.21.15.2:0/3875598648 shutdown_connections
2024-05-14T09:23:33.744 INFO:teuthology.orchestra.run.smithi002.stdout:/usr/bin/ceph: stderr
2024-05-14T09:23:33.165+0000 7fb004b2d700 1 -- 172.21.15.2:0/3875598648 wait complete.
2024-05-14T09:23:33.744 INFO:teuthology.orchestra.run.smithi002.stdout:Fetching dashboard port number...
2024-05-14T09:23:34.044 INFO:journalctl@ceph.mon.a.smithi002.stdout:May 14 09:23:33 smithi002 ceph-mon[31557]: from='mgr.14152 172.21.15.2:0/2066646370' entity='mgr.x'
2024-05-14T09:23:34.044 INFO:journalctl@ceph.mon.a.smithi002.stdout:May 14 09:23:33 smithi002 ceph-mon[31557]: from='client.14166 -' entity='client.admin' cmd=[{"prefix": "dashboard ac-user-create", "username": "admin", "rolename": "administrator", "force_password": true, "pwd_update_required": true, "target": ["mon-mgr", ""]}]: dispatch
2024-05-14T09:23:34.044 INFO:journalctl@ceph.mon.a.smithi002.stdout:May 14 09:23:33 smithi002 ceph-mon[31557]: from='mgr.14152 172.21.15.2:0/2066646370' entity='mgr.x'
2024-05-14T09:23:35.075 INFO:journalctl@ceph.mon.a.smithi002.stdout:May 14 09:23:34 smithi002 ceph-mon[31557]: from='client.? 172.21.15.2:0/3543243184' entity='client.admin' cmd=[{"prefix": "config get", "who": "mgr", "key": "mgr/dashboard/ssl_server_port"}]: dispatch
2024-05-14T09:23:35.639 INFO:teuthology.orchestra.run.smithi002.stdout:/usr/bin/ceph: stdout 8443
2024-05-14T09:23:35.639 INFO:teuthology.orchestra.run.smithi002.stdout:/usr/bin/ceph: stderr
2024-05-14T09:23:34.172+0000 7f1df94d1700 1 Processor -- start
2024-05-14T09:23:35.639 INFO:teuthology.orchestra.run.smithi002.stdout:/usr/bin/ceph: stderr
2024-05-14T09:23:34.172+0000 7f1df94d1700 1 -- start start
2024-05-14T09:23:35.639 INFO:teuthology.orchestra.run.smithi002.stdout:/usr/bin/ceph: stderr
2024-05-14T09:23:34.173+0000 7f1df94d1700 1 --2- >> [v2:172.21.15.2:3300/0,v1:172.21.15.2:6789/0] conn(0x7f1df4107d50 0x7f1df4108160 unknown :-1 s=NONE pgs=0 cs=0 l=0 rev1=0 crypto rx=0 tx=0 comp rx=0 tx=0).connect
2024-05-14T09:23:35.639 INFO:teuthology.orchestra.run.smithi002.stdout:/usr/bin/ceph: stderr
2024-05-14T09:23:34.173+0000 7f1df94d1700 1 -- --> [v2:172.21.15.2:3300/0,v1:172.21.15.2:6789/0] -- mon_getmap magic: 0 -- 0x7f1df4108730 con 0x7f1df4107d50
2024-05-14T09:23:35.639 INFO:teuthology.orchestra.run.smithi002.stdout:/usr/bin/ceph: stderr
2024-05-14T09:23:34.173+0000 7f1df2ffd700 1 --2- >> [v2:172.21.15.2:3300/0,v1:172.21.15.2:6789/0] conn(0x7f1df4107d50 0x7f1df4108160 unknown :-1 s=BANNER_CONNECTING pgs=0 cs=0 l=0 rev1=0 crypto rx=0 tx=0 comp rx=0 tx=0)._handle_peer_banner_payload supported=3 required=0
2024-05-14T09:23:35.639 INFO:teuthology.orchestra.run.smithi002.stdout:/usr/bin/ceph: stderr
2024-05-14T09:23:34.173+0000 7f1df2ffd700 1 --2- >> [v2:172.21.15.2:3300/0,v1:172.21.15.2:6789/0] conn(0x7f1df4107d50 0x7f1df4108160 unknown :-1 s=HELLO_CONNECTING pgs=0 cs=0 l=0 rev1=1 crypto rx=0 tx=0 comp rx=0 tx=0).handle_hello peer v2:172.21.15.2:3300/0 says I am v2:172.21.15.2:38312/0 (socket says 172.21.15.2:38312)
2024-05-14T09:23:35.639 INFO:teuthology.orchestra.run.smithi002.stdout:/usr/bin/ceph: stderr
2024-05-14T09:23:34.173+0000 7f1df2ffd700 1 -- 172.21.15.2:0/3040495642 learned_addr learned my addr 172.21.15.2:0/3040495642 (peer_addr_for_me v2:172.21.15.2:0/0)
2024-05-14T09:23:35.639 INFO:teuthology.orchestra.run.smithi002.stdout:/usr/bin/ceph: stderr
2024-05-14T09:23:34.173+0000 7f1df2ffd700 1 -- 172.21.15.2:0/3040495642 --> [v2:172.21.15.2:3300/0,v1:172.21.15.2:6789/0] -- mon_subscribe({config=0+,monmap=0+}) -- 0x7f1df410ad50 con 0x7f1df4107d50
2024-05-14T09:23:35.639 INFO:teuthology.orchestra.run.smithi002.stdout:/usr/bin/ceph: stderr
2024-05-14T09:23:34.173+0000 7f1df2ffd700 1 --2- 172.21.15.2:0/3040495642 >> [v2:172.21.15.2:3300/0,v1:172.21.15.2:6789/0] conn(0x7f1df4107d50 0x7f1df4108160 secure :-1 s=READY pgs=74 cs=0 l=1 rev1=1 crypto rx=0x7f1de40098a0 tx=0x7f1de4009bb0 comp rx=0 tx=0).ready entity=mon.0 client_cookie=f00b0d1e0aebed08 server_cookie=0 in_seq=0 out_seq=0
2024-05-14T09:23:35.640 INFO:teuthology.orchestra.run.smithi002.stdout:/usr/bin/ceph: stderr
2024-05-14T09:23:34.174+0000 7f1df27fc700 1 -- 172.21.15.2:0/3040495642 <== mon.0 v2:172.21.15.2:3300/0 1 ==== mon_map magic: 0 ==== 205+0+0 (secure 0 0 0) 0x7f1de4004160 con 0x7f1df4107d50
2024-05-14T09:23:35.640 INFO:teuthology.orchestra.run.smithi002.stdout:/usr/bin/ceph: stderr
2024-05-14T09:23:34.174+0000 7f1df27fc700 1 -- 172.21.15.2:0/3040495642 <== mon.0 v2:172.21.15.2:3300/0 2 ==== config(26 keys) ==== 1101+0+0 (secure 0 0 0) 0x7f1de4004300 con 0x7f1df4107d50
2024-05-14T09:23:35.640 INFO:teuthology.orchestra.run.smithi002.stdout:/usr/bin/ceph: stderr
2024-05-14T09:23:34.174+0000 7f1df27fc700 1 -- 172.21.15.2:0/3040495642 <== mon.0 v2:172.21.15.2:3300/0 3 ==== mon_map magic: 0 ==== 205+0+0 (secure 0 0 0) 0x7f1de4011a20 con 0x7f1df4107d50
2024-05-14T09:23:35.640 INFO:teuthology.orchestra.run.smithi002.stdout:/usr/bin/ceph: stderr
2024-05-14T09:23:34.174+0000 7f1df94d1700 1 -- 172.21.15.2:0/3040495642 >> [v2:172.21.15.2:3300/0,v1:172.21.15.2:6789/0] conn(0x7f1df4107d50 msgr2=0x7f1df4108160 secure :-1 s=STATE_CONNECTION_ESTABLISHED l=1).mark_down
2024-05-14T09:23:35.640 INFO:teuthology.orchestra.run.smithi002.stdout:/usr/bin/ceph: stderr
2024-05-14T09:23:34.174+0000 7f1df94d1700 1 --2- 172.21.15.2:0/3040495642 >> [v2:172.21.15.2:3300/0,v1:172.21.15.2:6789/0] conn(0x7f1df4107d50 0x7f1df4108160 secure :-1 s=READY pgs=74 cs=0 l=1 rev1=1 crypto rx=0x7f1de40098a0 tx=0x7f1de4009bb0 comp rx=0 tx=0).stop
2024-05-14T09:23:35.640 INFO:teuthology.orchestra.run.smithi002.stdout:/usr/bin/ceph: stderr
2024-05-14T09:23:34.175+0000 7f1df94d1700 1 -- 172.21.15.2:0/3040495642 shutdown_connections
2024-05-14T09:23:35.640 INFO:teuthology.orchestra.run.smithi002.stdout:/usr/bin/ceph: stderr
2024-05-14T09:23:34.175+0000 7f1df94d1700 1 --2- 172.21.15.2:0/3040495642 >> [v2:172.21.15.2:3300/0,v1:172.21.15.2:6789/0] conn(0x7f1df4107d50 0x7f1df4108160 unknown :-1 s=CLOSED pgs=74 cs=0 l=1 rev1=1 crypto rx=0 tx=0 comp rx=0 tx=0).stop
2024-05-14T09:23:35.640 INFO:teuthology.orchestra.run.smithi002.stdout:/usr/bin/ceph: stderr
2024-05-14T09:23:34.175+0000 7f1df94d1700 1 -- 172.21.15.2:0/3040495642 >> 172.21.15.2:0/3040495642 conn(0x7f1df4103760 msgr2=0x7f1df4105bd0 unknown :-1 s=STATE_NONE l=0).mark_down
2024-05-14T09:23:35.640 INFO:teuthology.orchestra.run.smithi002.stdout:/usr/bin/ceph: stderr
2024-05-14T09:23:34.175+0000 7f1df94d1700 1 -- 172.21.15.2:0/3040495642 shutdown_connections
2024-05-14T09:23:35.640 INFO:teuthology.orchestra.run.smithi002.stdout:/usr/bin/ceph: stderr
2024-05-14T09:23:34.175+0000 7f1df94d1700 1 -- 172.21.15.2:0/3040495642 wait complete.
2024-05-14T09:23:35.640 INFO:teuthology.orchestra.run.smithi002.stdout:/usr/bin/ceph: stderr
2024-05-14T09:23:34.175+0000 7f1df94d1700 1 Processor -- start
2024-05-14T09:23:35.640 INFO:teuthology.orchestra.run.smithi002.stdout:/usr/bin/ceph: stderr
2024-05-14T09:23:34.175+0000 7f1df94d1700 1 -- start start
2024-05-14T09:23:35.640 INFO:teuthology.orchestra.run.smithi002.stdout:/usr/bin/ceph: stderr
2024-05-14T09:23:34.176+0000 7f1df94d1700 1 --2- >> [v2:172.21.15.2:3300/0,v1:172.21.15.2:6789/0] conn(0x7f1df4107d50 0x7f1df419e010 unknown :-1 s=NONE pgs=0 cs=0 l=1 rev1=0 crypto rx=0 tx=0 comp rx=0 tx=0).connect
2024-05-14T09:23:35.640 INFO:teuthology.orchestra.run.smithi002.stdout:/usr/bin/ceph: stderr
2024-05-14T09:23:34.176+0000 7f1df94d1700 1 -- --> [v2:172.21.15.2:3300/0,v1:172.21.15.2:6789/0] -- mon_getmap magic: 0 -- 0x7f1df410df80 con 0x7f1df4107d50
2024-05-14T09:23:35.641 INFO:teuthology.orchestra.run.smithi002.stdout:/usr/bin/ceph: stderr
2024-05-14T09:23:34.176+0000 7f1df2ffd700 1 --2- >> [v2:172.21.15.2:3300/0,v1:172.21.15.2:6789/0] conn(0x7f1df4107d50 0x7f1df419e010 unknown :-1 s=BANNER_CONNECTING pgs=0 cs=0 l=1 rev1=0 crypto rx=0 tx=0 comp rx=0 tx=0)._handle_peer_banner_payload supported=3 required=0
2024-05-14T09:23:35.641 INFO:teuthology.orchestra.run.smithi002.stdout:/usr/bin/ceph: stderr
2024-05-14T09:23:34.176+0000 7f1df2ffd700 1 --2- >> [v2:172.21.15.2:3300/0,v1:172.21.15.2:6789/0] conn(0x7f1df4107d50 0x7f1df419e010 unknown :-1 s=HELLO_CONNECTING pgs=0 cs=0 l=1 rev1=1 crypto rx=0 tx=0 comp rx=0 tx=0).handle_hello peer v2:172.21.15.2:3300/0 says I am v2:172.21.15.2:38322/0 (socket says 172.21.15.2:38322)
2024-05-14T09:23:35.641 INFO:teuthology.orchestra.run.smithi002.stdout:/usr/bin/ceph: stderr
2024-05-14T09:23:34.176+0000 7f1df2ffd700 1 -- 172.21.15.2:0/3543243184 learned_addr learned my addr 172.21.15.2:0/3543243184 (peer_addr_for_me v2:172.21.15.2:0/0)
2024-05-14T09:23:35.641 INFO:teuthology.orchestra.run.smithi002.stdout:/usr/bin/ceph: stderr
2024-05-14T09:23:34.176+0000 7f1df2ffd700 1 -- 172.21.15.2:0/3543243184 --> [v2:172.21.15.2:3300/0,v1:172.21.15.2:6789/0] -- mon_subscribe({config=0+,monmap=0+}) -- 0x7f1df419e550 con 0x7f1df4107d50
2024-05-14T09:23:35.641 INFO:teuthology.orchestra.run.smithi002.stdout:/usr/bin/ceph: stderr
2024-05-14T09:23:34.177+0000 7f1df2ffd700 1 --2- 172.21.15.2:0/3543243184 >> [v2:172.21.15.2:3300/0,v1:172.21.15.2:6789/0] conn(0x7f1df4107d50 0x7f1df419e010 secure :-1 s=READY pgs=75 cs=0 l=1 rev1=1 crypto rx=0x7f1de4011a20 tx=0x7f1de4011b00 comp rx=0 tx=0).ready entity=mon.0 client_cookie=0 server_cookie=0 in_seq=0 out_seq=0
2024-05-14T09:23:35.641 INFO:teuthology.orchestra.run.smithi002.stdout:/usr/bin/ceph: stderr
2024-05-14T09:23:34.177+0000 7f1df0ff9700 1 -- 172.21.15.2:0/3543243184 <== mon.0 v2:172.21.15.2:3300/0 1 ==== mon_map magic: 0 ==== 205+0+0 (secure 0 0 0) 0x7f1de40039e0 con 0x7f1df4107d50
2024-05-14T09:23:35.641 INFO:teuthology.orchestra.run.smithi002.stdout:/usr/bin/ceph: stderr
2024-05-14T09:23:34.177+0000 7f1df94d1700 1 -- 172.21.15.2:0/3543243184 --> [v2:172.21.15.2:3300/0,v1:172.21.15.2:6789/0] -- mon_subscribe({mgrmap=0+}) -- 0x7f1df419e7e0 con 0x7f1df4107d50
2024-05-14T09:23:35.641 INFO:teuthology.orchestra.run.smithi002.stdout:/usr/bin/ceph: stderr
2024-05-14T09:23:34.177+0000 7f1df0ff9700 1 -- 172.21.15.2:0/3543243184 <== mon.0 v2:172.21.15.2:3300/0 2 ==== config(26 keys) ==== 1101+0+0 (secure 0 0 0) 0x7f1de401b8f0 con 0x7f1df4107d50
2024-05-14T09:23:35.641 INFO:teuthology.orchestra.run.smithi002.stdout:/usr/bin/ceph: stderr
2024-05-14T09:23:34.177+0000 7f1df0ff9700 1 -- 172.21.15.2:0/3543243184 <== mon.0 v2:172.21.15.2:3300/0 3 ==== mon_map magic: 0 ==== 205+0+0 (secure 0 0 0) 0x7f1de4023770 con 0x7f1df4107d50
2024-05-14T09:23:35.641 INFO:teuthology.orchestra.run.smithi002.stdout:/usr/bin/ceph: stderr
2024-05-14T09:23:34.177+0000 7f1df94d1700 1 -- 172.21.15.2:0/3543243184 --> [v2:172.21.15.2:3300/0,v1:172.21.15.2:6789/0] -- mon_subscribe({osdmap=0}) -- 0x7f1df419ec00 con 0x7f1df4107d50
2024-05-14T09:23:35.641 INFO:teuthology.orchestra.run.smithi002.stdout:/usr/bin/ceph: stderr
2024-05-14T09:23:34.178+0000 7f1df0ff9700 1 -- 172.21.15.2:0/3543243184 <== mon.0 v2:172.21.15.2:3300/0 4 ==== mgrmap(e 12) ==== 50235+0+0 (secure 0 0 0) 0x7f1de402c3f0 con 0x7f1df4107d50
2024-05-14T09:23:35.641 INFO:teuthology.orchestra.run.smithi002.stdout:/usr/bin/ceph: stderr
2024-05-14T09:23:34.178+0000 7f1df0ff9700 1 --2- 172.21.15.2:0/3543243184 >> [v2:172.21.15.2:6800/3050449557,v1:172.21.15.2:6801/3050449557] conn(0x7f1de003e520 0x7f1de0040a30 unknown :-1 s=NONE pgs=0 cs=0 l=1 rev1=0 crypto rx=0 tx=0 comp rx=0 tx=0).connect
2024-05-14T09:23:35.642 INFO:teuthology.orchestra.run.smithi002.stdout:/usr/bin/ceph: stderr
2024-05-14T09:23:34.178+0000 7f1df94d1700 1 -- 172.21.15.2:0/3543243184 --> [v2:172.21.15.2:3300/0,v1:172.21.15.2:6789/0] -- mon_command({"prefix": "get_command_descriptions"} v 0) -- 0x7f1df410e100 con 0x7f1df4107d50
2024-05-14T09:23:35.642 INFO:teuthology.orchestra.run.smithi002.stdout:/usr/bin/ceph: stderr
2024-05-14T09:23:34.179+0000 7f1df0ff9700 1 -- 172.21.15.2:0/3543243184 <== mon.0 v2:172.21.15.2:3300/0 5 ==== osd_map(3..3 src has 1..3) ==== 1155+0+0 (secure 0 0 0) 0x7f1de4054f80 con 0x7f1df4107d50
2024-05-14T09:23:35.642 INFO:teuthology.orchestra.run.smithi002.stdout:/usr/bin/ceph: stderr
2024-05-14T09:23:34.179+0000 7f1debfff700 1 --2- 172.21.15.2:0/3543243184 >> [v2:172.21.15.2:6800/3050449557,v1:172.21.15.2:6801/3050449557] conn(0x7f1de003e520 0x7f1de0040a30 unknown :-1 s=BANNER_CONNECTING pgs=0 cs=0 l=1 rev1=0 crypto rx=0 tx=0 comp rx=0 tx=0)._handle_peer_banner_payload supported=3 required=0
2024-05-14T09:23:35.642 INFO:teuthology.orchestra.run.smithi002.stdout:/usr/bin/ceph: stderr
2024-05-14T09:23:34.179+0000 7f1debfff700 1 --2- 172.21.15.2:0/3543243184 >> [v2:172.21.15.2:6800/3050449557,v1:172.21.15.2:6801/3050449557] conn(0x7f1de003e520 0x7f1de0040a30 secure :-1 s=READY pgs=9 cs=0 l=1 rev1=1 crypto rx=0x7f1ddc006fd0 tx=0x7f1ddc006e40 comp rx=0 tx=0).ready entity=mgr.14152 client_cookie=0 server_cookie=0 in_seq=0 out_seq=0
2024-05-14T09:23:35.642 INFO:teuthology.orchestra.run.smithi002.stdout:/usr/bin/ceph: stderr
2024-05-14T09:23:34.184+0000 7f1df0ff9700 1 -- 172.21.15.2:0/3543243184 <== mon.0 v2:172.21.15.2:3300/0 6 ==== mon_command_ack([{"prefix": "get_command_descriptions"}]=0 v0) ==== 72+0+191963 (secure 0 0 0) 0x7f1de401f030 con 0x7f1df4107d50
2024-05-14T09:23:35.642 INFO:teuthology.orchestra.run.smithi002.stdout:/usr/bin/ceph: stderr
2024-05-14T09:23:34.403+0000 7f1df94d1700 1 -- 172.21.15.2:0/3543243184 --> [v2:172.21.15.2:3300/0,v1:172.21.15.2:6789/0] -- mon_command({"prefix": "config get", "who": "mgr", "key": "mgr/dashboard/ssl_server_port"} v 0) -- 0x7f1df41a1570 con 0x7f1df4107d50
2024-05-14T09:23:35.642 INFO:teuthology.orchestra.run.smithi002.stdout:/usr/bin/ceph: stderr
2024-05-14T09:23:34.403+0000 7f1df0ff9700 1 -- 172.21.15.2:0/3543243184 <== mon.0 v2:172.21.15.2:3300/0 7 ==== mon_command_ack([{"prefix": "config get", "who": "mgr", "key": "mgr/dashboard/ssl_server_port"}]=0 v8) ==== 112+0+5 (secure 0 0 0) 0x7f1de4053300 con 0x7f1df4107d50
2024-05-14T09:23:35.642 INFO:teuthology.orchestra.run.smithi002.stdout:/usr/bin/ceph: stderr
2024-05-14T09:23:34.406+0000 7f1df94d1700 1 -- 172.21.15.2:0/3543243184 >> [v2:172.21.15.2:6800/3050449557,v1:172.21.15.2:6801/3050449557] conn(0x7f1de003e520 msgr2=0x7f1de0040a30 secure :-1 s=STATE_CONNECTION_ESTABLISHED l=1).mark_down
2024-05-14T09:23:35.642 INFO:teuthology.orchestra.run.smithi002.stdout:/usr/bin/ceph: stderr
2024-05-14T09:23:34.406+0000 7f1df94d1700 1 --2- 172.21.15.2:0/3543243184 >> [v2:172.21.15.2:6800/3050449557,v1:172.21.15.2:6801/3050449557] conn(0x7f1de003e520 0x7f1de0040a30 secure :-1 s=READY pgs=9 cs=0 l=1 rev1=1 crypto rx=0x7f1ddc006fd0 tx=0x7f1ddc006e40 comp rx=0 tx=0).stop
2024-05-14T09:23:35.643 INFO:teuthology.orchestra.run.smithi002.stdout:/usr/bin/ceph: stderr
2024-05-14T09:23:34.406+0000 7f1df94d1700 1 -- 172.21.15.2:0/3543243184 >> [v2:172.21.15.2:3300/0,v1:172.21.15.2:6789/0] conn(0x7f1df4107d50 msgr2=0x7f1df419e010 secure :-1 s=STATE_CONNECTION_ESTABLISHED l=1).mark_down
2024-05-14T09:23:35.643 INFO:teuthology.orchestra.run.smithi002.stdout:/usr/bin/ceph: stderr
2024-05-14T09:23:34.406+0000 7f1df94d1700 1 --2- 172.21.15.2:0/3543243184 >> [v2:172.21.15.2:3300/0,v1:172.21.15.2:6789/0] conn(0x7f1df4107d50 0x7f1df419e010 secure :-1 s=READY pgs=75 cs=0 l=1 rev1=1 crypto rx=0x7f1de4011a20 tx=0x7f1de4011b00 comp rx=0 tx=0).stop
2024-05-14T09:23:35.643 INFO:teuthology.orchestra.run.smithi002.stdout:/usr/bin/ceph: stderr
2024-05-14T09:23:34.406+0000 7f1df94d1700 1 -- 172.21.15.2:0/3543243184 shutdown_connections
2024-05-14T09:23:35.643 INFO:teuthology.orchestra.run.smithi002.stdout:/usr/bin/ceph: stderr
2024-05-14T09:23:34.406+0000 7f1df94d1700 1 --2- 172.21.15.2:0/3543243184 >> [v2:172.21.15.2:6800/3050449557,v1:172.21.15.2:6801/3050449557] conn(0x7f1de003e520 0x7f1de0040a30 unknown :-1 s=CLOSED pgs=9 cs=0 l=1 rev1=1 crypto rx=0 tx=0 comp rx=0 tx=0).stop
2024-05-14T09:23:35.643 INFO:teuthology.orchestra.run.smithi002.stdout:/usr/bin/ceph: stderr
2024-05-14T09:23:34.406+0000 7f1df94d1700 1 --2- 172.21.15.2:0/3543243184 >> [v2:172.21.15.2:3300/0,v1:172.21.15.2:6789/0] conn(0x7f1df4107d50 0x7f1df419e010 unknown :-1 s=CLOSED pgs=75 cs=0 l=1 rev1=1 crypto rx=0 tx=0 comp rx=0 tx=0).stop
2024-05-14T09:23:35.643 INFO:teuthology.orchestra.run.smithi002.stdout:/usr/bin/ceph: stderr
2024-05-14T09:23:34.406+0000 7f1df94d1700 1 -- 172.21.15.2:0/3543243184 >> 172.21.15.2:0/3543243184 conn(0x7f1df4103760 msgr2=0x7f1df4104030 unknown :-1 s=STATE_NONE l=0).mark_down
2024-05-14T09:23:35.643 INFO:teuthology.orchestra.run.smithi002.stdout:/usr/bin/ceph: stderr
2024-05-14T09:23:34.406+0000 7f1df94d1700 1 -- 172.21.15.2:0/3543243184 shutdown_connections
2024-05-14T09:23:35.644 INFO:teuthology.orchestra.run.smithi002.stdout:/usr/bin/ceph: stderr
2024-05-14T09:23:34.406+0000 7f1df94d1700 1 -- 172.21.15.2:0/3543243184 wait complete.
2024-05-14T09:23:35.647 INFO:teuthology.orchestra.run.smithi002.stdout:Non-zero exit code 1 from systemctl is-enabled firewalld.service
2024-05-14T09:23:35.647 INFO:teuthology.orchestra.run.smithi002.stdout:systemctl: stdout disabled
2024-05-14T09:23:35.656 INFO:teuthology.orchestra.run.smithi002.stdout:Non-zero exit code 3 from systemctl is-active firewalld.service
2024-05-14T09:23:35.656 INFO:teuthology.orchestra.run.smithi002.stdout:systemctl: stdout inactive
2024-05-14T09:23:35.656 INFO:teuthology.orchestra.run.smithi002.stdout:firewalld.service is not enabled
2024-05-14T09:23:35.656 INFO:teuthology.orchestra.run.smithi002.stdout:Not possible to open ports <[8443]>. firewalld.service is not available
2024-05-14T09:23:35.658 INFO:teuthology.orchestra.run.smithi002.stdout:Ceph Dashboard is now available at:
2024-05-14T09:23:35.658 INFO:teuthology.orchestra.run.smithi002.stdout:
2024-05-14T09:23:35.658 INFO:teuthology.orchestra.run.smithi002.stdout: URL: https://smithi002.front.sepia.ceph.com:8443/
2024-05-14T09:23:35.658 INFO:teuthology.orchestra.run.smithi002.stdout: User: admin
2024-05-14T09:23:35.659 INFO:teuthology.orchestra.run.smithi002.stdout: Password: fek2b5atyy
2024-05-14T09:23:35.659 INFO:teuthology.orchestra.run.smithi002.stdout:
2024-05-14T09:23:35.659 INFO:teuthology.orchestra.run.smithi002.stdout:Saving cluster configuration to /var/lib/ceph/50d5aebe-11d3-11ef-bc98-c7b262605968/config directory
2024-05-14T09:23:35.660 INFO:teuthology.orchestra.run.smithi002.stdout:Enabling autotune for osd_memory_target
2024-05-14T09:23:36.860 INFO:journalctl@ceph.mon.a.smithi002.stdout:May 14 09:23:36 smithi002 ceph-mon[31557]: mgrmap e13: x(active, since 6s)
2024-05-14T09:23:36.867 INFO:teuthology.orchestra.run.smithi002.stdout:/usr/bin/ceph: stderr
2024-05-14T09:23:36.052+0000 7fc61ad81700 1 Processor -- start
2024-05-14T09:23:36.867 INFO:teuthology.orchestra.run.smithi002.stdout:/usr/bin/ceph: stderr
2024-05-14T09:23:36.052+0000 7fc61ad81700 1 -- start start
2024-05-14T09:23:36.867 INFO:teuthology.orchestra.run.smithi002.stdout:/usr/bin/ceph: stderr
2024-05-14T09:23:36.052+0000 7fc61ad81700 1 --2- >> [v2:172.21.15.2:3300/0,v1:172.21.15.2:6789/0] conn(0x7fc61407f6f0 0x7fc61407db20 unknown :-1 s=NONE pgs=0 cs=0 l=0 rev1=0 crypto rx=0 tx=0 comp rx=0 tx=0).connect
2024-05-14T09:23:36.867 INFO:teuthology.orchestra.run.smithi002.stdout:/usr/bin/ceph: stderr
2024-05-14T09:23:36.052+0000 7fc61ad81700 1 -- --> [v2:172.21.15.2:3300/0,v1:172.21.15.2:6789/0] -- mon_getmap magic: 0 -- 0x7fc61407e0f0 con 0x7fc61407f6f0
2024-05-14T09:23:36.868 INFO:teuthology.orchestra.run.smithi002.stdout:/usr/bin/ceph: stderr
2024-05-14T09:23:36.052+0000 7fc618b1d700 1 --2- >> [v2:172.21.15.2:3300/0,v1:172.21.15.2:6789/0] conn(0x7fc61407f6f0 0x7fc61407db20 unknown :-1 s=BANNER_CONNECTING pgs=0 cs=0 l=0 rev1=0 crypto rx=0 tx=0 comp rx=0 tx=0)._handle_peer_banner_payload supported=3 required=0
2024-05-14T09:23:36.868 INFO:teuthology.orchestra.run.smithi002.stdout:/usr/bin/ceph: stderr
2024-05-14T09:23:36.052+0000 7fc618b1d700 1 --2- >> [v2:172.21.15.2:3300/0,v1:172.21.15.2:6789/0] conn(0x7fc61407f6f0 0x7fc61407db20 unknown :-1 s=HELLO_CONNECTING pgs=0 cs=0 l=0 rev1=1 crypto rx=0 tx=0 comp rx=0 tx=0).handle_hello peer v2:172.21.15.2:3300/0 says I am v2:172.21.15.2:38326/0 (socket says 172.21.15.2:38326)
2024-05-14T09:23:36.868 INFO:teuthology.orchestra.run.smithi002.stdout:/usr/bin/ceph: stderr
2024-05-14T09:23:36.052+0000 7fc618b1d700 1 -- 172.21.15.2:0/2282305529 learned_addr learned my addr 172.21.15.2:0/2282305529 (peer_addr_for_me v2:172.21.15.2:0/0)
2024-05-14T09:23:36.868 INFO:teuthology.orchestra.run.smithi002.stdout:/usr/bin/ceph: stderr
2024-05-14T09:23:36.052+0000 7fc618b1d700 1 -- 172.21.15.2:0/2282305529 --> [v2:172.21.15.2:3300/0,v1:172.21.15.2:6789/0] -- mon_subscribe({config=0+,monmap=0+}) -- 0x7fc61407e270 con 0x7fc61407f6f0
2024-05-14T09:23:36.868 INFO:teuthology.orchestra.run.smithi002.stdout:/usr/bin/ceph: stderr
2024-05-14T09:23:36.053+0000 7fc618b1d700 1 --2- 172.21.15.2:0/2282305529 >> [v2:172.21.15.2:3300/0,v1:172.21.15.2:6789/0] conn(0x7fc61407f6f0 0x7fc61407db20 secure :-1 s=READY pgs=76 cs=0 l=1 rev1=1 crypto rx=0x7fc6080098a0 tx=0x7fc608009bb0 comp rx=0 tx=0).ready entity=mon.0 client_cookie=9661ed7814d5727c server_cookie=0 in_seq=0 out_seq=0
2024-05-14T09:23:36.868 INFO:teuthology.orchestra.run.smithi002.stdout:/usr/bin/ceph: stderr
2024-05-14T09:23:36.053+0000 7fc6137fe700 1 -- 172.21.15.2:0/2282305529 <== mon.0 v2:172.21.15.2:3300/0 1 ==== mon_map magic: 0 ==== 205+0+0 (secure 0 0 0) 0x7fc608004160 con 0x7fc61407f6f0
2024-05-14T09:23:36.868 INFO:teuthology.orchestra.run.smithi002.stdout:/usr/bin/ceph: stderr
2024-05-14T09:23:36.053+0000 7fc6137fe700 1 -- 172.21.15.2:0/2282305529 <== mon.0 v2:172.21.15.2:3300/0 2 ==== config(26 keys) ==== 1101+0+0 (secure 0 0 0) 0x7fc608004300 con 0x7fc61407f6f0
2024-05-14T09:23:36.868 INFO:teuthology.orchestra.run.smithi002.stdout:/usr/bin/ceph: stderr
2024-05-14T09:23:36.053+0000 7fc6137fe700 1 -- 172.21.15.2:0/2282305529 <== mon.0 v2:172.21.15.2:3300/0 3 ==== mon_map magic: 0 ==== 205+0+0 (secure 0 0 0) 0x7fc608011a20 con 0x7fc61407f6f0
2024-05-14T09:23:36.868 INFO:teuthology.orchestra.run.smithi002.stdout:/usr/bin/ceph: stderr
2024-05-14T09:23:36.054+0000 7fc61ad81700 1 -- 172.21.15.2:0/2282305529 >> [v2:172.21.15.2:3300/0,v1:172.21.15.2:6789/0] conn(0x7fc61407f6f0 msgr2=0x7fc61407db20 secure :-1 s=STATE_CONNECTION_ESTABLISHED l=1).mark_down
2024-05-14T09:23:36.868 INFO:teuthology.orchestra.run.smithi002.stdout:/usr/bin/ceph: stderr
2024-05-14T09:23:36.054+0000 7fc61ad81700 1 --2- 172.21.15.2:0/2282305529 >> [v2:172.21.15.2:3300/0,v1:172.21.15.2:6789/0] conn(0x7fc61407f6f0 0x7fc61407db20 secure :-1 s=READY pgs=76 cs=0 l=1 rev1=1 crypto rx=0x7fc6080098a0 tx=0x7fc608009bb0 comp rx=0 tx=0).stop
2024-05-14T09:23:36.868 INFO:teuthology.orchestra.run.smithi002.stdout:/usr/bin/ceph: stderr
2024-05-14T09:23:36.054+0000 7fc61ad81700 1 -- 172.21.15.2:0/2282305529 shutdown_connections
2024-05-14T09:23:36.868 INFO:teuthology.orchestra.run.smithi002.stdout:/usr/bin/ceph: stderr
