2024-05-14T09:23:18.136+0000 7fb37e002700 1 -- 172.21.15.2:0/1715188925 --> [v2:172.21.15.2:3300/0,v1:172.21.15.2:6789/0] -- mon_subscribe({config=0+,monmap=0+}) -- 0x7fb37810ce60 con 0x7fb37810a500
2024-05-14T09:23:19.272 INFO:teuthology.orchestra.run.smithi002.stdout:/usr/bin/ceph: stderr
2024-05-14T09:23:18.136+0000 7fb37e002700 1 --2- 172.21.15.2:0/1715188925 >> [v2:172.21.15.2:3300/0,v1:172.21.15.2:6789/0] conn(0x7fb37810a500 0x7fb37810c920 secure :-1 s=READY pgs=51 cs=0 l=1 rev1=1 crypto rx=0x7fb3740098a0 tx=0x7fb374009bb0 comp rx=0 tx=0).ready entity=mon.0 client_cookie=75a636650fe3291e server_cookie=0 in_seq=0 out_seq=0
2024-05-14T09:23:19.272 INFO:teuthology.orchestra.run.smithi002.stdout:/usr/bin/ceph: stderr
2024-05-14T09:23:18.136+0000 7fb37d000700 1 -- 172.21.15.2:0/1715188925 <== mon.0 v2:172.21.15.2:3300/0 1 ==== mon_map magic: 0 ==== 205+0+0 (secure 0 0 0) 0x7fb374004160 con 0x7fb37810a500
2024-05-14T09:23:19.272 INFO:teuthology.orchestra.run.smithi002.stdout:/usr/bin/ceph: stderr
2024-05-14T09:23:18.136+0000 7fb37d000700 1 -- 172.21.15.2:0/1715188925 <== mon.0 v2:172.21.15.2:3300/0 2 ==== config(26 keys) ==== 1070+0+0 (secure 0 0 0) 0x7fb374004300 con 0x7fb37810a500
2024-05-14T09:23:19.272 INFO:teuthology.orchestra.run.smithi002.stdout:/usr/bin/ceph: stderr
2024-05-14T09:23:18.136+0000 7fb37d000700 1 -- 172.21.15.2:0/1715188925 <== mon.0 v2:172.21.15.2:3300/0 3 ==== mon_map magic: 0 ==== 205+0+0 (secure 0 0 0) 0x7fb374011af0 con 0x7fb37810a500
2024-05-14T09:23:19.273 INFO:teuthology.orchestra.run.smithi002.stdout:/usr/bin/ceph: stderr
2024-05-14T09:23:18.137+0000 7fb380266700 1 -- 172.21.15.2:0/1715188925 >> [v2:172.21.15.2:3300/0,v1:172.21.15.2:6789/0] conn(0x7fb37810a500 msgr2=0x7fb37810c920 secure :-1 s=STATE_CONNECTION_ESTABLISHED l=1).mark_down
2024-05-14T09:23:19.273 INFO:teuthology.orchestra.run.smithi002.stdout:/usr/bin/ceph: stderr
2024-05-14T09:23:18.137+0000 7fb380266700 1 --2- 172.21.15.2:0/1715188925 >> [v2:172.21.15.2:3300/0,v1:172.21.15.2:6789/0] conn(0x7fb37810a500 0x7fb37810c920 secure :-1 s=READY pgs=51 cs=0 l=1 rev1=1 crypto rx=0x7fb3740098a0 tx=0x7fb374009bb0 comp rx=0 tx=0).stop
2024-05-14T09:23:19.273 INFO:teuthology.orchestra.run.smithi002.stdout:/usr/bin/ceph: stderr
2024-05-14T09:23:18.137+0000 7fb380266700 1 -- 172.21.15.2:0/1715188925 shutdown_connections
2024-05-14T09:23:19.273 INFO:teuthology.orchestra.run.smithi002.stdout:/usr/bin/ceph: stderr
2024-05-14T09:23:18.137+0000 7fb380266700 1 --2- 172.21.15.2:0/1715188925 >> [v2:172.21.15.2:3300/0,v1:172.21.15.2:6789/0] conn(0x7fb37810a500 0x7fb37810c920 unknown :-1 s=CLOSED pgs=51 cs=0 l=1 rev1=1 crypto rx=0 tx=0 comp rx=0 tx=0).stop
2024-05-14T09:23:19.273 INFO:teuthology.orchestra.run.smithi002.stdout:/usr/bin/ceph: stderr
2024-05-14T09:23:18.137+0000 7fb380266700 1 -- 172.21.15.2:0/1715188925 >> 172.21.15.2:0/1715188925 conn(0x7fb378103fc0 msgr2=0x7fb378106410 unknown :-1 s=STATE_NONE l=0).mark_down
2024-05-14T09:23:19.273 INFO:teuthology.orchestra.run.smithi002.stdout:/usr/bin/ceph: stderr
2024-05-14T09:23:18.137+0000 7fb380266700 1 -- 172.21.15.2:0/1715188925 shutdown_connections
2024-05-14T09:23:19.273 INFO:teuthology.orchestra.run.smithi002.stdout:/usr/bin/ceph: stderr
2024-05-14T09:23:18.137+0000 7fb380266700 1 -- 172.21.15.2:0/1715188925 wait complete.
2024-05-14T09:23:19.273 INFO:teuthology.orchestra.run.smithi002.stdout:/usr/bin/ceph: stderr
2024-05-14T09:23:18.138+0000 7fb380266700 1 Processor -- start
2024-05-14T09:23:19.273 INFO:teuthology.orchestra.run.smithi002.stdout:/usr/bin/ceph: stderr
2024-05-14T09:23:18.138+0000 7fb380266700 1 -- start start
2024-05-14T09:23:19.273 INFO:teuthology.orchestra.run.smithi002.stdout:/usr/bin/ceph: stderr
2024-05-14T09:23:18.138+0000 7fb380266700 1 --2- >> [v2:172.21.15.2:3300/0,v1:172.21.15.2:6789/0] conn(0x7fb37810a500 0x7fb3781a0070 unknown :-1 s=NONE pgs=0 cs=0 l=1 rev1=0 crypto rx=0 tx=0 comp rx=0 tx=0).connect
2024-05-14T09:23:19.273 INFO:teuthology.orchestra.run.smithi002.stdout:/usr/bin/ceph: stderr
2024-05-14T09:23:18.138+0000 7fb380266700 1 -- --> [v2:172.21.15.2:3300/0,v1:172.21.15.2:6789/0] -- mon_getmap magic: 0 -- 0x7fb37810de20 con 0x7fb37810a500
2024-05-14T09:23:19.273 INFO:teuthology.orchestra.run.smithi002.stdout:/usr/bin/ceph: stderr
2024-05-14T09:23:18.138+0000 7fb37e002700 1 --2- >> [v2:172.21.15.2:3300/0,v1:172.21.15.2:6789/0] conn(0x7fb37810a500 0x7fb3781a0070 unknown :-1 s=BANNER_CONNECTING pgs=0 cs=0 l=1 rev1=0 crypto rx=0 tx=0 comp rx=0 tx=0)._handle_peer_banner_payload supported=3 required=0
2024-05-14T09:23:19.273 INFO:teuthology.orchestra.run.smithi002.stdout:/usr/bin/ceph: stderr
2024-05-14T09:23:18.138+0000 7fb37e002700 1 --2- >> [v2:172.21.15.2:3300/0,v1:172.21.15.2:6789/0] conn(0x7fb37810a500 0x7fb3781a0070 unknown :-1 s=HELLO_CONNECTING pgs=0 cs=0 l=1 rev1=1 crypto rx=0 tx=0 comp rx=0 tx=0).handle_hello peer v2:172.21.15.2:3300/0 says I am v2:172.21.15.2:52186/0 (socket says 172.21.15.2:52186)
2024-05-14T09:23:19.274 INFO:teuthology.orchestra.run.smithi002.stdout:/usr/bin/ceph: stderr
2024-05-14T09:23:18.138+0000 7fb37e002700 1 -- 172.21.15.2:0/1072732046 learned_addr learned my addr 172.21.15.2:0/1072732046 (peer_addr_for_me v2:172.21.15.2:0/0)
2024-05-14T09:23:19.274 INFO:teuthology.orchestra.run.smithi002.stdout:/usr/bin/ceph: stderr
2024-05-14T09:23:18.139+0000 7fb37e002700 1 -- 172.21.15.2:0/1072732046 --> [v2:172.21.15.2:3300/0,v1:172.21.15.2:6789/0] -- mon_subscribe({config=0+,monmap=0+}) -- 0x7fb3781a05b0 con 0x7fb37810a500
2024-05-14T09:23:19.274 INFO:teuthology.orchestra.run.smithi002.stdout:/usr/bin/ceph: stderr
2024-05-14T09:23:18.139+0000 7fb37e002700 1 --2- 172.21.15.2:0/1072732046 >> [v2:172.21.15.2:3300/0,v1:172.21.15.2:6789/0] conn(0x7fb37810a500 0x7fb3781a0070 secure :-1 s=READY pgs=52 cs=0 l=1 rev1=1 crypto rx=0x7fb374009fb0 tx=0x7fb374011940 comp rx=0 tx=0).ready entity=mon.0 client_cookie=0 server_cookie=0 in_seq=0 out_seq=0
2024-05-14T09:23:19.274 INFO:teuthology.orchestra.run.smithi002.stdout:/usr/bin/ceph: stderr
2024-05-14T09:23:18.139+0000 7fb36effd700 1 -- 172.21.15.2:0/1072732046 <== mon.0 v2:172.21.15.2:3300/0 1 ==== mon_map magic: 0 ==== 205+0+0 (secure 0 0 0) 0x7fb3740036a0 con 0x7fb37810a500
2024-05-14T09:23:19.274 INFO:teuthology.orchestra.run.smithi002.stdout:/usr/bin/ceph: stderr
2024-05-14T09:23:18.139+0000 7fb36effd700 1 -- 172.21.15.2:0/1072732046 <== mon.0 v2:172.21.15.2:3300/0 2 ==== config(26 keys) ==== 1070+0+0 (secure 0 0 0) 0x7fb37401a430 con 0x7fb37810a500
2024-05-14T09:23:19.274 INFO:teuthology.orchestra.run.smithi002.stdout:/usr/bin/ceph: stderr
2024-05-14T09:23:18.139+0000 7fb380266700 1 -- 172.21.15.2:0/1072732046 --> [v2:172.21.15.2:3300/0,v1:172.21.15.2:6789/0] -- mon_subscribe({mgrmap=0+}) -- 0x7fb3781a0840 con 0x7fb37810a500
2024-05-14T09:23:19.274 INFO:teuthology.orchestra.run.smithi002.stdout:/usr/bin/ceph: stderr
2024-05-14T09:23:18.139+0000 7fb36effd700 1 -- 172.21.15.2:0/1072732046 <== mon.0 v2:172.21.15.2:3300/0 3 ==== mon_map magic: 0 ==== 205+0+0 (secure 0 0 0) 0x7fb374019550 con 0x7fb37810a500
2024-05-14T09:23:19.274 INFO:teuthology.orchestra.run.smithi002.stdout:/usr/bin/ceph: stderr
2024-05-14T09:23:18.139+0000 7fb380266700 1 -- 172.21.15.2:0/1072732046 --> [v2:172.21.15.2:3300/0,v1:172.21.15.2:6789/0] -- mon_subscribe({osdmap=0}) -- 0x7fb3781a3450 con 0x7fb37810a500
2024-05-14T09:23:19.274 INFO:teuthology.orchestra.run.smithi002.stdout:/usr/bin/ceph: stderr
2024-05-14T09:23:18.140+0000 7fb36effd700 1 -- 172.21.15.2:0/1072732046 <== mon.0 v2:172.21.15.2:3300/0 4 ==== mgrmap(e 8) ==== 50222+0+0 (secure 0 0 0) 0x7fb374019800 con 0x7fb37810a500
2024-05-14T09:23:19.274 INFO:teuthology.orchestra.run.smithi002.stdout:/usr/bin/ceph: stderr
2024-05-14T09:23:18.140+0000 7fb380266700 1 -- 172.21.15.2:0/1072732046 --> [v2:172.21.15.2:3300/0,v1:172.21.15.2:6789/0] -- mon_command({"prefix": "get_command_descriptions"} v 0) -- 0x7fb378064e20 con 0x7fb37810a500
2024-05-14T09:23:19.274 INFO:teuthology.orchestra.run.smithi002.stdout:/usr/bin/ceph: stderr
2024-05-14T09:23:18.141+0000 7fb36effd700 1 --2- 172.21.15.2:0/1072732046 >> [v2:172.21.15.2:6800/1423742578,v1:172.21.15.2:6801/1423742578] conn(0x7fb36403e470 0x7fb364040980 unknown :-1 s=NONE pgs=0 cs=0 l=1 rev1=0 crypto rx=0 tx=0 comp rx=0 tx=0).connect
2024-05-14T09:23:19.274 INFO:teuthology.orchestra.run.smithi002.stdout:/usr/bin/ceph: stderr
2024-05-14T09:23:18.141+0000 7fb36effd700 1 -- 172.21.15.2:0/1072732046 <== mon.0 v2:172.21.15.2:3300/0 5 ==== osd_map(2..2 src has 1..2) ==== 940+0+0 (secure 0 0 0) 0x7fb374053850 con 0x7fb37810a500
2024-05-14T09:23:19.274 INFO:teuthology.orchestra.run.smithi002.stdout:/usr/bin/ceph: stderr
2024-05-14T09:23:18.141+0000 7fb37d801700 1 --2- 172.21.15.2:0/1072732046 >> [v2:172.21.15.2:6800/1423742578,v1:172.21.15.2:6801/1423742578] conn(0x7fb36403e470 0x7fb364040980 unknown :-1 s=BANNER_CONNECTING pgs=0 cs=0 l=1 rev1=0 crypto rx=0 tx=0 comp rx=0 tx=0)._handle_peer_banner_payload supported=3 required=0
2024-05-14T09:23:19.274 INFO:teuthology.orchestra.run.smithi002.stdout:/usr/bin/ceph: stderr
2024-05-14T09:23:18.141+0000 7fb37d801700 1 --2- 172.21.15.2:0/1072732046 >> [v2:172.21.15.2:6800/1423742578,v1:172.21.15.2:6801/1423742578] conn(0x7fb36403e470 0x7fb364040980 secure :-1 s=READY pgs=14 cs=0 l=1 rev1=1 crypto rx=0x7fb368006fd0 tx=0x7fb368006e40 comp rx=0 tx=0).ready entity=mgr.14120 client_cookie=0 server_cookie=0 in_seq=0 out_seq=0
2024-05-14T09:23:19.275 INFO:teuthology.orchestra.run.smithi002.stdout:/usr/bin/ceph: stderr
2024-05-14T09:23:18.146+0000 7fb36effd700 1 -- 172.21.15.2:0/1072732046 <== mon.0 v2:172.21.15.2:3300/0 6 ==== mon_command_ack([{"prefix": "get_command_descriptions"}]=0 v0) ==== 72+0+191963 (secure 0 0 0) 0x7fb374017e90 con 0x7fb37810a500
2024-05-14T09:23:19.275 INFO:teuthology.orchestra.run.smithi002.stdout:/usr/bin/ceph: stderr
2024-05-14T09:23:18.359+0000 7fb380266700 1 -- 172.21.15.2:0/1072732046 --> [v2:172.21.15.2:3300/0,v1:172.21.15.2:6789/0] -- mon_command([{prefix=config set, name=mgr/cephadm/container_init}] v 0) -- 0x7fb37802e8f0 con 0x7fb37810a500
2024-05-14T09:23:19.275 INFO:teuthology.orchestra.run.smithi002.stdout:/usr/bin/ceph: stderr
2024-05-14T09:23:18.362+0000 7fb36effd700 1 -- 172.21.15.2:0/1072732046 <== mon.0 v2:172.21.15.2:3300/0 7 ==== mon_command_ack([{prefix=config set, name=mgr/cephadm/container_init}]=0 v6)=0 v6) ==== 142+0+0 (secure 0 0 0) 0x7fb374023390 con 0x7fb37810a500
2024-05-14T09:23:19.275 INFO:teuthology.orchestra.run.smithi002.stdout:/usr/bin/ceph: stderr
2024-05-14T09:23:18.365+0000 7fb380266700 1 -- 172.21.15.2:0/1072732046 >> [v2:172.21.15.2:6800/1423742578,v1:172.21.15.2:6801/1423742578] conn(0x7fb36403e470 msgr2=0x7fb364040980 secure :-1 s=STATE_CONNECTION_ESTABLISHED l=1).mark_down
2024-05-14T09:23:19.275 INFO:teuthology.orchestra.run.smithi002.stdout:/usr/bin/ceph: stderr
2024-05-14T09:23:18.365+0000 7fb380266700 1 --2- 172.21.15.2:0/1072732046 >> [v2:172.21.15.2:6800/1423742578,v1:172.21.15.2:6801/1423742578] conn(0x7fb36403e470 0x7fb364040980 secure :-1 s=READY pgs=14 cs=0 l=1 rev1=1 crypto rx=0x7fb368006fd0 tx=0x7fb368006e40 comp rx=0 tx=0).stop
2024-05-14T09:23:19.275 INFO:teuthology.orchestra.run.smithi002.stdout:/usr/bin/ceph: stderr
2024-05-14T09:23:18.365+0000 7fb380266700 1 -- 172.21.15.2:0/1072732046 >> [v2:172.21.15.2:3300/0,v1:172.21.15.2:6789/0] conn(0x7fb37810a500 msgr2=0x7fb3781a0070 secure :-1 s=STATE_CONNECTION_ESTABLISHED l=1).mark_down
2024-05-14T09:23:19.275 INFO:teuthology.orchestra.run.smithi002.stdout:/usr/bin/ceph: stderr
2024-05-14T09:23:18.365+0000 7fb380266700 1 --2- 172.21.15.2:0/1072732046 >> [v2:172.21.15.2:3300/0,v1:172.21.15.2:6789/0] conn(0x7fb37810a500 0x7fb3781a0070 secure :-1 s=READY pgs=52 cs=0 l=1 rev1=1 crypto rx=0x7fb374009fb0 tx=0x7fb374011940 comp rx=0 tx=0).stop
2024-05-14T09:23:19.275 INFO:teuthology.orchestra.run.smithi002.stdout:/usr/bin/ceph: stderr
2024-05-14T09:23:18.365+0000 7fb380266700 1 -- 172.21.15.2:0/1072732046 shutdown_connections
2024-05-14T09:23:19.275 INFO:teuthology.orchestra.run.smithi002.stdout:/usr/bin/ceph: stderr
2024-05-14T09:23:18.365+0000 7fb380266700 1 --2- 172.21.15.2:0/1072732046 >> [v2:172.21.15.2:6800/1423742578,v1:172.21.15.2:6801/1423742578] conn(0x7fb36403e470 0x7fb364040980 unknown :-1 s=CLOSED pgs=14 cs=0 l=1 rev1=1 crypto rx=0 tx=0 comp rx=0 tx=0).stop
2024-05-14T09:23:19.275 INFO:teuthology.orchestra.run.smithi002.stdout:/usr/bin/ceph: stderr
2024-05-14T09:23:18.365+0000 7fb380266700 1 --2- 172.21.15.2:0/1072732046 >> [v2:172.21.15.2:3300/0,v1:172.21.15.2:6789/0] conn(0x7fb37810a500 0x7fb3781a0070 unknown :-1 s=CLOSED pgs=52 cs=0 l=1 rev1=1 crypto rx=0 tx=0 comp rx=0 tx=0).stop
2024-05-14T09:23:19.275 INFO:teuthology.orchestra.run.smithi002.stdout:/usr/bin/ceph: stderr
2024-05-14T09:23:18.365+0000 7fb380266700 1 -- 172.21.15.2:0/1072732046 >> 172.21.15.2:0/1072732046 conn(0x7fb378103fc0 msgr2=0x7fb378108430 unknown :-1 s=STATE_NONE l=0).mark_down
2024-05-14T09:23:19.275 INFO:teuthology.orchestra.run.smithi002.stdout:/usr/bin/ceph: stderr
2024-05-14T09:23:18.365+0000 7fb380266700 1 -- 172.21.15.2:0/1072732046 shutdown_connections
2024-05-14T09:23:19.275 INFO:teuthology.orchestra.run.smithi002.stdout:/usr/bin/ceph: stderr
2024-05-14T09:23:18.365+0000 7fb380266700 1 -- 172.21.15.2:0/1072732046 wait complete.
2024-05-14T09:23:19.515 INFO:journalctl@ceph.mon.a.smithi002.stdout:May 14 09:23:19 smithi002 ceph-mon[31557]: from='client.? 172.21.15.2:0/1072732046' entity='client.admin'
2024-05-14T09:23:19.515 INFO:journalctl@ceph.mon.a.smithi002.stdout:May 14 09:23:19 smithi002 ceph-mon[31557]: from='mgr.14120 172.21.15.2:0/839411151' entity='mgr.x'
2024-05-14T09:23:20.529 INFO:journalctl@ceph.mon.a.smithi002.stdout:May 14 09:23:20 smithi002 ceph-mon[31557]: from='mgr.14120 172.21.15.2:0/839411151' entity='mgr.x'
2024-05-14T09:23:20.529 INFO:journalctl@ceph.mon.a.smithi002.stdout:May 14 09:23:20 smithi002 ceph-mon[31557]: from='client.? 172.21.15.2:0/3797300091' entity='client.admin'
2024-05-14T09:23:20.536 INFO:teuthology.orchestra.run.smithi002.stdout:/usr/bin/ceph: stderr
2024-05-14T09:23:19.718+0000 7f062a711700 1 Processor -- start
2024-05-14T09:23:20.536 INFO:teuthology.orchestra.run.smithi002.stdout:/usr/bin/ceph: stderr
2024-05-14T09:23:19.718+0000 7f062a711700 1 -- start start
2024-05-14T09:23:20.536 INFO:teuthology.orchestra.run.smithi002.stdout:/usr/bin/ceph: stderr
2024-05-14T09:23:19.719+0000 7f062a711700 1 --2- >> [v2:172.21.15.2:3300/0,v1:172.21.15.2:6789/0] conn(0x7f062410a540 0x7f062410c960 unknown :-1 s=NONE pgs=0 cs=0 l=0 rev1=0 crypto rx=0 tx=0 comp rx=0 tx=0).connect
2024-05-14T09:23:20.536 INFO:teuthology.orchestra.run.smithi002.stdout:/usr/bin/ceph: stderr
2024-05-14T09:23:19.719+0000 7f062a711700 1 -- --> [v2:172.21.15.2:3300/0,v1:172.21.15.2:6789/0] -- mon_getmap magic: 0 -- 0x7f062407ce90 con 0x7f062410a540
2024-05-14T09:23:20.536 INFO:teuthology.orchestra.run.smithi002.stdout:/usr/bin/ceph: stderr
2024-05-14T09:23:19.719+0000 7f0623fff700 1 --2- >> [v2:172.21.15.2:3300/0,v1:172.21.15.2:6789/0] conn(0x7f062410a540 0x7f062410c960 unknown :-1 s=BANNER_CONNECTING pgs=0 cs=0 l=0 rev1=0 crypto rx=0 tx=0 comp rx=0 tx=0)._handle_peer_banner_payload supported=3 required=0
2024-05-14T09:23:20.536 INFO:teuthology.orchestra.run.smithi002.stdout:/usr/bin/ceph: stderr
2024-05-14T09:23:19.719+0000 7f0623fff700 1 --2- >> [v2:172.21.15.2:3300/0,v1:172.21.15.2:6789/0] conn(0x7f062410a540 0x7f062410c960 unknown :-1 s=HELLO_CONNECTING pgs=0 cs=0 l=0 rev1=1 crypto rx=0 tx=0 comp rx=0 tx=0).handle_hello peer v2:172.21.15.2:3300/0 says I am v2:172.21.15.2:52198/0 (socket says 172.21.15.2:52198)
2024-05-14T09:23:20.537 INFO:teuthology.orchestra.run.smithi002.stdout:/usr/bin/ceph: stderr
2024-05-14T09:23:19.719+0000 7f0623fff700 1 -- 172.21.15.2:0/557482588 learned_addr learned my addr 172.21.15.2:0/557482588 (peer_addr_for_me v2:172.21.15.2:0/0)
2024-05-14T09:23:20.537 INFO:teuthology.orchestra.run.smithi002.stdout:/usr/bin/ceph: stderr
2024-05-14T09:23:19.719+0000 7f0623fff700 1 -- 172.21.15.2:0/557482588 --> [v2:172.21.15.2:3300/0,v1:172.21.15.2:6789/0] -- mon_subscribe({config=0+,monmap=0+}) -- 0x7f062410cea0 con 0x7f062410a540
2024-05-14T09:23:20.537 INFO:teuthology.orchestra.run.smithi002.stdout:/usr/bin/ceph: stderr
2024-05-14T09:23:19.719+0000 7f0623fff700 1 --2- 172.21.15.2:0/557482588 >> [v2:172.21.15.2:3300/0,v1:172.21.15.2:6789/0] conn(0x7f062410a540 0x7f062410c960 secure :-1 s=READY pgs=53 cs=0 l=1 rev1=1 crypto rx=0x7f06140098a0 tx=0x7f0614009bb0 comp rx=0 tx=0).ready entity=mon.0 client_cookie=fc035ca01162bc89 server_cookie=0 in_seq=0 out_seq=0
2024-05-14T09:23:20.537 INFO:teuthology.orchestra.run.smithi002.stdout:/usr/bin/ceph: stderr
2024-05-14T09:23:19.719+0000 7f0622ffd700 1 -- 172.21.15.2:0/557482588 <== mon.0 v2:172.21.15.2:3300/0 1 ==== mon_map magic: 0 ==== 205+0+0 (secure 0 0 0) 0x7f0614004160 con 0x7f062410a540
2024-05-14T09:23:20.537 INFO:teuthology.orchestra.run.smithi002.stdout:/usr/bin/ceph: stderr
2024-05-14T09:23:19.720+0000 7f0622ffd700 1 -- 172.21.15.2:0/557482588 <== mon.0 v2:172.21.15.2:3300/0 2 ==== config(26 keys) ==== 1101+0+0 (secure 0 0 0) 0x7f0614004300 con 0x7f062410a540
2024-05-14T09:23:20.537 INFO:teuthology.orchestra.run.smithi002.stdout:/usr/bin/ceph: stderr
2024-05-14T09:23:19.720+0000 7f0622ffd700 1 -- 172.21.15.2:0/557482588 <== mon.0 v2:172.21.15.2:3300/0 3 ==== mon_map magic: 0 ==== 205+0+0 (secure 0 0 0) 0x7f0614011a20 con 0x7f062410a540
2024-05-14T09:23:20.537 INFO:teuthology.orchestra.run.smithi002.stdout:/usr/bin/ceph: stderr
2024-05-14T09:23:19.720+0000 7f062a711700 1 -- 172.21.15.2:0/557482588 >> [v2:172.21.15.2:3300/0,v1:172.21.15.2:6789/0] conn(0x7f062410a540 msgr2=0x7f062410c960 secure :-1 s=STATE_CONNECTION_ESTABLISHED l=1).mark_down
2024-05-14T09:23:20.537 INFO:teuthology.orchestra.run.smithi002.stdout:/usr/bin/ceph: stderr
2024-05-14T09:23:19.720+0000 7f062a711700 1 --2- 172.21.15.2:0/557482588 >> [v2:172.21.15.2:3300/0,v1:172.21.15.2:6789/0] conn(0x7f062410a540 0x7f062410c960 secure :-1 s=READY pgs=53 cs=0 l=1 rev1=1 crypto rx=0x7f06140098a0 tx=0x7f0614009bb0 comp rx=0 tx=0).stop
2024-05-14T09:23:20.537 INFO:teuthology.orchestra.run.smithi002.stdout:/usr/bin/ceph: stderr
2024-05-14T09:23:19.720+0000 7f062a711700 1 -- 172.21.15.2:0/557482588 shutdown_connections
2024-05-14T09:23:20.537 INFO:teuthology.orchestra.run.smithi002.stdout:/usr/bin/ceph: stderr
2024-05-14T09:23:19.720+0000 7f062a711700 1 --2- 172.21.15.2:0/557482588 >> [v2:172.21.15.2:3300/0,v1:172.21.15.2:6789/0] conn(0x7f062410a540 0x7f062410c960 unknown :-1 s=CLOSED pgs=53 cs=0 l=1 rev1=1 crypto rx=0 tx=0 comp rx=0 tx=0).stop
2024-05-14T09:23:20.537 INFO:teuthology.orchestra.run.smithi002.stdout:/usr/bin/ceph: stderr
2024-05-14T09:23:19.720+0000 7f062a711700 1 -- 172.21.15.2:0/557482588 >> 172.21.15.2:0/557482588 conn(0x7f0624103fe0 msgr2=0x7f0624106450 unknown :-1 s=STATE_NONE l=0).mark_down
2024-05-14T09:23:20.537 INFO:teuthology.orchestra.run.smithi002.stdout:/usr/bin/ceph: stderr
2024-05-14T09:23:19.721+0000 7f062a711700 1 -- 172.21.15.2:0/557482588 shutdown_connections
2024-05-14T09:23:20.537 INFO:teuthology.orchestra.run.smithi002.stdout:/usr/bin/ceph: stderr
2024-05-14T09:23:19.721+0000 7f062a711700 1 -- 172.21.15.2:0/557482588 wait complete.
2024-05-14T09:23:20.537 INFO:teuthology.orchestra.run.smithi002.stdout:/usr/bin/ceph: stderr
2024-05-14T09:23:19.721+0000 7f062a711700 1 Processor -- start
2024-05-14T09:23:20.537 INFO:teuthology.orchestra.run.smithi002.stdout:/usr/bin/ceph: stderr
2024-05-14T09:23:19.721+0000 7f062a711700 1 -- start start
2024-05-14T09:23:20.537 INFO:teuthology.orchestra.run.smithi002.stdout:/usr/bin/ceph: stderr
2024-05-14T09:23:19.722+0000 7f062a711700 1 --2- >> [v2:172.21.15.2:3300/0,v1:172.21.15.2:6789/0] conn(0x7f062410a540 0x7f0624109cc0 unknown :-1 s=NONE pgs=0 cs=0 l=1 rev1=0 crypto rx=0 tx=0 comp rx=0 tx=0).connect
2024-05-14T09:23:20.538 INFO:teuthology.orchestra.run.smithi002.stdout:/usr/bin/ceph: stderr
2024-05-14T09:23:19.722+0000 7f062a711700 1 -- --> [v2:172.21.15.2:3300/0,v1:172.21.15.2:6789/0] -- mon_getmap magic: 0 -- 0x7f062410dea0 con 0x7f062410a540
2024-05-14T09:23:20.538 INFO:teuthology.orchestra.run.smithi002.stdout:/usr/bin/ceph: stderr
2024-05-14T09:23:19.722+0000 7f0623fff700 1 --2- >> [v2:172.21.15.2:3300/0,v1:172.21.15.2:6789/0] conn(0x7f062410a540 0x7f0624109cc0 unknown :-1 s=BANNER_CONNECTING pgs=0 cs=0 l=1 rev1=0 crypto rx=0 tx=0 comp rx=0 tx=0)._handle_peer_banner_payload supported=3 required=0
2024-05-14T09:23:20.538 INFO:teuthology.orchestra.run.smithi002.stdout:/usr/bin/ceph: stderr
2024-05-14T09:23:19.722+0000 7f0623fff700 1 --2- >> [v2:172.21.15.2:3300/0,v1:172.21.15.2:6789/0] conn(0x7f062410a540 0x7f0624109cc0 unknown :-1 s=HELLO_CONNECTING pgs=0 cs=0 l=1 rev1=1 crypto rx=0 tx=0 comp rx=0 tx=0).handle_hello peer v2:172.21.15.2:3300/0 says I am v2:172.21.15.2:52210/0 (socket says 172.21.15.2:52210)
2024-05-14T09:23:20.538 INFO:teuthology.orchestra.run.smithi002.stdout:/usr/bin/ceph: stderr
2024-05-14T09:23:19.722+0000 7f0623fff700 1 -- 172.21.15.2:0/3797300091 learned_addr learned my addr 172.21.15.2:0/3797300091 (peer_addr_for_me v2:172.21.15.2:0/0)
2024-05-14T09:23:20.538 INFO:teuthology.orchestra.run.smithi002.stdout:/usr/bin/ceph: stderr
2024-05-14T09:23:19.722+0000 7f0623fff700 1 -- 172.21.15.2:0/3797300091 --> [v2:172.21.15.2:3300/0,v1:172.21.15.2:6789/0] -- mon_subscribe({config=0+,monmap=0+}) -- 0x7f062410a200 con 0x7f062410a540
2024-05-14T09:23:20.538 INFO:teuthology.orchestra.run.smithi002.stdout:/usr/bin/ceph: stderr
2024-05-14T09:23:19.722+0000 7f0623fff700 1 --2- 172.21.15.2:0/3797300091 >> [v2:172.21.15.2:3300/0,v1:172.21.15.2:6789/0] conn(0x7f062410a540 0x7f0624109cc0 secure :-1 s=READY pgs=54 cs=0 l=1 rev1=1 crypto rx=0x7f0614004660 tx=0x7f0614011aa0 comp rx=0 tx=0).ready entity=mon.0 client_cookie=0 server_cookie=0 in_seq=0 out_seq=0
2024-05-14T09:23:20.538 INFO:teuthology.orchestra.run.smithi002.stdout:/usr/bin/ceph: stderr
2024-05-14T09:23:19.722+0000 7f06217fa700 1 -- 172.21.15.2:0/3797300091 <== mon.0 v2:172.21.15.2:3300/0 1 ==== mon_map magic: 0 ==== 205+0+0 (secure 0 0 0) 0x7f0614003a60 con 0x7f062410a540
2024-05-14T09:23:20.538 INFO:teuthology.orchestra.run.smithi002.stdout:/usr/bin/ceph: stderr
2024-05-14T09:23:19.723+0000 7f06217fa700 1 -- 172.21.15.2:0/3797300091 <== mon.0 v2:172.21.15.2:3300/0 2 ==== config(26 keys) ==== 1101+0+0 (secure 0 0 0) 0x7f061401b8f0 con 0x7f062410a540
2024-05-14T09:23:20.538 INFO:teuthology.orchestra.run.smithi002.stdout:/usr/bin/ceph: stderr
2024-05-14T09:23:19.723+0000 7f062a711700 1 -- 172.21.15.2:0/3797300091 --> [v2:172.21.15.2:3300/0,v1:172.21.15.2:6789/0] -- mon_subscribe({mgrmap=0+}) -- 0x7f0624108450 con 0x7f062410a540
2024-05-14T09:23:20.538 INFO:teuthology.orchestra.run.smithi002.stdout:/usr/bin/ceph: stderr
2024-05-14T09:23:19.723+0000 7f06217fa700 1 -- 172.21.15.2:0/3797300091 <== mon.0 v2:172.21.15.2:3300/0 3 ==== mon_map magic: 0 ==== 205+0+0 (secure 0 0 0) 0x7f0614023890 con 0x7f062410a540
2024-05-14T09:23:20.538 INFO:teuthology.orchestra.run.smithi002.stdout:/usr/bin/ceph: stderr
2024-05-14T09:23:19.723+0000 7f062a711700 1 -- 172.21.15.2:0/3797300091 --> [v2:172.21.15.2:3300/0,v1:172.21.15.2:6789/0] -- mon_subscribe({osdmap=0}) -- 0x7f0624108930 con 0x7f062410a540
2024-05-14T09:23:20.538 INFO:teuthology.orchestra.run.smithi002.stdout:/usr/bin/ceph: stderr
2024-05-14T09:23:19.724+0000 7f062a711700 1 -- 172.21.15.2:0/3797300091 --> [v2:172.21.15.2:3300/0,v1:172.21.15.2:6789/0] -- mon_command({"prefix": "get_command_descriptions"} v 0) -- 0x7f0624064e20 con 0x7f062410a540
2024-05-14T09:23:20.538 INFO:teuthology.orchestra.run.smithi002.stdout:/usr/bin/ceph: stderr
2024-05-14T09:23:19.724+0000 7f06217fa700 1 -- 172.21.15.2:0/3797300091 <== mon.0 v2:172.21.15.2:3300/0 4 ==== mgrmap(e 8) ==== 50222+0+0 (secure 0 0 0) 0x7f061402c3f0 con 0x7f062410a540
2024-05-14T09:23:20.538 INFO:teuthology.orchestra.run.smithi002.stdout:/usr/bin/ceph: stderr
2024-05-14T09:23:19.724+0000 7f06217fa700 1 --2- 172.21.15.2:0/3797300091 >> [v2:172.21.15.2:6800/1423742578,v1:172.21.15.2:6801/1423742578] conn(0x7f061003e420 0x7f0610040930 unknown :-1 s=NONE pgs=0 cs=0 l=1 rev1=0 crypto rx=0 tx=0 comp rx=0 tx=0).connect
2024-05-14T09:23:20.539 INFO:teuthology.orchestra.run.smithi002.stdout:/usr/bin/ceph: stderr
2024-05-14T09:23:19.724+0000 7f06217fa700 1 -- 172.21.15.2:0/3797300091 <== mon.0 v2:172.21.15.2:3300/0 5 ==== osd_map(2..2 src has 1..2) ==== 940+0+0 (secure 0 0 0) 0x7f0614053f60 con 0x7f062410a540
2024-05-14T09:23:20.539 INFO:teuthology.orchestra.run.smithi002.stdout:/usr/bin/ceph: stderr
2024-05-14T09:23:19.724+0000 7f06237fe700 1 --2- 172.21.15.2:0/3797300091 >> [v2:172.21.15.2:6800/1423742578,v1:172.21.15.2:6801/1423742578] conn(0x7f061003e420 0x7f0610040930 unknown :-1 s=BANNER_CONNECTING pgs=0 cs=0 l=1 rev1=0 crypto rx=0 tx=0 comp rx=0 tx=0)._handle_peer_banner_payload supported=3 required=0
2024-05-14T09:23:20.539 INFO:teuthology.orchestra.run.smithi002.stdout:/usr/bin/ceph: stderr
2024-05-14T09:23:19.725+0000 7f06237fe700 1 --2- 172.21.15.2:0/3797300091 >> [v2:172.21.15.2:6800/1423742578,v1:172.21.15.2:6801/1423742578] conn(0x7f061003e420 0x7f0610040930 secure :-1 s=READY pgs=15 cs=0 l=1 rev1=1 crypto rx=0x7f060c006fd0 tx=0x7f060c006e40 comp rx=0 tx=0).ready entity=mgr.14120 client_cookie=0 server_cookie=0 in_seq=0 out_seq=0
2024-05-14T09:23:20.539 INFO:teuthology.orchestra.run.smithi002.stdout:/usr/bin/ceph: stderr
2024-05-14T09:23:19.729+0000 7f06217fa700 1 -- 172.21.15.2:0/3797300091 <== mon.0 v2:172.21.15.2:3300/0 6 ==== mon_command_ack([{"prefix": "get_command_descriptions"}]=0 v0) ==== 72+0+191963 (secure 0 0 0) 0x7f061401f030 con 0x7f062410a540
2024-05-14T09:23:20.539 INFO:teuthology.orchestra.run.smithi002.stdout:/usr/bin/ceph: stderr
2024-05-14T09:23:19.951+0000 7f062a711700 1 -- 172.21.15.2:0/3797300091 --> [v2:172.21.15.2:3300/0,v1:172.21.15.2:6789/0] -- mon_command([{prefix=config set, name=mgr/dashboard/ssl_server_port}] v 0) -- 0x7f0624109090 con 0x7f062410a540
2024-05-14T09:23:20.539 INFO:teuthology.orchestra.run.smithi002.stdout:/usr/bin/ceph: stderr
2024-05-14T09:23:19.955+0000 7f06217fa700 1 -- 172.21.15.2:0/3797300091 <== mon.0 v2:172.21.15.2:3300/0 7 ==== mon_command_ack([{prefix=config set, name=mgr/dashboard/ssl_server_port}]=0 v8)=0 v8) ==== 130+0+0 (secure 0 0 0) 0x7f0614017e90 con 0x7f062410a540
2024-05-14T09:23:20.539 INFO:teuthology.orchestra.run.smithi002.stdout:/usr/bin/ceph: stderr
2024-05-14T09:23:19.957+0000 7f062a711700 1 -- 172.21.15.2:0/3797300091 >> [v2:172.21.15.2:6800/1423742578,v1:172.21.15.2:6801/1423742578] conn(0x7f061003e420 msgr2=0x7f0610040930 secure :-1 s=STATE_CONNECTION_ESTABLISHED l=1).mark_down
2024-05-14T09:23:20.539 INFO:teuthology.orchestra.run.smithi002.stdout:/usr/bin/ceph: stderr
2024-05-14T09:23:19.957+0000 7f062a711700 1 --2- 172.21.15.2:0/3797300091 >> [v2:172.21.15.2:6800/1423742578,v1:172.21.15.2:6801/1423742578] conn(0x7f061003e420 0x7f0610040930 secure :-1 s=READY pgs=15 cs=0 l=1 rev1=1 crypto rx=0x7f060c006fd0 tx=0x7f060c006e40 comp rx=0 tx=0).stop
2024-05-14T09:23:20.539 INFO:teuthology.orchestra.run.smithi002.stdout:/usr/bin/ceph: stderr
2024-05-14T09:23:19.957+0000 7f062a711700 1 -- 172.21.15.2:0/3797300091 >> [v2:172.21.15.2:3300/0,v1:172.21.15.2:6789/0] conn(0x7f062410a540 msgr2=0x7f0624109cc0 secure :-1 s=STATE_CONNECTION_ESTABLISHED l=1).mark_down
2024-05-14T09:23:20.539 INFO:teuthology.orchestra.run.smithi002.stdout:/usr/bin/ceph: stderr
2024-05-14T09:23:19.957+0000 7f062a711700 1 --2- 172.21.15.2:0/3797300091 >> [v2:172.21.15.2:3300/0,v1:172.21.15.2:6789/0] conn(0x7f062410a540 0x7f0624109cc0 secure :-1 s=READY pgs=54 cs=0 l=1 rev1=1 crypto rx=0x7f0614004660 tx=0x7f0614011aa0 comp rx=0 tx=0).stop
2024-05-14T09:23:20.539 INFO:teuthology.orchestra.run.smithi002.stdout:/usr/bin/ceph: stderr
2024-05-14T09:23:19.958+0000 7f062a711700 1 -- 172.21.15.2:0/3797300091 shutdown_connections
2024-05-14T09:23:20.539 INFO:teuthology.orchestra.run.smithi002.stdout:/usr/bin/ceph: stderr
2024-05-14T09:23:19.958+0000 7f062a711700 1 --2- 172.21.15.2:0/3797300091 >> [v2:172.21.15.2:6800/1423742578,v1:172.21.15.2:6801/1423742578] conn(0x7f061003e420 0x7f0610040930 unknown :-1 s=CLOSED pgs=15 cs=0 l=1 rev1=1 crypto rx=0 tx=0 comp rx=0 tx=0).stop
2024-05-14T09:23:20.539 INFO:teuthology.orchestra.run.smithi002.stdout:/usr/bin/ceph: stderr
2024-05-14T09:23:19.958+0000 7f062a711700 1 --2- 172.21.15.2:0/3797300091 >> [v2:172.21.15.2:3300/0,v1:172.21.15.2:6789/0] conn(0x7f062410a540 0x7f0624109cc0 unknown :-1 s=CLOSED pgs=54 cs=0 l=1 rev1=1 crypto rx=0 tx=0 comp rx=0 tx=0).stop
2024-05-14T09:23:20.539 INFO:teuthology.orchestra.run.smithi002.stdout:/usr/bin/ceph: stderr
2024-05-14T09:23:19.958+0000 7f062a711700 1 -- 172.21.15.2:0/3797300091 >> 172.21.15.2:0/3797300091 conn(0x7f0624103fe0 msgr2=0x7f0624104880 unknown :-1 s=STATE_NONE l=0).mark_down
2024-05-14T09:23:20.540 INFO:teuthology.orchestra.run.smithi002.stdout:/usr/bin/ceph: stderr
2024-05-14T09:23:19.958+0000 7f062a711700 1 -- 172.21.15.2:0/3797300091 shutdown_connections
2024-05-14T09:23:20.540 INFO:teuthology.orchestra.run.smithi002.stdout:/usr/bin/ceph: stderr
2024-05-14T09:23:19.958+0000 7f062a711700 1 -- 172.21.15.2:0/3797300091 wait complete.
2024-05-14T09:23:20.540 INFO:teuthology.orchestra.run.smithi002.stdout:Enabling the dashboard module...
2024-05-14T09:23:21.671 INFO:journalctl@ceph.mon.a.smithi002.stdout:May 14 09:23:21 smithi002 ceph-mon[31557]: from='client.? 172.21.15.2:0/546728498' entity='client.admin' cmd=[{"prefix": "mgr module enable", "module": "dashboard"}]: dispatch
2024-05-14T09:23:21.671 INFO:journalctl@ceph.mgr.x.smithi002.stdout:May 14 09:23:21 smithi002 ceph-50d5aebe-11d3-11ef-bc98-c7b262605968-mgr-x[31782]: ignoring --setuser ceph since I am not root
2024-05-14T09:23:21.671 INFO:journalctl@ceph.mgr.x.smithi002.stdout:May 14 09:23:21 smithi002 ceph-50d5aebe-11d3-11ef-bc98-c7b262605968-mgr-x[31782]: ignoring --setgroup ceph since I am not root
2024-05-14T09:23:21.671 INFO:journalctl@ceph.mgr.x.smithi002.stdout:May 14 09:23:21 smithi002 ceph-50d5aebe-11d3-11ef-bc98-c7b262605968-mgr-x[31782]:
2024-05-14T09:23:21.584+0000 7f1a42647200 -1 mgr[py] Module balancer has missing NOTIFY_TYPES member
2024-05-14T09:23:22.047 INFO:journalctl@ceph.mgr.x.smithi002.stdout:May 14 09:23:21 smithi002 ceph-50d5aebe-11d3-11ef-bc98-c7b262605968-mgr-x[31782]:
2024-05-14T09:23:21.783+0000 7f1a42647200 -1 mgr[py] Module orchestrator has missing NOTIFY_TYPES member
2024-05-14T09:23:22.047 INFO:journalctl@ceph.mgr.x.smithi002.stdout:May 14 09:23:21 smithi002 ceph-50d5aebe-11d3-11ef-bc98-c7b262605968-mgr-x[31782]:
2024-05-14T09:23:21.893+0000 7f1a42647200 -1 mgr[py] Module snap_schedule has missing NOTIFY_TYPES member
2024-05-14T09:23:22.055 INFO:teuthology.orchestra.run.smithi002.stdout:/usr/bin/ceph: stderr
2024-05-14T09:23:20.961+0000 7f7cb0b0d700 1 Processor -- start
2024-05-14T09:23:22.055 INFO:teuthology.orchestra.run.smithi002.stdout:/usr/bin/ceph: stderr
2024-05-14T09:23:20.961+0000 7f7cb0b0d700 1 -- start start
2024-05-14T09:23:22.055 INFO:teuthology.orchestra.run.smithi002.stdout:/usr/bin/ceph: stderr
2024-05-14T09:23:20.962+0000 7f7cb0b0d700 1 --2- >> [v2:172.21.15.2:3300/0,v1:172.21.15.2:6789/0] conn(0x7f7cac108980 0x7f7cac108d90 unknown :-1 s=NONE pgs=0 cs=0 l=0 rev1=0 crypto rx=0 tx=0 comp rx=0 tx=0).connect
2024-05-14T09:23:22.055 INFO:teuthology.orchestra.run.smithi002.stdout:/usr/bin/ceph: stderr
2024-05-14T09:23:20.962+0000 7f7cb0b0d700 1 -- --> [v2:172.21.15.2:3300/0,v1:172.21.15.2:6789/0] -- mon_getmap magic: 0 -- 0x7f7cac109380 con 0x7f7cac108980
2024-05-14T09:23:22.055 INFO:teuthology.orchestra.run.smithi002.stdout:/usr/bin/ceph: stderr
2024-05-14T09:23:20.962+0000 7f7caa59c700 1 --2- >> [v2:172.21.15.2:3300/0,v1:172.21.15.2:6789/0] conn(0x7f7cac108980 0x7f7cac108d90 unknown :-1 s=BANNER_CONNECTING pgs=0 cs=0 l=0 rev1=0 crypto rx=0 tx=0 comp rx=0 tx=0)._handle_peer_banner_payload supported=3 required=0
2024-05-14T09:23:22.055 INFO:teuthology.orchestra.run.smithi002.stdout:/usr/bin/ceph: stderr
2024-05-14T09:23:20.962+0000 7f7caa59c700 1 --2- >> [v2:172.21.15.2:3300/0,v1:172.21.15.2:6789/0] conn(0x7f7cac108980 0x7f7cac108d90 unknown :-1 s=HELLO_CONNECTING pgs=0 cs=0 l=0 rev1=1 crypto rx=0 tx=0 comp rx=0 tx=0).handle_hello peer v2:172.21.15.2:3300/0 says I am v2:172.21.15.2:52214/0 (socket says 172.21.15.2:52214)
2024-05-14T09:23:22.055 INFO:teuthology.orchestra.run.smithi002.stdout:/usr/bin/ceph: stderr
2024-05-14T09:23:20.962+0000 7f7caa59c700 1 -- 172.21.15.2:0/1732908778 learned_addr learned my addr 172.21.15.2:0/1732908778 (peer_addr_for_me v2:172.21.15.2:0/0)
2024-05-14T09:23:22.056 INFO:teuthology.orchestra.run.smithi002.stdout:/usr/bin/ceph: stderr
2024-05-14T09:23:20.962+0000 7f7caa59c700 1 -- 172.21.15.2:0/1732908778 --> [v2:172.21.15.2:3300/0,v1:172.21.15.2:6789/0] -- mon_subscribe({config=0+,monmap=0+}) -- 0x7f7cac109b50 con 0x7f7cac108980
2024-05-14T09:23:22.056 INFO:teuthology.orchestra.run.smithi002.stdout:/usr/bin/ceph: stderr
2024-05-14T09:23:20.962+0000 7f7caa59c700 1 --2- 172.21.15.2:0/1732908778 >> [v2:172.21.15.2:3300/0,v1:172.21.15.2:6789/0] conn(0x7f7cac108980 0x7f7cac108d90 secure :-1 s=READY pgs=55 cs=0 l=1 rev1=1 crypto rx=0x7f7c9c00bb40 tx=0x7f7c9c00be50 comp rx=0 tx=0).ready entity=mon.0 client_cookie=abff52fd5f4bc8e server_cookie=0 in_seq=0 out_seq=0
2024-05-14T09:23:22.056 INFO:teuthology.orchestra.run.smithi002.stdout:/usr/bin/ceph: stderr
2024-05-14T09:23:20.962+0000 7f7ca959a700 1 -- 172.21.15.2:0/1732908778 <== mon.0 v2:172.21.15.2:3300/0 1 ==== mon_map magic: 0 ==== 205+0+0 (secure 0 0 0) 0x7f7c9c00dbe0 con 0x7f7cac108980
2024-05-14T09:23:22.056 INFO:teuthology.orchestra.run.smithi002.stdout:/usr/bin/ceph: stderr
2024-05-14T09:23:20.962+0000 7f7ca959a700 1 -- 172.21.15.2:0/1732908778 <== mon.0 v2:172.21.15.2:3300/0 2 ==== config(26 keys) ==== 1101+0+0 (secure 0 0 0) 0x7f7c9c0044e0 con 0x7f7cac108980
2024-05-14T09:23:22.056 INFO:teuthology.orchestra.run.smithi002.stdout:/usr/bin/ceph: stderr
2024-05-14T09:23:20.962+0000 7f7ca959a700 1 -- 172.21.15.2:0/1732908778 <== mon.0 v2:172.21.15.2:3300/0 3 ==== mon_map magic: 0 ==== 205+0+0 (secure 0 0 0) 0x7f7c9c010470 con 0x7f7cac108980
2024-05-14T09:23:22.056 INFO:teuthology.orchestra.run.smithi002.stdout:/usr/bin/ceph: stderr
2024-05-14T09:23:20.963+0000 7f7cb0b0d700 1 -- 172.21.15.2:0/1732908778 >> [v2:172.21.15.2:3300/0,v1:172.21.15.2:6789/0] conn(0x7f7cac108980 msgr2=0x7f7cac108d90 secure :-1 s=STATE_CONNECTION_ESTABLISHED l=1).mark_down
2024-05-14T09:23:22.056 INFO:teuthology.orchestra.run.smithi002.stdout:/usr/bin/ceph: stderr
2024-05-14T09:23:20.963+0000 7f7cb0b0d700 1 --2- 172.21.15.2:0/1732908778 >> [v2:172.21.15.2:3300/0,v1:172.21.15.2:6789/0] conn(0x7f7cac108980 0x7f7cac108d90 secure :-1 s=READY pgs=55 cs=0 l=1 rev1=1 crypto rx=0x7f7c9c00bb40 tx=0x7f7c9c00be50 comp rx=0 tx=0).stop
2024-05-14T09:23:22.056 INFO:teuthology.orchestra.run.smithi002.stdout:/usr/bin/ceph: stderr
2024-05-14T09:23:20.963+0000 7f7cb0b0d700 1 -- 172.21.15.2:0/1732908778 shutdown_connections
2024-05-14T09:23:22.056 INFO:teuthology.orchestra.run.smithi002.stdout:/usr/bin/ceph: stderr
2024-05-14T09:23:20.963+0000 7f7cb0b0d700 1 --2- 172.21.15.2:0/1732908778 >> [v2:172.21.15.2:3300/0,v1:172.21.15.2:6789/0] conn(0x7f7cac108980 0x7f7cac108d90 unknown :-1 s=CLOSED pgs=55 cs=0 l=1 rev1=1 crypto rx=0 tx=0 comp rx=0 tx=0).stop
2024-05-14T09:23:22.056 INFO:teuthology.orchestra.run.smithi002.stdout:/usr/bin/ceph: stderr
2024-05-14T09:23:20.963+0000 7f7cb0b0d700 1 -- 172.21.15.2:0/1732908778 >> 172.21.15.2:0/1732908778 conn(0x7f7cac104040 msgr2=0x7f7cac106490 unknown :-1 s=STATE_NONE l=0).mark_down
2024-05-14T09:23:22.056 INFO:teuthology.orchestra.run.smithi002.stdout:/usr/bin/ceph: stderr
2024-05-14T09:23:20.963+0000 7f7cb0b0d700 1 -- 172.21.15.2:0/1732908778 shutdown_connections
2024-05-14T09:23:22.056 INFO:teuthology.orchestra.run.smithi002.stdout:/usr/bin/ceph: stderr
2024-05-14T09:23:20.963+0000 7f7cb0b0d700 1 -- 172.21.15.2:0/1732908778 wait complete.
2024-05-14T09:23:22.056 INFO:teuthology.orchestra.run.smithi002.stdout:/usr/bin/ceph: stderr
2024-05-14T09:23:20.964+0000 7f7cb0b0d700 1 Processor -- start
2024-05-14T09:23:22.056 INFO:teuthology.orchestra.run.smithi002.stdout:/usr/bin/ceph: stderr
2024-05-14T09:23:20.964+0000 7f7cb0b0d700 1 -- start start
2024-05-14T09:23:22.057 INFO:teuthology.orchestra.run.smithi002.stdout:/usr/bin/ceph: stderr
2024-05-14T09:23:20.964+0000 7f7cb0b0d700 1 --2- >> [v2:172.21.15.2:3300/0,v1:172.21.15.2:6789/0] conn(0x7f7cac108980 0x7f7cac1a0370 unknown :-1 s=NONE pgs=0 cs=0 l=1 rev1=0 crypto rx=0 tx=0 comp rx=0 tx=0).connect
2024-05-14T09:23:22.057 INFO:teuthology.orchestra.run.smithi002.stdout:/usr/bin/ceph: stderr
2024-05-14T09:23:20.964+0000 7f7cb0b0d700 1 -- --> [v2:172.21.15.2:3300/0,v1:172.21.15.2:6789/0] -- mon_getmap magic: 0 -- 0x7f7cac07cb90 con 0x7f7cac108980
2024-05-14T09:23:22.057 INFO:teuthology.orchestra.run.smithi002.stdout:/usr/bin/ceph: stderr
2024-05-14T09:23:20.965+0000 7f7caa59c700 1 --2- >> [v2:172.21.15.2:3300/0,v1:172.21.15.2:6789/0] conn(0x7f7cac108980 0x7f7cac1a0370 unknown :-1 s=BANNER_CONNECTING pgs=0 cs=0 l=1 rev1=0 crypto rx=0 tx=0 comp rx=0 tx=0)._handle_peer_banner_payload supported=3 required=0
2024-05-14T09:23:22.057 INFO:teuthology.orchestra.run.smithi002.stdout:/usr/bin/ceph: stderr
2024-05-14T09:23:20.965+0000 7f7caa59c700 1 --2- >> [v2:172.21.15.2:3300/0,v1:172.21.15.2:6789/0] conn(0x7f7cac108980 0x7f7cac1a0370 unknown :-1 s=HELLO_CONNECTING pgs=0 cs=0 l=1 rev1=1 crypto rx=0 tx=0 comp rx=0 tx=0).handle_hello peer v2:172.21.15.2:3300/0 says I am v2:172.21.15.2:52226/0 (socket says 172.21.15.2:52226)
2024-05-14T09:23:22.057 INFO:teuthology.orchestra.run.smithi002.stdout:/usr/bin/ceph: stderr
2024-05-14T09:23:20.965+0000 7f7caa59c700 1 -- 172.21.15.2:0/546728498 learned_addr learned my addr 172.21.15.2:0/546728498 (peer_addr_for_me v2:172.21.15.2:0/0)
2024-05-14T09:23:22.057 INFO:teuthology.orchestra.run.smithi002.stdout:/usr/bin/ceph: stderr
2024-05-14T09:23:20.965+0000 7f7caa59c700 1 -- 172.21.15.2:0/546728498 --> [v2:172.21.15.2:3300/0,v1:172.21.15.2:6789/0] -- mon_subscribe({config=0+,monmap=0+}) -- 0x7f7cac1a08b0 con 0x7f7cac108980
2024-05-14T09:23:22.057 INFO:teuthology.orchestra.run.smithi002.stdout:/usr/bin/ceph: stderr
2024-05-14T09:23:20.965+0000 7f7caa59c700 1 --2- 172.21.15.2:0/546728498 >> [v2:172.21.15.2:3300/0,v1:172.21.15.2:6789/0] conn(0x7f7cac108980 0x7f7cac1a0370 secure :-1 s=READY pgs=56 cs=0 l=1 rev1=1 crypto rx=0x7f7c9c003c30 tx=0x7f7c9c003d10 comp rx=0 tx=0).ready entity=mon.0 client_cookie=0 server_cookie=0 in_seq=0 out_seq=0
2024-05-14T09:23:22.057 INFO:teuthology.orchestra.run.smithi002.stdout:/usr/bin/ceph: stderr
2024-05-14T09:23:20.965+0000 7f7c9b7fe700 1 -- 172.21.15.2:0/546728498 <== mon.0 v2:172.21.15.2:3300/0 1 ==== mon_map magic: 0 ==== 205+0+0 (secure 0 0 0) 0x7f7c9c010720 con 0x7f7cac108980
2024-05-14T09:23:22.057 INFO:teuthology.orchestra.run.smithi002.stdout:/usr/bin/ceph: stderr
2024-05-14T09:23:20.965+0000 7f7c9b7fe700 1 -- 172.21.15.2:0/546728498 <== mon.0 v2:172.21.15.2:3300/0 2 ==== config(26 keys) ==== 1101+0+0 (secure 0 0 0) 0x7f7c9c01d070 con 0x7f7cac108980
2024-05-14T09:23:22.057 INFO:teuthology.orchestra.run.smithi002.stdout:/usr/bin/ceph: stderr
2024-05-14T09:23:20.965+0000 7f7c9b7fe700 1 -- 172.21.15.2:0/546728498 <== mon.0 v2:172.21.15.2:3300/0 3 ==== mon_map magic: 0 ==== 205+0+0 (secure 0 0 0) 0x7f7c9c019a80 con 0x7f7cac108980
2024-05-14T09:23:22.057 INFO:teuthology.orchestra.run.smithi002.stdout:/usr/bin/ceph: stderr
2024-05-14T09:23:20.965+0000 7f7cb0b0d700 1 -- 172.21.15.2:0/546728498 --> [v2:172.21.15.2:3300/0,v1:172.21.15.2:6789/0] -- mon_subscribe({mgrmap=0+}) -- 0x7f7cac1a0b40 con 0x7f7cac108980
2024-05-14T09:23:22.057 INFO:teuthology.orchestra.run.smithi002.stdout:/usr/bin/ceph: stderr
2024-05-14T09:23:20.965+0000 7f7cb0b0d700 1 -- 172.21.15.2:0/546728498 --> [v2:172.21.15.2:3300/0,v1:172.21.15.2:6789/0] -- mon_subscribe({osdmap=0}) -- 0x7f7cac1a3750 con 0x7f7cac108980
2024-05-14T09:23:22.057 INFO:teuthology.orchestra.run.smithi002.stdout:/usr/bin/ceph: stderr
2024-05-14T09:23:20.966+0000 7f7c9b7fe700 1 -- 172.21.15.2:0/546728498 <== mon.0 v2:172.21.15.2:3300/0 4 ==== mgrmap(e 8) ==== 50222+0+0 (secure 0 0 0) 0x7f7c9c028060 con 0x7f7cac108980
2024-05-14T09:23:22.057 INFO:teuthology.orchestra.run.smithi002.stdout:/usr/bin/ceph: stderr
2024-05-14T09:23:20.967+0000 7f7cb0b0d700 1 -- 172.21.15.2:0/546728498 --> [v2:172.21.15.2:3300/0,v1:172.21.15.2:6789/0] -- mon_command({"prefix": "get_command_descriptions"} v 0) -- 0x7f7cac064e20 con 0x7f7cac108980
2024-05-14T09:23:22.057 INFO:teuthology.orchestra.run.smithi002.stdout:/usr/bin/ceph: stderr
2024-05-14T09:23:20.967+0000 7f7c9b7fe700 1 --2- 172.21.15.2:0/546728498 >> [v2:172.21.15.2:6800/1423742578,v1:172.21.15.2:6801/1423742578] conn(0x7f7c9403e4c0 0x7f7c940409d0 unknown :-1 s=NONE pgs=0 cs=0 l=1 rev1=0 crypto rx=0 tx=0 comp rx=0 tx=0).connect
2024-05-14T09:23:22.058 INFO:teuthology.orchestra.run.smithi002.stdout:/usr/bin/ceph: stderr
2024-05-14T09:23:20.967+0000 7f7c9b7fe700 1 -- 172.21.15.2:0/546728498 <== mon.0 v2:172.21.15.2:3300/0 5 ==== osd_map(2..2 src has 1..2) ==== 940+0+0 (secure 0 0 0) 0x7f7c9c053840 con 0x7f7cac108980
2024-05-14T09:23:22.058 INFO:teuthology.orchestra.run.smithi002.stdout:/usr/bin/ceph: stderr
2024-05-14T09:23:20.967+0000 7f7ca9d9b700 1 --2- 172.21.15.2:0/546728498 >> [v2:172.21.15.2:6800/1423742578,v1:172.21.15.2:6801/1423742578] conn(0x7f7c9403e4c0 0x7f7c940409d0 unknown :-1 s=BANNER_CONNECTING pgs=0 cs=0 l=1 rev1=0 crypto rx=0 tx=0 comp rx=0 tx=0)._handle_peer_banner_payload supported=3 required=0
2024-05-14T09:23:22.058 INFO:teuthology.orchestra.run.smithi002.stdout:/usr/bin/ceph: stderr
2024-05-14T09:23:20.967+0000 7f7ca9d9b700 1 --2- 172.21.15.2:0/546728498 >> [v2:172.21.15.2:6800/1423742578,v1:172.21.15.2:6801/1423742578] conn(0x7f7c9403e4c0 0x7f7c940409d0 secure :-1 s=READY pgs=16 cs=0 l=1 rev1=1 crypto rx=0x7f7ca0006fd0 tx=0x7f7ca0006e40 comp rx=0 tx=0).ready entity=mgr.14120 client_cookie=0 server_cookie=0 in_seq=0 out_seq=0
2024-05-14T09:23:22.058 INFO:teuthology.orchestra.run.smithi002.stdout:/usr/bin/ceph: stderr
2024-05-14T09:23:20.972+0000 7f7c9b7fe700 1 -- 172.21.15.2:0/546728498 <== mon.0 v2:172.21.15.2:3300/0 6 ==== mon_command_ack([{"prefix": "get_command_descriptions"}]=0 v0) ==== 72+0+191963 (secure 0 0 0) 0x7f7c9c015070 con 0x7f7cac108980
2024-05-14T09:23:22.058 INFO:teuthology.orchestra.run.smithi002.stdout:/usr/bin/ceph: stderr
2024-05-14T09:23:21.254+0000 7f7cb0b0d700 1 -- 172.21.15.2:0/546728498 --> [v2:172.21.15.2:3300/0,v1:172.21.15.2:6789/0] -- mon_command({"prefix": "mgr module enable", "module": "dashboard"} v 0) -- 0x7f7cac1951c0 con 0x7f7cac108980
2024-05-14T09:23:22.058 INFO:teuthology.orchestra.run.smithi002.stdout:/usr/bin/ceph: stderr
2024-05-14T09:23:21.368+0000 7f7c9b7fe700 1 -- 172.21.15.2:0/546728498 <== mon.0 v2:172.21.15.2:3300/0 7 ==== mon_command_ack([{"prefix": "mgr module enable", "module": "dashboard"}]=0 v9) ==== 88+0+0 (secure 0 0 0) 0x7f7c9c01fde0 con 0x7f7cac108980
2024-05-14T09:23:22.058 INFO:teuthology.orchestra.run.smithi002.stdout:/usr/bin/ceph: stderr
2024-05-14T09:23:21.370+0000 7f7c9b7fe700 1 -- 172.21.15.2:0/546728498 <== mon.0 v2:172.21.15.2:3300/0 8 ==== mgrmap(e 9) ==== 50235+0+0 (secure 0 0 0) 0x7f7c9c01f030 con 0x7f7cac108980
2024-05-14T09:23:22.058 INFO:teuthology.orchestra.run.smithi002.stdout:/usr/bin/ceph: stderr
2024-05-14T09:23:21.371+0000 7f7cb0b0d700 1 -- 172.21.15.2:0/546728498 >> [v2:172.21.15.2:6800/1423742578,v1:172.21.15.2:6801/1423742578] conn(0x7f7c9403e4c0 msgr2=0x7f7c940409d0 secure :-1 s=STATE_CONNECTION_ESTABLISHED l=1).mark_down
2024-05-14T09:23:22.058 INFO:teuthology.orchestra.run.smithi002.stdout:/usr/bin/ceph: stderr
2024-05-14T09:23:21.371+0000 7f7cb0b0d700 1 --2- 172.21.15.2:0/546728498 >> [v2:172.21.15.2:6800/1423742578,v1:172.21.15.2:6801/1423742578] conn(0x7f7c9403e4c0 0x7f7c940409d0 secure :-1 s=READY pgs=16 cs=0 l=1 rev1=1 crypto rx=0x7f7ca0006fd0 tx=0x7f7ca0006e40 comp rx=0 tx=0).stop
2024-05-14T09:23:22.058 INFO:teuthology.orchestra.run.smithi002.stdout:/usr/bin/ceph: stderr
2024-05-14T09:23:21.371+0000 7f7cb0b0d700 1 -- 172.21.15.2:0/546728498 >> [v2:172.21.15.2:3300/0,v1:172.21.15.2:6789/0] conn(0x7f7cac108980 msgr2=0x7f7cac1a0370 secure :-1 s=STATE_CONNECTION_ESTABLISHED l=1).mark_down
2024-05-14T09:23:22.059 INFO:teuthology.orchestra.run.smithi002.stdout:/usr/bin/ceph: stderr
2024-05-14T09:23:21.371+0000 7f7cb0b0d700 1 --2- 172.21.15.2:0/546728498 >> [v2:172.21.15.2:3300/0,v1:172.21.15.2:6789/0] conn(0x7f7cac108980 0x7f7cac1a0370 secure :-1 s=READY pgs=56 cs=0 l=1 rev1=1 crypto rx=0x7f7c9c003c30 tx=0x7f7c9c003d10 comp rx=0 tx=0).stop
2024-05-14T09:23:22.059 INFO:teuthology.orchestra.run.smithi002.stdout:/usr/bin/ceph: stderr
2024-05-14T09:23:21.371+0000 7f7cb0b0d700 1 -- 172.21.15.2:0/546728498 shutdown_connections
2024-05-14T09:23:22.059 INFO:teuthology.orchestra.run.smithi002.stdout:/usr/bin/ceph: stderr
2024-05-14T09:23:21.371+0000 7f7cb0b0d700 1 --2- 172.21.15.2:0/546728498 >> [v2:172.21.15.2:6800/1423742578,v1:172.21.15.2:6801/1423742578] conn(0x7f7c9403e4c0 0x7f7c940409d0 unknown :-1 s=CLOSED pgs=16 cs=0 l=1 rev1=1 crypto rx=0 tx=0 comp rx=0 tx=0).stop
2024-05-14T09:23:22.059 INFO:teuthology.orchestra.run.smithi002.stdout:/usr/bin/ceph: stderr
2024-05-14T09:23:21.371+0000 7f7cb0b0d700 1 --2- 172.21.15.2:0/546728498 >> [v2:172.21.15.2:3300/0,v1:172.21.15.2:6789/0] conn(0x7f7cac108980 0x7f7cac1a0370 unknown :-1 s=CLOSED pgs=56 cs=0 l=1 rev1=1 crypto rx=0 tx=0 comp rx=0 tx=0).stop
2024-05-14T09:23:22.059 INFO:teuthology.orchestra.run.smithi002.stdout:/usr/bin/ceph: stderr
2024-05-14T09:23:21.371+0000 7f7cb0b0d700 1 -- 172.21.15.2:0/546728498 >> 172.21.15.2:0/546728498 conn(0x7f7cac104040 msgr2=0x7f7cac192280 unknown :-1 s=STATE_NONE l=0).mark_down
2024-05-14T09:23:22.059 INFO:teuthology.orchestra.run.smithi002.stdout:/usr/bin/ceph: stderr
2024-05-14T09:23:21.371+0000 7f7cb0b0d700 1 -- 172.21.15.2:0/546728498 shutdown_connections
2024-05-14T09:23:22.059 INFO:teuthology.orchestra.run.smithi002.stdout:/usr/bin/ceph: stderr
2024-05-14T09:23:21.371+0000 7f7cb0b0d700 1 -- 172.21.15.2:0/546728498 wait complete.
2024-05-14T09:23:22.319 INFO:journalctl@ceph.mgr.x.smithi002.stdout:May 14 09:23:22 smithi002 ceph-50d5aebe-11d3-11ef-bc98-c7b262605968-mgr-x[31782]:
2024-05-14T09:23:22.227+0000 7f1a42647200 -1 mgr[py] Module progress has missing NOTIFY_TYPES member
2024-05-14T09:23:22.671 INFO:journalctl@ceph.mgr.x.smithi002.stdout:May 14 09:23:22 smithi002 ceph-50d5aebe-11d3-11ef-bc98-c7b262605968-mgr-x[31782]:
2024-05-14T09:23:22.319+0000 7f1a42647200 -1 mgr[py] Module influx has missing NOTIFY_TYPES member
2024-05-14T09:23:22.671 INFO:journalctl@ceph.mon.a.smithi002.stdout:May 14 09:23:22 smithi002 ceph-mon[31557]: from='client.? 172.21.15.2:0/546728498' entity='client.admin' cmd='[{"prefix": "mgr module enable", "module": "dashboard"}]': finished
2024-05-14T09:23:22.671 INFO:journalctl@ceph.mon.a.smithi002.stdout:May 14 09:23:22 smithi002 ceph-mon[31557]: mgrmap e9: x(active, since 18s)
2024-05-14T09:23:23.419 INFO:teuthology.orchestra.run.smithi002.stdout:/usr/bin/ceph: stdout {
2024-05-14T09:23:23.420 INFO:teuthology.orchestra.run.smithi002.stdout:/usr/bin/ceph: stdout "epoch": 9,
2024-05-14T09:23:23.420 INFO:teuthology.orchestra.run.smithi002.stdout:/usr/bin/ceph: stdout "available": true,
2024-05-14T09:23:23.420 INFO:teuthology.orchestra.run.smithi002.stdout:/usr/bin/ceph: stdout "active_name": "x",
2024-05-14T09:23:23.420 INFO:teuthology.orchestra.run.smithi002.stdout:/usr/bin/ceph: stdout "num_standby": 0
2024-05-14T09:23:23.420 INFO:teuthology.orchestra.run.smithi002.stdout:/usr/bin/ceph: stdout }
2024-05-14T09:23:23.420 INFO:teuthology.orchestra.run.smithi002.stdout:/usr/bin/ceph: stderr
2024-05-14T09:23:22.541+0000 7f73641be700 1 Processor -- start
2024-05-14T09:23:23.420 INFO:teuthology.orchestra.run.smithi002.stdout:/usr/bin/ceph: stderr
2024-05-14T09:23:22.541+0000 7f73641be700 1 -- start start
2024-05-14T09:23:23.420 INFO:teuthology.orchestra.run.smithi002.stdout:/usr/bin/ceph: stderr
2024-05-14T09:23:22.541+0000 7f73641be700 1 --2- >> [v2:172.21.15.2:3300/0,v1:172.21.15.2:6789/0] conn(0x7f735c108940 0x7f735c108d50 unknown :-1 s=NONE pgs=0 cs=0 l=0 rev1=0 crypto rx=0 tx=0 comp rx=0 tx=0).connect
2024-05-14T09:23:23.420 INFO:teuthology.orchestra.run.smithi002.stdout:/usr/bin/ceph: stderr
2024-05-14T09:23:22.541+0000 7f73641be700 1 -- --> [v2:172.21.15.2:3300/0,v1:172.21.15.2:6789/0] -- mon_getmap magic: 0 -- 0x7f735c109340 con 0x7f735c108940
2024-05-14T09:23:23.420 INFO:teuthology.orchestra.run.smithi002.stdout:/usr/bin/ceph: stderr
2024-05-14T09:23:22.542+0000 7f7361f5a700 1 --2- >> [v2:172.21.15.2:3300/0,v1:172.21.15.2:6789/0] conn(0x7f735c108940 0x7f735c108d50 unknown :-1 s=BANNER_CONNECTING pgs=0 cs=0 l=0 rev1=0 crypto rx=0 tx=0 comp rx=0 tx=0)._handle_peer_banner_payload supported=3 required=0
2024-05-14T09:23:23.420 INFO:teuthology.orchestra.run.smithi002.stdout:/usr/bin/ceph: stderr
2024-05-14T09:23:22.542+0000 7f7361f5a700 1 --2- >> [v2:172.21.15.2:3300/0,v1:172.21.15.2:6789/0] conn(0x7f735c108940 0x7f735c108d50 unknown :-1 s=HELLO_CONNECTING pgs=0 cs=0 l=0 rev1=1 crypto rx=0 tx=0 comp rx=0 tx=0).handle_hello peer v2:172.21.15.2:3300/0 says I am v2:172.21.15.2:52242/0 (socket says 172.21.15.2:52242)
2024-05-14T09:23:23.420 INFO:teuthology.orchestra.run.smithi002.stdout:/usr/bin/ceph: stderr
2024-05-14T09:23:22.542+0000 7f7361f5a700 1 -- 172.21.15.2:0/287386107 learned_addr learned my addr 172.21.15.2:0/287386107 (peer_addr_for_me v2:172.21.15.2:0/0)
2024-05-14T09:23:23.420 INFO:teuthology.orchestra.run.smithi002.stdout:/usr/bin/ceph: stderr
