2024-05-14T09:23:36.054+0000 7fc61ad81700 1 --2- 172.21.15.2:0/2282305529 >> [v2:172.21.15.2:3300/0,v1:172.21.15.2:6789/0] conn(0x7fc61407f6f0 0x7fc61407db20 unknown :-1 s=CLOSED pgs=76 cs=0 l=1 rev1=1 crypto rx=0 tx=0 comp rx=0 tx=0).stop
2024-05-14T09:23:36.868 INFO:teuthology.orchestra.run.smithi002.stdout:/usr/bin/ceph: stderr
2024-05-14T09:23:36.054+0000 7fc61ad81700 1 -- 172.21.15.2:0/2282305529 >> 172.21.15.2:0/2282305529 conn(0x7fc6141050b0 msgr2=0x7fc614107500 unknown :-1 s=STATE_NONE l=0).mark_down
2024-05-14T09:23:36.869 INFO:teuthology.orchestra.run.smithi002.stdout:/usr/bin/ceph: stderr
2024-05-14T09:23:36.054+0000 7fc61ad81700 1 -- 172.21.15.2:0/2282305529 shutdown_connections
2024-05-14T09:23:36.869 INFO:teuthology.orchestra.run.smithi002.stdout:/usr/bin/ceph: stderr
2024-05-14T09:23:36.054+0000 7fc61ad81700 1 -- 172.21.15.2:0/2282305529 wait complete.
2024-05-14T09:23:36.869 INFO:teuthology.orchestra.run.smithi002.stdout:/usr/bin/ceph: stderr
2024-05-14T09:23:36.054+0000 7fc61ad81700 1 Processor -- start
2024-05-14T09:23:36.869 INFO:teuthology.orchestra.run.smithi002.stdout:/usr/bin/ceph: stderr
2024-05-14T09:23:36.054+0000 7fc61ad81700 1 -- start start
2024-05-14T09:23:36.869 INFO:teuthology.orchestra.run.smithi002.stdout:/usr/bin/ceph: stderr
2024-05-14T09:23:36.055+0000 7fc61ad81700 1 --2- >> [v2:172.21.15.2:3300/0,v1:172.21.15.2:6789/0] conn(0x7fc61407f6f0 0x7fc61419ffd0 unknown :-1 s=NONE pgs=0 cs=0 l=1 rev1=0 crypto rx=0 tx=0 comp rx=0 tx=0).connect
2024-05-14T09:23:36.869 INFO:teuthology.orchestra.run.smithi002.stdout:/usr/bin/ceph: stderr
2024-05-14T09:23:36.055+0000 7fc61ad81700 1 -- --> [v2:172.21.15.2:3300/0,v1:172.21.15.2:6789/0] -- mon_getmap magic: 0 -- 0x7fc614110060 con 0x7fc61407f6f0
2024-05-14T09:23:36.869 INFO:teuthology.orchestra.run.smithi002.stdout:/usr/bin/ceph: stderr
2024-05-14T09:23:36.055+0000 7fc618b1d700 1 --2- >> [v2:172.21.15.2:3300/0,v1:172.21.15.2:6789/0] conn(0x7fc61407f6f0 0x7fc61419ffd0 unknown :-1 s=BANNER_CONNECTING pgs=0 cs=0 l=1 rev1=0 crypto rx=0 tx=0 comp rx=0 tx=0)._handle_peer_banner_payload supported=3 required=0
2024-05-14T09:23:36.869 INFO:teuthology.orchestra.run.smithi002.stdout:/usr/bin/ceph: stderr
2024-05-14T09:23:36.055+0000 7fc618b1d700 1 --2- >> [v2:172.21.15.2:3300/0,v1:172.21.15.2:6789/0] conn(0x7fc61407f6f0 0x7fc61419ffd0 unknown :-1 s=HELLO_CONNECTING pgs=0 cs=0 l=1 rev1=1 crypto rx=0 tx=0 comp rx=0 tx=0).handle_hello peer v2:172.21.15.2:3300/0 says I am v2:172.21.15.2:38340/0 (socket says 172.21.15.2:38340)
2024-05-14T09:23:36.869 INFO:teuthology.orchestra.run.smithi002.stdout:/usr/bin/ceph: stderr
2024-05-14T09:23:36.055+0000 7fc618b1d700 1 -- 172.21.15.2:0/67640430 learned_addr learned my addr 172.21.15.2:0/67640430 (peer_addr_for_me v2:172.21.15.2:0/0)
2024-05-14T09:23:36.869 INFO:teuthology.orchestra.run.smithi002.stdout:/usr/bin/ceph: stderr
2024-05-14T09:23:36.055+0000 7fc618b1d700 1 -- 172.21.15.2:0/67640430 --> [v2:172.21.15.2:3300/0,v1:172.21.15.2:6789/0] -- mon_subscribe({config=0+,monmap=0+}) -- 0x7fc6141a0510 con 0x7fc61407f6f0
2024-05-14T09:23:36.869 INFO:teuthology.orchestra.run.smithi002.stdout:/usr/bin/ceph: stderr
2024-05-14T09:23:36.055+0000 7fc618b1d700 1 --2- 172.21.15.2:0/67640430 >> [v2:172.21.15.2:3300/0,v1:172.21.15.2:6789/0] conn(0x7fc61407f6f0 0x7fc61419ffd0 secure :-1 s=READY pgs=77 cs=0 l=1 rev1=1 crypto rx=0x7fc608000c00 tx=0x7fc608011aa0 comp rx=0 tx=0).ready entity=mon.0 client_cookie=0 server_cookie=0 in_seq=0 out_seq=0
2024-05-14T09:23:36.869 INFO:teuthology.orchestra.run.smithi002.stdout:/usr/bin/ceph: stderr
2024-05-14T09:23:36.055+0000 7fc611ffb700 1 -- 172.21.15.2:0/67640430 <== mon.0 v2:172.21.15.2:3300/0 1 ==== mon_map magic: 0 ==== 205+0+0 (secure 0 0 0) 0x7fc608003aa0 con 0x7fc61407f6f0
2024-05-14T09:23:36.869 INFO:teuthology.orchestra.run.smithi002.stdout:/usr/bin/ceph: stderr
2024-05-14T09:23:36.055+0000 7fc611ffb700 1 -- 172.21.15.2:0/67640430 <== mon.0 v2:172.21.15.2:3300/0 2 ==== config(26 keys) ==== 1101+0+0 (secure 0 0 0) 0x7fc60801b8f0 con 0x7fc61407f6f0
2024-05-14T09:23:36.869 INFO:teuthology.orchestra.run.smithi002.stdout:/usr/bin/ceph: stderr
2024-05-14T09:23:36.055+0000 7fc61ad81700 1 -- 172.21.15.2:0/67640430 --> [v2:172.21.15.2:3300/0,v1:172.21.15.2:6789/0] -- mon_subscribe({mgrmap=0+}) -- 0x7fc6141a07a0 con 0x7fc61407f6f0
2024-05-14T09:23:36.870 INFO:teuthology.orchestra.run.smithi002.stdout:/usr/bin/ceph: stderr
2024-05-14T09:23:36.056+0000 7fc611ffb700 1 -- 172.21.15.2:0/67640430 <== mon.0 v2:172.21.15.2:3300/0 3 ==== mon_map magic: 0 ==== 205+0+0 (secure 0 0 0) 0x7fc608023890 con 0x7fc61407f6f0
2024-05-14T09:23:36.870 INFO:teuthology.orchestra.run.smithi002.stdout:/usr/bin/ceph: stderr
2024-05-14T09:23:36.056+0000 7fc61ad81700 1 -- 172.21.15.2:0/67640430 --> [v2:172.21.15.2:3300/0,v1:172.21.15.2:6789/0] -- mon_subscribe({osdmap=0}) -- 0x7fc6141a33b0 con 0x7fc61407f6f0
2024-05-14T09:23:36.870 INFO:teuthology.orchestra.run.smithi002.stdout:/usr/bin/ceph: stderr
2024-05-14T09:23:36.057+0000 7fc61ad81700 1 -- 172.21.15.2:0/67640430 --> [v2:172.21.15.2:3300/0,v1:172.21.15.2:6789/0] -- mon_command({"prefix": "get_command_descriptions"} v 0) -- 0x7fc614064e20 con 0x7fc61407f6f0
2024-05-14T09:23:36.870 INFO:teuthology.orchestra.run.smithi002.stdout:/usr/bin/ceph: stderr
2024-05-14T09:23:36.057+0000 7fc611ffb700 1 -- 172.21.15.2:0/67640430 <== mon.0 v2:172.21.15.2:3300/0 4 ==== mgrmap(e 13) ==== 50277+0+0 (secure 0 0 0) 0x7fc60802c3f0 con 0x7fc61407f6f0
2024-05-14T09:23:36.870 INFO:teuthology.orchestra.run.smithi002.stdout:/usr/bin/ceph: stderr
2024-05-14T09:23:36.057+0000 7fc611ffb700 1 --2- 172.21.15.2:0/67640430 >> [v2:172.21.15.2:6800/3050449557,v1:172.21.15.2:6801/3050449557] conn(0x7fc60403e560 0x7fc604040a70 unknown :-1 s=NONE pgs=0 cs=0 l=1 rev1=0 crypto rx=0 tx=0 comp rx=0 tx=0).connect
2024-05-14T09:23:36.870 INFO:teuthology.orchestra.run.smithi002.stdout:/usr/bin/ceph: stderr
2024-05-14T09:23:36.057+0000 7fc611ffb700 1 -- 172.21.15.2:0/67640430 <== mon.0 v2:172.21.15.2:3300/0 5 ==== osd_map(3..3 src has 1..3) ==== 1155+0+0 (secure 0 0 0) 0x7fc608053fe0 con 0x7fc61407f6f0
2024-05-14T09:23:36.870 INFO:teuthology.orchestra.run.smithi002.stdout:/usr/bin/ceph: stderr
2024-05-14T09:23:36.057+0000 7fc613fff700 1 --2- 172.21.15.2:0/67640430 >> [v2:172.21.15.2:6800/3050449557,v1:172.21.15.2:6801/3050449557] conn(0x7fc60403e560 0x7fc604040a70 unknown :-1 s=BANNER_CONNECTING pgs=0 cs=0 l=1 rev1=0 crypto rx=0 tx=0 comp rx=0 tx=0)._handle_peer_banner_payload supported=3 required=0
2024-05-14T09:23:36.870 INFO:teuthology.orchestra.run.smithi002.stdout:/usr/bin/ceph: stderr
2024-05-14T09:23:36.057+0000 7fc613fff700 1 --2- 172.21.15.2:0/67640430 >> [v2:172.21.15.2:6800/3050449557,v1:172.21.15.2:6801/3050449557] conn(0x7fc60403e560 0x7fc604040a70 secure :-1 s=READY pgs=10 cs=0 l=1 rev1=1 crypto rx=0x7fc600006fd0 tx=0x7fc600006e40 comp rx=0 tx=0).ready entity=mgr.14152 client_cookie=0 server_cookie=0 in_seq=0 out_seq=0
2024-05-14T09:23:36.870 INFO:teuthology.orchestra.run.smithi002.stdout:/usr/bin/ceph: stderr
2024-05-14T09:23:36.062+0000 7fc611ffb700 1 -- 172.21.15.2:0/67640430 <== mon.0 v2:172.21.15.2:3300/0 6 ==== mon_command_ack([{"prefix": "get_command_descriptions"}]=0 v0) ==== 72+0+191963 (secure 0 0 0) 0x7fc60801f030 con 0x7fc61407f6f0
2024-05-14T09:23:36.870 INFO:teuthology.orchestra.run.smithi002.stdout:/usr/bin/ceph: stderr
2024-05-14T09:23:36.275+0000 7fc61ad81700 1 -- 172.21.15.2:0/67640430 --> [v2:172.21.15.2:3300/0,v1:172.21.15.2:6789/0] -- mon_command([{prefix=config set, name=osd_memory_target_autotune}] v 0) -- 0x7fc6141a3580 con 0x7fc61407f6f0
2024-05-14T09:23:36.870 INFO:teuthology.orchestra.run.smithi002.stdout:/usr/bin/ceph: stderr
2024-05-14T09:23:36.276+0000 7fc611ffb700 1 -- 172.21.15.2:0/67640430 <== mon.0 v2:172.21.15.2:3300/0 7 ==== mon_command_ack([{prefix=config set, name=osd_memory_target_autotune}]=0 v8)=0 v8) ==== 127+0+0 (secure 0 0 0) 0x7fc608010380 con 0x7fc61407f6f0
2024-05-14T09:23:36.870 INFO:teuthology.orchestra.run.smithi002.stdout:/usr/bin/ceph: stderr
2024-05-14T09:23:36.278+0000 7fc61ad81700 1 -- 172.21.15.2:0/67640430 >> [v2:172.21.15.2:6800/3050449557,v1:172.21.15.2:6801/3050449557] conn(0x7fc60403e560 msgr2=0x7fc604040a70 secure :-1 s=STATE_CONNECTION_ESTABLISHED l=1).mark_down
2024-05-14T09:23:36.871 INFO:teuthology.orchestra.run.smithi002.stdout:/usr/bin/ceph: stderr
2024-05-14T09:23:36.278+0000 7fc61ad81700 1 --2- 172.21.15.2:0/67640430 >> [v2:172.21.15.2:6800/3050449557,v1:172.21.15.2:6801/3050449557] conn(0x7fc60403e560 0x7fc604040a70 secure :-1 s=READY pgs=10 cs=0 l=1 rev1=1 crypto rx=0x7fc600006fd0 tx=0x7fc600006e40 comp rx=0 tx=0).stop
2024-05-14T09:23:36.871 INFO:teuthology.orchestra.run.smithi002.stdout:/usr/bin/ceph: stderr
2024-05-14T09:23:36.278+0000 7fc61ad81700 1 -- 172.21.15.2:0/67640430 >> [v2:172.21.15.2:3300/0,v1:172.21.15.2:6789/0] conn(0x7fc61407f6f0 msgr2=0x7fc61419ffd0 secure :-1 s=STATE_CONNECTION_ESTABLISHED l=1).mark_down
2024-05-14T09:23:36.871 INFO:teuthology.orchestra.run.smithi002.stdout:/usr/bin/ceph: stderr
2024-05-14T09:23:36.278+0000 7fc61ad81700 1 --2- 172.21.15.2:0/67640430 >> [v2:172.21.15.2:3300/0,v1:172.21.15.2:6789/0] conn(0x7fc61407f6f0 0x7fc61419ffd0 secure :-1 s=READY pgs=77 cs=0 l=1 rev1=1 crypto rx=0x7fc608000c00 tx=0x7fc608011aa0 comp rx=0 tx=0).stop
2024-05-14T09:23:36.871 INFO:teuthology.orchestra.run.smithi002.stdout:/usr/bin/ceph: stderr
2024-05-14T09:23:36.278+0000 7fc61ad81700 1 -- 172.21.15.2:0/67640430 shutdown_connections
2024-05-14T09:23:36.871 INFO:teuthology.orchestra.run.smithi002.stdout:/usr/bin/ceph: stderr
2024-05-14T09:23:36.278+0000 7fc61ad81700 1 --2- 172.21.15.2:0/67640430 >> [v2:172.21.15.2:6800/3050449557,v1:172.21.15.2:6801/3050449557] conn(0x7fc60403e560 0x7fc604040a70 unknown :-1 s=CLOSED pgs=10 cs=0 l=1 rev1=1 crypto rx=0 tx=0 comp rx=0 tx=0).stop
2024-05-14T09:23:36.871 INFO:teuthology.orchestra.run.smithi002.stdout:/usr/bin/ceph: stderr
2024-05-14T09:23:36.278+0000 7fc61ad81700 1 --2- 172.21.15.2:0/67640430 >> [v2:172.21.15.2:3300/0,v1:172.21.15.2:6789/0] conn(0x7fc61407f6f0 0x7fc61419ffd0 unknown :-1 s=CLOSED pgs=77 cs=0 l=1 rev1=1 crypto rx=0 tx=0 comp rx=0 tx=0).stop
2024-05-14T09:23:36.871 INFO:teuthology.orchestra.run.smithi002.stdout:/usr/bin/ceph: stderr
2024-05-14T09:23:36.278+0000 7fc61ad81700 1 -- 172.21.15.2:0/67640430 >> 172.21.15.2:0/67640430 conn(0x7fc6141050b0 msgr2=0x7fc614105900 unknown :-1 s=STATE_NONE l=0).mark_down
2024-05-14T09:23:36.871 INFO:teuthology.orchestra.run.smithi002.stdout:/usr/bin/ceph: stderr
2024-05-14T09:23:36.279+0000 7fc61ad81700 1 -- 172.21.15.2:0/67640430 shutdown_connections
2024-05-14T09:23:36.871 INFO:teuthology.orchestra.run.smithi002.stdout:/usr/bin/ceph: stderr
2024-05-14T09:23:36.279+0000 7fc61ad81700 1 -- 172.21.15.2:0/67640430 wait complete.
2024-05-14T09:23:38.169 INFO:teuthology.orchestra.run.smithi002.stdout:/usr/bin/ceph: stderr
2024-05-14T09:23:37.322+0000 7f1ca82e0700 1 Processor -- start
2024-05-14T09:23:38.175 INFO:teuthology.orchestra.run.smithi002.stdout:/usr/bin/ceph: stderr
2024-05-14T09:23:37.322+0000 7f1ca82e0700 1 -- start start
2024-05-14T09:23:38.175 INFO:teuthology.orchestra.run.smithi002.stdout:/usr/bin/ceph: stderr
2024-05-14T09:23:37.322+0000 7f1ca82e0700 1 --2- >> [v2:172.21.15.2:3300/0,v1:172.21.15.2:6789/0] conn(0x7f1ca010a5e0 0x7f1ca010ca00 unknown :-1 s=NONE pgs=0 cs=0 l=0 rev1=0 crypto rx=0 tx=0 comp rx=0 tx=0).connect
2024-05-14T09:23:38.175 INFO:teuthology.orchestra.run.smithi002.stdout:/usr/bin/ceph: stderr
2024-05-14T09:23:37.323+0000 7f1ca82e0700 1 -- --> [v2:172.21.15.2:3300/0,v1:172.21.15.2:6789/0] -- mon_getmap magic: 0 -- 0x7f1ca007cdf0 con 0x7f1ca010a5e0
2024-05-14T09:23:38.175 INFO:teuthology.orchestra.run.smithi002.stdout:/usr/bin/ceph: stderr
2024-05-14T09:23:37.323+0000 7f1ca607c700 1 --2- >> [v2:172.21.15.2:3300/0,v1:172.21.15.2:6789/0] conn(0x7f1ca010a5e0 0x7f1ca010ca00 unknown :-1 s=BANNER_CONNECTING pgs=0 cs=0 l=0 rev1=0 crypto rx=0 tx=0 comp rx=0 tx=0)._handle_peer_banner_payload supported=3 required=0
2024-05-14T09:23:38.175 INFO:teuthology.orchestra.run.smithi002.stdout:/usr/bin/ceph: stderr
2024-05-14T09:23:37.323+0000 7f1ca607c700 1 --2- >> [v2:172.21.15.2:3300/0,v1:172.21.15.2:6789/0] conn(0x7f1ca010a5e0 0x7f1ca010ca00 unknown :-1 s=HELLO_CONNECTING pgs=0 cs=0 l=0 rev1=1 crypto rx=0 tx=0 comp rx=0 tx=0).handle_hello peer v2:172.21.15.2:3300/0 says I am v2:172.21.15.2:38350/0 (socket says 172.21.15.2:38350)
2024-05-14T09:23:38.175 INFO:teuthology.orchestra.run.smithi002.stdout:/usr/bin/ceph: stderr
2024-05-14T09:23:37.323+0000 7f1ca607c700 1 -- 172.21.15.2:0/2500165613 learned_addr learned my addr 172.21.15.2:0/2500165613 (peer_addr_for_me v2:172.21.15.2:0/0)
2024-05-14T09:23:38.175 INFO:teuthology.orchestra.run.smithi002.stdout:/usr/bin/ceph: stderr
2024-05-14T09:23:37.323+0000 7f1ca607c700 1 -- 172.21.15.2:0/2500165613 --> [v2:172.21.15.2:3300/0,v1:172.21.15.2:6789/0] -- mon_subscribe({config=0+,monmap=0+}) -- 0x7f1ca010cf40 con 0x7f1ca010a5e0
2024-05-14T09:23:38.176 INFO:teuthology.orchestra.run.smithi002.stdout:/usr/bin/ceph: stderr
2024-05-14T09:23:37.323+0000 7f1ca607c700 1 --2- 172.21.15.2:0/2500165613 >> [v2:172.21.15.2:3300/0,v1:172.21.15.2:6789/0] conn(0x7f1ca010a5e0 0x7f1ca010ca00 secure :-1 s=READY pgs=78 cs=0 l=1 rev1=1 crypto rx=0x7f1c90009e80 tx=0x7f1c9000b330 comp rx=0 tx=0).ready entity=mon.0 client_cookie=2d22216602f58b14 server_cookie=0 in_seq=0 out_seq=0
2024-05-14T09:23:38.176 INFO:teuthology.orchestra.run.smithi002.stdout:/usr/bin/ceph: stderr
2024-05-14T09:23:37.324+0000 7f1ca507a700 1 -- 172.21.15.2:0/2500165613 <== mon.0 v2:172.21.15.2:3300/0 1 ==== mon_map magic: 0 ==== 205+0+0 (secure 0 0 0) 0x7f1c90017070 con 0x7f1ca010a5e0
2024-05-14T09:23:38.176 INFO:teuthology.orchestra.run.smithi002.stdout:/usr/bin/ceph: stderr
2024-05-14T09:23:37.324+0000 7f1ca507a700 1 -- 172.21.15.2:0/2500165613 <== mon.0 v2:172.21.15.2:3300/0 2 ==== config(26 keys) ==== 1101+0+0 (secure 0 0 0) 0x7f1c9000b8c0 con 0x7f1ca010a5e0
2024-05-14T09:23:38.176 INFO:teuthology.orchestra.run.smithi002.stdout:/usr/bin/ceph: stderr
2024-05-14T09:23:37.324+0000 7f1ca507a700 1 -- 172.21.15.2:0/2500165613 <== mon.0 v2:172.21.15.2:3300/0 3 ==== mon_map magic: 0 ==== 205+0+0 (secure 0 0 0) 0x7f1c90004490 con 0x7f1ca010a5e0
2024-05-14T09:23:38.176 INFO:teuthology.orchestra.run.smithi002.stdout:/usr/bin/ceph: stderr
2024-05-14T09:23:37.324+0000 7f1ca82e0700 1 -- 172.21.15.2:0/2500165613 >> [v2:172.21.15.2:3300/0,v1:172.21.15.2:6789/0] conn(0x7f1ca010a5e0 msgr2=0x7f1ca010ca00 secure :-1 s=STATE_CONNECTION_ESTABLISHED l=1).mark_down
2024-05-14T09:23:38.176 INFO:teuthology.orchestra.run.smithi002.stdout:/usr/bin/ceph: stderr
2024-05-14T09:23:37.324+0000 7f1ca82e0700 1 --2- 172.21.15.2:0/2500165613 >> [v2:172.21.15.2:3300/0,v1:172.21.15.2:6789/0] conn(0x7f1ca010a5e0 0x7f1ca010ca00 secure :-1 s=READY pgs=78 cs=0 l=1 rev1=1 crypto rx=0x7f1c90009e80 tx=0x7f1c9000b330 comp rx=0 tx=0).stop
2024-05-14T09:23:38.176 INFO:teuthology.orchestra.run.smithi002.stdout:/usr/bin/ceph: stderr
2024-05-14T09:23:37.324+0000 7f1ca82e0700 1 -- 172.21.15.2:0/2500165613 shutdown_connections
2024-05-14T09:23:38.176 INFO:teuthology.orchestra.run.smithi002.stdout:/usr/bin/ceph: stderr
2024-05-14T09:23:37.324+0000 7f1ca82e0700 1 --2- 172.21.15.2:0/2500165613 >> [v2:172.21.15.2:3300/0,v1:172.21.15.2:6789/0] conn(0x7f1ca010a5e0 0x7f1ca010ca00 unknown :-1 s=CLOSED pgs=78 cs=0 l=1 rev1=1 crypto rx=0 tx=0 comp rx=0 tx=0).stop
2024-05-14T09:23:38.176 INFO:teuthology.orchestra.run.smithi002.stdout:/usr/bin/ceph: stderr
2024-05-14T09:23:37.324+0000 7f1ca82e0700 1 -- 172.21.15.2:0/2500165613 >> 172.21.15.2:0/2500165613 conn(0x7f1ca0103fe0 msgr2=0x7f1ca0106450 unknown :-1 s=STATE_NONE l=0).mark_down
2024-05-14T09:23:38.176 INFO:teuthology.orchestra.run.smithi002.stdout:/usr/bin/ceph: stderr
2024-05-14T09:23:37.325+0000 7f1ca82e0700 1 -- 172.21.15.2:0/2500165613 shutdown_connections
2024-05-14T09:23:38.176 INFO:teuthology.orchestra.run.smithi002.stdout:/usr/bin/ceph: stderr
2024-05-14T09:23:37.325+0000 7f1ca82e0700 1 -- 172.21.15.2:0/2500165613 wait complete.
2024-05-14T09:23:38.176 INFO:teuthology.orchestra.run.smithi002.stdout:/usr/bin/ceph: stderr
2024-05-14T09:23:37.325+0000 7f1ca82e0700 1 Processor -- start
2024-05-14T09:23:38.176 INFO:teuthology.orchestra.run.smithi002.stdout:/usr/bin/ceph: stderr
2024-05-14T09:23:37.325+0000 7f1ca82e0700 1 -- start start
2024-05-14T09:23:38.177 INFO:teuthology.orchestra.run.smithi002.stdout:/usr/bin/ceph: stderr
2024-05-14T09:23:37.326+0000 7f1ca82e0700 1 --2- >> [v2:172.21.15.2:3300/0,v1:172.21.15.2:6789/0] conn(0x7f1ca010a5e0 0x7f1ca019de60 unknown :-1 s=NONE pgs=0 cs=0 l=1 rev1=0 crypto rx=0 tx=0 comp rx=0 tx=0).connect
2024-05-14T09:23:38.177 INFO:teuthology.orchestra.run.smithi002.stdout:/usr/bin/ceph: stderr
2024-05-14T09:23:37.326+0000 7f1ca82e0700 1 -- --> [v2:172.21.15.2:3300/0,v1:172.21.15.2:6789/0] -- mon_getmap magic: 0 -- 0x7f1ca010de80 con 0x7f1ca010a5e0
2024-05-14T09:23:38.177 INFO:teuthology.orchestra.run.smithi002.stdout:/usr/bin/ceph: stderr
2024-05-14T09:23:37.326+0000 7f1ca607c700 1 --2- >> [v2:172.21.15.2:3300/0,v1:172.21.15.2:6789/0] conn(0x7f1ca010a5e0 0x7f1ca019de60 unknown :-1 s=BANNER_CONNECTING pgs=0 cs=0 l=1 rev1=0 crypto rx=0 tx=0 comp rx=0 tx=0)._handle_peer_banner_payload supported=3 required=0
2024-05-14T09:23:38.177 INFO:teuthology.orchestra.run.smithi002.stdout:/usr/bin/ceph: stderr
2024-05-14T09:23:37.326+0000 7f1ca607c700 1 --2- >> [v2:172.21.15.2:3300/0,v1:172.21.15.2:6789/0] conn(0x7f1ca010a5e0 0x7f1ca019de60 unknown :-1 s=HELLO_CONNECTING pgs=0 cs=0 l=1 rev1=1 crypto rx=0 tx=0 comp rx=0 tx=0).handle_hello peer v2:172.21.15.2:3300/0 says I am v2:172.21.15.2:38352/0 (socket says 172.21.15.2:38352)
2024-05-14T09:23:38.177 INFO:teuthology.orchestra.run.smithi002.stdout:/usr/bin/ceph: stderr
2024-05-14T09:23:37.326+0000 7f1ca607c700 1 -- 172.21.15.2:0/2689017336 learned_addr learned my addr 172.21.15.2:0/2689017336 (peer_addr_for_me v2:172.21.15.2:0/0)
2024-05-14T09:23:38.177 INFO:teuthology.orchestra.run.smithi002.stdout:/usr/bin/ceph: stderr
2024-05-14T09:23:37.326+0000 7f1ca607c700 1 -- 172.21.15.2:0/2689017336 --> [v2:172.21.15.2:3300/0,v1:172.21.15.2:6789/0] -- mon_subscribe({config=0+,monmap=0+}) -- 0x7f1ca019e3a0 con 0x7f1ca010a5e0
2024-05-14T09:23:38.177 INFO:teuthology.orchestra.run.smithi002.stdout:/usr/bin/ceph: stderr
2024-05-14T09:23:37.326+0000 7f1ca607c700 1 --2- 172.21.15.2:0/2689017336 >> [v2:172.21.15.2:3300/0,v1:172.21.15.2:6789/0] conn(0x7f1ca010a5e0 0x7f1ca019de60 secure :-1 s=READY pgs=79 cs=0 l=1 rev1=1 crypto rx=0x7f1c900072a0 tx=0x7f1c9000bd50 comp rx=0 tx=0).ready entity=mon.0 client_cookie=0 server_cookie=0 in_seq=0 out_seq=0
2024-05-14T09:23:38.177 INFO:teuthology.orchestra.run.smithi002.stdout:/usr/bin/ceph: stderr
2024-05-14T09:23:37.326+0000 7f1c9f7fe700 1 -- 172.21.15.2:0/2689017336 <== mon.0 v2:172.21.15.2:3300/0 1 ==== mon_map magic: 0 ==== 205+0+0 (secure 0 0 0) 0x7f1c90020020 con 0x7f1ca010a5e0
2024-05-14T09:23:38.177 INFO:teuthology.orchestra.run.smithi002.stdout:/usr/bin/ceph: stderr
2024-05-14T09:23:37.326+0000 7f1c9f7fe700 1 -- 172.21.15.2:0/2689017336 <== mon.0 v2:172.21.15.2:3300/0 2 ==== config(26 keys) ==== 1101+0+0 (secure 0 0 0) 0x7f1c90012430 con 0x7f1ca010a5e0
2024-05-14T09:23:38.177 INFO:teuthology.orchestra.run.smithi002.stdout:/usr/bin/ceph: stderr
2024-05-14T09:23:37.326+0000 7f1ca82e0700 1 -- 172.21.15.2:0/2689017336 --> [v2:172.21.15.2:3300/0,v1:172.21.15.2:6789/0] -- mon_subscribe({mgrmap=0+}) -- 0x7f1ca019e630 con 0x7f1ca010a5e0
2024-05-14T09:23:38.177 INFO:teuthology.orchestra.run.smithi002.stdout:/usr/bin/ceph: stderr
2024-05-14T09:23:37.326+0000 7f1c9f7fe700 1 -- 172.21.15.2:0/2689017336 <== mon.0 v2:172.21.15.2:3300/0 3 ==== mon_map magic: 0 ==== 205+0+0 (secure 0 0 0) 0x7f1c90017040 con 0x7f1ca010a5e0
2024-05-14T09:23:38.177 INFO:teuthology.orchestra.run.smithi002.stdout:/usr/bin/ceph: stderr
2024-05-14T09:23:37.326+0000 7f1ca82e0700 1 -- 172.21.15.2:0/2689017336 --> [v2:172.21.15.2:3300/0,v1:172.21.15.2:6789/0] -- mon_subscribe({osdmap=0}) -- 0x7f1ca01a1240 con 0x7f1ca010a5e0
2024-05-14T09:23:38.177 INFO:teuthology.orchestra.run.smithi002.stdout:/usr/bin/ceph: stderr
2024-05-14T09:23:37.327+0000 7f1ca82e0700 1 -- 172.21.15.2:0/2689017336 --> [v2:172.21.15.2:3300/0,v1:172.21.15.2:6789/0] -- mon_command({"prefix": "get_command_descriptions"} v 0) -- 0x7f1ca0064e20 con 0x7f1ca010a5e0
2024-05-14T09:23:38.178 INFO:teuthology.orchestra.run.smithi002.stdout:/usr/bin/ceph: stderr
2024-05-14T09:23:37.327+0000 7f1c9f7fe700 1 -- 172.21.15.2:0/2689017336 <== mon.0 v2:172.21.15.2:3300/0 4 ==== mgrmap(e 13) ==== 50277+0+0 (secure 0 0 0) 0x7f1c90023020 con 0x7f1ca010a5e0
2024-05-14T09:23:38.178 INFO:teuthology.orchestra.run.smithi002.stdout:/usr/bin/ceph: stderr
2024-05-14T09:23:37.328+0000 7f1c9f7fe700 1 --2- 172.21.15.2:0/2689017336 >> [v2:172.21.15.2:6800/3050449557,v1:172.21.15.2:6801/3050449557] conn(0x7f1c8803e570 0x7f1c88040a80 unknown :-1 s=NONE pgs=0 cs=0 l=1 rev1=0 crypto rx=0 tx=0 comp rx=0 tx=0).connect
2024-05-14T09:23:38.178 INFO:teuthology.orchestra.run.smithi002.stdout:/usr/bin/ceph: stderr
2024-05-14T09:23:37.328+0000 7f1c9f7fe700 1 -- 172.21.15.2:0/2689017336 <== mon.0 v2:172.21.15.2:3300/0 5 ==== osd_map(3..3 src has 1..3) ==== 1155+0+0 (secure 0 0 0) 0x7f1c9000f050 con 0x7f1ca010a5e0
2024-05-14T09:23:38.178 INFO:teuthology.orchestra.run.smithi002.stdout:/usr/bin/ceph: stderr
2024-05-14T09:23:37.328+0000 7f1ca587b700 1 --2- 172.21.15.2:0/2689017336 >> [v2:172.21.15.2:6800/3050449557,v1:172.21.15.2:6801/3050449557] conn(0x7f1c8803e570 0x7f1c88040a80 unknown :-1 s=BANNER_CONNECTING pgs=0 cs=0 l=1 rev1=0 crypto rx=0 tx=0 comp rx=0 tx=0)._handle_peer_banner_payload supported=3 required=0
2024-05-14T09:23:38.178 INFO:teuthology.orchestra.run.smithi002.stdout:/usr/bin/ceph: stderr
2024-05-14T09:23:37.328+0000 7f1ca587b700 1 --2- 172.21.15.2:0/2689017336 >> [v2:172.21.15.2:6800/3050449557,v1:172.21.15.2:6801/3050449557] conn(0x7f1c8803e570 0x7f1c88040a80 secure :-1 s=READY pgs=11 cs=0 l=1 rev1=1 crypto rx=0x7f1c94006fd0 tx=0x7f1c94006e40 comp rx=0 tx=0).ready entity=mgr.14152 client_cookie=0 server_cookie=0 in_seq=0 out_seq=0
2024-05-14T09:23:38.178 INFO:teuthology.orchestra.run.smithi002.stdout:/usr/bin/ceph: stderr
2024-05-14T09:23:37.333+0000 7f1c9f7fe700 1 -- 172.21.15.2:0/2689017336 <== mon.0 v2:172.21.15.2:3300/0 6 ==== mon_command_ack([{"prefix": "get_command_descriptions"}]=0 v0) ==== 72+0+191963 (secure 0 0 0) 0x7f1c9002a020 con 0x7f1ca010a5e0
2024-05-14T09:23:38.178 INFO:teuthology.orchestra.run.smithi002.stdout:/usr/bin/ceph: stderr
2024-05-14T09:23:37.669+0000 7f1ca82e0700 1 -- 172.21.15.2:0/2689017336 --> [v2:172.21.15.2:3300/0,v1:172.21.15.2:6789/0] -- mon_command([{prefix=config-key set, key=mgr/dashboard/cluster/status}] v 0) -- 0x7f1ca01a1410 con 0x7f1ca010a5e0
2024-05-14T09:23:38.178 INFO:teuthology.orchestra.run.smithi002.stdout:/usr/bin/ceph: stderr
2024-05-14T09:23:37.671+0000 7f1c9f7fe700 1 -- 172.21.15.2:0/2689017336 <== mon.0 v2:172.21.15.2:3300/0 7 ==== mon_command_ack([{prefix=config-key set, key=mgr/dashboard/cluster/status}]=0 set mgr/dashboard/cluster/status v26)=0 set mgr/dashboard/cluster/status v26) ==== 153+0+0 (secure 0 0 0) 0x7f1c90012650 con 0x7f1ca010a5e0
2024-05-14T09:23:38.178 INFO:teuthology.orchestra.run.smithi002.stdout:/usr/bin/ceph: stderr
2024-05-14T09:23:37.674+0000 7f1ca82e0700 1 -- 172.21.15.2:0/2689017336 >> [v2:172.21.15.2:6800/3050449557,v1:172.21.15.2:6801/3050449557] conn(0x7f1c8803e570 msgr2=0x7f1c88040a80 secure :-1 s=STATE_CONNECTION_ESTABLISHED l=1).mark_down
2024-05-14T09:23:38.178 INFO:teuthology.orchestra.run.smithi002.stdout:/usr/bin/ceph: stderr
2024-05-14T09:23:37.674+0000 7f1ca82e0700 1 --2- 172.21.15.2:0/2689017336 >> [v2:172.21.15.2:6800/3050449557,v1:172.21.15.2:6801/3050449557] conn(0x7f1c8803e570 0x7f1c88040a80 secure :-1 s=READY pgs=11 cs=0 l=1 rev1=1 crypto rx=0x7f1c94006fd0 tx=0x7f1c94006e40 comp rx=0 tx=0).stop
2024-05-14T09:23:38.178 INFO:teuthology.orchestra.run.smithi002.stdout:/usr/bin/ceph: stderr
2024-05-14T09:23:37.674+0000 7f1ca82e0700 1 -- 172.21.15.2:0/2689017336 >> [v2:172.21.15.2:3300/0,v1:172.21.15.2:6789/0] conn(0x7f1ca010a5e0 msgr2=0x7f1ca019de60 secure :-1 s=STATE_CONNECTION_ESTABLISHED l=1).mark_down
2024-05-14T09:23:38.179 INFO:teuthology.orchestra.run.smithi002.stdout:/usr/bin/ceph: stderr
2024-05-14T09:23:37.674+0000 7f1ca82e0700 1 --2- 172.21.15.2:0/2689017336 >> [v2:172.21.15.2:3300/0,v1:172.21.15.2:6789/0] conn(0x7f1ca010a5e0 0x7f1ca019de60 secure :-1 s=READY pgs=79 cs=0 l=1 rev1=1 crypto rx=0x7f1c900072a0 tx=0x7f1c9000bd50 comp rx=0 tx=0).stop
2024-05-14T09:23:38.179 INFO:teuthology.orchestra.run.smithi002.stdout:/usr/bin/ceph: stderr
2024-05-14T09:23:37.674+0000 7f1ca82e0700 1 -- 172.21.15.2:0/2689017336 shutdown_connections
2024-05-14T09:23:38.179 INFO:teuthology.orchestra.run.smithi002.stdout:/usr/bin/ceph: stderr
2024-05-14T09:23:37.674+0000 7f1ca82e0700 1 --2- 172.21.15.2:0/2689017336 >> [v2:172.21.15.2:6800/3050449557,v1:172.21.15.2:6801/3050449557] conn(0x7f1c8803e570 0x7f1c88040a80 unknown :-1 s=CLOSED pgs=11 cs=0 l=1 rev1=1 crypto rx=0 tx=0 comp rx=0 tx=0).stop
2024-05-14T09:23:38.179 INFO:teuthology.orchestra.run.smithi002.stdout:/usr/bin/ceph: stderr
2024-05-14T09:23:37.674+0000 7f1ca82e0700 1 --2- 172.21.15.2:0/2689017336 >> [v2:172.21.15.2:3300/0,v1:172.21.15.2:6789/0] conn(0x7f1ca010a5e0 0x7f1ca019de60 unknown :-1 s=CLOSED pgs=79 cs=0 l=1 rev1=1 crypto rx=0 tx=0 comp rx=0 tx=0).stop
2024-05-14T09:23:38.179 INFO:teuthology.orchestra.run.smithi002.stdout:/usr/bin/ceph: stderr
2024-05-14T09:23:37.674+0000 7f1ca82e0700 1 -- 172.21.15.2:0/2689017336 >> 172.21.15.2:0/2689017336 conn(0x7f1ca0103fe0 msgr2=0x7f1ca01048a0 unknown :-1 s=STATE_NONE l=0).mark_down
2024-05-14T09:23:38.179 INFO:teuthology.orchestra.run.smithi002.stdout:/usr/bin/ceph: stderr
2024-05-14T09:23:37.674+0000 7f1ca82e0700 1 -- 172.21.15.2:0/2689017336 shutdown_connections
2024-05-14T09:23:38.179 INFO:teuthology.orchestra.run.smithi002.stdout:/usr/bin/ceph: stderr
2024-05-14T09:23:37.674+0000 7f1ca82e0700 1 -- 172.21.15.2:0/2689017336 wait complete.
2024-05-14T09:23:38.179 INFO:teuthology.orchestra.run.smithi002.stdout:/usr/bin/ceph: stderr set mgr/dashboard/cluster/status
2024-05-14T09:23:38.179 INFO:teuthology.orchestra.run.smithi002.stdout:You can access the Ceph CLI as following in case of multi-cluster or non-default config:
2024-05-14T09:23:38.179 INFO:teuthology.orchestra.run.smithi002.stdout:
2024-05-14T09:23:38.179 INFO:teuthology.orchestra.run.smithi002.stdout: sudo /home/ubuntu/cephtest/cephadm shell --fsid 50d5aebe-11d3-11ef-bc98-c7b262605968 -c /etc/ceph/ceph.conf -k /etc/ceph/ceph.client.admin.keyring
2024-05-14T09:23:38.179 INFO:teuthology.orchestra.run.smithi002.stdout:
2024-05-14T09:23:38.179 INFO:teuthology.orchestra.run.smithi002.stdout:Or, if you are only running a single cluster on this host:
2024-05-14T09:23:38.180 INFO:teuthology.orchestra.run.smithi002.stdout:
2024-05-14T09:23:38.180 INFO:teuthology.orchestra.run.smithi002.stdout: sudo /home/ubuntu/cephtest/cephadm shell
2024-05-14T09:23:38.180 INFO:teuthology.orchestra.run.smithi002.stdout:
2024-05-14T09:23:38.180 INFO:teuthology.orchestra.run.smithi002.stdout:Please consider enabling telemetry to help improve Ceph:
2024-05-14T09:23:38.180 INFO:teuthology.orchestra.run.smithi002.stdout:
2024-05-14T09:23:38.180 INFO:teuthology.orchestra.run.smithi002.stdout: ceph telemetry on
2024-05-14T09:23:38.180 INFO:teuthology.orchestra.run.smithi002.stdout:
2024-05-14T09:23:38.180 INFO:teuthology.orchestra.run.smithi002.stdout:For more information see:
2024-05-14T09:23:38.180 INFO:teuthology.orchestra.run.smithi002.stdout:
2024-05-14T09:23:38.180 INFO:teuthology.orchestra.run.smithi002.stdout: https://docs.ceph.com/en/latest/mgr/telemetry/
2024-05-14T09:23:38.180 INFO:teuthology.orchestra.run.smithi002.stdout:
2024-05-14T09:23:38.180 INFO:teuthology.orchestra.run.smithi002.stdout:Bootstrap complete.
2024-05-14T09:23:38.214 INFO:tasks.cephadm:Fetching config...
2024-05-14T09:23:38.214 DEBUG:teuthology.orchestra.run.smithi002:> set -ex
2024-05-14T09:23:38.214 DEBUG:teuthology.orchestra.run.smithi002:> dd if=/etc/ceph/ceph.conf of=/dev/stdout
2024-05-14T09:23:38.231 INFO:tasks.cephadm:Fetching client.admin keyring...
2024-05-14T09:23:38.231 DEBUG:teuthology.orchestra.run.smithi002:> set -ex
2024-05-14T09:23:38.231 DEBUG:teuthology.orchestra.run.smithi002:> dd if=/etc/ceph/ceph.client.admin.keyring of=/dev/stdout
2024-05-14T09:23:38.287 INFO:tasks.cephadm:Fetching mon keyring...
2024-05-14T09:23:38.287 DEBUG:teuthology.orchestra.run.smithi002:> set -ex
2024-05-14T09:23:38.287 DEBUG:teuthology.orchestra.run.smithi002:> sudo dd if=/var/lib/ceph/50d5aebe-11d3-11ef-bc98-c7b262605968/mon.a/keyring of=/dev/stdout
2024-05-14T09:23:38.352 INFO:tasks.cephadm:Fetching pub ssh key...
2024-05-14T09:23:38.353 DEBUG:teuthology.orchestra.run.smithi002:> set -ex
2024-05-14T09:23:38.353 DEBUG:teuthology.orchestra.run.smithi002:> dd if=/home/ubuntu/cephtest/ceph.pub of=/dev/stdout
2024-05-14T09:23:38.408 INFO:tasks.cephadm:Installing pub ssh key for root users...
2024-05-14T09:23:38.409 DEBUG:teuthology.orchestra.run.smithi002:> sudo install -d -m 0700 /root/.ssh && echo 'ssh-rsa AAAAB3NzaC1yc2EAAAADAQABAAABgQDHo3ka/VaO+EpZB3Hau8HJ1zdu6l4P3i0W54/WnuUjqLq/m8Zyh4jysm7SuzoJAPmbo2+tLgOZpNzDhpG61rDOMsy5LYPgdx5HzL5KD3hqLLgHCbQe3JTTo83zEmdnHAbZOAqsRhX+0plI3gvXtoh7uas3MnMFvzupIsCwwnfTYLPvuJSULpQnvohOKLNoc+ouJUjQLpwbsV+0h587L6oi+7TxIVpDhk7J7nqwl6HBGQg9CARTkb+bC825EnA4F5CEHxLPf/x9OjXyqMc1LNav7cRkZDPChzSJ2Q+8HeUwdv93SIMLvvfvR+WxCHrA/uy6Ck7Q21FOxT19C9YVykh0jjokA+x3N8k+WbiU/C3yXJMzTOfd4iPoc24ipV4FltecPXS6FJcEbVJFt+cbMlQiUO9pukrfnIDyM5bsrKYcxT2P2t7VGxmSAI5SB/olUy9bAxYeuPlH9AJvI9qqWYHslrY2beC3uj45S7vjSZh6ZzOIansSeG6WdN+rQULYqZ8= ceph-50d5aebe-11d3-11ef-bc98-c7b262605968' | sudo tee -a /root/.ssh/authorized_keys && sudo chmod 0600 /root/.ssh/authorized_keys
2024-05-14T09:23:38.490 INFO:teuthology.orchestra.run.smithi002.stdout:ssh-rsa AAAAB3NzaC1yc2EAAAADAQABAAABgQDHo3ka/VaO+EpZB3Hau8HJ1zdu6l4P3i0W54/WnuUjqLq/m8Zyh4jysm7SuzoJAPmbo2+tLgOZpNzDhpG61rDOMsy5LYPgdx5HzL5KD3hqLLgHCbQe3JTTo83zEmdnHAbZOAqsRhX+0plI3gvXtoh7uas3MnMFvzupIsCwwnfTYLPvuJSULpQnvohOKLNoc+ouJUjQLpwbsV+0h587L6oi+7TxIVpDhk7J7nqwl6HBGQg9CARTkb+bC825EnA4F5CEHxLPf/x9OjXyqMc1LNav7cRkZDPChzSJ2Q+8HeUwdv93SIMLvvfvR+WxCHrA/uy6Ck7Q21FOxT19C9YVykh0jjokA+x3N8k+WbiU/C3yXJMzTOfd4iPoc24ipV4FltecPXS6FJcEbVJFt+cbMlQiUO9pukrfnIDyM5bsrKYcxT2P2t7VGxmSAI5SB/olUy9bAxYeuPlH9AJvI9qqWYHslrY2beC3uj45S7vjSZh6ZzOIansSeG6WdN+rQULYqZ8= ceph-50d5aebe-11d3-11ef-bc98-c7b262605968
2024-05-14T09:23:38.503 DEBUG:teuthology.orchestra.run.smithi026:> sudo install -d -m 0700 /root/.ssh && echo 'ssh-rsa AAAAB3NzaC1yc2EAAAADAQABAAABgQDHo3ka/VaO+EpZB3Hau8HJ1zdu6l4P3i0W54/WnuUjqLq/m8Zyh4jysm7SuzoJAPmbo2+tLgOZpNzDhpG61rDOMsy5LYPgdx5HzL5KD3hqLLgHCbQe3JTTo83zEmdnHAbZOAqsRhX+0plI3gvXtoh7uas3MnMFvzupIsCwwnfTYLPvuJSULpQnvohOKLNoc+ouJUjQLpwbsV+0h587L6oi+7TxIVpDhk7J7nqwl6HBGQg9CARTkb+bC825EnA4F5CEHxLPf/x9OjXyqMc1LNav7cRkZDPChzSJ2Q+8HeUwdv93SIMLvvfvR+WxCHrA/uy6Ck7Q21FOxT19C9YVykh0jjokA+x3N8k+WbiU/C3yXJMzTOfd4iPoc24ipV4FltecPXS6FJcEbVJFt+cbMlQiUO9pukrfnIDyM5bsrKYcxT2P2t7VGxmSAI5SB/olUy9bAxYeuPlH9AJvI9qqWYHslrY2beC3uj45S7vjSZh6ZzOIansSeG6WdN+rQULYqZ8= ceph-50d5aebe-11d3-11ef-bc98-c7b262605968' | sudo tee -a /root/.ssh/authorized_keys && sudo chmod 0600 /root/.ssh/authorized_keys
2024-05-14T09:23:38.544 INFO:teuthology.orchestra.run.smithi026.stdout:ssh-rsa AAAAB3NzaC1yc2EAAAADAQABAAABgQDHo3ka/VaO+EpZB3Hau8HJ1zdu6l4P3i0W54/WnuUjqLq/m8Zyh4jysm7SuzoJAPmbo2+tLgOZpNzDhpG61rDOMsy5LYPgdx5HzL5KD3hqLLgHCbQe3JTTo83zEmdnHAbZOAqsRhX+0plI3gvXtoh7uas3MnMFvzupIsCwwnfTYLPvuJSULpQnvohOKLNoc+ouJUjQLpwbsV+0h587L6oi+7TxIVpDhk7J7nqwl6HBGQg9CARTkb+bC825EnA4F5CEHxLPf/x9OjXyqMc1LNav7cRkZDPChzSJ2Q+8HeUwdv93SIMLvvfvR+WxCHrA/uy6Ck7Q21FOxT19C9YVykh0jjokA+x3N8k+WbiU/C3yXJMzTOfd4iPoc24ipV4FltecPXS6FJcEbVJFt+cbMlQiUO9pukrfnIDyM5bsrKYcxT2P2t7VGxmSAI5SB/olUy9bAxYeuPlH9AJvI9qqWYHslrY2beC3uj45S7vjSZh6ZzOIansSeG6WdN+rQULYqZ8= ceph-50d5aebe-11d3-11ef-bc98-c7b262605968
2024-05-14T09:23:38.556 DEBUG:teuthology.orchestra.run.smithi029:> sudo install -d -m 0700 /root/.ssh && echo 'ssh-rsa AAAAB3NzaC1yc2EAAAADAQABAAABgQDHo3ka/VaO+EpZB3Hau8HJ1zdu6l4P3i0W54/WnuUjqLq/m8Zyh4jysm7SuzoJAPmbo2+tLgOZpNzDhpG61rDOMsy5LYPgdx5HzL5KD3hqLLgHCbQe3JTTo83zEmdnHAbZOAqsRhX+0plI3gvXtoh7uas3MnMFvzupIsCwwnfTYLPvuJSULpQnvohOKLNoc+ouJUjQLpwbsV+0h587L6oi+7TxIVpDhk7J7nqwl6HBGQg9CARTkb+bC825EnA4F5CEHxLPf/x9OjXyqMc1LNav7cRkZDPChzSJ2Q+8HeUwdv93SIMLvvfvR+WxCHrA/uy6Ck7Q21FOxT19C9YVykh0jjokA+x3N8k+WbiU/C3yXJMzTOfd4iPoc24ipV4FltecPXS6FJcEbVJFt+cbMlQiUO9pukrfnIDyM5bsrKYcxT2P2t7VGxmSAI5SB/olUy9bAxYeuPlH9AJvI9qqWYHslrY2beC3uj45S7vjSZh6ZzOIansSeG6WdN+rQULYqZ8= ceph-50d5aebe-11d3-11ef-bc98-c7b262605968' | sudo tee -a /root/.ssh/authorized_keys && sudo chmod 0600 /root/.ssh/authorized_keys
2024-05-14T09:23:38.598 INFO:teuthology.orchestra.run.smithi029.stdout:ssh-rsa AAAAB3NzaC1yc2EAAAADAQABAAABgQDHo3ka/VaO+EpZB3Hau8HJ1zdu6l4P3i0W54/WnuUjqLq/m8Zyh4jysm7SuzoJAPmbo2+tLgOZpNzDhpG61rDOMsy5LYPgdx5HzL5KD3hqLLgHCbQe3JTTo83zEmdnHAbZOAqsRhX+0plI3gvXtoh7uas3MnMFvzupIsCwwnfTYLPvuJSULpQnvohOKLNoc+ouJUjQLpwbsV+0h587L6oi+7TxIVpDhk7J7nqwl6HBGQg9CARTkb+bC825EnA4F5CEHxLPf/x9OjXyqMc1LNav7cRkZDPChzSJ2Q+8HeUwdv93SIMLvvfvR+WxCHrA/uy6Ck7Q21FOxT19C9YVykh0jjokA+x3N8k+WbiU/C3yXJMzTOfd4iPoc24ipV4FltecPXS6FJcEbVJFt+cbMlQiUO9pukrfnIDyM5bsrKYcxT2P2t7VGxmSAI5SB/olUy9bAxYeuPlH9AJvI9qqWYHslrY2beC3uj45S7vjSZh6ZzOIansSeG6WdN+rQULYqZ8= ceph-50d5aebe-11d3-11ef-bc98-c7b262605968
2024-05-14T09:23:38.611 DEBUG:teuthology.orchestra.run.smithi002:> sudo /home/ubuntu/cephtest/cephadm --image quay-quay-quay.apps.os.sepia.ceph.com/ceph-ci/ceph:e2b755a64f0d72176b57299d02e880cf0620d780 shell -c /etc/ceph/ceph.conf -k /etc/ceph/ceph.client.admin.keyring --fsid 50d5aebe-11d3-11ef-bc98-c7b262605968 -- ceph config set mgr mgr/cephadm/allow_ptrace true
2024-05-14T09:23:38.858 INFO:teuthology.orchestra.run.smithi002.stderr:Inferring config /var/lib/ceph/50d5aebe-11d3-11ef-bc98-c7b262605968/mon.a/config
2024-05-14T09:23:38.921 INFO:journalctl@ceph.mon.a.smithi002.stdout:May 14 09:23:38 smithi002 ceph-mon[31557]: from='client.? 172.21.15.2:0/2689017336' entity='client.admin'
2024-05-14T09:23:41.195 INFO:teuthology.orchestra.run.smithi002.stderr:2024-05-14T09:23:41.193+0000 7f2285f53700 1 -- 172.21.15.2:0/3733820310 >> [v2:172.21.15.2:3300/0,v1:172.21.15.2:6789/0] conn(0x7f2280102ae0 msgr2=0x7f2280102ef0 secure :-1 s=STATE_CONNECTION_ESTABLISHED l=1).mark_down
2024-05-14T09:23:41.195 INFO:teuthology.orchestra.run.smithi002.stderr:2024-05-14T09:23:41.193+0000 7f2285f53700 1 --2- 172.21.15.2:0/3733820310 >> [v2:172.21.15.2:3300/0,v1:172.21.15.2:6789/0] conn(0x7f2280102ae0 0x7f2280102ef0 secure :-1 s=READY pgs=80 cs=0 l=1 rev1=1 crypto rx=0x7f2270009910 tx=0x7f2270009c20 comp rx=0 tx=0).stop
2024-05-14T09:23:41.195 INFO:teuthology.orchestra.run.smithi002.stderr:2024-05-14T09:23:41.193+0000 7f2285f53700 1 -- 172.21.15.2:0/3733820310 shutdown_connections
2024-05-14T09:23:41.195 INFO:teuthology.orchestra.run.smithi002.stderr:2024-05-14T09:23:41.193+0000 7f2285f53700 1 --2- 172.21.15.2:0/3733820310 >> [v2:172.21.15.2:3300/0,v1:172.21.15.2:6789/0] conn(0x7f2280102ae0 0x7f2280102ef0 unknown :-1 s=CLOSED pgs=80 cs=0 l=1 rev1=1 crypto rx=0 tx=0 comp rx=0 tx=0).stop
2024-05-14T09:23:41.195 INFO:teuthology.orchestra.run.smithi002.stderr:2024-05-14T09:23:41.193+0000 7f2285f53700 1 -- 172.21.15.2:0/3733820310 >> 172.21.15.2:0/3733820310 conn(0x7f22800fe140 msgr2=0x7f22801005d0 unknown :-1 s=STATE_NONE l=0).mark_down
2024-05-14T09:23:41.195 INFO:teuthology.orchestra.run.smithi002.stderr:2024-05-14T09:23:41.194+0000 7f2285f53700 1 -- 172.21.15.2:0/3733820310 shutdown_connections
2024-05-14T09:23:41.195 INFO:teuthology.orchestra.run.smithi002.stderr:2024-05-14T09:23:41.194+0000 7f2285f53700 1 -- 172.21.15.2:0/3733820310 wait complete.
2024-05-14T09:23:41.195 INFO:teuthology.orchestra.run.smithi002.stderr:2024-05-14T09:23:41.194+0000 7f2285f53700 1 Processor -- start
2024-05-14T09:23:41.195 INFO:teuthology.orchestra.run.smithi002.stderr:2024-05-14T09:23:41.194+0000 7f2285f53700 1 -- start start
2024-05-14T09:23:41.195 INFO:teuthology.orchestra.run.smithi002.stderr:2024-05-14T09:23:41.195+0000 7f2285f53700 1 --2- >> [v2:172.21.15.2:3300/0,v1:172.21.15.2:6789/0] conn(0x7f2280102ae0 0x7f2280198600 unknown :-1 s=NONE pgs=0 cs=0 l=1 rev1=0 crypto rx=0 tx=0 comp rx=0 tx=0).connect
2024-05-14T09:23:41.196 INFO:teuthology.orchestra.run.smithi002.stderr:2024-05-14T09:23:41.195+0000 7f2285f53700 1 -- --> [v2:172.21.15.2:3300/0,v1:172.21.15.2:6789/0] -- mon_getmap magic: 0 -- 0x7f2280108aa0 con 0x7f2280102ae0
2024-05-14T09:23:41.196 INFO:teuthology.orchestra.run.smithi002.stderr:2024-05-14T09:23:41.195+0000 7f227f7fe700 1 --2- >> [v2:172.21.15.2:3300/0,v1:172.21.15.2:6789/0] conn(0x7f2280102ae0 0x7f2280198600 unknown :-1 s=BANNER_CONNECTING pgs=0 cs=0 l=1 rev1=0 crypto rx=0 tx=0 comp rx=0 tx=0)._handle_peer_banner_payload supported=3 required=0
2024-05-14T09:23:41.196 INFO:teuthology.orchestra.run.smithi002.stderr:2024-05-14T09:23:41.195+0000 7f227f7fe700 1 --2- >> [v2:172.21.15.2:3300/0,v1:172.21.15.2:6789/0] conn(0x7f2280102ae0 0x7f2280198600 unknown :-1 s=HELLO_CONNECTING pgs=0 cs=0 l=1 rev1=1 crypto rx=0 tx=0 comp rx=0 tx=0).handle_hello peer v2:172.21.15.2:3300/0 says I am v2:172.21.15.2:34372/0 (socket says 172.21.15.2:34372)
2024-05-14T09:23:41.196 INFO:teuthology.orchestra.run.smithi002.stderr:2024-05-14T09:23:41.195+0000 7f227f7fe700 1 -- 172.21.15.2:0/1203966770 learned_addr learned my addr 172.21.15.2:0/1203966770 (peer_addr_for_me v2:172.21.15.2:0/0)
2024-05-14T09:23:41.196 INFO:teuthology.orchestra.run.smithi002.stderr:2024-05-14T09:23:41.195+0000 7f227f7fe700 1 -- 172.21.15.2:0/1203966770 --> [v2:172.21.15.2:3300/0,v1:172.21.15.2:6789/0] -- mon_subscribe({config=0+,monmap=0+}) -- 0x7f2280198b40 con 0x7f2280102ae0
2024-05-14T09:23:41.196 INFO:teuthology.orchestra.run.smithi002.stderr:2024-05-14T09:23:41.195+0000 7f227f7fe700 1 --2- 172.21.15.2:0/1203966770 >> [v2:172.21.15.2:3300/0,v1:172.21.15.2:6789/0] conn(0x7f2280102ae0 0x7f2280198600 secure :-1 s=READY pgs=81 cs=0 l=1 rev1=1 crypto rx=0x7f22700057d0 tx=0x7f2270005800 comp rx=0 tx=0).ready entity=mon.0 client_cookie=0 server_cookie=0 in_seq=0 out_seq=0
2024-05-14T09:23:41.197 INFO:teuthology.orchestra.run.smithi002.stderr:2024-05-14T09:23:41.195+0000 7f227cff9700 1 -- 172.21.15.2:0/1203966770 <== mon.0 v2:172.21.15.2:3300/0 1 ==== mon_map magic: 0 ==== 205+0+0 (secure 0 0 0) 0x7f2270027070 con 0x7f2280102ae0
2024-05-14T09:23:41.197 INFO:teuthology.orchestra.run.smithi002.stderr:2024-05-14T09:23:41.195+0000 7f2285f53700 1 -- 172.21.15.2:0/1203966770 --> [v2:172.21.15.2:3300/0,v1:172.21.15.2:6789/0] -- mon_subscribe({mgrmap=0+}) -- 0x7f2280198dd0 con 0x7f2280102ae0
2024-05-14T09:23:41.197 INFO:teuthology.orchestra.run.smithi002.stderr:2024-05-14T09:23:41.195+0000 7f227cff9700 1 -- 172.21.15.2:0/1203966770 <== mon.0 v2:172.21.15.2:3300/0 2 ==== config(26 keys) ==== 1101+0+0 (secure 0 0 0) 0x7f227000be10 con 0x7f2280102ae0
2024-05-14T09:23:41.197 INFO:teuthology.orchestra.run.smithi002.stderr:2024-05-14T09:23:41.195+0000 7f227cff9700 1 -- 172.21.15.2:0/1203966770 <== mon.0 v2:172.21.15.2:3300/0 3 ==== mon_map magic: 0 ==== 205+0+0 (secure 0 0 0) 0x7f2270022dd0 con 0x7f2280102ae0
2024-05-14T09:23:41.197 INFO:teuthology.orchestra.run.smithi002.stderr:2024-05-14T09:23:41.195+0000 7f2285f53700 1 -- 172.21.15.2:0/1203966770 --> [v2:172.21.15.2:3300/0,v1:172.21.15.2:6789/0] -- mon_subscribe({osdmap=0}) -- 0x7f228019b9e0 con 0x7f2280102ae0
2024-05-14T09:23:41.197 INFO:teuthology.orchestra.run.smithi002.stderr:2024-05-14T09:23:41.196+0000 7f227cff9700 1 -- 172.21.15.2:0/1203966770 <== mon.0 v2:172.21.15.2:3300/0 4 ==== mgrmap(e 13) ==== 50277+0+0 (secure 0 0 0) 0x7f227002a070 con 0x7f2280102ae0
2024-05-14T09:23:41.198 INFO:teuthology.orchestra.run.smithi002.stderr:2024-05-14T09:23:41.196+0000 7f2285f53700 1 -- 172.21.15.2:0/1203966770 --> [v2:172.21.15.2:3300/0,v1:172.21.15.2:6789/0] -- mon_command({"prefix": "get_command_descriptions"} v 0) -- 0x7f2280109220 con 0x7f2280102ae0
2024-05-14T09:23:41.198 INFO:teuthology.orchestra.run.smithi002.stderr:2024-05-14T09:23:41.197+0000 7f227cff9700 1 --2- 172.21.15.2:0/1203966770 >> [v2:172.21.15.2:6800/3050449557,v1:172.21.15.2:6801/3050449557] conn(0x7f226803e4c0 0x7f22680409d0 unknown :-1 s=NONE pgs=0 cs=0 l=1 rev1=0 crypto rx=0 tx=0 comp rx=0 tx=0).connect
2024-05-14T09:23:41.198 INFO:teuthology.orchestra.run.smithi002.stderr:2024-05-14T09:23:41.197+0000 7f227cff9700 1 -- 172.21.15.2:0/1203966770 <== mon.0 v2:172.21.15.2:3300/0 5 ==== osd_map(3..3 src has 1..3) ==== 1155+0+0 (secure 0 0 0) 0x7f227001e030 con 0x7f2280102ae0
2024-05-14T09:23:41.198 INFO:teuthology.orchestra.run.smithi002.stderr:2024-05-14T09:23:41.197+0000 7f227effd700 1 --2- 172.21.15.2:0/1203966770 >> [v2:172.21.15.2:6800/3050449557,v1:172.21.15.2:6801/3050449557] conn(0x7f226803e4c0 0x7f22680409d0 unknown :-1 s=BANNER_CONNECTING pgs=0 cs=0 l=1 rev1=0 crypto rx=0 tx=0 comp rx=0 tx=0)._handle_peer_banner_payload supported=3 required=0
2024-05-14T09:23:41.198 INFO:teuthology.orchestra.run.smithi002.stderr:2024-05-14T09:23:41.197+0000 7f227effd700 1 --2- 172.21.15.2:0/1203966770 >> [v2:172.21.15.2:6800/3050449557,v1:172.21.15.2:6801/3050449557] conn(0x7f226803e4c0 0x7f22680409d0 secure :-1 s=READY pgs=12 cs=0 l=1 rev1=1 crypto rx=0x7f2274006fd0 tx=0x7f2274006e40 comp rx=0 tx=0).ready entity=mgr.14152 client_cookie=0 server_cookie=0 in_seq=0 out_seq=0
2024-05-14T09:23:41.202 INFO:teuthology.orchestra.run.smithi002.stderr:2024-05-14T09:23:41.202+0000 7f227cff9700 1 -- 172.21.15.2:0/1203966770 <== mon.0 v2:172.21.15.2:3300/0 6 ==== mon_command_ack([{"prefix": "get_command_descriptions"}]=0 v0) ==== 72+0+191963 (secure 0 0 0) 0x7f2270013070 con 0x7f2280102ae0
2024-05-14T09:23:41.419 INFO:teuthology.orchestra.run.smithi002.stderr:2024-05-14T09:23:41.420+0000 7f2285f53700 1 -- 172.21.15.2:0/1203966770 --> [v2:172.21.15.2:3300/0,v1:172.21.15.2:6789/0] -- mon_command([{prefix=config set, name=mgr/cephadm/allow_ptrace}] v 0) -- 0x7f228002e700 con 0x7f2280102ae0
2024-05-14T09:23:41.422 INFO:teuthology.orchestra.run.smithi002.stderr:2024-05-14T09:23:41.422+0000 7f227cff9700 1 -- 172.21.15.2:0/1203966770 <== mon.0 v2:172.21.15.2:3300/0 7 ==== mon_command_ack([{prefix=config set, name=mgr/cephadm/allow_ptrace}]=0 v9)=0 v9) ==== 125+0+0 (secure 0 0 0) 0x7f22700310c0 con 0x7f2280102ae0
2024-05-14T09:23:41.425 INFO:teuthology.orchestra.run.smithi002.stderr:2024-05-14T09:23:41.425+0000 7f2285f53700 1 -- 172.21.15.2:0/1203966770 >> [v2:172.21.15.2:6800/3050449557,v1:172.21.15.2:6801/3050449557] conn(0x7f226803e4c0 msgr2=0x7f22680409d0 secure :-1 s=STATE_CONNECTION_ESTABLISHED l=1).mark_down
2024-05-14T09:23:41.425 INFO:teuthology.orchestra.run.smithi002.stderr:2024-05-14T09:23:41.425+0000 7f2285f53700 1 --2- 172.21.15.2:0/1203966770 >> [v2:172.21.15.2:6800/3050449557,v1:172.21.15.2:6801/3050449557] conn(0x7f226803e4c0 0x7f22680409d0 secure :-1 s=READY pgs=12 cs=0 l=1 rev1=1 crypto rx=0x7f2274006fd0 tx=0x7f2274006e40 comp rx=0 tx=0).stop
2024-05-14T09:23:41.425 INFO:teuthology.orchestra.run.smithi002.stderr:2024-05-14T09:23:41.425+0000 7f2285f53700 1 -- 172.21.15.2:0/1203966770 >> [v2:172.21.15.2:3300/0,v1:172.21.15.2:6789/0] conn(0x7f2280102ae0 msgr2=0x7f2280198600 secure :-1 s=STATE_CONNECTION_ESTABLISHED l=1).mark_down
2024-05-14T09:23:41.426 INFO:teuthology.orchestra.run.smithi002.stderr:2024-05-14T09:23:41.425+0000 7f2285f53700 1 --2- 172.21.15.2:0/1203966770 >> [v2:172.21.15.2:3300/0,v1:172.21.15.2:6789/0] conn(0x7f2280102ae0 0x7f2280198600 secure :-1 s=READY pgs=81 cs=0 l=1 rev1=1 crypto rx=0x7f22700057d0 tx=0x7f2270005800 comp rx=0 tx=0).stop
2024-05-14T09:23:41.426 INFO:teuthology.orchestra.run.smithi002.stderr:2024-05-14T09:23:41.425+0000 7f2285f53700 1 -- 172.21.15.2:0/1203966770 shutdown_connections
2024-05-14T09:23:41.426 INFO:teuthology.orchestra.run.smithi002.stderr:2024-05-14T09:23:41.425+0000 7f2285f53700 1 --2- 172.21.15.2:0/1203966770 >> [v2:172.21.15.2:6800/3050449557,v1:172.21.15.2:6801/3050449557] conn(0x7f226803e4c0 0x7f22680409d0 unknown :-1 s=CLOSED pgs=12 cs=0 l=1 rev1=1 crypto rx=0 tx=0 comp rx=0 tx=0).stop
2024-05-14T09:23:41.426 INFO:teuthology.orchestra.run.smithi002.stderr:2024-05-14T09:23:41.425+0000 7f2285f53700 1 --2- 172.21.15.2:0/1203966770 >> [v2:172.21.15.2:3300/0,v1:172.21.15.2:6789/0] conn(0x7f2280102ae0 0x7f2280198600 unknown :-1 s=CLOSED pgs=81 cs=0 l=1 rev1=1 crypto rx=0 tx=0 comp rx=0 tx=0).stop
2024-05-14T09:23:41.426 INFO:teuthology.orchestra.run.smithi002.stderr:2024-05-14T09:23:41.425+0000 7f2285f53700 1 -- 172.21.15.2:0/1203966770 >> 172.21.15.2:0/1203966770 conn(0x7f22800fe140 msgr2=0x7f22800fee20 unknown :-1 s=STATE_NONE l=0).mark_down
2024-05-14T09:23:41.426 INFO:teuthology.orchestra.run.smithi002.stderr:2024-05-14T09:23:41.425+0000 7f2285f53700 1 -- 172.21.15.2:0/1203966770 shutdown_connections
2024-05-14T09:23:41.426 INFO:teuthology.orchestra.run.smithi002.stderr:2024-05-14T09:23:41.425+0000 7f2285f53700 1 -- 172.21.15.2:0/1203966770 wait complete.
2024-05-14T09:23:41.995 INFO:journalctl@ceph.mon.a.smithi002.stdout:May 14 09:23:41 smithi002 ceph-mon[31557]: from='mgr.14152 172.21.15.2:0/2066646370' entity='mgr.x'
2024-05-14T09:23:41.995 INFO:journalctl@ceph.mon.a.smithi002.stdout:May 14 09:23:41 smithi002 ceph-mon[31557]: from='mgr.14152 172.21.15.2:0/2066646370' entity='mgr.x'
2024-05-14T09:23:41.995 INFO:journalctl@ceph.mon.a.smithi002.stdout:May 14 09:23:41 smithi002 ceph-mon[31557]: from='mgr.14152 172.21.15.2:0/2066646370' entity='mgr.x' cmd=[{"prefix": "config rm", "who": "osd/host:smithi002", "name": "osd_memory_target"}]: dispatch
2024-05-14T09:23:41.995 INFO:journalctl@ceph.mon.a.smithi002.stdout:May 14 09:23:41 smithi002 ceph-mon[31557]: from='mgr.14152 172.21.15.2:0/2066646370' entity='mgr.x'
2024-05-14T09:23:41.995 INFO:journalctl@ceph.mon.a.smithi002.stdout:May 14 09:23:41 smithi002 ceph-mon[31557]: from='mgr.14152 172.21.15.2:0/2066646370' entity='mgr.x' cmd=[{"prefix": "config dump", "format": "json"}]: dispatch
2024-05-14T09:23:41.995 INFO:journalctl@ceph.mon.a.smithi002.stdout:May 14 09:23:41 smithi002 ceph-mon[31557]: from='mgr.14152 172.21.15.2:0/2066646370' entity='mgr.x'
2024-05-14T09:23:41.995 INFO:journalctl@ceph.mon.a.smithi002.stdout:May 14 09:23:41 smithi002 ceph-mon[31557]: from='client.? 172.21.15.2:0/1203966770' entity='client.admin'
2024-05-14T09:23:41.996 INFO:journalctl@ceph.mon.a.smithi002.stdout:May 14 09:23:41 smithi002 ceph-mon[31557]: from='mgr.14152 172.21.15.2:0/2066646370' entity='mgr.x' cmd=[{"prefix": "config dump", "format": "json"}]: dispatch
2024-05-14T09:23:41.996 INFO:journalctl@ceph.mon.a.smithi002.stdout:May 14 09:23:41 smithi002 ceph-mon[31557]: from='mgr.14152 172.21.15.2:0/2066646370' entity='mgr.x'
2024-05-14T09:23:42.024 INFO:tasks.cephadm:Distributing conf and client.admin keyring to all hosts + 0755
2024-05-14T09:23:42.025 DEBUG:teuthology.orchestra.run.smithi002:> sudo /home/ubuntu/cephtest/cephadm --image quay-quay-quay.apps.os.sepia.ceph.com/ceph-ci/ceph:e2b755a64f0d72176b57299d02e880cf0620d780 shell -c /etc/ceph/ceph.conf -k /etc/ceph/ceph.client.admin.keyring --fsid 50d5aebe-11d3-11ef-bc98-c7b262605968 -- ceph orch client-keyring set client.admin '*' --mode 0755
2024-05-14T09:23:42.269 INFO:teuthology.orchestra.run.smithi002.stderr:Inferring config /var/lib/ceph/50d5aebe-11d3-11ef-bc98-c7b262605968/mon.a/config
2024-05-14T09:23:43.737 INFO:teuthology.orchestra.run.smithi002.stderr:2024-05-14T09:23:43.735+0000 7f9b17e89700 1 -- 172.21.15.2:0/2209910629 >> [v2:172.21.15.2:3300/0,v1:172.21.15.2:6789/0] conn(0x7f9b10102af0 msgr2=0x7f9b10102f00 secure :-1 s=STATE_CONNECTION_ESTABLISHED l=1).mark_down
2024-05-14T09:23:43.737 INFO:teuthology.orchestra.run.smithi002.stderr:2024-05-14T09:23:43.735+0000 7f9b17e89700 1 --2- 172.21.15.2:0/2209910629 >> [v2:172.21.15.2:3300/0,v1:172.21.15.2:6789/0] conn(0x7f9b10102af0 0x7f9b10102f00 secure :-1 s=READY pgs=82 cs=0 l=1 rev1=1 crypto rx=0x7f9b0c00b0a0 tx=0x7f9b0c00b3b0 comp rx=0 tx=0).stop
2024-05-14T09:23:43.737 INFO:teuthology.orchestra.run.smithi002.stderr:2024-05-14T09:23:43.735+0000 7f9b17e89700 1 -- 172.21.15.2:0/2209910629 shutdown_connections
2024-05-14T09:23:43.737 INFO:teuthology.orchestra.run.smithi002.stderr:2024-05-14T09:23:43.735+0000 7f9b17e89700 1 --2- 172.21.15.2:0/2209910629 >> [v2:172.21.15.2:3300/0,v1:172.21.15.2:6789/0] conn(0x7f9b10102af0 0x7f9b10102f00 unknown :-1 s=CLOSED pgs=82 cs=0 l=1 rev1=1 crypto rx=0 tx=0 comp rx=0 tx=0).stop
2024-05-14T09:23:43.737 INFO:teuthology.orchestra.run.smithi002.stderr:2024-05-14T09:23:43.735+0000 7f9b17e89700 1 -- 172.21.15.2:0/2209910629 >> 172.21.15.2:0/2209910629 conn(0x7f9b100fe130 msgr2=0x7f9b101005e0 unknown :-1 s=STATE_NONE l=0).mark_down
2024-05-14T09:23:43.737 INFO:teuthology.orchestra.run.smithi002.stderr:2024-05-14T09:23:43.735+0000 7f9b17e89700 1 -- 172.21.15.2:0/2209910629 shutdown_connections
2024-05-14T09:23:43.737 INFO:teuthology.orchestra.run.smithi002.stderr:2024-05-14T09:23:43.735+0000 7f9b17e89700 1 -- 172.21.15.2:0/2209910629 wait complete.
2024-05-14T09:23:43.737 INFO:teuthology.orchestra.run.smithi002.stderr:2024-05-14T09:23:43.736+0000 7f9b17e89700 1 Processor -- start
2024-05-14T09:23:43.738 INFO:teuthology.orchestra.run.smithi002.stderr:2024-05-14T09:23:43.736+0000 7f9b17e89700 1 -- start start
2024-05-14T09:23:43.738 INFO:teuthology.orchestra.run.smithi002.stderr:2024-05-14T09:23:43.736+0000 7f9b17e89700 1 --2- >> [v2:172.21.15.2:3300/0,v1:172.21.15.2:6789/0] conn(0x7f9b10102af0 0x7f9b1006c4e0 unknown :-1 s=NONE pgs=0 cs=0 l=1 rev1=0 crypto rx=0 tx=0 comp rx=0 tx=0).connect
