2024-05-14T09:34:53.514 INFO:teuthology.orchestra.run.smithi033.stdout:/usr/bin/ceph: stderr
2024-05-14T09:34:52.385+0000 7f21c2455700 1 --2- 172.21.15.33:0/1634458932 >> [v2:172.21.15.33:3300/0,v1:172.21.15.33:6789/0] conn(0x7f21bc10a640 0x7f21bc10ca60 secure :-1 s=READY pgs=70 cs=0 l=1 rev1=1 crypto rx=0x7f21b80098a0 tx=0x7f21b8009bb0 comp rx=0 tx=0).ready entity=mon.0 client_cookie=734e15f4c9d07657 server_cookie=0 in_seq=0 out_seq=0
2024-05-14T09:34:53.514 INFO:teuthology.orchestra.run.smithi033.stdout:/usr/bin/ceph: stderr
2024-05-14T09:34:52.385+0000 7f21c1453700 1 -- 172.21.15.33:0/1634458932 <== mon.0 v2:172.21.15.33:3300/0 1 ==== mon_map magic: 0 ==== 205+0+0 (secure 0 0 0) 0x7f21b8004160 con 0x7f21bc10a640
2024-05-14T09:34:53.514 INFO:teuthology.orchestra.run.smithi033.stdout:/usr/bin/ceph: stderr
2024-05-14T09:34:52.385+0000 7f21c1453700 1 -- 172.21.15.33:0/1634458932 <== mon.0 v2:172.21.15.33:3300/0 2 ==== config(26 keys) ==== 1101+0+0 (secure 0 0 0) 0x7f21b8004300 con 0x7f21bc10a640
2024-05-14T09:34:53.515 INFO:teuthology.orchestra.run.smithi033.stdout:/usr/bin/ceph: stderr
2024-05-14T09:34:52.385+0000 7f21c1453700 1 -- 172.21.15.33:0/1634458932 <== mon.0 v2:172.21.15.33:3300/0 3 ==== mon_map magic: 0 ==== 205+0+0 (secure 0 0 0) 0x7f21b8011a20 con 0x7f21bc10a640
2024-05-14T09:34:53.515 INFO:teuthology.orchestra.run.smithi033.stdout:/usr/bin/ceph: stderr
2024-05-14T09:34:52.386+0000 7f21c46b9700 1 -- 172.21.15.33:0/1634458932 >> [v2:172.21.15.33:3300/0,v1:172.21.15.33:6789/0] conn(0x7f21bc10a640 msgr2=0x7f21bc10ca60 secure :-1 s=STATE_CONNECTION_ESTABLISHED l=1).mark_down
2024-05-14T09:34:53.515 INFO:teuthology.orchestra.run.smithi033.stdout:/usr/bin/ceph: stderr
2024-05-14T09:34:52.386+0000 7f21c46b9700 1 --2- 172.21.15.33:0/1634458932 >> [v2:172.21.15.33:3300/0,v1:172.21.15.33:6789/0] conn(0x7f21bc10a640 0x7f21bc10ca60 secure :-1 s=READY pgs=70 cs=0 l=1 rev1=1 crypto rx=0x7f21b80098a0 tx=0x7f21b8009bb0 comp rx=0 tx=0).stop
2024-05-14T09:34:53.515 INFO:teuthology.orchestra.run.smithi033.stdout:/usr/bin/ceph: stderr
2024-05-14T09:34:52.386+0000 7f21c46b9700 1 -- 172.21.15.33:0/1634458932 shutdown_connections
2024-05-14T09:34:53.515 INFO:teuthology.orchestra.run.smithi033.stdout:/usr/bin/ceph: stderr
2024-05-14T09:34:52.386+0000 7f21c46b9700 1 --2- 172.21.15.33:0/1634458932 >> [v2:172.21.15.33:3300/0,v1:172.21.15.33:6789/0] conn(0x7f21bc10a640 0x7f21bc10ca60 unknown :-1 s=CLOSED pgs=70 cs=0 l=1 rev1=1 crypto rx=0 tx=0 comp rx=0 tx=0).stop
2024-05-14T09:34:53.515 INFO:teuthology.orchestra.run.smithi033.stdout:/usr/bin/ceph: stderr
2024-05-14T09:34:52.386+0000 7f21c46b9700 1 -- 172.21.15.33:0/1634458932 >> 172.21.15.33:0/1634458932 conn(0x7f21bc104120 msgr2=0x7f21bc106570 unknown :-1 s=STATE_NONE l=0).mark_down
2024-05-14T09:34:53.515 INFO:teuthology.orchestra.run.smithi033.stdout:/usr/bin/ceph: stderr
2024-05-14T09:34:52.386+0000 7f21c46b9700 1 -- 172.21.15.33:0/1634458932 shutdown_connections
2024-05-14T09:34:53.515 INFO:teuthology.orchestra.run.smithi033.stdout:/usr/bin/ceph: stderr
2024-05-14T09:34:52.386+0000 7f21c46b9700 1 -- 172.21.15.33:0/1634458932 wait complete.
2024-05-14T09:34:53.515 INFO:teuthology.orchestra.run.smithi033.stdout:/usr/bin/ceph: stderr
2024-05-14T09:34:52.387+0000 7f21c46b9700 1 Processor -- start
2024-05-14T09:34:53.515 INFO:teuthology.orchestra.run.smithi033.stdout:/usr/bin/ceph: stderr
2024-05-14T09:34:52.387+0000 7f21c46b9700 1 -- start start
2024-05-14T09:34:53.515 INFO:teuthology.orchestra.run.smithi033.stdout:/usr/bin/ceph: stderr
2024-05-14T09:34:52.387+0000 7f21c46b9700 1 --2- >> [v2:172.21.15.33:3300/0,v1:172.21.15.33:6789/0] conn(0x7f21bc10a640 0x7f21bc19de60 unknown :-1 s=NONE pgs=0 cs=0 l=1 rev1=0 crypto rx=0 tx=0 comp rx=0 tx=0).connect
2024-05-14T09:34:53.515 INFO:teuthology.orchestra.run.smithi033.stdout:/usr/bin/ceph: stderr
2024-05-14T09:34:52.387+0000 7f21c46b9700 1 -- --> [v2:172.21.15.33:3300/0,v1:172.21.15.33:6789/0] -- mon_getmap magic: 0 -- 0x7f21bc10dee0 con 0x7f21bc10a640
2024-05-14T09:34:53.515 INFO:teuthology.orchestra.run.smithi033.stdout:/usr/bin/ceph: stderr
2024-05-14T09:34:52.387+0000 7f21c2455700 1 --2- >> [v2:172.21.15.33:3300/0,v1:172.21.15.33:6789/0] conn(0x7f21bc10a640 0x7f21bc19de60 unknown :-1 s=BANNER_CONNECTING pgs=0 cs=0 l=1 rev1=0 crypto rx=0 tx=0 comp rx=0 tx=0)._handle_peer_banner_payload supported=3 required=0
2024-05-14T09:34:53.515 INFO:teuthology.orchestra.run.smithi033.stdout:/usr/bin/ceph: stderr
2024-05-14T09:34:52.387+0000 7f21c2455700 1 --2- >> [v2:172.21.15.33:3300/0,v1:172.21.15.33:6789/0] conn(0x7f21bc10a640 0x7f21bc19de60 unknown :-1 s=HELLO_CONNECTING pgs=0 cs=0 l=1 rev1=1 crypto rx=0 tx=0 comp rx=0 tx=0).handle_hello peer v2:172.21.15.33:3300/0 says I am v2:172.21.15.33:44278/0 (socket says 172.21.15.33:44278)
2024-05-14T09:34:53.516 INFO:teuthology.orchestra.run.smithi033.stdout:/usr/bin/ceph: stderr
2024-05-14T09:34:52.387+0000 7f21c2455700 1 -- 172.21.15.33:0/751480546 learned_addr learned my addr 172.21.15.33:0/751480546 (peer_addr_for_me v2:172.21.15.33:0/0)
2024-05-14T09:34:53.516 INFO:teuthology.orchestra.run.smithi033.stdout:/usr/bin/ceph: stderr
2024-05-14T09:34:52.388+0000 7f21c2455700 1 -- 172.21.15.33:0/751480546 --> [v2:172.21.15.33:3300/0,v1:172.21.15.33:6789/0] -- mon_subscribe({config=0+,monmap=0+}) -- 0x7f21bc19e3a0 con 0x7f21bc10a640
2024-05-14T09:34:53.516 INFO:teuthology.orchestra.run.smithi033.stdout:/usr/bin/ceph: stderr
2024-05-14T09:34:52.388+0000 7f21c2455700 1 --2- 172.21.15.33:0/751480546 >> [v2:172.21.15.33:3300/0,v1:172.21.15.33:6789/0] conn(0x7f21bc10a640 0x7f21bc19de60 secure :-1 s=READY pgs=71 cs=0 l=1 rev1=1 crypto rx=0x7f21b8009520 tx=0x7f21b8011aa0 comp rx=0 tx=0).ready entity=mon.0 client_cookie=0 server_cookie=0 in_seq=0 out_seq=0
2024-05-14T09:34:53.516 INFO:teuthology.orchestra.run.smithi033.stdout:/usr/bin/ceph: stderr
2024-05-14T09:34:52.388+0000 7f21b37fe700 1 -- 172.21.15.33:0/751480546 <== mon.0 v2:172.21.15.33:3300/0 1 ==== mon_map magic: 0 ==== 205+0+0 (secure 0 0 0) 0x7f21b80039e0 con 0x7f21bc10a640
2024-05-14T09:34:53.516 INFO:teuthology.orchestra.run.smithi033.stdout:/usr/bin/ceph: stderr
2024-05-14T09:34:52.388+0000 7f21b37fe700 1 -- 172.21.15.33:0/751480546 <== mon.0 v2:172.21.15.33:3300/0 2 ==== config(26 keys) ==== 1101+0+0 (secure 0 0 0) 0x7f21b801b8f0 con 0x7f21bc10a640
2024-05-14T09:34:53.516 INFO:teuthology.orchestra.run.smithi033.stdout:/usr/bin/ceph: stderr
2024-05-14T09:34:52.388+0000 7f21c46b9700 1 -- 172.21.15.33:0/751480546 --> [v2:172.21.15.33:3300/0,v1:172.21.15.33:6789/0] -- mon_subscribe({mgrmap=0+}) -- 0x7f21bc19e630 con 0x7f21bc10a640
2024-05-14T09:34:53.516 INFO:teuthology.orchestra.run.smithi033.stdout:/usr/bin/ceph: stderr
2024-05-14T09:34:52.388+0000 7f21b37fe700 1 -- 172.21.15.33:0/751480546 <== mon.0 v2:172.21.15.33:3300/0 3 ==== mon_map magic: 0 ==== 205+0+0 (secure 0 0 0) 0x7f21b80197d0 con 0x7f21bc10a640
2024-05-14T09:34:53.516 INFO:teuthology.orchestra.run.smithi033.stdout:/usr/bin/ceph: stderr
2024-05-14T09:34:52.388+0000 7f21c46b9700 1 -- 172.21.15.33:0/751480546 --> [v2:172.21.15.33:3300/0,v1:172.21.15.33:6789/0] -- mon_subscribe({osdmap=0}) -- 0x7f21bc1a1240 con 0x7f21bc10a640
2024-05-14T09:34:53.516 INFO:teuthology.orchestra.run.smithi033.stdout:/usr/bin/ceph: stderr
2024-05-14T09:34:52.389+0000 7f21b37fe700 1 -- 172.21.15.33:0/751480546 <== mon.0 v2:172.21.15.33:3300/0 4 ==== mgrmap(e 12) ==== 50235+0+0 (secure 0 0 0) 0x7f21b8019af0 con 0x7f21bc10a640
2024-05-14T09:34:53.516 INFO:teuthology.orchestra.run.smithi033.stdout:/usr/bin/ceph: stderr
2024-05-14T09:34:52.389+0000 7f21c46b9700 1 -- 172.21.15.33:0/751480546 --> [v2:172.21.15.33:3300/0,v1:172.21.15.33:6789/0] -- mon_command({"prefix": "get_command_descriptions"} v 0) -- 0x7f21bc064e20 con 0x7f21bc10a640
2024-05-14T09:34:53.516 INFO:teuthology.orchestra.run.smithi033.stdout:/usr/bin/ceph: stderr
2024-05-14T09:34:52.389+0000 7f21b37fe700 1 --2- 172.21.15.33:0/751480546 >> [v2:172.21.15.33:6800/1525502396,v1:172.21.15.33:6801/1525502396] conn(0x7f21a803e580 0x7f21a8040a90 unknown :-1 s=NONE pgs=0 cs=0 l=1 rev1=0 crypto rx=0 tx=0 comp rx=0 tx=0).connect
2024-05-14T09:34:53.516 INFO:teuthology.orchestra.run.smithi033.stdout:/usr/bin/ceph: stderr
2024-05-14T09:34:52.390+0000 7f21b37fe700 1 -- 172.21.15.33:0/751480546 <== mon.0 v2:172.21.15.33:3300/0 5 ==== osd_map(3..3 src has 1..3) ==== 1155+0+0 (secure 0 0 0) 0x7f21b8054220 con 0x7f21bc10a640
2024-05-14T09:34:53.516 INFO:teuthology.orchestra.run.smithi033.stdout:/usr/bin/ceph: stderr
2024-05-14T09:34:52.390+0000 7f21c1c54700 1 --2- 172.21.15.33:0/751480546 >> [v2:172.21.15.33:6800/1525502396,v1:172.21.15.33:6801/1525502396] conn(0x7f21a803e580 0x7f21a8040a90 unknown :-1 s=BANNER_CONNECTING pgs=0 cs=0 l=1 rev1=0 crypto rx=0 tx=0 comp rx=0 tx=0)._handle_peer_banner_payload supported=3 required=0
2024-05-14T09:34:53.516 INFO:teuthology.orchestra.run.smithi033.stdout:/usr/bin/ceph: stderr
2024-05-14T09:34:52.390+0000 7f21c1c54700 1 --2- 172.21.15.33:0/751480546 >> [v2:172.21.15.33:6800/1525502396,v1:172.21.15.33:6801/1525502396] conn(0x7f21a803e580 0x7f21a8040a90 secure :-1 s=READY pgs=7 cs=0 l=1 rev1=1 crypto rx=0x7f21ac006fd0 tx=0x7f21ac006e40 comp rx=0 tx=0).ready entity=mgr.14152 client_cookie=0 server_cookie=0 in_seq=0 out_seq=0
2024-05-14T09:34:53.517 INFO:teuthology.orchestra.run.smithi033.stdout:/usr/bin/ceph: stderr
2024-05-14T09:34:52.395+0000 7f21b37fe700 1 -- 172.21.15.33:0/751480546 <== mon.0 v2:172.21.15.33:3300/0 6 ==== mon_command_ack([{"prefix": "get_command_descriptions"}]=0 v0) ==== 72+0+191963 (secure 0 0 0) 0x7f21b801f030 con 0x7f21bc10a640
2024-05-14T09:34:53.517 INFO:teuthology.orchestra.run.smithi033.stdout:/usr/bin/ceph: stderr
2024-05-14T09:34:52.622+0000 7f21c46b9700 1 -- 172.21.15.33:0/751480546 --> [v2:172.21.15.33:6800/1525502396,v1:172.21.15.33:6801/1525502396] -- mgr_command(tid 0: {"prefix": "dashboard create-self-signed-cert", "target": ["mon-mgr", ""]}) -- 0x7f21bc106090 con 0x7f21a803e580
2024-05-14T09:34:53.517 INFO:teuthology.orchestra.run.smithi033.stdout:/usr/bin/ceph: stderr
2024-05-14T09:34:52.843+0000 7f21b37fe700 1 -- 172.21.15.33:0/751480546 <== mgr.14152 v2:172.21.15.33:6800/1525502396 1 ==== mgr_command_reply(tid 0: 0 ) ==== 8+0+32 (secure 0 0 0) 0x7f21bc106090 con 0x7f21a803e580
2024-05-14T09:34:53.517 INFO:teuthology.orchestra.run.smithi033.stdout:/usr/bin/ceph: stderr
2024-05-14T09:34:52.845+0000 7f21c46b9700 1 -- 172.21.15.33:0/751480546 >> [v2:172.21.15.33:6800/1525502396,v1:172.21.15.33:6801/1525502396] conn(0x7f21a803e580 msgr2=0x7f21a8040a90 secure :-1 s=STATE_CONNECTION_ESTABLISHED l=1).mark_down
2024-05-14T09:34:53.517 INFO:teuthology.orchestra.run.smithi033.stdout:/usr/bin/ceph: stderr
2024-05-14T09:34:52.845+0000 7f21c46b9700 1 --2- 172.21.15.33:0/751480546 >> [v2:172.21.15.33:6800/1525502396,v1:172.21.15.33:6801/1525502396] conn(0x7f21a803e580 0x7f21a8040a90 secure :-1 s=READY pgs=7 cs=0 l=1 rev1=1 crypto rx=0x7f21ac006fd0 tx=0x7f21ac006e40 comp rx=0 tx=0).stop
2024-05-14T09:34:53.517 INFO:teuthology.orchestra.run.smithi033.stdout:/usr/bin/ceph: stderr
2024-05-14T09:34:52.845+0000 7f21c46b9700 1 -- 172.21.15.33:0/751480546 >> [v2:172.21.15.33:3300/0,v1:172.21.15.33:6789/0] conn(0x7f21bc10a640 msgr2=0x7f21bc19de60 secure :-1 s=STATE_CONNECTION_ESTABLISHED l=1).mark_down
2024-05-14T09:34:53.517 INFO:teuthology.orchestra.run.smithi033.stdout:/usr/bin/ceph: stderr
2024-05-14T09:34:52.845+0000 7f21c46b9700 1 --2- 172.21.15.33:0/751480546 >> [v2:172.21.15.33:3300/0,v1:172.21.15.33:6789/0] conn(0x7f21bc10a640 0x7f21bc19de60 secure :-1 s=READY pgs=71 cs=0 l=1 rev1=1 crypto rx=0x7f21b8009520 tx=0x7f21b8011aa0 comp rx=0 tx=0).stop
2024-05-14T09:34:53.517 INFO:teuthology.orchestra.run.smithi033.stdout:/usr/bin/ceph: stderr
2024-05-14T09:34:52.845+0000 7f21c46b9700 1 -- 172.21.15.33:0/751480546 shutdown_connections
2024-05-14T09:34:53.517 INFO:teuthology.orchestra.run.smithi033.stdout:/usr/bin/ceph: stderr
2024-05-14T09:34:52.845+0000 7f21c46b9700 1 --2- 172.21.15.33:0/751480546 >> [v2:172.21.15.33:6800/1525502396,v1:172.21.15.33:6801/1525502396] conn(0x7f21a803e580 0x7f21a8040a90 unknown :-1 s=CLOSED pgs=7 cs=0 l=1 rev1=1 crypto rx=0 tx=0 comp rx=0 tx=0).stop
2024-05-14T09:34:53.517 INFO:teuthology.orchestra.run.smithi033.stdout:/usr/bin/ceph: stderr
2024-05-14T09:34:52.845+0000 7f21c46b9700 1 --2- 172.21.15.33:0/751480546 >> [v2:172.21.15.33:3300/0,v1:172.21.15.33:6789/0] conn(0x7f21bc10a640 0x7f21bc19de60 unknown :-1 s=CLOSED pgs=71 cs=0 l=1 rev1=1 crypto rx=0 tx=0 comp rx=0 tx=0).stop
2024-05-14T09:34:53.517 INFO:teuthology.orchestra.run.smithi033.stdout:/usr/bin/ceph: stderr
2024-05-14T09:34:52.846+0000 7f21c46b9700 1 -- 172.21.15.33:0/751480546 >> 172.21.15.33:0/751480546 conn(0x7f21bc104120 msgr2=0x7f21bc105980 unknown :-1 s=STATE_NONE l=0).mark_down
2024-05-14T09:34:53.517 INFO:teuthology.orchestra.run.smithi033.stdout:/usr/bin/ceph: stderr
2024-05-14T09:34:52.846+0000 7f21c46b9700 1 -- 172.21.15.33:0/751480546 shutdown_connections
2024-05-14T09:34:53.517 INFO:teuthology.orchestra.run.smithi033.stdout:/usr/bin/ceph: stderr
2024-05-14T09:34:52.846+0000 7f21c46b9700 1 -- 172.21.15.33:0/751480546 wait complete.
2024-05-14T09:34:53.517 INFO:teuthology.orchestra.run.smithi033.stdout:Creating initial admin user...
2024-05-14T09:34:54.354 INFO:journalctl@ceph.mon.a.smithi033.stdout:May 14 09:34:54 smithi033 ceph-mon[31867]: from='client.14164 -' entity='client.admin' cmd=[{"prefix": "dashboard create-self-signed-cert", "target": ["mon-mgr", ""]}]: dispatch
2024-05-14T09:34:54.354 INFO:journalctl@ceph.mon.a.smithi033.stdout:May 14 09:34:54 smithi033 ceph-mon[31867]: from='mgr.14152 172.21.15.33:0/917671118' entity='mgr.x'
2024-05-14T09:34:55.075 INFO:teuthology.orchestra.run.smithi033.stdout:/usr/bin/ceph: stdout {"username": "admin", "password": "$2b$12$xagRXKm9/6hL4RbLauBPKuKvmJR2YpchoCJqK5.9GYJ/nJxF5v2lK", "roles": ["administrator"], "name": null, "email": null, "lastUpdate": 1715679294, "enabled": true, "pwdExpirationDate": null, "pwdUpdateRequired": true}
2024-05-14T09:34:55.075 INFO:teuthology.orchestra.run.smithi033.stdout:/usr/bin/ceph: stderr
2024-05-14T09:34:53.914+0000 7f4f01596700 1 Processor -- start
2024-05-14T09:34:55.075 INFO:teuthology.orchestra.run.smithi033.stdout:/usr/bin/ceph: stderr
2024-05-14T09:34:53.914+0000 7f4f01596700 1 -- start start
2024-05-14T09:34:55.075 INFO:teuthology.orchestra.run.smithi033.stdout:/usr/bin/ceph: stderr
2024-05-14T09:34:53.914+0000 7f4f01596700 1 --2- >> [v2:172.21.15.33:3300/0,v1:172.21.15.33:6789/0] conn(0x7f4efc10b0e0 0x7f4efc10b4f0 unknown :-1 s=NONE pgs=0 cs=0 l=0 rev1=0 crypto rx=0 tx=0 comp rx=0 tx=0).connect
2024-05-14T09:34:55.075 INFO:teuthology.orchestra.run.smithi033.stdout:/usr/bin/ceph: stderr
2024-05-14T09:34:53.914+0000 7f4f01596700 1 -- --> [v2:172.21.15.33:3300/0,v1:172.21.15.33:6789/0] -- mon_getmap magic: 0 -- 0x7f4efc10bac0 con 0x7f4efc10b0e0
2024-05-14T09:34:55.076 INFO:teuthology.orchestra.run.smithi033.stdout:/usr/bin/ceph: stderr
2024-05-14T09:34:53.915+0000 7f4efaffd700 1 --2- >> [v2:172.21.15.33:3300/0,v1:172.21.15.33:6789/0] conn(0x7f4efc10b0e0 0x7f4efc10b4f0 unknown :-1 s=BANNER_CONNECTING pgs=0 cs=0 l=0 rev1=0 crypto rx=0 tx=0 comp rx=0 tx=0)._handle_peer_banner_payload supported=3 required=0
2024-05-14T09:34:55.076 INFO:teuthology.orchestra.run.smithi033.stdout:/usr/bin/ceph: stderr
2024-05-14T09:34:53.915+0000 7f4efaffd700 1 --2- >> [v2:172.21.15.33:3300/0,v1:172.21.15.33:6789/0] conn(0x7f4efc10b0e0 0x7f4efc10b4f0 unknown :-1 s=HELLO_CONNECTING pgs=0 cs=0 l=0 rev1=1 crypto rx=0 tx=0 comp rx=0 tx=0).handle_hello peer v2:172.21.15.33:3300/0 says I am v2:172.21.15.33:44294/0 (socket says 172.21.15.33:44294)
2024-05-14T09:34:55.076 INFO:teuthology.orchestra.run.smithi033.stdout:/usr/bin/ceph: stderr
2024-05-14T09:34:53.915+0000 7f4efaffd700 1 -- 172.21.15.33:0/724176584 learned_addr learned my addr 172.21.15.33:0/724176584 (peer_addr_for_me v2:172.21.15.33:0/0)
2024-05-14T09:34:55.076 INFO:teuthology.orchestra.run.smithi033.stdout:/usr/bin/ceph: stderr
2024-05-14T09:34:53.915+0000 7f4efaffd700 1 -- 172.21.15.33:0/724176584 --> [v2:172.21.15.33:3300/0,v1:172.21.15.33:6789/0] -- mon_subscribe({config=0+,monmap=0+}) -- 0x7f4efc10bc40 con 0x7f4efc10b0e0
2024-05-14T09:34:55.076 INFO:teuthology.orchestra.run.smithi033.stdout:/usr/bin/ceph: stderr
2024-05-14T09:34:53.915+0000 7f4efaffd700 1 --2- 172.21.15.33:0/724176584 >> [v2:172.21.15.33:3300/0,v1:172.21.15.33:6789/0] conn(0x7f4efc10b0e0 0x7f4efc10b4f0 secure :-1 s=READY pgs=72 cs=0 l=1 rev1=1 crypto rx=0x7f4eec0098a0 tx=0x7f4eec009bb0 comp rx=0 tx=0).ready entity=mon.0 client_cookie=d8eac30155a991ed server_cookie=0 in_seq=0 out_seq=0
2024-05-14T09:34:55.076 INFO:teuthology.orchestra.run.smithi033.stdout:/usr/bin/ceph: stderr
2024-05-14T09:34:53.915+0000 7f4ef9ffb700 1 -- 172.21.15.33:0/724176584 <== mon.0 v2:172.21.15.33:3300/0 1 ==== mon_map magic: 0 ==== 205+0+0 (secure 0 0 0) 0x7f4eec004160 con 0x7f4efc10b0e0
2024-05-14T09:34:55.076 INFO:teuthology.orchestra.run.smithi033.stdout:/usr/bin/ceph: stderr
2024-05-14T09:34:53.915+0000 7f4ef9ffb700 1 -- 172.21.15.33:0/724176584 <== mon.0 v2:172.21.15.33:3300/0 2 ==== config(26 keys) ==== 1101+0+0 (secure 0 0 0) 0x7f4eec004300 con 0x7f4efc10b0e0
2024-05-14T09:34:55.076 INFO:teuthology.orchestra.run.smithi033.stdout:/usr/bin/ceph: stderr
2024-05-14T09:34:53.915+0000 7f4ef9ffb700 1 -- 172.21.15.33:0/724176584 <== mon.0 v2:172.21.15.33:3300/0 3 ==== mon_map magic: 0 ==== 205+0+0 (secure 0 0 0) 0x7f4eec011a20 con 0x7f4efc10b0e0
2024-05-14T09:34:55.076 INFO:teuthology.orchestra.run.smithi033.stdout:/usr/bin/ceph: stderr
2024-05-14T09:34:53.916+0000 7f4f01596700 1 -- 172.21.15.33:0/724176584 >> [v2:172.21.15.33:3300/0,v1:172.21.15.33:6789/0] conn(0x7f4efc10b0e0 msgr2=0x7f4efc10b4f0 secure :-1 s=STATE_CONNECTION_ESTABLISHED l=1).mark_down
2024-05-14T09:34:55.076 INFO:teuthology.orchestra.run.smithi033.stdout:/usr/bin/ceph: stderr
2024-05-14T09:34:53.916+0000 7f4f01596700 1 --2- 172.21.15.33:0/724176584 >> [v2:172.21.15.33:3300/0,v1:172.21.15.33:6789/0] conn(0x7f4efc10b0e0 0x7f4efc10b4f0 secure :-1 s=READY pgs=72 cs=0 l=1 rev1=1 crypto rx=0x7f4eec0098a0 tx=0x7f4eec009bb0 comp rx=0 tx=0).stop
2024-05-14T09:34:55.076 INFO:teuthology.orchestra.run.smithi033.stdout:/usr/bin/ceph: stderr
2024-05-14T09:34:53.916+0000 7f4f01596700 1 -- 172.21.15.33:0/724176584 shutdown_connections
2024-05-14T09:34:55.076 INFO:teuthology.orchestra.run.smithi033.stdout:/usr/bin/ceph: stderr
2024-05-14T09:34:53.916+0000 7f4f01596700 1 --2- 172.21.15.33:0/724176584 >> [v2:172.21.15.33:3300/0,v1:172.21.15.33:6789/0] conn(0x7f4efc10b0e0 0x7f4efc10b4f0 unknown :-1 s=CLOSED pgs=72 cs=0 l=1 rev1=1 crypto rx=0 tx=0 comp rx=0 tx=0).stop
2024-05-14T09:34:55.076 INFO:teuthology.orchestra.run.smithi033.stdout:/usr/bin/ceph: stderr
2024-05-14T09:34:53.916+0000 7f4f01596700 1 -- 172.21.15.33:0/724176584 >> 172.21.15.33:0/724176584 conn(0x7f4efc103860 msgr2=0x7f4efc105cd0 unknown :-1 s=STATE_NONE l=0).mark_down
2024-05-14T09:34:55.076 INFO:teuthology.orchestra.run.smithi033.stdout:/usr/bin/ceph: stderr
2024-05-14T09:34:53.917+0000 7f4f01596700 1 -- 172.21.15.33:0/724176584 shutdown_connections
2024-05-14T09:34:55.076 INFO:teuthology.orchestra.run.smithi033.stdout:/usr/bin/ceph: stderr
2024-05-14T09:34:53.917+0000 7f4f01596700 1 -- 172.21.15.33:0/724176584 wait complete.
2024-05-14T09:34:55.077 INFO:teuthology.orchestra.run.smithi033.stdout:/usr/bin/ceph: stderr
2024-05-14T09:34:53.917+0000 7f4f01596700 1 Processor -- start
2024-05-14T09:34:55.077 INFO:teuthology.orchestra.run.smithi033.stdout:/usr/bin/ceph: stderr
2024-05-14T09:34:53.918+0000 7f4f01596700 1 -- start start
2024-05-14T09:34:55.077 INFO:teuthology.orchestra.run.smithi033.stdout:/usr/bin/ceph: stderr
2024-05-14T09:34:53.918+0000 7f4f01596700 1 --2- >> [v2:172.21.15.33:3300/0,v1:172.21.15.33:6789/0] conn(0x7f4efc10b0e0 0x7f4efc19de30 unknown :-1 s=NONE pgs=0 cs=0 l=1 rev1=0 crypto rx=0 tx=0 comp rx=0 tx=0).connect
2024-05-14T09:34:55.077 INFO:teuthology.orchestra.run.smithi033.stdout:/usr/bin/ceph: stderr
2024-05-14T09:34:53.918+0000 7f4f01596700 1 -- --> [v2:172.21.15.33:3300/0,v1:172.21.15.33:6789/0] -- mon_getmap magic: 0 -- 0x7f4efc10e080 con 0x7f4efc10b0e0
2024-05-14T09:34:55.077 INFO:teuthology.orchestra.run.smithi033.stdout:/usr/bin/ceph: stderr
2024-05-14T09:34:53.918+0000 7f4efaffd700 1 --2- >> [v2:172.21.15.33:3300/0,v1:172.21.15.33:6789/0] conn(0x7f4efc10b0e0 0x7f4efc19de30 unknown :-1 s=BANNER_CONNECTING pgs=0 cs=0 l=1 rev1=0 crypto rx=0 tx=0 comp rx=0 tx=0)._handle_peer_banner_payload supported=3 required=0
2024-05-14T09:34:55.077 INFO:teuthology.orchestra.run.smithi033.stdout:/usr/bin/ceph: stderr
2024-05-14T09:34:53.918+0000 7f4efaffd700 1 --2- >> [v2:172.21.15.33:3300/0,v1:172.21.15.33:6789/0] conn(0x7f4efc10b0e0 0x7f4efc19de30 unknown :-1 s=HELLO_CONNECTING pgs=0 cs=0 l=1 rev1=1 crypto rx=0 tx=0 comp rx=0 tx=0).handle_hello peer v2:172.21.15.33:3300/0 says I am v2:172.21.15.33:44310/0 (socket says 172.21.15.33:44310)
2024-05-14T09:34:55.077 INFO:teuthology.orchestra.run.smithi033.stdout:/usr/bin/ceph: stderr
2024-05-14T09:34:53.918+0000 7f4efaffd700 1 -- 172.21.15.33:0/2698419209 learned_addr learned my addr 172.21.15.33:0/2698419209 (peer_addr_for_me v2:172.21.15.33:0/0)
2024-05-14T09:34:55.077 INFO:teuthology.orchestra.run.smithi033.stdout:/usr/bin/ceph: stderr
2024-05-14T09:34:53.919+0000 7f4efaffd700 1 -- 172.21.15.33:0/2698419209 --> [v2:172.21.15.33:3300/0,v1:172.21.15.33:6789/0] -- mon_subscribe({config=0+,monmap=0+}) -- 0x7f4efc19e370 con 0x7f4efc10b0e0
2024-05-14T09:34:55.077 INFO:teuthology.orchestra.run.smithi033.stdout:/usr/bin/ceph: stderr
2024-05-14T09:34:53.919+0000 7f4efaffd700 1 --2- 172.21.15.33:0/2698419209 >> [v2:172.21.15.33:3300/0,v1:172.21.15.33:6789/0] conn(0x7f4efc10b0e0 0x7f4efc19de30 secure :-1 s=READY pgs=73 cs=0 l=1 rev1=1 crypto rx=0x7f4eec009520 tx=0x7f4eec011aa0 comp rx=0 tx=0).ready entity=mon.0 client_cookie=0 server_cookie=0 in_seq=0 out_seq=0
2024-05-14T09:34:55.077 INFO:teuthology.orchestra.run.smithi033.stdout:/usr/bin/ceph: stderr
2024-05-14T09:34:53.919+0000 7f4ef3fff700 1 -- 172.21.15.33:0/2698419209 <== mon.0 v2:172.21.15.33:3300/0 1 ==== mon_map magic: 0 ==== 205+0+0 (secure 0 0 0) 0x7f4eec0039e0 con 0x7f4efc10b0e0
2024-05-14T09:34:55.077 INFO:teuthology.orchestra.run.smithi033.stdout:/usr/bin/ceph: stderr
2024-05-14T09:34:53.919+0000 7f4f01596700 1 -- 172.21.15.33:0/2698419209 --> [v2:172.21.15.33:3300/0,v1:172.21.15.33:6789/0] -- mon_subscribe({mgrmap=0+}) -- 0x7f4efc19e600 con 0x7f4efc10b0e0
2024-05-14T09:34:55.077 INFO:teuthology.orchestra.run.smithi033.stdout:/usr/bin/ceph: stderr
2024-05-14T09:34:53.919+0000 7f4ef3fff700 1 -- 172.21.15.33:0/2698419209 <== mon.0 v2:172.21.15.33:3300/0 2 ==== config(26 keys) ==== 1101+0+0 (secure 0 0 0) 0x7f4eec01b8f0 con 0x7f4efc10b0e0
2024-05-14T09:34:55.077 INFO:teuthology.orchestra.run.smithi033.stdout:/usr/bin/ceph: stderr
2024-05-14T09:34:53.919+0000 7f4f01596700 1 -- 172.21.15.33:0/2698419209 --> [v2:172.21.15.33:3300/0,v1:172.21.15.33:6789/0] -- mon_subscribe({osdmap=0}) -- 0x7f4efc1a1210 con 0x7f4efc10b0e0
2024-05-14T09:34:55.077 INFO:teuthology.orchestra.run.smithi033.stdout:/usr/bin/ceph: stderr
2024-05-14T09:34:53.919+0000 7f4ef3fff700 1 -- 172.21.15.33:0/2698419209 <== mon.0 v2:172.21.15.33:3300/0 3 ==== mon_map magic: 0 ==== 205+0+0 (secure 0 0 0) 0x7f4eec004300 con 0x7f4efc10b0e0
2024-05-14T09:34:55.078 INFO:teuthology.orchestra.run.smithi033.stdout:/usr/bin/ceph: stderr
2024-05-14T09:34:53.920+0000 7f4f01596700 1 -- 172.21.15.33:0/2698419209 --> [v2:172.21.15.33:3300/0,v1:172.21.15.33:6789/0] -- mon_command({"prefix": "get_command_descriptions"} v 0) -- 0x7f4efc064e20 con 0x7f4efc10b0e0
2024-05-14T09:34:55.078 INFO:teuthology.orchestra.run.smithi033.stdout:/usr/bin/ceph: stderr
2024-05-14T09:34:53.920+0000 7f4ef3fff700 1 -- 172.21.15.33:0/2698419209 <== mon.0 v2:172.21.15.33:3300/0 4 ==== mgrmap(e 12) ==== 50235+0+0 (secure 0 0 0) 0x7f4eec0196d0 con 0x7f4efc10b0e0
2024-05-14T09:34:55.078 INFO:teuthology.orchestra.run.smithi033.stdout:/usr/bin/ceph: stderr
2024-05-14T09:34:53.921+0000 7f4ef3fff700 1 --2- 172.21.15.33:0/2698419209 >> [v2:172.21.15.33:6800/1525502396,v1:172.21.15.33:6801/1525502396] conn(0x7f4ee803e720 0x7f4ee8040c30 unknown :-1 s=NONE pgs=0 cs=0 l=1 rev1=0 crypto rx=0 tx=0 comp rx=0 tx=0).connect
2024-05-14T09:34:55.078 INFO:teuthology.orchestra.run.smithi033.stdout:/usr/bin/ceph: stderr
2024-05-14T09:34:53.921+0000 7f4ef3fff700 1 -- 172.21.15.33:0/2698419209 <== mon.0 v2:172.21.15.33:3300/0 5 ==== osd_map(3..3 src has 1..3) ==== 1155+0+0 (secure 0 0 0) 0x7f4eec0540d0 con 0x7f4efc10b0e0
2024-05-14T09:34:55.078 INFO:teuthology.orchestra.run.smithi033.stdout:/usr/bin/ceph: stderr
2024-05-14T09:34:53.921+0000 7f4efa7fc700 1 --2- 172.21.15.33:0/2698419209 >> [v2:172.21.15.33:6800/1525502396,v1:172.21.15.33:6801/1525502396] conn(0x7f4ee803e720 0x7f4ee8040c30 unknown :-1 s=BANNER_CONNECTING pgs=0 cs=0 l=1 rev1=0 crypto rx=0 tx=0 comp rx=0 tx=0)._handle_peer_banner_payload supported=3 required=0
2024-05-14T09:34:55.078 INFO:teuthology.orchestra.run.smithi033.stdout:/usr/bin/ceph: stderr
2024-05-14T09:34:53.921+0000 7f4efa7fc700 1 --2- 172.21.15.33:0/2698419209 >> [v2:172.21.15.33:6800/1525502396,v1:172.21.15.33:6801/1525502396] conn(0x7f4ee803e720 0x7f4ee8040c30 secure :-1 s=READY pgs=8 cs=0 l=1 rev1=1 crypto rx=0x7f4ee4006fd0 tx=0x7f4ee4006e40 comp rx=0 tx=0).ready entity=mgr.14152 client_cookie=0 server_cookie=0 in_seq=0 out_seq=0
2024-05-14T09:34:55.078 INFO:teuthology.orchestra.run.smithi033.stdout:/usr/bin/ceph: stderr
2024-05-14T09:34:53.927+0000 7f4ef3fff700 1 -- 172.21.15.33:0/2698419209 <== mon.0 v2:172.21.15.33:3300/0 6 ==== mon_command_ack([{"prefix": "get_command_descriptions"}]=0 v0) ==== 72+0+191963 (secure 0 0 0) 0x7f4eec01f030 con 0x7f4efc10b0e0
2024-05-14T09:34:55.078 INFO:teuthology.orchestra.run.smithi033.stdout:/usr/bin/ceph: stderr
2024-05-14T09:34:54.163+0000 7f4f01596700 1 -- 172.21.15.33:0/2698419209 --> [v2:172.21.15.33:6800/1525502396,v1:172.21.15.33:6801/1525502396] -- mgr_command(tid 0: {"prefix": "dashboard ac-user-create", "username": "admin", "rolename": "administrator", "force_password": true, "pwd_update_required": true, "target": ["mon-mgr", ""]}) -- 0x7f4efc1a14a0 con 0x7f4ee803e720
2024-05-14T09:34:55.078 INFO:teuthology.orchestra.run.smithi033.stdout:/usr/bin/ceph: stderr
2024-05-14T09:34:54.410+0000 7f4ef3fff700 1 -- 172.21.15.33:0/2698419209 <== mgr.14152 v2:172.21.15.33:6800/1525502396 1 ==== mgr_command_reply(tid 0: 0 ) ==== 8+0+252 (secure 0 0 0) 0x7f4efc1a14a0 con 0x7f4ee803e720
2024-05-14T09:34:55.078 INFO:teuthology.orchestra.run.smithi033.stdout:/usr/bin/ceph: stderr
2024-05-14T09:34:54.412+0000 7f4f01596700 1 -- 172.21.15.33:0/2698419209 >> [v2:172.21.15.33:6800/1525502396,v1:172.21.15.33:6801/1525502396] conn(0x7f4ee803e720 msgr2=0x7f4ee8040c30 secure :-1 s=STATE_CONNECTION_ESTABLISHED l=1).mark_down
2024-05-14T09:34:55.078 INFO:teuthology.orchestra.run.smithi033.stdout:/usr/bin/ceph: stderr
2024-05-14T09:34:54.412+0000 7f4f01596700 1 --2- 172.21.15.33:0/2698419209 >> [v2:172.21.15.33:6800/1525502396,v1:172.21.15.33:6801/1525502396] conn(0x7f4ee803e720 0x7f4ee8040c30 secure :-1 s=READY pgs=8 cs=0 l=1 rev1=1 crypto rx=0x7f4ee4006fd0 tx=0x7f4ee4006e40 comp rx=0 tx=0).stop
2024-05-14T09:34:55.078 INFO:teuthology.orchestra.run.smithi033.stdout:/usr/bin/ceph: stderr
2024-05-14T09:34:54.412+0000 7f4f01596700 1 -- 172.21.15.33:0/2698419209 >> [v2:172.21.15.33:3300/0,v1:172.21.15.33:6789/0] conn(0x7f4efc10b0e0 msgr2=0x7f4efc19de30 secure :-1 s=STATE_CONNECTION_ESTABLISHED l=1).mark_down
2024-05-14T09:34:55.078 INFO:teuthology.orchestra.run.smithi033.stdout:/usr/bin/ceph: stderr
2024-05-14T09:34:54.412+0000 7f4f01596700 1 --2- 172.21.15.33:0/2698419209 >> [v2:172.21.15.33:3300/0,v1:172.21.15.33:6789/0] conn(0x7f4efc10b0e0 0x7f4efc19de30 secure :-1 s=READY pgs=73 cs=0 l=1 rev1=1 crypto rx=0x7f4eec009520 tx=0x7f4eec011aa0 comp rx=0 tx=0).stop
2024-05-14T09:34:55.078 INFO:teuthology.orchestra.run.smithi033.stdout:/usr/bin/ceph: stderr
2024-05-14T09:34:54.412+0000 7f4f01596700 1 -- 172.21.15.33:0/2698419209 shutdown_connections
2024-05-14T09:34:55.078 INFO:teuthology.orchestra.run.smithi033.stdout:/usr/bin/ceph: stderr
2024-05-14T09:34:54.412+0000 7f4f01596700 1 --2- 172.21.15.33:0/2698419209 >> [v2:172.21.15.33:6800/1525502396,v1:172.21.15.33:6801/1525502396] conn(0x7f4ee803e720 0x7f4ee8040c30 unknown :-1 s=CLOSED pgs=8 cs=0 l=1 rev1=1 crypto rx=0 tx=0 comp rx=0 tx=0).stop
2024-05-14T09:34:55.079 INFO:teuthology.orchestra.run.smithi033.stdout:/usr/bin/ceph: stderr
2024-05-14T09:34:54.412+0000 7f4f01596700 1 --2- 172.21.15.33:0/2698419209 >> [v2:172.21.15.33:3300/0,v1:172.21.15.33:6789/0] conn(0x7f4efc10b0e0 0x7f4efc19de30 unknown :-1 s=CLOSED pgs=73 cs=0 l=1 rev1=1 crypto rx=0 tx=0 comp rx=0 tx=0).stop
2024-05-14T09:34:55.079 INFO:teuthology.orchestra.run.smithi033.stdout:/usr/bin/ceph: stderr
2024-05-14T09:34:54.412+0000 7f4f01596700 1 -- 172.21.15.33:0/2698419209 >> 172.21.15.33:0/2698419209 conn(0x7f4efc103860 msgr2=0x7f4efc1040e0 unknown :-1 s=STATE_NONE l=0).mark_down
2024-05-14T09:34:55.079 INFO:teuthology.orchestra.run.smithi033.stdout:/usr/bin/ceph: stderr
2024-05-14T09:34:54.412+0000 7f4f01596700 1 -- 172.21.15.33:0/2698419209 shutdown_connections
2024-05-14T09:34:55.079 INFO:teuthology.orchestra.run.smithi033.stdout:/usr/bin/ceph: stderr
2024-05-14T09:34:54.412+0000 7f4f01596700 1 -- 172.21.15.33:0/2698419209 wait complete.
2024-05-14T09:34:55.079 INFO:teuthology.orchestra.run.smithi033.stdout:Fetching dashboard port number...
2024-05-14T09:34:55.689 INFO:journalctl@ceph.mon.a.smithi033.stdout:May 14 09:34:55 smithi033 ceph-mon[31867]: from='client.14166 -' entity='client.admin' cmd=[{"prefix": "dashboard ac-user-create", "username": "admin", "rolename": "administrator", "force_password": true, "pwd_update_required": true, "target": ["mon-mgr", ""]}]: dispatch
2024-05-14T09:34:55.689 INFO:journalctl@ceph.mon.a.smithi033.stdout:May 14 09:34:55 smithi033 ceph-mon[31867]: from='mgr.14152 172.21.15.33:0/917671118' entity='mgr.x'
2024-05-14T09:34:56.496 INFO:journalctl@ceph.mon.a.smithi033.stdout:May 14 09:34:56 smithi033 ceph-mon[31867]: from='client.? 172.21.15.33:0/3806573801' entity='client.admin' cmd=[{"prefix": "config get", "who": "mgr", "key": "mgr/dashboard/ssl_server_port"}]: dispatch
2024-05-14T09:34:56.776 INFO:teuthology.orchestra.run.smithi033.stdout:/usr/bin/ceph: stdout 8443
2024-05-14T09:34:56.776 INFO:teuthology.orchestra.run.smithi033.stdout:/usr/bin/ceph: stderr
2024-05-14T09:34:56.016+0000 7f51144f7700 1 Processor -- start
2024-05-14T09:34:56.776 INFO:teuthology.orchestra.run.smithi033.stdout:/usr/bin/ceph: stderr
2024-05-14T09:34:56.016+0000 7f51144f7700 1 -- start start
2024-05-14T09:34:56.776 INFO:teuthology.orchestra.run.smithi033.stdout:/usr/bin/ceph: stderr
2024-05-14T09:34:56.017+0000 7f51144f7700 1 --2- >> [v2:172.21.15.33:3300/0,v1:172.21.15.33:6789/0] conn(0x7f510c108a60 0x7f510c108e70 unknown :-1 s=NONE pgs=0 cs=0 l=0 rev1=0 crypto rx=0 tx=0 comp rx=0 tx=0).connect
2024-05-14T09:34:56.776 INFO:teuthology.orchestra.run.smithi033.stdout:/usr/bin/ceph: stderr
2024-05-14T09:34:56.017+0000 7f51144f7700 1 -- --> [v2:172.21.15.33:3300/0,v1:172.21.15.33:6789/0] -- mon_getmap magic: 0 -- 0x7f510c109460 con 0x7f510c108a60
2024-05-14T09:34:56.776 INFO:teuthology.orchestra.run.smithi033.stdout:/usr/bin/ceph: stderr
2024-05-14T09:34:56.017+0000 7f5112293700 1 --2- >> [v2:172.21.15.33:3300/0,v1:172.21.15.33:6789/0] conn(0x7f510c108a60 0x7f510c108e70 unknown :-1 s=BANNER_CONNECTING pgs=0 cs=0 l=0 rev1=0 crypto rx=0 tx=0 comp rx=0 tx=0)._handle_peer_banner_payload supported=3 required=0
2024-05-14T09:34:56.776 INFO:teuthology.orchestra.run.smithi033.stdout:/usr/bin/ceph: stderr
2024-05-14T09:34:56.017+0000 7f5112293700 1 --2- >> [v2:172.21.15.33:3300/0,v1:172.21.15.33:6789/0] conn(0x7f510c108a60 0x7f510c108e70 unknown :-1 s=HELLO_CONNECTING pgs=0 cs=0 l=0 rev1=1 crypto rx=0 tx=0 comp rx=0 tx=0).handle_hello peer v2:172.21.15.33:3300/0 says I am v2:172.21.15.33:44314/0 (socket says 172.21.15.33:44314)
2024-05-14T09:34:56.776 INFO:teuthology.orchestra.run.smithi033.stdout:/usr/bin/ceph: stderr
2024-05-14T09:34:56.017+0000 7f5112293700 1 -- 172.21.15.33:0/1697410158 learned_addr learned my addr 172.21.15.33:0/1697410158 (peer_addr_for_me v2:172.21.15.33:0/0)
2024-05-14T09:34:56.776 INFO:teuthology.orchestra.run.smithi033.stdout:/usr/bin/ceph: stderr
2024-05-14T09:34:56.017+0000 7f5112293700 1 -- 172.21.15.33:0/1697410158 --> [v2:172.21.15.33:3300/0,v1:172.21.15.33:6789/0] -- mon_subscribe({config=0+,monmap=0+}) -- 0x7f510c109b90 con 0x7f510c108a60
2024-05-14T09:34:56.776 INFO:teuthology.orchestra.run.smithi033.stdout:/usr/bin/ceph: stderr
2024-05-14T09:34:56.018+0000 7f5112293700 1 --2- 172.21.15.33:0/1697410158 >> [v2:172.21.15.33:3300/0,v1:172.21.15.33:6789/0] conn(0x7f510c108a60 0x7f510c108e70 secure :-1 s=READY pgs=74 cs=0 l=1 rev1=1 crypto rx=0x7f51080098a0 tx=0x7f5108009bb0 comp rx=0 tx=0).ready entity=mon.0 client_cookie=a7acb307578b0e34 server_cookie=0 in_seq=0 out_seq=0
2024-05-14T09:34:56.777 INFO:teuthology.orchestra.run.smithi033.stdout:/usr/bin/ceph: stderr
2024-05-14T09:34:56.018+0000 7f5111291700 1 -- 172.21.15.33:0/1697410158 <== mon.0 v2:172.21.15.33:3300/0 1 ==== mon_map magic: 0 ==== 205+0+0 (secure 0 0 0) 0x7f5108004160 con 0x7f510c108a60
2024-05-14T09:34:56.777 INFO:teuthology.orchestra.run.smithi033.stdout:/usr/bin/ceph: stderr
2024-05-14T09:34:56.018+0000 7f5111291700 1 -- 172.21.15.33:0/1697410158 <== mon.0 v2:172.21.15.33:3300/0 2 ==== config(26 keys) ==== 1101+0+0 (secure 0 0 0) 0x7f5108004300 con 0x7f510c108a60
2024-05-14T09:34:56.777 INFO:teuthology.orchestra.run.smithi033.stdout:/usr/bin/ceph: stderr
2024-05-14T09:34:56.018+0000 7f5111291700 1 -- 172.21.15.33:0/1697410158 <== mon.0 v2:172.21.15.33:3300/0 3 ==== mon_map magic: 0 ==== 205+0+0 (secure 0 0 0) 0x7f5108011a20 con 0x7f510c108a60
2024-05-14T09:34:56.777 INFO:teuthology.orchestra.run.smithi033.stdout:/usr/bin/ceph: stderr
2024-05-14T09:34:56.019+0000 7f51144f7700 1 -- 172.21.15.33:0/1697410158 >> [v2:172.21.15.33:3300/0,v1:172.21.15.33:6789/0] conn(0x7f510c108a60 msgr2=0x7f510c108e70 secure :-1 s=STATE_CONNECTION_ESTABLISHED l=1).mark_down
2024-05-14T09:34:56.777 INFO:teuthology.orchestra.run.smithi033.stdout:/usr/bin/ceph: stderr
2024-05-14T09:34:56.019+0000 7f51144f7700 1 --2- 172.21.15.33:0/1697410158 >> [v2:172.21.15.33:3300/0,v1:172.21.15.33:6789/0] conn(0x7f510c108a60 0x7f510c108e70 secure :-1 s=READY pgs=74 cs=0 l=1 rev1=1 crypto rx=0x7f51080098a0 tx=0x7f5108009bb0 comp rx=0 tx=0).stop
2024-05-14T09:34:56.777 INFO:teuthology.orchestra.run.smithi033.stdout:/usr/bin/ceph: stderr
2024-05-14T09:34:56.019+0000 7f51144f7700 1 -- 172.21.15.33:0/1697410158 shutdown_connections
2024-05-14T09:34:56.777 INFO:teuthology.orchestra.run.smithi033.stdout:/usr/bin/ceph: stderr
2024-05-14T09:34:56.019+0000 7f51144f7700 1 --2- 172.21.15.33:0/1697410158 >> [v2:172.21.15.33:3300/0,v1:172.21.15.33:6789/0] conn(0x7f510c108a60 0x7f510c108e70 unknown :-1 s=CLOSED pgs=74 cs=0 l=1 rev1=1 crypto rx=0 tx=0 comp rx=0 tx=0).stop
2024-05-14T09:34:56.777 INFO:teuthology.orchestra.run.smithi033.stdout:/usr/bin/ceph: stderr
2024-05-14T09:34:56.019+0000 7f51144f7700 1 -- 172.21.15.33:0/1697410158 >> 172.21.15.33:0/1697410158 conn(0x7f510c104120 msgr2=0x7f510c106570 unknown :-1 s=STATE_NONE l=0).mark_down
2024-05-14T09:34:56.777 INFO:teuthology.orchestra.run.smithi033.stdout:/usr/bin/ceph: stderr
2024-05-14T09:34:56.019+0000 7f51144f7700 1 -- 172.21.15.33:0/1697410158 shutdown_connections
2024-05-14T09:34:56.777 INFO:teuthology.orchestra.run.smithi033.stdout:/usr/bin/ceph: stderr
2024-05-14T09:34:56.019+0000 7f51144f7700 1 -- 172.21.15.33:0/1697410158 wait complete.
2024-05-14T09:34:56.777 INFO:teuthology.orchestra.run.smithi033.stdout:/usr/bin/ceph: stderr
2024-05-14T09:34:56.019+0000 7f51144f7700 1 Processor -- start
2024-05-14T09:34:56.777 INFO:teuthology.orchestra.run.smithi033.stdout:/usr/bin/ceph: stderr
2024-05-14T09:34:56.020+0000 7f51144f7700 1 -- start start
2024-05-14T09:34:56.777 INFO:teuthology.orchestra.run.smithi033.stdout:/usr/bin/ceph: stderr
2024-05-14T09:34:56.020+0000 7f51144f7700 1 --2- >> [v2:172.21.15.33:3300/0,v1:172.21.15.33:6789/0] conn(0x7f510c108a60 0x7f510c07c990 unknown :-1 s=NONE pgs=0 cs=0 l=1 rev1=0 crypto rx=0 tx=0 comp rx=0 tx=0).connect
2024-05-14T09:34:56.777 INFO:teuthology.orchestra.run.smithi033.stdout:/usr/bin/ceph: stderr
2024-05-14T09:34:56.020+0000 7f51144f7700 1 -- --> [v2:172.21.15.33:3300/0,v1:172.21.15.33:6789/0] -- mon_getmap magic: 0 -- 0x7f510c10cf40 con 0x7f510c108a60
2024-05-14T09:34:56.778 INFO:teuthology.orchestra.run.smithi033.stdout:/usr/bin/ceph: stderr
2024-05-14T09:34:56.020+0000 7f5112293700 1 --2- >> [v2:172.21.15.33:3300/0,v1:172.21.15.33:6789/0] conn(0x7f510c108a60 0x7f510c07c990 unknown :-1 s=BANNER_CONNECTING pgs=0 cs=0 l=1 rev1=0 crypto rx=0 tx=0 comp rx=0 tx=0)._handle_peer_banner_payload supported=3 required=0
2024-05-14T09:34:56.778 INFO:teuthology.orchestra.run.smithi033.stdout:/usr/bin/ceph: stderr
2024-05-14T09:34:56.020+0000 7f5112293700 1 --2- >> [v2:172.21.15.33:3300/0,v1:172.21.15.33:6789/0] conn(0x7f510c108a60 0x7f510c07c990 unknown :-1 s=HELLO_CONNECTING pgs=0 cs=0 l=1 rev1=1 crypto rx=0 tx=0 comp rx=0 tx=0).handle_hello peer v2:172.21.15.33:3300/0 says I am v2:172.21.15.33:44324/0 (socket says 172.21.15.33:44324)
2024-05-14T09:34:56.778 INFO:teuthology.orchestra.run.smithi033.stdout:/usr/bin/ceph: stderr
2024-05-14T09:34:56.020+0000 7f5112293700 1 -- 172.21.15.33:0/3806573801 learned_addr learned my addr 172.21.15.33:0/3806573801 (peer_addr_for_me v2:172.21.15.33:0/0)
2024-05-14T09:34:56.778 INFO:teuthology.orchestra.run.smithi033.stdout:/usr/bin/ceph: stderr
2024-05-14T09:34:56.020+0000 7f5112293700 1 -- 172.21.15.33:0/3806573801 --> [v2:172.21.15.33:3300/0,v1:172.21.15.33:6789/0] -- mon_subscribe({config=0+,monmap=0+}) -- 0x7f510c07ced0 con 0x7f510c108a60
2024-05-14T09:34:56.778 INFO:teuthology.orchestra.run.smithi033.stdout:/usr/bin/ceph: stderr
2024-05-14T09:34:56.020+0000 7f5112293700 1 --2- 172.21.15.33:0/3806573801 >> [v2:172.21.15.33:3300/0,v1:172.21.15.33:6789/0] conn(0x7f510c108a60 0x7f510c07c990 secure :-1 s=READY pgs=75 cs=0 l=1 rev1=1 crypto rx=0x7f5108009130 tx=0x7f5108011aa0 comp rx=0 tx=0).ready entity=mon.0 client_cookie=0 server_cookie=0 in_seq=0 out_seq=0
2024-05-14T09:34:56.778 INFO:teuthology.orchestra.run.smithi033.stdout:/usr/bin/ceph: stderr
2024-05-14T09:34:56.020+0000 7f51037fe700 1 -- 172.21.15.33:0/3806573801 <== mon.0 v2:172.21.15.33:3300/0 1 ==== mon_map magic: 0 ==== 205+0+0 (secure 0 0 0) 0x7f5108003aa0 con 0x7f510c108a60
2024-05-14T09:34:56.778 INFO:teuthology.orchestra.run.smithi033.stdout:/usr/bin/ceph: stderr
2024-05-14T09:34:56.021+0000 7f51144f7700 1 -- 172.21.15.33:0/3806573801 --> [v2:172.21.15.33:3300/0,v1:172.21.15.33:6789/0] -- mon_subscribe({mgrmap=0+}) -- 0x7f510c1a0c00 con 0x7f510c108a60
2024-05-14T09:34:56.778 INFO:teuthology.orchestra.run.smithi033.stdout:/usr/bin/ceph: stderr
2024-05-14T09:34:56.021+0000 7f51037fe700 1 -- 172.21.15.33:0/3806573801 <== mon.0 v2:172.21.15.33:3300/0 2 ==== config(26 keys) ==== 1101+0+0 (secure 0 0 0) 0x7f510801a8e0 con 0x7f510c108a60
2024-05-14T09:34:56.778 INFO:teuthology.orchestra.run.smithi033.stdout:/usr/bin/ceph: stderr
2024-05-14T09:34:56.021+0000 7f51037fe700 1 -- 172.21.15.33:0/3806573801 <== mon.0 v2:172.21.15.33:3300/0 3 ==== mon_map magic: 0 ==== 205+0+0 (secure 0 0 0) 0x7f51080248f0 con 0x7f510c108a60
2024-05-14T09:34:56.778 INFO:teuthology.orchestra.run.smithi033.stdout:/usr/bin/ceph: stderr
2024-05-14T09:34:56.021+0000 7f51144f7700 1 -- 172.21.15.33:0/3806573801 --> [v2:172.21.15.33:3300/0,v1:172.21.15.33:6789/0] -- mon_subscribe({osdmap=0}) -- 0x7f510c1a1080 con 0x7f510c108a60
2024-05-14T09:34:56.778 INFO:teuthology.orchestra.run.smithi033.stdout:/usr/bin/ceph: stderr
2024-05-14T09:34:56.022+0000 7f51144f7700 1 -- 172.21.15.33:0/3806573801 --> [v2:172.21.15.33:3300/0,v1:172.21.15.33:6789/0] -- mon_command({"prefix": "get_command_descriptions"} v 0) -- 0x7f510c064e20 con 0x7f510c108a60
2024-05-14T09:34:56.778 INFO:teuthology.orchestra.run.smithi033.stdout:/usr/bin/ceph: stderr
2024-05-14T09:34:56.022+0000 7f51037fe700 1 -- 172.21.15.33:0/3806573801 <== mon.0 v2:172.21.15.33:3300/0 4 ==== mgrmap(e 12) ==== 50235+0+0 (secure 0 0 0) 0x7f5108022020 con 0x7f510c108a60
2024-05-14T09:34:56.778 INFO:teuthology.orchestra.run.smithi033.stdout:/usr/bin/ceph: stderr
2024-05-14T09:34:56.022+0000 7f51037fe700 1 --2- 172.21.15.33:0/3806573801 >> [v2:172.21.15.33:6800/1525502396,v1:172.21.15.33:6801/1525502396] conn(0x7f50f803e5e0 0x7f50f8040af0 unknown :-1 s=NONE pgs=0 cs=0 l=1 rev1=0 crypto rx=0 tx=0 comp rx=0 tx=0).connect
2024-05-14T09:34:56.778 INFO:teuthology.orchestra.run.smithi033.stdout:/usr/bin/ceph: stderr
2024-05-14T09:34:56.022+0000 7f51037fe700 1 -- 172.21.15.33:0/3806573801 <== mon.0 v2:172.21.15.33:3300/0 5 ==== osd_map(3..3 src has 1..3) ==== 1155+0+0 (secure 0 0 0) 0x7f5108053950 con 0x7f510c108a60
2024-05-14T09:34:56.779 INFO:teuthology.orchestra.run.smithi033.stdout:/usr/bin/ceph: stderr
2024-05-14T09:34:56.022+0000 7f5111a92700 1 --2- 172.21.15.33:0/3806573801 >> [v2:172.21.15.33:6800/1525502396,v1:172.21.15.33:6801/1525502396] conn(0x7f50f803e5e0 0x7f50f8040af0 unknown :-1 s=BANNER_CONNECTING pgs=0 cs=0 l=1 rev1=0 crypto rx=0 tx=0 comp rx=0 tx=0)._handle_peer_banner_payload supported=3 required=0
2024-05-14T09:34:56.779 INFO:teuthology.orchestra.run.smithi033.stdout:/usr/bin/ceph: stderr
2024-05-14T09:34:56.023+0000 7f5111a92700 1 --2- 172.21.15.33:0/3806573801 >> [v2:172.21.15.33:6800/1525502396,v1:172.21.15.33:6801/1525502396] conn(0x7f50f803e5e0 0x7f50f8040af0 secure :-1 s=READY pgs=9 cs=0 l=1 rev1=1 crypto rx=0x7f50fc006fd0 tx=0x7f50fc006e40 comp rx=0 tx=0).ready entity=mgr.14152 client_cookie=0 server_cookie=0 in_seq=0 out_seq=0
2024-05-14T09:34:56.779 INFO:teuthology.orchestra.run.smithi033.stdout:/usr/bin/ceph: stderr
2024-05-14T09:34:56.027+0000 7f51037fe700 1 -- 172.21.15.33:0/3806573801 <== mon.0 v2:172.21.15.33:3300/0 6 ==== mon_command_ack([{"prefix": "get_command_descriptions"}]=0 v0) ==== 72+0+191963 (secure 0 0 0) 0x7f5108029df0 con 0x7f510c108a60
2024-05-14T09:34:56.779 INFO:teuthology.orchestra.run.smithi033.stdout:/usr/bin/ceph: stderr
2024-05-14T09:34:56.241+0000 7f51144f7700 1 -- 172.21.15.33:0/3806573801 --> [v2:172.21.15.33:3300/0,v1:172.21.15.33:6789/0] -- mon_command({"prefix": "config get", "who": "mgr", "key": "mgr/dashboard/ssl_server_port"} v 0) -- 0x7f510c1a19c0 con 0x7f510c108a60
2024-05-14T09:34:56.779 INFO:teuthology.orchestra.run.smithi033.stdout:/usr/bin/ceph: stderr
2024-05-14T09:34:56.242+0000 7f51037fe700 1 -- 172.21.15.33:0/3806573801 <== mon.0 v2:172.21.15.33:3300/0 7 ==== mon_command_ack([{"prefix": "config get", "who": "mgr", "key": "mgr/dashboard/ssl_server_port"}]=0 v8) ==== 112+0+5 (secure 0 0 0) 0x7f510801aa90 con 0x7f510c108a60
2024-05-14T09:34:56.779 INFO:teuthology.orchestra.run.smithi033.stdout:/usr/bin/ceph: stderr
2024-05-14T09:34:56.244+0000 7f51144f7700 1 -- 172.21.15.33:0/3806573801 >> [v2:172.21.15.33:6800/1525502396,v1:172.21.15.33:6801/1525502396] conn(0x7f50f803e5e0 msgr2=0x7f50f8040af0 secure :-1 s=STATE_CONNECTION_ESTABLISHED l=1).mark_down
2024-05-14T09:34:56.779 INFO:teuthology.orchestra.run.smithi033.stdout:/usr/bin/ceph: stderr
2024-05-14T09:34:56.244+0000 7f51144f7700 1 --2- 172.21.15.33:0/3806573801 >> [v2:172.21.15.33:6800/1525502396,v1:172.21.15.33:6801/1525502396] conn(0x7f50f803e5e0 0x7f50f8040af0 secure :-1 s=READY pgs=9 cs=0 l=1 rev1=1 crypto rx=0x7f50fc006fd0 tx=0x7f50fc006e40 comp rx=0 tx=0).stop
2024-05-14T09:34:56.779 INFO:teuthology.orchestra.run.smithi033.stdout:/usr/bin/ceph: stderr
2024-05-14T09:34:56.244+0000 7f51144f7700 1 -- 172.21.15.33:0/3806573801 >> [v2:172.21.15.33:3300/0,v1:172.21.15.33:6789/0] conn(0x7f510c108a60 msgr2=0x7f510c07c990 secure :-1 s=STATE_CONNECTION_ESTABLISHED l=1).mark_down
2024-05-14T09:34:56.779 INFO:teuthology.orchestra.run.smithi033.stdout:/usr/bin/ceph: stderr
2024-05-14T09:34:56.244+0000 7f51144f7700 1 --2- 172.21.15.33:0/3806573801 >> [v2:172.21.15.33:3300/0,v1:172.21.15.33:6789/0] conn(0x7f510c108a60 0x7f510c07c990 secure :-1 s=READY pgs=75 cs=0 l=1 rev1=1 crypto rx=0x7f5108009130 tx=0x7f5108011aa0 comp rx=0 tx=0).stop
2024-05-14T09:34:56.779 INFO:teuthology.orchestra.run.smithi033.stdout:/usr/bin/ceph: stderr
2024-05-14T09:34:56.244+0000 7f51144f7700 1 -- 172.21.15.33:0/3806573801 shutdown_connections
2024-05-14T09:34:56.779 INFO:teuthology.orchestra.run.smithi033.stdout:/usr/bin/ceph: stderr
2024-05-14T09:34:56.244+0000 7f51144f7700 1 --2- 172.21.15.33:0/3806573801 >> [v2:172.21.15.33:6800/1525502396,v1:172.21.15.33:6801/1525502396] conn(0x7f50f803e5e0 0x7f50f8040af0 unknown :-1 s=CLOSED pgs=9 cs=0 l=1 rev1=1 crypto rx=0 tx=0 comp rx=0 tx=0).stop
2024-05-14T09:34:56.779 INFO:teuthology.orchestra.run.smithi033.stdout:/usr/bin/ceph: stderr
2024-05-14T09:34:56.244+0000 7f51144f7700 1 --2- 172.21.15.33:0/3806573801 >> [v2:172.21.15.33:3300/0,v1:172.21.15.33:6789/0] conn(0x7f510c108a60 0x7f510c07c990 unknown :-1 s=CLOSED pgs=75 cs=0 l=1 rev1=1 crypto rx=0 tx=0 comp rx=0 tx=0).stop
2024-05-14T09:34:56.779 INFO:teuthology.orchestra.run.smithi033.stdout:/usr/bin/ceph: stderr
2024-05-14T09:34:56.244+0000 7f51144f7700 1 -- 172.21.15.33:0/3806573801 >> 172.21.15.33:0/3806573801 conn(0x7f510c104120 msgr2=0x7f510c105940 unknown :-1 s=STATE_NONE l=0).mark_down
2024-05-14T09:34:56.779 INFO:teuthology.orchestra.run.smithi033.stdout:/usr/bin/ceph: stderr
2024-05-14T09:34:56.244+0000 7f51144f7700 1 -- 172.21.15.33:0/3806573801 shutdown_connections
2024-05-14T09:34:56.779 INFO:teuthology.orchestra.run.smithi033.stdout:/usr/bin/ceph: stderr
2024-05-14T09:34:56.244+0000 7f51144f7700 1 -- 172.21.15.33:0/3806573801 wait complete.
2024-05-14T09:34:56.783 INFO:teuthology.orchestra.run.smithi033.stdout:Non-zero exit code 1 from systemctl is-enabled firewalld.service
2024-05-14T09:34:56.783 INFO:teuthology.orchestra.run.smithi033.stdout:systemctl: stdout disabled
2024-05-14T09:34:56.791 INFO:teuthology.orchestra.run.smithi033.stdout:Non-zero exit code 3 from systemctl is-active firewalld.service
2024-05-14T09:34:56.791 INFO:teuthology.orchestra.run.smithi033.stdout:systemctl: stdout inactive
2024-05-14T09:34:56.791 INFO:teuthology.orchestra.run.smithi033.stdout:firewalld.service is not enabled
2024-05-14T09:34:56.791 INFO:teuthology.orchestra.run.smithi033.stdout:Not possible to open ports <[8443]>. firewalld.service is not available
2024-05-14T09:34:56.793 INFO:teuthology.orchestra.run.smithi033.stdout:Ceph Dashboard is now available at:
2024-05-14T09:34:56.793 INFO:teuthology.orchestra.run.smithi033.stdout:
2024-05-14T09:34:56.793 INFO:teuthology.orchestra.run.smithi033.stdout: URL: https://smithi033.front.sepia.ceph.com:8443/
2024-05-14T09:34:56.793 INFO:teuthology.orchestra.run.smithi033.stdout: User: admin
2024-05-14T09:34:56.793 INFO:teuthology.orchestra.run.smithi033.stdout: Password: 0bhiercfob
2024-05-14T09:34:56.793 INFO:teuthology.orchestra.run.smithi033.stdout:
2024-05-14T09:34:56.794 INFO:teuthology.orchestra.run.smithi033.stdout:Saving cluster configuration to /var/lib/ceph/e07185ce-11d4-11ef-bc98-c7b262605968/config directory
2024-05-14T09:34:56.794 INFO:teuthology.orchestra.run.smithi033.stdout:Enabling autotune for osd_memory_target
2024-05-14T09:34:57.447 INFO:journalctl@ceph.mon.a.smithi033.stdout:May 14 09:34:57 smithi033 ceph-mon[31867]: mgrmap e13: x(active, since 6s)
2024-05-14T09:34:58.050 INFO:teuthology.orchestra.run.smithi033.stdout:/usr/bin/ceph: stderr
2024-05-14T09:34:57.222+0000 7fca8b02f700 1 Processor -- start
2024-05-14T09:34:58.050 INFO:teuthology.orchestra.run.smithi033.stdout:/usr/bin/ceph: stderr
2024-05-14T09:34:57.222+0000 7fca8b02f700 1 -- start start
2024-05-14T09:34:58.050 INFO:teuthology.orchestra.run.smithi033.stdout:/usr/bin/ceph: stderr
2024-05-14T09:34:57.222+0000 7fca8b02f700 1 --2- >> [v2:172.21.15.33:3300/0,v1:172.21.15.33:6789/0] conn(0x7fca84108a60 0x7fca84108e70 unknown :-1 s=NONE pgs=0 cs=0 l=0 rev1=0 crypto rx=0 tx=0 comp rx=0 tx=0).connect
2024-05-14T09:34:58.050 INFO:teuthology.orchestra.run.smithi033.stdout:/usr/bin/ceph: stderr
2024-05-14T09:34:57.222+0000 7fca8b02f700 1 -- --> [v2:172.21.15.33:3300/0,v1:172.21.15.33:6789/0] -- mon_getmap magic: 0 -- 0x7fca84109460 con 0x7fca84108a60
2024-05-14T09:34:58.050 INFO:teuthology.orchestra.run.smithi033.stdout:/usr/bin/ceph: stderr
2024-05-14T09:34:57.222+0000 7fca88dcb700 1 --2- >> [v2:172.21.15.33:3300/0,v1:172.21.15.33:6789/0] conn(0x7fca84108a60 0x7fca84108e70 unknown :-1 s=BANNER_CONNECTING pgs=0 cs=0 l=0 rev1=0 crypto rx=0 tx=0 comp rx=0 tx=0)._handle_peer_banner_payload supported=3 required=0
2024-05-14T09:34:58.050 INFO:teuthology.orchestra.run.smithi033.stdout:/usr/bin/ceph: stderr
2024-05-14T09:34:57.222+0000 7fca88dcb700 1 --2- >> [v2:172.21.15.33:3300/0,v1:172.21.15.33:6789/0] conn(0x7fca84108a60 0x7fca84108e70 unknown :-1 s=HELLO_CONNECTING pgs=0 cs=0 l=0 rev1=1 crypto rx=0 tx=0 comp rx=0 tx=0).handle_hello peer v2:172.21.15.33:3300/0 says I am v2:172.21.15.33:44328/0 (socket says 172.21.15.33:44328)
2024-05-14T09:34:58.050 INFO:teuthology.orchestra.run.smithi033.stdout:/usr/bin/ceph: stderr
2024-05-14T09:34:57.222+0000 7fca88dcb700 1 -- 172.21.15.33:0/2790530646 learned_addr learned my addr 172.21.15.33:0/2790530646 (peer_addr_for_me v2:172.21.15.33:0/0)
2024-05-14T09:34:58.050 INFO:teuthology.orchestra.run.smithi033.stdout:/usr/bin/ceph: stderr
2024-05-14T09:34:57.222+0000 7fca88dcb700 1 -- 172.21.15.33:0/2790530646 --> [v2:172.21.15.33:3300/0,v1:172.21.15.33:6789/0] -- mon_subscribe({config=0+,monmap=0+}) -- 0x7fca84109b90 con 0x7fca84108a60
