2024-05-14T12:12:04.615 INFO:teuthology.orchestra.run.smithi047.stdout:/usr/bin/ceph: stderr
2024-05-14T12:11:56.270+0000 7f7583e00700 1 -- 172.21.15.47:0/2953898548 <== mon.0 v2:172.21.15.47:3300/0 3 ==== mon_map magic: 0 ==== 205+0+0 (secure 0 0 0) 0x7f757c024690 con 0x7f758c109df0
2024-05-14T12:12:04.615 INFO:teuthology.orchestra.run.smithi047.stdout:/usr/bin/ceph: stderr
2024-05-14T12:11:56.270+0000 7f7592600700 1 -- 172.21.15.47:0/2953898548 --> [v2:172.21.15.47:3300/0,v1:172.21.15.47:6789/0] -- mon_subscribe({osdmap=0}) -- 0x7f758c1a3810 con 0x7f758c109df0
2024-05-14T12:12:04.615 INFO:teuthology.orchestra.run.smithi047.stdout:/usr/bin/ceph: stderr
2024-05-14T12:11:56.272+0000 7f7583e00700 1 -- 172.21.15.47:0/2953898548 <== mon.0 v2:172.21.15.47:3300/0 4 ==== mgrmap(e 5) ==== 50222+0+0 (secure 0 0 0) 0x7f757c022020 con 0x7f758c109df0
2024-05-14T12:12:04.615 INFO:teuthology.orchestra.run.smithi047.stdout:/usr/bin/ceph: stderr
2024-05-14T12:11:56.273+0000 7f7583e00700 1 --2- 172.21.15.47:0/2953898548 >> [v2:172.21.15.47:6800/3184141127,v1:172.21.15.47:6801/3184141127] conn(0x7f757003e470 0x7f7570040980 unknown :-1 s=NONE pgs=0 cs=0 l=1 rev1=0 crypto rx=0 tx=0 comp rx=0 tx=0).connect
2024-05-14T12:12:04.615 INFO:teuthology.orchestra.run.smithi047.stdout:/usr/bin/ceph: stderr
2024-05-14T12:11:56.273+0000 7f7583e00700 1 -- 172.21.15.47:0/2953898548 --> [v2:172.21.15.47:6800/3184141127,v1:172.21.15.47:6801/3184141127] -- command(tid 0: {"prefix": "get_command_descriptions"}) -- 0x7f7570041090 con 0x7f757003e470
2024-05-14T12:12:04.616 INFO:teuthology.orchestra.run.smithi047.stdout:/usr/bin/ceph: stderr
2024-05-14T12:11:56.273+0000 7f7583e00700 1 -- 172.21.15.47:0/2953898548 <== mon.0 v2:172.21.15.47:3300/0 5 ==== osd_map(1..1 src has 1..1) ==== 725+0+0 (secure 0 0 0) 0x7f757c053410 con 0x7f758c109df0
2024-05-14T12:12:04.616 INFO:teuthology.orchestra.run.smithi047.stdout:/usr/bin/ceph: stderr
2024-05-14T12:11:56.273+0000 7f758aa00700 1 -- 172.21.15.47:0/2953898548 >> [v2:172.21.15.47:6800/3184141127,v1:172.21.15.47:6801/3184141127] conn(0x7f757003e470 msgr2=0x7f7570040980 unknown :-1 s=STATE_CONNECTING_RE l=1).process reconnect failed to v2:172.21.15.47:6800/3184141127
2024-05-14T12:12:04.616 INFO:teuthology.orchestra.run.smithi047.stdout:/usr/bin/ceph: stderr
2024-05-14T12:11:56.273+0000 7f758aa00700 1 --2- 172.21.15.47:0/2953898548 >> [v2:172.21.15.47:6800/3184141127,v1:172.21.15.47:6801/3184141127] conn(0x7f757003e470 0x7f7570040980 unknown :-1 s=START_CONNECT pgs=0 cs=0 l=1 rev1=0 crypto rx=0 tx=0 comp rx=0 tx=0)._fault waiting 0.200000
2024-05-14T12:12:04.616 INFO:teuthology.orchestra.run.smithi047.stdout:/usr/bin/ceph: stderr
2024-05-14T12:11:56.474+0000 7f758aa00700 1 -- 172.21.15.47:0/2953898548 >> [v2:172.21.15.47:6800/3184141127,v1:172.21.15.47:6801/3184141127] conn(0x7f757003e470 msgr2=0x7f7570040980 unknown :-1 s=STATE_CONNECTING_RE l=1).process reconnect failed to v2:172.21.15.47:6800/3184141127
2024-05-14T12:12:04.616 INFO:teuthology.orchestra.run.smithi047.stdout:/usr/bin/ceph: stderr
2024-05-14T12:11:56.474+0000 7f758aa00700 1 --2- 172.21.15.47:0/2953898548 >> [v2:172.21.15.47:6800/3184141127,v1:172.21.15.47:6801/3184141127] conn(0x7f757003e470 0x7f7570040980 unknown :-1 s=START_CONNECT pgs=0 cs=0 l=1 rev1=0 crypto rx=0 tx=0 comp rx=0 tx=0)._fault waiting 0.400000
2024-05-14T12:12:04.616 INFO:teuthology.orchestra.run.smithi047.stdout:/usr/bin/ceph: stderr
2024-05-14T12:11:56.875+0000 7f758aa00700 1 -- 172.21.15.47:0/2953898548 >> [v2:172.21.15.47:6800/3184141127,v1:172.21.15.47:6801/3184141127] conn(0x7f757003e470 msgr2=0x7f7570040980 unknown :-1 s=STATE_CONNECTING_RE l=1).process reconnect failed to v2:172.21.15.47:6800/3184141127
2024-05-14T12:12:04.616 INFO:teuthology.orchestra.run.smithi047.stdout:/usr/bin/ceph: stderr
2024-05-14T12:11:56.875+0000 7f758aa00700 1 --2- 172.21.15.47:0/2953898548 >> [v2:172.21.15.47:6800/3184141127,v1:172.21.15.47:6801/3184141127] conn(0x7f757003e470 0x7f7570040980 unknown :-1 s=START_CONNECT pgs=0 cs=0 l=1 rev1=0 crypto rx=0 tx=0 comp rx=0 tx=0)._fault waiting 0.800000
2024-05-14T12:12:04.616 INFO:teuthology.orchestra.run.smithi047.stdout:/usr/bin/ceph: stderr
2024-05-14T12:11:57.676+0000 7f758aa00700 1 -- 172.21.15.47:0/2953898548 >> [v2:172.21.15.47:6800/3184141127,v1:172.21.15.47:6801/3184141127] conn(0x7f757003e470 msgr2=0x7f7570040980 unknown :-1 s=STATE_CONNECTING_RE l=1).process reconnect failed to v2:172.21.15.47:6800/3184141127
2024-05-14T12:12:04.616 INFO:teuthology.orchestra.run.smithi047.stdout:/usr/bin/ceph: stderr
2024-05-14T12:11:57.676+0000 7f758aa00700 1 --2- 172.21.15.47:0/2953898548 >> [v2:172.21.15.47:6800/3184141127,v1:172.21.15.47:6801/3184141127] conn(0x7f757003e470 0x7f7570040980 unknown :-1 s=START_CONNECT pgs=0 cs=0 l=1 rev1=0 crypto rx=0 tx=0 comp rx=0 tx=0)._fault waiting 1.600000
2024-05-14T12:12:04.616 INFO:teuthology.orchestra.run.smithi047.stdout:/usr/bin/ceph: stderr
2024-05-14T12:11:59.278+0000 7f758aa00700 1 -- 172.21.15.47:0/2953898548 >> [v2:172.21.15.47:6800/3184141127,v1:172.21.15.47:6801/3184141127] conn(0x7f757003e470 msgr2=0x7f7570040980 unknown :-1 s=STATE_CONNECTING_RE l=1).process reconnect failed to v2:172.21.15.47:6800/3184141127
2024-05-14T12:12:04.616 INFO:teuthology.orchestra.run.smithi047.stdout:/usr/bin/ceph: stderr
2024-05-14T12:11:59.278+0000 7f758aa00700 1 --2- 172.21.15.47:0/2953898548 >> [v2:172.21.15.47:6800/3184141127,v1:172.21.15.47:6801/3184141127] conn(0x7f757003e470 0x7f7570040980 unknown :-1 s=START_CONNECT pgs=0 cs=0 l=1 rev1=0 crypto rx=0 tx=0 comp rx=0 tx=0)._fault waiting 3.200000
2024-05-14T12:12:04.616 INFO:teuthology.orchestra.run.smithi047.stdout:/usr/bin/ceph: stderr
2024-05-14T12:12:02.481+0000 7f758aa00700 1 -- 172.21.15.47:0/2953898548 >> [v2:172.21.15.47:6800/3184141127,v1:172.21.15.47:6801/3184141127] conn(0x7f757003e470 msgr2=0x7f7570040980 unknown :-1 s=STATE_CONNECTING_RE l=1).process reconnect failed to v2:172.21.15.47:6800/3184141127
2024-05-14T12:12:04.617 INFO:teuthology.orchestra.run.smithi047.stdout:/usr/bin/ceph: stderr
2024-05-14T12:12:02.481+0000 7f758aa00700 1 --2- 172.21.15.47:0/2953898548 >> [v2:172.21.15.47:6800/3184141127,v1:172.21.15.47:6801/3184141127] conn(0x7f757003e470 0x7f7570040980 unknown :-1 s=START_CONNECT pgs=0 cs=0 l=1 rev1=0 crypto rx=0 tx=0 comp rx=0 tx=0)._fault waiting 6.400000
2024-05-14T12:12:04.617 INFO:teuthology.orchestra.run.smithi047.stdout:/usr/bin/ceph: stderr
2024-05-14T12:12:02.813+0000 7f7583e00700 1 -- 172.21.15.47:0/2953898548 <== mon.0 v2:172.21.15.47:3300/0 6 ==== mgrmap(e 6) ==== 49989+0+0 (secure 0 0 0) 0x7f757c019ca0 con 0x7f758c109df0
2024-05-14T12:12:04.617 INFO:teuthology.orchestra.run.smithi047.stdout:/usr/bin/ceph: stderr
2024-05-14T12:12:02.813+0000 7f7583e00700 1 -- 172.21.15.47:0/2953898548 >> [v2:172.21.15.47:6800/3184141127,v1:172.21.15.47:6801/3184141127] conn(0x7f757003e470 msgr2=0x7f7570040980 unknown :-1 s=STATE_CONNECTING l=1).mark_down
2024-05-14T12:12:04.617 INFO:teuthology.orchestra.run.smithi047.stdout:/usr/bin/ceph: stderr
2024-05-14T12:12:02.813+0000 7f7583e00700 1 --2- 172.21.15.47:0/2953898548 >> [v2:172.21.15.47:6800/3184141127,v1:172.21.15.47:6801/3184141127] conn(0x7f757003e470 0x7f7570040980 unknown :-1 s=START_CONNECT pgs=0 cs=0 l=1 rev1=0 crypto rx=0 tx=0 comp rx=0 tx=0).stop
2024-05-14T12:12:04.617 INFO:teuthology.orchestra.run.smithi047.stdout:/usr/bin/ceph: stderr
2024-05-14T12:12:03.817+0000 7f7583e00700 1 -- 172.21.15.47:0/2953898548 <== mon.0 v2:172.21.15.47:3300/0 7 ==== mgrmap(e 7) ==== 50116+0+0 (secure 0 0 0) 0x7f757c055470 con 0x7f758c109df0
2024-05-14T12:12:04.617 INFO:teuthology.orchestra.run.smithi047.stdout:/usr/bin/ceph: stderr
2024-05-14T12:12:03.818+0000 7f7583e00700 1 --2- 172.21.15.47:0/2953898548 >> [v2:172.21.15.47:6800/3791767528,v1:172.21.15.47:6801/3791767528] conn(0x7f7570041db0 0x7f75700441d0 unknown :-1 s=NONE pgs=0 cs=0 l=1 rev1=0 crypto rx=0 tx=0 comp rx=0 tx=0).connect
2024-05-14T12:12:04.617 INFO:teuthology.orchestra.run.smithi047.stdout:/usr/bin/ceph: stderr
2024-05-14T12:12:03.818+0000 7f7583e00700 1 -- 172.21.15.47:0/2953898548 --> [v2:172.21.15.47:6800/3791767528,v1:172.21.15.47:6801/3791767528] -- command(tid 0: {"prefix": "get_command_descriptions"}) -- 0x7f757c006880 con 0x7f7570041db0
2024-05-14T12:12:04.617 INFO:teuthology.orchestra.run.smithi047.stdout:/usr/bin/ceph: stderr
2024-05-14T12:12:03.819+0000 7f758aa00700 1 --2- 172.21.15.47:0/2953898548 >> [v2:172.21.15.47:6800/3791767528,v1:172.21.15.47:6801/3791767528] conn(0x7f7570041db0 0x7f75700441d0 unknown :-1 s=BANNER_CONNECTING pgs=0 cs=0 l=1 rev1=0 crypto rx=0 tx=0 comp rx=0 tx=0)._handle_peer_banner_payload supported=3 required=0
2024-05-14T12:12:04.617 INFO:teuthology.orchestra.run.smithi047.stdout:/usr/bin/ceph: stderr
2024-05-14T12:12:03.821+0000 7f758aa00700 1 --2- 172.21.15.47:0/2953898548 >> [v2:172.21.15.47:6800/3791767528,v1:172.21.15.47:6801/3791767528] conn(0x7f7570041db0 0x7f75700441d0 secure :-1 s=READY pgs=1 cs=0 l=1 rev1=1 crypto rx=0x7f7578003a10 tx=0x7f7578009290 comp rx=0 tx=0).ready entity=mgr.14120 client_cookie=0 server_cookie=0 in_seq=0 out_seq=0
2024-05-14T12:12:04.617 INFO:teuthology.orchestra.run.smithi047.stdout:/usr/bin/ceph: stderr
2024-05-14T12:12:03.823+0000 7f7583e00700 1 -- 172.21.15.47:0/2953898548 <== mgr.14120 v2:172.21.15.47:6800/3791767528 1 ==== command_reply(tid 0: 0 ) ==== 8+0+9564 (secure 0 0 0) 0x7f757c006880 con 0x7f7570041db0
2024-05-14T12:12:04.617 INFO:teuthology.orchestra.run.smithi047.stdout:/usr/bin/ceph: stderr
2024-05-14T12:12:03.833+0000 7f7592600700 1 -- 172.21.15.47:0/2953898548 --> [v2:172.21.15.47:6800/3791767528,v1:172.21.15.47:6801/3791767528] -- command(tid 1: {"prefix": "mgr_status"}) -- 0x7f758c064e20 con 0x7f7570041db0
2024-05-14T12:12:04.618 INFO:teuthology.orchestra.run.smithi047.stdout:/usr/bin/ceph: stderr
2024-05-14T12:12:03.833+0000 7f7583e00700 1 -- 172.21.15.47:0/2953898548 <== mgr.14120 v2:172.21.15.47:6800/3791767528 2 ==== command_reply(tid 1: 0 ) ==== 8+0+51 (secure 0 0 0) 0x7f758c064e20 con 0x7f7570041db0
2024-05-14T12:12:04.618 INFO:teuthology.orchestra.run.smithi047.stdout:/usr/bin/ceph: stderr
2024-05-14T12:12:03.834+0000 7f7592600700 1 -- 172.21.15.47:0/2953898548 >> [v2:172.21.15.47:6800/3791767528,v1:172.21.15.47:6801/3791767528] conn(0x7f7570041db0 msgr2=0x7f75700441d0 secure :-1 s=STATE_CONNECTION_ESTABLISHED l=1).mark_down
2024-05-14T12:12:04.618 INFO:teuthology.orchestra.run.smithi047.stdout:/usr/bin/ceph: stderr
2024-05-14T12:12:03.834+0000 7f7592600700 1 --2- 172.21.15.47:0/2953898548 >> [v2:172.21.15.47:6800/3791767528,v1:172.21.15.47:6801/3791767528] conn(0x7f7570041db0 0x7f75700441d0 secure :-1 s=READY pgs=1 cs=0 l=1 rev1=1 crypto rx=0x7f7578003a10 tx=0x7f7578009290 comp rx=0 tx=0).stop
2024-05-14T12:12:04.618 INFO:teuthology.orchestra.run.smithi047.stdout:/usr/bin/ceph: stderr
2024-05-14T12:12:03.834+0000 7f7592600700 1 -- 172.21.15.47:0/2953898548 >> [v2:172.21.15.47:3300/0,v1:172.21.15.47:6789/0] conn(0x7f758c109df0 msgr2=0x7f758c1a0430 secure :-1 s=STATE_CONNECTION_ESTABLISHED l=1).mark_down
2024-05-14T12:12:04.618 INFO:teuthology.orchestra.run.smithi047.stdout:/usr/bin/ceph: stderr
2024-05-14T12:12:03.834+0000 7f7592600700 1 --2- 172.21.15.47:0/2953898548 >> [v2:172.21.15.47:3300/0,v1:172.21.15.47:6789/0] conn(0x7f758c109df0 0x7f758c1a0430 secure :-1 s=READY pgs=29 cs=0 l=1 rev1=1 crypto rx=0x7f757c0090e0 tx=0x7f757c011940 comp rx=0 tx=0).stop
2024-05-14T12:12:04.618 INFO:teuthology.orchestra.run.smithi047.stdout:/usr/bin/ceph: stderr
2024-05-14T12:12:03.834+0000 7f7592600700 1 -- 172.21.15.47:0/2953898548 shutdown_connections
2024-05-14T12:12:04.618 INFO:teuthology.orchestra.run.smithi047.stdout:/usr/bin/ceph: stderr
2024-05-14T12:12:03.834+0000 7f7592600700 1 --2- 172.21.15.47:0/2953898548 >> [v2:172.21.15.47:6800/3791767528,v1:172.21.15.47:6801/3791767528] conn(0x7f7570041db0 0x7f75700441d0 unknown :-1 s=CLOSED pgs=1 cs=0 l=1 rev1=1 crypto rx=0 tx=0 comp rx=0 tx=0).stop
2024-05-14T12:12:04.618 INFO:teuthology.orchestra.run.smithi047.stdout:/usr/bin/ceph: stderr
2024-05-14T12:12:03.834+0000 7f7592600700 1 --2- 172.21.15.47:0/2953898548 >> [v2:172.21.15.47:3300/0,v1:172.21.15.47:6789/0] conn(0x7f758c109df0 0x7f758c1a0430 unknown :-1 s=CLOSED pgs=29 cs=0 l=1 rev1=1 crypto rx=0 tx=0 comp rx=0 tx=0).stop
2024-05-14T12:12:04.618 INFO:teuthology.orchestra.run.smithi047.stdout:/usr/bin/ceph: stderr
2024-05-14T12:12:03.834+0000 7f7592600700 1 --2- 172.21.15.47:0/2953898548 >> [v2:172.21.15.47:6800/3184141127,v1:172.21.15.47:6801/3184141127] conn(0x7f757003e470 0x7f7570040980 unknown :-1 s=CLOSED pgs=0 cs=0 l=1 rev1=0 crypto rx=0 tx=0 comp rx=0 tx=0).stop
2024-05-14T12:12:04.619 INFO:teuthology.orchestra.run.smithi047.stdout:/usr/bin/ceph: stderr
2024-05-14T12:12:03.834+0000 7f7592600700 1 -- 172.21.15.47:0/2953898548 >> 172.21.15.47:0/2953898548 conn(0x7f758c105470 msgr2=0x7f758c07d180 unknown :-1 s=STATE_NONE l=0).mark_down
2024-05-14T12:12:04.619 INFO:teuthology.orchestra.run.smithi047.stdout:/usr/bin/ceph: stderr
2024-05-14T12:12:03.834+0000 7f7592600700 1 -- 172.21.15.47:0/2953898548 shutdown_connections
2024-05-14T12:12:04.619 INFO:teuthology.orchestra.run.smithi047.stdout:/usr/bin/ceph: stderr
2024-05-14T12:12:03.835+0000 7f7592600700 1 -- 172.21.15.47:0/2953898548 wait complete.
2024-05-14T12:12:04.619 INFO:teuthology.orchestra.run.smithi047.stdout:mgr epoch 5 is available
2024-05-14T12:12:04.619 INFO:teuthology.orchestra.run.smithi047.stdout:Setting orchestrator backend to cephadm...
2024-05-14T12:12:05.188 INFO:journalctl@ceph.mon.a.smithi047.stdout:May 14 12:12:04 smithi047 ceph-mon[31254]: from='client.14124 -' entity='client.admin' cmd=[{"prefix": "get_command_descriptions"}]: dispatch
2024-05-14T12:12:05.188 INFO:journalctl@ceph.mon.a.smithi047.stdout:May 14 12:12:04 smithi047 ceph-mon[31254]: from='client.14124 -' entity='client.admin' cmd=[{"prefix": "mgr_status"}]: dispatch
2024-05-14T12:12:05.188 INFO:journalctl@ceph.mon.a.smithi047.stdout:May 14 12:12:04 smithi047 ceph-mon[31254]: [14/May/2024:12:12:04] ENGINE Bus STARTING
2024-05-14T12:12:05.188 INFO:journalctl@ceph.mon.a.smithi047.stdout:May 14 12:12:04 smithi047 ceph-mon[31254]: [14/May/2024:12:12:04] ENGINE Serving on https://172.21.15.47:7150
2024-05-14T12:12:05.188 INFO:journalctl@ceph.mon.a.smithi047.stdout:May 14 12:12:04 smithi047 ceph-mon[31254]: [14/May/2024:12:12:04] ENGINE Serving on http://172.21.15.47:8765
2024-05-14T12:12:05.188 INFO:journalctl@ceph.mon.a.smithi047.stdout:May 14 12:12:04 smithi047 ceph-mon[31254]: [14/May/2024:12:12:04] ENGINE Bus STARTED
2024-05-14T12:12:05.188 INFO:journalctl@ceph.mon.a.smithi047.stdout:May 14 12:12:04 smithi047 ceph-mon[31254]: from='mgr.14120 172.21.15.47:0/931024371' entity='mgr.x' cmd=[{"prefix": "config dump", "format": "json"}]: dispatch
2024-05-14T12:12:06.235 INFO:journalctl@ceph.mon.a.smithi047.stdout:May 14 12:12:05 smithi047 ceph-mon[31254]: mgrmap e8: x(active, since 2s)
2024-05-14T12:12:06.235 INFO:journalctl@ceph.mon.a.smithi047.stdout:May 14 12:12:05 smithi047 ceph-mon[31254]: from='mgr.14120 172.21.15.47:0/931024371' entity='mgr.x'
2024-05-14T12:12:06.235 INFO:journalctl@ceph.mon.a.smithi047.stdout:May 14 12:12:05 smithi047 ceph-mon[31254]: from='mgr.14120 172.21.15.47:0/931024371' entity='mgr.x' cmd=[{"prefix": "config dump", "format": "json"}]: dispatch
2024-05-14T12:12:06.291 INFO:teuthology.orchestra.run.smithi047.stdout:/usr/bin/ceph: stderr
2024-05-14T12:12:05.334+0000 7ff0abe00700 1 Processor -- start
2024-05-14T12:12:06.292 INFO:teuthology.orchestra.run.smithi047.stdout:/usr/bin/ceph: stderr
2024-05-14T12:12:05.334+0000 7ff0abe00700 1 -- start start
2024-05-14T12:12:06.292 INFO:teuthology.orchestra.run.smithi047.stdout:/usr/bin/ceph: stderr
2024-05-14T12:12:05.334+0000 7ff0abe00700 1 --2- >> [v2:172.21.15.47:3300/0,v1:172.21.15.47:6789/0] conn(0x7ff0ac110220 0x7ff0ac110630 unknown :-1 s=NONE pgs=0 cs=0 l=0 rev1=0 crypto rx=0 tx=0 comp rx=0 tx=0).connect
2024-05-14T12:12:06.292 INFO:teuthology.orchestra.run.smithi047.stdout:/usr/bin/ceph: stderr
2024-05-14T12:12:05.334+0000 7ff0abe00700 1 -- --> [v2:172.21.15.47:3300/0,v1:172.21.15.47:6789/0] -- mon_getmap magic: 0 -- 0x7ff0ac110c20 con 0x7ff0ac110220
2024-05-14T12:12:06.292 INFO:teuthology.orchestra.run.smithi047.stdout:/usr/bin/ceph: stderr
2024-05-14T12:12:05.335+0000 7ff0aaa00700 1 --2- >> [v2:172.21.15.47:3300/0,v1:172.21.15.47:6789/0] conn(0x7ff0ac110220 0x7ff0ac110630 unknown :-1 s=BANNER_CONNECTING pgs=0 cs=0 l=0 rev1=0 crypto rx=0 tx=0 comp rx=0 tx=0)._handle_peer_banner_payload supported=3 required=0
2024-05-14T12:12:06.292 INFO:teuthology.orchestra.run.smithi047.stdout:/usr/bin/ceph: stderr
2024-05-14T12:12:05.335+0000 7ff0aaa00700 1 --2- >> [v2:172.21.15.47:3300/0,v1:172.21.15.47:6789/0] conn(0x7ff0ac110220 0x7ff0ac110630 unknown :-1 s=HELLO_CONNECTING pgs=0 cs=0 l=0 rev1=1 crypto rx=0 tx=0 comp rx=0 tx=0).handle_hello peer v2:172.21.15.47:3300/0 says I am v2:172.21.15.47:42790/0 (socket says 172.21.15.47:42790)
2024-05-14T12:12:06.294 INFO:teuthology.orchestra.run.smithi047.stdout:/usr/bin/ceph: stderr
2024-05-14T12:12:05.335+0000 7ff0aaa00700 1 -- 172.21.15.47:0/1222563995 learned_addr learned my addr 172.21.15.47:0/1222563995 (peer_addr_for_me v2:172.21.15.47:0/0)
2024-05-14T12:12:06.294 INFO:teuthology.orchestra.run.smithi047.stdout:/usr/bin/ceph: stderr
2024-05-14T12:12:05.336+0000 7ff0aaa00700 1 -- 172.21.15.47:0/1222563995 --> [v2:172.21.15.47:3300/0,v1:172.21.15.47:6789/0] -- mon_subscribe({config=0+,monmap=0+}) -- 0x7ff0ac111300 con 0x7ff0ac110220
2024-05-14T12:12:06.294 INFO:teuthology.orchestra.run.smithi047.stdout:/usr/bin/ceph: stderr
2024-05-14T12:12:05.336+0000 7ff0aaa00700 1 --2- 172.21.15.47:0/1222563995 >> [v2:172.21.15.47:3300/0,v1:172.21.15.47:6789/0] conn(0x7ff0ac110220 0x7ff0ac110630 secure :-1 s=READY pgs=37 cs=0 l=1 rev1=1 crypto rx=0x7ff09c0098a0 tx=0x7ff09c009bb0 comp rx=0 tx=0).ready entity=mon.0 client_cookie=bc3df9f5a0d5f164 server_cookie=0 in_seq=0 out_seq=0
2024-05-14T12:12:06.294 INFO:teuthology.orchestra.run.smithi047.stdout:/usr/bin/ceph: stderr
2024-05-14T12:12:05.336+0000 7ff0a9600700 1 -- 172.21.15.47:0/1222563995 <== mon.0 v2:172.21.15.47:3300/0 1 ==== mon_map magic: 0 ==== 205+0+0 (secure 0 0 0) 0x7ff09c004160 con 0x7ff0ac110220
2024-05-14T12:12:06.294 INFO:teuthology.orchestra.run.smithi047.stdout:/usr/bin/ceph: stderr
2024-05-14T12:12:05.336+0000 7ff0a9600700 1 -- 172.21.15.47:0/1222563995 <== mon.0 v2:172.21.15.47:3300/0 2 ==== config(26 keys) ==== 1070+0+0 (secure 0 0 0) 0x7ff09c004300 con 0x7ff0ac110220
2024-05-14T12:12:06.294 INFO:teuthology.orchestra.run.smithi047.stdout:/usr/bin/ceph: stderr
2024-05-14T12:12:05.336+0000 7ff0a9600700 1 -- 172.21.15.47:0/1222563995 <== mon.0 v2:172.21.15.47:3300/0 3 ==== mon_map magic: 0 ==== 205+0+0 (secure 0 0 0) 0x7ff09c011af0 con 0x7ff0ac110220
2024-05-14T12:12:06.294 INFO:teuthology.orchestra.run.smithi047.stdout:/usr/bin/ceph: stderr
2024-05-14T12:12:05.337+0000 7ff0abe00700 1 -- 172.21.15.47:0/1222563995 >> [v2:172.21.15.47:3300/0,v1:172.21.15.47:6789/0] conn(0x7ff0ac110220 msgr2=0x7ff0ac110630 secure :-1 s=STATE_CONNECTION_ESTABLISHED l=1).mark_down
2024-05-14T12:12:06.294 INFO:teuthology.orchestra.run.smithi047.stdout:/usr/bin/ceph: stderr
2024-05-14T12:12:05.337+0000 7ff0abe00700 1 --2- 172.21.15.47:0/1222563995 >> [v2:172.21.15.47:3300/0,v1:172.21.15.47:6789/0] conn(0x7ff0ac110220 0x7ff0ac110630 secure :-1 s=READY pgs=37 cs=0 l=1 rev1=1 crypto rx=0x7ff09c0098a0 tx=0x7ff09c009bb0 comp rx=0 tx=0).stop
2024-05-14T12:12:06.294 INFO:teuthology.orchestra.run.smithi047.stdout:/usr/bin/ceph: stderr
2024-05-14T12:12:05.337+0000 7ff0abe00700 1 -- 172.21.15.47:0/1222563995 shutdown_connections
2024-05-14T12:12:06.294 INFO:teuthology.orchestra.run.smithi047.stdout:/usr/bin/ceph: stderr
2024-05-14T12:12:05.337+0000 7ff0abe00700 1 --2- 172.21.15.47:0/1222563995 >> [v2:172.21.15.47:3300/0,v1:172.21.15.47:6789/0] conn(0x7ff0ac110220 0x7ff0ac110630 unknown :-1 s=CLOSED pgs=37 cs=0 l=1 rev1=1 crypto rx=0 tx=0 comp rx=0 tx=0).stop
2024-05-14T12:12:06.294 INFO:teuthology.orchestra.run.smithi047.stdout:/usr/bin/ceph: stderr
2024-05-14T12:12:05.337+0000 7ff0abe00700 1 -- 172.21.15.47:0/1222563995 >> 172.21.15.47:0/1222563995 conn(0x7ff0ac07f400 msgr2=0x7ff0ac081820 unknown :-1 s=STATE_NONE l=0).mark_down
2024-05-14T12:12:06.294 INFO:teuthology.orchestra.run.smithi047.stdout:/usr/bin/ceph: stderr
2024-05-14T12:12:05.338+0000 7ff0abe00700 1 -- 172.21.15.47:0/1222563995 shutdown_connections
2024-05-14T12:12:06.294 INFO:teuthology.orchestra.run.smithi047.stdout:/usr/bin/ceph: stderr
2024-05-14T12:12:05.338+0000 7ff0abe00700 1 -- 172.21.15.47:0/1222563995 wait complete.
2024-05-14T12:12:06.295 INFO:teuthology.orchestra.run.smithi047.stdout:/usr/bin/ceph: stderr
2024-05-14T12:12:05.339+0000 7ff0abe00700 1 Processor -- start
2024-05-14T12:12:06.298 INFO:teuthology.orchestra.run.smithi047.stdout:/usr/bin/ceph: stderr
2024-05-14T12:12:05.339+0000 7ff0abe00700 1 -- start start
2024-05-14T12:12:06.298 INFO:teuthology.orchestra.run.smithi047.stdout:/usr/bin/ceph: stderr
2024-05-14T12:12:05.339+0000 7ff0abe00700 1 --2- >> [v2:172.21.15.47:3300/0,v1:172.21.15.47:6789/0] conn(0x7ff0ac110220 0x7ff0ac1a45b0 unknown :-1 s=NONE pgs=0 cs=0 l=1 rev1=0 crypto rx=0 tx=0 comp rx=0 tx=0).connect
2024-05-14T12:12:06.299 INFO:teuthology.orchestra.run.smithi047.stdout:/usr/bin/ceph: stderr
2024-05-14T12:12:05.339+0000 7ff0abe00700 1 -- --> [v2:172.21.15.47:3300/0,v1:172.21.15.47:6789/0] -- mon_getmap magic: 0 -- 0x7ff0ac1146b0 con 0x7ff0ac110220
2024-05-14T12:12:06.299 INFO:teuthology.orchestra.run.smithi047.stdout:/usr/bin/ceph: stderr
2024-05-14T12:12:05.340+0000 7ff0aaa00700 1 --2- >> [v2:172.21.15.47:3300/0,v1:172.21.15.47:6789/0] conn(0x7ff0ac110220 0x7ff0ac1a45b0 unknown :-1 s=BANNER_CONNECTING pgs=0 cs=0 l=1 rev1=0 crypto rx=0 tx=0 comp rx=0 tx=0)._handle_peer_banner_payload supported=3 required=0
2024-05-14T12:12:06.299 INFO:teuthology.orchestra.run.smithi047.stdout:/usr/bin/ceph: stderr
2024-05-14T12:12:05.340+0000 7ff0aaa00700 1 --2- >> [v2:172.21.15.47:3300/0,v1:172.21.15.47:6789/0] conn(0x7ff0ac110220 0x7ff0ac1a45b0 unknown :-1 s=HELLO_CONNECTING pgs=0 cs=0 l=1 rev1=1 crypto rx=0 tx=0 comp rx=0 tx=0).handle_hello peer v2:172.21.15.47:3300/0 says I am v2:172.21.15.47:42796/0 (socket says 172.21.15.47:42796)
2024-05-14T12:12:06.299 INFO:teuthology.orchestra.run.smithi047.stdout:/usr/bin/ceph: stderr
2024-05-14T12:12:05.340+0000 7ff0aaa00700 1 -- 172.21.15.47:0/1792743731 learned_addr learned my addr 172.21.15.47:0/1792743731 (peer_addr_for_me v2:172.21.15.47:0/0)
2024-05-14T12:12:06.299 INFO:teuthology.orchestra.run.smithi047.stdout:/usr/bin/ceph: stderr
2024-05-14T12:12:05.340+0000 7ff0aaa00700 1 -- 172.21.15.47:0/1792743731 --> [v2:172.21.15.47:3300/0,v1:172.21.15.47:6789/0] -- mon_subscribe({config=0+,monmap=0+}) -- 0x7ff0ac1a4af0 con 0x7ff0ac110220
2024-05-14T12:12:06.299 INFO:teuthology.orchestra.run.smithi047.stdout:/usr/bin/ceph: stderr
2024-05-14T12:12:05.340+0000 7ff0aaa00700 1 --2- 172.21.15.47:0/1792743731 >> [v2:172.21.15.47:3300/0,v1:172.21.15.47:6789/0] conn(0x7ff0ac110220 0x7ff0ac1a45b0 secure :-1 s=READY pgs=38 cs=0 l=1 rev1=1 crypto rx=0x7ff09c011890 tx=0x7ff09c011970 comp rx=0 tx=0).ready entity=mon.0 client_cookie=0 server_cookie=0 in_seq=0 out_seq=0
2024-05-14T12:12:06.299 INFO:teuthology.orchestra.run.smithi047.stdout:/usr/bin/ceph: stderr
2024-05-14T12:12:05.341+0000 7ff0a3400700 1 -- 172.21.15.47:0/1792743731 <== mon.0 v2:172.21.15.47:3300/0 1 ==== mon_map magic: 0 ==== 205+0+0 (secure 0 0 0) 0x7ff09c0039e0 con 0x7ff0ac110220
2024-05-14T12:12:06.299 INFO:teuthology.orchestra.run.smithi047.stdout:/usr/bin/ceph: stderr
2024-05-14T12:12:05.341+0000 7ff0a3400700 1 -- 172.21.15.47:0/1792743731 <== mon.0 v2:172.21.15.47:3300/0 2 ==== config(26 keys) ==== 1070+0+0 (secure 0 0 0) 0x7ff09c003b80 con 0x7ff0ac110220
2024-05-14T12:12:06.299 INFO:teuthology.orchestra.run.smithi047.stdout:/usr/bin/ceph: stderr
2024-05-14T12:12:05.341+0000 7ff0abe00700 1 -- 172.21.15.47:0/1792743731 --> [v2:172.21.15.47:3300/0,v1:172.21.15.47:6789/0] -- mon_subscribe({mgrmap=0+}) -- 0x7ff0ac1a4d80 con 0x7ff0ac110220
2024-05-14T12:12:06.299 INFO:teuthology.orchestra.run.smithi047.stdout:/usr/bin/ceph: stderr
2024-05-14T12:12:05.341+0000 7ff0a3400700 1 -- 172.21.15.47:0/1792743731 <== mon.0 v2:172.21.15.47:3300/0 3 ==== mon_map magic: 0 ==== 205+0+0 (secure 0 0 0) 0x7ff09c0246e0 con 0x7ff0ac110220
2024-05-14T12:12:06.299 INFO:teuthology.orchestra.run.smithi047.stdout:/usr/bin/ceph: stderr
2024-05-14T12:12:05.341+0000 7ff0abe00700 1 -- 172.21.15.47:0/1792743731 --> [v2:172.21.15.47:3300/0,v1:172.21.15.47:6789/0] -- mon_subscribe({osdmap=0}) -- 0x7ff0ac1a7990 con 0x7ff0ac110220
2024-05-14T12:12:06.299 INFO:teuthology.orchestra.run.smithi047.stdout:/usr/bin/ceph: stderr
2024-05-14T12:12:05.342+0000 7ff0abe00700 1 -- 172.21.15.47:0/1792743731 --> [v2:172.21.15.47:3300/0,v1:172.21.15.47:6789/0] -- mon_command({"prefix": "get_command_descriptions"} v 0) -- 0x7ff0ac064e20 con 0x7ff0ac110220
2024-05-14T12:12:06.300 INFO:teuthology.orchestra.run.smithi047.stdout:/usr/bin/ceph: stderr
2024-05-14T12:12:05.342+0000 7ff0a3400700 1 -- 172.21.15.47:0/1792743731 <== mon.0 v2:172.21.15.47:3300/0 4 ==== mgrmap(e 8) ==== 50222+0+0 (secure 0 0 0) 0x7ff09c022020 con 0x7ff0ac110220
2024-05-14T12:12:06.300 INFO:teuthology.orchestra.run.smithi047.stdout:/usr/bin/ceph: stderr
2024-05-14T12:12:05.343+0000 7ff0a3400700 1 --2- 172.21.15.47:0/1792743731 >> [v2:172.21.15.47:6800/3791767528,v1:172.21.15.47:6801/3791767528] conn(0x7ff09003e4c0 0x7ff0900409d0 unknown :-1 s=NONE pgs=0 cs=0 l=1 rev1=0 crypto rx=0 tx=0 comp rx=0 tx=0).connect
2024-05-14T12:12:06.300 INFO:teuthology.orchestra.run.smithi047.stdout:/usr/bin/ceph: stderr
2024-05-14T12:12:05.343+0000 7ff0a3400700 1 -- 172.21.15.47:0/1792743731 <== mon.0 v2:172.21.15.47:3300/0 5 ==== osd_map(2..2 src has 1..2) ==== 940+0+0 (secure 0 0 0) 0x7ff09c053700 con 0x7ff0ac110220
2024-05-14T12:12:06.300 INFO:teuthology.orchestra.run.smithi047.stdout:/usr/bin/ceph: stderr
2024-05-14T12:12:05.343+0000 7ff0aa000700 1 --2- 172.21.15.47:0/1792743731 >> [v2:172.21.15.47:6800/3791767528,v1:172.21.15.47:6801/3791767528] conn(0x7ff09003e4c0 0x7ff0900409d0 unknown :-1 s=BANNER_CONNECTING pgs=0 cs=0 l=1 rev1=0 crypto rx=0 tx=0 comp rx=0 tx=0)._handle_peer_banner_payload supported=3 required=0
2024-05-14T12:12:06.300 INFO:teuthology.orchestra.run.smithi047.stdout:/usr/bin/ceph: stderr
2024-05-14T12:12:05.344+0000 7ff0aa000700 1 --2- 172.21.15.47:0/1792743731 >> [v2:172.21.15.47:6800/3791767528,v1:172.21.15.47:6801/3791767528] conn(0x7ff09003e4c0 0x7ff0900409d0 secure :-1 s=READY pgs=7 cs=0 l=1 rev1=1 crypto rx=0x7ff098006fd0 tx=0x7ff098006e40 comp rx=0 tx=0).ready entity=mgr.14120 client_cookie=0 server_cookie=0 in_seq=0 out_seq=0
2024-05-14T12:12:06.300 INFO:teuthology.orchestra.run.smithi047.stdout:/usr/bin/ceph: stderr
2024-05-14T12:12:05.352+0000 7ff0a3400700 1 -- 172.21.15.47:0/1792743731 <== mon.0 v2:172.21.15.47:3300/0 6 ==== mon_command_ack([{"prefix": "get_command_descriptions"}]=0 v0) ==== 72+0+191963 (secure 0 0 0) 0x7ff09c019ca0 con 0x7ff0ac110220
2024-05-14T12:12:06.300 INFO:teuthology.orchestra.run.smithi047.stdout:/usr/bin/ceph: stderr
2024-05-14T12:12:05.605+0000 7ff0abe00700 1 -- 172.21.15.47:0/1792743731 --> [v2:172.21.15.47:6800/3791767528,v1:172.21.15.47:6801/3791767528] -- mgr_command(tid 0: {"prefix": "orch set backend", "module_name": "cephadm", "target": ["mon-mgr", ""]}) -- 0x7ff0ac0813f0 con 0x7ff09003e4c0
2024-05-14T12:12:06.300 INFO:teuthology.orchestra.run.smithi047.stdout:/usr/bin/ceph: stderr
2024-05-14T12:12:05.619+0000 7ff0a3400700 1 -- 172.21.15.47:0/1792743731 <== mgr.14120 v2:172.21.15.47:6800/3791767528 1 ==== mgr_command_reply(tid 0: 0 ) ==== 8+0+0 (secure 0 0 0) 0x7ff0ac0813f0 con 0x7ff09003e4c0
2024-05-14T12:12:06.300 INFO:teuthology.orchestra.run.smithi047.stdout:/usr/bin/ceph: stderr
2024-05-14T12:12:05.622+0000 7ff0abe00700 1 -- 172.21.15.47:0/1792743731 >> [v2:172.21.15.47:6800/3791767528,v1:172.21.15.47:6801/3791767528] conn(0x7ff09003e4c0 msgr2=0x7ff0900409d0 secure :-1 s=STATE_CONNECTION_ESTABLISHED l=1).mark_down
2024-05-14T12:12:06.300 INFO:teuthology.orchestra.run.smithi047.stdout:/usr/bin/ceph: stderr
2024-05-14T12:12:05.622+0000 7ff0abe00700 1 --2- 172.21.15.47:0/1792743731 >> [v2:172.21.15.47:6800/3791767528,v1:172.21.15.47:6801/3791767528] conn(0x7ff09003e4c0 0x7ff0900409d0 secure :-1 s=READY pgs=7 cs=0 l=1 rev1=1 crypto rx=0x7ff098006fd0 tx=0x7ff098006e40 comp rx=0 tx=0).stop
2024-05-14T12:12:06.300 INFO:teuthology.orchestra.run.smithi047.stdout:/usr/bin/ceph: stderr
2024-05-14T12:12:05.622+0000 7ff0abe00700 1 -- 172.21.15.47:0/1792743731 >> [v2:172.21.15.47:3300/0,v1:172.21.15.47:6789/0] conn(0x7ff0ac110220 msgr2=0x7ff0ac1a45b0 secure :-1 s=STATE_CONNECTION_ESTABLISHED l=1).mark_down
2024-05-14T12:12:06.300 INFO:teuthology.orchestra.run.smithi047.stdout:/usr/bin/ceph: stderr
2024-05-14T12:12:05.622+0000 7ff0abe00700 1 --2- 172.21.15.47:0/1792743731 >> [v2:172.21.15.47:3300/0,v1:172.21.15.47:6789/0] conn(0x7ff0ac110220 0x7ff0ac1a45b0 secure :-1 s=READY pgs=38 cs=0 l=1 rev1=1 crypto rx=0x7ff09c011890 tx=0x7ff09c011970 comp rx=0 tx=0).stop
2024-05-14T12:12:06.300 INFO:teuthology.orchestra.run.smithi047.stdout:/usr/bin/ceph: stderr
2024-05-14T12:12:05.623+0000 7ff0abe00700 1 -- 172.21.15.47:0/1792743731 shutdown_connections
2024-05-14T12:12:06.300 INFO:teuthology.orchestra.run.smithi047.stdout:/usr/bin/ceph: stderr
2024-05-14T12:12:05.623+0000 7ff0abe00700 1 --2- 172.21.15.47:0/1792743731 >> [v2:172.21.15.47:6800/3791767528,v1:172.21.15.47:6801/3791767528] conn(0x7ff09003e4c0 0x7ff0900409d0 unknown :-1 s=CLOSED pgs=7 cs=0 l=1 rev1=1 crypto rx=0 tx=0 comp rx=0 tx=0).stop
2024-05-14T12:12:06.300 INFO:teuthology.orchestra.run.smithi047.stdout:/usr/bin/ceph: stderr
2024-05-14T12:12:05.623+0000 7ff0abe00700 1 --2- 172.21.15.47:0/1792743731 >> [v2:172.21.15.47:3300/0,v1:172.21.15.47:6789/0] conn(0x7ff0ac110220 0x7ff0ac1a45b0 unknown :-1 s=CLOSED pgs=38 cs=0 l=1 rev1=1 crypto rx=0 tx=0 comp rx=0 tx=0).stop
2024-05-14T12:12:06.301 INFO:teuthology.orchestra.run.smithi047.stdout:/usr/bin/ceph: stderr
2024-05-14T12:12:05.623+0000 7ff0abe00700 1 -- 172.21.15.47:0/1792743731 >> 172.21.15.47:0/1792743731 conn(0x7ff0ac07f400 msgr2=0x7ff0ac080ce0 unknown :-1 s=STATE_NONE l=0).mark_down
2024-05-14T12:12:06.301 INFO:teuthology.orchestra.run.smithi047.stdout:/usr/bin/ceph: stderr
2024-05-14T12:12:05.623+0000 7ff0abe00700 1 -- 172.21.15.47:0/1792743731 shutdown_connections
2024-05-14T12:12:06.301 INFO:teuthology.orchestra.run.smithi047.stdout:/usr/bin/ceph: stderr
2024-05-14T12:12:05.623+0000 7ff0abe00700 1 -- 172.21.15.47:0/1792743731 wait complete.
2024-05-14T12:12:07.222 INFO:journalctl@ceph.mon.a.smithi047.stdout:May 14 12:12:06 smithi047 ceph-mon[31254]: from='client.14132 -' entity='client.admin' cmd=[{"prefix": "orch set backend", "module_name": "cephadm", "target": ["mon-mgr", ""]}]: dispatch
2024-05-14T12:12:07.947 INFO:teuthology.orchestra.run.smithi047.stdout:/usr/bin/ceph: stdout value unchanged
2024-05-14T12:12:07.948 INFO:teuthology.orchestra.run.smithi047.stdout:/usr/bin/ceph: stderr
2024-05-14T12:12:06.967+0000 7fe6a8200700 1 Processor -- start
2024-05-14T12:12:07.948 INFO:teuthology.orchestra.run.smithi047.stdout:/usr/bin/ceph: stderr
2024-05-14T12:12:06.967+0000 7fe6a8200700 1 -- start start
2024-05-14T12:12:07.948 INFO:teuthology.orchestra.run.smithi047.stdout:/usr/bin/ceph: stderr
2024-05-14T12:12:06.967+0000 7fe6a8200700 1 --2- >> [v2:172.21.15.47:3300/0,v1:172.21.15.47:6789/0] conn(0x7fe6a010d400 0x7fe6a010d810 unknown :-1 s=NONE pgs=0 cs=0 l=0 rev1=0 crypto rx=0 tx=0 comp rx=0 tx=0).connect
2024-05-14T12:12:07.948 INFO:teuthology.orchestra.run.smithi047.stdout:/usr/bin/ceph: stderr
2024-05-14T12:12:06.967+0000 7fe6a8200700 1 -- --> [v2:172.21.15.47:3300/0,v1:172.21.15.47:6789/0] -- mon_getmap magic: 0 -- 0x7fe6a010dde0 con 0x7fe6a010d400
2024-05-14T12:12:07.953 INFO:teuthology.orchestra.run.smithi047.stdout:/usr/bin/ceph: stderr
2024-05-14T12:12:06.968+0000 7fe6a5800700 1 --2- >> [v2:172.21.15.47:3300/0,v1:172.21.15.47:6789/0] conn(0x7fe6a010d400 0x7fe6a010d810 unknown :-1 s=BANNER_CONNECTING pgs=0 cs=0 l=0 rev1=0 crypto rx=0 tx=0 comp rx=0 tx=0)._handle_peer_banner_payload supported=3 required=0
2024-05-14T12:12:07.953 INFO:teuthology.orchestra.run.smithi047.stdout:/usr/bin/ceph: stderr
2024-05-14T12:12:06.968+0000 7fe6a5800700 1 --2- >> [v2:172.21.15.47:3300/0,v1:172.21.15.47:6789/0] conn(0x7fe6a010d400 0x7fe6a010d810 unknown :-1 s=HELLO_CONNECTING pgs=0 cs=0 l=0 rev1=1 crypto rx=0 tx=0 comp rx=0 tx=0).handle_hello peer v2:172.21.15.47:3300/0 says I am v2:172.21.15.47:42798/0 (socket says 172.21.15.47:42798)
2024-05-14T12:12:07.953 INFO:teuthology.orchestra.run.smithi047.stdout:/usr/bin/ceph: stderr
2024-05-14T12:12:06.968+0000 7fe6a5800700 1 -- 172.21.15.47:0/750279214 learned_addr learned my addr 172.21.15.47:0/750279214 (peer_addr_for_me v2:172.21.15.47:0/0)
2024-05-14T12:12:07.953 INFO:teuthology.orchestra.run.smithi047.stdout:/usr/bin/ceph: stderr
2024-05-14T12:12:06.968+0000 7fe6a5800700 1 -- 172.21.15.47:0/750279214 --> [v2:172.21.15.47:3300/0,v1:172.21.15.47:6789/0] -- mon_subscribe({config=0+,monmap=0+}) -- 0x7fe6a010bd10 con 0x7fe6a010d400
2024-05-14T12:12:07.954 INFO:teuthology.orchestra.run.smithi047.stdout:/usr/bin/ceph: stderr
2024-05-14T12:12:06.969+0000 7fe6a5800700 1 --2- 172.21.15.47:0/750279214 >> [v2:172.21.15.47:3300/0,v1:172.21.15.47:6789/0] conn(0x7fe6a010d400 0x7fe6a010d810 secure :-1 s=READY pgs=39 cs=0 l=1 rev1=1 crypto rx=0x7fe6940098a0 tx=0x7fe694009bb0 comp rx=0 tx=0).ready entity=mon.0 client_cookie=a736697c2db7aa8d server_cookie=0 in_seq=0 out_seq=0
2024-05-14T12:12:07.954 INFO:teuthology.orchestra.run.smithi047.stdout:/usr/bin/ceph: stderr
2024-05-14T12:12:06.969+0000 7fe69fe00700 1 -- 172.21.15.47:0/750279214 <== mon.0 v2:172.21.15.47:3300/0 1 ==== mon_map magic: 0 ==== 205+0+0 (secure 0 0 0) 0x7fe694004160 con 0x7fe6a010d400
2024-05-14T12:12:07.954 INFO:teuthology.orchestra.run.smithi047.stdout:/usr/bin/ceph: stderr
2024-05-14T12:12:06.969+0000 7fe69fe00700 1 -- 172.21.15.47:0/750279214 <== mon.0 v2:172.21.15.47:3300/0 2 ==== config(26 keys) ==== 1070+0+0 (secure 0 0 0) 0x7fe694004300 con 0x7fe6a010d400
2024-05-14T12:12:07.954 INFO:teuthology.orchestra.run.smithi047.stdout:/usr/bin/ceph: stderr
2024-05-14T12:12:06.969+0000 7fe69fe00700 1 -- 172.21.15.47:0/750279214 <== mon.0 v2:172.21.15.47:3300/0 3 ==== mon_map magic: 0 ==== 205+0+0 (secure 0 0 0) 0x7fe694011af0 con 0x7fe6a010d400
2024-05-14T12:12:07.954 INFO:teuthology.orchestra.run.smithi047.stdout:/usr/bin/ceph: stderr
2024-05-14T12:12:06.970+0000 7fe6a8200700 1 -- 172.21.15.47:0/750279214 >> [v2:172.21.15.47:3300/0,v1:172.21.15.47:6789/0] conn(0x7fe6a010d400 msgr2=0x7fe6a010d810 secure :-1 s=STATE_CONNECTION_ESTABLISHED l=1).mark_down
2024-05-14T12:12:07.954 INFO:teuthology.orchestra.run.smithi047.stdout:/usr/bin/ceph: stderr
2024-05-14T12:12:06.970+0000 7fe6a8200700 1 --2- 172.21.15.47:0/750279214 >> [v2:172.21.15.47:3300/0,v1:172.21.15.47:6789/0] conn(0x7fe6a010d400 0x7fe6a010d810 secure :-1 s=READY pgs=39 cs=0 l=1 rev1=1 crypto rx=0x7fe6940098a0 tx=0x7fe694009bb0 comp rx=0 tx=0).stop
2024-05-14T12:12:07.954 INFO:teuthology.orchestra.run.smithi047.stdout:/usr/bin/ceph: stderr
2024-05-14T12:12:06.970+0000 7fe6a8200700 1 -- 172.21.15.47:0/750279214 shutdown_connections
2024-05-14T12:12:07.954 INFO:teuthology.orchestra.run.smithi047.stdout:/usr/bin/ceph: stderr
2024-05-14T12:12:06.970+0000 7fe6a8200700 1 --2- 172.21.15.47:0/750279214 >> [v2:172.21.15.47:3300/0,v1:172.21.15.47:6789/0] conn(0x7fe6a010d400 0x7fe6a010d810 unknown :-1 s=CLOSED pgs=39 cs=0 l=1 rev1=1 crypto rx=0 tx=0 comp rx=0 tx=0).stop
2024-05-14T12:12:07.954 INFO:teuthology.orchestra.run.smithi047.stdout:/usr/bin/ceph: stderr
2024-05-14T12:12:06.970+0000 7fe6a8200700 1 -- 172.21.15.47:0/750279214 >> 172.21.15.47:0/750279214 conn(0x7fe6a0107840 msgr2=0x7fe6a0109c60 unknown :-1 s=STATE_NONE l=0).mark_down
2024-05-14T12:12:07.954 INFO:teuthology.orchestra.run.smithi047.stdout:/usr/bin/ceph: stderr
2024-05-14T12:12:06.970+0000 7fe6a8200700 1 -- 172.21.15.47:0/750279214 shutdown_connections
2024-05-14T12:12:07.954 INFO:teuthology.orchestra.run.smithi047.stdout:/usr/bin/ceph: stderr
2024-05-14T12:12:06.970+0000 7fe6a8200700 1 -- 172.21.15.47:0/750279214 wait complete.
2024-05-14T12:12:07.954 INFO:teuthology.orchestra.run.smithi047.stdout:/usr/bin/ceph: stderr
2024-05-14T12:12:06.971+0000 7fe6a8200700 1 Processor -- start
2024-05-14T12:12:07.954 INFO:teuthology.orchestra.run.smithi047.stdout:/usr/bin/ceph: stderr
2024-05-14T12:12:06.972+0000 7fe6a8200700 1 -- start start
2024-05-14T12:12:07.955 INFO:teuthology.orchestra.run.smithi047.stdout:/usr/bin/ceph: stderr
2024-05-14T12:12:06.972+0000 7fe6a8200700 1 --2- >> [v2:172.21.15.47:3300/0,v1:172.21.15.47:6789/0] conn(0x7fe6a010d400 0x7fe6a01a02e0 unknown :-1 s=NONE pgs=0 cs=0 l=1 rev1=0 crypto rx=0 tx=0 comp rx=0 tx=0).connect
2024-05-14T12:12:07.955 INFO:teuthology.orchestra.run.smithi047.stdout:/usr/bin/ceph: stderr
2024-05-14T12:12:06.972+0000 7fe6a8200700 1 -- --> [v2:172.21.15.47:3300/0,v1:172.21.15.47:6789/0] -- mon_getmap magic: 0 -- 0x7fe6a0110490 con 0x7fe6a010d400
2024-05-14T12:12:07.955 INFO:teuthology.orchestra.run.smithi047.stdout:/usr/bin/ceph: stderr
2024-05-14T12:12:06.972+0000 7fe6a5800700 1 --2- >> [v2:172.21.15.47:3300/0,v1:172.21.15.47:6789/0] conn(0x7fe6a010d400 0x7fe6a01a02e0 unknown :-1 s=BANNER_CONNECTING pgs=0 cs=0 l=1 rev1=0 crypto rx=0 tx=0 comp rx=0 tx=0)._handle_peer_banner_payload supported=3 required=0
2024-05-14T12:12:07.955 INFO:teuthology.orchestra.run.smithi047.stdout:/usr/bin/ceph: stderr
2024-05-14T12:12:06.972+0000 7fe6a5800700 1 --2- >> [v2:172.21.15.47:3300/0,v1:172.21.15.47:6789/0] conn(0x7fe6a010d400 0x7fe6a01a02e0 unknown :-1 s=HELLO_CONNECTING pgs=0 cs=0 l=1 rev1=1 crypto rx=0 tx=0 comp rx=0 tx=0).handle_hello peer v2:172.21.15.47:3300/0 says I am v2:172.21.15.47:42802/0 (socket says 172.21.15.47:42802)
2024-05-14T12:12:07.955 INFO:teuthology.orchestra.run.smithi047.stdout:/usr/bin/ceph: stderr
2024-05-14T12:12:06.972+0000 7fe6a5800700 1 -- 172.21.15.47:0/3644439433 learned_addr learned my addr 172.21.15.47:0/3644439433 (peer_addr_for_me v2:172.21.15.47:0/0)
2024-05-14T12:12:07.955 INFO:teuthology.orchestra.run.smithi047.stdout:/usr/bin/ceph: stderr
2024-05-14T12:12:06.973+0000 7fe6a5800700 1 -- 172.21.15.47:0/3644439433 --> [v2:172.21.15.47:3300/0,v1:172.21.15.47:6789/0] -- mon_subscribe({config=0+,monmap=0+}) -- 0x7fe6a01a0820 con 0x7fe6a010d400
2024-05-14T12:12:07.955 INFO:teuthology.orchestra.run.smithi047.stdout:/usr/bin/ceph: stderr
2024-05-14T12:12:06.973+0000 7fe6a5800700 1 --2- 172.21.15.47:0/3644439433 >> [v2:172.21.15.47:3300/0,v1:172.21.15.47:6789/0] conn(0x7fe6a010d400 0x7fe6a01a02e0 secure :-1 s=READY pgs=40 cs=0 l=1 rev1=1 crypto rx=0x7fe6940090e0 tx=0x7fe694011940 comp rx=0 tx=0).ready entity=mon.0 client_cookie=0 server_cookie=0 in_seq=0 out_seq=0
2024-05-14T12:12:07.955 INFO:teuthology.orchestra.run.smithi047.stdout:/usr/bin/ceph: stderr
2024-05-14T12:12:06.973+0000 7fe69e000700 1 -- 172.21.15.47:0/3644439433 <== mon.0 v2:172.21.15.47:3300/0 1 ==== mon_map magic: 0 ==== 205+0+0 (secure 0 0 0) 0x7fe6940039e0 con 0x7fe6a010d400
2024-05-14T12:12:07.955 INFO:teuthology.orchestra.run.smithi047.stdout:/usr/bin/ceph: stderr
2024-05-14T12:12:06.973+0000 7fe69e000700 1 -- 172.21.15.47:0/3644439433 <== mon.0 v2:172.21.15.47:3300/0 2 ==== config(26 keys) ==== 1070+0+0 (secure 0 0 0) 0x7fe694003b80 con 0x7fe6a010d400
2024-05-14T12:12:07.955 INFO:teuthology.orchestra.run.smithi047.stdout:/usr/bin/ceph: stderr
2024-05-14T12:12:06.973+0000 7fe6a8200700 1 -- 172.21.15.47:0/3644439433 --> [v2:172.21.15.47:3300/0,v1:172.21.15.47:6789/0] -- mon_subscribe({mgrmap=0+}) -- 0x7fe6a01a0ab0 con 0x7fe6a010d400
2024-05-14T12:12:07.955 INFO:teuthology.orchestra.run.smithi047.stdout:/usr/bin/ceph: stderr
2024-05-14T12:12:06.973+0000 7fe69e000700 1 -- 172.21.15.47:0/3644439433 <== mon.0 v2:172.21.15.47:3300/0 3 ==== mon_map magic: 0 ==== 205+0+0 (secure 0 0 0) 0x7fe6940246e0 con 0x7fe6a010d400
2024-05-14T12:12:07.955 INFO:teuthology.orchestra.run.smithi047.stdout:/usr/bin/ceph: stderr
2024-05-14T12:12:06.973+0000 7fe6a8200700 1 -- 172.21.15.47:0/3644439433 --> [v2:172.21.15.47:3300/0,v1:172.21.15.47:6789/0] -- mon_subscribe({osdmap=0}) -- 0x7fe6a01a36c0 con 0x7fe6a010d400
2024-05-14T12:12:07.955 INFO:teuthology.orchestra.run.smithi047.stdout:/usr/bin/ceph: stderr
2024-05-14T12:12:06.975+0000 7fe6a8200700 1 -- 172.21.15.47:0/3644439433 --> [v2:172.21.15.47:3300/0,v1:172.21.15.47:6789/0] -- mon_command({"prefix": "get_command_descriptions"} v 0) -- 0x7fe6a0064e20 con 0x7fe6a010d400
2024-05-14T12:12:07.955 INFO:teuthology.orchestra.run.smithi047.stdout:/usr/bin/ceph: stderr
2024-05-14T12:12:06.975+0000 7fe69e000700 1 -- 172.21.15.47:0/3644439433 <== mon.0 v2:172.21.15.47:3300/0 4 ==== mgrmap(e 8) ==== 50222+0+0 (secure 0 0 0) 0x7fe694022020 con 0x7fe6a010d400
2024-05-14T12:12:07.955 INFO:teuthology.orchestra.run.smithi047.stdout:/usr/bin/ceph: stderr
2024-05-14T12:12:06.975+0000 7fe69e000700 1 --2- 172.21.15.47:0/3644439433 >> [v2:172.21.15.47:6800/3791767528,v1:172.21.15.47:6801/3791767528] conn(0x7fe68803e470 0x7fe688040980 unknown :-1 s=NONE pgs=0 cs=0 l=1 rev1=0 crypto rx=0 tx=0 comp rx=0 tx=0).connect
2024-05-14T12:12:07.955 INFO:teuthology.orchestra.run.smithi047.stdout:/usr/bin/ceph: stderr
2024-05-14T12:12:06.975+0000 7fe69e000700 1 -- 172.21.15.47:0/3644439433 <== mon.0 v2:172.21.15.47:3300/0 5 ==== osd_map(2..2 src has 1..2) ==== 940+0+0 (secure 0 0 0) 0x7fe694053850 con 0x7fe6a010d400
2024-05-14T12:12:07.956 INFO:teuthology.orchestra.run.smithi047.stdout:/usr/bin/ceph: stderr
2024-05-14T12:12:06.976+0000 7fe6a4e00700 1 --2- 172.21.15.47:0/3644439433 >> [v2:172.21.15.47:6800/3791767528,v1:172.21.15.47:6801/3791767528] conn(0x7fe68803e470 0x7fe688040980 unknown :-1 s=BANNER_CONNECTING pgs=0 cs=0 l=1 rev1=0 crypto rx=0 tx=0 comp rx=0 tx=0)._handle_peer_banner_payload supported=3 required=0
2024-05-14T12:12:07.956 INFO:teuthology.orchestra.run.smithi047.stdout:/usr/bin/ceph: stderr
2024-05-14T12:12:06.976+0000 7fe6a4e00700 1 --2- 172.21.15.47:0/3644439433 >> [v2:172.21.15.47:6800/3791767528,v1:172.21.15.47:6801/3791767528] conn(0x7fe68803e470 0x7fe688040980 secure :-1 s=READY pgs=8 cs=0 l=1 rev1=1 crypto rx=0x7fe68c006fd0 tx=0x7fe68c006e40 comp rx=0 tx=0).ready entity=mgr.14120 client_cookie=0 server_cookie=0 in_seq=0 out_seq=0
2024-05-14T12:12:07.956 INFO:teuthology.orchestra.run.smithi047.stdout:/usr/bin/ceph: stderr
2024-05-14T12:12:06.982+0000 7fe69e000700 1 -- 172.21.15.47:0/3644439433 <== mon.0 v2:172.21.15.47:3300/0 6 ==== mon_command_ack([{"prefix": "get_command_descriptions"}]=0 v0) ==== 72+0+191963 (secure 0 0 0) 0x7fe69400b3e0 con 0x7fe6a010d400
2024-05-14T12:12:07.956 INFO:teuthology.orchestra.run.smithi047.stdout:/usr/bin/ceph: stderr
2024-05-14T12:12:07.222+0000 7fe6a8200700 1 -- 172.21.15.47:0/3644439433 --> [v2:172.21.15.47:6800/3791767528,v1:172.21.15.47:6801/3791767528] -- mgr_command(tid 0: {"prefix": "cephadm set-user", "user": "root", "target": ["mon-mgr", ""]}) -- 0x7fe6a0109880 con 0x7fe68803e470
2024-05-14T12:12:07.956 INFO:teuthology.orchestra.run.smithi047.stdout:/usr/bin/ceph: stderr
2024-05-14T12:12:07.224+0000 7fe69e000700 1 -- 172.21.15.47:0/3644439433 <== mgr.14120 v2:172.21.15.47:6800/3791767528 1 ==== mgr_command_reply(tid 0: 0 ) ==== 8+0+16 (secure 0 0 0) 0x7fe6a0109880 con 0x7fe68803e470
2024-05-14T12:12:07.956 INFO:teuthology.orchestra.run.smithi047.stdout:/usr/bin/ceph: stderr
2024-05-14T12:12:07.227+0000 7fe6a8200700 1 -- 172.21.15.47:0/3644439433 >> [v2:172.21.15.47:6800/3791767528,v1:172.21.15.47:6801/3791767528] conn(0x7fe68803e470 msgr2=0x7fe688040980 secure :-1 s=STATE_CONNECTION_ESTABLISHED l=1).mark_down
2024-05-14T12:12:07.956 INFO:teuthology.orchestra.run.smithi047.stdout:/usr/bin/ceph: stderr
2024-05-14T12:12:07.227+0000 7fe6a8200700 1 --2- 172.21.15.47:0/3644439433 >> [v2:172.21.15.47:6800/3791767528,v1:172.21.15.47:6801/3791767528] conn(0x7fe68803e470 0x7fe688040980 secure :-1 s=READY pgs=8 cs=0 l=1 rev1=1 crypto rx=0x7fe68c006fd0 tx=0x7fe68c006e40 comp rx=0 tx=0).stop
2024-05-14T12:12:07.956 INFO:teuthology.orchestra.run.smithi047.stdout:/usr/bin/ceph: stderr
2024-05-14T12:12:07.227+0000 7fe6a8200700 1 -- 172.21.15.47:0/3644439433 >> [v2:172.21.15.47:3300/0,v1:172.21.15.47:6789/0] conn(0x7fe6a010d400 msgr2=0x7fe6a01a02e0 secure :-1 s=STATE_CONNECTION_ESTABLISHED l=1).mark_down
2024-05-14T12:12:07.956 INFO:teuthology.orchestra.run.smithi047.stdout:/usr/bin/ceph: stderr
2024-05-14T12:12:07.227+0000 7fe6a8200700 1 --2- 172.21.15.47:0/3644439433 >> [v2:172.21.15.47:3300/0,v1:172.21.15.47:6789/0] conn(0x7fe6a010d400 0x7fe6a01a02e0 secure :-1 s=READY pgs=40 cs=0 l=1 rev1=1 crypto rx=0x7fe6940090e0 tx=0x7fe694011940 comp rx=0 tx=0).stop
2024-05-14T12:12:07.956 INFO:teuthology.orchestra.run.smithi047.stdout:/usr/bin/ceph: stderr
2024-05-14T12:12:07.228+0000 7fe6a8200700 1 -- 172.21.15.47:0/3644439433 shutdown_connections
2024-05-14T12:12:07.956 INFO:teuthology.orchestra.run.smithi047.stdout:/usr/bin/ceph: stderr
2024-05-14T12:12:07.228+0000 7fe6a8200700 1 --2- 172.21.15.47:0/3644439433 >> [v2:172.21.15.47:6800/3791767528,v1:172.21.15.47:6801/3791767528] conn(0x7fe68803e470 0x7fe688040980 unknown :-1 s=CLOSED pgs=8 cs=0 l=1 rev1=1 crypto rx=0 tx=0 comp rx=0 tx=0).stop
2024-05-14T12:12:07.956 INFO:teuthology.orchestra.run.smithi047.stdout:/usr/bin/ceph: stderr
2024-05-14T12:12:07.228+0000 7fe6a8200700 1 --2- 172.21.15.47:0/3644439433 >> [v2:172.21.15.47:3300/0,v1:172.21.15.47:6789/0] conn(0x7fe6a010d400 0x7fe6a01a02e0 unknown :-1 s=CLOSED pgs=40 cs=0 l=1 rev1=1 crypto rx=0 tx=0 comp rx=0 tx=0).stop
2024-05-14T12:12:07.956 INFO:teuthology.orchestra.run.smithi047.stdout:/usr/bin/ceph: stderr
2024-05-14T12:12:07.228+0000 7fe6a8200700 1 -- 172.21.15.47:0/3644439433 >> 172.21.15.47:0/3644439433 conn(0x7fe6a0107840 msgr2=0x7fe6a0109110 unknown :-1 s=STATE_NONE l=0).mark_down
2024-05-14T12:12:07.957 INFO:teuthology.orchestra.run.smithi047.stdout:/usr/bin/ceph: stderr
2024-05-14T12:12:07.228+0000 7fe6a8200700 1 -- 172.21.15.47:0/3644439433 shutdown_connections
2024-05-14T12:12:07.957 INFO:teuthology.orchestra.run.smithi047.stdout:/usr/bin/ceph: stderr
2024-05-14T12:12:07.228+0000 7fe6a8200700 1 -- 172.21.15.47:0/3644439433 wait complete.
2024-05-14T12:12:07.957 INFO:teuthology.orchestra.run.smithi047.stdout:Generating ssh key...
2024-05-14T12:12:08.224 INFO:journalctl@ceph.mon.a.smithi047.stdout:May 14 12:12:07 smithi047 ceph-mon[31254]: from='client.14134 -' entity='client.admin' cmd=[{"prefix": "cephadm set-user", "user": "root", "target": ["mon-mgr", ""]}]: dispatch
2024-05-14T12:12:09.725 INFO:journalctl@ceph.mon.a.smithi047.stdout:May 14 12:12:09 smithi047 ceph-mon[31254]: from='client.14136 -' entity='client.admin' cmd=[{"prefix": "cephadm generate-key", "target": ["mon-mgr", ""]}]: dispatch
2024-05-14T12:12:09.725 INFO:journalctl@ceph.mon.a.smithi047.stdout:May 14 12:12:09 smithi047 ceph-mon[31254]: Generating ssh key...
2024-05-14T12:12:09.726 INFO:journalctl@ceph.mgr.x.smithi047.stdout:May 14 12:12:09 smithi047 ceph-e5959f02-11ea-11ef-bc98-c7b262605968-mgr-x[31479]: Generating public/private rsa key pair.
2024-05-14T12:12:09.726 INFO:journalctl@ceph.mgr.x.smithi047.stdout:May 14 12:12:09 smithi047 ceph-e5959f02-11ea-11ef-bc98-c7b262605968-mgr-x[31479]: Your identification has been saved in /tmp/tmphmmk2y99/key.
2024-05-14T12:12:09.726 INFO:journalctl@ceph.mgr.x.smithi047.stdout:May 14 12:12:09 smithi047 ceph-e5959f02-11ea-11ef-bc98-c7b262605968-mgr-x[31479]: Your public key has been saved in /tmp/tmphmmk2y99/key.pub.
2024-05-14T12:12:09.726 INFO:journalctl@ceph.mgr.x.smithi047.stdout:May 14 12:12:09 smithi047 ceph-e5959f02-11ea-11ef-bc98-c7b262605968-mgr-x[31479]: The key fingerprint is:
2024-05-14T12:12:09.726 INFO:journalctl@ceph.mgr.x.smithi047.stdout:May 14 12:12:09 smithi047 ceph-e5959f02-11ea-11ef-bc98-c7b262605968-mgr-x[31479]: SHA256:jVcPdhj+YLiPcrchpRpK9kCSa1yOwuB26Q3GcX1Wz20 ceph-e5959f02-11ea-11ef-bc98-c7b262605968
2024-05-14T12:12:09.726 INFO:journalctl@ceph.mgr.x.smithi047.stdout:May 14 12:12:09 smithi047 ceph-e5959f02-11ea-11ef-bc98-c7b262605968-mgr-x[31479]: The key's randomart image is:
2024-05-14T12:12:09.726 INFO:journalctl@ceph.mgr.x.smithi047.stdout:May 14 12:12:09 smithi047 ceph-e5959f02-11ea-11ef-bc98-c7b262605968-mgr-x[31479]: +---[RSA 3072]----+
2024-05-14T12:12:09.727 INFO:journalctl@ceph.mgr.x.smithi047.stdout:May 14 12:12:09 smithi047 ceph-e5959f02-11ea-11ef-bc98-c7b262605968-mgr-x[31479]: | . |
2024-05-14T12:12:09.727 INFO:journalctl@ceph.mgr.x.smithi047.stdout:May 14 12:12:09 smithi047 ceph-e5959f02-11ea-11ef-bc98-c7b262605968-mgr-x[31479]: | o o |
2024-05-14T12:12:09.727 INFO:journalctl@ceph.mgr.x.smithi047.stdout:May 14 12:12:09 smithi047 ceph-e5959f02-11ea-11ef-bc98-c7b262605968-mgr-x[31479]: | ..O . |
2024-05-14T12:12:09.727 INFO:journalctl@ceph.mgr.x.smithi047.stdout:May 14 12:12:09 smithi047 ceph-e5959f02-11ea-11ef-bc98-c7b262605968-mgr-x[31479]: | .. o.=o*. |
2024-05-14T12:12:09.727 INFO:journalctl@ceph.mgr.x.smithi047.stdout:May 14 12:12:09 smithi047 ceph-e5959f02-11ea-11ef-bc98-c7b262605968-mgr-x[31479]: |. .o.o.So+ .ooE |
2024-05-14T12:12:09.727 INFO:journalctl@ceph.mgr.x.smithi047.stdout:May 14 12:12:09 smithi047 ceph-e5959f02-11ea-11ef-bc98-c7b262605968-mgr-x[31479]: |.o..+B o. = . |
2024-05-14T12:12:09.727 INFO:journalctl@ceph.mgr.x.smithi047.stdout:May 14 12:12:09 smithi047 ceph-e5959f02-11ea-11ef-bc98-c7b262605968-mgr-x[31479]: | oo*= = o = + |
2024-05-14T12:12:09.727 INFO:journalctl@ceph.mgr.x.smithi047.stdout:May 14 12:12:09 smithi047 ceph-e5959f02-11ea-11ef-bc98-c7b262605968-mgr-x[31479]: |. +ooo + = o o |
