2024-05-14T15:05:13.911+0000 7f9c89800700 1 --2- >> [v2:172.21.15.69:3300/0,v1:172.21.15.69:6789/0] conn(0x7f9c841107b0 0x7f9c84112bd0 unknown :-1 s=BANNER_CONNECTING pgs=0 cs=0 l=0 rev1=0 crypto rx=0 tx=0 comp rx=0 tx=0)._handle_peer_banner_payload supported=3 required=0
2024-05-14T15:05:14.912 INFO:teuthology.orchestra.run.smithi069.stdout:/usr/bin/ceph: stderr
2024-05-14T15:05:13.912+0000 7f9c89800700 1 --2- >> [v2:172.21.15.69:3300/0,v1:172.21.15.69:6789/0] conn(0x7f9c841107b0 0x7f9c84112bd0 unknown :-1 s=HELLO_CONNECTING pgs=0 cs=0 l=0 rev1=1 crypto rx=0 tx=0 comp rx=0 tx=0).handle_hello peer v2:172.21.15.69:3300/0 says I am v2:172.21.15.69:56022/0 (socket says 172.21.15.69:56022)
2024-05-14T15:05:14.913 INFO:teuthology.orchestra.run.smithi069.stdout:/usr/bin/ceph: stderr
2024-05-14T15:05:13.912+0000 7f9c89800700 1 -- 172.21.15.69:0/4181672992 learned_addr learned my addr 172.21.15.69:0/4181672992 (peer_addr_for_me v2:172.21.15.69:0/0)
2024-05-14T15:05:14.913 INFO:teuthology.orchestra.run.smithi069.stdout:/usr/bin/ceph: stderr
2024-05-14T15:05:13.912+0000 7f9c89800700 1 -- 172.21.15.69:0/4181672992 --> [v2:172.21.15.69:3300/0,v1:172.21.15.69:6789/0] -- mon_subscribe({config=0+,monmap=0+}) -- 0x7f9c84113320 con 0x7f9c841107b0
2024-05-14T15:05:14.913 INFO:teuthology.orchestra.run.smithi069.stdout:/usr/bin/ceph: stderr
2024-05-14T15:05:13.912+0000 7f9c89800700 1 --2- 172.21.15.69:0/4181672992 >> [v2:172.21.15.69:3300/0,v1:172.21.15.69:6789/0] conn(0x7f9c841107b0 0x7f9c84112bd0 secure :-1 s=READY pgs=43 cs=0 l=1 rev1=1 crypto rx=0x7f9c780098a0 tx=0x7f9c78009bb0 comp rx=0 tx=0).ready entity=mon.0 client_cookie=6fc665e3557e9929 server_cookie=0 in_seq=0 out_seq=0
2024-05-14T15:05:14.913 INFO:teuthology.orchestra.run.smithi069.stdout:/usr/bin/ceph: stderr
2024-05-14T15:05:13.913+0000 7f9c83e00700 1 -- 172.21.15.69:0/4181672992 <== mon.0 v2:172.21.15.69:3300/0 1 ==== mon_map magic: 0 ==== 205+0+0 (secure 0 0 0) 0x7f9c78004160 con 0x7f9c841107b0
2024-05-14T15:05:14.913 INFO:teuthology.orchestra.run.smithi069.stdout:/usr/bin/ceph: stderr
2024-05-14T15:05:13.913+0000 7f9c83e00700 1 -- 172.21.15.69:0/4181672992 <== mon.0 v2:172.21.15.69:3300/0 2 ==== config(25 keys) ==== 1032+0+0 (secure 0 0 0) 0x7f9c78004300 con 0x7f9c841107b0
2024-05-14T15:05:14.913 INFO:teuthology.orchestra.run.smithi069.stdout:/usr/bin/ceph: stderr
2024-05-14T15:05:13.913+0000 7f9c83e00700 1 -- 172.21.15.69:0/4181672992 <== mon.0 v2:172.21.15.69:3300/0 3 ==== mon_map magic: 0 ==== 205+0+0 (secure 0 0 0) 0x7f9c780119e0 con 0x7f9c841107b0
2024-05-14T15:05:14.913 INFO:teuthology.orchestra.run.smithi069.stdout:/usr/bin/ceph: stderr
2024-05-14T15:05:13.914+0000 7f9c8c200700 1 -- 172.21.15.69:0/4181672992 >> [v2:172.21.15.69:3300/0,v1:172.21.15.69:6789/0] conn(0x7f9c841107b0 msgr2=0x7f9c84112bd0 secure :-1 s=STATE_CONNECTION_ESTABLISHED l=1).mark_down
2024-05-14T15:05:14.913 INFO:teuthology.orchestra.run.smithi069.stdout:/usr/bin/ceph: stderr
2024-05-14T15:05:13.914+0000 7f9c8c200700 1 --2- 172.21.15.69:0/4181672992 >> [v2:172.21.15.69:3300/0,v1:172.21.15.69:6789/0] conn(0x7f9c841107b0 0x7f9c84112bd0 secure :-1 s=READY pgs=43 cs=0 l=1 rev1=1 crypto rx=0x7f9c780098a0 tx=0x7f9c78009bb0 comp rx=0 tx=0).stop
2024-05-14T15:05:14.913 INFO:teuthology.orchestra.run.smithi069.stdout:/usr/bin/ceph: stderr
2024-05-14T15:05:13.914+0000 7f9c8c200700 1 -- 172.21.15.69:0/4181672992 shutdown_connections
2024-05-14T15:05:14.913 INFO:teuthology.orchestra.run.smithi069.stdout:/usr/bin/ceph: stderr
2024-05-14T15:05:13.914+0000 7f9c8c200700 1 --2- 172.21.15.69:0/4181672992 >> [v2:172.21.15.69:3300/0,v1:172.21.15.69:6789/0] conn(0x7f9c841107b0 0x7f9c84112bd0 unknown :-1 s=CLOSED pgs=43 cs=0 l=1 rev1=1 crypto rx=0 tx=0 comp rx=0 tx=0).stop
2024-05-14T15:05:14.913 INFO:teuthology.orchestra.run.smithi069.stdout:/usr/bin/ceph: stderr
2024-05-14T15:05:13.914+0000 7f9c8c200700 1 -- 172.21.15.69:0/4181672992 >> 172.21.15.69:0/4181672992 conn(0x7f9c8407f0d0 msgr2=0x7f9c840814f0 unknown :-1 s=STATE_NONE l=0).mark_down
2024-05-14T15:05:14.913 INFO:teuthology.orchestra.run.smithi069.stdout:/usr/bin/ceph: stderr
2024-05-14T15:05:13.914+0000 7f9c8c200700 1 -- 172.21.15.69:0/4181672992 shutdown_connections
2024-05-14T15:05:14.913 INFO:teuthology.orchestra.run.smithi069.stdout:/usr/bin/ceph: stderr
2024-05-14T15:05:13.914+0000 7f9c8c200700 1 -- 172.21.15.69:0/4181672992 wait complete.
2024-05-14T15:05:14.914 INFO:teuthology.orchestra.run.smithi069.stdout:/usr/bin/ceph: stderr
2024-05-14T15:05:13.915+0000 7f9c8c200700 1 Processor -- start
2024-05-14T15:05:14.914 INFO:teuthology.orchestra.run.smithi069.stdout:/usr/bin/ceph: stderr
2024-05-14T15:05:13.916+0000 7f9c8c200700 1 -- start start
2024-05-14T15:05:14.914 INFO:teuthology.orchestra.run.smithi069.stdout:/usr/bin/ceph: stderr
2024-05-14T15:05:13.916+0000 7f9c8c200700 1 --2- >> [v2:172.21.15.69:3300/0,v1:172.21.15.69:6789/0] conn(0x7f9c841107b0 0x7f9c841a4260 unknown :-1 s=NONE pgs=0 cs=0 l=1 rev1=0 crypto rx=0 tx=0 comp rx=0 tx=0).connect
2024-05-14T15:05:14.914 INFO:teuthology.orchestra.run.smithi069.stdout:/usr/bin/ceph: stderr
2024-05-14T15:05:13.916+0000 7f9c8c200700 1 -- --> [v2:172.21.15.69:3300/0,v1:172.21.15.69:6789/0] -- mon_getmap magic: 0 -- 0x7f9c84114340 con 0x7f9c841107b0
2024-05-14T15:05:14.914 INFO:teuthology.orchestra.run.smithi069.stdout:/usr/bin/ceph: stderr
2024-05-14T15:05:13.916+0000 7f9c89800700 1 --2- >> [v2:172.21.15.69:3300/0,v1:172.21.15.69:6789/0] conn(0x7f9c841107b0 0x7f9c841a4260 unknown :-1 s=BANNER_CONNECTING pgs=0 cs=0 l=1 rev1=0 crypto rx=0 tx=0 comp rx=0 tx=0)._handle_peer_banner_payload supported=3 required=0
2024-05-14T15:05:14.914 INFO:teuthology.orchestra.run.smithi069.stdout:/usr/bin/ceph: stderr
2024-05-14T15:05:13.916+0000 7f9c89800700 1 --2- >> [v2:172.21.15.69:3300/0,v1:172.21.15.69:6789/0] conn(0x7f9c841107b0 0x7f9c841a4260 unknown :-1 s=HELLO_CONNECTING pgs=0 cs=0 l=1 rev1=1 crypto rx=0 tx=0 comp rx=0 tx=0).handle_hello peer v2:172.21.15.69:3300/0 says I am v2:172.21.15.69:56030/0 (socket says 172.21.15.69:56030)
2024-05-14T15:05:14.914 INFO:teuthology.orchestra.run.smithi069.stdout:/usr/bin/ceph: stderr
2024-05-14T15:05:13.916+0000 7f9c89800700 1 -- 172.21.15.69:0/2459279706 learned_addr learned my addr 172.21.15.69:0/2459279706 (peer_addr_for_me v2:172.21.15.69:0/0)
2024-05-14T15:05:14.914 INFO:teuthology.orchestra.run.smithi069.stdout:/usr/bin/ceph: stderr
2024-05-14T15:05:13.917+0000 7f9c89800700 1 -- 172.21.15.69:0/2459279706 --> [v2:172.21.15.69:3300/0,v1:172.21.15.69:6789/0] -- mon_subscribe({config=0+,monmap=0+}) -- 0x7f9c841a47a0 con 0x7f9c841107b0
2024-05-14T15:05:14.914 INFO:teuthology.orchestra.run.smithi069.stdout:/usr/bin/ceph: stderr
2024-05-14T15:05:13.917+0000 7f9c89800700 1 --2- 172.21.15.69:0/2459279706 >> [v2:172.21.15.69:3300/0,v1:172.21.15.69:6789/0] conn(0x7f9c841107b0 0x7f9c841a4260 secure :-1 s=READY pgs=44 cs=0 l=1 rev1=1 crypto rx=0x7f9c780119b0 tx=0x7f9c78011a90 comp rx=0 tx=0).ready entity=mon.0 client_cookie=0 server_cookie=0 in_seq=0 out_seq=0
2024-05-14T15:05:14.914 INFO:teuthology.orchestra.run.smithi069.stdout:/usr/bin/ceph: stderr
2024-05-14T15:05:13.917+0000 7f9c82000700 1 -- 172.21.15.69:0/2459279706 <== mon.0 v2:172.21.15.69:3300/0 1 ==== mon_map magic: 0 ==== 205+0+0 (secure 0 0 0) 0x7f9c78003af0 con 0x7f9c841107b0
2024-05-14T15:05:14.914 INFO:teuthology.orchestra.run.smithi069.stdout:/usr/bin/ceph: stderr
2024-05-14T15:05:13.917+0000 7f9c82000700 1 -- 172.21.15.69:0/2459279706 <== mon.0 v2:172.21.15.69:3300/0 2 ==== config(25 keys) ==== 1032+0+0 (secure 0 0 0) 0x7f9c7801a8a0 con 0x7f9c841107b0
2024-05-14T15:05:14.914 INFO:teuthology.orchestra.run.smithi069.stdout:/usr/bin/ceph: stderr
2024-05-14T15:05:13.917+0000 7f9c82000700 1 -- 172.21.15.69:0/2459279706 <== mon.0 v2:172.21.15.69:3300/0 3 ==== mon_map magic: 0 ==== 205+0+0 (secure 0 0 0) 0x7f9c78024830 con 0x7f9c841107b0
2024-05-14T15:05:14.914 INFO:teuthology.orchestra.run.smithi069.stdout:/usr/bin/ceph: stderr
2024-05-14T15:05:13.917+0000 7f9c8c200700 1 -- 172.21.15.69:0/2459279706 --> [v2:172.21.15.69:3300/0,v1:172.21.15.69:6789/0] -- mon_subscribe({mgrmap=0+}) -- 0x7f9c841a4a30 con 0x7f9c841107b0
2024-05-14T15:05:14.914 INFO:teuthology.orchestra.run.smithi069.stdout:/usr/bin/ceph: stderr
2024-05-14T15:05:13.918+0000 7f9c8c200700 1 -- 172.21.15.69:0/2459279706 --> [v2:172.21.15.69:3300/0,v1:172.21.15.69:6789/0] -- mon_subscribe({osdmap=0}) -- 0x7f9c841a7640 con 0x7f9c841107b0
2024-05-14T15:05:14.915 INFO:teuthology.orchestra.run.smithi069.stdout:/usr/bin/ceph: stderr
2024-05-14T15:05:13.919+0000 7f9c8c200700 1 -- 172.21.15.69:0/2459279706 --> [v2:172.21.15.69:3300/0,v1:172.21.15.69:6789/0] -- mon_command({"prefix": "get_command_descriptions"} v 0) -- 0x7f9c84064e20 con 0x7f9c841107b0
2024-05-14T15:05:14.915 INFO:teuthology.orchestra.run.smithi069.stdout:/usr/bin/ceph: stderr
2024-05-14T15:05:13.919+0000 7f9c82000700 1 -- 172.21.15.69:0/2459279706 <== mon.0 v2:172.21.15.69:3300/0 4 ==== mgrmap(e 8) ==== 50222+0+0 (secure 0 0 0) 0x7f9c78022020 con 0x7f9c841107b0
2024-05-14T15:05:14.915 INFO:teuthology.orchestra.run.smithi069.stdout:/usr/bin/ceph: stderr
2024-05-14T15:05:13.919+0000 7f9c82000700 1 --2- 172.21.15.69:0/2459279706 >> [v2:172.21.15.69:6800/2718114316,v1:172.21.15.69:6801/2718114316] conn(0x7f9c6c03e580 0x7f9c6c040a90 unknown :-1 s=NONE pgs=0 cs=0 l=1 rev1=0 crypto rx=0 tx=0 comp rx=0 tx=0).connect
2024-05-14T15:05:14.915 INFO:teuthology.orchestra.run.smithi069.stdout:/usr/bin/ceph: stderr
2024-05-14T15:05:13.920+0000 7f9c82000700 1 -- 172.21.15.69:0/2459279706 <== mon.0 v2:172.21.15.69:3300/0 5 ==== osd_map(2..2 src has 1..2) ==== 940+0+0 (secure 0 0 0) 0x7f9c78053870 con 0x7f9c841107b0
2024-05-14T15:05:14.915 INFO:teuthology.orchestra.run.smithi069.stdout:/usr/bin/ceph: stderr
2024-05-14T15:05:13.920+0000 7f9c88e00700 1 --2- 172.21.15.69:0/2459279706 >> [v2:172.21.15.69:6800/2718114316,v1:172.21.15.69:6801/2718114316] conn(0x7f9c6c03e580 0x7f9c6c040a90 unknown :-1 s=BANNER_CONNECTING pgs=0 cs=0 l=1 rev1=0 crypto rx=0 tx=0 comp rx=0 tx=0)._handle_peer_banner_payload supported=3 required=0
2024-05-14T15:05:14.915 INFO:teuthology.orchestra.run.smithi069.stdout:/usr/bin/ceph: stderr
2024-05-14T15:05:13.920+0000 7f9c88e00700 1 --2- 172.21.15.69:0/2459279706 >> [v2:172.21.15.69:6800/2718114316,v1:172.21.15.69:6801/2718114316] conn(0x7f9c6c03e580 0x7f9c6c040a90 secure :-1 s=READY pgs=10 cs=0 l=1 rev1=1 crypto rx=0x7f9c70006fd0 tx=0x7f9c70006e40 comp rx=0 tx=0).ready entity=mgr.14120 client_cookie=0 server_cookie=0 in_seq=0 out_seq=0
2024-05-14T15:05:14.915 INFO:teuthology.orchestra.run.smithi069.stdout:/usr/bin/ceph: stderr
2024-05-14T15:05:13.925+0000 7f9c82000700 1 -- 172.21.15.69:0/2459279706 <== mon.0 v2:172.21.15.69:3300/0 6 ==== mon_command_ack([{"prefix": "get_command_descriptions"}]=0 v0) ==== 72+0+191963 (secure 0 0 0) 0x7f9c7800f2e0 con 0x7f9c841107b0
2024-05-14T15:05:14.915 INFO:teuthology.orchestra.run.smithi069.stdout:/usr/bin/ceph: stderr
2024-05-14T15:05:14.160+0000 7f9c8c200700 1 -- 172.21.15.69:0/2459279706 --> [v2:172.21.15.69:6800/2718114316,v1:172.21.15.69:6801/2718114316] -- mgr_command(tid 0: {"prefix": "cephadm get-pub-key", "target": ["mon-mgr", ""]}) -- 0x7f9c8407ff90 con 0x7f9c6c03e580
2024-05-14T15:05:14.915 INFO:teuthology.orchestra.run.smithi069.stdout:/usr/bin/ceph: stderr
2024-05-14T15:05:14.163+0000 7f9c82000700 1 -- 172.21.15.69:0/2459279706 <== mgr.14120 v2:172.21.15.69:6800/2718114316 1 ==== mgr_command_reply(tid 0: 0 ) ==== 8+0+595 (secure 0 0 0) 0x7f9c8407ff90 con 0x7f9c6c03e580
2024-05-14T15:05:14.915 INFO:teuthology.orchestra.run.smithi069.stdout:/usr/bin/ceph: stderr
2024-05-14T15:05:14.167+0000 7f9c8c200700 1 -- 172.21.15.69:0/2459279706 >> [v2:172.21.15.69:6800/2718114316,v1:172.21.15.69:6801/2718114316] conn(0x7f9c6c03e580 msgr2=0x7f9c6c040a90 secure :-1 s=STATE_CONNECTION_ESTABLISHED l=1).mark_down
2024-05-14T15:05:14.915 INFO:teuthology.orchestra.run.smithi069.stdout:/usr/bin/ceph: stderr
2024-05-14T15:05:14.167+0000 7f9c8c200700 1 --2- 172.21.15.69:0/2459279706 >> [v2:172.21.15.69:6800/2718114316,v1:172.21.15.69:6801/2718114316] conn(0x7f9c6c03e580 0x7f9c6c040a90 secure :-1 s=READY pgs=10 cs=0 l=1 rev1=1 crypto rx=0x7f9c70006fd0 tx=0x7f9c70006e40 comp rx=0 tx=0).stop
2024-05-14T15:05:14.915 INFO:teuthology.orchestra.run.smithi069.stdout:/usr/bin/ceph: stderr
2024-05-14T15:05:14.167+0000 7f9c8c200700 1 -- 172.21.15.69:0/2459279706 >> [v2:172.21.15.69:3300/0,v1:172.21.15.69:6789/0] conn(0x7f9c841107b0 msgr2=0x7f9c841a4260 secure :-1 s=STATE_CONNECTION_ESTABLISHED l=1).mark_down
2024-05-14T15:05:14.915 INFO:teuthology.orchestra.run.smithi069.stdout:/usr/bin/ceph: stderr
2024-05-14T15:05:14.167+0000 7f9c8c200700 1 --2- 172.21.15.69:0/2459279706 >> [v2:172.21.15.69:3300/0,v1:172.21.15.69:6789/0] conn(0x7f9c841107b0 0x7f9c841a4260 secure :-1 s=READY pgs=44 cs=0 l=1 rev1=1 crypto rx=0x7f9c780119b0 tx=0x7f9c78011a90 comp rx=0 tx=0).stop
2024-05-14T15:05:14.916 INFO:teuthology.orchestra.run.smithi069.stdout:/usr/bin/ceph: stderr
2024-05-14T15:05:14.167+0000 7f9c8c200700 1 -- 172.21.15.69:0/2459279706 shutdown_connections
2024-05-14T15:05:14.916 INFO:teuthology.orchestra.run.smithi069.stdout:/usr/bin/ceph: stderr
2024-05-14T15:05:14.167+0000 7f9c8c200700 1 --2- 172.21.15.69:0/2459279706 >> [v2:172.21.15.69:6800/2718114316,v1:172.21.15.69:6801/2718114316] conn(0x7f9c6c03e580 0x7f9c6c040a90 unknown :-1 s=CLOSED pgs=10 cs=0 l=1 rev1=1 crypto rx=0 tx=0 comp rx=0 tx=0).stop
2024-05-14T15:05:14.916 INFO:teuthology.orchestra.run.smithi069.stdout:/usr/bin/ceph: stderr
2024-05-14T15:05:14.167+0000 7f9c8c200700 1 --2- 172.21.15.69:0/2459279706 >> [v2:172.21.15.69:3300/0,v1:172.21.15.69:6789/0] conn(0x7f9c841107b0 0x7f9c841a4260 unknown :-1 s=CLOSED pgs=44 cs=0 l=1 rev1=1 crypto rx=0 tx=0 comp rx=0 tx=0).stop
2024-05-14T15:05:14.916 INFO:teuthology.orchestra.run.smithi069.stdout:/usr/bin/ceph: stderr
2024-05-14T15:05:14.167+0000 7f9c8c200700 1 -- 172.21.15.69:0/2459279706 >> 172.21.15.69:0/2459279706 conn(0x7f9c8407f0d0 msgr2=0x7f9c8407f880 unknown :-1 s=STATE_NONE l=0).mark_down
2024-05-14T15:05:14.916 INFO:teuthology.orchestra.run.smithi069.stdout:/usr/bin/ceph: stderr
2024-05-14T15:05:14.168+0000 7f9c8c200700 1 -- 172.21.15.69:0/2459279706 shutdown_connections
2024-05-14T15:05:14.916 INFO:teuthology.orchestra.run.smithi069.stdout:/usr/bin/ceph: stderr
2024-05-14T15:05:14.168+0000 7f9c8c200700 1 -- 172.21.15.69:0/2459279706 wait complete.
2024-05-14T15:05:14.916 INFO:teuthology.orchestra.run.smithi069.stdout:Wrote public SSH key to /home/ubuntu/cephtest/ceph.pub
2024-05-14T15:05:14.916 INFO:teuthology.orchestra.run.smithi069.stdout:Adding key to root@localhost authorized_keys...
2024-05-14T15:05:14.916 INFO:teuthology.orchestra.run.smithi069.stdout:Adding host smithi069...
2024-05-14T15:05:16.438 INFO:journalctl@ceph.mon.a.smithi069.stdout:May 14 15:05:16 smithi069 ceph-mon[31270]: from='client.14140 -' entity='client.admin' cmd=[{"prefix": "orch host add", "hostname": "smithi069", "addr": "172.21.15.69", "target": ["mon-mgr", ""]}]: dispatch
2024-05-14T15:05:17.621 INFO:journalctl@ceph.mon.a.smithi069.stdout:May 14 15:05:17 smithi069 ceph-mon[31270]: Deploying cephadm binary to smithi069
2024-05-14T15:05:22.440 INFO:teuthology.orchestra.run.smithi069.stdout:/usr/bin/ceph: stdout Added host 'smithi069' with addr '172.21.15.69'
2024-05-14T15:05:22.440 INFO:teuthology.orchestra.run.smithi069.stdout:/usr/bin/ceph: stderr
2024-05-14T15:05:15.579+0000 7f5fe7c00700 1 Processor -- start
2024-05-14T15:05:22.440 INFO:teuthology.orchestra.run.smithi069.stdout:/usr/bin/ceph: stderr
2024-05-14T15:05:15.580+0000 7f5fe7c00700 1 -- start start
2024-05-14T15:05:22.440 INFO:teuthology.orchestra.run.smithi069.stdout:/usr/bin/ceph: stderr
2024-05-14T15:05:15.580+0000 7f5fe7c00700 1 --2- >> [v2:172.21.15.69:3300/0,v1:172.21.15.69:6789/0] conn(0x7f5fe0108280 0x7f5fe0108690 unknown :-1 s=NONE pgs=0 cs=0 l=0 rev1=0 crypto rx=0 tx=0 comp rx=0 tx=0).connect
2024-05-14T15:05:22.440 INFO:teuthology.orchestra.run.smithi069.stdout:/usr/bin/ceph: stderr
2024-05-14T15:05:15.580+0000 7f5fe7c00700 1 -- --> [v2:172.21.15.69:3300/0,v1:172.21.15.69:6789/0] -- mon_getmap magic: 0 -- 0x7f5fe007cdc0 con 0x7f5fe0108280
2024-05-14T15:05:22.440 INFO:teuthology.orchestra.run.smithi069.stdout:/usr/bin/ceph: stderr
2024-05-14T15:05:15.581+0000 7f5fe5200700 1 --2- >> [v2:172.21.15.69:3300/0,v1:172.21.15.69:6789/0] conn(0x7f5fe0108280 0x7f5fe0108690 unknown :-1 s=BANNER_CONNECTING pgs=0 cs=0 l=0 rev1=0 crypto rx=0 tx=0 comp rx=0 tx=0)._handle_peer_banner_payload supported=3 required=0
2024-05-14T15:05:22.441 INFO:teuthology.orchestra.run.smithi069.stdout:/usr/bin/ceph: stderr
2024-05-14T15:05:15.581+0000 7f5fe5200700 1 --2- >> [v2:172.21.15.69:3300/0,v1:172.21.15.69:6789/0] conn(0x7f5fe0108280 0x7f5fe0108690 unknown :-1 s=HELLO_CONNECTING pgs=0 cs=0 l=0 rev1=1 crypto rx=0 tx=0 comp rx=0 tx=0).handle_hello peer v2:172.21.15.69:3300/0 says I am v2:172.21.15.69:56044/0 (socket says 172.21.15.69:56044)
2024-05-14T15:05:22.441 INFO:teuthology.orchestra.run.smithi069.stdout:/usr/bin/ceph: stderr
2024-05-14T15:05:15.581+0000 7f5fe5200700 1 -- 172.21.15.69:0/94422982 learned_addr learned my addr 172.21.15.69:0/94422982 (peer_addr_for_me v2:172.21.15.69:0/0)
2024-05-14T15:05:22.441 INFO:teuthology.orchestra.run.smithi069.stdout:/usr/bin/ceph: stderr
2024-05-14T15:05:15.581+0000 7f5fe5200700 1 -- 172.21.15.69:0/94422982 --> [v2:172.21.15.69:3300/0,v1:172.21.15.69:6789/0] -- mon_subscribe({config=0+,monmap=0+}) -- 0x7f5fe0108bd0 con 0x7f5fe0108280
2024-05-14T15:05:22.441 INFO:teuthology.orchestra.run.smithi069.stdout:/usr/bin/ceph: stderr
2024-05-14T15:05:15.582+0000 7f5fe5200700 1 --2- 172.21.15.69:0/94422982 >> [v2:172.21.15.69:3300/0,v1:172.21.15.69:6789/0] conn(0x7f5fe0108280 0x7f5fe0108690 secure :-1 s=READY pgs=45 cs=0 l=1 rev1=1 crypto rx=0x7f5fd40098a0 tx=0x7f5fd4009bb0 comp rx=0 tx=0).ready entity=mon.0 client_cookie=e72f2bbe7708dfd7 server_cookie=0 in_seq=0 out_seq=0
2024-05-14T15:05:22.441 INFO:teuthology.orchestra.run.smithi069.stdout:/usr/bin/ceph: stderr
2024-05-14T15:05:15.582+0000 7f5fdf400700 1 -- 172.21.15.69:0/94422982 <== mon.0 v2:172.21.15.69:3300/0 1 ==== mon_map magic: 0 ==== 205+0+0 (secure 0 0 0) 0x7f5fd4004160 con 0x7f5fe0108280
2024-05-14T15:05:22.441 INFO:teuthology.orchestra.run.smithi069.stdout:/usr/bin/ceph: stderr
2024-05-14T15:05:15.582+0000 7f5fdf400700 1 -- 172.21.15.69:0/94422982 <== mon.0 v2:172.21.15.69:3300/0 2 ==== config(25 keys) ==== 1032+0+0 (secure 0 0 0) 0x7f5fd4004300 con 0x7f5fe0108280
2024-05-14T15:05:22.441 INFO:teuthology.orchestra.run.smithi069.stdout:/usr/bin/ceph: stderr
2024-05-14T15:05:15.582+0000 7f5fdf400700 1 -- 172.21.15.69:0/94422982 <== mon.0 v2:172.21.15.69:3300/0 3 ==== mon_map magic: 0 ==== 205+0+0 (secure 0 0 0) 0x7f5fd40119e0 con 0x7f5fe0108280
2024-05-14T15:05:22.442 INFO:teuthology.orchestra.run.smithi069.stdout:/usr/bin/ceph: stderr
2024-05-14T15:05:15.583+0000 7f5fe7c00700 1 -- 172.21.15.69:0/94422982 >> [v2:172.21.15.69:3300/0,v1:172.21.15.69:6789/0] conn(0x7f5fe0108280 msgr2=0x7f5fe0108690 secure :-1 s=STATE_CONNECTION_ESTABLISHED l=1).mark_down
2024-05-14T15:05:22.442 INFO:teuthology.orchestra.run.smithi069.stdout:/usr/bin/ceph: stderr
2024-05-14T15:05:15.583+0000 7f5fe7c00700 1 --2- 172.21.15.69:0/94422982 >> [v2:172.21.15.69:3300/0,v1:172.21.15.69:6789/0] conn(0x7f5fe0108280 0x7f5fe0108690 secure :-1 s=READY pgs=45 cs=0 l=1 rev1=1 crypto rx=0x7f5fd40098a0 tx=0x7f5fd4009bb0 comp rx=0 tx=0).stop
2024-05-14T15:05:22.442 INFO:teuthology.orchestra.run.smithi069.stdout:/usr/bin/ceph: stderr
2024-05-14T15:05:15.583+0000 7f5fe7c00700 1 -- 172.21.15.69:0/94422982 shutdown_connections
2024-05-14T15:05:22.442 INFO:teuthology.orchestra.run.smithi069.stdout:/usr/bin/ceph: stderr
2024-05-14T15:05:15.583+0000 7f5fe7c00700 1 --2- 172.21.15.69:0/94422982 >> [v2:172.21.15.69:3300/0,v1:172.21.15.69:6789/0] conn(0x7f5fe0108280 0x7f5fe0108690 unknown :-1 s=CLOSED pgs=45 cs=0 l=1 rev1=1 crypto rx=0 tx=0 comp rx=0 tx=0).stop
2024-05-14T15:05:22.442 INFO:teuthology.orchestra.run.smithi069.stdout:/usr/bin/ceph: stderr
2024-05-14T15:05:15.583+0000 7f5fe7c00700 1 -- 172.21.15.69:0/94422982 >> 172.21.15.69:0/94422982 conn(0x7f5fe0103ed0 msgr2=0x7f5fe0106320 unknown :-1 s=STATE_NONE l=0).mark_down
2024-05-14T15:05:22.442 INFO:teuthology.orchestra.run.smithi069.stdout:/usr/bin/ceph: stderr
2024-05-14T15:05:15.583+0000 7f5fe7c00700 1 -- 172.21.15.69:0/94422982 shutdown_connections
2024-05-14T15:05:22.442 INFO:teuthology.orchestra.run.smithi069.stdout:/usr/bin/ceph: stderr
2024-05-14T15:05:15.583+0000 7f5fe7c00700 1 -- 172.21.15.69:0/94422982 wait complete.
2024-05-14T15:05:22.442 INFO:teuthology.orchestra.run.smithi069.stdout:/usr/bin/ceph: stderr
2024-05-14T15:05:15.584+0000 7f5fe7c00700 1 Processor -- start
2024-05-14T15:05:22.443 INFO:teuthology.orchestra.run.smithi069.stdout:/usr/bin/ceph: stderr
2024-05-14T15:05:15.584+0000 7f5fe7c00700 1 -- start start
2024-05-14T15:05:22.443 INFO:teuthology.orchestra.run.smithi069.stdout:/usr/bin/ceph: stderr
2024-05-14T15:05:15.585+0000 7f5fe7c00700 1 --2- >> [v2:172.21.15.69:3300/0,v1:172.21.15.69:6789/0] conn(0x7f5fe0108280 0x7f5fe019fe40 unknown :-1 s=NONE pgs=0 cs=0 l=1 rev1=0 crypto rx=0 tx=0 comp rx=0 tx=0).connect
2024-05-14T15:05:22.443 INFO:teuthology.orchestra.run.smithi069.stdout:/usr/bin/ceph: stderr
2024-05-14T15:05:15.585+0000 7f5fe7c00700 1 -- --> [v2:172.21.15.69:3300/0,v1:172.21.15.69:6789/0] -- mon_getmap magic: 0 -- 0x7f5fe0109bf0 con 0x7f5fe0108280
2024-05-14T15:05:22.443 INFO:teuthology.orchestra.run.smithi069.stdout:/usr/bin/ceph: stderr
2024-05-14T15:05:15.585+0000 7f5fe5200700 1 --2- >> [v2:172.21.15.69:3300/0,v1:172.21.15.69:6789/0] conn(0x7f5fe0108280 0x7f5fe019fe40 unknown :-1 s=BANNER_CONNECTING pgs=0 cs=0 l=1 rev1=0 crypto rx=0 tx=0 comp rx=0 tx=0)._handle_peer_banner_payload supported=3 required=0
2024-05-14T15:05:22.443 INFO:teuthology.orchestra.run.smithi069.stdout:/usr/bin/ceph: stderr
2024-05-14T15:05:15.585+0000 7f5fe5200700 1 --2- >> [v2:172.21.15.69:3300/0,v1:172.21.15.69:6789/0] conn(0x7f5fe0108280 0x7f5fe019fe40 unknown :-1 s=HELLO_CONNECTING pgs=0 cs=0 l=1 rev1=1 crypto rx=0 tx=0 comp rx=0 tx=0).handle_hello peer v2:172.21.15.69:3300/0 says I am v2:172.21.15.69:56052/0 (socket says 172.21.15.69:56052)
2024-05-14T15:05:22.443 INFO:teuthology.orchestra.run.smithi069.stdout:/usr/bin/ceph: stderr
2024-05-14T15:05:15.585+0000 7f5fe5200700 1 -- 172.21.15.69:0/4254423881 learned_addr learned my addr 172.21.15.69:0/4254423881 (peer_addr_for_me v2:172.21.15.69:0/0)
2024-05-14T15:05:22.443 INFO:teuthology.orchestra.run.smithi069.stdout:/usr/bin/ceph: stderr
2024-05-14T15:05:15.586+0000 7f5fe5200700 1 -- 172.21.15.69:0/4254423881 --> [v2:172.21.15.69:3300/0,v1:172.21.15.69:6789/0] -- mon_subscribe({config=0+,monmap=0+}) -- 0x7f5fe01a0380 con 0x7f5fe0108280
2024-05-14T15:05:22.443 INFO:teuthology.orchestra.run.smithi069.stdout:/usr/bin/ceph: stderr
2024-05-14T15:05:15.586+0000 7f5fe5200700 1 --2- 172.21.15.69:0/4254423881 >> [v2:172.21.15.69:3300/0,v1:172.21.15.69:6789/0] conn(0x7f5fe0108280 0x7f5fe019fe40 secure :-1 s=READY pgs=46 cs=0 l=1 rev1=1 crypto rx=0x7f5fd40119b0 tx=0x7f5fd4011a90 comp rx=0 tx=0).ready entity=mon.0 client_cookie=0 server_cookie=0 in_seq=0 out_seq=0
2024-05-14T15:05:22.443 INFO:teuthology.orchestra.run.smithi069.stdout:/usr/bin/ceph: stderr
2024-05-14T15:05:15.586+0000 7f5fdd600700 1 -- 172.21.15.69:0/4254423881 <== mon.0 v2:172.21.15.69:3300/0 1 ==== mon_map magic: 0 ==== 205+0+0 (secure 0 0 0) 0x7f5fd4003af0 con 0x7f5fe0108280
2024-05-14T15:05:22.444 INFO:teuthology.orchestra.run.smithi069.stdout:/usr/bin/ceph: stderr
2024-05-14T15:05:15.586+0000 7f5fdd600700 1 -- 172.21.15.69:0/4254423881 <== mon.0 v2:172.21.15.69:3300/0 2 ==== config(25 keys) ==== 1032+0+0 (secure 0 0 0) 0x7f5fd401a8a0 con 0x7f5fe0108280
2024-05-14T15:05:22.444 INFO:teuthology.orchestra.run.smithi069.stdout:/usr/bin/ceph: stderr
2024-05-14T15:05:15.586+0000 7f5fe7c00700 1 -- 172.21.15.69:0/4254423881 --> [v2:172.21.15.69:3300/0,v1:172.21.15.69:6789/0] -- mon_subscribe({mgrmap=0+}) -- 0x7f5fe01a0610 con 0x7f5fe0108280
2024-05-14T15:05:22.444 INFO:teuthology.orchestra.run.smithi069.stdout:/usr/bin/ceph: stderr
2024-05-14T15:05:15.586+0000 7f5fdd600700 1 -- 172.21.15.69:0/4254423881 <== mon.0 v2:172.21.15.69:3300/0 3 ==== mon_map magic: 0 ==== 205+0+0 (secure 0 0 0) 0x7f5fd4024830 con 0x7f5fe0108280
2024-05-14T15:05:22.444 INFO:teuthology.orchestra.run.smithi069.stdout:/usr/bin/ceph: stderr
2024-05-14T15:05:15.586+0000 7f5fe7c00700 1 -- 172.21.15.69:0/4254423881 --> [v2:172.21.15.69:3300/0,v1:172.21.15.69:6789/0] -- mon_subscribe({osdmap=0}) -- 0x7f5fe01a3220 con 0x7f5fe0108280
2024-05-14T15:05:22.444 INFO:teuthology.orchestra.run.smithi069.stdout:/usr/bin/ceph: stderr
2024-05-14T15:05:15.588+0000 7f5fe7c00700 1 -- 172.21.15.69:0/4254423881 --> [v2:172.21.15.69:3300/0,v1:172.21.15.69:6789/0] -- mon_command({"prefix": "get_command_descriptions"} v 0) -- 0x7f5fe0064e20 con 0x7f5fe0108280
2024-05-14T15:05:22.444 INFO:teuthology.orchestra.run.smithi069.stdout:/usr/bin/ceph: stderr
2024-05-14T15:05:15.588+0000 7f5fdd600700 1 -- 172.21.15.69:0/4254423881 <== mon.0 v2:172.21.15.69:3300/0 4 ==== mgrmap(e 8) ==== 50222+0+0 (secure 0 0 0) 0x7f5fd4022020 con 0x7f5fe0108280
2024-05-14T15:05:22.444 INFO:teuthology.orchestra.run.smithi069.stdout:/usr/bin/ceph: stderr
2024-05-14T15:05:15.588+0000 7f5fdd600700 1 --2- 172.21.15.69:0/4254423881 >> [v2:172.21.15.69:6800/2718114316,v1:172.21.15.69:6801/2718114316] conn(0x7f5fc803e580 0x7f5fc8040a90 unknown :-1 s=NONE pgs=0 cs=0 l=1 rev1=0 crypto rx=0 tx=0 comp rx=0 tx=0).connect
2024-05-14T15:05:22.444 INFO:teuthology.orchestra.run.smithi069.stdout:/usr/bin/ceph: stderr
2024-05-14T15:05:15.588+0000 7f5fdd600700 1 -- 172.21.15.69:0/4254423881 <== mon.0 v2:172.21.15.69:3300/0 5 ==== osd_map(2..2 src has 1..2) ==== 940+0+0 (secure 0 0 0) 0x7f5fd4053890 con 0x7f5fe0108280
2024-05-14T15:05:22.445 INFO:teuthology.orchestra.run.smithi069.stdout:/usr/bin/ceph: stderr
2024-05-14T15:05:15.589+0000 7f5fdfe00700 1 --2- 172.21.15.69:0/4254423881 >> [v2:172.21.15.69:6800/2718114316,v1:172.21.15.69:6801/2718114316] conn(0x7f5fc803e580 0x7f5fc8040a90 unknown :-1 s=BANNER_CONNECTING pgs=0 cs=0 l=1 rev1=0 crypto rx=0 tx=0 comp rx=0 tx=0)._handle_peer_banner_payload supported=3 required=0
2024-05-14T15:05:22.445 INFO:teuthology.orchestra.run.smithi069.stdout:/usr/bin/ceph: stderr
2024-05-14T15:05:15.589+0000 7f5fdfe00700 1 --2- 172.21.15.69:0/4254423881 >> [v2:172.21.15.69:6800/2718114316,v1:172.21.15.69:6801/2718114316] conn(0x7f5fc803e580 0x7f5fc8040a90 secure :-1 s=READY pgs=11 cs=0 l=1 rev1=1 crypto rx=0x7f5fcc006fd0 tx=0x7f5fcc006e40 comp rx=0 tx=0).ready entity=mgr.14120 client_cookie=0 server_cookie=0 in_seq=0 out_seq=0
2024-05-14T15:05:22.445 INFO:teuthology.orchestra.run.smithi069.stdout:/usr/bin/ceph: stderr
2024-05-14T15:05:15.594+0000 7f5fdd600700 1 -- 172.21.15.69:0/4254423881 <== mon.0 v2:172.21.15.69:3300/0 6 ==== mon_command_ack([{"prefix": "get_command_descriptions"}]=0 v0) ==== 72+0+191963 (secure 0 0 0) 0x7f5fd40212c0 con 0x7f5fe0108280
2024-05-14T15:05:22.445 INFO:teuthology.orchestra.run.smithi069.stdout:/usr/bin/ceph: stderr
2024-05-14T15:05:15.825+0000 7f5fe7c00700 1 -- 172.21.15.69:0/4254423881 --> [v2:172.21.15.69:6800/2718114316,v1:172.21.15.69:6801/2718114316] -- mgr_command(tid 0: {"prefix": "orch host add", "hostname": "smithi069", "addr": "172.21.15.69", "target": ["mon-mgr", ""]}) -- 0x7f5fe002e960 con 0x7f5fc803e580
2024-05-14T15:05:22.445 INFO:teuthology.orchestra.run.smithi069.stdout:/usr/bin/ceph: stderr
2024-05-14T15:05:21.730+0000 7f5fdd600700 1 -- 172.21.15.69:0/4254423881 <== mgr.14120 v2:172.21.15.69:6800/2718114316 1 ==== mgr_command_reply(tid 0: 0 ) ==== 8+0+48 (secure 0 0 0) 0x7f5fe002e960 con 0x7f5fc803e580
2024-05-14T15:05:22.445 INFO:teuthology.orchestra.run.smithi069.stdout:/usr/bin/ceph: stderr
2024-05-14T15:05:21.735+0000 7f5fe7c00700 1 -- 172.21.15.69:0/4254423881 >> [v2:172.21.15.69:6800/2718114316,v1:172.21.15.69:6801/2718114316] conn(0x7f5fc803e580 msgr2=0x7f5fc8040a90 secure :-1 s=STATE_CONNECTION_ESTABLISHED l=1).mark_down
2024-05-14T15:05:22.445 INFO:teuthology.orchestra.run.smithi069.stdout:/usr/bin/ceph: stderr
2024-05-14T15:05:21.735+0000 7f5fe7c00700 1 --2- 172.21.15.69:0/4254423881 >> [v2:172.21.15.69:6800/2718114316,v1:172.21.15.69:6801/2718114316] conn(0x7f5fc803e580 0x7f5fc8040a90 secure :-1 s=READY pgs=11 cs=0 l=1 rev1=1 crypto rx=0x7f5fcc006fd0 tx=0x7f5fcc006e40 comp rx=0 tx=0).stop
2024-05-14T15:05:22.445 INFO:teuthology.orchestra.run.smithi069.stdout:/usr/bin/ceph: stderr
2024-05-14T15:05:21.735+0000 7f5fe7c00700 1 -- 172.21.15.69:0/4254423881 >> [v2:172.21.15.69:3300/0,v1:172.21.15.69:6789/0] conn(0x7f5fe0108280 msgr2=0x7f5fe019fe40 secure :-1 s=STATE_CONNECTION_ESTABLISHED l=1).mark_down
2024-05-14T15:05:22.446 INFO:teuthology.orchestra.run.smithi069.stdout:/usr/bin/ceph: stderr
2024-05-14T15:05:21.735+0000 7f5fe7c00700 1 --2- 172.21.15.69:0/4254423881 >> [v2:172.21.15.69:3300/0,v1:172.21.15.69:6789/0] conn(0x7f5fe0108280 0x7f5fe019fe40 secure :-1 s=READY pgs=46 cs=0 l=1 rev1=1 crypto rx=0x7f5fd40119b0 tx=0x7f5fd4011a90 comp rx=0 tx=0).stop
2024-05-14T15:05:22.446 INFO:teuthology.orchestra.run.smithi069.stdout:/usr/bin/ceph: stderr
2024-05-14T15:05:21.735+0000 7f5fe7c00700 1 -- 172.21.15.69:0/4254423881 shutdown_connections
2024-05-14T15:05:22.446 INFO:teuthology.orchestra.run.smithi069.stdout:/usr/bin/ceph: stderr
2024-05-14T15:05:21.735+0000 7f5fe7c00700 1 --2- 172.21.15.69:0/4254423881 >> [v2:172.21.15.69:6800/2718114316,v1:172.21.15.69:6801/2718114316] conn(0x7f5fc803e580 0x7f5fc8040a90 unknown :-1 s=CLOSED pgs=11 cs=0 l=1 rev1=1 crypto rx=0 tx=0 comp rx=0 tx=0).stop
2024-05-14T15:05:22.446 INFO:teuthology.orchestra.run.smithi069.stdout:/usr/bin/ceph: stderr
2024-05-14T15:05:21.735+0000 7f5fe7c00700 1 --2- 172.21.15.69:0/4254423881 >> [v2:172.21.15.69:3300/0,v1:172.21.15.69:6789/0] conn(0x7f5fe0108280 0x7f5fe019fe40 unknown :-1 s=CLOSED pgs=46 cs=0 l=1 rev1=1 crypto rx=0 tx=0 comp rx=0 tx=0).stop
2024-05-14T15:05:22.446 INFO:teuthology.orchestra.run.smithi069.stdout:/usr/bin/ceph: stderr
2024-05-14T15:05:21.735+0000 7f5fe7c00700 1 -- 172.21.15.69:0/4254423881 >> 172.21.15.69:0/4254423881 conn(0x7f5fe0103ed0 msgr2=0x7f5fe0193df0 unknown :-1 s=STATE_NONE l=0).mark_down
2024-05-14T15:05:22.446 INFO:teuthology.orchestra.run.smithi069.stdout:/usr/bin/ceph: stderr
2024-05-14T15:05:21.735+0000 7f5fe7c00700 1 -- 172.21.15.69:0/4254423881 shutdown_connections
2024-05-14T15:05:22.446 INFO:teuthology.orchestra.run.smithi069.stdout:/usr/bin/ceph: stderr
2024-05-14T15:05:21.736+0000 7f5fe7c00700 1 -- 172.21.15.69:0/4254423881 wait complete.
2024-05-14T15:05:22.446 INFO:teuthology.orchestra.run.smithi069.stdout:Deploying unmanaged mon service...
2024-05-14T15:05:22.976 INFO:journalctl@ceph.mon.a.smithi069.stdout:May 14 15:05:22 smithi069 ceph-mon[31270]: from='mgr.14120 172.21.15.69:0/4125718948' entity='mgr.x'
2024-05-14T15:05:22.976 INFO:journalctl@ceph.mon.a.smithi069.stdout:May 14 15:05:22 smithi069 ceph-mon[31270]: Added host smithi069
2024-05-14T15:05:22.977 INFO:journalctl@ceph.mon.a.smithi069.stdout:May 14 15:05:22 smithi069 ceph-mon[31270]: from='mgr.14120 172.21.15.69:0/4125718948' entity='mgr.x' cmd=[{"prefix": "config dump", "format": "json"}]: dispatch
2024-05-14T15:05:24.631 INFO:teuthology.orchestra.run.smithi069.stdout:/usr/bin/ceph: stdout Scheduled mon update...
2024-05-14T15:05:24.631 INFO:teuthology.orchestra.run.smithi069.stdout:/usr/bin/ceph: stderr
2024-05-14T15:05:23.205+0000 7f50e2c00700 1 Processor -- start
2024-05-14T15:05:24.631 INFO:teuthology.orchestra.run.smithi069.stdout:/usr/bin/ceph: stderr
2024-05-14T15:05:23.205+0000 7f50e2c00700 1 -- start start
2024-05-14T15:05:24.631 INFO:teuthology.orchestra.run.smithi069.stdout:/usr/bin/ceph: stderr
2024-05-14T15:05:23.205+0000 7f50e2c00700 1 --2- >> [v2:172.21.15.69:3300/0,v1:172.21.15.69:6789/0] conn(0x7f50dc108200 0x7f50dc10a620 unknown :-1 s=NONE pgs=0 cs=0 l=0 rev1=0 crypto rx=0 tx=0 comp rx=0 tx=0).connect
2024-05-14T15:05:24.631 INFO:teuthology.orchestra.run.smithi069.stdout:/usr/bin/ceph: stderr
2024-05-14T15:05:23.205+0000 7f50e2c00700 1 -- --> [v2:172.21.15.69:3300/0,v1:172.21.15.69:6789/0] -- mon_getmap magic: 0 -- 0x7f50dc07ce40 con 0x7f50dc108200
2024-05-14T15:05:24.631 INFO:teuthology.orchestra.run.smithi069.stdout:/usr/bin/ceph: stderr
2024-05-14T15:05:23.206+0000 7f50dbe00700 1 --2- >> [v2:172.21.15.69:3300/0,v1:172.21.15.69:6789/0] conn(0x7f50dc108200 0x7f50dc10a620 unknown :-1 s=BANNER_CONNECTING pgs=0 cs=0 l=0 rev1=0 crypto rx=0 tx=0 comp rx=0 tx=0)._handle_peer_banner_payload supported=3 required=0
2024-05-14T15:05:24.631 INFO:teuthology.orchestra.run.smithi069.stdout:/usr/bin/ceph: stderr
2024-05-14T15:05:23.206+0000 7f50dbe00700 1 --2- >> [v2:172.21.15.69:3300/0,v1:172.21.15.69:6789/0] conn(0x7f50dc108200 0x7f50dc10a620 unknown :-1 s=HELLO_CONNECTING pgs=0 cs=0 l=0 rev1=1 crypto rx=0 tx=0 comp rx=0 tx=0).handle_hello peer v2:172.21.15.69:3300/0 says I am v2:172.21.15.69:59660/0 (socket says 172.21.15.69:59660)
2024-05-14T15:05:24.632 INFO:teuthology.orchestra.run.smithi069.stdout:/usr/bin/ceph: stderr
2024-05-14T15:05:23.206+0000 7f50dbe00700 1 -- 172.21.15.69:0/4045843669 learned_addr learned my addr 172.21.15.69:0/4045843669 (peer_addr_for_me v2:172.21.15.69:0/0)
2024-05-14T15:05:24.632 INFO:teuthology.orchestra.run.smithi069.stdout:/usr/bin/ceph: stderr
2024-05-14T15:05:23.206+0000 7f50dbe00700 1 -- 172.21.15.69:0/4045843669 --> [v2:172.21.15.69:3300/0,v1:172.21.15.69:6789/0] -- mon_subscribe({config=0+,monmap=0+}) -- 0x7f50dc10ab60 con 0x7f50dc108200
2024-05-14T15:05:24.632 INFO:teuthology.orchestra.run.smithi069.stdout:/usr/bin/ceph: stderr
2024-05-14T15:05:23.206+0000 7f50dbe00700 1 --2- 172.21.15.69:0/4045843669 >> [v2:172.21.15.69:3300/0,v1:172.21.15.69:6789/0] conn(0x7f50dc108200 0x7f50dc10a620 secure :-1 s=READY pgs=47 cs=0 l=1 rev1=1 crypto rx=0x7f50cc009e80 tx=0x7f50cc00b330 comp rx=0 tx=0).ready entity=mon.0 client_cookie=243f1897c3d34ac5 server_cookie=0 in_seq=0 out_seq=0
2024-05-14T15:05:24.632 INFO:teuthology.orchestra.run.smithi069.stdout:/usr/bin/ceph: stderr
2024-05-14T15:05:23.207+0000 7f50daa00700 1 -- 172.21.15.69:0/4045843669 <== mon.0 v2:172.21.15.69:3300/0 1 ==== mon_map magic: 0 ==== 205+0+0 (secure 0 0 0) 0x7f50cc017070 con 0x7f50dc108200
2024-05-14T15:05:24.632 INFO:teuthology.orchestra.run.smithi069.stdout:/usr/bin/ceph: stderr
2024-05-14T15:05:23.207+0000 7f50daa00700 1 -- 172.21.15.69:0/4045843669 <== mon.0 v2:172.21.15.69:3300/0 2 ==== config(25 keys) ==== 1032+0+0 (secure 0 0 0) 0x7f50cc00b8c0 con 0x7f50dc108200
2024-05-14T15:05:24.632 INFO:teuthology.orchestra.run.smithi069.stdout:/usr/bin/ceph: stderr
2024-05-14T15:05:23.207+0000 7f50daa00700 1 -- 172.21.15.69:0/4045843669 <== mon.0 v2:172.21.15.69:3300/0 3 ==== mon_map magic: 0 ==== 205+0+0 (secure 0 0 0) 0x7f50cc004420 con 0x7f50dc108200
2024-05-14T15:05:24.632 INFO:teuthology.orchestra.run.smithi069.stdout:/usr/bin/ceph: stderr
2024-05-14T15:05:23.208+0000 7f50e2c00700 1 -- 172.21.15.69:0/4045843669 >> [v2:172.21.15.69:3300/0,v1:172.21.15.69:6789/0] conn(0x7f50dc108200 msgr2=0x7f50dc10a620 secure :-1 s=STATE_CONNECTION_ESTABLISHED l=1).mark_down
2024-05-14T15:05:24.636 INFO:teuthology.orchestra.run.smithi069.stdout:/usr/bin/ceph: stderr
2024-05-14T15:05:23.208+0000 7f50e2c00700 1 --2- 172.21.15.69:0/4045843669 >> [v2:172.21.15.69:3300/0,v1:172.21.15.69:6789/0] conn(0x7f50dc108200 0x7f50dc10a620 secure :-1 s=READY pgs=47 cs=0 l=1 rev1=1 crypto rx=0x7f50cc009e80 tx=0x7f50cc00b330 comp rx=0 tx=0).stop
2024-05-14T15:05:24.636 INFO:teuthology.orchestra.run.smithi069.stdout:/usr/bin/ceph: stderr
2024-05-14T15:05:23.208+0000 7f50e2c00700 1 -- 172.21.15.69:0/4045843669 shutdown_connections
2024-05-14T15:05:24.636 INFO:teuthology.orchestra.run.smithi069.stdout:/usr/bin/ceph: stderr
2024-05-14T15:05:23.208+0000 7f50e2c00700 1 --2- 172.21.15.69:0/4045843669 >> [v2:172.21.15.69:3300/0,v1:172.21.15.69:6789/0] conn(0x7f50dc108200 0x7f50dc10a620 unknown :-1 s=CLOSED pgs=47 cs=0 l=1 rev1=1 crypto rx=0 tx=0 comp rx=0 tx=0).stop
2024-05-14T15:05:24.636 INFO:teuthology.orchestra.run.smithi069.stdout:/usr/bin/ceph: stderr
2024-05-14T15:05:23.208+0000 7f50e2c00700 1 -- 172.21.15.69:0/4045843669 >> 172.21.15.69:0/4045843669 conn(0x7f50dc103ed0 msgr2=0x7f50dc106320 unknown :-1 s=STATE_NONE l=0).mark_down
2024-05-14T15:05:24.636 INFO:teuthology.orchestra.run.smithi069.stdout:/usr/bin/ceph: stderr
2024-05-14T15:05:23.208+0000 7f50e2c00700 1 -- 172.21.15.69:0/4045843669 shutdown_connections
2024-05-14T15:05:24.636 INFO:teuthology.orchestra.run.smithi069.stdout:/usr/bin/ceph: stderr
2024-05-14T15:05:23.208+0000 7f50e2c00700 1 -- 172.21.15.69:0/4045843669 wait complete.
2024-05-14T15:05:24.636 INFO:teuthology.orchestra.run.smithi069.stdout:/usr/bin/ceph: stderr
2024-05-14T15:05:23.209+0000 7f50e2c00700 1 Processor -- start
2024-05-14T15:05:24.637 INFO:teuthology.orchestra.run.smithi069.stdout:/usr/bin/ceph: stderr
2024-05-14T15:05:23.209+0000 7f50e2c00700 1 -- start start
2024-05-14T15:05:24.637 INFO:teuthology.orchestra.run.smithi069.stdout:/usr/bin/ceph: stderr
2024-05-14T15:05:23.209+0000 7f50e2c00700 1 --2- >> [v2:172.21.15.69:3300/0,v1:172.21.15.69:6789/0] conn(0x7f50dc108200 0x7f50dc1a4280 unknown :-1 s=NONE pgs=0 cs=0 l=1 rev1=0 crypto rx=0 tx=0 comp rx=0 tx=0).connect
2024-05-14T15:05:24.637 INFO:teuthology.orchestra.run.smithi069.stdout:/usr/bin/ceph: stderr
2024-05-14T15:05:23.209+0000 7f50e2c00700 1 -- --> [v2:172.21.15.69:3300/0,v1:172.21.15.69:6789/0] -- mon_getmap magic: 0 -- 0x7f50dc10bb80 con 0x7f50dc108200
2024-05-14T15:05:24.637 INFO:teuthology.orchestra.run.smithi069.stdout:/usr/bin/ceph: stderr
2024-05-14T15:05:23.210+0000 7f50dbe00700 1 --2- >> [v2:172.21.15.69:3300/0,v1:172.21.15.69:6789/0] conn(0x7f50dc108200 0x7f50dc1a4280 unknown :-1 s=BANNER_CONNECTING pgs=0 cs=0 l=1 rev1=0 crypto rx=0 tx=0 comp rx=0 tx=0)._handle_peer_banner_payload supported=3 required=0
2024-05-14T15:05:24.637 INFO:teuthology.orchestra.run.smithi069.stdout:/usr/bin/ceph: stderr
2024-05-14T15:05:23.210+0000 7f50dbe00700 1 --2- >> [v2:172.21.15.69:3300/0,v1:172.21.15.69:6789/0] conn(0x7f50dc108200 0x7f50dc1a4280 unknown :-1 s=HELLO_CONNECTING pgs=0 cs=0 l=1 rev1=1 crypto rx=0 tx=0 comp rx=0 tx=0).handle_hello peer v2:172.21.15.69:3300/0 says I am v2:172.21.15.69:59666/0 (socket says 172.21.15.69:59666)
2024-05-14T15:05:24.637 INFO:teuthology.orchestra.run.smithi069.stdout:/usr/bin/ceph: stderr
2024-05-14T15:05:23.210+0000 7f50dbe00700 1 -- 172.21.15.69:0/2191802969 learned_addr learned my addr 172.21.15.69:0/2191802969 (peer_addr_for_me v2:172.21.15.69:0/0)
2024-05-14T15:05:24.637 INFO:teuthology.orchestra.run.smithi069.stdout:/usr/bin/ceph: stderr
2024-05-14T15:05:23.210+0000 7f50dbe00700 1 -- 172.21.15.69:0/2191802969 --> [v2:172.21.15.69:3300/0,v1:172.21.15.69:6789/0] -- mon_subscribe({config=0+,monmap=0+}) -- 0x7f50dc1a47c0 con 0x7f50dc108200
2024-05-14T15:05:24.637 INFO:teuthology.orchestra.run.smithi069.stdout:/usr/bin/ceph: stderr
2024-05-14T15:05:23.210+0000 7f50dbe00700 1 --2- 172.21.15.69:0/2191802969 >> [v2:172.21.15.69:3300/0,v1:172.21.15.69:6789/0] conn(0x7f50dc108200 0x7f50dc1a4280 secure :-1 s=READY pgs=48 cs=0 l=1 rev1=1 crypto rx=0x7f50cc009680 tx=0x7f50cc003a20 comp rx=0 tx=0).ready entity=mon.0 client_cookie=0 server_cookie=0 in_seq=0 out_seq=0
2024-05-14T15:05:24.637 INFO:teuthology.orchestra.run.smithi069.stdout:/usr/bin/ceph: stderr
2024-05-14T15:05:23.211+0000 7f50d8c00700 1 -- 172.21.15.69:0/2191802969 <== mon.0 v2:172.21.15.69:3300/0 1 ==== mon_map magic: 0 ==== 205+0+0 (secure 0 0 0) 0x7f50cc020020 con 0x7f50dc108200
2024-05-14T15:05:24.637 INFO:teuthology.orchestra.run.smithi069.stdout:/usr/bin/ceph: stderr
2024-05-14T15:05:23.211+0000 7f50d8c00700 1 -- 172.21.15.69:0/2191802969 <== mon.0 v2:172.21.15.69:3300/0 2 ==== config(25 keys) ==== 1032+0+0 (secure 0 0 0) 0x7f50cc003da0 con 0x7f50dc108200
2024-05-14T15:05:24.637 INFO:teuthology.orchestra.run.smithi069.stdout:/usr/bin/ceph: stderr
2024-05-14T15:05:23.211+0000 7f50d8c00700 1 -- 172.21.15.69:0/2191802969 <== mon.0 v2:172.21.15.69:3300/0 3 ==== mon_map magic: 0 ==== 205+0+0 (secure 0 0 0) 0x7f50cc017040 con 0x7f50dc108200
2024-05-14T15:05:24.637 INFO:teuthology.orchestra.run.smithi069.stdout:/usr/bin/ceph: stderr
2024-05-14T15:05:23.211+0000 7f50e2c00700 1 -- 172.21.15.69:0/2191802969 --> [v2:172.21.15.69:3300/0,v1:172.21.15.69:6789/0] -- mon_subscribe({mgrmap=0+}) -- 0x7f50dc1a4a50 con 0x7f50dc108200
2024-05-14T15:05:24.637 INFO:teuthology.orchestra.run.smithi069.stdout:/usr/bin/ceph: stderr
2024-05-14T15:05:23.211+0000 7f50e2c00700 1 -- 172.21.15.69:0/2191802969 --> [v2:172.21.15.69:3300/0,v1:172.21.15.69:6789/0] -- mon_subscribe({osdmap=0}) -- 0x7f50dc1a7660 con 0x7f50dc108200
2024-05-14T15:05:24.637 INFO:teuthology.orchestra.run.smithi069.stdout:/usr/bin/ceph: stderr
2024-05-14T15:05:23.212+0000 7f50d8c00700 1 -- 172.21.15.69:0/2191802969 <== mon.0 v2:172.21.15.69:3300/0 4 ==== mgrmap(e 8) ==== 50222+0+0 (secure 0 0 0) 0x7f50cc023020 con 0x7f50dc108200
2024-05-14T15:05:24.638 INFO:teuthology.orchestra.run.smithi069.stdout:/usr/bin/ceph: stderr
2024-05-14T15:05:23.212+0000 7f50e2c00700 1 -- 172.21.15.69:0/2191802969 --> [v2:172.21.15.69:3300/0,v1:172.21.15.69:6789/0] -- mon_command({"prefix": "get_command_descriptions"} v 0) -- 0x7f50dc064e20 con 0x7f50dc108200
2024-05-14T15:05:24.638 INFO:teuthology.orchestra.run.smithi069.stdout:/usr/bin/ceph: stderr
2024-05-14T15:05:23.213+0000 7f50d8c00700 1 --2- 172.21.15.69:0/2191802969 >> [v2:172.21.15.69:6800/2718114316,v1:172.21.15.69:6801/2718114316] conn(0x7f50c003e580 0x7f50c0040a90 unknown :-1 s=NONE pgs=0 cs=0 l=1 rev1=0 crypto rx=0 tx=0 comp rx=0 tx=0).connect
2024-05-14T15:05:24.638 INFO:teuthology.orchestra.run.smithi069.stdout:/usr/bin/ceph: stderr
2024-05-14T15:05:23.213+0000 7f50d8c00700 1 -- 172.21.15.69:0/2191802969 <== mon.0 v2:172.21.15.69:3300/0 5 ==== osd_map(2..2 src has 1..2) ==== 940+0+0 (secure 0 0 0) 0x7f50cc00f050 con 0x7f50dc108200
2024-05-14T15:05:24.638 INFO:teuthology.orchestra.run.smithi069.stdout:/usr/bin/ceph: stderr
2024-05-14T15:05:23.213+0000 7f50db400700 1 --2- 172.21.15.69:0/2191802969 >> [v2:172.21.15.69:6800/2718114316,v1:172.21.15.69:6801/2718114316] conn(0x7f50c003e580 0x7f50c0040a90 unknown :-1 s=BANNER_CONNECTING pgs=0 cs=0 l=1 rev1=0 crypto rx=0 tx=0 comp rx=0 tx=0)._handle_peer_banner_payload supported=3 required=0
2024-05-14T15:05:24.638 INFO:teuthology.orchestra.run.smithi069.stdout:/usr/bin/ceph: stderr
2024-05-14T15:05:23.214+0000 7f50db400700 1 --2- 172.21.15.69:0/2191802969 >> [v2:172.21.15.69:6800/2718114316,v1:172.21.15.69:6801/2718114316] conn(0x7f50c003e580 0x7f50c0040a90 secure :-1 s=READY pgs=12 cs=0 l=1 rev1=1 crypto rx=0x7f50c8006fd0 tx=0x7f50c8006e40 comp rx=0 tx=0).ready entity=mgr.14120 client_cookie=0 server_cookie=0 in_seq=0 out_seq=0
2024-05-14T15:05:24.638 INFO:teuthology.orchestra.run.smithi069.stdout:/usr/bin/ceph: stderr
2024-05-14T15:05:23.219+0000 7f50d8c00700 1 -- 172.21.15.69:0/2191802969 <== mon.0 v2:172.21.15.69:3300/0 6 ==== mon_command_ack([{"prefix": "get_command_descriptions"}]=0 v0) ==== 72+0+191963 (secure 0 0 0) 0x7f50cc02a020 con 0x7f50dc108200
2024-05-14T15:05:24.638 INFO:teuthology.orchestra.run.smithi069.stdout:/usr/bin/ceph: stderr
2024-05-14T15:05:23.487+0000 7f50e2c00700 1 -- 172.21.15.69:0/2191802969 --> [v2:172.21.15.69:6800/2718114316,v1:172.21.15.69:6801/2718114316] -- mgr_command(tid 0: {"prefix": "orch apply", "service_type": "mon", "unmanaged": true, "target": ["mon-mgr", ""]}) -- 0x7f50dc02e960 con 0x7f50c003e580
2024-05-14T15:05:24.638 INFO:teuthology.orchestra.run.smithi069.stdout:/usr/bin/ceph: stderr
2024-05-14T15:05:23.498+0000 7f50d8c00700 1 -- 172.21.15.69:0/2191802969 <== mgr.14120 v2:172.21.15.69:6800/2718114316 1 ==== mgr_command_reply(tid 0: 0 ) ==== 8+0+24 (secure 0 0 0) 0x7f50dc02e960 con 0x7f50c003e580
2024-05-14T15:05:24.638 INFO:teuthology.orchestra.run.smithi069.stdout:/usr/bin/ceph: stderr
2024-05-14T15:05:23.501+0000 7f50e2c00700 1 -- 172.21.15.69:0/2191802969 >> [v2:172.21.15.69:6800/2718114316,v1:172.21.15.69:6801/2718114316] conn(0x7f50c003e580 msgr2=0x7f50c0040a90 secure :-1 s=STATE_CONNECTION_ESTABLISHED l=1).mark_down
2024-05-14T15:05:24.638 INFO:teuthology.orchestra.run.smithi069.stdout:/usr/bin/ceph: stderr
2024-05-14T15:05:23.501+0000 7f50e2c00700 1 --2- 172.21.15.69:0/2191802969 >> [v2:172.21.15.69:6800/2718114316,v1:172.21.15.69:6801/2718114316] conn(0x7f50c003e580 0x7f50c0040a90 secure :-1 s=READY pgs=12 cs=0 l=1 rev1=1 crypto rx=0x7f50c8006fd0 tx=0x7f50c8006e40 comp rx=0 tx=0).stop
2024-05-14T15:05:24.638 INFO:teuthology.orchestra.run.smithi069.stdout:/usr/bin/ceph: stderr
2024-05-14T15:05:23.501+0000 7f50e2c00700 1 -- 172.21.15.69:0/2191802969 >> [v2:172.21.15.69:3300/0,v1:172.21.15.69:6789/0] conn(0x7f50dc108200 msgr2=0x7f50dc1a4280 secure :-1 s=STATE_CONNECTION_ESTABLISHED l=1).mark_down
2024-05-14T15:05:24.638 INFO:teuthology.orchestra.run.smithi069.stdout:/usr/bin/ceph: stderr
2024-05-14T15:05:23.501+0000 7f50e2c00700 1 --2- 172.21.15.69:0/2191802969 >> [v2:172.21.15.69:3300/0,v1:172.21.15.69:6789/0] conn(0x7f50dc108200 0x7f50dc1a4280 secure :-1 s=READY pgs=48 cs=0 l=1 rev1=1 crypto rx=0x7f50cc009680 tx=0x7f50cc003a20 comp rx=0 tx=0).stop
2024-05-14T15:05:24.638 INFO:teuthology.orchestra.run.smithi069.stdout:/usr/bin/ceph: stderr
2024-05-14T15:05:23.502+0000 7f50e2c00700 1 -- 172.21.15.69:0/2191802969 shutdown_connections
2024-05-14T15:05:24.638 INFO:teuthology.orchestra.run.smithi069.stdout:/usr/bin/ceph: stderr
2024-05-14T15:05:23.502+0000 7f50e2c00700 1 --2- 172.21.15.69:0/2191802969 >> [v2:172.21.15.69:6800/2718114316,v1:172.21.15.69:6801/2718114316] conn(0x7f50c003e580 0x7f50c0040a90 unknown :-1 s=CLOSED pgs=12 cs=0 l=1 rev1=1 crypto rx=0 tx=0 comp rx=0 tx=0).stop
2024-05-14T15:05:24.639 INFO:teuthology.orchestra.run.smithi069.stdout:/usr/bin/ceph: stderr
2024-05-14T15:05:23.502+0000 7f50e2c00700 1 --2- 172.21.15.69:0/2191802969 >> [v2:172.21.15.69:3300/0,v1:172.21.15.69:6789/0] conn(0x7f50dc108200 0x7f50dc1a4280 unknown :-1 s=CLOSED pgs=48 cs=0 l=1 rev1=1 crypto rx=0 tx=0 comp rx=0 tx=0).stop
2024-05-14T15:05:24.639 INFO:teuthology.orchestra.run.smithi069.stdout:/usr/bin/ceph: stderr
2024-05-14T15:05:23.502+0000 7f50e2c00700 1 -- 172.21.15.69:0/2191802969 >> 172.21.15.69:0/2191802969 conn(0x7f50dc103ed0 msgr2=0x7f50dc1062f0 unknown :-1 s=STATE_NONE l=0).mark_down
2024-05-14T15:05:24.639 INFO:teuthology.orchestra.run.smithi069.stdout:/usr/bin/ceph: stderr
2024-05-14T15:05:23.502+0000 7f50e2c00700 1 -- 172.21.15.69:0/2191802969 shutdown_connections
2024-05-14T15:05:24.639 INFO:teuthology.orchestra.run.smithi069.stdout:/usr/bin/ceph: stderr
2024-05-14T15:05:23.502+0000 7f50e2c00700 1 -- 172.21.15.69:0/2191802969 wait complete.
2024-05-14T15:05:24.639 INFO:teuthology.orchestra.run.smithi069.stdout:Deploying unmanaged mgr service...
2024-05-14T15:05:24.799 INFO:journalctl@ceph.mon.a.smithi069.stdout:May 14 15:05:24 smithi069 ceph-mon[31270]: from='client.14142 -' entity='client.admin' cmd=[{"prefix": "orch apply", "service_type": "mon", "unmanaged": true, "target": ["mon-mgr", ""]}]: dispatch
2024-05-14T15:05:24.799 INFO:journalctl@ceph.mon.a.smithi069.stdout:May 14 15:05:24 smithi069 ceph-mon[31270]: Saving service mon spec with placement count:5
2024-05-14T15:05:24.799 INFO:journalctl@ceph.mon.a.smithi069.stdout:May 14 15:05:24 smithi069 ceph-mon[31270]: from='mgr.14120 172.21.15.69:0/4125718948' entity='mgr.x'
2024-05-14T15:05:26.242 INFO:teuthology.orchestra.run.smithi069.stdout:/usr/bin/ceph: stdout Scheduled mgr update...
2024-05-14T15:05:26.244 INFO:teuthology.orchestra.run.smithi069.stdout:/usr/bin/ceph: stderr
2024-05-14T15:05:25.325+0000 7f52c6a00700 1 Processor -- start
2024-05-14T15:05:26.244 INFO:teuthology.orchestra.run.smithi069.stdout:/usr/bin/ceph: stderr
2024-05-14T15:05:25.325+0000 7f52c6a00700 1 -- start start
2024-05-14T15:05:26.244 INFO:teuthology.orchestra.run.smithi069.stdout:/usr/bin/ceph: stderr
2024-05-14T15:05:25.326+0000 7f52c6a00700 1 --2- >> [v2:172.21.15.69:3300/0,v1:172.21.15.69:6789/0] conn(0x7f52c007f840 0x7f52c007dc70 unknown :-1 s=NONE pgs=0 cs=0 l=0 rev1=0 crypto rx=0 tx=0 comp rx=0 tx=0).connect
2024-05-14T15:05:26.244 INFO:teuthology.orchestra.run.smithi069.stdout:/usr/bin/ceph: stderr
2024-05-14T15:05:25.326+0000 7f52c6a00700 1 -- --> [v2:172.21.15.69:3300/0,v1:172.21.15.69:6789/0] -- mon_getmap magic: 0 -- 0x7f52c007e240 con 0x7f52c007f840
2024-05-14T15:05:26.244 INFO:teuthology.orchestra.run.smithi069.stdout:/usr/bin/ceph: stderr
2024-05-14T15:05:25.326+0000 7f52bfe00700 1 --2- >> [v2:172.21.15.69:3300/0,v1:172.21.15.69:6789/0] conn(0x7f52c007f840 0x7f52c007dc70 unknown :-1 s=BANNER_CONNECTING pgs=0 cs=0 l=0 rev1=0 crypto rx=0 tx=0 comp rx=0 tx=0)._handle_peer_banner_payload supported=3 required=0
2024-05-14T15:05:26.244 INFO:teuthology.orchestra.run.smithi069.stdout:/usr/bin/ceph: stderr
2024-05-14T15:05:25.326+0000 7f52bfe00700 1 --2- >> [v2:172.21.15.69:3300/0,v1:172.21.15.69:6789/0] conn(0x7f52c007f840 0x7f52c007dc70 unknown :-1 s=HELLO_CONNECTING pgs=0 cs=0 l=0 rev1=1 crypto rx=0 tx=0 comp rx=0 tx=0).handle_hello peer v2:172.21.15.69:3300/0 says I am v2:172.21.15.69:59676/0 (socket says 172.21.15.69:59676)
2024-05-14T15:05:26.244 INFO:teuthology.orchestra.run.smithi069.stdout:/usr/bin/ceph: stderr
2024-05-14T15:05:25.326+0000 7f52bfe00700 1 -- 172.21.15.69:0/3419117083 learned_addr learned my addr 172.21.15.69:0/3419117083 (peer_addr_for_me v2:172.21.15.69:0/0)
2024-05-14T15:05:26.244 INFO:teuthology.orchestra.run.smithi069.stdout:/usr/bin/ceph: stderr
