2024-05-14T15:04:54.337 INFO:teuthology.orchestra.run.smithi069.stdout:/usr/bin/ceph: stderr
2024-05-14T15:04:53.332+0000 7f07b9800700 1 -- 172.21.15.69:0/3124496829 >> 172.21.15.69:0/3124496829 conn(0x7f07b407f050 msgr2=0x7f07b4109d20 unknown :-1 s=STATE_NONE l=0).mark_down
2024-05-14T15:04:54.337 INFO:teuthology.orchestra.run.smithi069.stdout:/usr/bin/ceph: stderr
2024-05-14T15:04:53.332+0000 7f07b9800700 1 -- 172.21.15.69:0/3124496829 shutdown_connections
2024-05-14T15:04:54.337 INFO:teuthology.orchestra.run.smithi069.stdout:/usr/bin/ceph: stderr
2024-05-14T15:04:53.332+0000 7f07b9800700 1 -- 172.21.15.69:0/3124496829 wait complete.
2024-05-14T15:04:54.337 INFO:teuthology.orchestra.run.smithi069.stdout:/usr/bin/ceph: stderr
2024-05-14T15:04:53.333+0000 7f07b9800700 1 Processor -- start
2024-05-14T15:04:54.337 INFO:teuthology.orchestra.run.smithi069.stdout:/usr/bin/ceph: stderr
2024-05-14T15:04:53.333+0000 7f07b9800700 1 -- start start
2024-05-14T15:04:54.338 INFO:teuthology.orchestra.run.smithi069.stdout:/usr/bin/ceph: stderr
2024-05-14T15:04:53.333+0000 7f07b9800700 1 --2- >> [v2:172.21.15.69:3300/0,v1:172.21.15.69:6789/0] conn(0x7f07b4080040 0x7f07b41a4290 unknown :-1 s=NONE pgs=0 cs=0 l=1 rev1=0 crypto rx=0 tx=0 comp rx=0 tx=0).connect
2024-05-14T15:04:54.338 INFO:teuthology.orchestra.run.smithi069.stdout:/usr/bin/ceph: stderr
2024-05-14T15:04:53.333+0000 7f07b9800700 1 -- --> [v2:172.21.15.69:3300/0,v1:172.21.15.69:6789/0] -- mon_getmap magic: 0 -- 0x7f07b40825d0 con 0x7f07b4080040
2024-05-14T15:04:54.338 INFO:teuthology.orchestra.run.smithi069.stdout:/usr/bin/ceph: stderr
2024-05-14T15:04:53.334+0000 7f07b2a00700 1 --2- >> [v2:172.21.15.69:3300/0,v1:172.21.15.69:6789/0] conn(0x7f07b4080040 0x7f07b41a4290 unknown :-1 s=BANNER_CONNECTING pgs=0 cs=0 l=1 rev1=0 crypto rx=0 tx=0 comp rx=0 tx=0)._handle_peer_banner_payload supported=3 required=0
2024-05-14T15:04:54.338 INFO:teuthology.orchestra.run.smithi069.stdout:/usr/bin/ceph: stderr
2024-05-14T15:04:53.334+0000 7f07b2a00700 1 --2- >> [v2:172.21.15.69:3300/0,v1:172.21.15.69:6789/0] conn(0x7f07b4080040 0x7f07b41a4290 unknown :-1 s=HELLO_CONNECTING pgs=0 cs=0 l=1 rev1=1 crypto rx=0 tx=0 comp rx=0 tx=0).handle_hello peer v2:172.21.15.69:3300/0 says I am v2:172.21.15.69:56180/0 (socket says 172.21.15.69:56180)
2024-05-14T15:04:54.338 INFO:teuthology.orchestra.run.smithi069.stdout:/usr/bin/ceph: stderr
2024-05-14T15:04:53.334+0000 7f07b2a00700 1 -- 172.21.15.69:0/1374975178 learned_addr learned my addr 172.21.15.69:0/1374975178 (peer_addr_for_me v2:172.21.15.69:0/0)
2024-05-14T15:04:54.338 INFO:teuthology.orchestra.run.smithi069.stdout:/usr/bin/ceph: stderr
2024-05-14T15:04:53.334+0000 7f07b2a00700 1 -- 172.21.15.69:0/1374975178 --> [v2:172.21.15.69:3300/0,v1:172.21.15.69:6789/0] -- mon_subscribe({config=0+,monmap=0+}) -- 0x7f07b41a47d0 con 0x7f07b4080040
2024-05-14T15:04:54.338 INFO:teuthology.orchestra.run.smithi069.stdout:/usr/bin/ceph: stderr
2024-05-14T15:04:53.334+0000 7f07b2a00700 1 --2- 172.21.15.69:0/1374975178 >> [v2:172.21.15.69:3300/0,v1:172.21.15.69:6789/0] conn(0x7f07b4080040 0x7f07b41a4290 secure :-1 s=READY pgs=19 cs=0 l=1 rev1=1 crypto rx=0x7f07a40116a0 tx=0x7f07a4011a60 comp rx=0 tx=0).ready entity=mon.0 client_cookie=0 server_cookie=0 in_seq=0 out_seq=0
2024-05-14T15:04:54.338 INFO:teuthology.orchestra.run.smithi069.stdout:/usr/bin/ceph: stderr
2024-05-14T15:04:53.335+0000 7f07ab400700 1 -- 172.21.15.69:0/1374975178 <== mon.0 v2:172.21.15.69:3300/0 1 ==== mon_map magic: 0 ==== 205+0+0 (secure 0 0 0) 0x7f07a40039f0 con 0x7f07b4080040
2024-05-14T15:04:54.338 INFO:teuthology.orchestra.run.smithi069.stdout:/usr/bin/ceph: stderr
2024-05-14T15:04:53.335+0000 7f07ab400700 1 -- 172.21.15.69:0/1374975178 <== mon.0 v2:172.21.15.69:3300/0 2 ==== config(25 keys) ==== 1032+0+0 (secure 0 0 0) 0x7f07a4003b90 con 0x7f07b4080040
2024-05-14T15:04:54.338 INFO:teuthology.orchestra.run.smithi069.stdout:/usr/bin/ceph: stderr
2024-05-14T15:04:53.335+0000 7f07b9800700 1 -- 172.21.15.69:0/1374975178 --> [v2:172.21.15.69:3300/0,v1:172.21.15.69:6789/0] -- mon_subscribe({mgrmap=0+}) -- 0x7f07b41a4a60 con 0x7f07b4080040
2024-05-14T15:04:54.338 INFO:teuthology.orchestra.run.smithi069.stdout:/usr/bin/ceph: stderr
2024-05-14T15:04:53.335+0000 7f07ab400700 1 -- 172.21.15.69:0/1374975178 <== mon.0 v2:172.21.15.69:3300/0 3 ==== mon_map magic: 0 ==== 205+0+0 (secure 0 0 0) 0x7f07a401a600 con 0x7f07b4080040
2024-05-14T15:04:54.338 INFO:teuthology.orchestra.run.smithi069.stdout:/usr/bin/ceph: stderr
2024-05-14T15:04:53.335+0000 7f07b9800700 1 -- 172.21.15.69:0/1374975178 --> [v2:172.21.15.69:3300/0,v1:172.21.15.69:6789/0] -- mon_subscribe({osdmap=0}) -- 0x7f07b41a7670 con 0x7f07b4080040
2024-05-14T15:04:54.338 INFO:teuthology.orchestra.run.smithi069.stdout:/usr/bin/ceph: stderr
2024-05-14T15:04:53.336+0000 7f07b9800700 1 -- 172.21.15.69:0/1374975178 --> [v2:172.21.15.69:3300/0,v1:172.21.15.69:6789/0] -- mon_command({"prefix": "get_command_descriptions"} v 0) -- 0x7f07b4064e20 con 0x7f07b4080040
2024-05-14T15:04:54.339 INFO:teuthology.orchestra.run.smithi069.stdout:/usr/bin/ceph: stderr
2024-05-14T15:04:53.336+0000 7f07ab400700 1 -- 172.21.15.69:0/1374975178 <== mon.0 v2:172.21.15.69:3300/0 4 ==== mgrmap(e 3) ==== 50105+0+0 (secure 0 0 0) 0x7f07a4024430 con 0x7f07b4080040
2024-05-14T15:04:54.339 INFO:teuthology.orchestra.run.smithi069.stdout:/usr/bin/ceph: stderr
2024-05-14T15:04:53.337+0000 7f07ab400700 1 --2- 172.21.15.69:0/1374975178 >> [v2:172.21.15.69:6800/586229880,v1:172.21.15.69:6801/586229880] conn(0x7f079803e3d0 0x7f07980408e0 unknown :-1 s=NONE pgs=0 cs=0 l=1 rev1=0 crypto rx=0 tx=0 comp rx=0 tx=0).connect
2024-05-14T15:04:54.339 INFO:teuthology.orchestra.run.smithi069.stdout:/usr/bin/ceph: stderr
2024-05-14T15:04:53.337+0000 7f07ab400700 1 -- 172.21.15.69:0/1374975178 <== mon.0 v2:172.21.15.69:3300/0 5 ==== osd_map(1..1 src has 1..1) ==== 725+0+0 (secure 0 0 0) 0x7f07a4053940 con 0x7f07b4080040
2024-05-14T15:04:54.339 INFO:teuthology.orchestra.run.smithi069.stdout:/usr/bin/ceph: stderr
2024-05-14T15:04:53.337+0000 7f07b2000700 1 --2- 172.21.15.69:0/1374975178 >> [v2:172.21.15.69:6800/586229880,v1:172.21.15.69:6801/586229880] conn(0x7f079803e3d0 0x7f07980408e0 unknown :-1 s=BANNER_CONNECTING pgs=0 cs=0 l=1 rev1=0 crypto rx=0 tx=0 comp rx=0 tx=0)._handle_peer_banner_payload supported=3 required=0
2024-05-14T15:04:54.339 INFO:teuthology.orchestra.run.smithi069.stdout:/usr/bin/ceph: stderr
2024-05-14T15:04:53.338+0000 7f07b2000700 1 --2- 172.21.15.69:0/1374975178 >> [v2:172.21.15.69:6800/586229880,v1:172.21.15.69:6801/586229880] conn(0x7f079803e3d0 0x7f07980408e0 secure :-1 s=READY pgs=6 cs=0 l=1 rev1=1 crypto rx=0x7f07a0006fd0 tx=0x7f07a0006e40 comp rx=0 tx=0).ready entity=mgr.14100 client_cookie=0 server_cookie=0 in_seq=0 out_seq=0
2024-05-14T15:04:54.339 INFO:teuthology.orchestra.run.smithi069.stdout:/usr/bin/ceph: stderr
2024-05-14T15:04:53.344+0000 7f07ab400700 1 -- 172.21.15.69:0/1374975178 <== mon.0 v2:172.21.15.69:3300/0 6 ==== mon_command_ack([{"prefix": "get_command_descriptions"}]=0 v0) ==== 72+0+191963 (secure 0 0 0) 0x7f07a4016dc0 con 0x7f07b4080040
2024-05-14T15:04:54.339 INFO:teuthology.orchestra.run.smithi069.stdout:/usr/bin/ceph: stderr
2024-05-14T15:04:53.482+0000 7f07ab400700 1 -- 172.21.15.69:0/1374975178 <== mon.0 v2:172.21.15.69:3300/0 7 ==== mgrmap(e 4) ==== 50211+0+0 (secure 0 0 0) 0x7f07a4018a40 con 0x7f07b4080040
2024-05-14T15:04:54.339 INFO:teuthology.orchestra.run.smithi069.stdout:/usr/bin/ceph: stderr
2024-05-14T15:04:53.663+0000 7f07b9800700 1 -- 172.21.15.69:0/1374975178 --> [v2:172.21.15.69:3300/0,v1:172.21.15.69:6789/0] -- mon_command({"prefix": "status", "format": "json-pretty"} v 0) -- 0x7f07b402e8f0 con 0x7f07b4080040
2024-05-14T15:04:54.339 INFO:teuthology.orchestra.run.smithi069.stdout:/usr/bin/ceph: stderr
2024-05-14T15:04:53.664+0000 7f07ab400700 1 -- 172.21.15.69:0/1374975178 <== mon.0 v2:172.21.15.69:3300/0 8 ==== mon_command_ack([{"prefix": "status", "format": "json-pretty"}]=0 v0) ==== 79+0+1239 (secure 0 0 0) 0x7f07a40212e0 con 0x7f07b4080040
2024-05-14T15:04:54.339 INFO:teuthology.orchestra.run.smithi069.stdout:/usr/bin/ceph: stderr
2024-05-14T15:04:53.667+0000 7f07b9800700 1 -- 172.21.15.69:0/1374975178 >> [v2:172.21.15.69:6800/586229880,v1:172.21.15.69:6801/586229880] conn(0x7f079803e3d0 msgr2=0x7f07980408e0 secure :-1 s=STATE_CONNECTION_ESTABLISHED l=1).mark_down
2024-05-14T15:04:54.339 INFO:teuthology.orchestra.run.smithi069.stdout:/usr/bin/ceph: stderr
2024-05-14T15:04:53.667+0000 7f07b9800700 1 --2- 172.21.15.69:0/1374975178 >> [v2:172.21.15.69:6800/586229880,v1:172.21.15.69:6801/586229880] conn(0x7f079803e3d0 0x7f07980408e0 secure :-1 s=READY pgs=6 cs=0 l=1 rev1=1 crypto rx=0x7f07a0006fd0 tx=0x7f07a0006e40 comp rx=0 tx=0).stop
2024-05-14T15:04:54.339 INFO:teuthology.orchestra.run.smithi069.stdout:/usr/bin/ceph: stderr
2024-05-14T15:04:53.667+0000 7f07b9800700 1 -- 172.21.15.69:0/1374975178 >> [v2:172.21.15.69:3300/0,v1:172.21.15.69:6789/0] conn(0x7f07b4080040 msgr2=0x7f07b41a4290 secure :-1 s=STATE_CONNECTION_ESTABLISHED l=1).mark_down
2024-05-14T15:04:54.339 INFO:teuthology.orchestra.run.smithi069.stdout:/usr/bin/ceph: stderr
2024-05-14T15:04:53.667+0000 7f07b9800700 1 --2- 172.21.15.69:0/1374975178 >> [v2:172.21.15.69:3300/0,v1:172.21.15.69:6789/0] conn(0x7f07b4080040 0x7f07b41a4290 secure :-1 s=READY pgs=19 cs=0 l=1 rev1=1 crypto rx=0x7f07a40116a0 tx=0x7f07a4011a60 comp rx=0 tx=0).stop
2024-05-14T15:04:54.339 INFO:teuthology.orchestra.run.smithi069.stdout:/usr/bin/ceph: stderr
2024-05-14T15:04:53.668+0000 7f07b9800700 1 -- 172.21.15.69:0/1374975178 shutdown_connections
2024-05-14T15:04:54.340 INFO:teuthology.orchestra.run.smithi069.stdout:/usr/bin/ceph: stderr
2024-05-14T15:04:53.668+0000 7f07b9800700 1 --2- 172.21.15.69:0/1374975178 >> [v2:172.21.15.69:6800/586229880,v1:172.21.15.69:6801/586229880] conn(0x7f079803e3d0 0x7f07980408e0 unknown :-1 s=CLOSED pgs=6 cs=0 l=1 rev1=1 crypto rx=0 tx=0 comp rx=0 tx=0).stop
2024-05-14T15:04:54.340 INFO:teuthology.orchestra.run.smithi069.stdout:/usr/bin/ceph: stderr
2024-05-14T15:04:53.668+0000 7f07b9800700 1 --2- 172.21.15.69:0/1374975178 >> [v2:172.21.15.69:3300/0,v1:172.21.15.69:6789/0] conn(0x7f07b4080040 0x7f07b41a4290 unknown :-1 s=CLOSED pgs=19 cs=0 l=1 rev1=1 crypto rx=0 tx=0 comp rx=0 tx=0).stop
2024-05-14T15:04:54.340 INFO:teuthology.orchestra.run.smithi069.stdout:/usr/bin/ceph: stderr
2024-05-14T15:04:53.668+0000 7f07b9800700 1 -- 172.21.15.69:0/1374975178 >> 172.21.15.69:0/1374975178 conn(0x7f07b407f050 msgr2=0x7f07b410a220 unknown :-1 s=STATE_NONE l=0).mark_down
2024-05-14T15:04:54.340 INFO:teuthology.orchestra.run.smithi069.stdout:/usr/bin/ceph: stderr
2024-05-14T15:04:53.668+0000 7f07b9800700 1 -- 172.21.15.69:0/1374975178 shutdown_connections
2024-05-14T15:04:54.340 INFO:teuthology.orchestra.run.smithi069.stdout:/usr/bin/ceph: stderr
2024-05-14T15:04:53.668+0000 7f07b9800700 1 -- 172.21.15.69:0/1374975178 wait complete.
2024-05-14T15:04:54.340 INFO:teuthology.orchestra.run.smithi069.stdout:mgr is available
2024-05-14T15:04:54.712 INFO:journalctl@ceph.mon.a.smithi069.stdout:May 14 15:04:54 smithi069 ceph-mon[31270]: mgrmap e4: x(active, since 2s)
2024-05-14T15:04:54.712 INFO:journalctl@ceph.mon.a.smithi069.stdout:May 14 15:04:54 smithi069 ceph-mon[31270]: from='client.? 172.21.15.69:0/1374975178' entity='client.admin' cmd=[{"prefix": "status", "format": "json-pretty"}]: dispatch
2024-05-14T15:04:55.713 INFO:journalctl@ceph.mon.a.smithi069.stdout:May 14 15:04:55 smithi069 ceph-mon[31270]: from='client.? 172.21.15.69:0/4192849856' entity='client.admin' cmd=[{"prefix": "config assimilate-conf"}]: dispatch
2024-05-14T15:04:56.065 INFO:teuthology.orchestra.run.smithi069.stdout:/usr/bin/ceph: stdout
2024-05-14T15:04:56.065 INFO:teuthology.orchestra.run.smithi069.stdout:/usr/bin/ceph: stdout [global]
2024-05-14T15:04:56.065 INFO:teuthology.orchestra.run.smithi069.stdout:/usr/bin/ceph: stdout fsid = 1cc2580e-1203-11ef-bc98-c7b262605968
2024-05-14T15:04:56.066 INFO:teuthology.orchestra.run.smithi069.stdout:/usr/bin/ceph: stdout mon_cluster_log_file_level = debug
2024-05-14T15:04:56.066 INFO:teuthology.orchestra.run.smithi069.stdout:/usr/bin/ceph: stdout mon_osd_allow_pg_remap = true
2024-05-14T15:04:56.066 INFO:teuthology.orchestra.run.smithi069.stdout:/usr/bin/ceph: stdout mon_osd_allow_primary_affinity = true
2024-05-14T15:04:56.066 INFO:teuthology.orchestra.run.smithi069.stdout:/usr/bin/ceph: stdout mon_warn_on_no_sortbitwise = false
2024-05-14T15:04:56.066 INFO:teuthology.orchestra.run.smithi069.stdout:/usr/bin/ceph: stdout osd_crush_chooseleaf_type = 0
2024-05-14T15:04:56.066 INFO:teuthology.orchestra.run.smithi069.stdout:/usr/bin/ceph: stdout
2024-05-14T15:04:56.066 INFO:teuthology.orchestra.run.smithi069.stdout:/usr/bin/ceph: stdout [mgr]
2024-05-14T15:04:56.066 INFO:teuthology.orchestra.run.smithi069.stdout:/usr/bin/ceph: stdout mgr/telemetry/nag = false
2024-05-14T15:04:56.066 INFO:teuthology.orchestra.run.smithi069.stdout:/usr/bin/ceph: stdout
2024-05-14T15:04:56.066 INFO:teuthology.orchestra.run.smithi069.stdout:/usr/bin/ceph: stdout [osd]
2024-05-14T15:04:56.066 INFO:teuthology.orchestra.run.smithi069.stdout:/usr/bin/ceph: stdout mon_osd_backfillfull_ratio = 0.85
2024-05-14T15:04:56.066 INFO:teuthology.orchestra.run.smithi069.stdout:/usr/bin/ceph: stdout mon_osd_full_ratio = 0.9
2024-05-14T15:04:56.066 INFO:teuthology.orchestra.run.smithi069.stdout:/usr/bin/ceph: stdout mon_osd_nearfull_ratio = 0.8
2024-05-14T15:04:56.066 INFO:teuthology.orchestra.run.smithi069.stdout:/usr/bin/ceph: stdout osd_map_max_advance = 10
2024-05-14T15:04:56.066 INFO:teuthology.orchestra.run.smithi069.stdout:/usr/bin/ceph: stdout osd_sloppy_crc = true
2024-05-14T15:04:56.067 INFO:teuthology.orchestra.run.smithi069.stdout:/usr/bin/ceph: stderr
2024-05-14T15:04:55.160+0000 7f57eee00700 1 Processor -- start
2024-05-14T15:04:56.067 INFO:teuthology.orchestra.run.smithi069.stdout:/usr/bin/ceph: stderr
2024-05-14T15:04:55.161+0000 7f57eee00700 1 -- start start
2024-05-14T15:04:56.067 INFO:teuthology.orchestra.run.smithi069.stdout:/usr/bin/ceph: stderr
2024-05-14T15:04:55.161+0000 7f57eee00700 1 --2- >> [v2:172.21.15.69:3300/0,v1:172.21.15.69:6789/0] conn(0x7f57e8109a10 0x7f57e8109e20 unknown :-1 s=NONE pgs=0 cs=0 l=0 rev1=0 crypto rx=0 tx=0 comp rx=0 tx=0).connect
2024-05-14T15:04:56.067 INFO:teuthology.orchestra.run.smithi069.stdout:/usr/bin/ceph: stderr
2024-05-14T15:04:55.161+0000 7f57eee00700 1 -- --> [v2:172.21.15.69:3300/0,v1:172.21.15.69:6789/0] -- mon_getmap magic: 0 -- 0x7f57e810a410 con 0x7f57e8109a10
2024-05-14T15:04:56.067 INFO:teuthology.orchestra.run.smithi069.stdout:/usr/bin/ceph: stderr
2024-05-14T15:04:55.161+0000 7f57e7e00700 1 --2- >> [v2:172.21.15.69:3300/0,v1:172.21.15.69:6789/0] conn(0x7f57e8109a10 0x7f57e8109e20 unknown :-1 s=BANNER_CONNECTING pgs=0 cs=0 l=0 rev1=0 crypto rx=0 tx=0 comp rx=0 tx=0)._handle_peer_banner_payload supported=3 required=0
2024-05-14T15:04:56.067 INFO:teuthology.orchestra.run.smithi069.stdout:/usr/bin/ceph: stderr
2024-05-14T15:04:55.161+0000 7f57e7e00700 1 --2- >> [v2:172.21.15.69:3300/0,v1:172.21.15.69:6789/0] conn(0x7f57e8109a10 0x7f57e8109e20 unknown :-1 s=HELLO_CONNECTING pgs=0 cs=0 l=0 rev1=1 crypto rx=0 tx=0 comp rx=0 tx=0).handle_hello peer v2:172.21.15.69:3300/0 says I am v2:172.21.15.69:56190/0 (socket says 172.21.15.69:56190)
2024-05-14T15:04:56.067 INFO:teuthology.orchestra.run.smithi069.stdout:/usr/bin/ceph: stderr
2024-05-14T15:04:55.161+0000 7f57e7e00700 1 -- 172.21.15.69:0/1421131780 learned_addr learned my addr 172.21.15.69:0/1421131780 (peer_addr_for_me v2:172.21.15.69:0/0)
2024-05-14T15:04:56.067 INFO:teuthology.orchestra.run.smithi069.stdout:/usr/bin/ceph: stderr
2024-05-14T15:04:55.162+0000 7f57e7e00700 1 -- 172.21.15.69:0/1421131780 --> [v2:172.21.15.69:3300/0,v1:172.21.15.69:6789/0] -- mon_subscribe({config=0+,monmap=0+}) -- 0x7f57e810ab40 con 0x7f57e8109a10
2024-05-14T15:04:56.067 INFO:teuthology.orchestra.run.smithi069.stdout:/usr/bin/ceph: stderr
2024-05-14T15:04:55.162+0000 7f57e7e00700 1 --2- 172.21.15.69:0/1421131780 >> [v2:172.21.15.69:3300/0,v1:172.21.15.69:6789/0] conn(0x7f57e8109a10 0x7f57e8109e20 secure :-1 s=READY pgs=20 cs=0 l=1 rev1=1 crypto rx=0x7f57d80098a0 tx=0x7f57d8009bb0 comp rx=0 tx=0).ready entity=mon.0 client_cookie=96cdbd255f454392 server_cookie=0 in_seq=0 out_seq=0
2024-05-14T15:04:56.067 INFO:teuthology.orchestra.run.smithi069.stdout:/usr/bin/ceph: stderr
2024-05-14T15:04:55.162+0000 7f57e6a00700 1 -- 172.21.15.69:0/1421131780 <== mon.0 v2:172.21.15.69:3300/0 1 ==== mon_map magic: 0 ==== 205+0+0 (secure 0 0 0) 0x7f57d8004160 con 0x7f57e8109a10
2024-05-14T15:04:56.067 INFO:teuthology.orchestra.run.smithi069.stdout:/usr/bin/ceph: stderr
2024-05-14T15:04:55.163+0000 7f57e6a00700 1 -- 172.21.15.69:0/1421131780 <== mon.0 v2:172.21.15.69:3300/0 2 ==== config(25 keys) ==== 1032+0+0 (secure 0 0 0) 0x7f57d8004300 con 0x7f57e8109a10
2024-05-14T15:04:56.067 INFO:teuthology.orchestra.run.smithi069.stdout:/usr/bin/ceph: stderr
2024-05-14T15:04:55.163+0000 7f57e6a00700 1 -- 172.21.15.69:0/1421131780 <== mon.0 v2:172.21.15.69:3300/0 3 ==== mon_map magic: 0 ==== 205+0+0 (secure 0 0 0) 0x7f57d80119e0 con 0x7f57e8109a10
2024-05-14T15:04:56.067 INFO:teuthology.orchestra.run.smithi069.stdout:/usr/bin/ceph: stderr
2024-05-14T15:04:55.163+0000 7f57eee00700 1 -- 172.21.15.69:0/1421131780 >> [v2:172.21.15.69:3300/0,v1:172.21.15.69:6789/0] conn(0x7f57e8109a10 msgr2=0x7f57e8109e20 secure :-1 s=STATE_CONNECTION_ESTABLISHED l=1).mark_down
2024-05-14T15:04:56.067 INFO:teuthology.orchestra.run.smithi069.stdout:/usr/bin/ceph: stderr
2024-05-14T15:04:55.163+0000 7f57eee00700 1 --2- 172.21.15.69:0/1421131780 >> [v2:172.21.15.69:3300/0,v1:172.21.15.69:6789/0] conn(0x7f57e8109a10 0x7f57e8109e20 secure :-1 s=READY pgs=20 cs=0 l=1 rev1=1 crypto rx=0x7f57d80098a0 tx=0x7f57d8009bb0 comp rx=0 tx=0).stop
2024-05-14T15:04:56.068 INFO:teuthology.orchestra.run.smithi069.stdout:/usr/bin/ceph: stderr
2024-05-14T15:04:55.163+0000 7f57eee00700 1 -- 172.21.15.69:0/1421131780 shutdown_connections
2024-05-14T15:04:56.068 INFO:teuthology.orchestra.run.smithi069.stdout:/usr/bin/ceph: stderr
2024-05-14T15:04:55.163+0000 7f57eee00700 1 --2- 172.21.15.69:0/1421131780 >> [v2:172.21.15.69:3300/0,v1:172.21.15.69:6789/0] conn(0x7f57e8109a10 0x7f57e8109e20 unknown :-1 s=CLOSED pgs=20 cs=0 l=1 rev1=1 crypto rx=0 tx=0 comp rx=0 tx=0).stop
2024-05-14T15:04:56.068 INFO:teuthology.orchestra.run.smithi069.stdout:/usr/bin/ceph: stderr
2024-05-14T15:04:55.163+0000 7f57eee00700 1 -- 172.21.15.69:0/1421131780 >> 172.21.15.69:0/1421131780 conn(0x7f57e8105070 msgr2=0x7f57e8107500 unknown :-1 s=STATE_NONE l=0).mark_down
2024-05-14T15:04:56.068 INFO:teuthology.orchestra.run.smithi069.stdout:/usr/bin/ceph: stderr
2024-05-14T15:04:55.164+0000 7f57eee00700 1 -- 172.21.15.69:0/1421131780 shutdown_connections
2024-05-14T15:04:56.068 INFO:teuthology.orchestra.run.smithi069.stdout:/usr/bin/ceph: stderr
2024-05-14T15:04:55.164+0000 7f57eee00700 1 -- 172.21.15.69:0/1421131780 wait complete.
2024-05-14T15:04:56.068 INFO:teuthology.orchestra.run.smithi069.stdout:/usr/bin/ceph: stderr
2024-05-14T15:04:55.165+0000 7f57eee00700 1 Processor -- start
2024-05-14T15:04:56.068 INFO:teuthology.orchestra.run.smithi069.stdout:/usr/bin/ceph: stderr
2024-05-14T15:04:55.165+0000 7f57eee00700 1 -- start start
2024-05-14T15:04:56.068 INFO:teuthology.orchestra.run.smithi069.stdout:/usr/bin/ceph: stderr
2024-05-14T15:04:55.165+0000 7f57eee00700 1 --2- >> [v2:172.21.15.69:3300/0,v1:172.21.15.69:6789/0] conn(0x7f57e8109a10 0x7f57e819fed0 unknown :-1 s=NONE pgs=0 cs=0 l=1 rev1=0 crypto rx=0 tx=0 comp rx=0 tx=0).connect
2024-05-14T15:04:56.068 INFO:teuthology.orchestra.run.smithi069.stdout:/usr/bin/ceph: stderr
2024-05-14T15:04:55.165+0000 7f57eee00700 1 -- --> [v2:172.21.15.69:3300/0,v1:172.21.15.69:6789/0] -- mon_getmap magic: 0 -- 0x7f57e810def0 con 0x7f57e8109a10
2024-05-14T15:04:56.068 INFO:teuthology.orchestra.run.smithi069.stdout:/usr/bin/ceph: stderr
2024-05-14T15:04:55.165+0000 7f57e7e00700 1 --2- >> [v2:172.21.15.69:3300/0,v1:172.21.15.69:6789/0] conn(0x7f57e8109a10 0x7f57e819fed0 unknown :-1 s=BANNER_CONNECTING pgs=0 cs=0 l=1 rev1=0 crypto rx=0 tx=0 comp rx=0 tx=0)._handle_peer_banner_payload supported=3 required=0
2024-05-14T15:04:56.068 INFO:teuthology.orchestra.run.smithi069.stdout:/usr/bin/ceph: stderr
2024-05-14T15:04:55.165+0000 7f57e7e00700 1 --2- >> [v2:172.21.15.69:3300/0,v1:172.21.15.69:6789/0] conn(0x7f57e8109a10 0x7f57e819fed0 unknown :-1 s=HELLO_CONNECTING pgs=0 cs=0 l=1 rev1=1 crypto rx=0 tx=0 comp rx=0 tx=0).handle_hello peer v2:172.21.15.69:3300/0 says I am v2:172.21.15.69:56196/0 (socket says 172.21.15.69:56196)
2024-05-14T15:04:56.068 INFO:teuthology.orchestra.run.smithi069.stdout:/usr/bin/ceph: stderr
2024-05-14T15:04:55.166+0000 7f57e7e00700 1 -- 172.21.15.69:0/4192849856 learned_addr learned my addr 172.21.15.69:0/4192849856 (peer_addr_for_me v2:172.21.15.69:0/0)
2024-05-14T15:04:56.068 INFO:teuthology.orchestra.run.smithi069.stdout:/usr/bin/ceph: stderr
2024-05-14T15:04:55.166+0000 7f57e7e00700 1 -- 172.21.15.69:0/4192849856 --> [v2:172.21.15.69:3300/0,v1:172.21.15.69:6789/0] -- mon_subscribe({config=0+,monmap=0+}) -- 0x7f57e81a0410 con 0x7f57e8109a10
2024-05-14T15:04:56.068 INFO:teuthology.orchestra.run.smithi069.stdout:/usr/bin/ceph: stderr
2024-05-14T15:04:55.166+0000 7f57e7e00700 1 --2- 172.21.15.69:0/4192849856 >> [v2:172.21.15.69:3300/0,v1:172.21.15.69:6789/0] conn(0x7f57e8109a10 0x7f57e819fed0 secure :-1 s=READY pgs=21 cs=0 l=1 rev1=1 crypto rx=0x7f57d80119b0 tx=0x7f57d8011a90 comp rx=0 tx=0).ready entity=mon.0 client_cookie=0 server_cookie=0 in_seq=0 out_seq=0
2024-05-14T15:04:56.068 INFO:teuthology.orchestra.run.smithi069.stdout:/usr/bin/ceph: stderr
2024-05-14T15:04:55.166+0000 7f57e4c00700 1 -- 172.21.15.69:0/4192849856 <== mon.0 v2:172.21.15.69:3300/0 1 ==== mon_map magic: 0 ==== 205+0+0 (secure 0 0 0) 0x7f57d8003970 con 0x7f57e8109a10
2024-05-14T15:04:56.068 INFO:teuthology.orchestra.run.smithi069.stdout:/usr/bin/ceph: stderr
2024-05-14T15:04:55.166+0000 7f57e4c00700 1 -- 172.21.15.69:0/4192849856 <== mon.0 v2:172.21.15.69:3300/0 2 ==== config(25 keys) ==== 1032+0+0 (secure 0 0 0) 0x7f57d8003b10 con 0x7f57e8109a10
2024-05-14T15:04:56.069 INFO:teuthology.orchestra.run.smithi069.stdout:/usr/bin/ceph: stderr
2024-05-14T15:04:55.167+0000 7f57eee00700 1 -- 172.21.15.69:0/4192849856 --> [v2:172.21.15.69:3300/0,v1:172.21.15.69:6789/0] -- mon_subscribe({mgrmap=0+}) -- 0x7f57e81a06a0 con 0x7f57e8109a10
2024-05-14T15:04:56.069 INFO:teuthology.orchestra.run.smithi069.stdout:/usr/bin/ceph: stderr
2024-05-14T15:04:55.167+0000 7f57e4c00700 1 -- 172.21.15.69:0/4192849856 <== mon.0 v2:172.21.15.69:3300/0 3 ==== mon_map magic: 0 ==== 205+0+0 (secure 0 0 0) 0x7f57d8024610 con 0x7f57e8109a10
2024-05-14T15:04:56.069 INFO:teuthology.orchestra.run.smithi069.stdout:/usr/bin/ceph: stderr
2024-05-14T15:04:55.167+0000 7f57eee00700 1 -- 172.21.15.69:0/4192849856 --> [v2:172.21.15.69:3300/0,v1:172.21.15.69:6789/0] -- mon_subscribe({osdmap=0}) -- 0x7f57e81a32b0 con 0x7f57e8109a10
2024-05-14T15:04:56.069 INFO:teuthology.orchestra.run.smithi069.stdout:/usr/bin/ceph: stderr
2024-05-14T15:04:55.168+0000 7f57e4c00700 1 -- 172.21.15.69:0/4192849856 <== mon.0 v2:172.21.15.69:3300/0 4 ==== mgrmap(e 4) ==== 50211+0+0 (secure 0 0 0) 0x7f57d801a430 con 0x7f57e8109a10
2024-05-14T15:04:56.069 INFO:teuthology.orchestra.run.smithi069.stdout:/usr/bin/ceph: stderr
2024-05-14T15:04:55.168+0000 7f57eee00700 1 -- 172.21.15.69:0/4192849856 --> [v2:172.21.15.69:3300/0,v1:172.21.15.69:6789/0] -- mon_command({"prefix": "get_command_descriptions"} v 0) -- 0x7f57e8064e20 con 0x7f57e8109a10
2024-05-14T15:04:56.069 INFO:teuthology.orchestra.run.smithi069.stdout:/usr/bin/ceph: stderr
2024-05-14T15:04:55.168+0000 7f57e4c00700 1 --2- 172.21.15.69:0/4192849856 >> [v2:172.21.15.69:6800/586229880,v1:172.21.15.69:6801/586229880] conn(0x7f57cc03e530 0x7f57cc040a40 unknown :-1 s=NONE pgs=0 cs=0 l=1 rev1=0 crypto rx=0 tx=0 comp rx=0 tx=0).connect
2024-05-14T15:04:56.069 INFO:teuthology.orchestra.run.smithi069.stdout:/usr/bin/ceph: stderr
2024-05-14T15:04:55.169+0000 7f57e4c00700 1 -- 172.21.15.69:0/4192849856 <== mon.0 v2:172.21.15.69:3300/0 5 ==== osd_map(1..1 src has 1..1) ==== 725+0+0 (secure 0 0 0) 0x7f57d80538b0 con 0x7f57e8109a10
2024-05-14T15:04:56.069 INFO:teuthology.orchestra.run.smithi069.stdout:/usr/bin/ceph: stderr
2024-05-14T15:04:55.169+0000 7f57e7400700 1 --2- 172.21.15.69:0/4192849856 >> [v2:172.21.15.69:6800/586229880,v1:172.21.15.69:6801/586229880] conn(0x7f57cc03e530 0x7f57cc040a40 unknown :-1 s=BANNER_CONNECTING pgs=0 cs=0 l=1 rev1=0 crypto rx=0 tx=0 comp rx=0 tx=0)._handle_peer_banner_payload supported=3 required=0
2024-05-14T15:04:56.069 INFO:teuthology.orchestra.run.smithi069.stdout:/usr/bin/ceph: stderr
2024-05-14T15:04:55.170+0000 7f57e7400700 1 --2- 172.21.15.69:0/4192849856 >> [v2:172.21.15.69:6800/586229880,v1:172.21.15.69:6801/586229880] conn(0x7f57cc03e530 0x7f57cc040a40 secure :-1 s=READY pgs=7 cs=0 l=1 rev1=1 crypto rx=0x7f57d4006fd0 tx=0x7f57d4006e40 comp rx=0 tx=0).ready entity=mgr.14100 client_cookie=0 server_cookie=0 in_seq=0 out_seq=0
2024-05-14T15:04:56.069 INFO:teuthology.orchestra.run.smithi069.stdout:/usr/bin/ceph: stderr
2024-05-14T15:04:55.175+0000 7f57e4c00700 1 -- 172.21.15.69:0/4192849856 <== mon.0 v2:172.21.15.69:3300/0 6 ==== mon_command_ack([{"prefix": "get_command_descriptions"}]=0 v0) ==== 72+0+191963 (secure 0 0 0) 0x7f57d800b3e0 con 0x7f57e8109a10
2024-05-14T15:04:56.069 INFO:teuthology.orchestra.run.smithi069.stdout:/usr/bin/ceph: stderr
2024-05-14T15:04:55.395+0000 7f57eee00700 1 -- 172.21.15.69:0/4192849856 --> [v2:172.21.15.69:3300/0,v1:172.21.15.69:6789/0] -- mon_command({"prefix": "config assimilate-conf"} v 0) -- 0x7f57e81a3480 con 0x7f57e8109a10
2024-05-14T15:04:56.069 INFO:teuthology.orchestra.run.smithi069.stdout:/usr/bin/ceph: stderr
2024-05-14T15:04:55.397+0000 7f57e4c00700 1 -- 172.21.15.69:0/4192849856 <== mon.0 v2:172.21.15.69:3300/0 7 ==== mon_command_ack([{"prefix": "config assimilate-conf"}]=0 v3) ==== 70+0+409 (secure 0 0 0) 0x7f57d802de10 con 0x7f57e8109a10
2024-05-14T15:04:56.069 INFO:teuthology.orchestra.run.smithi069.stdout:/usr/bin/ceph: stderr
2024-05-14T15:04:55.400+0000 7f57eee00700 1 -- 172.21.15.69:0/4192849856 >> [v2:172.21.15.69:6800/586229880,v1:172.21.15.69:6801/586229880] conn(0x7f57cc03e530 msgr2=0x7f57cc040a40 secure :-1 s=STATE_CONNECTION_ESTABLISHED l=1).mark_down
2024-05-14T15:04:56.069 INFO:teuthology.orchestra.run.smithi069.stdout:/usr/bin/ceph: stderr
2024-05-14T15:04:55.400+0000 7f57eee00700 1 --2- 172.21.15.69:0/4192849856 >> [v2:172.21.15.69:6800/586229880,v1:172.21.15.69:6801/586229880] conn(0x7f57cc03e530 0x7f57cc040a40 secure :-1 s=READY pgs=7 cs=0 l=1 rev1=1 crypto rx=0x7f57d4006fd0 tx=0x7f57d4006e40 comp rx=0 tx=0).stop
2024-05-14T15:04:56.069 INFO:teuthology.orchestra.run.smithi069.stdout:/usr/bin/ceph: stderr
2024-05-14T15:04:55.400+0000 7f57eee00700 1 -- 172.21.15.69:0/4192849856 >> [v2:172.21.15.69:3300/0,v1:172.21.15.69:6789/0] conn(0x7f57e8109a10 msgr2=0x7f57e819fed0 secure :-1 s=STATE_CONNECTION_ESTABLISHED l=1).mark_down
2024-05-14T15:04:56.070 INFO:teuthology.orchestra.run.smithi069.stdout:/usr/bin/ceph: stderr
2024-05-14T15:04:55.400+0000 7f57eee00700 1 --2- 172.21.15.69:0/4192849856 >> [v2:172.21.15.69:3300/0,v1:172.21.15.69:6789/0] conn(0x7f57e8109a10 0x7f57e819fed0 secure :-1 s=READY pgs=21 cs=0 l=1 rev1=1 crypto rx=0x7f57d80119b0 tx=0x7f57d8011a90 comp rx=0 tx=0).stop
2024-05-14T15:04:56.070 INFO:teuthology.orchestra.run.smithi069.stdout:/usr/bin/ceph: stderr
2024-05-14T15:04:55.400+0000 7f57eee00700 1 -- 172.21.15.69:0/4192849856 shutdown_connections
2024-05-14T15:04:56.070 INFO:teuthology.orchestra.run.smithi069.stdout:/usr/bin/ceph: stderr
2024-05-14T15:04:55.400+0000 7f57eee00700 1 --2- 172.21.15.69:0/4192849856 >> [v2:172.21.15.69:6800/586229880,v1:172.21.15.69:6801/586229880] conn(0x7f57cc03e530 0x7f57cc040a40 unknown :-1 s=CLOSED pgs=7 cs=0 l=1 rev1=1 crypto rx=0 tx=0 comp rx=0 tx=0).stop
2024-05-14T15:04:56.070 INFO:teuthology.orchestra.run.smithi069.stdout:/usr/bin/ceph: stderr
2024-05-14T15:04:55.400+0000 7f57eee00700 1 --2- 172.21.15.69:0/4192849856 >> [v2:172.21.15.69:3300/0,v1:172.21.15.69:6789/0] conn(0x7f57e8109a10 0x7f57e819fed0 unknown :-1 s=CLOSED pgs=21 cs=0 l=1 rev1=1 crypto rx=0 tx=0 comp rx=0 tx=0).stop
2024-05-14T15:04:56.070 INFO:teuthology.orchestra.run.smithi069.stdout:/usr/bin/ceph: stderr
2024-05-14T15:04:55.400+0000 7f57eee00700 1 -- 172.21.15.69:0/4192849856 >> 172.21.15.69:0/4192849856 conn(0x7f57e8105070 msgr2=0x7f57e807da30 unknown :-1 s=STATE_NONE l=0).mark_down
2024-05-14T15:04:56.070 INFO:teuthology.orchestra.run.smithi069.stdout:/usr/bin/ceph: stderr
2024-05-14T15:04:55.401+0000 7f57eee00700 1 -- 172.21.15.69:0/4192849856 shutdown_connections
2024-05-14T15:04:56.070 INFO:teuthology.orchestra.run.smithi069.stdout:/usr/bin/ceph: stderr
2024-05-14T15:04:55.401+0000 7f57eee00700 1 -- 172.21.15.69:0/4192849856 wait complete.
2024-05-14T15:04:56.070 INFO:teuthology.orchestra.run.smithi069.stdout:Enabling cephadm module...
2024-05-14T15:04:57.273 INFO:journalctl@ceph.mon.a.smithi069.stdout:May 14 15:04:57 smithi069 ceph-mon[31270]: from='client.? 172.21.15.69:0/2923142257' entity='client.admin' cmd=[{"prefix": "mgr module enable", "module": "cephadm"}]: dispatch
2024-05-14T15:04:57.689 INFO:journalctl@ceph.mgr.x.smithi069.stdout:May 14 15:04:57 smithi069 ceph-1cc2580e-1203-11ef-bc98-c7b262605968-mgr-x[31500]: ignoring --setuser ceph since I am not root
2024-05-14T15:04:57.689 INFO:journalctl@ceph.mgr.x.smithi069.stdout:May 14 15:04:57 smithi069 ceph-1cc2580e-1203-11ef-bc98-c7b262605968-mgr-x[31500]: ignoring --setgroup ceph since I am not root
2024-05-14T15:04:57.689 INFO:journalctl@ceph.mgr.x.smithi069.stdout:May 14 15:04:57 smithi069 ceph-1cc2580e-1203-11ef-bc98-c7b262605968-mgr-x[31500]:
2024-05-14T15:04:57.453+0000 7f58ad4df200 -1 mgr[py] Module balancer has missing NOTIFY_TYPES member
2024-05-14T15:04:57.689 INFO:journalctl@ceph.mgr.x.smithi069.stdout:May 14 15:04:57 smithi069 ceph-1cc2580e-1203-11ef-bc98-c7b262605968-mgr-x[31500]:
2024-05-14T15:04:57.698+0000 7f58ad4df200 -1 mgr[py] Module orchestrator has missing NOTIFY_TYPES member
2024-05-14T15:04:57.791 INFO:teuthology.orchestra.run.smithi069.stdout:/usr/bin/ceph: stderr
2024-05-14T15:04:56.738+0000 7f0797600700 1 Processor -- start
2024-05-14T15:04:57.797 INFO:teuthology.orchestra.run.smithi069.stdout:/usr/bin/ceph: stderr
2024-05-14T15:04:56.738+0000 7f0797600700 1 -- start start
2024-05-14T15:04:57.798 INFO:teuthology.orchestra.run.smithi069.stdout:/usr/bin/ceph: stderr
2024-05-14T15:04:56.738+0000 7f0797600700 1 --2- >> [v2:172.21.15.69:3300/0,v1:172.21.15.69:6789/0] conn(0x7f079010a500 0x7f079010c920 unknown :-1 s=NONE pgs=0 cs=0 l=0 rev1=0 crypto rx=0 tx=0 comp rx=0 tx=0).connect
2024-05-14T15:04:57.798 INFO:teuthology.orchestra.run.smithi069.stdout:/usr/bin/ceph: stderr
2024-05-14T15:04:56.738+0000 7f0797600700 1 -- --> [v2:172.21.15.69:3300/0,v1:172.21.15.69:6789/0] -- mon_getmap magic: 0 -- 0x7f079007d7c0 con 0x7f079010a500
2024-05-14T15:04:57.798 INFO:teuthology.orchestra.run.smithi069.stdout:/usr/bin/ceph: stderr
2024-05-14T15:04:56.739+0000 7f0794c00700 1 --2- >> [v2:172.21.15.69:3300/0,v1:172.21.15.69:6789/0] conn(0x7f079010a500 0x7f079010c920 unknown :-1 s=BANNER_CONNECTING pgs=0 cs=0 l=0 rev1=0 crypto rx=0 tx=0 comp rx=0 tx=0)._handle_peer_banner_payload supported=3 required=0
2024-05-14T15:04:57.798 INFO:teuthology.orchestra.run.smithi069.stdout:/usr/bin/ceph: stderr
2024-05-14T15:04:56.739+0000 7f0794c00700 1 --2- >> [v2:172.21.15.69:3300/0,v1:172.21.15.69:6789/0] conn(0x7f079010a500 0x7f079010c920 unknown :-1 s=HELLO_CONNECTING pgs=0 cs=0 l=0 rev1=1 crypto rx=0 tx=0 comp rx=0 tx=0).handle_hello peer v2:172.21.15.69:3300/0 says I am v2:172.21.15.69:56206/0 (socket says 172.21.15.69:56206)
2024-05-14T15:04:57.798 INFO:teuthology.orchestra.run.smithi069.stdout:/usr/bin/ceph: stderr
2024-05-14T15:04:56.739+0000 7f0794c00700 1 -- 172.21.15.69:0/560545187 learned_addr learned my addr 172.21.15.69:0/560545187 (peer_addr_for_me v2:172.21.15.69:0/0)
2024-05-14T15:04:57.798 INFO:teuthology.orchestra.run.smithi069.stdout:/usr/bin/ceph: stderr
2024-05-14T15:04:56.740+0000 7f0794c00700 1 -- 172.21.15.69:0/560545187 --> [v2:172.21.15.69:3300/0,v1:172.21.15.69:6789/0] -- mon_subscribe({config=0+,monmap=0+}) -- 0x7f079010ce60 con 0x7f079010a500
2024-05-14T15:04:57.798 INFO:teuthology.orchestra.run.smithi069.stdout:/usr/bin/ceph: stderr
2024-05-14T15:04:56.740+0000 7f0794c00700 1 --2- 172.21.15.69:0/560545187 >> [v2:172.21.15.69:3300/0,v1:172.21.15.69:6789/0] conn(0x7f079010a500 0x7f079010c920 secure :-1 s=READY pgs=22 cs=0 l=1 rev1=1 crypto rx=0x7f07840098a0 tx=0x7f0784009bb0 comp rx=0 tx=0).ready entity=mon.0 client_cookie=e329ea6b1d163f14 server_cookie=0 in_seq=0 out_seq=0
2024-05-14T15:04:57.798 INFO:teuthology.orchestra.run.smithi069.stdout:/usr/bin/ceph: stderr
2024-05-14T15:04:56.740+0000 7f078f400700 1 -- 172.21.15.69:0/560545187 <== mon.0 v2:172.21.15.69:3300/0 1 ==== mon_map magic: 0 ==== 205+0+0 (secure 0 0 0) 0x7f0784004160 con 0x7f079010a500
2024-05-14T15:04:57.798 INFO:teuthology.orchestra.run.smithi069.stdout:/usr/bin/ceph: stderr
2024-05-14T15:04:56.740+0000 7f078f400700 1 -- 172.21.15.69:0/560545187 <== mon.0 v2:172.21.15.69:3300/0 2 ==== config(25 keys) ==== 1032+0+0 (secure 0 0 0) 0x7f0784004300 con 0x7f079010a500
2024-05-14T15:04:57.798 INFO:teuthology.orchestra.run.smithi069.stdout:/usr/bin/ceph: stderr
2024-05-14T15:04:56.740+0000 7f078f400700 1 -- 172.21.15.69:0/560545187 <== mon.0 v2:172.21.15.69:3300/0 3 ==== mon_map magic: 0 ==== 205+0+0 (secure 0 0 0) 0x7f07840119e0 con 0x7f079010a500
2024-05-14T15:04:57.799 INFO:teuthology.orchestra.run.smithi069.stdout:/usr/bin/ceph: stderr
2024-05-14T15:04:56.741+0000 7f0797600700 1 -- 172.21.15.69:0/560545187 >> [v2:172.21.15.69:3300/0,v1:172.21.15.69:6789/0] conn(0x7f079010a500 msgr2=0x7f079010c920 secure :-1 s=STATE_CONNECTION_ESTABLISHED l=1).mark_down
2024-05-14T15:04:57.799 INFO:teuthology.orchestra.run.smithi069.stdout:/usr/bin/ceph: stderr
2024-05-14T15:04:56.741+0000 7f0797600700 1 --2- 172.21.15.69:0/560545187 >> [v2:172.21.15.69:3300/0,v1:172.21.15.69:6789/0] conn(0x7f079010a500 0x7f079010c920 secure :-1 s=READY pgs=22 cs=0 l=1 rev1=1 crypto rx=0x7f07840098a0 tx=0x7f0784009bb0 comp rx=0 tx=0).stop
2024-05-14T15:04:57.799 INFO:teuthology.orchestra.run.smithi069.stdout:/usr/bin/ceph: stderr
2024-05-14T15:04:56.741+0000 7f0797600700 1 -- 172.21.15.69:0/560545187 shutdown_connections
2024-05-14T15:04:57.799 INFO:teuthology.orchestra.run.smithi069.stdout:/usr/bin/ceph: stderr
2024-05-14T15:04:56.741+0000 7f0797600700 1 --2- 172.21.15.69:0/560545187 >> [v2:172.21.15.69:3300/0,v1:172.21.15.69:6789/0] conn(0x7f079010a500 0x7f079010c920 unknown :-1 s=CLOSED pgs=22 cs=0 l=1 rev1=1 crypto rx=0 tx=0 comp rx=0 tx=0).stop
2024-05-14T15:04:57.799 INFO:teuthology.orchestra.run.smithi069.stdout:/usr/bin/ceph: stderr
2024-05-14T15:04:56.741+0000 7f0797600700 1 -- 172.21.15.69:0/560545187 >> 172.21.15.69:0/560545187 conn(0x7f0790103f00 msgr2=0x7f07901063b0 unknown :-1 s=STATE_NONE l=0).mark_down
2024-05-14T15:04:57.799 INFO:teuthology.orchestra.run.smithi069.stdout:/usr/bin/ceph: stderr
2024-05-14T15:04:56.741+0000 7f0797600700 1 -- 172.21.15.69:0/560545187 shutdown_connections
2024-05-14T15:04:57.799 INFO:teuthology.orchestra.run.smithi069.stdout:/usr/bin/ceph: stderr
2024-05-14T15:04:56.741+0000 7f0797600700 1 -- 172.21.15.69:0/560545187 wait complete.
2024-05-14T15:04:57.799 INFO:teuthology.orchestra.run.smithi069.stdout:/usr/bin/ceph: stderr
2024-05-14T15:04:56.742+0000 7f0797600700 1 Processor -- start
2024-05-14T15:04:57.799 INFO:teuthology.orchestra.run.smithi069.stdout:/usr/bin/ceph: stderr
2024-05-14T15:04:56.742+0000 7f0797600700 1 -- start start
2024-05-14T15:04:57.799 INFO:teuthology.orchestra.run.smithi069.stdout:/usr/bin/ceph: stderr
2024-05-14T15:04:56.743+0000 7f0797600700 1 --2- >> [v2:172.21.15.69:3300/0,v1:172.21.15.69:6789/0] conn(0x7f079010a500 0x7f079019feb0 unknown :-1 s=NONE pgs=0 cs=0 l=1 rev1=0 crypto rx=0 tx=0 comp rx=0 tx=0).connect
2024-05-14T15:04:57.799 INFO:teuthology.orchestra.run.smithi069.stdout:/usr/bin/ceph: stderr
2024-05-14T15:04:56.743+0000 7f0797600700 1 -- --> [v2:172.21.15.69:3300/0,v1:172.21.15.69:6789/0] -- mon_getmap magic: 0 -- 0x7f079010dd00 con 0x7f079010a500
2024-05-14T15:04:57.799 INFO:teuthology.orchestra.run.smithi069.stdout:/usr/bin/ceph: stderr
2024-05-14T15:04:56.743+0000 7f0794c00700 1 --2- >> [v2:172.21.15.69:3300/0,v1:172.21.15.69:6789/0] conn(0x7f079010a500 0x7f079019feb0 unknown :-1 s=BANNER_CONNECTING pgs=0 cs=0 l=1 rev1=0 crypto rx=0 tx=0 comp rx=0 tx=0)._handle_peer_banner_payload supported=3 required=0
2024-05-14T15:04:57.800 INFO:teuthology.orchestra.run.smithi069.stdout:/usr/bin/ceph: stderr
2024-05-14T15:04:56.743+0000 7f0794c00700 1 --2- >> [v2:172.21.15.69:3300/0,v1:172.21.15.69:6789/0] conn(0x7f079010a500 0x7f079019feb0 unknown :-1 s=HELLO_CONNECTING pgs=0 cs=0 l=1 rev1=1 crypto rx=0 tx=0 comp rx=0 tx=0).handle_hello peer v2:172.21.15.69:3300/0 says I am v2:172.21.15.69:56214/0 (socket says 172.21.15.69:56214)
2024-05-14T15:04:57.800 INFO:teuthology.orchestra.run.smithi069.stdout:/usr/bin/ceph: stderr
2024-05-14T15:04:56.743+0000 7f0794c00700 1 -- 172.21.15.69:0/2923142257 learned_addr learned my addr 172.21.15.69:0/2923142257 (peer_addr_for_me v2:172.21.15.69:0/0)
2024-05-14T15:04:57.800 INFO:teuthology.orchestra.run.smithi069.stdout:/usr/bin/ceph: stderr
2024-05-14T15:04:56.743+0000 7f0794c00700 1 -- 172.21.15.69:0/2923142257 --> [v2:172.21.15.69:3300/0,v1:172.21.15.69:6789/0] -- mon_subscribe({config=0+,monmap=0+}) -- 0x7f07901a03f0 con 0x7f079010a500
2024-05-14T15:04:57.800 INFO:teuthology.orchestra.run.smithi069.stdout:/usr/bin/ceph: stderr
2024-05-14T15:04:56.744+0000 7f0794c00700 1 --2- 172.21.15.69:0/2923142257 >> [v2:172.21.15.69:3300/0,v1:172.21.15.69:6789/0] conn(0x7f079010a500 0x7f079019feb0 secure :-1 s=READY pgs=23 cs=0 l=1 rev1=1 crypto rx=0x7f07840119b0 tx=0x7f0784011a90 comp rx=0 tx=0).ready entity=mon.0 client_cookie=0 server_cookie=0 in_seq=0 out_seq=0
2024-05-14T15:04:57.800 INFO:teuthology.orchestra.run.smithi069.stdout:/usr/bin/ceph: stderr
2024-05-14T15:04:56.744+0000 7f078d600700 1 -- 172.21.15.69:0/2923142257 <== mon.0 v2:172.21.15.69:3300/0 1 ==== mon_map magic: 0 ==== 205+0+0 (secure 0 0 0) 0x7f0784003af0 con 0x7f079010a500
2024-05-14T15:04:57.800 INFO:teuthology.orchestra.run.smithi069.stdout:/usr/bin/ceph: stderr
2024-05-14T15:04:56.744+0000 7f078d600700 1 -- 172.21.15.69:0/2923142257 <== mon.0 v2:172.21.15.69:3300/0 2 ==== config(25 keys) ==== 1032+0+0 (secure 0 0 0) 0x7f078401a8a0 con 0x7f079010a500
2024-05-14T15:04:57.800 INFO:teuthology.orchestra.run.smithi069.stdout:/usr/bin/ceph: stderr
2024-05-14T15:04:56.744+0000 7f078d600700 1 -- 172.21.15.69:0/2923142257 <== mon.0 v2:172.21.15.69:3300/0 3 ==== mon_map magic: 0 ==== 205+0+0 (secure 0 0 0) 0x7f0784024830 con 0x7f079010a500
2024-05-14T15:04:57.800 INFO:teuthology.orchestra.run.smithi069.stdout:/usr/bin/ceph: stderr
2024-05-14T15:04:56.744+0000 7f0797600700 1 -- 172.21.15.69:0/2923142257 --> [v2:172.21.15.69:3300/0,v1:172.21.15.69:6789/0] -- mon_subscribe({mgrmap=0+}) -- 0x7f07901a0680 con 0x7f079010a500
2024-05-14T15:04:57.800 INFO:teuthology.orchestra.run.smithi069.stdout:/usr/bin/ceph: stderr
2024-05-14T15:04:56.744+0000 7f0797600700 1 -- 172.21.15.69:0/2923142257 --> [v2:172.21.15.69:3300/0,v1:172.21.15.69:6789/0] -- mon_subscribe({osdmap=0}) -- 0x7f07901a3290 con 0x7f079010a500
2024-05-14T15:04:57.800 INFO:teuthology.orchestra.run.smithi069.stdout:/usr/bin/ceph: stderr
2024-05-14T15:04:56.745+0000 7f0797600700 1 -- 172.21.15.69:0/2923142257 --> [v2:172.21.15.69:3300/0,v1:172.21.15.69:6789/0] -- mon_command({"prefix": "get_command_descriptions"} v 0) -- 0x7f0790064e20 con 0x7f079010a500
2024-05-14T15:04:57.800 INFO:teuthology.orchestra.run.smithi069.stdout:/usr/bin/ceph: stderr
2024-05-14T15:04:56.746+0000 7f078d600700 1 -- 172.21.15.69:0/2923142257 <== mon.0 v2:172.21.15.69:3300/0 4 ==== mgrmap(e 4) ==== 50211+0+0 (secure 0 0 0) 0x7f0784022020 con 0x7f079010a500
2024-05-14T15:04:57.800 INFO:teuthology.orchestra.run.smithi069.stdout:/usr/bin/ceph: stderr
2024-05-14T15:04:56.746+0000 7f078d600700 1 --2- 172.21.15.69:0/2923142257 >> [v2:172.21.15.69:6800/586229880,v1:172.21.15.69:6801/586229880] conn(0x7f077803e530 0x7f0778040a40 unknown :-1 s=NONE pgs=0 cs=0 l=1 rev1=0 crypto rx=0 tx=0 comp rx=0 tx=0).connect
2024-05-14T15:04:57.800 INFO:teuthology.orchestra.run.smithi069.stdout:/usr/bin/ceph: stderr
2024-05-14T15:04:56.746+0000 7f078d600700 1 -- 172.21.15.69:0/2923142257 <== mon.0 v2:172.21.15.69:3300/0 5 ==== osd_map(1..1 src has 1..1) ==== 725+0+0 (secure 0 0 0) 0x7f0784053650 con 0x7f079010a500
2024-05-14T15:04:57.801 INFO:teuthology.orchestra.run.smithi069.stdout:/usr/bin/ceph: stderr
2024-05-14T15:04:56.746+0000 7f078fe00700 1 --2- 172.21.15.69:0/2923142257 >> [v2:172.21.15.69:6800/586229880,v1:172.21.15.69:6801/586229880] conn(0x7f077803e530 0x7f0778040a40 unknown :-1 s=BANNER_CONNECTING pgs=0 cs=0 l=1 rev1=0 crypto rx=0 tx=0 comp rx=0 tx=0)._handle_peer_banner_payload supported=3 required=0
2024-05-14T15:04:57.801 INFO:teuthology.orchestra.run.smithi069.stdout:/usr/bin/ceph: stderr
2024-05-14T15:04:56.747+0000 7f078fe00700 1 --2- 172.21.15.69:0/2923142257 >> [v2:172.21.15.69:6800/586229880,v1:172.21.15.69:6801/586229880] conn(0x7f077803e530 0x7f0778040a40 secure :-1 s=READY pgs=8 cs=0 l=1 rev1=1 crypto rx=0x7f077c006fd0 tx=0x7f077c006e40 comp rx=0 tx=0).ready entity=mgr.14100 client_cookie=0 server_cookie=0 in_seq=0 out_seq=0
2024-05-14T15:04:57.801 INFO:teuthology.orchestra.run.smithi069.stdout:/usr/bin/ceph: stderr
2024-05-14T15:04:56.752+0000 7f078d600700 1 -- 172.21.15.69:0/2923142257 <== mon.0 v2:172.21.15.69:3300/0 6 ==== mon_command_ack([{"prefix": "get_command_descriptions"}]=0 v0) ==== 72+0+191963 (secure 0 0 0) 0x7f07840533b0 con 0x7f079010a500
2024-05-14T15:04:57.801 INFO:teuthology.orchestra.run.smithi069.stdout:/usr/bin/ceph: stderr
2024-05-14T15:04:57.043+0000 7f0797600700 1 -- 172.21.15.69:0/2923142257 --> [v2:172.21.15.69:3300/0,v1:172.21.15.69:6789/0] -- mon_command({"prefix": "mgr module enable", "module": "cephadm"} v 0) -- 0x7f079002e5f0 con 0x7f079010a500
2024-05-14T15:04:57.801 INFO:teuthology.orchestra.run.smithi069.stdout:/usr/bin/ceph: stderr
2024-05-14T15:04:57.097+0000 7f078d600700 1 -- 172.21.15.69:0/2923142257 <== mon.0 v2:172.21.15.69:3300/0 7 ==== mon_command_ack([{"prefix": "mgr module enable", "module": "cephadm"}]=0 v5) ==== 86+0+0 (secure 0 0 0) 0x7f079002e5f0 con 0x7f079010a500
2024-05-14T15:04:57.801 INFO:teuthology.orchestra.run.smithi069.stdout:/usr/bin/ceph: stderr
2024-05-14T15:04:57.100+0000 7f0797600700 1 -- 172.21.15.69:0/2923142257 >> [v2:172.21.15.69:6800/586229880,v1:172.21.15.69:6801/586229880] conn(0x7f077803e530 msgr2=0x7f0778040a40 secure :-1 s=STATE_CONNECTION_ESTABLISHED l=1).mark_down
2024-05-14T15:04:57.801 INFO:teuthology.orchestra.run.smithi069.stdout:/usr/bin/ceph: stderr
2024-05-14T15:04:57.100+0000 7f0797600700 1 --2- 172.21.15.69:0/2923142257 >> [v2:172.21.15.69:6800/586229880,v1:172.21.15.69:6801/586229880] conn(0x7f077803e530 0x7f0778040a40 secure :-1 s=READY pgs=8 cs=0 l=1 rev1=1 crypto rx=0x7f077c006fd0 tx=0x7f077c006e40 comp rx=0 tx=0).stop
2024-05-14T15:04:57.801 INFO:teuthology.orchestra.run.smithi069.stdout:/usr/bin/ceph: stderr
2024-05-14T15:04:57.100+0000 7f0797600700 1 -- 172.21.15.69:0/2923142257 >> [v2:172.21.15.69:3300/0,v1:172.21.15.69:6789/0] conn(0x7f079010a500 msgr2=0x7f079019feb0 secure :-1 s=STATE_CONNECTION_ESTABLISHED l=1).mark_down
2024-05-14T15:04:57.801 INFO:teuthology.orchestra.run.smithi069.stdout:/usr/bin/ceph: stderr
2024-05-14T15:04:57.101+0000 7f078d600700 1 -- 172.21.15.69:0/2923142257 <== mon.0 v2:172.21.15.69:3300/0 8 ==== mgrmap(e 5) ==== 50222+0+0 (secure 0 0 0) 0x7f078401a430 con 0x7f079010a500
2024-05-14T15:04:57.801 INFO:teuthology.orchestra.run.smithi069.stdout:/usr/bin/ceph: stderr
2024-05-14T15:04:57.101+0000 7f0797600700 1 --2- 172.21.15.69:0/2923142257 >> [v2:172.21.15.69:3300/0,v1:172.21.15.69:6789/0] conn(0x7f079010a500 0x7f079019feb0 secure :-1 s=READY pgs=23 cs=0 l=1 rev1=1 crypto rx=0x7f07840119b0 tx=0x7f0784011a90 comp rx=0 tx=0).stop
2024-05-14T15:04:57.801 INFO:teuthology.orchestra.run.smithi069.stdout:/usr/bin/ceph: stderr
2024-05-14T15:04:57.101+0000 7f0797600700 1 -- 172.21.15.69:0/2923142257 shutdown_connections
2024-05-14T15:04:57.801 INFO:teuthology.orchestra.run.smithi069.stdout:/usr/bin/ceph: stderr
2024-05-14T15:04:57.101+0000 7f0797600700 1 --2- 172.21.15.69:0/2923142257 >> [v2:172.21.15.69:6800/586229880,v1:172.21.15.69:6801/586229880] conn(0x7f077803e530 0x7f0778040a40 unknown :-1 s=CLOSED pgs=8 cs=0 l=1 rev1=1 crypto rx=0 tx=0 comp rx=0 tx=0).stop
2024-05-14T15:04:57.802 INFO:teuthology.orchestra.run.smithi069.stdout:/usr/bin/ceph: stderr
2024-05-14T15:04:57.101+0000 7f0797600700 1 --2- 172.21.15.69:0/2923142257 >> [v2:172.21.15.69:3300/0,v1:172.21.15.69:6789/0] conn(0x7f079010a500 0x7f079019feb0 unknown :-1 s=CLOSED pgs=23 cs=0 l=1 rev1=1 crypto rx=0 tx=0 comp rx=0 tx=0).stop
2024-05-14T15:04:57.802 INFO:teuthology.orchestra.run.smithi069.stdout:/usr/bin/ceph: stderr
2024-05-14T15:04:57.101+0000 7f0797600700 1 -- 172.21.15.69:0/2923142257 >> 172.21.15.69:0/2923142257 conn(0x7f0790103f00 msgr2=0x7f0790108480 unknown :-1 s=STATE_NONE l=0).mark_down
2024-05-14T15:04:57.802 INFO:teuthology.orchestra.run.smithi069.stdout:/usr/bin/ceph: stderr
2024-05-14T15:04:57.102+0000 7f0797600700 1 -- 172.21.15.69:0/2923142257 shutdown_connections
2024-05-14T15:04:57.802 INFO:teuthology.orchestra.run.smithi069.stdout:/usr/bin/ceph: stderr
2024-05-14T15:04:57.102+0000 7f0797600700 1 -- 172.21.15.69:0/2923142257 wait complete.
2024-05-14T15:04:57.944 INFO:journalctl@ceph.mgr.x.smithi069.stdout:May 14 15:04:57 smithi069 ceph-1cc2580e-1203-11ef-bc98-c7b262605968-mgr-x[31500]:
2024-05-14T15:04:57.833+0000 7f58ad4df200 -1 mgr[py] Module snap_schedule has missing NOTIFY_TYPES member
2024-05-14T15:04:58.213 INFO:journalctl@ceph.mon.a.smithi069.stdout:May 14 15:04:58 smithi069 ceph-mon[31270]: from='client.? 172.21.15.69:0/2923142257' entity='client.admin' cmd='[{"prefix": "mgr module enable", "module": "cephadm"}]': finished
2024-05-14T15:04:58.213 INFO:journalctl@ceph.mon.a.smithi069.stdout:May 14 15:04:58 smithi069 ceph-mon[31270]: mgrmap e5: x(active, since 5s)
2024-05-14T15:04:58.502 INFO:journalctl@ceph.mgr.x.smithi069.stdout:May 14 15:04:58 smithi069 ceph-1cc2580e-1203-11ef-bc98-c7b262605968-mgr-x[31500]:
2024-05-14T15:04:58.250+0000 7f58ad4df200 -1 mgr[py] Module progress has missing NOTIFY_TYPES member
2024-05-14T15:04:58.502 INFO:journalctl@ceph.mgr.x.smithi069.stdout:May 14 15:04:58 smithi069 ceph-1cc2580e-1203-11ef-bc98-c7b262605968-mgr-x[31500]:
2024-05-14T15:04:58.371+0000 7f58ad4df200 -1 mgr[py] Module influx has missing NOTIFY_TYPES member
2024-05-14T15:04:59.463 INFO:journalctl@ceph.mon.a.smithi069.stdout:May 14 15:04:59 smithi069 ceph-mon[31270]: from='client.? 172.21.15.69:0/2039328260' entity='client.admin' cmd=[{"prefix": "mgr stat"}]: dispatch
2024-05-14T15:04:59.586 INFO:teuthology.orchestra.run.smithi069.stdout:/usr/bin/ceph: stdout {
2024-05-14T15:04:59.586 INFO:teuthology.orchestra.run.smithi069.stdout:/usr/bin/ceph: stdout "epoch": 5,
2024-05-14T15:04:59.587 INFO:teuthology.orchestra.run.smithi069.stdout:/usr/bin/ceph: stdout "available": true,
2024-05-14T15:04:59.587 INFO:teuthology.orchestra.run.smithi069.stdout:/usr/bin/ceph: stdout "active_name": "x",
2024-05-14T15:04:59.587 INFO:teuthology.orchestra.run.smithi069.stdout:/usr/bin/ceph: stdout "num_standby": 0
2024-05-14T15:04:59.587 INFO:teuthology.orchestra.run.smithi069.stdout:/usr/bin/ceph: stdout }
2024-05-14T15:04:59.587 INFO:teuthology.orchestra.run.smithi069.stdout:/usr/bin/ceph: stderr
2024-05-14T15:04:58.511+0000 7f2167200700 1 Processor -- start
2024-05-14T15:04:59.587 INFO:teuthology.orchestra.run.smithi069.stdout:/usr/bin/ceph: stderr
2024-05-14T15:04:58.511+0000 7f2167200700 1 -- start start
2024-05-14T15:04:59.587 INFO:teuthology.orchestra.run.smithi069.stdout:/usr/bin/ceph: stderr
2024-05-14T15:04:58.511+0000 7f2167200700 1 --2- >> [v2:172.21.15.69:3300/0,v1:172.21.15.69:6789/0] conn(0x7f216807edd0 0x7f216807d200 unknown :-1 s=NONE pgs=0 cs=0 l=0 rev1=0 crypto rx=0 tx=0 comp rx=0 tx=0).connect
2024-05-14T15:04:59.587 INFO:teuthology.orchestra.run.smithi069.stdout:/usr/bin/ceph: stderr
2024-05-14T15:04:58.511+0000 7f2167200700 1 -- --> [v2:172.21.15.69:3300/0,v1:172.21.15.69:6789/0] -- mon_getmap magic: 0 -- 0x7f216807d740 con 0x7f216807edd0
2024-05-14T15:04:59.587 INFO:teuthology.orchestra.run.smithi069.stdout:/usr/bin/ceph: stderr
2024-05-14T15:04:58.512+0000 7f2165e00700 1 --2- >> [v2:172.21.15.69:3300/0,v1:172.21.15.69:6789/0] conn(0x7f216807edd0 0x7f216807d200 unknown :-1 s=BANNER_CONNECTING pgs=0 cs=0 l=0 rev1=0 crypto rx=0 tx=0 comp rx=0 tx=0)._handle_peer_banner_payload supported=3 required=0
2024-05-14T15:04:59.587 INFO:teuthology.orchestra.run.smithi069.stdout:/usr/bin/ceph: stderr
2024-05-14T15:04:58.512+0000 7f2165e00700 1 --2- >> [v2:172.21.15.69:3300/0,v1:172.21.15.69:6789/0] conn(0x7f216807edd0 0x7f216807d200 unknown :-1 s=HELLO_CONNECTING pgs=0 cs=0 l=0 rev1=1 crypto rx=0 tx=0 comp rx=0 tx=0).handle_hello peer v2:172.21.15.69:3300/0 says I am v2:172.21.15.69:56256/0 (socket says 172.21.15.69:56256)
2024-05-14T15:04:59.587 INFO:teuthology.orchestra.run.smithi069.stdout:/usr/bin/ceph: stderr
2024-05-14T15:04:58.512+0000 7f2165e00700 1 -- 172.21.15.69:0/637559521 learned_addr learned my addr 172.21.15.69:0/637559521 (peer_addr_for_me v2:172.21.15.69:0/0)
