2024-05-14T15:05:30.759+0000 7f284fe00700 1 --2- 172.21.15.69:0/3690468462 >> [v2:172.21.15.69:3300/0,v1:172.21.15.69:6789/0] conn(0x7f28501107b0 0x7f2850112bd0 secure :-1 s=READY pgs=55 cs=0 l=1 rev1=1 crypto rx=0x7f28400098a0 tx=0x7f2840009bb0 comp rx=0 tx=0).ready entity=mon.0 client_cookie=5e3523746c824468 server_cookie=0 in_seq=0 out_seq=0
2024-05-14T15:05:32.675 INFO:teuthology.orchestra.run.smithi069.stdout:/usr/bin/ceph: stderr
2024-05-14T15:05:30.759+0000 7f284ea00700 1 -- 172.21.15.69:0/3690468462 <== mon.0 v2:172.21.15.69:3300/0 1 ==== mon_map magic: 0 ==== 205+0+0 (secure 0 0 0) 0x7f2840004160 con 0x7f28501107b0
2024-05-14T15:05:32.676 INFO:teuthology.orchestra.run.smithi069.stdout:/usr/bin/ceph: stderr
2024-05-14T15:05:30.759+0000 7f284ea00700 1 -- 172.21.15.69:0/3690468462 <== mon.0 v2:172.21.15.69:3300/0 2 ==== config(25 keys) ==== 1063+0+0 (secure 0 0 0) 0x7f2840004300 con 0x7f28501107b0
2024-05-14T15:05:32.676 INFO:teuthology.orchestra.run.smithi069.stdout:/usr/bin/ceph: stderr
2024-05-14T15:05:30.759+0000 7f284ea00700 1 -- 172.21.15.69:0/3690468462 <== mon.0 v2:172.21.15.69:3300/0 3 ==== mon_map magic: 0 ==== 205+0+0 (secure 0 0 0) 0x7f2840011960 con 0x7f28501107b0
2024-05-14T15:05:32.676 INFO:teuthology.orchestra.run.smithi069.stdout:/usr/bin/ceph: stderr
2024-05-14T15:05:30.760+0000 7f2856e00700 1 -- 172.21.15.69:0/3690468462 >> [v2:172.21.15.69:3300/0,v1:172.21.15.69:6789/0] conn(0x7f28501107b0 msgr2=0x7f2850112bd0 secure :-1 s=STATE_CONNECTION_ESTABLISHED l=1).mark_down
2024-05-14T15:05:32.676 INFO:teuthology.orchestra.run.smithi069.stdout:/usr/bin/ceph: stderr
2024-05-14T15:05:30.760+0000 7f2856e00700 1 --2- 172.21.15.69:0/3690468462 >> [v2:172.21.15.69:3300/0,v1:172.21.15.69:6789/0] conn(0x7f28501107b0 0x7f2850112bd0 secure :-1 s=READY pgs=55 cs=0 l=1 rev1=1 crypto rx=0x7f28400098a0 tx=0x7f2840009bb0 comp rx=0 tx=0).stop
2024-05-14T15:05:32.676 INFO:teuthology.orchestra.run.smithi069.stdout:/usr/bin/ceph: stderr
2024-05-14T15:05:30.760+0000 7f2856e00700 1 -- 172.21.15.69:0/3690468462 shutdown_connections
2024-05-14T15:05:32.676 INFO:teuthology.orchestra.run.smithi069.stdout:/usr/bin/ceph: stderr
2024-05-14T15:05:30.760+0000 7f2856e00700 1 --2- 172.21.15.69:0/3690468462 >> [v2:172.21.15.69:3300/0,v1:172.21.15.69:6789/0] conn(0x7f28501107b0 0x7f2850112bd0 unknown :-1 s=CLOSED pgs=55 cs=0 l=1 rev1=1 crypto rx=0 tx=0 comp rx=0 tx=0).stop
2024-05-14T15:05:32.676 INFO:teuthology.orchestra.run.smithi069.stdout:/usr/bin/ceph: stderr
2024-05-14T15:05:30.760+0000 7f2856e00700 1 -- 172.21.15.69:0/3690468462 >> 172.21.15.69:0/3690468462 conn(0x7f285007f0d0 msgr2=0x7f28500814f0 unknown :-1 s=STATE_NONE l=0).mark_down
2024-05-14T15:05:32.676 INFO:teuthology.orchestra.run.smithi069.stdout:/usr/bin/ceph: stderr
2024-05-14T15:05:30.761+0000 7f2856e00700 1 -- 172.21.15.69:0/3690468462 shutdown_connections
2024-05-14T15:05:32.676 INFO:teuthology.orchestra.run.smithi069.stdout:/usr/bin/ceph: stderr
2024-05-14T15:05:30.761+0000 7f2856e00700 1 -- 172.21.15.69:0/3690468462 wait complete.
2024-05-14T15:05:32.676 INFO:teuthology.orchestra.run.smithi069.stdout:/usr/bin/ceph: stderr
2024-05-14T15:05:30.762+0000 7f2856e00700 1 Processor -- start
2024-05-14T15:05:32.676 INFO:teuthology.orchestra.run.smithi069.stdout:/usr/bin/ceph: stderr
2024-05-14T15:05:30.762+0000 7f2856e00700 1 -- start start
2024-05-14T15:05:32.676 INFO:teuthology.orchestra.run.smithi069.stdout:/usr/bin/ceph: stderr
2024-05-14T15:05:30.762+0000 7f2856e00700 1 --2- >> [v2:172.21.15.69:3300/0,v1:172.21.15.69:6789/0] conn(0x7f28501107b0 0x7f28501a4280 unknown :-1 s=NONE pgs=0 cs=0 l=1 rev1=0 crypto rx=0 tx=0 comp rx=0 tx=0).connect
2024-05-14T15:05:32.677 INFO:teuthology.orchestra.run.smithi069.stdout:/usr/bin/ceph: stderr
2024-05-14T15:05:30.762+0000 7f2856e00700 1 -- --> [v2:172.21.15.69:3300/0,v1:172.21.15.69:6789/0] -- mon_getmap magic: 0 -- 0x7f2850114380 con 0x7f28501107b0
2024-05-14T15:05:32.677 INFO:teuthology.orchestra.run.smithi069.stdout:/usr/bin/ceph: stderr
2024-05-14T15:05:30.763+0000 7f284fe00700 1 --2- >> [v2:172.21.15.69:3300/0,v1:172.21.15.69:6789/0] conn(0x7f28501107b0 0x7f28501a4280 unknown :-1 s=BANNER_CONNECTING pgs=0 cs=0 l=1 rev1=0 crypto rx=0 tx=0 comp rx=0 tx=0)._handle_peer_banner_payload supported=3 required=0
2024-05-14T15:05:32.677 INFO:teuthology.orchestra.run.smithi069.stdout:/usr/bin/ceph: stderr
2024-05-14T15:05:30.763+0000 7f284fe00700 1 --2- >> [v2:172.21.15.69:3300/0,v1:172.21.15.69:6789/0] conn(0x7f28501107b0 0x7f28501a4280 unknown :-1 s=HELLO_CONNECTING pgs=0 cs=0 l=1 rev1=1 crypto rx=0 tx=0 comp rx=0 tx=0).handle_hello peer v2:172.21.15.69:3300/0 says I am v2:172.21.15.69:59744/0 (socket says 172.21.15.69:59744)
2024-05-14T15:05:32.677 INFO:teuthology.orchestra.run.smithi069.stdout:/usr/bin/ceph: stderr
2024-05-14T15:05:30.763+0000 7f284fe00700 1 -- 172.21.15.69:0/1506769518 learned_addr learned my addr 172.21.15.69:0/1506769518 (peer_addr_for_me v2:172.21.15.69:0/0)
2024-05-14T15:05:32.677 INFO:teuthology.orchestra.run.smithi069.stdout:/usr/bin/ceph: stderr
2024-05-14T15:05:30.763+0000 7f284fe00700 1 -- 172.21.15.69:0/1506769518 --> [v2:172.21.15.69:3300/0,v1:172.21.15.69:6789/0] -- mon_subscribe({config=0+,monmap=0+}) -- 0x7f28501a47c0 con 0x7f28501107b0
2024-05-14T15:05:32.677 INFO:teuthology.orchestra.run.smithi069.stdout:/usr/bin/ceph: stderr
2024-05-14T15:05:30.763+0000 7f284fe00700 1 --2- 172.21.15.69:0/1506769518 >> [v2:172.21.15.69:3300/0,v1:172.21.15.69:6789/0] conn(0x7f28501107b0 0x7f28501a4280 secure :-1 s=READY pgs=56 cs=0 l=1 rev1=1 crypto rx=0x7f2840011670 tx=0x7f2840011a30 comp rx=0 tx=0).ready entity=mon.0 client_cookie=0 server_cookie=0 in_seq=0 out_seq=0
2024-05-14T15:05:32.677 INFO:teuthology.orchestra.run.smithi069.stdout:/usr/bin/ceph: stderr
2024-05-14T15:05:30.764+0000 7f284cc00700 1 -- 172.21.15.69:0/1506769518 <== mon.0 v2:172.21.15.69:3300/0 1 ==== mon_map magic: 0 ==== 205+0+0 (secure 0 0 0) 0x7f2840003a60 con 0x7f28501107b0
2024-05-14T15:05:32.677 INFO:teuthology.orchestra.run.smithi069.stdout:/usr/bin/ceph: stderr
2024-05-14T15:05:30.764+0000 7f284cc00700 1 -- 172.21.15.69:0/1506769518 <== mon.0 v2:172.21.15.69:3300/0 2 ==== config(25 keys) ==== 1063+0+0 (secure 0 0 0) 0x7f284001b8d0 con 0x7f28501107b0
2024-05-14T15:05:32.677 INFO:teuthology.orchestra.run.smithi069.stdout:/usr/bin/ceph: stderr
2024-05-14T15:05:30.764+0000 7f2856e00700 1 -- 172.21.15.69:0/1506769518 --> [v2:172.21.15.69:3300/0,v1:172.21.15.69:6789/0] -- mon_subscribe({mgrmap=0+}) -- 0x7f28501a4a50 con 0x7f28501107b0
2024-05-14T15:05:32.677 INFO:teuthology.orchestra.run.smithi069.stdout:/usr/bin/ceph: stderr
2024-05-14T15:05:30.764+0000 7f284cc00700 1 -- 172.21.15.69:0/1506769518 <== mon.0 v2:172.21.15.69:3300/0 3 ==== mon_map magic: 0 ==== 205+0+0 (secure 0 0 0) 0x7f2840023790 con 0x7f28501107b0
2024-05-14T15:05:32.677 INFO:teuthology.orchestra.run.smithi069.stdout:/usr/bin/ceph: stderr
2024-05-14T15:05:30.764+0000 7f2856e00700 1 -- 172.21.15.69:0/1506769518 --> [v2:172.21.15.69:3300/0,v1:172.21.15.69:6789/0] -- mon_subscribe({osdmap=0}) -- 0x7f28501a7660 con 0x7f28501107b0
2024-05-14T15:05:32.677 INFO:teuthology.orchestra.run.smithi069.stdout:/usr/bin/ceph: stderr
2024-05-14T15:05:30.765+0000 7f2856e00700 1 -- 172.21.15.69:0/1506769518 --> [v2:172.21.15.69:3300/0,v1:172.21.15.69:6789/0] -- mon_command({"prefix": "get_command_descriptions"} v 0) -- 0x7f2850064e20 con 0x7f28501107b0
2024-05-14T15:05:32.678 INFO:teuthology.orchestra.run.smithi069.stdout:/usr/bin/ceph: stderr
2024-05-14T15:05:30.765+0000 7f284cc00700 1 -- 172.21.15.69:0/1506769518 <== mon.0 v2:172.21.15.69:3300/0 4 ==== mgrmap(e 8) ==== 50222+0+0 (secure 0 0 0) 0x7f284001b440 con 0x7f28501107b0
2024-05-14T15:05:32.678 INFO:teuthology.orchestra.run.smithi069.stdout:/usr/bin/ceph: stderr
2024-05-14T15:05:30.766+0000 7f284cc00700 1 --2- 172.21.15.69:0/1506769518 >> [v2:172.21.15.69:6800/2718114316,v1:172.21.15.69:6801/2718114316] conn(0x7f283403e580 0x7f2834040a90 unknown :-1 s=NONE pgs=0 cs=0 l=1 rev1=0 crypto rx=0 tx=0 comp rx=0 tx=0).connect
2024-05-14T15:05:32.678 INFO:teuthology.orchestra.run.smithi069.stdout:/usr/bin/ceph: stderr
2024-05-14T15:05:30.766+0000 7f284cc00700 1 -- 172.21.15.69:0/1506769518 <== mon.0 v2:172.21.15.69:3300/0 5 ==== osd_map(2..2 src has 1..2) ==== 940+0+0 (secure 0 0 0) 0x7f2840053ee0 con 0x7f28501107b0
2024-05-14T15:05:32.678 INFO:teuthology.orchestra.run.smithi069.stdout:/usr/bin/ceph: stderr
2024-05-14T15:05:30.766+0000 7f284f400700 1 --2- 172.21.15.69:0/1506769518 >> [v2:172.21.15.69:6800/2718114316,v1:172.21.15.69:6801/2718114316] conn(0x7f283403e580 0x7f2834040a90 unknown :-1 s=BANNER_CONNECTING pgs=0 cs=0 l=1 rev1=0 crypto rx=0 tx=0 comp rx=0 tx=0)._handle_peer_banner_payload supported=3 required=0
2024-05-14T15:05:32.678 INFO:teuthology.orchestra.run.smithi069.stdout:/usr/bin/ceph: stderr
2024-05-14T15:05:30.767+0000 7f284f400700 1 --2- 172.21.15.69:0/1506769518 >> [v2:172.21.15.69:6800/2718114316,v1:172.21.15.69:6801/2718114316] conn(0x7f283403e580 0x7f2834040a90 secure :-1 s=READY pgs=16 cs=0 l=1 rev1=1 crypto rx=0x7f2838006fd0 tx=0x7f2838006e40 comp rx=0 tx=0).ready entity=mgr.14120 client_cookie=0 server_cookie=0 in_seq=0 out_seq=0
2024-05-14T15:05:32.678 INFO:teuthology.orchestra.run.smithi069.stdout:/usr/bin/ceph: stderr
2024-05-14T15:05:30.772+0000 7f284cc00700 1 -- 172.21.15.69:0/1506769518 <== mon.0 v2:172.21.15.69:3300/0 6 ==== mon_command_ack([{"prefix": "get_command_descriptions"}]=0 v0) ==== 72+0+191963 (secure 0 0 0) 0x7f284001f030 con 0x7f28501107b0
2024-05-14T15:05:32.678 INFO:teuthology.orchestra.run.smithi069.stdout:/usr/bin/ceph: stderr
2024-05-14T15:05:31.069+0000 7f2856e00700 1 -- 172.21.15.69:0/1506769518 --> [v2:172.21.15.69:3300/0,v1:172.21.15.69:6789/0] -- mon_command({"prefix": "mgr module enable", "module": "dashboard"} v 0) -- 0x7f28501a7830 con 0x7f28501107b0
2024-05-14T15:05:32.678 INFO:teuthology.orchestra.run.smithi069.stdout:/usr/bin/ceph: stderr
2024-05-14T15:05:31.918+0000 7f284cc00700 1 -- 172.21.15.69:0/1506769518 <== mon.0 v2:172.21.15.69:3300/0 7 ==== mon_command_ack([{"prefix": "mgr module enable", "module": "dashboard"}]=0 v9) ==== 88+0+0 (secure 0 0 0) 0x7f284001a3d0 con 0x7f28501107b0
2024-05-14T15:05:32.678 INFO:teuthology.orchestra.run.smithi069.stdout:/usr/bin/ceph: stderr
2024-05-14T15:05:31.922+0000 7f284cc00700 1 -- 172.21.15.69:0/1506769518 <== mon.0 v2:172.21.15.69:3300/0 8 ==== mgrmap(e 9) ==== 50235+0+0 (secure 0 0 0) 0x7f2840057030 con 0x7f28501107b0
2024-05-14T15:05:32.678 INFO:teuthology.orchestra.run.smithi069.stdout:/usr/bin/ceph: stderr
2024-05-14T15:05:31.923+0000 7f2856e00700 1 -- 172.21.15.69:0/1506769518 >> [v2:172.21.15.69:6800/2718114316,v1:172.21.15.69:6801/2718114316] conn(0x7f283403e580 msgr2=0x7f2834040a90 secure :-1 s=STATE_CONNECTION_ESTABLISHED l=1).mark_down
2024-05-14T15:05:32.678 INFO:teuthology.orchestra.run.smithi069.stdout:/usr/bin/ceph: stderr
2024-05-14T15:05:31.923+0000 7f2856e00700 1 --2- 172.21.15.69:0/1506769518 >> [v2:172.21.15.69:6800/2718114316,v1:172.21.15.69:6801/2718114316] conn(0x7f283403e580 0x7f2834040a90 secure :-1 s=READY pgs=16 cs=0 l=1 rev1=1 crypto rx=0x7f2838006fd0 tx=0x7f2838006e40 comp rx=0 tx=0).stop
2024-05-14T15:05:32.679 INFO:teuthology.orchestra.run.smithi069.stdout:/usr/bin/ceph: stderr
2024-05-14T15:05:31.923+0000 7f2856e00700 1 -- 172.21.15.69:0/1506769518 >> [v2:172.21.15.69:3300/0,v1:172.21.15.69:6789/0] conn(0x7f28501107b0 msgr2=0x7f28501a4280 secure :-1 s=STATE_CONNECTION_ESTABLISHED l=1).mark_down
2024-05-14T15:05:32.679 INFO:teuthology.orchestra.run.smithi069.stdout:/usr/bin/ceph: stderr
2024-05-14T15:05:31.923+0000 7f2856e00700 1 --2- 172.21.15.69:0/1506769518 >> [v2:172.21.15.69:3300/0,v1:172.21.15.69:6789/0] conn(0x7f28501107b0 0x7f28501a4280 secure :-1 s=READY pgs=56 cs=0 l=1 rev1=1 crypto rx=0x7f2840011670 tx=0x7f2840011a30 comp rx=0 tx=0).stop
2024-05-14T15:05:32.679 INFO:teuthology.orchestra.run.smithi069.stdout:/usr/bin/ceph: stderr
2024-05-14T15:05:31.923+0000 7f2856e00700 1 -- 172.21.15.69:0/1506769518 shutdown_connections
2024-05-14T15:05:32.679 INFO:teuthology.orchestra.run.smithi069.stdout:/usr/bin/ceph: stderr
2024-05-14T15:05:31.923+0000 7f2856e00700 1 --2- 172.21.15.69:0/1506769518 >> [v2:172.21.15.69:6800/2718114316,v1:172.21.15.69:6801/2718114316] conn(0x7f283403e580 0x7f2834040a90 unknown :-1 s=CLOSED pgs=16 cs=0 l=1 rev1=1 crypto rx=0 tx=0 comp rx=0 tx=0).stop
2024-05-14T15:05:32.679 INFO:teuthology.orchestra.run.smithi069.stdout:/usr/bin/ceph: stderr
2024-05-14T15:05:31.923+0000 7f2856e00700 1 --2- 172.21.15.69:0/1506769518 >> [v2:172.21.15.69:3300/0,v1:172.21.15.69:6789/0] conn(0x7f28501107b0 0x7f28501a4280 unknown :-1 s=CLOSED pgs=56 cs=0 l=1 rev1=1 crypto rx=0 tx=0 comp rx=0 tx=0).stop
2024-05-14T15:05:32.679 INFO:teuthology.orchestra.run.smithi069.stdout:/usr/bin/ceph: stderr
2024-05-14T15:05:31.923+0000 7f2856e00700 1 -- 172.21.15.69:0/1506769518 >> 172.21.15.69:0/1506769518 conn(0x7f285007f0d0 msgr2=0x7f285007f880 unknown :-1 s=STATE_NONE l=0).mark_down
2024-05-14T15:05:32.679 INFO:teuthology.orchestra.run.smithi069.stdout:/usr/bin/ceph: stderr
2024-05-14T15:05:31.924+0000 7f2856e00700 1 -- 172.21.15.69:0/1506769518 shutdown_connections
2024-05-14T15:05:32.679 INFO:teuthology.orchestra.run.smithi069.stdout:/usr/bin/ceph: stderr
2024-05-14T15:05:31.924+0000 7f2856e00700 1 -- 172.21.15.69:0/1506769518 wait complete.
2024-05-14T15:05:32.821 INFO:journalctl@ceph.mgr.x.smithi069.stdout:May 14 15:05:32 smithi069 ceph-1cc2580e-1203-11ef-bc98-c7b262605968-mgr-x[31500]:
2024-05-14T15:05:32.710+0000 7f6643d5c200 -1 mgr[py] Module snap_schedule has missing NOTIFY_TYPES member
2024-05-14T15:05:33.119 INFO:journalctl@ceph.mon.a.smithi069.stdout:May 14 15:05:32 smithi069 ceph-mon[31270]: from='client.? 172.21.15.69:0/1506769518' entity='client.admin' cmd='[{"prefix": "mgr module enable", "module": "dashboard"}]': finished
2024-05-14T15:05:33.119 INFO:journalctl@ceph.mon.a.smithi069.stdout:May 14 15:05:32 smithi069 ceph-mon[31270]: mgrmap e9: x(active, since 25s)
2024-05-14T15:05:33.369 INFO:journalctl@ceph.mgr.x.smithi069.stdout:May 14 15:05:33 smithi069 ceph-1cc2580e-1203-11ef-bc98-c7b262605968-mgr-x[31500]:
2024-05-14T15:05:33.127+0000 7f6643d5c200 -1 mgr[py] Module progress has missing NOTIFY_TYPES member
2024-05-14T15:05:33.369 INFO:journalctl@ceph.mgr.x.smithi069.stdout:May 14 15:05:33 smithi069 ceph-1cc2580e-1203-11ef-bc98-c7b262605968-mgr-x[31500]:
2024-05-14T15:05:33.249+0000 7f6643d5c200 -1 mgr[py] Module influx has missing NOTIFY_TYPES member
2024-05-14T15:05:33.963 INFO:journalctl@ceph.mon.a.smithi069.stdout:May 14 15:05:33 smithi069 ceph-mon[31270]: from='client.? 172.21.15.69:0/1586422555' entity='client.admin' cmd=[{"prefix": "mgr stat"}]: dispatch
2024-05-14T15:05:34.377 INFO:teuthology.orchestra.run.smithi069.stdout:/usr/bin/ceph: stdout {
2024-05-14T15:05:34.378 INFO:teuthology.orchestra.run.smithi069.stdout:/usr/bin/ceph: stdout "epoch": 9,
2024-05-14T15:05:34.378 INFO:teuthology.orchestra.run.smithi069.stdout:/usr/bin/ceph: stdout "available": true,
2024-05-14T15:05:34.378 INFO:teuthology.orchestra.run.smithi069.stdout:/usr/bin/ceph: stdout "active_name": "x",
2024-05-14T15:05:34.378 INFO:teuthology.orchestra.run.smithi069.stdout:/usr/bin/ceph: stdout "num_standby": 0
2024-05-14T15:05:34.383 INFO:teuthology.orchestra.run.smithi069.stdout:/usr/bin/ceph: stdout }
2024-05-14T15:05:34.383 INFO:teuthology.orchestra.run.smithi069.stdout:/usr/bin/ceph: stderr
2024-05-14T15:05:33.376+0000 7f88dc400700 1 Processor -- start
2024-05-14T15:05:34.383 INFO:teuthology.orchestra.run.smithi069.stdout:/usr/bin/ceph: stderr
2024-05-14T15:05:33.376+0000 7f88dc400700 1 -- start start
2024-05-14T15:05:34.383 INFO:teuthology.orchestra.run.smithi069.stdout:/usr/bin/ceph: stderr
2024-05-14T15:05:33.377+0000 7f88dc400700 1 --2- >> [v2:172.21.15.69:3300/0,v1:172.21.15.69:6789/0] conn(0x7f88d407edc0 0x7f88d407d240 unknown :-1 s=NONE pgs=0 cs=0 l=0 rev1=0 crypto rx=0 tx=0 comp rx=0 tx=0).connect
2024-05-14T15:05:34.383 INFO:teuthology.orchestra.run.smithi069.stdout:/usr/bin/ceph: stderr
2024-05-14T15:05:33.377+0000 7f88dc400700 1 -- --> [v2:172.21.15.69:3300/0,v1:172.21.15.69:6789/0] -- mon_getmap magic: 0 -- 0x7f88d407d780 con 0x7f88d407edc0
2024-05-14T15:05:34.383 INFO:teuthology.orchestra.run.smithi069.stdout:/usr/bin/ceph: stderr
2024-05-14T15:05:33.377+0000 7f88d9a00700 1 --2- >> [v2:172.21.15.69:3300/0,v1:172.21.15.69:6789/0] conn(0x7f88d407edc0 0x7f88d407d240 unknown :-1 s=BANNER_CONNECTING pgs=0 cs=0 l=0 rev1=0 crypto rx=0 tx=0 comp rx=0 tx=0)._handle_peer_banner_payload supported=3 required=0
2024-05-14T15:05:34.383 INFO:teuthology.orchestra.run.smithi069.stdout:/usr/bin/ceph: stderr
2024-05-14T15:05:33.377+0000 7f88d9a00700 1 --2- >> [v2:172.21.15.69:3300/0,v1:172.21.15.69:6789/0] conn(0x7f88d407edc0 0x7f88d407d240 unknown :-1 s=HELLO_CONNECTING pgs=0 cs=0 l=0 rev1=1 crypto rx=0 tx=0 comp rx=0 tx=0).handle_hello peer v2:172.21.15.69:3300/0 says I am v2:172.21.15.69:44712/0 (socket says 172.21.15.69:44712)
2024-05-14T15:05:34.383 INFO:teuthology.orchestra.run.smithi069.stdout:/usr/bin/ceph: stderr
2024-05-14T15:05:33.377+0000 7f88d9a00700 1 -- 172.21.15.69:0/4124157311 learned_addr learned my addr 172.21.15.69:0/4124157311 (peer_addr_for_me v2:172.21.15.69:0/0)
2024-05-14T15:05:34.383 INFO:teuthology.orchestra.run.smithi069.stdout:/usr/bin/ceph: stderr
2024-05-14T15:05:33.378+0000 7f88d9a00700 1 -- 172.21.15.69:0/4124157311 --> [v2:172.21.15.69:3300/0,v1:172.21.15.69:6789/0] -- mon_subscribe({config=0+,monmap=0+}) -- 0x7f88d407d900 con 0x7f88d407edc0
2024-05-14T15:05:34.384 INFO:teuthology.orchestra.run.smithi069.stdout:/usr/bin/ceph: stderr
2024-05-14T15:05:33.378+0000 7f88d9a00700 1 --2- 172.21.15.69:0/4124157311 >> [v2:172.21.15.69:3300/0,v1:172.21.15.69:6789/0] conn(0x7f88d407edc0 0x7f88d407d240 secure :-1 s=READY pgs=59 cs=0 l=1 rev1=1 crypto rx=0x7f88c80098a0 tx=0x7f88c8009bb0 comp rx=0 tx=0).ready entity=mon.0 client_cookie=6bbab75dafcf9046 server_cookie=0 in_seq=0 out_seq=0
2024-05-14T15:05:34.384 INFO:teuthology.orchestra.run.smithi069.stdout:/usr/bin/ceph: stderr
2024-05-14T15:05:33.378+0000 7f88d3e00700 1 -- 172.21.15.69:0/4124157311 <== mon.0 v2:172.21.15.69:3300/0 1 ==== mon_map magic: 0 ==== 205+0+0 (secure 0 0 0) 0x7f88c8004160 con 0x7f88d407edc0
2024-05-14T15:05:34.384 INFO:teuthology.orchestra.run.smithi069.stdout:/usr/bin/ceph: stderr
2024-05-14T15:05:33.378+0000 7f88d3e00700 1 -- 172.21.15.69:0/4124157311 <== mon.0 v2:172.21.15.69:3300/0 2 ==== config(25 keys) ==== 1063+0+0 (secure 0 0 0) 0x7f88c8004300 con 0x7f88d407edc0
2024-05-14T15:05:34.384 INFO:teuthology.orchestra.run.smithi069.stdout:/usr/bin/ceph: stderr
2024-05-14T15:05:33.378+0000 7f88d3e00700 1 -- 172.21.15.69:0/4124157311 <== mon.0 v2:172.21.15.69:3300/0 3 ==== mon_map magic: 0 ==== 205+0+0 (secure 0 0 0) 0x7f88c8011960 con 0x7f88d407edc0
2024-05-14T15:05:34.384 INFO:teuthology.orchestra.run.smithi069.stdout:/usr/bin/ceph: stderr
2024-05-14T15:05:33.379+0000 7f88dc400700 1 -- 172.21.15.69:0/4124157311 >> [v2:172.21.15.69:3300/0,v1:172.21.15.69:6789/0] conn(0x7f88d407edc0 msgr2=0x7f88d407d240 secure :-1 s=STATE_CONNECTION_ESTABLISHED l=1).mark_down
2024-05-14T15:05:34.384 INFO:teuthology.orchestra.run.smithi069.stdout:/usr/bin/ceph: stderr
2024-05-14T15:05:33.379+0000 7f88dc400700 1 --2- 172.21.15.69:0/4124157311 >> [v2:172.21.15.69:3300/0,v1:172.21.15.69:6789/0] conn(0x7f88d407edc0 0x7f88d407d240 secure :-1 s=READY pgs=59 cs=0 l=1 rev1=1 crypto rx=0x7f88c80098a0 tx=0x7f88c8009bb0 comp rx=0 tx=0).stop
2024-05-14T15:05:34.384 INFO:teuthology.orchestra.run.smithi069.stdout:/usr/bin/ceph: stderr
2024-05-14T15:05:33.380+0000 7f88dc400700 1 -- 172.21.15.69:0/4124157311 shutdown_connections
2024-05-14T15:05:34.384 INFO:teuthology.orchestra.run.smithi069.stdout:/usr/bin/ceph: stderr
2024-05-14T15:05:33.380+0000 7f88dc400700 1 --2- 172.21.15.69:0/4124157311 >> [v2:172.21.15.69:3300/0,v1:172.21.15.69:6789/0] conn(0x7f88d407edc0 0x7f88d407d240 unknown :-1 s=CLOSED pgs=59 cs=0 l=1 rev1=1 crypto rx=0 tx=0 comp rx=0 tx=0).stop
2024-05-14T15:05:34.384 INFO:teuthology.orchestra.run.smithi069.stdout:/usr/bin/ceph: stderr
2024-05-14T15:05:33.380+0000 7f88dc400700 1 -- 172.21.15.69:0/4124157311 >> 172.21.15.69:0/4124157311 conn(0x7f88d4105030 msgr2=0x7f88d41074c0 unknown :-1 s=STATE_NONE l=0).mark_down
2024-05-14T15:05:34.384 INFO:teuthology.orchestra.run.smithi069.stdout:/usr/bin/ceph: stderr
2024-05-14T15:05:33.380+0000 7f88dc400700 1 -- 172.21.15.69:0/4124157311 shutdown_connections
2024-05-14T15:05:34.384 INFO:teuthology.orchestra.run.smithi069.stdout:/usr/bin/ceph: stderr
2024-05-14T15:05:33.380+0000 7f88dc400700 1 -- 172.21.15.69:0/4124157311 wait complete.
2024-05-14T15:05:34.384 INFO:teuthology.orchestra.run.smithi069.stdout:/usr/bin/ceph: stderr
2024-05-14T15:05:33.381+0000 7f88dc400700 1 Processor -- start
2024-05-14T15:05:34.385 INFO:teuthology.orchestra.run.smithi069.stdout:/usr/bin/ceph: stderr
2024-05-14T15:05:33.381+0000 7f88dc400700 1 -- start start
2024-05-14T15:05:34.385 INFO:teuthology.orchestra.run.smithi069.stdout:/usr/bin/ceph: stderr
2024-05-14T15:05:33.381+0000 7f88dc400700 1 --2- >> [v2:172.21.15.69:3300/0,v1:172.21.15.69:6789/0] conn(0x7f88d407edc0 0x7f88d419fed0 unknown :-1 s=NONE pgs=0 cs=0 l=1 rev1=0 crypto rx=0 tx=0 comp rx=0 tx=0).connect
2024-05-14T15:05:34.385 INFO:teuthology.orchestra.run.smithi069.stdout:/usr/bin/ceph: stderr
2024-05-14T15:05:33.381+0000 7f88dc400700 1 -- --> [v2:172.21.15.69:3300/0,v1:172.21.15.69:6789/0] -- mon_getmap magic: 0 -- 0x7f88d410ff50 con 0x7f88d407edc0
2024-05-14T15:05:34.385 INFO:teuthology.orchestra.run.smithi069.stdout:/usr/bin/ceph: stderr
2024-05-14T15:05:33.382+0000 7f88d9a00700 1 --2- >> [v2:172.21.15.69:3300/0,v1:172.21.15.69:6789/0] conn(0x7f88d407edc0 0x7f88d419fed0 unknown :-1 s=BANNER_CONNECTING pgs=0 cs=0 l=1 rev1=0 crypto rx=0 tx=0 comp rx=0 tx=0)._handle_peer_banner_payload supported=3 required=0
2024-05-14T15:05:34.385 INFO:teuthology.orchestra.run.smithi069.stdout:/usr/bin/ceph: stderr
2024-05-14T15:05:33.382+0000 7f88d9a00700 1 --2- >> [v2:172.21.15.69:3300/0,v1:172.21.15.69:6789/0] conn(0x7f88d407edc0 0x7f88d419fed0 unknown :-1 s=HELLO_CONNECTING pgs=0 cs=0 l=1 rev1=1 crypto rx=0 tx=0 comp rx=0 tx=0).handle_hello peer v2:172.21.15.69:3300/0 says I am v2:172.21.15.69:44724/0 (socket says 172.21.15.69:44724)
2024-05-14T15:05:34.385 INFO:teuthology.orchestra.run.smithi069.stdout:/usr/bin/ceph: stderr
2024-05-14T15:05:33.382+0000 7f88d9a00700 1 -- 172.21.15.69:0/1586422555 learned_addr learned my addr 172.21.15.69:0/1586422555 (peer_addr_for_me v2:172.21.15.69:0/0)
2024-05-14T15:05:34.385 INFO:teuthology.orchestra.run.smithi069.stdout:/usr/bin/ceph: stderr
2024-05-14T15:05:33.382+0000 7f88d9a00700 1 -- 172.21.15.69:0/1586422555 --> [v2:172.21.15.69:3300/0,v1:172.21.15.69:6789/0] -- mon_subscribe({config=0+,monmap=0+}) -- 0x7f88d41a0410 con 0x7f88d407edc0
2024-05-14T15:05:34.385 INFO:teuthology.orchestra.run.smithi069.stdout:/usr/bin/ceph: stderr
2024-05-14T15:05:33.382+0000 7f88d9a00700 1 --2- 172.21.15.69:0/1586422555 >> [v2:172.21.15.69:3300/0,v1:172.21.15.69:6789/0] conn(0x7f88d407edc0 0x7f88d419fed0 secure :-1 s=READY pgs=60 cs=0 l=1 rev1=1 crypto rx=0x7f88c8011670 tx=0x7f88c8011aa0 comp rx=0 tx=0).ready entity=mon.0 client_cookie=0 server_cookie=0 in_seq=0 out_seq=0
2024-05-14T15:05:34.385 INFO:teuthology.orchestra.run.smithi069.stdout:/usr/bin/ceph: stderr
2024-05-14T15:05:33.383+0000 7f88d2000700 1 -- 172.21.15.69:0/1586422555 <== mon.0 v2:172.21.15.69:3300/0 1 ==== mon_map magic: 0 ==== 205+0+0 (secure 0 0 0) 0x7f88c8003a60 con 0x7f88d407edc0
2024-05-14T15:05:34.385 INFO:teuthology.orchestra.run.smithi069.stdout:/usr/bin/ceph: stderr
2024-05-14T15:05:33.383+0000 7f88dc400700 1 -- 172.21.15.69:0/1586422555 --> [v2:172.21.15.69:3300/0,v1:172.21.15.69:6789/0] -- mon_subscribe({mgrmap=0+}) -- 0x7f88d41a06a0 con 0x7f88d407edc0
2024-05-14T15:05:34.385 INFO:teuthology.orchestra.run.smithi069.stdout:/usr/bin/ceph: stderr
2024-05-14T15:05:33.383+0000 7f88d2000700 1 -- 172.21.15.69:0/1586422555 <== mon.0 v2:172.21.15.69:3300/0 2 ==== config(25 keys) ==== 1063+0+0 (secure 0 0 0) 0x7f88c801b8d0 con 0x7f88d407edc0
2024-05-14T15:05:34.386 INFO:teuthology.orchestra.run.smithi069.stdout:/usr/bin/ceph: stderr
2024-05-14T15:05:33.383+0000 7f88d2000700 1 -- 172.21.15.69:0/1586422555 <== mon.0 v2:172.21.15.69:3300/0 3 ==== mon_map magic: 0 ==== 205+0+0 (secure 0 0 0) 0x7f88c80237d0 con 0x7f88d407edc0
2024-05-14T15:05:34.386 INFO:teuthology.orchestra.run.smithi069.stdout:/usr/bin/ceph: stderr
2024-05-14T15:05:33.383+0000 7f88dc400700 1 -- 172.21.15.69:0/1586422555 --> [v2:172.21.15.69:3300/0,v1:172.21.15.69:6789/0] -- mon_subscribe({osdmap=0}) -- 0x7f88d41a32b0 con 0x7f88d407edc0
2024-05-14T15:05:34.386 INFO:teuthology.orchestra.run.smithi069.stdout:/usr/bin/ceph: stderr
2024-05-14T15:05:33.384+0000 7f88d2000700 1 -- 172.21.15.69:0/1586422555 <== mon.0 v2:172.21.15.69:3300/0 4 ==== mgrmap(e 9) ==== 50235+0+0 (secure 0 0 0) 0x7f88c8023ad0 con 0x7f88d407edc0
2024-05-14T15:05:34.386 INFO:teuthology.orchestra.run.smithi069.stdout:/usr/bin/ceph: stderr
2024-05-14T15:05:33.384+0000 7f88dc400700 1 -- 172.21.15.69:0/1586422555 --> [v2:172.21.15.69:3300/0,v1:172.21.15.69:6789/0] -- mon_command({"prefix": "get_command_descriptions"} v 0) -- 0x7f88d4064e20 con 0x7f88d407edc0
2024-05-14T15:05:34.386 INFO:teuthology.orchestra.run.smithi069.stdout:/usr/bin/ceph: stderr
2024-05-14T15:05:33.385+0000 7f88d2000700 1 --2- 172.21.15.69:0/1586422555 >> [v2:172.21.15.69:6800/2718114316,v1:172.21.15.69:6801/2718114316] conn(0x7f88bc03e580 0x7f88bc040a90 unknown :-1 s=NONE pgs=0 cs=0 l=1 rev1=0 crypto rx=0 tx=0 comp rx=0 tx=0).connect
2024-05-14T15:05:34.386 INFO:teuthology.orchestra.run.smithi069.stdout:/usr/bin/ceph: stderr
2024-05-14T15:05:33.385+0000 7f88d2000700 1 -- 172.21.15.69:0/1586422555 <== mon.0 v2:172.21.15.69:3300/0 5 ==== osd_map(2..2 src has 1..2) ==== 940+0+0 (secure 0 0 0) 0x7f88c8054130 con 0x7f88d407edc0
2024-05-14T15:05:34.386 INFO:teuthology.orchestra.run.smithi069.stdout:/usr/bin/ceph: stderr
2024-05-14T15:05:33.385+0000 7f88d9000700 1 -- 172.21.15.69:0/1586422555 >> [v2:172.21.15.69:6800/2718114316,v1:172.21.15.69:6801/2718114316] conn(0x7f88bc03e580 msgr2=0x7f88bc040a90 unknown :-1 s=STATE_CONNECTING_RE l=1).process reconnect failed to v2:172.21.15.69:6800/2718114316
2024-05-14T15:05:34.386 INFO:teuthology.orchestra.run.smithi069.stdout:/usr/bin/ceph: stderr
2024-05-14T15:05:33.385+0000 7f88d9000700 1 --2- 172.21.15.69:0/1586422555 >> [v2:172.21.15.69:6800/2718114316,v1:172.21.15.69:6801/2718114316] conn(0x7f88bc03e580 0x7f88bc040a90 unknown :-1 s=START_CONNECT pgs=0 cs=0 l=1 rev1=0 crypto rx=0 tx=0 comp rx=0 tx=0)._fault waiting 0.200000
2024-05-14T15:05:34.386 INFO:teuthology.orchestra.run.smithi069.stdout:/usr/bin/ceph: stderr
2024-05-14T15:05:33.390+0000 7f88d2000700 1 -- 172.21.15.69:0/1586422555 <== mon.0 v2:172.21.15.69:3300/0 6 ==== mon_command_ack([{"prefix": "get_command_descriptions"}]=0 v0) ==== 72+0+191963 (secure 0 0 0) 0x7f88c801f030 con 0x7f88d407edc0
2024-05-14T15:05:34.386 INFO:teuthology.orchestra.run.smithi069.stdout:/usr/bin/ceph: stderr
2024-05-14T15:05:33.586+0000 7f88d9000700 1 -- 172.21.15.69:0/1586422555 >> [v2:172.21.15.69:6800/2718114316,v1:172.21.15.69:6801/2718114316] conn(0x7f88bc03e580 msgr2=0x7f88bc040a90 unknown :-1 s=STATE_CONNECTING_RE l=1).process reconnect failed to v2:172.21.15.69:6800/2718114316
2024-05-14T15:05:34.388 INFO:teuthology.orchestra.run.smithi069.stdout:/usr/bin/ceph: stderr
2024-05-14T15:05:33.587+0000 7f88d9000700 1 --2- 172.21.15.69:0/1586422555 >> [v2:172.21.15.69:6800/2718114316,v1:172.21.15.69:6801/2718114316] conn(0x7f88bc03e580 0x7f88bc040a90 unknown :-1 s=START_CONNECT pgs=0 cs=0 l=1 rev1=0 crypto rx=0 tx=0 comp rx=0 tx=0)._fault waiting 0.400000
2024-05-14T15:05:34.388 INFO:teuthology.orchestra.run.smithi069.stdout:/usr/bin/ceph: stderr
2024-05-14T15:05:33.680+0000 7f88dc400700 1 -- 172.21.15.69:0/1586422555 --> [v2:172.21.15.69:3300/0,v1:172.21.15.69:6789/0] -- mon_command({"prefix": "mgr stat"} v 0) -- 0x7f88d41a35a0 con 0x7f88d407edc0
2024-05-14T15:05:34.388 INFO:teuthology.orchestra.run.smithi069.stdout:/usr/bin/ceph: stderr
2024-05-14T15:05:33.680+0000 7f88d2000700 1 -- 172.21.15.69:0/1586422555 <== mon.0 v2:172.21.15.69:3300/0 7 ==== mon_command_ack([{"prefix": "mgr stat"}]=0 v9) ==== 56+0+88 (secure 0 0 0) 0x7f88c800b3e0 con 0x7f88d407edc0
2024-05-14T15:05:34.388 INFO:teuthology.orchestra.run.smithi069.stdout:/usr/bin/ceph: stderr
2024-05-14T15:05:33.683+0000 7f88dc400700 1 -- 172.21.15.69:0/1586422555 >> [v2:172.21.15.69:6800/2718114316,v1:172.21.15.69:6801/2718114316] conn(0x7f88bc03e580 msgr2=0x7f88bc040a90 unknown :-1 s=STATE_CONNECTING l=1).mark_down
2024-05-14T15:05:34.388 INFO:teuthology.orchestra.run.smithi069.stdout:/usr/bin/ceph: stderr
2024-05-14T15:05:33.683+0000 7f88dc400700 1 --2- 172.21.15.69:0/1586422555 >> [v2:172.21.15.69:6800/2718114316,v1:172.21.15.69:6801/2718114316] conn(0x7f88bc03e580 0x7f88bc040a90 unknown :-1 s=START_CONNECT pgs=0 cs=0 l=1 rev1=0 crypto rx=0 tx=0 comp rx=0 tx=0).stop
2024-05-14T15:05:34.388 INFO:teuthology.orchestra.run.smithi069.stdout:/usr/bin/ceph: stderr
2024-05-14T15:05:33.683+0000 7f88dc400700 1 -- 172.21.15.69:0/1586422555 >> [v2:172.21.15.69:3300/0,v1:172.21.15.69:6789/0] conn(0x7f88d407edc0 msgr2=0x7f88d419fed0 secure :-1 s=STATE_CONNECTION_ESTABLISHED l=1).mark_down
2024-05-14T15:05:34.388 INFO:teuthology.orchestra.run.smithi069.stdout:/usr/bin/ceph: stderr
2024-05-14T15:05:33.683+0000 7f88dc400700 1 --2- 172.21.15.69:0/1586422555 >> [v2:172.21.15.69:3300/0,v1:172.21.15.69:6789/0] conn(0x7f88d407edc0 0x7f88d419fed0 secure :-1 s=READY pgs=60 cs=0 l=1 rev1=1 crypto rx=0x7f88c8011670 tx=0x7f88c8011aa0 comp rx=0 tx=0).stop
2024-05-14T15:05:34.389 INFO:teuthology.orchestra.run.smithi069.stdout:/usr/bin/ceph: stderr
2024-05-14T15:05:33.684+0000 7f88dc400700 1 -- 172.21.15.69:0/1586422555 shutdown_connections
2024-05-14T15:05:34.389 INFO:teuthology.orchestra.run.smithi069.stdout:/usr/bin/ceph: stderr
2024-05-14T15:05:33.684+0000 7f88dc400700 1 --2- 172.21.15.69:0/1586422555 >> [v2:172.21.15.69:6800/2718114316,v1:172.21.15.69:6801/2718114316] conn(0x7f88bc03e580 0x7f88bc040a90 unknown :-1 s=CLOSED pgs=0 cs=0 l=1 rev1=0 crypto rx=0 tx=0 comp rx=0 tx=0).stop
2024-05-14T15:05:34.389 INFO:teuthology.orchestra.run.smithi069.stdout:/usr/bin/ceph: stderr
2024-05-14T15:05:33.684+0000 7f88dc400700 1 --2- 172.21.15.69:0/1586422555 >> [v2:172.21.15.69:3300/0,v1:172.21.15.69:6789/0] conn(0x7f88d407edc0 0x7f88d419fed0 unknown :-1 s=CLOSED pgs=60 cs=0 l=1 rev1=1 crypto rx=0 tx=0 comp rx=0 tx=0).stop
2024-05-14T15:05:34.389 INFO:teuthology.orchestra.run.smithi069.stdout:/usr/bin/ceph: stderr
2024-05-14T15:05:33.684+0000 7f88dc400700 1 -- 172.21.15.69:0/1586422555 >> 172.21.15.69:0/1586422555 conn(0x7f88d4105030 msgr2=0x7f88d4105940 unknown :-1 s=STATE_NONE l=0).mark_down
2024-05-14T15:05:34.389 INFO:teuthology.orchestra.run.smithi069.stdout:/usr/bin/ceph: stderr
2024-05-14T15:05:33.684+0000 7f88dc400700 1 -- 172.21.15.69:0/1586422555 shutdown_connections
2024-05-14T15:05:34.389 INFO:teuthology.orchestra.run.smithi069.stdout:/usr/bin/ceph: stderr
2024-05-14T15:05:33.684+0000 7f88dc400700 1 -- 172.21.15.69:0/1586422555 wait complete.
2024-05-14T15:05:34.389 INFO:teuthology.orchestra.run.smithi069.stdout:Waiting for the mgr to restart...
2024-05-14T15:05:34.389 INFO:teuthology.orchestra.run.smithi069.stdout:Waiting for mgr epoch 9...
2024-05-14T15:05:34.963 INFO:journalctl@ceph.mgr.x.smithi069.stdout:May 14 15:05:34 smithi069 ceph-1cc2580e-1203-11ef-bc98-c7b262605968-mgr-x[31500]:
2024-05-14T15:05:34.840+0000 7f6643d5c200 -1 mgr[py] Module telegraf has missing NOTIFY_TYPES member
2024-05-14T15:05:35.276 INFO:journalctl@ceph.mgr.x.smithi069.stdout:May 14 15:05:35 smithi069 ceph-1cc2580e-1203-11ef-bc98-c7b262605968-mgr-x[31500]:
2024-05-14T15:05:35.083+0000 7f6643d5c200 -1 mgr[py] Module osd_support has missing NOTIFY_TYPES member
2024-05-14T15:05:35.676 INFO:journalctl@ceph.mgr.x.smithi069.stdout:May 14 15:05:35 smithi069 ceph-1cc2580e-1203-11ef-bc98-c7b262605968-mgr-x[31500]:
2024-05-14T15:05:35.298+0000 7f6643d5c200 -1 mgr[py] Module iostat has missing NOTIFY_TYPES member
2024-05-14T15:05:35.676 INFO:journalctl@ceph.mgr.x.smithi069.stdout:May 14 15:05:35 smithi069 ceph-1cc2580e-1203-11ef-bc98-c7b262605968-mgr-x[31500]:
2024-05-14T15:05:35.684+0000 7f6643d5c200 -1 mgr[py] Module alerts has missing NOTIFY_TYPES member
2024-05-14T15:05:35.963 INFO:journalctl@ceph.mgr.x.smithi069.stdout:May 14 15:05:35 smithi069 ceph-1cc2580e-1203-11ef-bc98-c7b262605968-mgr-x[31500]:
2024-05-14T15:05:35.810+0000 7f6643d5c200 -1 mgr[py] Module selftest has missing NOTIFY_TYPES member
2024-05-14T15:05:36.320 INFO:journalctl@ceph.mgr.x.smithi069.stdout:May 14 15:05:36 smithi069 ceph-1cc2580e-1203-11ef-bc98-c7b262605968-mgr-x[31500]:
2024-05-14T15:05:36.071+0000 7f6643d5c200 -1 mgr[py] Module pg_autoscaler has missing NOTIFY_TYPES member
2024-05-14T15:05:36.321 INFO:journalctl@ceph.mgr.x.smithi069.stdout:May 14 15:05:36 smithi069 ceph-1cc2580e-1203-11ef-bc98-c7b262605968-mgr-x[31500]:
2024-05-14T15:05:36.329+0000 7f6643d5c200 -1 mgr[py] Module test_orchestrator has missing NOTIFY_TYPES member
2024-05-14T15:05:37.394 INFO:journalctl@ceph.mgr.x.smithi069.stdout:May 14 15:05:37 smithi069 ceph-1cc2580e-1203-11ef-bc98-c7b262605968-mgr-x[31500]:
2024-05-14T15:05:37.114+0000 7f6643d5c200 -1 mgr[py] Module rook has missing NOTIFY_TYPES member
2024-05-14T15:05:37.394 INFO:journalctl@ceph.mgr.x.smithi069.stdout:May 14 15:05:37 smithi069 ceph-1cc2580e-1203-11ef-bc98-c7b262605968-mgr-x[31500]:
2024-05-14T15:05:37.402+0000 7f6643d5c200 -1 mgr[py] Module smb has missing NOTIFY_TYPES member
2024-05-14T15:05:38.213 INFO:journalctl@ceph.mgr.x.smithi069.stdout:May 14 15:05:37 smithi069 ceph-1cc2580e-1203-11ef-bc98-c7b262605968-mgr-x[31500]:
2024-05-14T15:05:37.963+0000 7f6643d5c200 -1 mgr[py] Module volumes has missing NOTIFY_TYPES member
2024-05-14T15:05:38.214 INFO:journalctl@ceph.mgr.x.smithi069.stdout:May 14 15:05:38 smithi069 ceph-1cc2580e-1203-11ef-bc98-c7b262605968-mgr-x[31500]:
2024-05-14T15:05:38.093+0000 7f6643d5c200 -1 mgr[py] Module crash has missing NOTIFY_TYPES member
2024-05-14T15:05:38.964 INFO:journalctl@ceph.mgr.x.smithi069.stdout:May 14 15:05:38 smithi069 ceph-1cc2580e-1203-11ef-bc98-c7b262605968-mgr-x[31500]:
2024-05-14T15:05:38.563+0000 7f6643d5c200 -1 mgr[py] Module rgw has missing NOTIFY_TYPES member
2024-05-14T15:05:39.463 INFO:journalctl@ceph.mgr.x.smithi069.stdout:May 14 15:05:39 smithi069 ceph-1cc2580e-1203-11ef-bc98-c7b262605968-mgr-x[31500]:
2024-05-14T15:05:39.019+0000 7f6643d5c200 -1 mgr[py] Module prometheus has missing NOTIFY_TYPES member
2024-05-14T15:05:39.464 INFO:journalctl@ceph.mgr.x.smithi069.stdout:May 14 15:05:39 smithi069 ceph-1cc2580e-1203-11ef-bc98-c7b262605968-mgr-x[31500]:
2024-05-14T15:05:39.146+0000 7f6643d5c200 -1 mgr[py] Module devicehealth has missing NOTIFY_TYPES member
2024-05-14T15:05:39.785 INFO:journalctl@ceph.mgr.x.smithi069.stdout:May 14 15:05:39 smithi069 ceph-1cc2580e-1203-11ef-bc98-c7b262605968-mgr-x[31500]:
2024-05-14T15:05:39.478+0000 7f6643d5c200 -1 mgr[py] Module telemetry has missing NOTIFY_TYPES member
2024-05-14T15:05:39.785 INFO:journalctl@ceph.mgr.x.smithi069.stdout:May 14 15:05:39 smithi069 ceph-1cc2580e-1203-11ef-bc98-c7b262605968-mgr-x[31500]:
2024-05-14T15:05:39.661+0000 7f6643d5c200 -1 mgr[py] Module diskprediction_local has missing NOTIFY_TYPES member
2024-05-14T15:05:39.785 INFO:journalctl@ceph.mgr.x.smithi069.stdout:May 14 15:05:39 smithi069 ceph-1cc2580e-1203-11ef-bc98-c7b262605968-mgr-x[31500]:
2024-05-14T15:05:39.793+0000 7f6643d5c200 -1 mgr[py] Module osd_perf_query has missing NOTIFY_TYPES member
2024-05-14T15:05:40.464 INFO:journalctl@ceph.mgr.x.smithi069.stdout:May 14 15:05:40 smithi069 ceph-1cc2580e-1203-11ef-bc98-c7b262605968-mgr-x[31500]:
2024-05-14T15:05:40.196+0000 7f6643d5c200 -1 mgr[py] Module rbd_support has missing NOTIFY_TYPES member
2024-05-14T15:05:40.465 INFO:journalctl@ceph.mgr.x.smithi069.stdout:May 14 15:05:40 smithi069 ceph-1cc2580e-1203-11ef-bc98-c7b262605968-mgr-x[31500]:
2024-05-14T15:05:40.326+0000 7f6643d5c200 -1 mgr[py] Module zabbix has missing NOTIFY_TYPES member
2024-05-14T15:05:41.372 INFO:journalctl@ceph.mgr.x.smithi069.stdout:May 14 15:05:41 smithi069 ceph-1cc2580e-1203-11ef-bc98-c7b262605968-mgr-x[31500]:
2024-05-14T15:05:41.090+0000 7f6643d5c200 -1 mgr[py] Module status has missing NOTIFY_TYPES member
2024-05-14T15:05:41.372 INFO:journalctl@ceph.mgr.x.smithi069.stdout:May 14 15:05:41 smithi069 ceph-1cc2580e-1203-11ef-bc98-c7b262605968-mgr-x[31500]:
2024-05-14T15:05:41.380+0000 7f6643d5c200 -1 mgr[py] Module nfs has missing NOTIFY_TYPES member
2024-05-14T15:05:41.713 INFO:journalctl@ceph.mon.a.smithi069.stdout:May 14 15:05:41 smithi069 ceph-mon[31270]: Active manager daemon x restarted
2024-05-14T15:05:41.713 INFO:journalctl@ceph.mon.a.smithi069.stdout:May 14 15:05:41 smithi069 ceph-mon[31270]: Activating manager daemon x
2024-05-14T15:05:41.714 INFO:journalctl@ceph.mon.a.smithi069.stdout:May 14 15:05:41 smithi069 ceph-mon[31270]: osdmap e3: 0 total, 0 up, 0 in
2024-05-14T15:05:41.714 INFO:journalctl@ceph.mon.a.smithi069.stdout:May 14 15:05:41 smithi069 ceph-mon[31270]: mgrmap e10: x(active, starting, since 0.012378s)
2024-05-14T15:05:41.714 INFO:journalctl@ceph.mon.a.smithi069.stdout:May 14 15:05:41 smithi069 ceph-mon[31270]: from='mgr.14152 172.21.15.69:0/3059518182' entity='mgr.x' cmd=[{"prefix": "mon metadata", "id": "a"}]: dispatch
2024-05-14T15:05:41.714 INFO:journalctl@ceph.mon.a.smithi069.stdout:May 14 15:05:41 smithi069 ceph-mon[31270]: from='mgr.14152 172.21.15.69:0/3059518182' entity='mgr.x' cmd=[{"prefix": "mgr metadata", "who": "x", "id": "x"}]: dispatch
2024-05-14T15:05:41.714 INFO:journalctl@ceph.mon.a.smithi069.stdout:May 14 15:05:41 smithi069 ceph-mon[31270]: from='mgr.14152 172.21.15.69:0/3059518182' entity='mgr.x' cmd=[{"prefix": "mds metadata"}]: dispatch
2024-05-14T15:05:41.714 INFO:journalctl@ceph.mon.a.smithi069.stdout:May 14 15:05:41 smithi069 ceph-mon[31270]: from='mgr.14152 172.21.15.69:0/3059518182' entity='mgr.x' cmd=[{"prefix": "osd metadata"}]: dispatch
2024-05-14T15:05:41.714 INFO:journalctl@ceph.mon.a.smithi069.stdout:May 14 15:05:41 smithi069 ceph-mon[31270]: from='mgr.14152 172.21.15.69:0/3059518182' entity='mgr.x' cmd=[{"prefix": "mon metadata"}]: dispatch
2024-05-14T15:05:41.714 INFO:journalctl@ceph.mon.a.smithi069.stdout:May 14 15:05:41 smithi069 ceph-mon[31270]: Manager daemon x is now available
2024-05-14T15:05:42.714 INFO:journalctl@ceph.mon.a.smithi069.stdout:May 14 15:05:42 smithi069 ceph-mon[31270]: from='mgr.14152 172.21.15.69:0/3059518182' entity='mgr.x' cmd=[{"prefix": "config dump", "format": "json"}]: dispatch
2024-05-14T15:05:42.714 INFO:journalctl@ceph.mon.a.smithi069.stdout:May 14 15:05:42 smithi069 ceph-mon[31270]: from='mgr.14152 172.21.15.69:0/3059518182' entity='mgr.x' cmd=[{"prefix":"config rm","who":"mgr","name":"mgr/rbd_support/x/mirror_snapshot_schedule"}]: dispatch
2024-05-14T15:05:42.714 INFO:journalctl@ceph.mon.a.smithi069.stdout:May 14 15:05:42 smithi069 ceph-mon[31270]: from='mgr.14152 172.21.15.69:0/3059518182' entity='mgr.x' cmd=[{"prefix":"config rm","who":"mgr","name":"mgr/rbd_support/x/trash_purge_schedule"}]: dispatch
2024-05-14T15:05:42.714 INFO:journalctl@ceph.mon.a.smithi069.stdout:May 14 15:05:42 smithi069 ceph-mon[31270]: [14/May/2024:15:05:41] ENGINE Bus STARTING
2024-05-14T15:05:42.714 INFO:journalctl@ceph.mon.a.smithi069.stdout:May 14 15:05:42 smithi069 ceph-mon[31270]: [14/May/2024:15:05:42] ENGINE Serving on https://172.21.15.69:7150
2024-05-14T15:05:42.714 INFO:journalctl@ceph.mon.a.smithi069.stdout:May 14 15:05:42 smithi069 ceph-mon[31270]: mgrmap e11: x(active, since 1.00964s)
2024-05-14T15:05:43.241 INFO:teuthology.orchestra.run.smithi069.stdout:/usr/bin/ceph: stdout {
2024-05-14T15:05:43.242 INFO:teuthology.orchestra.run.smithi069.stdout:/usr/bin/ceph: stdout "mgrmap_epoch": 11,
2024-05-14T15:05:43.242 INFO:teuthology.orchestra.run.smithi069.stdout:/usr/bin/ceph: stdout "initialized": true
2024-05-14T15:05:43.242 INFO:teuthology.orchestra.run.smithi069.stdout:/usr/bin/ceph: stdout }
2024-05-14T15:05:43.242 INFO:teuthology.orchestra.run.smithi069.stdout:/usr/bin/ceph: stderr
2024-05-14T15:05:35.075+0000 7fe991c00700 1 Processor -- start
2024-05-14T15:05:43.242 INFO:teuthology.orchestra.run.smithi069.stdout:/usr/bin/ceph: stderr
2024-05-14T15:05:35.076+0000 7fe991c00700 1 -- start start
2024-05-14T15:05:43.242 INFO:teuthology.orchestra.run.smithi069.stdout:/usr/bin/ceph: stderr
2024-05-14T15:05:35.076+0000 7fe991c00700 1 --2- >> [v2:172.21.15.69:3300/0,v1:172.21.15.69:6789/0] conn(0x7fe98c07ed80 0x7fe98c07d200 unknown :-1 s=NONE pgs=0 cs=0 l=0 rev1=0 crypto rx=0 tx=0 comp rx=0 tx=0).connect
2024-05-14T15:05:43.242 INFO:teuthology.orchestra.run.smithi069.stdout:/usr/bin/ceph: stderr
2024-05-14T15:05:35.076+0000 7fe991c00700 1 -- --> [v2:172.21.15.69:3300/0,v1:172.21.15.69:6789/0] -- mon_getmap magic: 0 -- 0x7fe98c07d740 con 0x7fe98c07ed80
2024-05-14T15:05:43.249 INFO:teuthology.orchestra.run.smithi069.stdout:/usr/bin/ceph: stderr
2024-05-14T15:05:35.076+0000 7fe98aa00700 1 --2- >> [v2:172.21.15.69:3300/0,v1:172.21.15.69:6789/0] conn(0x7fe98c07ed80 0x7fe98c07d200 unknown :-1 s=BANNER_CONNECTING pgs=0 cs=0 l=0 rev1=0 crypto rx=0 tx=0 comp rx=0 tx=0)._handle_peer_banner_payload supported=3 required=0
2024-05-14T15:05:43.249 INFO:teuthology.orchestra.run.smithi069.stdout:/usr/bin/ceph: stderr
2024-05-14T15:05:35.076+0000 7fe98aa00700 1 --2- >> [v2:172.21.15.69:3300/0,v1:172.21.15.69:6789/0] conn(0x7fe98c07ed80 0x7fe98c07d200 unknown :-1 s=HELLO_CONNECTING pgs=0 cs=0 l=0 rev1=1 crypto rx=0 tx=0 comp rx=0 tx=0).handle_hello peer v2:172.21.15.69:3300/0 says I am v2:172.21.15.69:44736/0 (socket says 172.21.15.69:44736)
2024-05-14T15:05:43.249 INFO:teuthology.orchestra.run.smithi069.stdout:/usr/bin/ceph: stderr
2024-05-14T15:05:35.076+0000 7fe98aa00700 1 -- 172.21.15.69:0/1145424247 learned_addr learned my addr 172.21.15.69:0/1145424247 (peer_addr_for_me v2:172.21.15.69:0/0)
2024-05-14T15:05:43.249 INFO:teuthology.orchestra.run.smithi069.stdout:/usr/bin/ceph: stderr
2024-05-14T15:05:35.077+0000 7fe98aa00700 1 -- 172.21.15.69:0/1145424247 --> [v2:172.21.15.69:3300/0,v1:172.21.15.69:6789/0] -- mon_subscribe({config=0+,monmap=0+}) -- 0x7fe98c07d8c0 con 0x7fe98c07ed80
2024-05-14T15:05:43.249 INFO:teuthology.orchestra.run.smithi069.stdout:/usr/bin/ceph: stderr
2024-05-14T15:05:35.077+0000 7fe98aa00700 1 --2- 172.21.15.69:0/1145424247 >> [v2:172.21.15.69:3300/0,v1:172.21.15.69:6789/0] conn(0x7fe98c07ed80 0x7fe98c07d200 secure :-1 s=READY pgs=61 cs=0 l=1 rev1=1 crypto rx=0x7fe97c0098a0 tx=0x7fe97c009bb0 comp rx=0 tx=0).ready entity=mon.0 client_cookie=995071acfb6ecbd0 server_cookie=0 in_seq=0 out_seq=0
2024-05-14T15:05:43.249 INFO:teuthology.orchestra.run.smithi069.stdout:/usr/bin/ceph: stderr
2024-05-14T15:05:35.077+0000 7fe989600700 1 -- 172.21.15.69:0/1145424247 <== mon.0 v2:172.21.15.69:3300/0 1 ==== mon_map magic: 0 ==== 205+0+0 (secure 0 0 0) 0x7fe97c004160 con 0x7fe98c07ed80
2024-05-14T15:05:43.249 INFO:teuthology.orchestra.run.smithi069.stdout:/usr/bin/ceph: stderr
2024-05-14T15:05:35.077+0000 7fe989600700 1 -- 172.21.15.69:0/1145424247 <== mon.0 v2:172.21.15.69:3300/0 2 ==== config(25 keys) ==== 1063+0+0 (secure 0 0 0) 0x7fe97c004300 con 0x7fe98c07ed80
2024-05-14T15:05:43.250 INFO:teuthology.orchestra.run.smithi069.stdout:/usr/bin/ceph: stderr
2024-05-14T15:05:35.078+0000 7fe989600700 1 -- 172.21.15.69:0/1145424247 <== mon.0 v2:172.21.15.69:3300/0 3 ==== mon_map magic: 0 ==== 205+0+0 (secure 0 0 0) 0x7fe97c011960 con 0x7fe98c07ed80
2024-05-14T15:05:43.250 INFO:teuthology.orchestra.run.smithi069.stdout:/usr/bin/ceph: stderr
2024-05-14T15:05:35.078+0000 7fe991c00700 1 -- 172.21.15.69:0/1145424247 >> [v2:172.21.15.69:3300/0,v1:172.21.15.69:6789/0] conn(0x7fe98c07ed80 msgr2=0x7fe98c07d200 secure :-1 s=STATE_CONNECTION_ESTABLISHED l=1).mark_down
2024-05-14T15:05:43.250 INFO:teuthology.orchestra.run.smithi069.stdout:/usr/bin/ceph: stderr
2024-05-14T15:05:35.078+0000 7fe991c00700 1 --2- 172.21.15.69:0/1145424247 >> [v2:172.21.15.69:3300/0,v1:172.21.15.69:6789/0] conn(0x7fe98c07ed80 0x7fe98c07d200 secure :-1 s=READY pgs=61 cs=0 l=1 rev1=1 crypto rx=0x7fe97c0098a0 tx=0x7fe97c009bb0 comp rx=0 tx=0).stop
2024-05-14T15:05:43.250 INFO:teuthology.orchestra.run.smithi069.stdout:/usr/bin/ceph: stderr
2024-05-14T15:05:35.078+0000 7fe991c00700 1 -- 172.21.15.69:0/1145424247 shutdown_connections
2024-05-14T15:05:43.250 INFO:teuthology.orchestra.run.smithi069.stdout:/usr/bin/ceph: stderr
2024-05-14T15:05:35.078+0000 7fe991c00700 1 --2- 172.21.15.69:0/1145424247 >> [v2:172.21.15.69:3300/0,v1:172.21.15.69:6789/0] conn(0x7fe98c07ed80 0x7fe98c07d200 unknown :-1 s=CLOSED pgs=61 cs=0 l=1 rev1=1 crypto rx=0 tx=0 comp rx=0 tx=0).stop
2024-05-14T15:05:43.250 INFO:teuthology.orchestra.run.smithi069.stdout:/usr/bin/ceph: stderr
2024-05-14T15:05:35.078+0000 7fe991c00700 1 -- 172.21.15.69:0/1145424247 >> 172.21.15.69:0/1145424247 conn(0x7fe98c105030 msgr2=0x7fe98c1074c0 unknown :-1 s=STATE_NONE l=0).mark_down
2024-05-14T15:05:43.250 INFO:teuthology.orchestra.run.smithi069.stdout:/usr/bin/ceph: stderr
2024-05-14T15:05:35.079+0000 7fe991c00700 1 -- 172.21.15.69:0/1145424247 shutdown_connections
2024-05-14T15:05:43.250 INFO:teuthology.orchestra.run.smithi069.stdout:/usr/bin/ceph: stderr
2024-05-14T15:05:35.079+0000 7fe991c00700 1 -- 172.21.15.69:0/1145424247 wait complete.
2024-05-14T15:05:43.250 INFO:teuthology.orchestra.run.smithi069.stdout:/usr/bin/ceph: stderr
2024-05-14T15:05:35.080+0000 7fe991c00700 1 Processor -- start
2024-05-14T15:05:43.250 INFO:teuthology.orchestra.run.smithi069.stdout:/usr/bin/ceph: stderr
2024-05-14T15:05:35.080+0000 7fe991c00700 1 -- start start
2024-05-14T15:05:43.250 INFO:teuthology.orchestra.run.smithi069.stdout:/usr/bin/ceph: stderr
2024-05-14T15:05:35.080+0000 7fe991c00700 1 --2- >> [v2:172.21.15.69:3300/0,v1:172.21.15.69:6789/0] conn(0x7fe98c07ed80 0x7fe98c19fe60 unknown :-1 s=NONE pgs=0 cs=0 l=1 rev1=0 crypto rx=0 tx=0 comp rx=0 tx=0).connect
2024-05-14T15:05:43.250 INFO:teuthology.orchestra.run.smithi069.stdout:/usr/bin/ceph: stderr
2024-05-14T15:05:35.080+0000 7fe991c00700 1 -- --> [v2:172.21.15.69:3300/0,v1:172.21.15.69:6789/0] -- mon_getmap magic: 0 -- 0x7fe98c10ff40 con 0x7fe98c07ed80
2024-05-14T15:05:43.250 INFO:teuthology.orchestra.run.smithi069.stdout:/usr/bin/ceph: stderr
2024-05-14T15:05:35.080+0000 7fe98aa00700 1 --2- >> [v2:172.21.15.69:3300/0,v1:172.21.15.69:6789/0] conn(0x7fe98c07ed80 0x7fe98c19fe60 unknown :-1 s=BANNER_CONNECTING pgs=0 cs=0 l=1 rev1=0 crypto rx=0 tx=0 comp rx=0 tx=0)._handle_peer_banner_payload supported=3 required=0
2024-05-14T15:05:43.251 INFO:teuthology.orchestra.run.smithi069.stdout:/usr/bin/ceph: stderr
2024-05-14T15:05:35.081+0000 7fe98aa00700 1 --2- >> [v2:172.21.15.69:3300/0,v1:172.21.15.69:6789/0] conn(0x7fe98c07ed80 0x7fe98c19fe60 unknown :-1 s=HELLO_CONNECTING pgs=0 cs=0 l=1 rev1=1 crypto rx=0 tx=0 comp rx=0 tx=0).handle_hello peer v2:172.21.15.69:3300/0 says I am v2:172.21.15.69:44744/0 (socket says 172.21.15.69:44744)
2024-05-14T15:05:43.251 INFO:teuthology.orchestra.run.smithi069.stdout:/usr/bin/ceph: stderr
2024-05-14T15:05:35.081+0000 7fe98aa00700 1 -- 172.21.15.69:0/3063195825 learned_addr learned my addr 172.21.15.69:0/3063195825 (peer_addr_for_me v2:172.21.15.69:0/0)
2024-05-14T15:05:43.251 INFO:teuthology.orchestra.run.smithi069.stdout:/usr/bin/ceph: stderr
2024-05-14T15:05:35.081+0000 7fe98aa00700 1 -- 172.21.15.69:0/3063195825 --> [v2:172.21.15.69:3300/0,v1:172.21.15.69:6789/0] -- mon_subscribe({config=0+,monmap=0+}) -- 0x7fe98c1a03a0 con 0x7fe98c07ed80
2024-05-14T15:05:43.251 INFO:teuthology.orchestra.run.smithi069.stdout:/usr/bin/ceph: stderr
2024-05-14T15:05:35.081+0000 7fe98aa00700 1 --2- 172.21.15.69:0/3063195825 >> [v2:172.21.15.69:3300/0,v1:172.21.15.69:6789/0] conn(0x7fe98c07ed80 0x7fe98c19fe60 secure :-1 s=READY pgs=62 cs=0 l=1 rev1=1 crypto rx=0x7fe97c011670 tx=0x7fe97c011a30 comp rx=0 tx=0).ready entity=mon.0 client_cookie=0 server_cookie=0 in_seq=0 out_seq=0
2024-05-14T15:05:43.251 INFO:teuthology.orchestra.run.smithi069.stdout:/usr/bin/ceph: stderr
2024-05-14T15:05:35.081+0000 7fe983400700 1 -- 172.21.15.69:0/3063195825 <== mon.0 v2:172.21.15.69:3300/0 1 ==== mon_map magic: 0 ==== 205+0+0 (secure 0 0 0) 0x7fe97c003a60 con 0x7fe98c07ed80
2024-05-14T15:05:43.251 INFO:teuthology.orchestra.run.smithi069.stdout:/usr/bin/ceph: stderr
2024-05-14T15:05:35.081+0000 7fe983400700 1 -- 172.21.15.69:0/3063195825 <== mon.0 v2:172.21.15.69:3300/0 2 ==== config(25 keys) ==== 1063+0+0 (secure 0 0 0) 0x7fe97c01b8d0 con 0x7fe98c07ed80
2024-05-14T15:05:43.251 INFO:teuthology.orchestra.run.smithi069.stdout:/usr/bin/ceph: stderr
2024-05-14T15:05:35.081+0000 7fe983400700 1 -- 172.21.15.69:0/3063195825 <== mon.0 v2:172.21.15.69:3300/0 3 ==== mon_map magic: 0 ==== 205+0+0 (secure 0 0 0) 0x7fe97c023790 con 0x7fe98c07ed80
2024-05-14T15:05:43.251 INFO:teuthology.orchestra.run.smithi069.stdout:/usr/bin/ceph: stderr
2024-05-14T15:05:35.081+0000 7fe991c00700 1 -- 172.21.15.69:0/3063195825 --> [v2:172.21.15.69:3300/0,v1:172.21.15.69:6789/0] -- mon_subscribe({mgrmap=0+}) -- 0x7fe98c1a0630 con 0x7fe98c07ed80
2024-05-14T15:05:43.251 INFO:teuthology.orchestra.run.smithi069.stdout:/usr/bin/ceph: stderr
2024-05-14T15:05:35.082+0000 7fe991c00700 1 -- 172.21.15.69:0/3063195825 --> [v2:172.21.15.69:3300/0,v1:172.21.15.69:6789/0] -- mon_subscribe({osdmap=0}) -- 0x7fe98c1a3240 con 0x7fe98c07ed80
2024-05-14T15:05:43.251 INFO:teuthology.orchestra.run.smithi069.stdout:/usr/bin/ceph: stderr
