2024-05-14T15:13:06.577 INFO:teuthology.orchestra.run.smithi005.stdout:/usr/bin/ceph: stderr
2024-05-14T15:13:05.640+0000 7f1af7036700 1 -- 172.21.15.5:0/2294045607 shutdown_connections
2024-05-14T15:13:06.577 INFO:teuthology.orchestra.run.smithi005.stdout:/usr/bin/ceph: stderr
2024-05-14T15:13:05.640+0000 7f1af7036700 1 --2- 172.21.15.5:0/2294045607 >> [v2:172.21.15.5:3300/0,v1:172.21.15.5:6789/0] conn(0x7f1af007d4f0 0x7f1af010c960 unknown :-1 s=CLOSED pgs=20 cs=0 l=1 rev1=1 crypto rx=0 tx=0 comp rx=0 tx=0).stop
2024-05-14T15:13:06.577 INFO:teuthology.orchestra.run.smithi005.stdout:/usr/bin/ceph: stderr
2024-05-14T15:13:05.640+0000 7f1af7036700 1 -- 172.21.15.5:0/2294045607 >> 172.21.15.5:0/2294045607 conn(0x7f1af0104370 msgr2=0x7f1af01067c0 unknown :-1 s=STATE_NONE l=0).mark_down
2024-05-14T15:13:06.577 INFO:teuthology.orchestra.run.smithi005.stdout:/usr/bin/ceph: stderr
2024-05-14T15:13:05.640+0000 7f1af7036700 1 -- 172.21.15.5:0/2294045607 shutdown_connections
2024-05-14T15:13:06.577 INFO:teuthology.orchestra.run.smithi005.stdout:/usr/bin/ceph: stderr
2024-05-14T15:13:05.640+0000 7f1af7036700 1 -- 172.21.15.5:0/2294045607 wait complete.
2024-05-14T15:13:06.577 INFO:teuthology.orchestra.run.smithi005.stdout:/usr/bin/ceph: stderr
2024-05-14T15:13:05.641+0000 7f1af7036700 1 Processor -- start
2024-05-14T15:13:06.577 INFO:teuthology.orchestra.run.smithi005.stdout:/usr/bin/ceph: stderr
2024-05-14T15:13:05.641+0000 7f1af7036700 1 -- start start
2024-05-14T15:13:06.578 INFO:teuthology.orchestra.run.smithi005.stdout:/usr/bin/ceph: stderr
2024-05-14T15:13:05.641+0000 7f1af7036700 1 --2- >> [v2:172.21.15.5:3300/0,v1:172.21.15.5:6789/0] conn(0x7f1af007d4f0 0x7f1af019e140 unknown :-1 s=NONE pgs=0 cs=0 l=1 rev1=0 crypto rx=0 tx=0 comp rx=0 tx=0).connect
2024-05-14T15:13:06.578 INFO:teuthology.orchestra.run.smithi005.stdout:/usr/bin/ceph: stderr
2024-05-14T15:13:05.641+0000 7f1af7036700 1 -- --> [v2:172.21.15.5:3300/0,v1:172.21.15.5:6789/0] -- mon_getmap magic: 0 -- 0x7f1af010e050 con 0x7f1af007d4f0
2024-05-14T15:13:06.578 INFO:teuthology.orchestra.run.smithi005.stdout:/usr/bin/ceph: stderr
2024-05-14T15:13:05.641+0000 7f1af4dd2700 1 --2- >> [v2:172.21.15.5:3300/0,v1:172.21.15.5:6789/0] conn(0x7f1af007d4f0 0x7f1af019e140 unknown :-1 s=BANNER_CONNECTING pgs=0 cs=0 l=1 rev1=0 crypto rx=0 tx=0 comp rx=0 tx=0)._handle_peer_banner_payload supported=3 required=0
2024-05-14T15:13:06.578 INFO:teuthology.orchestra.run.smithi005.stdout:/usr/bin/ceph: stderr
2024-05-14T15:13:05.641+0000 7f1af4dd2700 1 --2- >> [v2:172.21.15.5:3300/0,v1:172.21.15.5:6789/0] conn(0x7f1af007d4f0 0x7f1af019e140 unknown :-1 s=HELLO_CONNECTING pgs=0 cs=0 l=1 rev1=1 crypto rx=0 tx=0 comp rx=0 tx=0).handle_hello peer v2:172.21.15.5:3300/0 says I am v2:172.21.15.5:34642/0 (socket says 172.21.15.5:34642)
2024-05-14T15:13:06.578 INFO:teuthology.orchestra.run.smithi005.stdout:/usr/bin/ceph: stderr
2024-05-14T15:13:05.641+0000 7f1af4dd2700 1 -- 172.21.15.5:0/3737737394 learned_addr learned my addr 172.21.15.5:0/3737737394 (peer_addr_for_me v2:172.21.15.5:0/0)
2024-05-14T15:13:06.578 INFO:teuthology.orchestra.run.smithi005.stdout:/usr/bin/ceph: stderr
2024-05-14T15:13:05.641+0000 7f1af4dd2700 1 -- 172.21.15.5:0/3737737394 --> [v2:172.21.15.5:3300/0,v1:172.21.15.5:6789/0] -- mon_subscribe({config=0+,monmap=0+}) -- 0x7f1af019e680 con 0x7f1af007d4f0
2024-05-14T15:13:06.578 INFO:teuthology.orchestra.run.smithi005.stdout:/usr/bin/ceph: stderr
2024-05-14T15:13:05.642+0000 7f1af4dd2700 1 --2- 172.21.15.5:0/3737737394 >> [v2:172.21.15.5:3300/0,v1:172.21.15.5:6789/0] conn(0x7f1af007d4f0 0x7f1af019e140 secure :-1 s=READY pgs=21 cs=0 l=1 rev1=1 crypto rx=0x7f1ae40117b0 tx=0x7f1ae4011b70 comp rx=0 tx=0).ready entity=mon.0 client_cookie=0 server_cookie=0 in_seq=0 out_seq=0
2024-05-14T15:13:06.578 INFO:teuthology.orchestra.run.smithi005.stdout:/usr/bin/ceph: stderr
2024-05-14T15:13:05.642+0000 7f1aedffb700 1 -- 172.21.15.5:0/3737737394 <== mon.0 v2:172.21.15.5:3300/0 1 ==== mon_map magic: 0 ==== 205+0+0 (secure 0 0 0) 0x7f1ae40039c0 con 0x7f1af007d4f0
2024-05-14T15:13:06.578 INFO:teuthology.orchestra.run.smithi005.stdout:/usr/bin/ceph: stderr
2024-05-14T15:13:05.642+0000 7f1aedffb700 1 -- 172.21.15.5:0/3737737394 <== mon.0 v2:172.21.15.5:3300/0 2 ==== config(26 keys) ==== 1070+0+0 (secure 0 0 0) 0x7f1ae4003b60 con 0x7f1af007d4f0
2024-05-14T15:13:06.578 INFO:teuthology.orchestra.run.smithi005.stdout:/usr/bin/ceph: stderr
2024-05-14T15:13:05.642+0000 7f1aedffb700 1 -- 172.21.15.5:0/3737737394 <== mon.0 v2:172.21.15.5:3300/0 3 ==== mon_map magic: 0 ==== 205+0+0 (secure 0 0 0) 0x7f1ae40196a0 con 0x7f1af007d4f0
2024-05-14T15:13:06.578 INFO:teuthology.orchestra.run.smithi005.stdout:/usr/bin/ceph: stderr
2024-05-14T15:13:05.642+0000 7f1af7036700 1 -- 172.21.15.5:0/3737737394 --> [v2:172.21.15.5:3300/0,v1:172.21.15.5:6789/0] -- mon_subscribe({mgrmap=0+}) -- 0x7f1af019e910 con 0x7f1af007d4f0
2024-05-14T15:13:06.578 INFO:teuthology.orchestra.run.smithi005.stdout:/usr/bin/ceph: stderr
2024-05-14T15:13:05.642+0000 7f1af7036700 1 -- 172.21.15.5:0/3737737394 --> [v2:172.21.15.5:3300/0,v1:172.21.15.5:6789/0] -- mon_subscribe({osdmap=0}) -- 0x7f1af01a1520 con 0x7f1af007d4f0
2024-05-14T15:13:06.578 INFO:teuthology.orchestra.run.smithi005.stdout:/usr/bin/ceph: stderr
2024-05-14T15:13:05.643+0000 7f1af7036700 1 -- 172.21.15.5:0/3737737394 --> [v2:172.21.15.5:3300/0,v1:172.21.15.5:6789/0] -- mon_command({"prefix": "get_command_descriptions"} v 0) -- 0x7f1af0064e20 con 0x7f1af007d4f0
2024-05-14T15:13:06.578 INFO:teuthology.orchestra.run.smithi005.stdout:/usr/bin/ceph: stderr
2024-05-14T15:13:05.643+0000 7f1aedffb700 1 -- 172.21.15.5:0/3737737394 <== mon.0 v2:172.21.15.5:3300/0 4 ==== mgrmap(e 4) ==== 50211+0+0 (secure 0 0 0) 0x7f1ae401ab00 con 0x7f1af007d4f0
2024-05-14T15:13:06.579 INFO:teuthology.orchestra.run.smithi005.stdout:/usr/bin/ceph: stderr
2024-05-14T15:13:05.643+0000 7f1aedffb700 1 --2- 172.21.15.5:0/3737737394 >> [v2:172.21.15.5:6800/2401136202,v1:172.21.15.5:6801/2401136202] conn(0x7f1ae003e420 0x7f1ae0040930 unknown :-1 s=NONE pgs=0 cs=0 l=1 rev1=0 crypto rx=0 tx=0 comp rx=0 tx=0).connect
2024-05-14T15:13:06.579 INFO:teuthology.orchestra.run.smithi005.stdout:/usr/bin/ceph: stderr
2024-05-14T15:13:05.644+0000 7f1aedffb700 1 -- 172.21.15.5:0/3737737394 <== mon.0 v2:172.21.15.5:3300/0 5 ==== osd_map(1..1 src has 1..1) ==== 725+0+0 (secure 0 0 0) 0x7f1ae4053b40 con 0x7f1af007d4f0
2024-05-14T15:13:06.579 INFO:teuthology.orchestra.run.smithi005.stdout:/usr/bin/ceph: stderr
2024-05-14T15:13:05.644+0000 7f1aeffff700 1 --2- 172.21.15.5:0/3737737394 >> [v2:172.21.15.5:6800/2401136202,v1:172.21.15.5:6801/2401136202] conn(0x7f1ae003e420 0x7f1ae0040930 unknown :-1 s=BANNER_CONNECTING pgs=0 cs=0 l=1 rev1=0 crypto rx=0 tx=0 comp rx=0 tx=0)._handle_peer_banner_payload supported=3 required=0
2024-05-14T15:13:06.579 INFO:teuthology.orchestra.run.smithi005.stdout:/usr/bin/ceph: stderr
2024-05-14T15:13:05.644+0000 7f1aeffff700 1 --2- 172.21.15.5:0/3737737394 >> [v2:172.21.15.5:6800/2401136202,v1:172.21.15.5:6801/2401136202] conn(0x7f1ae003e420 0x7f1ae0040930 secure :-1 s=READY pgs=8 cs=0 l=1 rev1=1 crypto rx=0x7f1adc006fd0 tx=0x7f1adc006e40 comp rx=0 tx=0).ready entity=mgr.14100 client_cookie=0 server_cookie=0 in_seq=0 out_seq=0
2024-05-14T15:13:06.579 INFO:teuthology.orchestra.run.smithi005.stdout:/usr/bin/ceph: stderr
2024-05-14T15:13:05.649+0000 7f1aedffb700 1 -- 172.21.15.5:0/3737737394 <== mon.0 v2:172.21.15.5:3300/0 6 ==== mon_command_ack([{"prefix": "get_command_descriptions"}]=0 v0) ==== 72+0+191963 (secure 0 0 0) 0x7f1ae4018d60 con 0x7f1af007d4f0
2024-05-14T15:13:06.579 INFO:teuthology.orchestra.run.smithi005.stdout:/usr/bin/ceph: stderr
2024-05-14T15:13:05.923+0000 7f1af7036700 1 -- 172.21.15.5:0/3737737394 --> [v2:172.21.15.5:3300/0,v1:172.21.15.5:6789/0] -- mon_command({"prefix": "mgr module enable", "module": "cephadm"} v 0) -- 0x7f1af002e8f0 con 0x7f1af007d4f0
2024-05-14T15:13:06.579 INFO:teuthology.orchestra.run.smithi005.stdout:/usr/bin/ceph: stderr
2024-05-14T15:13:05.974+0000 7f1aedffb700 1 -- 172.21.15.5:0/3737737394 <== mon.0 v2:172.21.15.5:3300/0 7 ==== mon_command_ack([{"prefix": "mgr module enable", "module": "cephadm"}]=0 v5) ==== 86+0+0 (secure 0 0 0) 0x7f1ae4053560 con 0x7f1af007d4f0
2024-05-14T15:13:06.579 INFO:teuthology.orchestra.run.smithi005.stdout:/usr/bin/ceph: stderr
2024-05-14T15:13:05.976+0000 7f1aedffb700 1 -- 172.21.15.5:0/3737737394 <== mon.0 v2:172.21.15.5:3300/0 8 ==== mgrmap(e 5) ==== 50222+0+0 (secure 0 0 0) 0x7f1ae402d440 con 0x7f1af007d4f0
2024-05-14T15:13:06.579 INFO:teuthology.orchestra.run.smithi005.stdout:/usr/bin/ceph: stderr
2024-05-14T15:13:05.977+0000 7f1af7036700 1 -- 172.21.15.5:0/3737737394 >> [v2:172.21.15.5:6800/2401136202,v1:172.21.15.5:6801/2401136202] conn(0x7f1ae003e420 msgr2=0x7f1ae0040930 secure :-1 s=STATE_CONNECTION_ESTABLISHED l=1).mark_down
2024-05-14T15:13:06.579 INFO:teuthology.orchestra.run.smithi005.stdout:/usr/bin/ceph: stderr
2024-05-14T15:13:05.977+0000 7f1af7036700 1 --2- 172.21.15.5:0/3737737394 >> [v2:172.21.15.5:6800/2401136202,v1:172.21.15.5:6801/2401136202] conn(0x7f1ae003e420 0x7f1ae0040930 secure :-1 s=READY pgs=8 cs=0 l=1 rev1=1 crypto rx=0x7f1adc006fd0 tx=0x7f1adc006e40 comp rx=0 tx=0).stop
2024-05-14T15:13:06.579 INFO:teuthology.orchestra.run.smithi005.stdout:/usr/bin/ceph: stderr
2024-05-14T15:13:05.977+0000 7f1af7036700 1 -- 172.21.15.5:0/3737737394 >> [v2:172.21.15.5:3300/0,v1:172.21.15.5:6789/0] conn(0x7f1af007d4f0 msgr2=0x7f1af019e140 secure :-1 s=STATE_CONNECTION_ESTABLISHED l=1).mark_down
2024-05-14T15:13:06.579 INFO:teuthology.orchestra.run.smithi005.stdout:/usr/bin/ceph: stderr
2024-05-14T15:13:05.977+0000 7f1af7036700 1 --2- 172.21.15.5:0/3737737394 >> [v2:172.21.15.5:3300/0,v1:172.21.15.5:6789/0] conn(0x7f1af007d4f0 0x7f1af019e140 secure :-1 s=READY pgs=21 cs=0 l=1 rev1=1 crypto rx=0x7f1ae40117b0 tx=0x7f1ae4011b70 comp rx=0 tx=0).stop
2024-05-14T15:13:06.580 INFO:teuthology.orchestra.run.smithi005.stdout:/usr/bin/ceph: stderr
2024-05-14T15:13:05.978+0000 7f1af7036700 1 -- 172.21.15.5:0/3737737394 shutdown_connections
2024-05-14T15:13:06.580 INFO:teuthology.orchestra.run.smithi005.stdout:/usr/bin/ceph: stderr
2024-05-14T15:13:05.978+0000 7f1af7036700 1 --2- 172.21.15.5:0/3737737394 >> [v2:172.21.15.5:6800/2401136202,v1:172.21.15.5:6801/2401136202] conn(0x7f1ae003e420 0x7f1ae0040930 unknown :-1 s=CLOSED pgs=8 cs=0 l=1 rev1=1 crypto rx=0 tx=0 comp rx=0 tx=0).stop
2024-05-14T15:13:06.580 INFO:teuthology.orchestra.run.smithi005.stdout:/usr/bin/ceph: stderr
2024-05-14T15:13:05.978+0000 7f1af7036700 1 --2- 172.21.15.5:0/3737737394 >> [v2:172.21.15.5:3300/0,v1:172.21.15.5:6789/0] conn(0x7f1af007d4f0 0x7f1af019e140 unknown :-1 s=CLOSED pgs=21 cs=0 l=1 rev1=1 crypto rx=0 tx=0 comp rx=0 tx=0).stop
2024-05-14T15:13:06.580 INFO:teuthology.orchestra.run.smithi005.stdout:/usr/bin/ceph: stderr
2024-05-14T15:13:05.978+0000 7f1af7036700 1 -- 172.21.15.5:0/3737737394 >> 172.21.15.5:0/3737737394 conn(0x7f1af0104370 msgr2=0x7f1af0104e70 unknown :-1 s=STATE_NONE l=0).mark_down
2024-05-14T15:13:06.580 INFO:teuthology.orchestra.run.smithi005.stdout:/usr/bin/ceph: stderr
2024-05-14T15:13:05.978+0000 7f1af7036700 1 -- 172.21.15.5:0/3737737394 shutdown_connections
2024-05-14T15:13:06.580 INFO:teuthology.orchestra.run.smithi005.stdout:/usr/bin/ceph: stderr
2024-05-14T15:13:05.978+0000 7f1af7036700 1 -- 172.21.15.5:0/3737737394 wait complete.
2024-05-14T15:13:06.803 INFO:journalctl@ceph.mgr.x.smithi005.stdout:May 14 15:13:06 smithi005 ceph-4a7148fe-1204-11ef-bc98-c7b262605968-mgr-x[31787]:
2024-05-14T15:13:06.485+0000 7fd30e8c2200 -1 mgr[py] Module snap_schedule has missing NOTIFY_TYPES member
2024-05-14T15:13:07.061 INFO:journalctl@ceph.mon.a.smithi005.stdout:May 14 15:13:06 smithi005 ceph-mon[31559]: from='client.? 172.21.15.5:0/3737737394' entity='client.admin' cmd='[{"prefix": "mgr module enable", "module": "cephadm"}]': finished
2024-05-14T15:13:07.061 INFO:journalctl@ceph.mon.a.smithi005.stdout:May 14 15:13:06 smithi005 ceph-mon[31559]: mgrmap e5: x(active, since 13s)
2024-05-14T15:13:07.062 INFO:journalctl@ceph.mgr.x.smithi005.stdout:May 14 15:13:06 smithi005 ceph-4a7148fe-1204-11ef-bc98-c7b262605968-mgr-x[31787]:
2024-05-14T15:13:06.824+0000 7fd30e8c2200 -1 mgr[py] Module progress has missing NOTIFY_TYPES member
2024-05-14T15:13:07.062 INFO:journalctl@ceph.mgr.x.smithi005.stdout:May 14 15:13:06 smithi005 ceph-4a7148fe-1204-11ef-bc98-c7b262605968-mgr-x[31787]:
2024-05-14T15:13:06.915+0000 7fd30e8c2200 -1 mgr[py] Module influx has missing NOTIFY_TYPES member
2024-05-14T15:13:07.883 INFO:teuthology.orchestra.run.smithi005.stdout:/usr/bin/ceph: stdout {
2024-05-14T15:13:07.884 INFO:teuthology.orchestra.run.smithi005.stdout:/usr/bin/ceph: stdout "epoch": 5,
2024-05-14T15:13:07.884 INFO:teuthology.orchestra.run.smithi005.stdout:/usr/bin/ceph: stdout "available": true,
2024-05-14T15:13:07.884 INFO:teuthology.orchestra.run.smithi005.stdout:/usr/bin/ceph: stdout "active_name": "x",
2024-05-14T15:13:07.884 INFO:teuthology.orchestra.run.smithi005.stdout:/usr/bin/ceph: stdout "num_standby": 0
2024-05-14T15:13:07.884 INFO:teuthology.orchestra.run.smithi005.stdout:/usr/bin/ceph: stdout }
2024-05-14T15:13:07.884 INFO:teuthology.orchestra.run.smithi005.stdout:/usr/bin/ceph: stderr
2024-05-14T15:13:07.038+0000 7f6b96495700 1 Processor -- start
2024-05-14T15:13:07.884 INFO:teuthology.orchestra.run.smithi005.stdout:/usr/bin/ceph: stderr
2024-05-14T15:13:07.038+0000 7f6b96495700 1 -- start start
2024-05-14T15:13:07.884 INFO:teuthology.orchestra.run.smithi005.stdout:/usr/bin/ceph: stderr
2024-05-14T15:13:07.038+0000 7f6b96495700 1 --2- >> [v2:172.21.15.5:3300/0,v1:172.21.15.5:6789/0] conn(0x7f6b9010a7d0 0x7f6b9010cbf0 unknown :-1 s=NONE pgs=0 cs=0 l=0 rev1=0 crypto rx=0 tx=0 comp rx=0 tx=0).connect
2024-05-14T15:13:07.884 INFO:teuthology.orchestra.run.smithi005.stdout:/usr/bin/ceph: stderr
2024-05-14T15:13:07.038+0000 7f6b96495700 1 -- --> [v2:172.21.15.5:3300/0,v1:172.21.15.5:6789/0] -- mon_getmap magic: 0 -- 0x7f6b9007cdd0 con 0x7f6b9010a7d0
2024-05-14T15:13:07.884 INFO:teuthology.orchestra.run.smithi005.stdout:/usr/bin/ceph: stderr
2024-05-14T15:13:07.038+0000 7f6b8ffff700 1 --2- >> [v2:172.21.15.5:3300/0,v1:172.21.15.5:6789/0] conn(0x7f6b9010a7d0 0x7f6b9010cbf0 unknown :-1 s=BANNER_CONNECTING pgs=0 cs=0 l=0 rev1=0 crypto rx=0 tx=0 comp rx=0 tx=0)._handle_peer_banner_payload supported=3 required=0
2024-05-14T15:13:07.884 INFO:teuthology.orchestra.run.smithi005.stdout:/usr/bin/ceph: stderr
2024-05-14T15:13:07.038+0000 7f6b8ffff700 1 --2- >> [v2:172.21.15.5:3300/0,v1:172.21.15.5:6789/0] conn(0x7f6b9010a7d0 0x7f6b9010cbf0 unknown :-1 s=HELLO_CONNECTING pgs=0 cs=0 l=0 rev1=1 crypto rx=0 tx=0 comp rx=0 tx=0).handle_hello peer v2:172.21.15.5:3300/0 says I am v2:172.21.15.5:55776/0 (socket says 172.21.15.5:55776)
2024-05-14T15:13:07.884 INFO:teuthology.orchestra.run.smithi005.stdout:/usr/bin/ceph: stderr
2024-05-14T15:13:07.038+0000 7f6b8ffff700 1 -- 172.21.15.5:0/1691028568 learned_addr learned my addr 172.21.15.5:0/1691028568 (peer_addr_for_me v2:172.21.15.5:0/0)
2024-05-14T15:13:07.884 INFO:teuthology.orchestra.run.smithi005.stdout:/usr/bin/ceph: stderr
2024-05-14T15:13:07.039+0000 7f6b8ffff700 1 -- 172.21.15.5:0/1691028568 --> [v2:172.21.15.5:3300/0,v1:172.21.15.5:6789/0] -- mon_subscribe({config=0+,monmap=0+}) -- 0x7f6b9010d130 con 0x7f6b9010a7d0
2024-05-14T15:13:07.885 INFO:teuthology.orchestra.run.smithi005.stdout:/usr/bin/ceph: stderr
2024-05-14T15:13:07.039+0000 7f6b8ffff700 1 --2- 172.21.15.5:0/1691028568 >> [v2:172.21.15.5:3300/0,v1:172.21.15.5:6789/0] conn(0x7f6b9010a7d0 0x7f6b9010cbf0 secure :-1 s=READY pgs=24 cs=0 l=1 rev1=1 crypto rx=0x7f6b800098a0 tx=0x7f6b80009bb0 comp rx=0 tx=0).ready entity=mon.0 client_cookie=ed28231c97958123 server_cookie=0 in_seq=0 out_seq=0
2024-05-14T15:13:07.885 INFO:teuthology.orchestra.run.smithi005.stdout:/usr/bin/ceph: stderr
2024-05-14T15:13:07.039+0000 7f6b8effd700 1 -- 172.21.15.5:0/1691028568 <== mon.0 v2:172.21.15.5:3300/0 1 ==== mon_map magic: 0 ==== 205+0+0 (secure 0 0 0) 0x7f6b80004160 con 0x7f6b9010a7d0
2024-05-14T15:13:07.885 INFO:teuthology.orchestra.run.smithi005.stdout:/usr/bin/ceph: stderr
2024-05-14T15:13:07.039+0000 7f6b8effd700 1 -- 172.21.15.5:0/1691028568 <== mon.0 v2:172.21.15.5:3300/0 2 ==== config(26 keys) ==== 1070+0+0 (secure 0 0 0) 0x7f6b80004300 con 0x7f6b9010a7d0
2024-05-14T15:13:07.885 INFO:teuthology.orchestra.run.smithi005.stdout:/usr/bin/ceph: stderr
2024-05-14T15:13:07.039+0000 7f6b8effd700 1 -- 172.21.15.5:0/1691028568 <== mon.0 v2:172.21.15.5:3300/0 3 ==== mon_map magic: 0 ==== 205+0+0 (secure 0 0 0) 0x7f6b80011af0 con 0x7f6b9010a7d0
2024-05-14T15:13:07.885 INFO:teuthology.orchestra.run.smithi005.stdout:/usr/bin/ceph: stderr
2024-05-14T15:13:07.040+0000 7f6b96495700 1 -- 172.21.15.5:0/1691028568 >> [v2:172.21.15.5:3300/0,v1:172.21.15.5:6789/0] conn(0x7f6b9010a7d0 msgr2=0x7f6b9010cbf0 secure :-1 s=STATE_CONNECTION_ESTABLISHED l=1).mark_down
2024-05-14T15:13:07.885 INFO:teuthology.orchestra.run.smithi005.stdout:/usr/bin/ceph: stderr
2024-05-14T15:13:07.040+0000 7f6b96495700 1 --2- 172.21.15.5:0/1691028568 >> [v2:172.21.15.5:3300/0,v1:172.21.15.5:6789/0] conn(0x7f6b9010a7d0 0x7f6b9010cbf0 secure :-1 s=READY pgs=24 cs=0 l=1 rev1=1 crypto rx=0x7f6b800098a0 tx=0x7f6b80009bb0 comp rx=0 tx=0).stop
2024-05-14T15:13:07.885 INFO:teuthology.orchestra.run.smithi005.stdout:/usr/bin/ceph: stderr
2024-05-14T15:13:07.040+0000 7f6b96495700 1 -- 172.21.15.5:0/1691028568 shutdown_connections
2024-05-14T15:13:07.885 INFO:teuthology.orchestra.run.smithi005.stdout:/usr/bin/ceph: stderr
2024-05-14T15:13:07.040+0000 7f6b96495700 1 --2- 172.21.15.5:0/1691028568 >> [v2:172.21.15.5:3300/0,v1:172.21.15.5:6789/0] conn(0x7f6b9010a7d0 0x7f6b9010cbf0 unknown :-1 s=CLOSED pgs=24 cs=0 l=1 rev1=1 crypto rx=0 tx=0 comp rx=0 tx=0).stop
2024-05-14T15:13:07.885 INFO:teuthology.orchestra.run.smithi005.stdout:/usr/bin/ceph: stderr
2024-05-14T15:13:07.040+0000 7f6b96495700 1 -- 172.21.15.5:0/1691028568 >> 172.21.15.5:0/1691028568 conn(0x7f6b90104290 msgr2=0x7f6b901066e0 unknown :-1 s=STATE_NONE l=0).mark_down
2024-05-14T15:13:07.885 INFO:teuthology.orchestra.run.smithi005.stdout:/usr/bin/ceph: stderr
2024-05-14T15:13:07.040+0000 7f6b96495700 1 -- 172.21.15.5:0/1691028568 shutdown_connections
2024-05-14T15:13:07.885 INFO:teuthology.orchestra.run.smithi005.stdout:/usr/bin/ceph: stderr
2024-05-14T15:13:07.040+0000 7f6b96495700 1 -- 172.21.15.5:0/1691028568 wait complete.
2024-05-14T15:13:07.885 INFO:teuthology.orchestra.run.smithi005.stdout:/usr/bin/ceph: stderr
2024-05-14T15:13:07.041+0000 7f6b96495700 1 Processor -- start
2024-05-14T15:13:07.885 INFO:teuthology.orchestra.run.smithi005.stdout:/usr/bin/ceph: stderr
2024-05-14T15:13:07.041+0000 7f6b96495700 1 -- start start
2024-05-14T15:13:07.885 INFO:teuthology.orchestra.run.smithi005.stdout:/usr/bin/ceph: stderr
2024-05-14T15:13:07.041+0000 7f6b96495700 1 --2- >> [v2:172.21.15.5:3300/0,v1:172.21.15.5:6789/0] conn(0x7f6b9010a7d0 0x7f6b9019e060 unknown :-1 s=NONE pgs=0 cs=0 l=1 rev1=0 crypto rx=0 tx=0 comp rx=0 tx=0).connect
2024-05-14T15:13:07.886 INFO:teuthology.orchestra.run.smithi005.stdout:/usr/bin/ceph: stderr
2024-05-14T15:13:07.041+0000 7f6b96495700 1 -- --> [v2:172.21.15.5:3300/0,v1:172.21.15.5:6789/0] -- mon_getmap magic: 0 -- 0x7f6b9010dfc0 con 0x7f6b9010a7d0
2024-05-14T15:13:07.886 INFO:teuthology.orchestra.run.smithi005.stdout:/usr/bin/ceph: stderr
2024-05-14T15:13:07.041+0000 7f6b8ffff700 1 --2- >> [v2:172.21.15.5:3300/0,v1:172.21.15.5:6789/0] conn(0x7f6b9010a7d0 0x7f6b9019e060 unknown :-1 s=BANNER_CONNECTING pgs=0 cs=0 l=1 rev1=0 crypto rx=0 tx=0 comp rx=0 tx=0)._handle_peer_banner_payload supported=3 required=0
2024-05-14T15:13:07.886 INFO:teuthology.orchestra.run.smithi005.stdout:/usr/bin/ceph: stderr
2024-05-14T15:13:07.041+0000 7f6b8ffff700 1 --2- >> [v2:172.21.15.5:3300/0,v1:172.21.15.5:6789/0] conn(0x7f6b9010a7d0 0x7f6b9019e060 unknown :-1 s=HELLO_CONNECTING pgs=0 cs=0 l=1 rev1=1 crypto rx=0 tx=0 comp rx=0 tx=0).handle_hello peer v2:172.21.15.5:3300/0 says I am v2:172.21.15.5:55782/0 (socket says 172.21.15.5:55782)
2024-05-14T15:13:07.886 INFO:teuthology.orchestra.run.smithi005.stdout:/usr/bin/ceph: stderr
2024-05-14T15:13:07.041+0000 7f6b8ffff700 1 -- 172.21.15.5:0/448910701 learned_addr learned my addr 172.21.15.5:0/448910701 (peer_addr_for_me v2:172.21.15.5:0/0)
2024-05-14T15:13:07.886 INFO:teuthology.orchestra.run.smithi005.stdout:/usr/bin/ceph: stderr
2024-05-14T15:13:07.041+0000 7f6b8ffff700 1 -- 172.21.15.5:0/448910701 --> [v2:172.21.15.5:3300/0,v1:172.21.15.5:6789/0] -- mon_subscribe({config=0+,monmap=0+}) -- 0x7f6b9019e5a0 con 0x7f6b9010a7d0
2024-05-14T15:13:07.886 INFO:teuthology.orchestra.run.smithi005.stdout:/usr/bin/ceph: stderr
2024-05-14T15:13:07.042+0000 7f6b8ffff700 1 --2- 172.21.15.5:0/448910701 >> [v2:172.21.15.5:3300/0,v1:172.21.15.5:6789/0] conn(0x7f6b9010a7d0 0x7f6b9019e060 secure :-1 s=READY pgs=25 cs=0 l=1 rev1=1 crypto rx=0x7f6b80009fb0 tx=0x7f6b80011940 comp rx=0 tx=0).ready entity=mon.0 client_cookie=0 server_cookie=0 in_seq=0 out_seq=0
2024-05-14T15:13:07.886 INFO:teuthology.orchestra.run.smithi005.stdout:/usr/bin/ceph: stderr
2024-05-14T15:13:07.042+0000 7f6b8d7fa700 1 -- 172.21.15.5:0/448910701 <== mon.0 v2:172.21.15.5:3300/0 1 ==== mon_map magic: 0 ==== 205+0+0 (secure 0 0 0) 0x7f6b800036a0 con 0x7f6b9010a7d0
2024-05-14T15:13:07.886 INFO:teuthology.orchestra.run.smithi005.stdout:/usr/bin/ceph: stderr
2024-05-14T15:13:07.042+0000 7f6b8d7fa700 1 -- 172.21.15.5:0/448910701 <== mon.0 v2:172.21.15.5:3300/0 2 ==== config(26 keys) ==== 1070+0+0 (secure 0 0 0) 0x7f6b8001a430 con 0x7f6b9010a7d0
2024-05-14T15:13:07.886 INFO:teuthology.orchestra.run.smithi005.stdout:/usr/bin/ceph: stderr
2024-05-14T15:13:07.042+0000 7f6b96495700 1 -- 172.21.15.5:0/448910701 --> [v2:172.21.15.5:3300/0,v1:172.21.15.5:6789/0] -- mon_subscribe({mgrmap=0+}) -- 0x7f6b9019e830 con 0x7f6b9010a7d0
2024-05-14T15:13:07.886 INFO:teuthology.orchestra.run.smithi005.stdout:/usr/bin/ceph: stderr
2024-05-14T15:13:07.042+0000 7f6b8d7fa700 1 -- 172.21.15.5:0/448910701 <== mon.0 v2:172.21.15.5:3300/0 3 ==== mon_map magic: 0 ==== 205+0+0 (secure 0 0 0) 0x7f6b80019550 con 0x7f6b9010a7d0
2024-05-14T15:13:07.886 INFO:teuthology.orchestra.run.smithi005.stdout:/usr/bin/ceph: stderr
2024-05-14T15:13:07.042+0000 7f6b96495700 1 -- 172.21.15.5:0/448910701 --> [v2:172.21.15.5:3300/0,v1:172.21.15.5:6789/0] -- mon_subscribe({osdmap=0}) -- 0x7f6b901a1440 con 0x7f6b9010a7d0
2024-05-14T15:13:07.886 INFO:teuthology.orchestra.run.smithi005.stdout:/usr/bin/ceph: stderr
2024-05-14T15:13:07.043+0000 7f6b8d7fa700 1 -- 172.21.15.5:0/448910701 <== mon.0 v2:172.21.15.5:3300/0 4 ==== mgrmap(e 5) ==== 50222+0+0 (secure 0 0 0) 0x7f6b80019800 con 0x7f6b9010a7d0
2024-05-14T15:13:07.886 INFO:teuthology.orchestra.run.smithi005.stdout:/usr/bin/ceph: stderr
2024-05-14T15:13:07.043+0000 7f6b96495700 1 -- 172.21.15.5:0/448910701 --> [v2:172.21.15.5:3300/0,v1:172.21.15.5:6789/0] -- mon_command({"prefix": "get_command_descriptions"} v 0) -- 0x7f6b90064e20 con 0x7f6b9010a7d0
2024-05-14T15:13:07.886 INFO:teuthology.orchestra.run.smithi005.stdout:/usr/bin/ceph: stderr
2024-05-14T15:13:07.043+0000 7f6b8d7fa700 1 --2- 172.21.15.5:0/448910701 >> [v2:172.21.15.5:6800/2401136202,v1:172.21.15.5:6801/2401136202] conn(0x7f6b7803e470 0x7f6b78040980 unknown :-1 s=NONE pgs=0 cs=0 l=1 rev1=0 crypto rx=0 tx=0 comp rx=0 tx=0).connect
2024-05-14T15:13:07.887 INFO:teuthology.orchestra.run.smithi005.stdout:/usr/bin/ceph: stderr
2024-05-14T15:13:07.043+0000 7f6b8f7fe700 1 -- 172.21.15.5:0/448910701 >> [v2:172.21.15.5:6800/2401136202,v1:172.21.15.5:6801/2401136202] conn(0x7f6b7803e470 msgr2=0x7f6b78040980 unknown :-1 s=STATE_CONNECTING_RE l=1).process reconnect failed to v2:172.21.15.5:6800/2401136202
2024-05-14T15:13:07.887 INFO:teuthology.orchestra.run.smithi005.stdout:/usr/bin/ceph: stderr
2024-05-14T15:13:07.043+0000 7f6b8d7fa700 1 -- 172.21.15.5:0/448910701 <== mon.0 v2:172.21.15.5:3300/0 5 ==== osd_map(1..1 src has 1..1) ==== 725+0+0 (secure 0 0 0) 0x7f6b80054830 con 0x7f6b9010a7d0
2024-05-14T15:13:07.887 INFO:teuthology.orchestra.run.smithi005.stdout:/usr/bin/ceph: stderr
2024-05-14T15:13:07.043+0000 7f6b8f7fe700 1 --2- 172.21.15.5:0/448910701 >> [v2:172.21.15.5:6800/2401136202,v1:172.21.15.5:6801/2401136202] conn(0x7f6b7803e470 0x7f6b78040980 unknown :-1 s=START_CONNECT pgs=0 cs=0 l=1 rev1=0 crypto rx=0 tx=0 comp rx=0 tx=0)._fault waiting 0.200000
2024-05-14T15:13:07.887 INFO:teuthology.orchestra.run.smithi005.stdout:/usr/bin/ceph: stderr
2024-05-14T15:13:07.049+0000 7f6b8d7fa700 1 -- 172.21.15.5:0/448910701 <== mon.0 v2:172.21.15.5:3300/0 6 ==== mon_command_ack([{"prefix": "get_command_descriptions"}]=0 v0) ==== 72+0+191963 (secure 0 0 0) 0x7f6b80017e90 con 0x7f6b9010a7d0
2024-05-14T15:13:07.887 INFO:teuthology.orchestra.run.smithi005.stdout:/usr/bin/ceph: stderr
2024-05-14T15:13:07.244+0000 7f6b8f7fe700 1 -- 172.21.15.5:0/448910701 >> [v2:172.21.15.5:6800/2401136202,v1:172.21.15.5:6801/2401136202] conn(0x7f6b7803e470 msgr2=0x7f6b78040980 unknown :-1 s=STATE_CONNECTING_RE l=1).process reconnect failed to v2:172.21.15.5:6800/2401136202
2024-05-14T15:13:07.887 INFO:teuthology.orchestra.run.smithi005.stdout:/usr/bin/ceph: stderr
2024-05-14T15:13:07.244+0000 7f6b8f7fe700 1 --2- 172.21.15.5:0/448910701 >> [v2:172.21.15.5:6800/2401136202,v1:172.21.15.5:6801/2401136202] conn(0x7f6b7803e470 0x7f6b78040980 unknown :-1 s=START_CONNECT pgs=0 cs=0 l=1 rev1=0 crypto rx=0 tx=0 comp rx=0 tx=0)._fault waiting 0.400000
2024-05-14T15:13:07.887 INFO:teuthology.orchestra.run.smithi005.stdout:/usr/bin/ceph: stderr
2024-05-14T15:13:07.331+0000 7f6b96495700 1 -- 172.21.15.5:0/448910701 --> [v2:172.21.15.5:3300/0,v1:172.21.15.5:6789/0] -- mon_command({"prefix": "mgr stat"} v 0) -- 0x7f6b901a1ae0 con 0x7f6b9010a7d0
2024-05-14T15:13:07.887 INFO:teuthology.orchestra.run.smithi005.stdout:/usr/bin/ceph: stderr
2024-05-14T15:13:07.332+0000 7f6b8d7fa700 1 -- 172.21.15.5:0/448910701 <== mon.0 v2:172.21.15.5:3300/0 7 ==== mon_command_ack([{"prefix": "mgr stat"}]=0 v5) ==== 56+0+88 (secure 0 0 0) 0x7f6b80023390 con 0x7f6b9010a7d0
2024-05-14T15:13:07.887 INFO:teuthology.orchestra.run.smithi005.stdout:/usr/bin/ceph: stderr
2024-05-14T15:13:07.336+0000 7f6b96495700 1 -- 172.21.15.5:0/448910701 >> [v2:172.21.15.5:6800/2401136202,v1:172.21.15.5:6801/2401136202] conn(0x7f6b7803e470 msgr2=0x7f6b78040980 unknown :-1 s=STATE_CONNECTING l=1).mark_down
2024-05-14T15:13:07.887 INFO:teuthology.orchestra.run.smithi005.stdout:/usr/bin/ceph: stderr
2024-05-14T15:13:07.336+0000 7f6b96495700 1 --2- 172.21.15.5:0/448910701 >> [v2:172.21.15.5:6800/2401136202,v1:172.21.15.5:6801/2401136202] conn(0x7f6b7803e470 0x7f6b78040980 unknown :-1 s=START_CONNECT pgs=0 cs=0 l=1 rev1=0 crypto rx=0 tx=0 comp rx=0 tx=0).stop
2024-05-14T15:13:07.887 INFO:teuthology.orchestra.run.smithi005.stdout:/usr/bin/ceph: stderr
2024-05-14T15:13:07.336+0000 7f6b96495700 1 -- 172.21.15.5:0/448910701 >> [v2:172.21.15.5:3300/0,v1:172.21.15.5:6789/0] conn(0x7f6b9010a7d0 msgr2=0x7f6b9019e060 secure :-1 s=STATE_CONNECTION_ESTABLISHED l=1).mark_down
2024-05-14T15:13:07.887 INFO:teuthology.orchestra.run.smithi005.stdout:/usr/bin/ceph: stderr
2024-05-14T15:13:07.336+0000 7f6b96495700 1 --2- 172.21.15.5:0/448910701 >> [v2:172.21.15.5:3300/0,v1:172.21.15.5:6789/0] conn(0x7f6b9010a7d0 0x7f6b9019e060 secure :-1 s=READY pgs=25 cs=0 l=1 rev1=1 crypto rx=0x7f6b80009fb0 tx=0x7f6b80011940 comp rx=0 tx=0).stop
2024-05-14T15:13:07.887 INFO:teuthology.orchestra.run.smithi005.stdout:/usr/bin/ceph: stderr
2024-05-14T15:13:07.337+0000 7f6b96495700 1 -- 172.21.15.5:0/448910701 shutdown_connections
2024-05-14T15:13:07.888 INFO:teuthology.orchestra.run.smithi005.stdout:/usr/bin/ceph: stderr
2024-05-14T15:13:07.337+0000 7f6b96495700 1 --2- 172.21.15.5:0/448910701 >> [v2:172.21.15.5:6800/2401136202,v1:172.21.15.5:6801/2401136202] conn(0x7f6b7803e470 0x7f6b78040980 unknown :-1 s=CLOSED pgs=0 cs=0 l=1 rev1=0 crypto rx=0 tx=0 comp rx=0 tx=0).stop
2024-05-14T15:13:07.888 INFO:teuthology.orchestra.run.smithi005.stdout:/usr/bin/ceph: stderr
2024-05-14T15:13:07.337+0000 7f6b96495700 1 --2- 172.21.15.5:0/448910701 >> [v2:172.21.15.5:3300/0,v1:172.21.15.5:6789/0] conn(0x7f6b9010a7d0 0x7f6b9019e060 unknown :-1 s=CLOSED pgs=25 cs=0 l=1 rev1=1 crypto rx=0 tx=0 comp rx=0 tx=0).stop
2024-05-14T15:13:07.888 INFO:teuthology.orchestra.run.smithi005.stdout:/usr/bin/ceph: stderr
2024-05-14T15:13:07.337+0000 7f6b96495700 1 -- 172.21.15.5:0/448910701 >> 172.21.15.5:0/448910701 conn(0x7f6b90104290 msgr2=0x7f6b90104da0 unknown :-1 s=STATE_NONE l=0).mark_down
2024-05-14T15:13:07.888 INFO:teuthology.orchestra.run.smithi005.stdout:/usr/bin/ceph: stderr
2024-05-14T15:13:07.337+0000 7f6b96495700 1 -- 172.21.15.5:0/448910701 shutdown_connections
2024-05-14T15:13:07.888 INFO:teuthology.orchestra.run.smithi005.stdout:/usr/bin/ceph: stderr
2024-05-14T15:13:07.337+0000 7f6b96495700 1 -- 172.21.15.5:0/448910701 wait complete.
2024-05-14T15:13:07.888 INFO:teuthology.orchestra.run.smithi005.stdout:Waiting for the mgr to restart...
2024-05-14T15:13:07.888 INFO:teuthology.orchestra.run.smithi005.stdout:Waiting for mgr epoch 5...
2024-05-14T15:13:08.311 INFO:journalctl@ceph.mon.a.smithi005.stdout:May 14 15:13:07 smithi005 ceph-mon[31559]: from='client.? 172.21.15.5:0/448910701' entity='client.admin' cmd=[{"prefix": "mgr stat"}]: dispatch
2024-05-14T15:13:08.312 INFO:journalctl@ceph.mgr.x.smithi005.stdout:May 14 15:13:08 smithi005 ceph-4a7148fe-1204-11ef-bc98-c7b262605968-mgr-x[31787]:
2024-05-14T15:13:08.198+0000 7fd30e8c2200 -1 mgr[py] Module telegraf has missing NOTIFY_TYPES member
2024-05-14T15:13:08.811 INFO:journalctl@ceph.mgr.x.smithi005.stdout:May 14 15:13:08 smithi005 ceph-4a7148fe-1204-11ef-bc98-c7b262605968-mgr-x[31787]:
2024-05-14T15:13:08.387+0000 7fd30e8c2200 -1 mgr[py] Module osd_support has missing NOTIFY_TYPES member
2024-05-14T15:13:08.811 INFO:journalctl@ceph.mgr.x.smithi005.stdout:May 14 15:13:08 smithi005 ceph-4a7148fe-1204-11ef-bc98-c7b262605968-mgr-x[31787]:
2024-05-14T15:13:08.566+0000 7fd30e8c2200 -1 mgr[py] Module iostat has missing NOTIFY_TYPES member
2024-05-14T15:13:09.184 INFO:journalctl@ceph.mgr.x.smithi005.stdout:May 14 15:13:08 smithi005 ceph-4a7148fe-1204-11ef-bc98-c7b262605968-mgr-x[31787]:
2024-05-14T15:13:08.873+0000 7fd30e8c2200 -1 mgr[py] Module alerts has missing NOTIFY_TYPES member
2024-05-14T15:13:09.184 INFO:journalctl@ceph.mgr.x.smithi005.stdout:May 14 15:13:08 smithi005 ceph-4a7148fe-1204-11ef-bc98-c7b262605968-mgr-x[31787]:
2024-05-14T15:13:08.972+0000 7fd30e8c2200 -1 mgr[py] Module selftest has missing NOTIFY_TYPES member
2024-05-14T15:13:09.184 INFO:journalctl@ceph.mgr.x.smithi005.stdout:May 14 15:13:09 smithi005 ceph-4a7148fe-1204-11ef-bc98-c7b262605968-mgr-x[31787]:
2024-05-14T15:13:09.187+0000 7fd30e8c2200 -1 mgr[py] Module pg_autoscaler has missing NOTIFY_TYPES member
2024-05-14T15:13:09.561 INFO:journalctl@ceph.mgr.x.smithi005.stdout:May 14 15:13:09 smithi005 ceph-4a7148fe-1204-11ef-bc98-c7b262605968-mgr-x[31787]:
2024-05-14T15:13:09.392+0000 7fd30e8c2200 -1 mgr[py] Module test_orchestrator has missing NOTIFY_TYPES member
2024-05-14T15:13:10.311 INFO:journalctl@ceph.mgr.x.smithi005.stdout:May 14 15:13:10 smithi005 ceph-4a7148fe-1204-11ef-bc98-c7b262605968-mgr-x[31787]:
2024-05-14T15:13:10.033+0000 7fd30e8c2200 -1 mgr[py] Module rook has missing NOTIFY_TYPES member
2024-05-14T15:13:10.311 INFO:journalctl@ceph.mgr.x.smithi005.stdout:May 14 15:13:10 smithi005 ceph-4a7148fe-1204-11ef-bc98-c7b262605968-mgr-x[31787]:
2024-05-14T15:13:10.271+0000 7fd30e8c2200 -1 mgr[py] Module smb has missing NOTIFY_TYPES member
2024-05-14T15:13:11.061 INFO:journalctl@ceph.mgr.x.smithi005.stdout:May 14 15:13:10 smithi005 ceph-4a7148fe-1204-11ef-bc98-c7b262605968-mgr-x[31787]:
2024-05-14T15:13:10.725+0000 7fd30e8c2200 -1 mgr[py] Module volumes has missing NOTIFY_TYPES member
2024-05-14T15:13:11.062 INFO:journalctl@ceph.mgr.x.smithi005.stdout:May 14 15:13:10 smithi005 ceph-4a7148fe-1204-11ef-bc98-c7b262605968-mgr-x[31787]:
2024-05-14T15:13:10.828+0000 7fd30e8c2200 -1 mgr[py] Module crash has missing NOTIFY_TYPES member
2024-05-14T15:13:11.561 INFO:journalctl@ceph.mgr.x.smithi005.stdout:May 14 15:13:11 smithi005 ceph-4a7148fe-1204-11ef-bc98-c7b262605968-mgr-x[31787]:
2024-05-14T15:13:11.239+0000 7fd30e8c2200 -1 mgr[py] Module rgw has missing NOTIFY_TYPES member
2024-05-14T15:13:11.980 INFO:journalctl@ceph.mgr.x.smithi005.stdout:May 14 15:13:11 smithi005 ceph-4a7148fe-1204-11ef-bc98-c7b262605968-mgr-x[31787]:
2024-05-14T15:13:11.619+0000 7fd30e8c2200 -1 mgr[py] Module prometheus has missing NOTIFY_TYPES member
2024-05-14T15:13:11.980 INFO:journalctl@ceph.mgr.x.smithi005.stdout:May 14 15:13:11 smithi005 ceph-4a7148fe-1204-11ef-bc98-c7b262605968-mgr-x[31787]:
2024-05-14T15:13:11.719+0000 7fd30e8c2200 -1 mgr[py] Module devicehealth has missing NOTIFY_TYPES member
2024-05-14T15:13:12.311 INFO:journalctl@ceph.mgr.x.smithi005.stdout:May 14 15:13:11 smithi005 ceph-4a7148fe-1204-11ef-bc98-c7b262605968-mgr-x[31787]:
2024-05-14T15:13:11.983+0000 7fd30e8c2200 -1 mgr[py] Module telemetry has missing NOTIFY_TYPES member
2024-05-14T15:13:12.312 INFO:journalctl@ceph.mgr.x.smithi005.stdout:May 14 15:13:12 smithi005 ceph-4a7148fe-1204-11ef-bc98-c7b262605968-mgr-x[31787]:
2024-05-14T15:13:12.125+0000 7fd30e8c2200 -1 mgr[py] Module diskprediction_local has missing NOTIFY_TYPES member
2024-05-14T15:13:12.312 INFO:journalctl@ceph.mgr.x.smithi005.stdout:May 14 15:13:12 smithi005 ceph-4a7148fe-1204-11ef-bc98-c7b262605968-mgr-x[31787]:
2024-05-14T15:13:12.228+0000 7fd30e8c2200 -1 mgr[py] Module osd_perf_query has missing NOTIFY_TYPES member
2024-05-14T15:13:13.061 INFO:journalctl@ceph.mgr.x.smithi005.stdout:May 14 15:13:12 smithi005 ceph-4a7148fe-1204-11ef-bc98-c7b262605968-mgr-x[31787]:
2024-05-14T15:13:12.580+0000 7fd30e8c2200 -1 mgr[py] Module rbd_support has missing NOTIFY_TYPES member
2024-05-14T15:13:13.061 INFO:journalctl@ceph.mgr.x.smithi005.stdout:May 14 15:13:12 smithi005 ceph-4a7148fe-1204-11ef-bc98-c7b262605968-mgr-x[31787]:
2024-05-14T15:13:12.678+0000 7fd30e8c2200 -1 mgr[py] Module zabbix has missing NOTIFY_TYPES member
2024-05-14T15:13:13.600 INFO:journalctl@ceph.mgr.x.smithi005.stdout:May 14 15:13:13 smithi005 ceph-4a7148fe-1204-11ef-bc98-c7b262605968-mgr-x[31787]:
2024-05-14T15:13:13.318+0000 7fd30e8c2200 -1 mgr[py] Module status has missing NOTIFY_TYPES member
2024-05-14T15:13:13.600 INFO:journalctl@ceph.mgr.x.smithi005.stdout:May 14 15:13:13 smithi005 ceph-4a7148fe-1204-11ef-bc98-c7b262605968-mgr-x[31787]:
2024-05-14T15:13:13.549+0000 7fd30e8c2200 -1 mgr[py] Module nfs has missing NOTIFY_TYPES member
2024-05-14T15:13:14.061 INFO:journalctl@ceph.mon.a.smithi005.stdout:May 14 15:13:13 smithi005 ceph-mon[31559]: Active manager daemon x restarted
2024-05-14T15:13:14.062 INFO:journalctl@ceph.mon.a.smithi005.stdout:May 14 15:13:13 smithi005 ceph-mon[31559]: Activating manager daemon x
2024-05-14T15:13:14.062 INFO:journalctl@ceph.mon.a.smithi005.stdout:May 14 15:13:13 smithi005 ceph-mon[31559]: osdmap e2: 0 total, 0 up, 0 in
2024-05-14T15:13:14.062 INFO:journalctl@ceph.mon.a.smithi005.stdout:May 14 15:13:13 smithi005 ceph-mon[31559]: mgrmap e6: x(active, starting, since 0.0042252s)
2024-05-14T15:13:14.062 INFO:journalctl@ceph.mon.a.smithi005.stdout:May 14 15:13:13 smithi005 ceph-mon[31559]: from='mgr.14118 172.21.15.5:0/3746158822' entity='mgr.x' cmd=[{"prefix": "mon metadata", "id": "a"}]: dispatch
2024-05-14T15:13:14.062 INFO:journalctl@ceph.mon.a.smithi005.stdout:May 14 15:13:13 smithi005 ceph-mon[31559]: from='mgr.14118 172.21.15.5:0/3746158822' entity='mgr.x' cmd=[{"prefix": "mgr metadata", "who": "x", "id": "x"}]: dispatch
2024-05-14T15:13:14.062 INFO:journalctl@ceph.mon.a.smithi005.stdout:May 14 15:13:13 smithi005 ceph-mon[31559]: from='mgr.14118 172.21.15.5:0/3746158822' entity='mgr.x' cmd=[{"prefix": "mds metadata"}]: dispatch
2024-05-14T15:13:14.062 INFO:journalctl@ceph.mon.a.smithi005.stdout:May 14 15:13:13 smithi005 ceph-mon[31559]: from='mgr.14118 172.21.15.5:0/3746158822' entity='mgr.x' cmd=[{"prefix": "osd metadata"}]: dispatch
2024-05-14T15:13:14.062 INFO:journalctl@ceph.mon.a.smithi005.stdout:May 14 15:13:13 smithi005 ceph-mon[31559]: from='mgr.14118 172.21.15.5:0/3746158822' entity='mgr.x' cmd=[{"prefix": "mon metadata"}]: dispatch
2024-05-14T15:13:14.062 INFO:journalctl@ceph.mon.a.smithi005.stdout:May 14 15:13:13 smithi005 ceph-mon[31559]: Manager daemon x is now available
2024-05-14T15:13:14.062 INFO:journalctl@ceph.mon.a.smithi005.stdout:May 14 15:13:13 smithi005 ceph-mon[31559]: from='mgr.14118 172.21.15.5:0/3746158822' entity='mgr.x'
2024-05-14T15:13:14.062 INFO:journalctl@ceph.mon.a.smithi005.stdout:May 14 15:13:13 smithi005 ceph-mon[31559]: from='mgr.14118 172.21.15.5:0/3746158822' entity='mgr.x'
2024-05-14T15:13:14.062 INFO:journalctl@ceph.mon.a.smithi005.stdout:May 14 15:13:13 smithi005 ceph-mon[31559]: from='mgr.14118 172.21.15.5:0/3746158822' entity='mgr.x' cmd=[{"prefix": "config dump", "format": "json"}]: dispatch
2024-05-14T15:13:14.062 INFO:journalctl@ceph.mon.a.smithi005.stdout:May 14 15:13:13 smithi005 ceph-mon[31559]: from='mgr.14118 172.21.15.5:0/3746158822' entity='mgr.x' cmd=[{"prefix": "config dump", "format": "json"}]: dispatch
2024-05-14T15:13:14.811 INFO:journalctl@ceph.mon.a.smithi005.stdout:May 14 15:13:14 smithi005 ceph-mon[31559]: Found migration_current of "None". Setting to last migration.
2024-05-14T15:13:14.811 INFO:journalctl@ceph.mon.a.smithi005.stdout:May 14 15:13:14 smithi005 ceph-mon[31559]: from='mgr.14118 172.21.15.5:0/3746158822' entity='mgr.x' cmd=[{"prefix":"config rm","who":"mgr","name":"mgr/rbd_support/x/mirror_snapshot_schedule"}]: dispatch
2024-05-14T15:13:14.812 INFO:journalctl@ceph.mon.a.smithi005.stdout:May 14 15:13:14 smithi005 ceph-mon[31559]: from='mgr.14118 172.21.15.5:0/3746158822' entity='mgr.x' cmd=[{"prefix":"config rm","who":"mgr","name":"mgr/rbd_support/x/trash_purge_schedule"}]: dispatch
2024-05-14T15:13:14.812 INFO:journalctl@ceph.mon.a.smithi005.stdout:May 14 15:13:14 smithi005 ceph-mon[31559]: from='mgr.14118 172.21.15.5:0/3746158822' entity='mgr.x'
2024-05-14T15:13:14.812 INFO:journalctl@ceph.mon.a.smithi005.stdout:May 14 15:13:14 smithi005 ceph-mon[31559]: from='mgr.14118 172.21.15.5:0/3746158822' entity='mgr.x'
2024-05-14T15:13:14.812 INFO:journalctl@ceph.mon.a.smithi005.stdout:May 14 15:13:14 smithi005 ceph-mon[31559]: mgrmap e7: x(active, since 1.00688s)
2024-05-14T15:13:15.075 INFO:teuthology.orchestra.run.smithi005.stdout:/usr/bin/ceph: stdout {
2024-05-14T15:13:15.075 INFO:teuthology.orchestra.run.smithi005.stdout:/usr/bin/ceph: stdout "mgrmap_epoch": 7,
2024-05-14T15:13:15.075 INFO:teuthology.orchestra.run.smithi005.stdout:/usr/bin/ceph: stdout "initialized": true
2024-05-14T15:13:15.076 INFO:teuthology.orchestra.run.smithi005.stdout:/usr/bin/ceph: stdout }
2024-05-14T15:13:15.076 INFO:teuthology.orchestra.run.smithi005.stdout:/usr/bin/ceph: stderr
2024-05-14T15:13:08.338+0000 7fbbaae1f700 1 Processor -- start
2024-05-14T15:13:15.076 INFO:teuthology.orchestra.run.smithi005.stdout:/usr/bin/ceph: stderr
2024-05-14T15:13:08.338+0000 7fbbaae1f700 1 -- start start
2024-05-14T15:13:15.076 INFO:teuthology.orchestra.run.smithi005.stdout:/usr/bin/ceph: stderr
2024-05-14T15:13:08.338+0000 7fbbaae1f700 1 --2- >> [v2:172.21.15.5:3300/0,v1:172.21.15.5:6789/0] conn(0x7fbba407cc60 0x7fbba410ec80 unknown :-1 s=NONE pgs=0 cs=0 l=0 rev1=0 crypto rx=0 tx=0 comp rx=0 tx=0).connect
2024-05-14T15:13:15.076 INFO:teuthology.orchestra.run.smithi005.stdout:/usr/bin/ceph: stderr
2024-05-14T15:13:08.338+0000 7fbbaae1f700 1 -- --> [v2:172.21.15.5:3300/0,v1:172.21.15.5:6789/0] -- mon_getmap magic: 0 -- 0x7fbba410f1c0 con 0x7fbba407cc60
2024-05-14T15:13:15.076 INFO:teuthology.orchestra.run.smithi005.stdout:/usr/bin/ceph: stderr
2024-05-14T15:13:08.338+0000 7fbba8bbb700 1 --2- >> [v2:172.21.15.5:3300/0,v1:172.21.15.5:6789/0] conn(0x7fbba407cc60 0x7fbba410ec80 unknown :-1 s=BANNER_CONNECTING pgs=0 cs=0 l=0 rev1=0 crypto rx=0 tx=0 comp rx=0 tx=0)._handle_peer_banner_payload supported=3 required=0
2024-05-14T15:13:15.076 INFO:teuthology.orchestra.run.smithi005.stdout:/usr/bin/ceph: stderr
2024-05-14T15:13:08.338+0000 7fbba8bbb700 1 --2- >> [v2:172.21.15.5:3300/0,v1:172.21.15.5:6789/0] conn(0x7fbba407cc60 0x7fbba410ec80 unknown :-1 s=HELLO_CONNECTING pgs=0 cs=0 l=0 rev1=1 crypto rx=0 tx=0 comp rx=0 tx=0).handle_hello peer v2:172.21.15.5:3300/0 says I am v2:172.21.15.5:55786/0 (socket says 172.21.15.5:55786)
2024-05-14T15:13:15.076 INFO:teuthology.orchestra.run.smithi005.stdout:/usr/bin/ceph: stderr
2024-05-14T15:13:08.338+0000 7fbba8bbb700 1 -- 172.21.15.5:0/1193947232 learned_addr learned my addr 172.21.15.5:0/1193947232 (peer_addr_for_me v2:172.21.15.5:0/0)
2024-05-14T15:13:15.076 INFO:teuthology.orchestra.run.smithi005.stdout:/usr/bin/ceph: stderr
2024-05-14T15:13:08.339+0000 7fbba8bbb700 1 -- 172.21.15.5:0/1193947232 --> [v2:172.21.15.5:3300/0,v1:172.21.15.5:6789/0] -- mon_subscribe({config=0+,monmap=0+}) -- 0x7fbba410f340 con 0x7fbba407cc60
2024-05-14T15:13:15.076 INFO:teuthology.orchestra.run.smithi005.stdout:/usr/bin/ceph: stderr
2024-05-14T15:13:08.339+0000 7fbba8bbb700 1 --2- 172.21.15.5:0/1193947232 >> [v2:172.21.15.5:3300/0,v1:172.21.15.5:6789/0] conn(0x7fbba407cc60 0x7fbba410ec80 secure :-1 s=READY pgs=26 cs=0 l=1 rev1=1 crypto rx=0x7fbb980098a0 tx=0x7fbb98009bb0 comp rx=0 tx=0).ready entity=mon.0 client_cookie=40ede5560120960f server_cookie=0 in_seq=0 out_seq=0
2024-05-14T15:13:15.076 INFO:teuthology.orchestra.run.smithi005.stdout:/usr/bin/ceph: stderr
2024-05-14T15:13:08.339+0000 7fbba37fe700 1 -- 172.21.15.5:0/1193947232 <== mon.0 v2:172.21.15.5:3300/0 1 ==== mon_map magic: 0 ==== 205+0+0 (secure 0 0 0) 0x7fbb98004160 con 0x7fbba407cc60
2024-05-14T15:13:15.076 INFO:teuthology.orchestra.run.smithi005.stdout:/usr/bin/ceph: stderr
2024-05-14T15:13:08.339+0000 7fbba37fe700 1 -- 172.21.15.5:0/1193947232 <== mon.0 v2:172.21.15.5:3300/0 2 ==== config(26 keys) ==== 1070+0+0 (secure 0 0 0) 0x7fbb98004300 con 0x7fbba407cc60
2024-05-14T15:13:15.076 INFO:teuthology.orchestra.run.smithi005.stdout:/usr/bin/ceph: stderr
2024-05-14T15:13:08.339+0000 7fbba37fe700 1 -- 172.21.15.5:0/1193947232 <== mon.0 v2:172.21.15.5:3300/0 3 ==== mon_map magic: 0 ==== 205+0+0 (secure 0 0 0) 0x7fbb98011af0 con 0x7fbba407cc60
2024-05-14T15:13:15.076 INFO:teuthology.orchestra.run.smithi005.stdout:/usr/bin/ceph: stderr
2024-05-14T15:13:08.340+0000 7fbbaae1f700 1 -- 172.21.15.5:0/1193947232 >> [v2:172.21.15.5:3300/0,v1:172.21.15.5:6789/0] conn(0x7fbba407cc60 msgr2=0x7fbba410ec80 secure :-1 s=STATE_CONNECTION_ESTABLISHED l=1).mark_down
2024-05-14T15:13:15.077 INFO:teuthology.orchestra.run.smithi005.stdout:/usr/bin/ceph: stderr
2024-05-14T15:13:08.340+0000 7fbbaae1f700 1 --2- 172.21.15.5:0/1193947232 >> [v2:172.21.15.5:3300/0,v1:172.21.15.5:6789/0] conn(0x7fbba407cc60 0x7fbba410ec80 secure :-1 s=READY pgs=26 cs=0 l=1 rev1=1 crypto rx=0x7fbb980098a0 tx=0x7fbb98009bb0 comp rx=0 tx=0).stop
2024-05-14T15:13:15.077 INFO:teuthology.orchestra.run.smithi005.stdout:/usr/bin/ceph: stderr
2024-05-14T15:13:08.340+0000 7fbbaae1f700 1 -- 172.21.15.5:0/1193947232 shutdown_connections
2024-05-14T15:13:15.077 INFO:teuthology.orchestra.run.smithi005.stdout:/usr/bin/ceph: stderr
2024-05-14T15:13:08.340+0000 7fbbaae1f700 1 --2- 172.21.15.5:0/1193947232 >> [v2:172.21.15.5:3300/0,v1:172.21.15.5:6789/0] conn(0x7fbba407cc60 0x7fbba410ec80 unknown :-1 s=CLOSED pgs=26 cs=0 l=1 rev1=1 crypto rx=0 tx=0 comp rx=0 tx=0).stop
2024-05-14T15:13:15.077 INFO:teuthology.orchestra.run.smithi005.stdout:/usr/bin/ceph: stderr
2024-05-14T15:13:08.340+0000 7fbbaae1f700 1 -- 172.21.15.5:0/1193947232 >> 172.21.15.5:0/1193947232 conn(0x7fbba4104290 msgr2=0x7fbba41066e0 unknown :-1 s=STATE_NONE l=0).mark_down
2024-05-14T15:13:15.077 INFO:teuthology.orchestra.run.smithi005.stdout:/usr/bin/ceph: stderr
2024-05-14T15:13:08.340+0000 7fbbaae1f700 1 -- 172.21.15.5:0/1193947232 shutdown_connections
2024-05-14T15:13:15.077 INFO:teuthology.orchestra.run.smithi005.stdout:/usr/bin/ceph: stderr
2024-05-14T15:13:08.340+0000 7fbbaae1f700 1 -- 172.21.15.5:0/1193947232 wait complete.
2024-05-14T15:13:15.077 INFO:teuthology.orchestra.run.smithi005.stdout:/usr/bin/ceph: stderr
2024-05-14T15:13:08.341+0000 7fbbaae1f700 1 Processor -- start
2024-05-14T15:13:15.077 INFO:teuthology.orchestra.run.smithi005.stdout:/usr/bin/ceph: stderr
2024-05-14T15:13:08.341+0000 7fbbaae1f700 1 -- start start
2024-05-14T15:13:15.077 INFO:teuthology.orchestra.run.smithi005.stdout:/usr/bin/ceph: stderr
2024-05-14T15:13:08.341+0000 7fbbaae1f700 1 --2- >> [v2:172.21.15.5:3300/0,v1:172.21.15.5:6789/0] conn(0x7fbba407cc60 0x7fbba41a02d0 unknown :-1 s=NONE pgs=0 cs=0 l=1 rev1=0 crypto rx=0 tx=0 comp rx=0 tx=0).connect
2024-05-14T15:13:15.077 INFO:teuthology.orchestra.run.smithi005.stdout:/usr/bin/ceph: stderr
2024-05-14T15:13:08.341+0000 7fbbaae1f700 1 -- --> [v2:172.21.15.5:3300/0,v1:172.21.15.5:6789/0] -- mon_getmap magic: 0 -- 0x7fbba41101e0 con 0x7fbba407cc60
2024-05-14T15:13:15.077 INFO:teuthology.orchestra.run.smithi005.stdout:/usr/bin/ceph: stderr
2024-05-14T15:13:08.341+0000 7fbba8bbb700 1 --2- >> [v2:172.21.15.5:3300/0,v1:172.21.15.5:6789/0] conn(0x7fbba407cc60 0x7fbba41a02d0 unknown :-1 s=BANNER_CONNECTING pgs=0 cs=0 l=1 rev1=0 crypto rx=0 tx=0 comp rx=0 tx=0)._handle_peer_banner_payload supported=3 required=0
2024-05-14T15:13:15.077 INFO:teuthology.orchestra.run.smithi005.stdout:/usr/bin/ceph: stderr
2024-05-14T15:13:08.341+0000 7fbba8bbb700 1 --2- >> [v2:172.21.15.5:3300/0,v1:172.21.15.5:6789/0] conn(0x7fbba407cc60 0x7fbba41a02d0 unknown :-1 s=HELLO_CONNECTING pgs=0 cs=0 l=1 rev1=1 crypto rx=0 tx=0 comp rx=0 tx=0).handle_hello peer v2:172.21.15.5:3300/0 says I am v2:172.21.15.5:55788/0 (socket says 172.21.15.5:55788)
2024-05-14T15:13:15.077 INFO:teuthology.orchestra.run.smithi005.stdout:/usr/bin/ceph: stderr
2024-05-14T15:13:08.341+0000 7fbba8bbb700 1 -- 172.21.15.5:0/1401044358 learned_addr learned my addr 172.21.15.5:0/1401044358 (peer_addr_for_me v2:172.21.15.5:0/0)
2024-05-14T15:13:15.078 INFO:teuthology.orchestra.run.smithi005.stdout:/usr/bin/ceph: stderr
2024-05-14T15:13:08.341+0000 7fbba8bbb700 1 -- 172.21.15.5:0/1401044358 --> [v2:172.21.15.5:3300/0,v1:172.21.15.5:6789/0] -- mon_subscribe({config=0+,monmap=0+}) -- 0x7fbba41a0810 con 0x7fbba407cc60
2024-05-14T15:13:15.078 INFO:teuthology.orchestra.run.smithi005.stdout:/usr/bin/ceph: stderr
2024-05-14T15:13:08.342+0000 7fbba8bbb700 1 --2- 172.21.15.5:0/1401044358 >> [v2:172.21.15.5:3300/0,v1:172.21.15.5:6789/0] conn(0x7fbba407cc60 0x7fbba41a02d0 secure :-1 s=READY pgs=27 cs=0 l=1 rev1=1 crypto rx=0x7fbb98009fb0 tx=0x7fbb98011940 comp rx=0 tx=0).ready entity=mon.0 client_cookie=0 server_cookie=0 in_seq=0 out_seq=0
2024-05-14T15:13:15.078 INFO:teuthology.orchestra.run.smithi005.stdout:/usr/bin/ceph: stderr
2024-05-14T15:13:08.342+0000 7fbba1ffb700 1 -- 172.21.15.5:0/1401044358 <== mon.0 v2:172.21.15.5:3300/0 1 ==== mon_map magic: 0 ==== 205+0+0 (secure 0 0 0) 0x7fbb980036a0 con 0x7fbba407cc60
2024-05-14T15:13:15.078 INFO:teuthology.orchestra.run.smithi005.stdout:/usr/bin/ceph: stderr
2024-05-14T15:13:08.342+0000 7fbba1ffb700 1 -- 172.21.15.5:0/1401044358 <== mon.0 v2:172.21.15.5:3300/0 2 ==== config(26 keys) ==== 1070+0+0 (secure 0 0 0) 0x7fbb9801a430 con 0x7fbba407cc60
2024-05-14T15:13:15.078 INFO:teuthology.orchestra.run.smithi005.stdout:/usr/bin/ceph: stderr
2024-05-14T15:13:08.342+0000 7fbbaae1f700 1 -- 172.21.15.5:0/1401044358 --> [v2:172.21.15.5:3300/0,v1:172.21.15.5:6789/0] -- mon_subscribe({mgrmap=0+}) -- 0x7fbba41a0aa0 con 0x7fbba407cc60
2024-05-14T15:13:15.078 INFO:teuthology.orchestra.run.smithi005.stdout:/usr/bin/ceph: stderr
2024-05-14T15:13:08.342+0000 7fbba1ffb700 1 -- 172.21.15.5:0/1401044358 <== mon.0 v2:172.21.15.5:3300/0 3 ==== mon_map magic: 0 ==== 205+0+0 (secure 0 0 0) 0x7fbb98019550 con 0x7fbba407cc60
2024-05-14T15:13:15.078 INFO:teuthology.orchestra.run.smithi005.stdout:/usr/bin/ceph: stderr
2024-05-14T15:13:08.342+0000 7fbbaae1f700 1 -- 172.21.15.5:0/1401044358 --> [v2:172.21.15.5:3300/0,v1:172.21.15.5:6789/0] -- mon_subscribe({osdmap=0}) -- 0x7fbba41a36b0 con 0x7fbba407cc60
2024-05-14T15:13:15.078 INFO:teuthology.orchestra.run.smithi005.stdout:/usr/bin/ceph: stderr
2024-05-14T15:13:08.343+0000 7fbba1ffb700 1 -- 172.21.15.5:0/1401044358 <== mon.0 v2:172.21.15.5:3300/0 4 ==== mgrmap(e 5) ==== 50222+0+0 (secure 0 0 0) 0x7fbb98019850 con 0x7fbba407cc60
2024-05-14T15:13:15.078 INFO:teuthology.orchestra.run.smithi005.stdout:/usr/bin/ceph: stderr
2024-05-14T15:13:08.343+0000 7fbba1ffb700 1 --2- 172.21.15.5:0/1401044358 >> [v2:172.21.15.5:6800/2401136202,v1:172.21.15.5:6801/2401136202] conn(0x7fbb9403e420 0x7fbb94040930 unknown :-1 s=NONE pgs=0 cs=0 l=1 rev1=0 crypto rx=0 tx=0 comp rx=0 tx=0).connect
2024-05-14T15:13:15.078 INFO:teuthology.orchestra.run.smithi005.stdout:/usr/bin/ceph: stderr
2024-05-14T15:13:08.343+0000 7fbba1ffb700 1 -- 172.21.15.5:0/1401044358 --> [v2:172.21.15.5:6800/2401136202,v1:172.21.15.5:6801/2401136202] -- command(tid 0: {"prefix": "get_command_descriptions"}) -- 0x7fbb94041040 con 0x7fbb9403e420
2024-05-14T15:13:15.078 INFO:teuthology.orchestra.run.smithi005.stdout:/usr/bin/ceph: stderr
2024-05-14T15:13:08.343+0000 7fbba1ffb700 1 -- 172.21.15.5:0/1401044358 <== mon.0 v2:172.21.15.5:3300/0 5 ==== osd_map(1..1 src has 1..1) ==== 725+0+0 (secure 0 0 0) 0x7fbb98053890 con 0x7fbba407cc60
2024-05-14T15:13:15.078 INFO:teuthology.orchestra.run.smithi005.stdout:/usr/bin/ceph: stderr
2024-05-14T15:13:08.343+0000 7fbba3fff700 1 -- 172.21.15.5:0/1401044358 >> [v2:172.21.15.5:6800/2401136202,v1:172.21.15.5:6801/2401136202] conn(0x7fbb9403e420 msgr2=0x7fbb94040930 unknown :-1 s=STATE_CONNECTING_RE l=1).process reconnect failed to v2:172.21.15.5:6800/2401136202
