2024-05-14T15:13:27.288 INFO:teuthology.orchestra.run.smithi005.stdout:/usr/bin/ceph: stderr
2024-05-14T15:13:26.291+0000 7fe1c0c93700 1 --2- 172.21.15.5:0/2649777164 >> [v2:172.21.15.5:3300/0,v1:172.21.15.5:6789/0] conn(0x7fe1bc10a1a0 0x7fe1bc10a5b0 secure :-1 s=READY pgs=45 cs=0 l=1 rev1=1 crypto rx=0x7fe1ac0098a0 tx=0x7fe1ac009bb0 comp rx=0 tx=0).stop
2024-05-14T15:13:27.288 INFO:teuthology.orchestra.run.smithi005.stdout:/usr/bin/ceph: stderr
2024-05-14T15:13:26.291+0000 7fe1c0c93700 1 -- 172.21.15.5:0/2649777164 shutdown_connections
2024-05-14T15:13:27.288 INFO:teuthology.orchestra.run.smithi005.stdout:/usr/bin/ceph: stderr
2024-05-14T15:13:26.291+0000 7fe1c0c93700 1 --2- 172.21.15.5:0/2649777164 >> [v2:172.21.15.5:3300/0,v1:172.21.15.5:6789/0] conn(0x7fe1bc10a1a0 0x7fe1bc10a5b0 unknown :-1 s=CLOSED pgs=45 cs=0 l=1 rev1=1 crypto rx=0 tx=0 comp rx=0 tx=0).stop
2024-05-14T15:13:27.288 INFO:teuthology.orchestra.run.smithi005.stdout:/usr/bin/ceph: stderr
2024-05-14T15:13:26.291+0000 7fe1c0c93700 1 -- 172.21.15.5:0/2649777164 >> 172.21.15.5:0/2649777164 conn(0x7fe1bc103b20 msgr2=0x7fe1bc105f70 unknown :-1 s=STATE_NONE l=0).mark_down
2024-05-14T15:13:27.288 INFO:teuthology.orchestra.run.smithi005.stdout:/usr/bin/ceph: stderr
2024-05-14T15:13:26.291+0000 7fe1c0c93700 1 -- 172.21.15.5:0/2649777164 shutdown_connections
2024-05-14T15:13:27.288 INFO:teuthology.orchestra.run.smithi005.stdout:/usr/bin/ceph: stderr
2024-05-14T15:13:26.291+0000 7fe1c0c93700 1 -- 172.21.15.5:0/2649777164 wait complete.
2024-05-14T15:13:27.288 INFO:teuthology.orchestra.run.smithi005.stdout:/usr/bin/ceph: stderr
2024-05-14T15:13:26.292+0000 7fe1c0c93700 1 Processor -- start
2024-05-14T15:13:27.288 INFO:teuthology.orchestra.run.smithi005.stdout:/usr/bin/ceph: stderr
2024-05-14T15:13:26.292+0000 7fe1c0c93700 1 -- start start
2024-05-14T15:13:27.288 INFO:teuthology.orchestra.run.smithi005.stdout:/usr/bin/ceph: stderr
2024-05-14T15:13:26.293+0000 7fe1c0c93700 1 --2- >> [v2:172.21.15.5:3300/0,v1:172.21.15.5:6789/0] conn(0x7fe1bc10a1a0 0x7fe1bc19cf90 unknown :-1 s=NONE pgs=0 cs=0 l=1 rev1=0 crypto rx=0 tx=0 comp rx=0 tx=0).connect
2024-05-14T15:13:27.288 INFO:teuthology.orchestra.run.smithi005.stdout:/usr/bin/ceph: stderr
2024-05-14T15:13:26.293+0000 7fe1c0c93700 1 -- --> [v2:172.21.15.5:3300/0,v1:172.21.15.5:6789/0] -- mon_getmap magic: 0 -- 0x7fe1bc10ad20 con 0x7fe1bc10a1a0
2024-05-14T15:13:27.289 INFO:teuthology.orchestra.run.smithi005.stdout:/usr/bin/ceph: stderr
2024-05-14T15:13:26.293+0000 7fe1ba59c700 1 --2- >> [v2:172.21.15.5:3300/0,v1:172.21.15.5:6789/0] conn(0x7fe1bc10a1a0 0x7fe1bc19cf90 unknown :-1 s=BANNER_CONNECTING pgs=0 cs=0 l=1 rev1=0 crypto rx=0 tx=0 comp rx=0 tx=0)._handle_peer_banner_payload supported=3 required=0
2024-05-14T15:13:27.289 INFO:teuthology.orchestra.run.smithi005.stdout:/usr/bin/ceph: stderr
2024-05-14T15:13:26.293+0000 7fe1ba59c700 1 --2- >> [v2:172.21.15.5:3300/0,v1:172.21.15.5:6789/0] conn(0x7fe1bc10a1a0 0x7fe1bc19cf90 unknown :-1 s=HELLO_CONNECTING pgs=0 cs=0 l=1 rev1=1 crypto rx=0 tx=0 comp rx=0 tx=0).handle_hello peer v2:172.21.15.5:3300/0 says I am v2:172.21.15.5:43782/0 (socket says 172.21.15.5:43782)
2024-05-14T15:13:27.289 INFO:teuthology.orchestra.run.smithi005.stdout:/usr/bin/ceph: stderr
2024-05-14T15:13:26.293+0000 7fe1ba59c700 1 -- 172.21.15.5:0/3563912849 learned_addr learned my addr 172.21.15.5:0/3563912849 (peer_addr_for_me v2:172.21.15.5:0/0)
2024-05-14T15:13:27.289 INFO:teuthology.orchestra.run.smithi005.stdout:/usr/bin/ceph: stderr
2024-05-14T15:13:26.293+0000 7fe1ba59c700 1 -- 172.21.15.5:0/3563912849 --> [v2:172.21.15.5:3300/0,v1:172.21.15.5:6789/0] -- mon_subscribe({config=0+,monmap=0+}) -- 0x7fe1bc19d4d0 con 0x7fe1bc10a1a0
2024-05-14T15:13:27.289 INFO:teuthology.orchestra.run.smithi005.stdout:/usr/bin/ceph: stderr
2024-05-14T15:13:26.293+0000 7fe1ba59c700 1 --2- 172.21.15.5:0/3563912849 >> [v2:172.21.15.5:3300/0,v1:172.21.15.5:6789/0] conn(0x7fe1bc10a1a0 0x7fe1bc19cf90 secure :-1 s=READY pgs=46 cs=0 l=1 rev1=1 crypto rx=0x7fe1ac009fb0 tx=0x7fe1ac011890 comp rx=0 tx=0).ready entity=mon.0 client_cookie=0 server_cookie=0 in_seq=0 out_seq=0
2024-05-14T15:13:27.289 INFO:teuthology.orchestra.run.smithi005.stdout:/usr/bin/ceph: stderr
2024-05-14T15:13:26.293+0000 7fe1ab7fe700 1 -- 172.21.15.5:0/3563912849 <== mon.0 v2:172.21.15.5:3300/0 1 ==== mon_map magic: 0 ==== 205+0+0 (secure 0 0 0) 0x7fe1ac0036a0 con 0x7fe1bc10a1a0
2024-05-14T15:13:27.289 INFO:teuthology.orchestra.run.smithi005.stdout:/usr/bin/ceph: stderr
2024-05-14T15:13:26.293+0000 7fe1ab7fe700 1 -- 172.21.15.5:0/3563912849 <== mon.0 v2:172.21.15.5:3300/0 2 ==== config(26 keys) ==== 1070+0+0 (secure 0 0 0) 0x7fe1ac024440 con 0x7fe1bc10a1a0
2024-05-14T15:13:27.289 INFO:teuthology.orchestra.run.smithi005.stdout:/usr/bin/ceph: stderr
2024-05-14T15:13:26.293+0000 7fe1c0c93700 1 -- 172.21.15.5:0/3563912849 --> [v2:172.21.15.5:3300/0,v1:172.21.15.5:6789/0] -- mon_subscribe({mgrmap=0+}) -- 0x7fe1bc19d760 con 0x7fe1bc10a1a0
2024-05-14T15:13:27.289 INFO:teuthology.orchestra.run.smithi005.stdout:/usr/bin/ceph: stderr
2024-05-14T15:13:26.293+0000 7fe1ab7fe700 1 -- 172.21.15.5:0/3563912849 <== mon.0 v2:172.21.15.5:3300/0 3 ==== mon_map magic: 0 ==== 205+0+0 (secure 0 0 0) 0x7fe1ac01a5c0 con 0x7fe1bc10a1a0
2024-05-14T15:13:27.289 INFO:teuthology.orchestra.run.smithi005.stdout:/usr/bin/ceph: stderr
2024-05-14T15:13:26.293+0000 7fe1c0c93700 1 -- 172.21.15.5:0/3563912849 --> [v2:172.21.15.5:3300/0,v1:172.21.15.5:6789/0] -- mon_subscribe({osdmap=0}) -- 0x7fe1bc1a0370 con 0x7fe1bc10a1a0
2024-05-14T15:13:27.289 INFO:teuthology.orchestra.run.smithi005.stdout:/usr/bin/ceph: stderr
2024-05-14T15:13:26.294+0000 7fe1ab7fe700 1 -- 172.21.15.5:0/3563912849 <== mon.0 v2:172.21.15.5:3300/0 4 ==== mgrmap(e 8) ==== 50222+0+0 (secure 0 0 0) 0x7fe1ac01a830 con 0x7fe1bc10a1a0
2024-05-14T15:13:27.289 INFO:teuthology.orchestra.run.smithi005.stdout:/usr/bin/ceph: stderr
2024-05-14T15:13:26.294+0000 7fe1c0c93700 1 -- 172.21.15.5:0/3563912849 --> [v2:172.21.15.5:3300/0,v1:172.21.15.5:6789/0] -- mon_command({"prefix": "get_command_descriptions"} v 0) -- 0x7fe1bc064e20 con 0x7fe1bc10a1a0
2024-05-14T15:13:27.289 INFO:teuthology.orchestra.run.smithi005.stdout:/usr/bin/ceph: stderr
2024-05-14T15:13:26.295+0000 7fe1ab7fe700 1 --2- 172.21.15.5:0/3563912849 >> [v2:172.21.15.5:6800/2154399460,v1:172.21.15.5:6801/2154399460] conn(0x7fe1a403e470 0x7fe1a4040980 unknown :-1 s=NONE pgs=0 cs=0 l=1 rev1=0 crypto rx=0 tx=0 comp rx=0 tx=0).connect
2024-05-14T15:13:27.289 INFO:teuthology.orchestra.run.smithi005.stdout:/usr/bin/ceph: stderr
2024-05-14T15:13:26.295+0000 7fe1ab7fe700 1 -- 172.21.15.5:0/3563912849 <== mon.0 v2:172.21.15.5:3300/0 5 ==== osd_map(2..2 src has 1..2) ==== 940+0+0 (secure 0 0 0) 0x7fe1ac053730 con 0x7fe1bc10a1a0
2024-05-14T15:13:27.290 INFO:teuthology.orchestra.run.smithi005.stdout:/usr/bin/ceph: stderr
2024-05-14T15:13:26.295+0000 7fe1b9d9b700 1 --2- 172.21.15.5:0/3563912849 >> [v2:172.21.15.5:6800/2154399460,v1:172.21.15.5:6801/2154399460] conn(0x7fe1a403e470 0x7fe1a4040980 unknown :-1 s=BANNER_CONNECTING pgs=0 cs=0 l=1 rev1=0 crypto rx=0 tx=0 comp rx=0 tx=0)._handle_peer_banner_payload supported=3 required=0
2024-05-14T15:13:27.290 INFO:teuthology.orchestra.run.smithi005.stdout:/usr/bin/ceph: stderr
2024-05-14T15:13:26.295+0000 7fe1b9d9b700 1 --2- 172.21.15.5:0/3563912849 >> [v2:172.21.15.5:6800/2154399460,v1:172.21.15.5:6801/2154399460] conn(0x7fe1a403e470 0x7fe1a4040980 secure :-1 s=READY pgs=12 cs=0 l=1 rev1=1 crypto rx=0x7fe1b0006fd0 tx=0x7fe1b0006e40 comp rx=0 tx=0).ready entity=mgr.14118 client_cookie=0 server_cookie=0 in_seq=0 out_seq=0
2024-05-14T15:13:27.290 INFO:teuthology.orchestra.run.smithi005.stdout:/usr/bin/ceph: stderr
2024-05-14T15:13:26.300+0000 7fe1ab7fe700 1 -- 172.21.15.5:0/3563912849 <== mon.0 v2:172.21.15.5:3300/0 6 ==== mon_command_ack([{"prefix": "get_command_descriptions"}]=0 v0) ==== 72+0+191963 (secure 0 0 0) 0x7fe1ac017e90 con 0x7fe1bc10a1a0
2024-05-14T15:13:27.290 INFO:teuthology.orchestra.run.smithi005.stdout:/usr/bin/ceph: stderr
2024-05-14T15:13:26.534+0000 7fe1c0c93700 1 -- 172.21.15.5:0/3563912849 --> [v2:172.21.15.5:6800/2154399460,v1:172.21.15.5:6801/2154399460] -- mgr_command(tid 0: {"prefix": "orch apply", "service_type": "mon", "unmanaged": true, "target": ["mon-mgr", ""]}) -- 0x7fe1bc105cb0 con 0x7fe1a403e470
2024-05-14T15:13:27.290 INFO:teuthology.orchestra.run.smithi005.stdout:/usr/bin/ceph: stderr
2024-05-14T15:13:26.539+0000 7fe1ab7fe700 1 -- 172.21.15.5:0/3563912849 <== mgr.14118 v2:172.21.15.5:6800/2154399460 1 ==== mgr_command_reply(tid 0: 0 ) ==== 8+0+24 (secure 0 0 0) 0x7fe1bc105cb0 con 0x7fe1a403e470
2024-05-14T15:13:27.290 INFO:teuthology.orchestra.run.smithi005.stdout:/usr/bin/ceph: stderr
2024-05-14T15:13:26.541+0000 7fe1c0c93700 1 -- 172.21.15.5:0/3563912849 >> [v2:172.21.15.5:6800/2154399460,v1:172.21.15.5:6801/2154399460] conn(0x7fe1a403e470 msgr2=0x7fe1a4040980 secure :-1 s=STATE_CONNECTION_ESTABLISHED l=1).mark_down
2024-05-14T15:13:27.290 INFO:teuthology.orchestra.run.smithi005.stdout:/usr/bin/ceph: stderr
2024-05-14T15:13:26.541+0000 7fe1c0c93700 1 --2- 172.21.15.5:0/3563912849 >> [v2:172.21.15.5:6800/2154399460,v1:172.21.15.5:6801/2154399460] conn(0x7fe1a403e470 0x7fe1a4040980 secure :-1 s=READY pgs=12 cs=0 l=1 rev1=1 crypto rx=0x7fe1b0006fd0 tx=0x7fe1b0006e40 comp rx=0 tx=0).stop
2024-05-14T15:13:27.291 INFO:teuthology.orchestra.run.smithi005.stdout:/usr/bin/ceph: stderr
2024-05-14T15:13:26.541+0000 7fe1c0c93700 1 -- 172.21.15.5:0/3563912849 >> [v2:172.21.15.5:3300/0,v1:172.21.15.5:6789/0] conn(0x7fe1bc10a1a0 msgr2=0x7fe1bc19cf90 secure :-1 s=STATE_CONNECTION_ESTABLISHED l=1).mark_down
2024-05-14T15:13:27.291 INFO:teuthology.orchestra.run.smithi005.stdout:/usr/bin/ceph: stderr
2024-05-14T15:13:26.541+0000 7fe1c0c93700 1 --2- 172.21.15.5:0/3563912849 >> [v2:172.21.15.5:3300/0,v1:172.21.15.5:6789/0] conn(0x7fe1bc10a1a0 0x7fe1bc19cf90 secure :-1 s=READY pgs=46 cs=0 l=1 rev1=1 crypto rx=0x7fe1ac009fb0 tx=0x7fe1ac011890 comp rx=0 tx=0).stop
2024-05-14T15:13:27.291 INFO:teuthology.orchestra.run.smithi005.stdout:/usr/bin/ceph: stderr
2024-05-14T15:13:26.541+0000 7fe1c0c93700 1 -- 172.21.15.5:0/3563912849 shutdown_connections
2024-05-14T15:13:27.291 INFO:teuthology.orchestra.run.smithi005.stdout:/usr/bin/ceph: stderr
2024-05-14T15:13:26.541+0000 7fe1c0c93700 1 --2- 172.21.15.5:0/3563912849 >> [v2:172.21.15.5:6800/2154399460,v1:172.21.15.5:6801/2154399460] conn(0x7fe1a403e470 0x7fe1a4040980 unknown :-1 s=CLOSED pgs=12 cs=0 l=1 rev1=1 crypto rx=0 tx=0 comp rx=0 tx=0).stop
2024-05-14T15:13:27.291 INFO:teuthology.orchestra.run.smithi005.stdout:/usr/bin/ceph: stderr
2024-05-14T15:13:26.541+0000 7fe1c0c93700 1 --2- 172.21.15.5:0/3563912849 >> [v2:172.21.15.5:3300/0,v1:172.21.15.5:6789/0] conn(0x7fe1bc10a1a0 0x7fe1bc19cf90 unknown :-1 s=CLOSED pgs=46 cs=0 l=1 rev1=1 crypto rx=0 tx=0 comp rx=0 tx=0).stop
2024-05-14T15:13:27.291 INFO:teuthology.orchestra.run.smithi005.stdout:/usr/bin/ceph: stderr
2024-05-14T15:13:26.541+0000 7fe1c0c93700 1 -- 172.21.15.5:0/3563912849 >> 172.21.15.5:0/3563912849 conn(0x7fe1bc103b20 msgr2=0x7fe1bc105520 unknown :-1 s=STATE_NONE l=0).mark_down
2024-05-14T15:13:27.291 INFO:teuthology.orchestra.run.smithi005.stdout:/usr/bin/ceph: stderr
2024-05-14T15:13:26.541+0000 7fe1c0c93700 1 -- 172.21.15.5:0/3563912849 shutdown_connections
2024-05-14T15:13:27.291 INFO:teuthology.orchestra.run.smithi005.stdout:/usr/bin/ceph: stderr
2024-05-14T15:13:26.541+0000 7fe1c0c93700 1 -- 172.21.15.5:0/3563912849 wait complete.
2024-05-14T15:13:27.291 INFO:teuthology.orchestra.run.smithi005.stdout:Deploying unmanaged mgr service...
2024-05-14T15:13:27.812 INFO:journalctl@ceph.mon.a.smithi005.stdout:May 14 15:13:27 smithi005 ceph-mon[31559]: from='client.14140 -' entity='client.admin' cmd=[{"prefix": "orch apply", "service_type": "mon", "unmanaged": true, "target": ["mon-mgr", ""]}]: dispatch
2024-05-14T15:13:27.812 INFO:journalctl@ceph.mon.a.smithi005.stdout:May 14 15:13:27 smithi005 ceph-mon[31559]: Saving service mon spec with placement count:5
2024-05-14T15:13:27.812 INFO:journalctl@ceph.mon.a.smithi005.stdout:May 14 15:13:27 smithi005 ceph-mon[31559]: from='mgr.14118 172.21.15.5:0/3746158822' entity='mgr.x'
2024-05-14T15:13:29.215 INFO:journalctl@ceph.mon.a.smithi005.stdout:May 14 15:13:29 smithi005 ceph-mon[31559]: from='mgr.14118 172.21.15.5:0/3746158822' entity='mgr.x'
2024-05-14T15:13:29.215 INFO:journalctl@ceph.mon.a.smithi005.stdout:May 14 15:13:29 smithi005 ceph-mon[31559]: from='client.14142 -' entity='client.admin' cmd=[{"prefix": "orch apply", "service_type": "mgr", "unmanaged": true, "target": ["mon-mgr", ""]}]: dispatch
2024-05-14T15:13:29.216 INFO:journalctl@ceph.mon.a.smithi005.stdout:May 14 15:13:29 smithi005 ceph-mon[31559]: Saving service mgr spec with placement count:2
2024-05-14T15:13:29.216 INFO:journalctl@ceph.mon.a.smithi005.stdout:May 14 15:13:29 smithi005 ceph-mon[31559]: from='mgr.14118 172.21.15.5:0/3746158822' entity='mgr.x'
2024-05-14T15:13:29.216 INFO:journalctl@ceph.mon.a.smithi005.stdout:May 14 15:13:29 smithi005 ceph-mon[31559]: from='mgr.14118 172.21.15.5:0/3746158822' entity='mgr.x'
2024-05-14T15:13:29.222 INFO:teuthology.orchestra.run.smithi005.stdout:/usr/bin/ceph: stdout Scheduled mgr update...
2024-05-14T15:13:29.222 INFO:teuthology.orchestra.run.smithi005.stdout:/usr/bin/ceph: stderr
2024-05-14T15:13:28.371+0000 7fa6ab2e4700 1 Processor -- start
2024-05-14T15:13:29.222 INFO:teuthology.orchestra.run.smithi005.stdout:/usr/bin/ceph: stderr
2024-05-14T15:13:28.371+0000 7fa6ab2e4700 1 -- start start
2024-05-14T15:13:29.223 INFO:teuthology.orchestra.run.smithi005.stdout:/usr/bin/ceph: stderr
2024-05-14T15:13:28.372+0000 7fa6ab2e4700 1 --2- >> [v2:172.21.15.5:3300/0,v1:172.21.15.5:6789/0] conn(0x7fa6a410a7d0 0x7fa6a410cbf0 unknown :-1 s=NONE pgs=0 cs=0 l=0 rev1=0 crypto rx=0 tx=0 comp rx=0 tx=0).connect
2024-05-14T15:13:29.223 INFO:teuthology.orchestra.run.smithi005.stdout:/usr/bin/ceph: stderr
2024-05-14T15:13:28.372+0000 7fa6ab2e4700 1 -- --> [v2:172.21.15.5:3300/0,v1:172.21.15.5:6789/0] -- mon_getmap magic: 0 -- 0x7fa6a407cdd0 con 0x7fa6a410a7d0
2024-05-14T15:13:29.223 INFO:teuthology.orchestra.run.smithi005.stdout:/usr/bin/ceph: stderr
2024-05-14T15:13:28.372+0000 7fa6a9080700 1 --2- >> [v2:172.21.15.5:3300/0,v1:172.21.15.5:6789/0] conn(0x7fa6a410a7d0 0x7fa6a410cbf0 unknown :-1 s=BANNER_CONNECTING pgs=0 cs=0 l=0 rev1=0 crypto rx=0 tx=0 comp rx=0 tx=0)._handle_peer_banner_payload supported=3 required=0
2024-05-14T15:13:29.223 INFO:teuthology.orchestra.run.smithi005.stdout:/usr/bin/ceph: stderr
2024-05-14T15:13:28.372+0000 7fa6a9080700 1 --2- >> [v2:172.21.15.5:3300/0,v1:172.21.15.5:6789/0] conn(0x7fa6a410a7d0 0x7fa6a410cbf0 unknown :-1 s=HELLO_CONNECTING pgs=0 cs=0 l=0 rev1=1 crypto rx=0 tx=0 comp rx=0 tx=0).handle_hello peer v2:172.21.15.5:3300/0 says I am v2:172.21.15.5:43788/0 (socket says 172.21.15.5:43788)
2024-05-14T15:13:29.223 INFO:teuthology.orchestra.run.smithi005.stdout:/usr/bin/ceph: stderr
2024-05-14T15:13:28.372+0000 7fa6a9080700 1 -- 172.21.15.5:0/27579831 learned_addr learned my addr 172.21.15.5:0/27579831 (peer_addr_for_me v2:172.21.15.5:0/0)
2024-05-14T15:13:29.223 INFO:teuthology.orchestra.run.smithi005.stdout:/usr/bin/ceph: stderr
2024-05-14T15:13:28.373+0000 7fa6a9080700 1 -- 172.21.15.5:0/27579831 --> [v2:172.21.15.5:3300/0,v1:172.21.15.5:6789/0] -- mon_subscribe({config=0+,monmap=0+}) -- 0x7fa6a410d130 con 0x7fa6a410a7d0
2024-05-14T15:13:29.223 INFO:teuthology.orchestra.run.smithi005.stdout:/usr/bin/ceph: stderr
2024-05-14T15:13:28.373+0000 7fa6a9080700 1 --2- 172.21.15.5:0/27579831 >> [v2:172.21.15.5:3300/0,v1:172.21.15.5:6789/0] conn(0x7fa6a410a7d0 0x7fa6a410cbf0 secure :-1 s=READY pgs=47 cs=0 l=1 rev1=1 crypto rx=0x7fa6a00098a0 tx=0x7fa6a0009bb0 comp rx=0 tx=0).ready entity=mon.0 client_cookie=43406f7069a7d1f4 server_cookie=0 in_seq=0 out_seq=0
2024-05-14T15:13:29.223 INFO:teuthology.orchestra.run.smithi005.stdout:/usr/bin/ceph: stderr
2024-05-14T15:13:28.373+0000 7fa69bfff700 1 -- 172.21.15.5:0/27579831 <== mon.0 v2:172.21.15.5:3300/0 1 ==== mon_map magic: 0 ==== 205+0+0 (secure 0 0 0) 0x7fa6a0004160 con 0x7fa6a410a7d0
2024-05-14T15:13:29.223 INFO:teuthology.orchestra.run.smithi005.stdout:/usr/bin/ceph: stderr
2024-05-14T15:13:28.373+0000 7fa69bfff700 1 -- 172.21.15.5:0/27579831 <== mon.0 v2:172.21.15.5:3300/0 2 ==== config(26 keys) ==== 1101+0+0 (secure 0 0 0) 0x7fa6a0004300 con 0x7fa6a410a7d0
2024-05-14T15:13:29.223 INFO:teuthology.orchestra.run.smithi005.stdout:/usr/bin/ceph: stderr
2024-05-14T15:13:28.373+0000 7fa69bfff700 1 -- 172.21.15.5:0/27579831 <== mon.0 v2:172.21.15.5:3300/0 3 ==== mon_map magic: 0 ==== 205+0+0 (secure 0 0 0) 0x7fa6a0011a20 con 0x7fa6a410a7d0
2024-05-14T15:13:29.223 INFO:teuthology.orchestra.run.smithi005.stdout:/usr/bin/ceph: stderr
2024-05-14T15:13:28.374+0000 7fa6ab2e4700 1 -- 172.21.15.5:0/27579831 >> [v2:172.21.15.5:3300/0,v1:172.21.15.5:6789/0] conn(0x7fa6a410a7d0 msgr2=0x7fa6a410cbf0 secure :-1 s=STATE_CONNECTION_ESTABLISHED l=1).mark_down
2024-05-14T15:13:29.223 INFO:teuthology.orchestra.run.smithi005.stdout:/usr/bin/ceph: stderr
2024-05-14T15:13:28.374+0000 7fa6ab2e4700 1 --2- 172.21.15.5:0/27579831 >> [v2:172.21.15.5:3300/0,v1:172.21.15.5:6789/0] conn(0x7fa6a410a7d0 0x7fa6a410cbf0 secure :-1 s=READY pgs=47 cs=0 l=1 rev1=1 crypto rx=0x7fa6a00098a0 tx=0x7fa6a0009bb0 comp rx=0 tx=0).stop
2024-05-14T15:13:29.223 INFO:teuthology.orchestra.run.smithi005.stdout:/usr/bin/ceph: stderr
2024-05-14T15:13:28.374+0000 7fa6ab2e4700 1 -- 172.21.15.5:0/27579831 shutdown_connections
2024-05-14T15:13:29.224 INFO:teuthology.orchestra.run.smithi005.stdout:/usr/bin/ceph: stderr
2024-05-14T15:13:28.374+0000 7fa6ab2e4700 1 --2- 172.21.15.5:0/27579831 >> [v2:172.21.15.5:3300/0,v1:172.21.15.5:6789/0] conn(0x7fa6a410a7d0 0x7fa6a410cbf0 unknown :-1 s=CLOSED pgs=47 cs=0 l=1 rev1=1 crypto rx=0 tx=0 comp rx=0 tx=0).stop
2024-05-14T15:13:29.224 INFO:teuthology.orchestra.run.smithi005.stdout:/usr/bin/ceph: stderr
2024-05-14T15:13:28.374+0000 7fa6ab2e4700 1 -- 172.21.15.5:0/27579831 >> 172.21.15.5:0/27579831 conn(0x7fa6a4104290 msgr2=0x7fa6a41066e0 unknown :-1 s=STATE_NONE l=0).mark_down
2024-05-14T15:13:29.224 INFO:teuthology.orchestra.run.smithi005.stdout:/usr/bin/ceph: stderr
2024-05-14T15:13:28.374+0000 7fa6ab2e4700 1 -- 172.21.15.5:0/27579831 shutdown_connections
2024-05-14T15:13:29.224 INFO:teuthology.orchestra.run.smithi005.stdout:/usr/bin/ceph: stderr
2024-05-14T15:13:28.374+0000 7fa6ab2e4700 1 -- 172.21.15.5:0/27579831 wait complete.
2024-05-14T15:13:29.224 INFO:teuthology.orchestra.run.smithi005.stdout:/usr/bin/ceph: stderr
2024-05-14T15:13:28.375+0000 7fa6ab2e4700 1 Processor -- start
2024-05-14T15:13:29.224 INFO:teuthology.orchestra.run.smithi005.stdout:/usr/bin/ceph: stderr
2024-05-14T15:13:28.375+0000 7fa6ab2e4700 1 -- start start
2024-05-14T15:13:29.224 INFO:teuthology.orchestra.run.smithi005.stdout:/usr/bin/ceph: stderr
2024-05-14T15:13:28.375+0000 7fa6ab2e4700 1 --2- >> [v2:172.21.15.5:3300/0,v1:172.21.15.5:6789/0] conn(0x7fa6a410a7d0 0x7fa6a4109f50 unknown :-1 s=NONE pgs=0 cs=0 l=1 rev1=0 crypto rx=0 tx=0 comp rx=0 tx=0).connect
2024-05-14T15:13:29.224 INFO:teuthology.orchestra.run.smithi005.stdout:/usr/bin/ceph: stderr
2024-05-14T15:13:28.375+0000 7fa6ab2e4700 1 -- --> [v2:172.21.15.5:3300/0,v1:172.21.15.5:6789/0] -- mon_getmap magic: 0 -- 0x7fa6a410e070 con 0x7fa6a410a7d0
2024-05-14T15:13:29.224 INFO:teuthology.orchestra.run.smithi005.stdout:/usr/bin/ceph: stderr
2024-05-14T15:13:28.375+0000 7fa6a9080700 1 --2- >> [v2:172.21.15.5:3300/0,v1:172.21.15.5:6789/0] conn(0x7fa6a410a7d0 0x7fa6a4109f50 unknown :-1 s=BANNER_CONNECTING pgs=0 cs=0 l=1 rev1=0 crypto rx=0 tx=0 comp rx=0 tx=0)._handle_peer_banner_payload supported=3 required=0
2024-05-14T15:13:29.224 INFO:teuthology.orchestra.run.smithi005.stdout:/usr/bin/ceph: stderr
2024-05-14T15:13:28.375+0000 7fa6a9080700 1 --2- >> [v2:172.21.15.5:3300/0,v1:172.21.15.5:6789/0] conn(0x7fa6a410a7d0 0x7fa6a4109f50 unknown :-1 s=HELLO_CONNECTING pgs=0 cs=0 l=1 rev1=1 crypto rx=0 tx=0 comp rx=0 tx=0).handle_hello peer v2:172.21.15.5:3300/0 says I am v2:172.21.15.5:43796/0 (socket says 172.21.15.5:43796)
2024-05-14T15:13:29.224 INFO:teuthology.orchestra.run.smithi005.stdout:/usr/bin/ceph: stderr
2024-05-14T15:13:28.375+0000 7fa6a9080700 1 -- 172.21.15.5:0/2814949400 learned_addr learned my addr 172.21.15.5:0/2814949400 (peer_addr_for_me v2:172.21.15.5:0/0)
2024-05-14T15:13:29.224 INFO:teuthology.orchestra.run.smithi005.stdout:/usr/bin/ceph: stderr
2024-05-14T15:13:28.376+0000 7fa6a9080700 1 -- 172.21.15.5:0/2814949400 --> [v2:172.21.15.5:3300/0,v1:172.21.15.5:6789/0] -- mon_subscribe({config=0+,monmap=0+}) -- 0x7fa6a410a490 con 0x7fa6a410a7d0
2024-05-14T15:13:29.224 INFO:teuthology.orchestra.run.smithi005.stdout:/usr/bin/ceph: stderr
2024-05-14T15:13:28.376+0000 7fa6a9080700 1 --2- 172.21.15.5:0/2814949400 >> [v2:172.21.15.5:3300/0,v1:172.21.15.5:6789/0] conn(0x7fa6a410a7d0 0x7fa6a4109f50 secure :-1 s=READY pgs=48 cs=0 l=1 rev1=1 crypto rx=0x7fa6a0000c00 tx=0x7fa6a0011aa0 comp rx=0 tx=0).ready entity=mon.0 client_cookie=0 server_cookie=0 in_seq=0 out_seq=0
2024-05-14T15:13:29.224 INFO:teuthology.orchestra.run.smithi005.stdout:/usr/bin/ceph: stderr
2024-05-14T15:13:28.376+0000 7fa69a7fc700 1 -- 172.21.15.5:0/2814949400 <== mon.0 v2:172.21.15.5:3300/0 1 ==== mon_map magic: 0 ==== 205+0+0 (secure 0 0 0) 0x7fa6a0003aa0 con 0x7fa6a410a7d0
2024-05-14T15:13:29.224 INFO:teuthology.orchestra.run.smithi005.stdout:/usr/bin/ceph: stderr
2024-05-14T15:13:28.376+0000 7fa69a7fc700 1 -- 172.21.15.5:0/2814949400 <== mon.0 v2:172.21.15.5:3300/0 2 ==== config(26 keys) ==== 1101+0+0 (secure 0 0 0) 0x7fa6a001b8f0 con 0x7fa6a410a7d0
2024-05-14T15:13:29.225 INFO:teuthology.orchestra.run.smithi005.stdout:/usr/bin/ceph: stderr
2024-05-14T15:13:28.376+0000 7fa6ab2e4700 1 -- 172.21.15.5:0/2814949400 --> [v2:172.21.15.5:3300/0,v1:172.21.15.5:6789/0] -- mon_subscribe({mgrmap=0+}) -- 0x7fa6a41086e0 con 0x7fa6a410a7d0
2024-05-14T15:13:29.225 INFO:teuthology.orchestra.run.smithi005.stdout:/usr/bin/ceph: stderr
2024-05-14T15:13:28.376+0000 7fa69a7fc700 1 -- 172.21.15.5:0/2814949400 <== mon.0 v2:172.21.15.5:3300/0 3 ==== mon_map magic: 0 ==== 205+0+0 (secure 0 0 0) 0x7fa6a0023890 con 0x7fa6a410a7d0
2024-05-14T15:13:29.225 INFO:teuthology.orchestra.run.smithi005.stdout:/usr/bin/ceph: stderr
2024-05-14T15:13:28.376+0000 7fa6ab2e4700 1 -- 172.21.15.5:0/2814949400 --> [v2:172.21.15.5:3300/0,v1:172.21.15.5:6789/0] -- mon_subscribe({osdmap=0}) -- 0x7fa6a4108bc0 con 0x7fa6a410a7d0
2024-05-14T15:13:29.225 INFO:teuthology.orchestra.run.smithi005.stdout:/usr/bin/ceph: stderr
2024-05-14T15:13:28.377+0000 7fa6ab2e4700 1 -- 172.21.15.5:0/2814949400 --> [v2:172.21.15.5:3300/0,v1:172.21.15.5:6789/0] -- mon_command({"prefix": "get_command_descriptions"} v 0) -- 0x7fa6a4064e20 con 0x7fa6a410a7d0
2024-05-14T15:13:29.225 INFO:teuthology.orchestra.run.smithi005.stdout:/usr/bin/ceph: stderr
2024-05-14T15:13:28.377+0000 7fa69a7fc700 1 -- 172.21.15.5:0/2814949400 <== mon.0 v2:172.21.15.5:3300/0 4 ==== mgrmap(e 8) ==== 50222+0+0 (secure 0 0 0) 0x7fa6a002c3f0 con 0x7fa6a410a7d0
2024-05-14T15:13:29.225 INFO:teuthology.orchestra.run.smithi005.stdout:/usr/bin/ceph: stderr
2024-05-14T15:13:28.378+0000 7fa69a7fc700 1 --2- 172.21.15.5:0/2814949400 >> [v2:172.21.15.5:6800/2154399460,v1:172.21.15.5:6801/2154399460] conn(0x7fa69003e4c0 0x7fa6900409d0 unknown :-1 s=NONE pgs=0 cs=0 l=1 rev1=0 crypto rx=0 tx=0 comp rx=0 tx=0).connect
2024-05-14T15:13:29.225 INFO:teuthology.orchestra.run.smithi005.stdout:/usr/bin/ceph: stderr
2024-05-14T15:13:28.378+0000 7fa69a7fc700 1 -- 172.21.15.5:0/2814949400 <== mon.0 v2:172.21.15.5:3300/0 5 ==== osd_map(2..2 src has 1..2) ==== 940+0+0 (secure 0 0 0) 0x7fa6a0053e10 con 0x7fa6a410a7d0
2024-05-14T15:13:29.225 INFO:teuthology.orchestra.run.smithi005.stdout:/usr/bin/ceph: stderr
2024-05-14T15:13:28.378+0000 7fa6a887f700 1 --2- 172.21.15.5:0/2814949400 >> [v2:172.21.15.5:6800/2154399460,v1:172.21.15.5:6801/2154399460] conn(0x7fa69003e4c0 0x7fa6900409d0 unknown :-1 s=BANNER_CONNECTING pgs=0 cs=0 l=1 rev1=0 crypto rx=0 tx=0 comp rx=0 tx=0)._handle_peer_banner_payload supported=3 required=0
2024-05-14T15:13:29.225 INFO:teuthology.orchestra.run.smithi005.stdout:/usr/bin/ceph: stderr
2024-05-14T15:13:28.378+0000 7fa6a887f700 1 --2- 172.21.15.5:0/2814949400 >> [v2:172.21.15.5:6800/2154399460,v1:172.21.15.5:6801/2154399460] conn(0x7fa69003e4c0 0x7fa6900409d0 secure :-1 s=READY pgs=13 cs=0 l=1 rev1=1 crypto rx=0x7fa694006fd0 tx=0x7fa694006e40 comp rx=0 tx=0).ready entity=mgr.14118 client_cookie=0 server_cookie=0 in_seq=0 out_seq=0
2024-05-14T15:13:29.225 INFO:teuthology.orchestra.run.smithi005.stdout:/usr/bin/ceph: stderr
2024-05-14T15:13:28.383+0000 7fa69a7fc700 1 -- 172.21.15.5:0/2814949400 <== mon.0 v2:172.21.15.5:3300/0 6 ==== mon_command_ack([{"prefix": "get_command_descriptions"}]=0 v0) ==== 72+0+191963 (secure 0 0 0) 0x7fa6a001f030 con 0x7fa6a410a7d0
2024-05-14T15:13:29.225 INFO:teuthology.orchestra.run.smithi005.stdout:/usr/bin/ceph: stderr
2024-05-14T15:13:28.616+0000 7fa6ab2e4700 1 -- 172.21.15.5:0/2814949400 --> [v2:172.21.15.5:6800/2154399460,v1:172.21.15.5:6801/2154399460] -- mgr_command(tid 0: {"prefix": "orch apply", "service_type": "mgr", "unmanaged": true, "target": ["mon-mgr", ""]}) -- 0x7fa6a4109320 con 0x7fa69003e4c0
2024-05-14T15:13:29.225 INFO:teuthology.orchestra.run.smithi005.stdout:/usr/bin/ceph: stderr
2024-05-14T15:13:28.621+0000 7fa69a7fc700 1 -- 172.21.15.5:0/2814949400 <== mgr.14118 v2:172.21.15.5:6800/2154399460 1 ==== mgr_command_reply(tid 0: 0 ) ==== 8+0+24 (secure 0 0 0) 0x7fa6a4109320 con 0x7fa69003e4c0
2024-05-14T15:13:29.225 INFO:teuthology.orchestra.run.smithi005.stdout:/usr/bin/ceph: stderr
2024-05-14T15:13:28.623+0000 7fa6ab2e4700 1 -- 172.21.15.5:0/2814949400 >> [v2:172.21.15.5:6800/2154399460,v1:172.21.15.5:6801/2154399460] conn(0x7fa69003e4c0 msgr2=0x7fa6900409d0 secure :-1 s=STATE_CONNECTION_ESTABLISHED l=1).mark_down
2024-05-14T15:13:29.225 INFO:teuthology.orchestra.run.smithi005.stdout:/usr/bin/ceph: stderr
2024-05-14T15:13:28.623+0000 7fa6ab2e4700 1 --2- 172.21.15.5:0/2814949400 >> [v2:172.21.15.5:6800/2154399460,v1:172.21.15.5:6801/2154399460] conn(0x7fa69003e4c0 0x7fa6900409d0 secure :-1 s=READY pgs=13 cs=0 l=1 rev1=1 crypto rx=0x7fa694006fd0 tx=0x7fa694006e40 comp rx=0 tx=0).stop
2024-05-14T15:13:29.226 INFO:teuthology.orchestra.run.smithi005.stdout:/usr/bin/ceph: stderr
2024-05-14T15:13:28.623+0000 7fa6ab2e4700 1 -- 172.21.15.5:0/2814949400 >> [v2:172.21.15.5:3300/0,v1:172.21.15.5:6789/0] conn(0x7fa6a410a7d0 msgr2=0x7fa6a4109f50 secure :-1 s=STATE_CONNECTION_ESTABLISHED l=1).mark_down
2024-05-14T15:13:29.226 INFO:teuthology.orchestra.run.smithi005.stdout:/usr/bin/ceph: stderr
2024-05-14T15:13:28.623+0000 7fa6ab2e4700 1 --2- 172.21.15.5:0/2814949400 >> [v2:172.21.15.5:3300/0,v1:172.21.15.5:6789/0] conn(0x7fa6a410a7d0 0x7fa6a4109f50 secure :-1 s=READY pgs=48 cs=0 l=1 rev1=1 crypto rx=0x7fa6a0000c00 tx=0x7fa6a0011aa0 comp rx=0 tx=0).stop
2024-05-14T15:13:29.226 INFO:teuthology.orchestra.run.smithi005.stdout:/usr/bin/ceph: stderr
2024-05-14T15:13:28.623+0000 7fa6ab2e4700 1 -- 172.21.15.5:0/2814949400 shutdown_connections
2024-05-14T15:13:29.226 INFO:teuthology.orchestra.run.smithi005.stdout:/usr/bin/ceph: stderr
2024-05-14T15:13:28.623+0000 7fa6ab2e4700 1 --2- 172.21.15.5:0/2814949400 >> [v2:172.21.15.5:6800/2154399460,v1:172.21.15.5:6801/2154399460] conn(0x7fa69003e4c0 0x7fa6900409d0 unknown :-1 s=CLOSED pgs=13 cs=0 l=1 rev1=1 crypto rx=0 tx=0 comp rx=0 tx=0).stop
2024-05-14T15:13:29.226 INFO:teuthology.orchestra.run.smithi005.stdout:/usr/bin/ceph: stderr
2024-05-14T15:13:28.623+0000 7fa6ab2e4700 1 --2- 172.21.15.5:0/2814949400 >> [v2:172.21.15.5:3300/0,v1:172.21.15.5:6789/0] conn(0x7fa6a410a7d0 0x7fa6a4109f50 unknown :-1 s=CLOSED pgs=48 cs=0 l=1 rev1=1 crypto rx=0 tx=0 comp rx=0 tx=0).stop
2024-05-14T15:13:29.226 INFO:teuthology.orchestra.run.smithi005.stdout:/usr/bin/ceph: stderr
2024-05-14T15:13:28.623+0000 7fa6ab2e4700 1 -- 172.21.15.5:0/2814949400 >> 172.21.15.5:0/2814949400 conn(0x7fa6a4104290 msgr2=0x7fa6a4104c60 unknown :-1 s=STATE_NONE l=0).mark_down
2024-05-14T15:13:29.226 INFO:teuthology.orchestra.run.smithi005.stdout:/usr/bin/ceph: stderr
2024-05-14T15:13:28.623+0000 7fa6ab2e4700 1 -- 172.21.15.5:0/2814949400 shutdown_connections
2024-05-14T15:13:29.226 INFO:teuthology.orchestra.run.smithi005.stdout:/usr/bin/ceph: stderr
2024-05-14T15:13:28.623+0000 7fa6ab2e4700 1 -- 172.21.15.5:0/2814949400 wait complete.
2024-05-14T15:13:30.899 INFO:teuthology.orchestra.run.smithi005.stdout:/usr/bin/ceph: stderr
2024-05-14T15:13:29.656+0000 7f95c5d4d700 1 Processor -- start
2024-05-14T15:13:30.899 INFO:teuthology.orchestra.run.smithi005.stdout:/usr/bin/ceph: stderr
2024-05-14T15:13:29.656+0000 7f95c5d4d700 1 -- start start
2024-05-14T15:13:30.900 INFO:teuthology.orchestra.run.smithi005.stdout:/usr/bin/ceph: stderr
2024-05-14T15:13:29.656+0000 7f95c5d4d700 1 --2- >> [v2:172.21.15.5:3300/0,v1:172.21.15.5:6789/0] conn(0x7f95c0108c20 0x7f95c0109030 unknown :-1 s=NONE pgs=0 cs=0 l=0 rev1=0 crypto rx=0 tx=0 comp rx=0 tx=0).connect
2024-05-14T15:13:30.900 INFO:teuthology.orchestra.run.smithi005.stdout:/usr/bin/ceph: stderr
2024-05-14T15:13:29.656+0000 7f95c5d4d700 1 -- --> [v2:172.21.15.5:3300/0,v1:172.21.15.5:6789/0] -- mon_getmap magic: 0 -- 0x7f95c0109620 con 0x7f95c0108c20
2024-05-14T15:13:30.900 INFO:teuthology.orchestra.run.smithi005.stdout:/usr/bin/ceph: stderr
2024-05-14T15:13:29.656+0000 7f95bf7fe700 1 --2- >> [v2:172.21.15.5:3300/0,v1:172.21.15.5:6789/0] conn(0x7f95c0108c20 0x7f95c0109030 unknown :-1 s=BANNER_CONNECTING pgs=0 cs=0 l=0 rev1=0 crypto rx=0 tx=0 comp rx=0 tx=0)._handle_peer_banner_payload supported=3 required=0
2024-05-14T15:13:30.900 INFO:teuthology.orchestra.run.smithi005.stdout:/usr/bin/ceph: stderr
2024-05-14T15:13:29.656+0000 7f95bf7fe700 1 --2- >> [v2:172.21.15.5:3300/0,v1:172.21.15.5:6789/0] conn(0x7f95c0108c20 0x7f95c0109030 unknown :-1 s=HELLO_CONNECTING pgs=0 cs=0 l=0 rev1=1 crypto rx=0 tx=0 comp rx=0 tx=0).handle_hello peer v2:172.21.15.5:3300/0 says I am v2:172.21.15.5:43806/0 (socket says 172.21.15.5:43806)
2024-05-14T15:13:30.900 INFO:teuthology.orchestra.run.smithi005.stdout:/usr/bin/ceph: stderr
2024-05-14T15:13:29.656+0000 7f95bf7fe700 1 -- 172.21.15.5:0/3665163597 learned_addr learned my addr 172.21.15.5:0/3665163597 (peer_addr_for_me v2:172.21.15.5:0/0)
2024-05-14T15:13:30.900 INFO:teuthology.orchestra.run.smithi005.stdout:/usr/bin/ceph: stderr
2024-05-14T15:13:29.657+0000 7f95bf7fe700 1 -- 172.21.15.5:0/3665163597 --> [v2:172.21.15.5:3300/0,v1:172.21.15.5:6789/0] -- mon_subscribe({config=0+,monmap=0+}) -- 0x7f95c0109d50 con 0x7f95c0108c20
2024-05-14T15:13:30.900 INFO:teuthology.orchestra.run.smithi005.stdout:/usr/bin/ceph: stderr
2024-05-14T15:13:29.657+0000 7f95bf7fe700 1 --2- 172.21.15.5:0/3665163597 >> [v2:172.21.15.5:3300/0,v1:172.21.15.5:6789/0] conn(0x7f95c0108c20 0x7f95c0109030 secure :-1 s=READY pgs=49 cs=0 l=1 rev1=1 crypto rx=0x7f95b00098a0 tx=0x7f95b0009bb0 comp rx=0 tx=0).ready entity=mon.0 client_cookie=6163682005062564 server_cookie=0 in_seq=0 out_seq=0
2024-05-14T15:13:30.900 INFO:teuthology.orchestra.run.smithi005.stdout:/usr/bin/ceph: stderr
2024-05-14T15:13:29.657+0000 7f95be7fc700 1 -- 172.21.15.5:0/3665163597 <== mon.0 v2:172.21.15.5:3300/0 1 ==== mon_map magic: 0 ==== 205+0+0 (secure 0 0 0) 0x7f95b0004160 con 0x7f95c0108c20
2024-05-14T15:13:30.900 INFO:teuthology.orchestra.run.smithi005.stdout:/usr/bin/ceph: stderr
2024-05-14T15:13:29.657+0000 7f95be7fc700 1 -- 172.21.15.5:0/3665163597 <== mon.0 v2:172.21.15.5:3300/0 2 ==== config(26 keys) ==== 1101+0+0 (secure 0 0 0) 0x7f95b0004300 con 0x7f95c0108c20
2024-05-14T15:13:30.900 INFO:teuthology.orchestra.run.smithi005.stdout:/usr/bin/ceph: stderr
2024-05-14T15:13:29.657+0000 7f95be7fc700 1 -- 172.21.15.5:0/3665163597 <== mon.0 v2:172.21.15.5:3300/0 3 ==== mon_map magic: 0 ==== 205+0+0 (secure 0 0 0) 0x7f95b0011a20 con 0x7f95c0108c20
2024-05-14T15:13:30.900 INFO:teuthology.orchestra.run.smithi005.stdout:/usr/bin/ceph: stderr
2024-05-14T15:13:29.658+0000 7f95c5d4d700 1 -- 172.21.15.5:0/3665163597 >> [v2:172.21.15.5:3300/0,v1:172.21.15.5:6789/0] conn(0x7f95c0108c20 msgr2=0x7f95c0109030 secure :-1 s=STATE_CONNECTION_ESTABLISHED l=1).mark_down
2024-05-14T15:13:30.900 INFO:teuthology.orchestra.run.smithi005.stdout:/usr/bin/ceph: stderr
2024-05-14T15:13:29.658+0000 7f95c5d4d700 1 --2- 172.21.15.5:0/3665163597 >> [v2:172.21.15.5:3300/0,v1:172.21.15.5:6789/0] conn(0x7f95c0108c20 0x7f95c0109030 secure :-1 s=READY pgs=49 cs=0 l=1 rev1=1 crypto rx=0x7f95b00098a0 tx=0x7f95b0009bb0 comp rx=0 tx=0).stop
2024-05-14T15:13:30.900 INFO:teuthology.orchestra.run.smithi005.stdout:/usr/bin/ceph: stderr
2024-05-14T15:13:29.658+0000 7f95c5d4d700 1 -- 172.21.15.5:0/3665163597 shutdown_connections
2024-05-14T15:13:30.901 INFO:teuthology.orchestra.run.smithi005.stdout:/usr/bin/ceph: stderr
2024-05-14T15:13:29.658+0000 7f95c5d4d700 1 --2- 172.21.15.5:0/3665163597 >> [v2:172.21.15.5:3300/0,v1:172.21.15.5:6789/0] conn(0x7f95c0108c20 0x7f95c0109030 unknown :-1 s=CLOSED pgs=49 cs=0 l=1 rev1=1 crypto rx=0 tx=0 comp rx=0 tx=0).stop
2024-05-14T15:13:30.901 INFO:teuthology.orchestra.run.smithi005.stdout:/usr/bin/ceph: stderr
2024-05-14T15:13:29.658+0000 7f95c5d4d700 1 -- 172.21.15.5:0/3665163597 >> 172.21.15.5:0/3665163597 conn(0x7f95c0104280 msgr2=0x7f95c0106710 unknown :-1 s=STATE_NONE l=0).mark_down
2024-05-14T15:13:30.901 INFO:teuthology.orchestra.run.smithi005.stdout:/usr/bin/ceph: stderr
2024-05-14T15:13:29.658+0000 7f95c5d4d700 1 -- 172.21.15.5:0/3665163597 shutdown_connections
2024-05-14T15:13:30.901 INFO:teuthology.orchestra.run.smithi005.stdout:/usr/bin/ceph: stderr
2024-05-14T15:13:29.658+0000 7f95c5d4d700 1 -- 172.21.15.5:0/3665163597 wait complete.
2024-05-14T15:13:30.901 INFO:teuthology.orchestra.run.smithi005.stdout:/usr/bin/ceph: stderr
2024-05-14T15:13:29.659+0000 7f95c5d4d700 1 Processor -- start
2024-05-14T15:13:30.901 INFO:teuthology.orchestra.run.smithi005.stdout:/usr/bin/ceph: stderr
2024-05-14T15:13:29.659+0000 7f95c5d4d700 1 -- start start
2024-05-14T15:13:30.901 INFO:teuthology.orchestra.run.smithi005.stdout:/usr/bin/ceph: stderr
2024-05-14T15:13:29.659+0000 7f95c5d4d700 1 --2- >> [v2:172.21.15.5:3300/0,v1:172.21.15.5:6789/0] conn(0x7f95c0108c20 0x7f95c007d390 unknown :-1 s=NONE pgs=0 cs=0 l=1 rev1=0 crypto rx=0 tx=0 comp rx=0 tx=0).connect
2024-05-14T15:13:30.901 INFO:teuthology.orchestra.run.smithi005.stdout:/usr/bin/ceph: stderr
2024-05-14T15:13:29.659+0000 7f95c5d4d700 1 -- --> [v2:172.21.15.5:3300/0,v1:172.21.15.5:6789/0] -- mon_getmap magic: 0 -- 0x7f95c010d100 con 0x7f95c0108c20
2024-05-14T15:13:30.901 INFO:teuthology.orchestra.run.smithi005.stdout:/usr/bin/ceph: stderr
2024-05-14T15:13:29.659+0000 7f95bf7fe700 1 --2- >> [v2:172.21.15.5:3300/0,v1:172.21.15.5:6789/0] conn(0x7f95c0108c20 0x7f95c007d390 unknown :-1 s=BANNER_CONNECTING pgs=0 cs=0 l=1 rev1=0 crypto rx=0 tx=0 comp rx=0 tx=0)._handle_peer_banner_payload supported=3 required=0
2024-05-14T15:13:30.901 INFO:teuthology.orchestra.run.smithi005.stdout:/usr/bin/ceph: stderr
2024-05-14T15:13:29.659+0000 7f95bf7fe700 1 --2- >> [v2:172.21.15.5:3300/0,v1:172.21.15.5:6789/0] conn(0x7f95c0108c20 0x7f95c007d390 unknown :-1 s=HELLO_CONNECTING pgs=0 cs=0 l=1 rev1=1 crypto rx=0 tx=0 comp rx=0 tx=0).handle_hello peer v2:172.21.15.5:3300/0 says I am v2:172.21.15.5:43820/0 (socket says 172.21.15.5:43820)
2024-05-14T15:13:30.901 INFO:teuthology.orchestra.run.smithi005.stdout:/usr/bin/ceph: stderr
2024-05-14T15:13:29.659+0000 7f95bf7fe700 1 -- 172.21.15.5:0/1114558540 learned_addr learned my addr 172.21.15.5:0/1114558540 (peer_addr_for_me v2:172.21.15.5:0/0)
2024-05-14T15:13:30.901 INFO:teuthology.orchestra.run.smithi005.stdout:/usr/bin/ceph: stderr
2024-05-14T15:13:29.660+0000 7f95bf7fe700 1 -- 172.21.15.5:0/1114558540 --> [v2:172.21.15.5:3300/0,v1:172.21.15.5:6789/0] -- mon_subscribe({config=0+,monmap=0+}) -- 0x7f95c007d8d0 con 0x7f95c0108c20
2024-05-14T15:13:30.901 INFO:teuthology.orchestra.run.smithi005.stdout:/usr/bin/ceph: stderr
2024-05-14T15:13:29.660+0000 7f95bf7fe700 1 --2- 172.21.15.5:0/1114558540 >> [v2:172.21.15.5:3300/0,v1:172.21.15.5:6789/0] conn(0x7f95c0108c20 0x7f95c007d390 secure :-1 s=READY pgs=50 cs=0 l=1 rev1=1 crypto rx=0x7f95b0003e70 tx=0x7f95b0011aa0 comp rx=0 tx=0).ready entity=mon.0 client_cookie=0 server_cookie=0 in_seq=0 out_seq=0
2024-05-14T15:13:30.901 INFO:teuthology.orchestra.run.smithi005.stdout:/usr/bin/ceph: stderr
2024-05-14T15:13:29.660+0000 7f95bcff9700 1 -- 172.21.15.5:0/1114558540 <== mon.0 v2:172.21.15.5:3300/0 1 ==== mon_map magic: 0 ==== 205+0+0 (secure 0 0 0) 0x7f95b0003aa0 con 0x7f95c0108c20
2024-05-14T15:13:30.901 INFO:teuthology.orchestra.run.smithi005.stdout:/usr/bin/ceph: stderr
2024-05-14T15:13:29.660+0000 7f95c5d4d700 1 -- 172.21.15.5:0/1114558540 --> [v2:172.21.15.5:3300/0,v1:172.21.15.5:6789/0] -- mon_subscribe({mgrmap=0+}) -- 0x7f95c01a0e20 con 0x7f95c0108c20
2024-05-14T15:13:30.902 INFO:teuthology.orchestra.run.smithi005.stdout:/usr/bin/ceph: stderr
2024-05-14T15:13:29.660+0000 7f95bcff9700 1 -- 172.21.15.5:0/1114558540 <== mon.0 v2:172.21.15.5:3300/0 2 ==== config(26 keys) ==== 1101+0+0 (secure 0 0 0) 0x7f95b001a8e0 con 0x7f95c0108c20
2024-05-14T15:13:30.902 INFO:teuthology.orchestra.run.smithi005.stdout:/usr/bin/ceph: stderr
2024-05-14T15:13:29.660+0000 7f95bcff9700 1 -- 172.21.15.5:0/1114558540 <== mon.0 v2:172.21.15.5:3300/0 3 ==== mon_map magic: 0 ==== 205+0+0 (secure 0 0 0) 0x7f95b0024870 con 0x7f95c0108c20
2024-05-14T15:13:30.902 INFO:teuthology.orchestra.run.smithi005.stdout:/usr/bin/ceph: stderr
2024-05-14T15:13:29.660+0000 7f95c5d4d700 1 -- 172.21.15.5:0/1114558540 --> [v2:172.21.15.5:3300/0,v1:172.21.15.5:6789/0] -- mon_subscribe({osdmap=0}) -- 0x7f95c01a12a0 con 0x7f95c0108c20
2024-05-14T15:13:30.902 INFO:teuthology.orchestra.run.smithi005.stdout:/usr/bin/ceph: stderr
2024-05-14T15:13:29.661+0000 7f95bcff9700 1 -- 172.21.15.5:0/1114558540 <== mon.0 v2:172.21.15.5:3300/0 4 ==== mgrmap(e 8) ==== 50222+0+0 (secure 0 0 0) 0x7f95b0022020 con 0x7f95c0108c20
2024-05-14T15:13:30.902 INFO:teuthology.orchestra.run.smithi005.stdout:/usr/bin/ceph: stderr
2024-05-14T15:13:29.661+0000 7f95bcff9700 1 --2- 172.21.15.5:0/1114558540 >> [v2:172.21.15.5:6800/2154399460,v1:172.21.15.5:6801/2154399460] conn(0x7f95a803e4c0 0x7f95a80409d0 unknown :-1 s=NONE pgs=0 cs=0 l=1 rev1=0 crypto rx=0 tx=0 comp rx=0 tx=0).connect
2024-05-14T15:13:30.902 INFO:teuthology.orchestra.run.smithi005.stdout:/usr/bin/ceph: stderr
2024-05-14T15:13:29.661+0000 7f95bcff9700 1 -- 172.21.15.5:0/1114558540 <== mon.0 v2:172.21.15.5:3300/0 5 ==== osd_map(2..2 src has 1..2) ==== 940+0+0 (secure 0 0 0) 0x7f95b0053940 con 0x7f95c0108c20
2024-05-14T15:13:30.902 INFO:teuthology.orchestra.run.smithi005.stdout:/usr/bin/ceph: stderr
2024-05-14T15:13:29.661+0000 7f95c5d4d700 1 -- 172.21.15.5:0/1114558540 --> [v2:172.21.15.5:3300/0,v1:172.21.15.5:6789/0] -- mon_command({"prefix": "get_command_descriptions"} v 0) -- 0x7f95c0064e20 con 0x7f95c0108c20
2024-05-14T15:13:30.902 INFO:teuthology.orchestra.run.smithi005.stdout:/usr/bin/ceph: stderr
2024-05-14T15:13:29.662+0000 7f95beffd700 1 --2- 172.21.15.5:0/1114558540 >> [v2:172.21.15.5:6800/2154399460,v1:172.21.15.5:6801/2154399460] conn(0x7f95a803e4c0 0x7f95a80409d0 unknown :-1 s=BANNER_CONNECTING pgs=0 cs=0 l=1 rev1=0 crypto rx=0 tx=0 comp rx=0 tx=0)._handle_peer_banner_payload supported=3 required=0
2024-05-14T15:13:30.902 INFO:teuthology.orchestra.run.smithi005.stdout:/usr/bin/ceph: stderr
2024-05-14T15:13:29.662+0000 7f95beffd700 1 --2- 172.21.15.5:0/1114558540 >> [v2:172.21.15.5:6800/2154399460,v1:172.21.15.5:6801/2154399460] conn(0x7f95a803e4c0 0x7f95a80409d0 secure :-1 s=READY pgs=14 cs=0 l=1 rev1=1 crypto rx=0x7f95b4006fd0 tx=0x7f95b4006e40 comp rx=0 tx=0).ready entity=mgr.14118 client_cookie=0 server_cookie=0 in_seq=0 out_seq=0
2024-05-14T15:13:30.902 INFO:teuthology.orchestra.run.smithi005.stdout:/usr/bin/ceph: stderr
2024-05-14T15:13:29.667+0000 7f95bcff9700 1 -- 172.21.15.5:0/1114558540 <== mon.0 v2:172.21.15.5:3300/0 6 ==== mon_command_ack([{"prefix": "get_command_descriptions"}]=0 v0) ==== 72+0+191963 (secure 0 0 0) 0x7f95b0029df0 con 0x7f95c0108c20
2024-05-14T15:13:30.902 INFO:teuthology.orchestra.run.smithi005.stdout:/usr/bin/ceph: stderr
2024-05-14T15:13:29.975+0000 7f95c5d4d700 1 -- 172.21.15.5:0/1114558540 --> [v2:172.21.15.5:3300/0,v1:172.21.15.5:6789/0] -- mon_command([{prefix=config set, name=mgr/cephadm/container_init}] v 0) -- 0x7f95c01a1520 con 0x7f95c0108c20
2024-05-14T15:13:30.902 INFO:teuthology.orchestra.run.smithi005.stdout:/usr/bin/ceph: stderr
2024-05-14T15:13:29.978+0000 7f95bcff9700 1 -- 172.21.15.5:0/1114558540 <== mon.0 v2:172.21.15.5:3300/0 7 ==== mon_command_ack([{prefix=config set, name=mgr/cephadm/container_init}]=0 v7)=0 v7) ==== 142+0+0 (secure 0 0 0) 0x7f95b001ad20 con 0x7f95c0108c20
2024-05-14T15:13:30.903 INFO:teuthology.orchestra.run.smithi005.stdout:/usr/bin/ceph: stderr
2024-05-14T15:13:29.981+0000 7f95c5d4d700 1 -- 172.21.15.5:0/1114558540 >> [v2:172.21.15.5:6800/2154399460,v1:172.21.15.5:6801/2154399460] conn(0x7f95a803e4c0 msgr2=0x7f95a80409d0 secure :-1 s=STATE_CONNECTION_ESTABLISHED l=1).mark_down
2024-05-14T15:13:30.903 INFO:teuthology.orchestra.run.smithi005.stdout:/usr/bin/ceph: stderr
2024-05-14T15:13:29.981+0000 7f95c5d4d700 1 --2- 172.21.15.5:0/1114558540 >> [v2:172.21.15.5:6800/2154399460,v1:172.21.15.5:6801/2154399460] conn(0x7f95a803e4c0 0x7f95a80409d0 secure :-1 s=READY pgs=14 cs=0 l=1 rev1=1 crypto rx=0x7f95b4006fd0 tx=0x7f95b4006e40 comp rx=0 tx=0).stop
2024-05-14T15:13:30.903 INFO:teuthology.orchestra.run.smithi005.stdout:/usr/bin/ceph: stderr
2024-05-14T15:13:29.981+0000 7f95c5d4d700 1 -- 172.21.15.5:0/1114558540 >> [v2:172.21.15.5:3300/0,v1:172.21.15.5:6789/0] conn(0x7f95c0108c20 msgr2=0x7f95c007d390 secure :-1 s=STATE_CONNECTION_ESTABLISHED l=1).mark_down
2024-05-14T15:13:30.903 INFO:teuthology.orchestra.run.smithi005.stdout:/usr/bin/ceph: stderr
2024-05-14T15:13:29.981+0000 7f95c5d4d700 1 --2- 172.21.15.5:0/1114558540 >> [v2:172.21.15.5:3300/0,v1:172.21.15.5:6789/0] conn(0x7f95c0108c20 0x7f95c007d390 secure :-1 s=READY pgs=50 cs=0 l=1 rev1=1 crypto rx=0x7f95b0003e70 tx=0x7f95b0011aa0 comp rx=0 tx=0).stop
2024-05-14T15:13:30.903 INFO:teuthology.orchestra.run.smithi005.stdout:/usr/bin/ceph: stderr
2024-05-14T15:13:29.981+0000 7f95c5d4d700 1 -- 172.21.15.5:0/1114558540 shutdown_connections
2024-05-14T15:13:30.903 INFO:teuthology.orchestra.run.smithi005.stdout:/usr/bin/ceph: stderr
2024-05-14T15:13:29.981+0000 7f95c5d4d700 1 --2- 172.21.15.5:0/1114558540 >> [v2:172.21.15.5:6800/2154399460,v1:172.21.15.5:6801/2154399460] conn(0x7f95a803e4c0 0x7f95a80409d0 unknown :-1 s=CLOSED pgs=14 cs=0 l=1 rev1=1 crypto rx=0 tx=0 comp rx=0 tx=0).stop
2024-05-14T15:13:30.903 INFO:teuthology.orchestra.run.smithi005.stdout:/usr/bin/ceph: stderr
2024-05-14T15:13:29.981+0000 7f95c5d4d700 1 --2- 172.21.15.5:0/1114558540 >> [v2:172.21.15.5:3300/0,v1:172.21.15.5:6789/0] conn(0x7f95c0108c20 0x7f95c007d390 unknown :-1 s=CLOSED pgs=50 cs=0 l=1 rev1=1 crypto rx=0 tx=0 comp rx=0 tx=0).stop
2024-05-14T15:13:30.903 INFO:teuthology.orchestra.run.smithi005.stdout:/usr/bin/ceph: stderr
2024-05-14T15:13:29.981+0000 7f95c5d4d700 1 -- 172.21.15.5:0/1114558540 >> 172.21.15.5:0/1114558540 conn(0x7f95c0104280 msgr2=0x7f95c0104bb0 unknown :-1 s=STATE_NONE l=0).mark_down
2024-05-14T15:13:30.903 INFO:teuthology.orchestra.run.smithi005.stdout:/usr/bin/ceph: stderr
2024-05-14T15:13:29.982+0000 7f95c5d4d700 1 -- 172.21.15.5:0/1114558540 shutdown_connections
2024-05-14T15:13:30.903 INFO:teuthology.orchestra.run.smithi005.stdout:/usr/bin/ceph: stderr
2024-05-14T15:13:29.982+0000 7f95c5d4d700 1 -- 172.21.15.5:0/1114558540 wait complete.
2024-05-14T15:13:31.278 INFO:journalctl@ceph.mon.a.smithi005.stdout:May 14 15:13:30 smithi005 ceph-mon[31559]: from='client.? 172.21.15.5:0/1114558540' entity='client.admin'
2024-05-14T15:13:31.278 INFO:journalctl@ceph.mon.a.smithi005.stdout:May 14 15:13:30 smithi005 ceph-mon[31559]: from='mgr.14118 172.21.15.5:0/3746158822' entity='mgr.x'
2024-05-14T15:13:32.197 INFO:teuthology.orchestra.run.smithi005.stdout:/usr/bin/ceph: stderr
2024-05-14T15:13:31.403+0000 7f5982a55700 1 Processor -- start
2024-05-14T15:13:32.245 INFO:teuthology.orchestra.run.smithi005.stdout:/usr/bin/ceph: stderr
2024-05-14T15:13:31.403+0000 7f5982a55700 1 -- start start
2024-05-14T15:13:32.245 INFO:teuthology.orchestra.run.smithi005.stdout:/usr/bin/ceph: stderr
2024-05-14T15:13:31.403+0000 7f5982a55700 1 --2- >> [v2:172.21.15.5:3300/0,v1:172.21.15.5:6789/0] conn(0x7f597c07cc40 0x7f597c10c8a0 unknown :-1 s=NONE pgs=0 cs=0 l=0 rev1=0 crypto rx=0 tx=0 comp rx=0 tx=0).connect
2024-05-14T15:13:32.245 INFO:teuthology.orchestra.run.smithi005.stdout:/usr/bin/ceph: stderr
2024-05-14T15:13:31.403+0000 7f5982a55700 1 -- --> [v2:172.21.15.5:3300/0,v1:172.21.15.5:6789/0] -- mon_getmap magic: 0 -- 0x7f597c10ce70 con 0x7f597c07cc40
2024-05-14T15:13:32.245 INFO:teuthology.orchestra.run.smithi005.stdout:/usr/bin/ceph: stderr
2024-05-14T15:13:31.403+0000 7f597bfff700 1 --2- >> [v2:172.21.15.5:3300/0,v1:172.21.15.5:6789/0] conn(0x7f597c07cc40 0x7f597c10c8a0 unknown :-1 s=BANNER_CONNECTING pgs=0 cs=0 l=0 rev1=0 crypto rx=0 tx=0 comp rx=0 tx=0)._handle_peer_banner_payload supported=3 required=0
2024-05-14T15:13:32.245 INFO:teuthology.orchestra.run.smithi005.stdout:/usr/bin/ceph: stderr
2024-05-14T15:13:31.403+0000 7f597bfff700 1 --2- >> [v2:172.21.15.5:3300/0,v1:172.21.15.5:6789/0] conn(0x7f597c07cc40 0x7f597c10c8a0 unknown :-1 s=HELLO_CONNECTING pgs=0 cs=0 l=0 rev1=1 crypto rx=0 tx=0 comp rx=0 tx=0).handle_hello peer v2:172.21.15.5:3300/0 says I am v2:172.21.15.5:43834/0 (socket says 172.21.15.5:43834)
2024-05-14T15:13:32.245 INFO:teuthology.orchestra.run.smithi005.stdout:/usr/bin/ceph: stderr
2024-05-14T15:13:31.403+0000 7f597bfff700 1 -- 172.21.15.5:0/4020297563 learned_addr learned my addr 172.21.15.5:0/4020297563 (peer_addr_for_me v2:172.21.15.5:0/0)
2024-05-14T15:13:32.245 INFO:teuthology.orchestra.run.smithi005.stdout:/usr/bin/ceph: stderr
2024-05-14T15:13:31.404+0000 7f597bfff700 1 -- 172.21.15.5:0/4020297563 --> [v2:172.21.15.5:3300/0,v1:172.21.15.5:6789/0] -- mon_subscribe({config=0+,monmap=0+}) -- 0x7f597c10cff0 con 0x7f597c07cc40
2024-05-14T15:13:32.245 INFO:teuthology.orchestra.run.smithi005.stdout:/usr/bin/ceph: stderr
2024-05-14T15:13:31.404+0000 7f597bfff700 1 --2- 172.21.15.5:0/4020297563 >> [v2:172.21.15.5:3300/0,v1:172.21.15.5:6789/0] conn(0x7f597c07cc40 0x7f597c10c8a0 secure :-1 s=READY pgs=51 cs=0 l=1 rev1=1 crypto rx=0x7f596c0098a0 tx=0x7f596c009bb0 comp rx=0 tx=0).ready entity=mon.0 client_cookie=16ae9db0e92b8115 server_cookie=0 in_seq=0 out_seq=0
2024-05-14T15:13:32.245 INFO:teuthology.orchestra.run.smithi005.stdout:/usr/bin/ceph: stderr
2024-05-14T15:13:31.404+0000 7f597b7fe700 1 -- 172.21.15.5:0/4020297563 <== mon.0 v2:172.21.15.5:3300/0 1 ==== mon_map magic: 0 ==== 205+0+0 (secure 0 0 0) 0x7f596c004160 con 0x7f597c07cc40
2024-05-14T15:13:32.245 INFO:teuthology.orchestra.run.smithi005.stdout:/usr/bin/ceph: stderr
2024-05-14T15:13:31.404+0000 7f597b7fe700 1 -- 172.21.15.5:0/4020297563 <== mon.0 v2:172.21.15.5:3300/0 2 ==== config(26 keys) ==== 1101+0+0 (secure 0 0 0) 0x7f596c004300 con 0x7f597c07cc40
2024-05-14T15:13:32.246 INFO:teuthology.orchestra.run.smithi005.stdout:/usr/bin/ceph: stderr
2024-05-14T15:13:31.404+0000 7f597b7fe700 1 -- 172.21.15.5:0/4020297563 <== mon.0 v2:172.21.15.5:3300/0 3 ==== mon_map magic: 0 ==== 205+0+0 (secure 0 0 0) 0x7f596c011a20 con 0x7f597c07cc40
2024-05-14T15:13:32.246 INFO:teuthology.orchestra.run.smithi005.stdout:/usr/bin/ceph: stderr
2024-05-14T15:13:31.405+0000 7f5982a55700 1 -- 172.21.15.5:0/4020297563 >> [v2:172.21.15.5:3300/0,v1:172.21.15.5:6789/0] conn(0x7f597c07cc40 msgr2=0x7f597c10c8a0 secure :-1 s=STATE_CONNECTION_ESTABLISHED l=1).mark_down
2024-05-14T15:13:32.246 INFO:teuthology.orchestra.run.smithi005.stdout:/usr/bin/ceph: stderr
2024-05-14T15:13:31.405+0000 7f5982a55700 1 --2- 172.21.15.5:0/4020297563 >> [v2:172.21.15.5:3300/0,v1:172.21.15.5:6789/0] conn(0x7f597c07cc40 0x7f597c10c8a0 secure :-1 s=READY pgs=51 cs=0 l=1 rev1=1 crypto rx=0x7f596c0098a0 tx=0x7f596c009bb0 comp rx=0 tx=0).stop
2024-05-14T15:13:32.246 INFO:teuthology.orchestra.run.smithi005.stdout:/usr/bin/ceph: stderr
2024-05-14T15:13:31.405+0000 7f5982a55700 1 -- 172.21.15.5:0/4020297563 shutdown_connections
2024-05-14T15:13:32.246 INFO:teuthology.orchestra.run.smithi005.stdout:/usr/bin/ceph: stderr
2024-05-14T15:13:31.405+0000 7f5982a55700 1 --2- 172.21.15.5:0/4020297563 >> [v2:172.21.15.5:3300/0,v1:172.21.15.5:6789/0] conn(0x7f597c07cc40 0x7f597c10c8a0 unknown :-1 s=CLOSED pgs=51 cs=0 l=1 rev1=1 crypto rx=0 tx=0 comp rx=0 tx=0).stop
2024-05-14T15:13:32.246 INFO:teuthology.orchestra.run.smithi005.stdout:/usr/bin/ceph: stderr
2024-05-14T15:13:31.405+0000 7f5982a55700 1 -- 172.21.15.5:0/4020297563 >> 172.21.15.5:0/4020297563 conn(0x7f597c104290 msgr2=0x7f597c1066e0 unknown :-1 s=STATE_NONE l=0).mark_down
2024-05-14T15:13:32.246 INFO:teuthology.orchestra.run.smithi005.stdout:/usr/bin/ceph: stderr
2024-05-14T15:13:31.405+0000 7f5982a55700 1 -- 172.21.15.5:0/4020297563 shutdown_connections
2024-05-14T15:13:32.246 INFO:teuthology.orchestra.run.smithi005.stdout:/usr/bin/ceph: stderr
2024-05-14T15:13:31.405+0000 7f5982a55700 1 -- 172.21.15.5:0/4020297563 wait complete.
2024-05-14T15:13:32.246 INFO:teuthology.orchestra.run.smithi005.stdout:/usr/bin/ceph: stderr
2024-05-14T15:13:31.406+0000 7f5982a55700 1 Processor -- start
2024-05-14T15:13:32.246 INFO:teuthology.orchestra.run.smithi005.stdout:/usr/bin/ceph: stderr
2024-05-14T15:13:31.406+0000 7f5982a55700 1 -- start start
2024-05-14T15:13:32.246 INFO:teuthology.orchestra.run.smithi005.stdout:/usr/bin/ceph: stderr
