2024-05-21T06:30:10.614+0000 7efca3000700 1 -- 172.21.15.82:0/1963519042 shutdown_connections
2024-05-21T06:30:10.617 INFO:teuthology.orchestra.run.smithi082.stderr:/usr/bin/ceph:
2024-05-21T06:30:10.614+0000 7efca3000700 1 --2- 172.21.15.82:0/1963519042 >> [v2:172.21.15.82:6800/3843280992,v1:172.21.15.82:6801/3843280992] conn(0x7efc84032720 0x7efc84034be0 unknown :-1 s=CLOSED pgs=19 cs=0 l=1 rev1=1 rx=0 tx=0).stop
2024-05-21T06:30:10.617 INFO:teuthology.orchestra.run.smithi082.stderr:/usr/bin/ceph:
2024-05-21T06:30:10.614+0000 7efca3000700 1 --2- 172.21.15.82:0/1963519042 >> [v2:172.21.15.82:3300/0,v1:172.21.15.82:6789/0] conn(0x7efc9c0fbc90 0x7efc9c10dcf0 unknown :-1 s=CLOSED pgs=60 cs=0 l=1 rev1=1 rx=0 tx=0).stop
2024-05-21T06:30:10.617 INFO:teuthology.orchestra.run.smithi082.stderr:/usr/bin/ceph:
2024-05-21T06:30:10.614+0000 7efca3000700 1 -- 172.21.15.82:0/1963519042 >> 172.21.15.82:0/1963519042 conn(0x7efc9c0f74b0 msgr2=0x7efc9c0718d0 unknown :-1 s=STATE_NONE l=0).mark_down
2024-05-21T06:30:10.617 INFO:teuthology.orchestra.run.smithi082.stderr:/usr/bin/ceph:
2024-05-21T06:30:10.614+0000 7efca3000700 1 -- 172.21.15.82:0/1963519042 shutdown_connections
2024-05-21T06:30:10.617 INFO:teuthology.orchestra.run.smithi082.stderr:/usr/bin/ceph:
2024-05-21T06:30:10.614+0000 7efca3000700 1 -- 172.21.15.82:0/1963519042 wait complete.
2024-05-21T06:30:11.361 INFO:teuthology.orchestra.run.smithi082.stderr:Enabling the dashboard module...
2024-05-21T06:30:11.682 INFO:journalctl@ceph.mon.smithi082.smithi082.stdout:May 21 06:30:11 smithi082 ceph-54301ac8-173b-11ef-bc9a-c7b262605968-mon-smithi082[35923]: audit
2024-05-21T06:30:10.613179+0000 mon.smithi082 (mon.0) 67 : audit [INF] from='client.? 172.21.15.82:0/1963519042' entity='client.admin'
2024-05-21T06:30:11.682 INFO:journalctl@ceph.mon.smithi082.smithi082.stdout:May 21 06:30:11 smithi082 ceph-54301ac8-173b-11ef-bc9a-c7b262605968-mon-smithi082[35923]: cluster
2024-05-21T06:30:11.158316+0000 mgr.smithi082.auyyiw (mgr.14118) 28 : cluster [DBG] pgmap v6: 0 pgs: ; 0 B data, 0 B used, 0 B / 0 B avail
2024-05-21T06:30:12.036 INFO:teuthology.orchestra.run.smithi082.stderr:/usr/bin/ceph:
2024-05-21T06:30:12.033+0000 7f2bd3e00700 1 Processor -- start
2024-05-21T06:30:12.036 INFO:teuthology.orchestra.run.smithi082.stderr:/usr/bin/ceph:
2024-05-21T06:30:12.033+0000 7f2bd3e00700 1 -- start start
2024-05-21T06:30:12.037 INFO:teuthology.orchestra.run.smithi082.stderr:/usr/bin/ceph:
2024-05-21T06:30:12.033+0000 7f2bd3e00700 1 --2- >> [v2:172.21.15.82:3300/0,v1:172.21.15.82:6789/0] conn(0x7f2bd40fbc90 0x7f2bd40fc0b0 unknown :-1 s=NONE pgs=0 cs=0 l=0 rev1=0 rx=0 tx=0).connect
2024-05-21T06:30:12.037 INFO:teuthology.orchestra.run.smithi082.stderr:/usr/bin/ceph:
2024-05-21T06:30:12.033+0000 7f2bd3e00700 1 -- --> [v2:172.21.15.82:3300/0,v1:172.21.15.82:6789/0] -- mon_getmap magic: 0 v1 -- 0x7f2bd40fc5a0 con 0x7f2bd40fbc90
2024-05-21T06:30:12.037 INFO:teuthology.orchestra.run.smithi082.stderr:/usr/bin/ceph:
2024-05-21T06:30:12.033+0000 7f2bd2a00700 1 --2- >> [v2:172.21.15.82:3300/0,v1:172.21.15.82:6789/0] conn(0x7f2bd40fbc90 0x7f2bd40fc0b0 unknown :-1 s=BANNER_CONNECTING pgs=0 cs=0 l=0 rev1=0 rx=0 tx=0)._handle_peer_banner_payload supported=1 required=0
2024-05-21T06:30:12.037 INFO:teuthology.orchestra.run.smithi082.stderr:/usr/bin/ceph:
2024-05-21T06:30:12.033+0000 7f2bd2a00700 1 --2- >> [v2:172.21.15.82:3300/0,v1:172.21.15.82:6789/0] conn(0x7f2bd40fbc90 0x7f2bd40fc0b0 unknown :-1 s=HELLO_CONNECTING pgs=0 cs=0 l=0 rev1=1 rx=0 tx=0).handle_hello peer v2:172.21.15.82:3300/0 says I am v2:172.21.15.82:34454/0 (socket says 172.21.15.82:34454)
2024-05-21T06:30:12.037 INFO:teuthology.orchestra.run.smithi082.stderr:/usr/bin/ceph:
2024-05-21T06:30:12.033+0000 7f2bd2a00700 1 -- 172.21.15.82:0/4185567734 learned_addr learned my addr 172.21.15.82:0/4185567734 (peer_addr_for_me v2:172.21.15.82:0/0)
2024-05-21T06:30:12.037 INFO:teuthology.orchestra.run.smithi082.stderr:/usr/bin/ceph:
2024-05-21T06:30:12.034+0000 7f2bd2a00700 1 -- 172.21.15.82:0/4185567734 --> [v2:172.21.15.82:3300/0,v1:172.21.15.82:6789/0] -- mon_subscribe({config=0+,monmap=0+}) v3 -- 0x7f2bd40fc6e0 con 0x7f2bd40fbc90
2024-05-21T06:30:12.037 INFO:teuthology.orchestra.run.smithi082.stderr:/usr/bin/ceph:
2024-05-21T06:30:12.034+0000 7f2bd2a00700 1 --2- 172.21.15.82:0/4185567734 >> [v2:172.21.15.82:3300/0,v1:172.21.15.82:6789/0] conn(0x7f2bd40fbc90 0x7f2bd40fc0b0 secure :-1 s=READY pgs=61 cs=0 l=1 rev1=1 rx=0x7f2bc4009730 tx=0x7f2bc40090f0).ready entity=mon.0 client_cookie=828b497102da5f1d server_cookie=0 in_seq=0 out_seq=0
2024-05-21T06:30:12.038 INFO:teuthology.orchestra.run.smithi082.stderr:/usr/bin/ceph:
2024-05-21T06:30:12.034+0000 7f2bd2000700 1 -- 172.21.15.82:0/4185567734 <== mon.0 v2:172.21.15.82:3300/0 1 ==== mon_map magic: 0 v1 ==== 229+0+0 (secure 0 0 0) 0x7f2bc400b6e0 con 0x7f2bd40fbc90
2024-05-21T06:30:12.038 INFO:teuthology.orchestra.run.smithi082.stderr:/usr/bin/ceph:
2024-05-21T06:30:12.034+0000 7f2bd2000700 1 -- 172.21.15.82:0/4185567734 <== mon.0 v2:172.21.15.82:3300/0 2 ==== config(25 keys) v1 ==== 1038+0+0 (secure 0 0 0) 0x7f2bc400bcc0 con 0x7f2bd40fbc90
2024-05-21T06:30:12.038 INFO:teuthology.orchestra.run.smithi082.stderr:/usr/bin/ceph:
2024-05-21T06:30:12.034+0000 7f2bd2000700 1 -- 172.21.15.82:0/4185567734 <== mon.0 v2:172.21.15.82:3300/0 3 ==== mon_map magic: 0 v1 ==== 229+0+0 (secure 0 0 0) 0x7f2bc4011cb0 con 0x7f2bd40fbc90
2024-05-21T06:30:12.038 INFO:teuthology.orchestra.run.smithi082.stderr:/usr/bin/ceph:
2024-05-21T06:30:12.035+0000 7f2bd3e00700 1 -- 172.21.15.82:0/4185567734 >> [v2:172.21.15.82:3300/0,v1:172.21.15.82:6789/0] conn(0x7f2bd40fbc90 msgr2=0x7f2bd40fc0b0 secure :-1 s=STATE_CONNECTION_ESTABLISHED l=1).mark_down
2024-05-21T06:30:12.038 INFO:teuthology.orchestra.run.smithi082.stderr:/usr/bin/ceph:
2024-05-21T06:30:12.035+0000 7f2bd3e00700 1 --2- 172.21.15.82:0/4185567734 >> [v2:172.21.15.82:3300/0,v1:172.21.15.82:6789/0] conn(0x7f2bd40fbc90 0x7f2bd40fc0b0 secure :-1 s=READY pgs=61 cs=0 l=1 rev1=1 rx=0x7f2bc4009730 tx=0x7f2bc40090f0).stop
2024-05-21T06:30:12.039 INFO:teuthology.orchestra.run.smithi082.stderr:/usr/bin/ceph:
2024-05-21T06:30:12.035+0000 7f2bd3e00700 1 -- 172.21.15.82:0/4185567734 shutdown_connections
2024-05-21T06:30:12.039 INFO:teuthology.orchestra.run.smithi082.stderr:/usr/bin/ceph:
2024-05-21T06:30:12.035+0000 7f2bd3e00700 1 --2- 172.21.15.82:0/4185567734 >> [v2:172.21.15.82:3300/0,v1:172.21.15.82:6789/0] conn(0x7f2bd40fbc90 0x7f2bd40fc0b0 unknown :-1 s=CLOSED pgs=61 cs=0 l=1 rev1=1 rx=0 tx=0).stop
2024-05-21T06:30:12.039 INFO:teuthology.orchestra.run.smithi082.stderr:/usr/bin/ceph:
2024-05-21T06:30:12.035+0000 7f2bd3e00700 1 -- 172.21.15.82:0/4185567734 >> 172.21.15.82:0/4185567734 conn(0x7f2bd40f74b0 msgr2=0x7f2bd40f98d0 unknown :-1 s=STATE_NONE l=0).mark_down
2024-05-21T06:30:12.039 INFO:teuthology.orchestra.run.smithi082.stderr:/usr/bin/ceph:
2024-05-21T06:30:12.035+0000 7f2bd3e00700 1 -- 172.21.15.82:0/4185567734 shutdown_connections
2024-05-21T06:30:12.039 INFO:teuthology.orchestra.run.smithi082.stderr:/usr/bin/ceph:
2024-05-21T06:30:12.035+0000 7f2bd3e00700 1 -- 172.21.15.82:0/4185567734 wait complete.
2024-05-21T06:30:12.041 INFO:teuthology.orchestra.run.smithi082.stderr:/usr/bin/ceph:
2024-05-21T06:30:12.036+0000 7f2bd3e00700 1 Processor -- start
2024-05-21T06:30:12.042 INFO:teuthology.orchestra.run.smithi082.stderr:/usr/bin/ceph:
2024-05-21T06:30:12.036+0000 7f2bd3e00700 1 -- start start
2024-05-21T06:30:12.042 INFO:teuthology.orchestra.run.smithi082.stderr:/usr/bin/ceph:
2024-05-21T06:30:12.037+0000 7f2bd3e00700 1 --2- >> [v2:172.21.15.82:3300/0,v1:172.21.15.82:6789/0] conn(0x7f2bd40fbc90 0x7f2bd4101ff0 unknown :-1 s=NONE pgs=0 cs=0 l=1 rev1=0 rx=0 tx=0).connect
2024-05-21T06:30:12.042 INFO:teuthology.orchestra.run.smithi082.stderr:/usr/bin/ceph:
2024-05-21T06:30:12.037+0000 7f2bd3e00700 1 -- --> [v2:172.21.15.82:3300/0,v1:172.21.15.82:6789/0] -- mon_getmap magic: 0 v1 -- 0x7f2bd4100470 con 0x7f2bd40fbc90
2024-05-21T06:30:12.042 INFO:teuthology.orchestra.run.smithi082.stderr:/usr/bin/ceph:
2024-05-21T06:30:12.037+0000 7f2bd2a00700 1 --2- >> [v2:172.21.15.82:3300/0,v1:172.21.15.82:6789/0] conn(0x7f2bd40fbc90 0x7f2bd4101ff0 unknown :-1 s=BANNER_CONNECTING pgs=0 cs=0 l=1 rev1=0 rx=0 tx=0)._handle_peer_banner_payload supported=1 required=0
2024-05-21T06:30:12.042 INFO:teuthology.orchestra.run.smithi082.stderr:/usr/bin/ceph:
2024-05-21T06:30:12.037+0000 7f2bd2a00700 1 --2- >> [v2:172.21.15.82:3300/0,v1:172.21.15.82:6789/0] conn(0x7f2bd40fbc90 0x7f2bd4101ff0 unknown :-1 s=HELLO_CONNECTING pgs=0 cs=0 l=1 rev1=1 rx=0 tx=0).handle_hello peer v2:172.21.15.82:3300/0 says I am v2:172.21.15.82:34456/0 (socket says 172.21.15.82:34456)
2024-05-21T06:30:12.042 INFO:teuthology.orchestra.run.smithi082.stderr:/usr/bin/ceph:
2024-05-21T06:30:12.037+0000 7f2bd2a00700 1 -- 172.21.15.82:0/1946793980 learned_addr learned my addr 172.21.15.82:0/1946793980 (peer_addr_for_me v2:172.21.15.82:0/0)
2024-05-21T06:30:12.042 INFO:teuthology.orchestra.run.smithi082.stderr:/usr/bin/ceph:
2024-05-21T06:30:12.037+0000 7f2bd2a00700 1 -- 172.21.15.82:0/1946793980 --> [v2:172.21.15.82:3300/0,v1:172.21.15.82:6789/0] -- mon_subscribe({config=0+,monmap=0+}) v3 -- 0x7f2bc4009370 con 0x7f2bd40fbc90
2024-05-21T06:30:12.042 INFO:teuthology.orchestra.run.smithi082.stderr:/usr/bin/ceph:
2024-05-21T06:30:12.037+0000 7f2bd2a00700 1 --2- 172.21.15.82:0/1946793980 >> [v2:172.21.15.82:3300/0,v1:172.21.15.82:6789/0] conn(0x7f2bd40fbc90 0x7f2bd4101ff0 secure :-1 s=READY pgs=62 cs=0 l=1 rev1=1 rx=0x7f2bc4006ba0 tx=0x7f2bc40090f0).ready entity=mon.0 client_cookie=0 server_cookie=0 in_seq=0 out_seq=0
2024-05-21T06:30:12.042 INFO:teuthology.orchestra.run.smithi082.stderr:/usr/bin/ceph:
2024-05-21T06:30:12.038+0000 7f2bcb400700 1 -- 172.21.15.82:0/1946793980 <== mon.0 v2:172.21.15.82:3300/0 1 ==== mon_map magic: 0 v1 ==== 229+0+0 (secure 0 0 0) 0x7f2bc401a640 con 0x7f2bd40fbc90
2024-05-21T06:30:12.042 INFO:teuthology.orchestra.run.smithi082.stderr:/usr/bin/ceph:
2024-05-21T06:30:12.038+0000 7f2bcb400700 1 -- 172.21.15.82:0/1946793980 <== mon.0 v2:172.21.15.82:3300/0 2 ==== config(25 keys) v1 ==== 1038+0+0 (secure 0 0 0) 0x7f2bc401ac20 con 0x7f2bd40fbc90
2024-05-21T06:30:12.043 INFO:teuthology.orchestra.run.smithi082.stderr:/usr/bin/ceph:
2024-05-21T06:30:12.038+0000 7f2bd3e00700 1 -- 172.21.15.82:0/1946793980 --> [v2:172.21.15.82:3300/0,v1:172.21.15.82:6789/0] -- mon_subscribe({mgrmap=0+}) v3 -- 0x7f2bd4100610 con 0x7f2bd40fbc90
2024-05-21T06:30:12.043 INFO:teuthology.orchestra.run.smithi082.stderr:/usr/bin/ceph:
2024-05-21T06:30:12.038+0000 7f2bcb400700 1 -- 172.21.15.82:0/1946793980 <== mon.0 v2:172.21.15.82:3300/0 3 ==== mon_map magic: 0 v1 ==== 229+0+0 (secure 0 0 0) 0x7f2bc4022bf0 con 0x7f2bd40fbc90
2024-05-21T06:30:12.043 INFO:teuthology.orchestra.run.smithi082.stderr:/usr/bin/ceph:
2024-05-21T06:30:12.038+0000 7f2bd3e00700 1 -- 172.21.15.82:0/1946793980 --> [v2:172.21.15.82:3300/0,v1:172.21.15.82:6789/0] -- mon_subscribe({osdmap=0}) v3 -- 0x7f2bd4100a20 con 0x7f2bd40fbc90
2024-05-21T06:30:12.043 INFO:teuthology.orchestra.run.smithi082.stderr:/usr/bin/ceph:
2024-05-21T06:30:12.039+0000 7f2bcb400700 1 -- 172.21.15.82:0/1946793980 <== mon.0 v2:172.21.15.82:3300/0 4 ==== mgrmap(e 8) v1 ==== 38632+0+0 (secure 0 0 0) 0x7f2bc401a7a0 con 0x7f2bd40fbc90
2024-05-21T06:30:12.043 INFO:teuthology.orchestra.run.smithi082.stderr:/usr/bin/ceph:
2024-05-21T06:30:12.039+0000 7f2bd3e00700 1 -- 172.21.15.82:0/1946793980 --> [v2:172.21.15.82:3300/0,v1:172.21.15.82:6789/0] -- mon_command({"prefix": "get_command_descriptions"} v 0) v1 -- 0x7f2bd4046ce0 con 0x7f2bd40fbc90
2024-05-21T06:30:12.043 INFO:teuthology.orchestra.run.smithi082.stderr:/usr/bin/ceph:
2024-05-21T06:30:12.039+0000 7f2bcb400700 1 --2- 172.21.15.82:0/1946793980 >> [v2:172.21.15.82:6800/3843280992,v1:172.21.15.82:6801/3843280992] conn(0x7f2bb80326d0 0x7f2bb8034b90 unknown :-1 s=NONE pgs=0 cs=0 l=1 rev1=0 rx=0 tx=0).connect
2024-05-21T06:30:12.043 INFO:teuthology.orchestra.run.smithi082.stderr:/usr/bin/ceph:
2024-05-21T06:30:12.039+0000 7f2bcb400700 1 -- 172.21.15.82:0/1946793980 <== mon.0 v2:172.21.15.82:3300/0 5 ==== osd_map(2..2 src has 1..2) v4 ==== 893+0+0 (secure 0 0 0) 0x7f2bc4044c80 con 0x7f2bd40fbc90
2024-05-21T06:30:12.043 INFO:teuthology.orchestra.run.smithi082.stderr:/usr/bin/ceph:
2024-05-21T06:30:12.039+0000 7f2bcbe00700 1 --2- 172.21.15.82:0/1946793980 >> [v2:172.21.15.82:6800/3843280992,v1:172.21.15.82:6801/3843280992] conn(0x7f2bb80326d0 0x7f2bb8034b90 unknown :-1 s=BANNER_CONNECTING pgs=0 cs=0 l=1 rev1=0 rx=0 tx=0)._handle_peer_banner_payload supported=1 required=0
2024-05-21T06:30:12.043 INFO:teuthology.orchestra.run.smithi082.stderr:/usr/bin/ceph:
2024-05-21T06:30:12.040+0000 7f2bcbe00700 1 --2- 172.21.15.82:0/1946793980 >> [v2:172.21.15.82:6800/3843280992,v1:172.21.15.82:6801/3843280992] conn(0x7f2bb80326d0 0x7f2bb8034b90 secure :-1 s=READY pgs=20 cs=0 l=1 rev1=1 rx=0x7f2bbc009780 tx=0x7f2bbc006cc0).ready entity=mgr.14118 client_cookie=0 server_cookie=0 in_seq=0 out_seq=0
2024-05-21T06:30:12.045 INFO:teuthology.orchestra.run.smithi082.stderr:/usr/bin/ceph:
2024-05-21T06:30:12.044+0000 7f2bcb400700 1 -- 172.21.15.82:0/1946793980 <== mon.0 v2:172.21.15.82:3300/0 6 ==== mon_command_ack([{"prefix": "get_command_descriptions"}]=0 v0) v1 ==== 72+0+163658 (secure 0 0 0) 0x7f2bc40103a0 con 0x7f2bd40fbc90
2024-05-21T06:30:12.256 INFO:teuthology.orchestra.run.smithi082.stderr:/usr/bin/ceph:
2024-05-21T06:30:12.255+0000 7f2bd3e00700 1 -- 172.21.15.82:0/1946793980 --> [v2:172.21.15.82:3300/0,v1:172.21.15.82:6789/0] -- mon_command({"prefix": "mgr module enable", "module": "dashboard"} v 0) v1 -- 0x7f2bd4111a80 con 0x7f2bd40fbc90
2024-05-21T06:30:12.618 INFO:teuthology.orchestra.run.smithi082.stderr:/usr/bin/ceph:
2024-05-21T06:30:12.617+0000 7f2bcb400700 1 -- 172.21.15.82:0/1946793980 <== mon.0 v2:172.21.15.82:3300/0 7 ==== mgrmap(e 9) v1 ==== 38645+0+0 (secure 0 0 0) 0x7f2bc40223b0 con 0x7f2bd40fbc90
2024-05-21T06:30:12.619 INFO:teuthology.orchestra.run.smithi082.stderr:/usr/bin/ceph:
2024-05-21T06:30:12.618+0000 7f2bcb400700 1 -- 172.21.15.82:0/1946793980 <== mon.0 v2:172.21.15.82:3300/0 8 ==== mon_command_ack([{"prefix": "mgr module enable", "module": "dashboard"}]=0 v9) v1 ==== 88+0+0 (secure 0 0 0) 0x7f2bc402be00 con 0x7f2bd40fbc90
2024-05-21T06:30:12.622 INFO:teuthology.orchestra.run.smithi082.stderr:/usr/bin/ceph:
2024-05-21T06:30:12.621+0000 7f2bd3e00700 1 -- 172.21.15.82:0/1946793980 >> [v2:172.21.15.82:6800/3843280992,v1:172.21.15.82:6801/3843280992] conn(0x7f2bb80326d0 msgr2=0x7f2bb8034b90 secure :-1 s=STATE_CONNECTION_ESTABLISHED l=1).mark_down
2024-05-21T06:30:12.622 INFO:teuthology.orchestra.run.smithi082.stderr:/usr/bin/ceph:
2024-05-21T06:30:12.621+0000 7f2bd3e00700 1 --2- 172.21.15.82:0/1946793980 >> [v2:172.21.15.82:6800/3843280992,v1:172.21.15.82:6801/3843280992] conn(0x7f2bb80326d0 0x7f2bb8034b90 secure :-1 s=READY pgs=20 cs=0 l=1 rev1=1 rx=0x7f2bbc009780 tx=0x7f2bbc006cc0).stop
2024-05-21T06:30:12.623 INFO:teuthology.orchestra.run.smithi082.stderr:/usr/bin/ceph:
2024-05-21T06:30:12.621+0000 7f2bd3e00700 1 -- 172.21.15.82:0/1946793980 >> [v2:172.21.15.82:3300/0,v1:172.21.15.82:6789/0] conn(0x7f2bd40fbc90 msgr2=0x7f2bd4101ff0 secure :-1 s=STATE_CONNECTION_ESTABLISHED l=1).mark_down
2024-05-21T06:30:12.623 INFO:teuthology.orchestra.run.smithi082.stderr:/usr/bin/ceph:
2024-05-21T06:30:12.621+0000 7f2bd3e00700 1 --2- 172.21.15.82:0/1946793980 >> [v2:172.21.15.82:3300/0,v1:172.21.15.82:6789/0] conn(0x7f2bd40fbc90 0x7f2bd4101ff0 secure :-1 s=READY pgs=62 cs=0 l=1 rev1=1 rx=0x7f2bc4006ba0 tx=0x7f2bc40090f0).stop
2024-05-21T06:30:12.623 INFO:teuthology.orchestra.run.smithi082.stderr:/usr/bin/ceph:
2024-05-21T06:30:12.621+0000 7f2bd3e00700 1 -- 172.21.15.82:0/1946793980 shutdown_connections
2024-05-21T06:30:12.623 INFO:teuthology.orchestra.run.smithi082.stderr:/usr/bin/ceph:
2024-05-21T06:30:12.621+0000 7f2bd3e00700 1 --2- 172.21.15.82:0/1946793980 >> [v2:172.21.15.82:6800/3843280992,v1:172.21.15.82:6801/3843280992] conn(0x7f2bb80326d0 0x7f2bb8034b90 unknown :-1 s=CLOSED pgs=20 cs=0 l=1 rev1=1 rx=0 tx=0).stop
2024-05-21T06:30:12.623 INFO:teuthology.orchestra.run.smithi082.stderr:/usr/bin/ceph:
2024-05-21T06:30:12.621+0000 7f2bd3e00700 1 --2- 172.21.15.82:0/1946793980 >> [v2:172.21.15.82:3300/0,v1:172.21.15.82:6789/0] conn(0x7f2bd40fbc90 0x7f2bd4101ff0 unknown :-1 s=CLOSED pgs=62 cs=0 l=1 rev1=1 rx=0 tx=0).stop
2024-05-21T06:30:12.624 INFO:teuthology.orchestra.run.smithi082.stderr:/usr/bin/ceph:
2024-05-21T06:30:12.621+0000 7f2bd3e00700 1 -- 172.21.15.82:0/1946793980 >> 172.21.15.82:0/1946793980 conn(0x7f2bd40f74b0 msgr2=0x7f2bd40718d0 unknown :-1 s=STATE_NONE l=0).mark_down
2024-05-21T06:30:12.624 INFO:teuthology.orchestra.run.smithi082.stderr:/usr/bin/ceph:
2024-05-21T06:30:12.621+0000 7f2bd3e00700 1 -- 172.21.15.82:0/1946793980 shutdown_connections
2024-05-21T06:30:12.624 INFO:teuthology.orchestra.run.smithi082.stderr:/usr/bin/ceph:
2024-05-21T06:30:12.621+0000 7f2bd3e00700 1 -- 172.21.15.82:0/1946793980 wait complete.
2024-05-21T06:30:12.878 INFO:journalctl@ceph.mon.smithi082.smithi082.stdout:May 21 06:30:12 smithi082 ceph-54301ac8-173b-11ef-bc9a-c7b262605968-mon-smithi082[35923]: audit
2024-05-21T06:30:12.257346+0000 mon.smithi082 (mon.0) 68 : audit [INF] from='client.? 172.21.15.82:0/1946793980' entity='client.admin' cmd=[{"prefix": "mgr module enable", "module": "dashboard"}]: dispatch
2024-05-21T06:30:13.970 INFO:teuthology.orchestra.run.smithi082.stderr:/usr/bin/ceph:
2024-05-21T06:30:13.967+0000 7fb2cc800700 1 Processor -- start
2024-05-21T06:30:13.970 INFO:teuthology.orchestra.run.smithi082.stderr:/usr/bin/ceph:
2024-05-21T06:30:13.968+0000 7fb2cc800700 1 -- start start
2024-05-21T06:30:13.970 INFO:teuthology.orchestra.run.smithi082.stderr:/usr/bin/ceph:
2024-05-21T06:30:13.968+0000 7fb2cc800700 1 --2- >> [v2:172.21.15.82:3300/0,v1:172.21.15.82:6789/0] conn(0x7fb2c40fd030 0x7fb2c40fd450 unknown :-1 s=NONE pgs=0 cs=0 l=0 rev1=0 rx=0 tx=0).connect
2024-05-21T06:30:13.970 INFO:teuthology.orchestra.run.smithi082.stderr:/usr/bin/ceph:
2024-05-21T06:30:13.968+0000 7fb2cc800700 1 -- --> [v2:172.21.15.82:3300/0,v1:172.21.15.82:6789/0] -- mon_getmap magic: 0 v1 -- 0x7fb2c40fd940 con 0x7fb2c40fd030
2024-05-21T06:30:13.970 INFO:teuthology.orchestra.run.smithi082.stderr:/usr/bin/ceph:
2024-05-21T06:30:13.968+0000 7fb2c9e00700 1 --2- >> [v2:172.21.15.82:3300/0,v1:172.21.15.82:6789/0] conn(0x7fb2c40fd030 0x7fb2c40fd450 unknown :-1 s=BANNER_CONNECTING pgs=0 cs=0 l=0 rev1=0 rx=0 tx=0)._handle_peer_banner_payload supported=1 required=0
2024-05-21T06:30:13.970 INFO:teuthology.orchestra.run.smithi082.stderr:/usr/bin/ceph:
2024-05-21T06:30:13.968+0000 7fb2c9e00700 1 --2- >> [v2:172.21.15.82:3300/0,v1:172.21.15.82:6789/0] conn(0x7fb2c40fd030 0x7fb2c40fd450 unknown :-1 s=HELLO_CONNECTING pgs=0 cs=0 l=0 rev1=1 rx=0 tx=0).handle_hello peer v2:172.21.15.82:3300/0 says I am v2:172.21.15.82:34498/0 (socket says 172.21.15.82:34498)
2024-05-21T06:30:13.970 INFO:teuthology.orchestra.run.smithi082.stderr:/usr/bin/ceph:
2024-05-21T06:30:13.968+0000 7fb2c9e00700 1 -- 172.21.15.82:0/3471695335 learned_addr learned my addr 172.21.15.82:0/3471695335 (peer_addr_for_me v2:172.21.15.82:0/0)
2024-05-21T06:30:13.972 INFO:teuthology.orchestra.run.smithi082.stderr:/usr/bin/ceph:
2024-05-21T06:30:13.969+0000 7fb2c9e00700 1 -- 172.21.15.82:0/3471695335 --> [v2:172.21.15.82:3300/0,v1:172.21.15.82:6789/0] -- mon_subscribe({config=0+,monmap=0+}) v3 -- 0x7fb2c40fda80 con 0x7fb2c40fd030
2024-05-21T06:30:13.972 INFO:teuthology.orchestra.run.smithi082.stderr:/usr/bin/ceph:
2024-05-21T06:30:13.969+0000 7fb2c9e00700 1 --2- 172.21.15.82:0/3471695335 >> [v2:172.21.15.82:3300/0,v1:172.21.15.82:6789/0] conn(0x7fb2c40fd030 0x7fb2c40fd450 secure :-1 s=READY pgs=65 cs=0 l=1 rev1=1 rx=0x7fb2b8009730 tx=0x7fb2b80090f0).ready entity=mon.0 client_cookie=96d1a33e5f2491d0 server_cookie=0 in_seq=0 out_seq=0
2024-05-21T06:30:13.972 INFO:teuthology.orchestra.run.smithi082.stderr:/usr/bin/ceph:
2024-05-21T06:30:13.969+0000 7fb2c8a00700 1 -- 172.21.15.82:0/3471695335 <== mon.0 v2:172.21.15.82:3300/0 1 ==== mon_map magic: 0 v1 ==== 229+0+0 (secure 0 0 0) 0x7fb2b800b6e0 con 0x7fb2c40fd030
2024-05-21T06:30:13.972 INFO:teuthology.orchestra.run.smithi082.stderr:/usr/bin/ceph:
2024-05-21T06:30:13.969+0000 7fb2c8a00700 1 -- 172.21.15.82:0/3471695335 <== mon.0 v2:172.21.15.82:3300/0 2 ==== config(25 keys) v1 ==== 1038+0+0 (secure 0 0 0) 0x7fb2b800bcc0 con 0x7fb2c40fd030
2024-05-21T06:30:13.972 INFO:teuthology.orchestra.run.smithi082.stderr:/usr/bin/ceph:
2024-05-21T06:30:13.969+0000 7fb2c8a00700 1 -- 172.21.15.82:0/3471695335 <== mon.0 v2:172.21.15.82:3300/0 3 ==== mon_map magic: 0 v1 ==== 229+0+0 (secure 0 0 0) 0x7fb2b8011cb0 con 0x7fb2c40fd030
2024-05-21T06:30:13.972 INFO:teuthology.orchestra.run.smithi082.stderr:/usr/bin/ceph:
2024-05-21T06:30:13.970+0000 7fb2cc800700 1 -- 172.21.15.82:0/3471695335 >> [v2:172.21.15.82:3300/0,v1:172.21.15.82:6789/0] conn(0x7fb2c40fd030 msgr2=0x7fb2c40fd450 secure :-1 s=STATE_CONNECTION_ESTABLISHED l=1).mark_down
2024-05-21T06:30:13.972 INFO:teuthology.orchestra.run.smithi082.stderr:/usr/bin/ceph:
2024-05-21T06:30:13.970+0000 7fb2cc800700 1 --2- 172.21.15.82:0/3471695335 >> [v2:172.21.15.82:3300/0,v1:172.21.15.82:6789/0] conn(0x7fb2c40fd030 0x7fb2c40fd450 secure :-1 s=READY pgs=65 cs=0 l=1 rev1=1 rx=0x7fb2b8009730 tx=0x7fb2b80090f0).stop
2024-05-21T06:30:13.972 INFO:teuthology.orchestra.run.smithi082.stderr:/usr/bin/ceph:
2024-05-21T06:30:13.970+0000 7fb2cc800700 1 -- 172.21.15.82:0/3471695335 shutdown_connections
2024-05-21T06:30:13.972 INFO:teuthology.orchestra.run.smithi082.stderr:/usr/bin/ceph:
2024-05-21T06:30:13.970+0000 7fb2cc800700 1 --2- 172.21.15.82:0/3471695335 >> [v2:172.21.15.82:3300/0,v1:172.21.15.82:6789/0] conn(0x7fb2c40fd030 0x7fb2c40fd450 unknown :-1 s=CLOSED pgs=65 cs=0 l=1 rev1=1 rx=0 tx=0).stop
2024-05-21T06:30:13.972 INFO:teuthology.orchestra.run.smithi082.stderr:/usr/bin/ceph:
2024-05-21T06:30:13.970+0000 7fb2cc800700 1 -- 172.21.15.82:0/3471695335 >> 172.21.15.82:0/3471695335 conn(0x7fb2c40f8800 msgr2=0x7fb2c40fac20 unknown :-1 s=STATE_NONE l=0).mark_down
2024-05-21T06:30:13.972 INFO:teuthology.orchestra.run.smithi082.stderr:/usr/bin/ceph:
2024-05-21T06:30:13.970+0000 7fb2cc800700 1 -- 172.21.15.82:0/3471695335 shutdown_connections
2024-05-21T06:30:13.972 INFO:teuthology.orchestra.run.smithi082.stderr:/usr/bin/ceph:
2024-05-21T06:30:13.970+0000 7fb2cc800700 1 -- 172.21.15.82:0/3471695335 wait complete.
2024-05-21T06:30:13.973 INFO:teuthology.orchestra.run.smithi082.stderr:/usr/bin/ceph:
2024-05-21T06:30:13.971+0000 7fb2cc800700 1 Processor -- start
2024-05-21T06:30:13.974 INFO:teuthology.orchestra.run.smithi082.stderr:/usr/bin/ceph:
2024-05-21T06:30:13.972+0000 7fb2cc800700 1 -- start start
2024-05-21T06:30:13.974 INFO:teuthology.orchestra.run.smithi082.stderr:/usr/bin/ceph:
2024-05-21T06:30:13.972+0000 7fb2cc800700 1 --2- >> [v2:172.21.15.82:3300/0,v1:172.21.15.82:6789/0] conn(0x7fb2c40fd030 0x7fb2c4073da0 unknown :-1 s=NONE pgs=0 cs=0 l=1 rev1=0 rx=0 tx=0).connect
2024-05-21T06:30:13.974 INFO:teuthology.orchestra.run.smithi082.stderr:/usr/bin/ceph:
2024-05-21T06:30:13.972+0000 7fb2cc800700 1 -- --> [v2:172.21.15.82:3300/0,v1:172.21.15.82:6789/0] -- mon_getmap magic: 0 v1 -- 0x7fb2c4072220 con 0x7fb2c40fd030
2024-05-21T06:30:13.974 INFO:teuthology.orchestra.run.smithi082.stderr:/usr/bin/ceph:
2024-05-21T06:30:13.972+0000 7fb2c9e00700 1 --2- >> [v2:172.21.15.82:3300/0,v1:172.21.15.82:6789/0] conn(0x7fb2c40fd030 0x7fb2c4073da0 unknown :-1 s=BANNER_CONNECTING pgs=0 cs=0 l=1 rev1=0 rx=0 tx=0)._handle_peer_banner_payload supported=1 required=0
2024-05-21T06:30:13.974 INFO:teuthology.orchestra.run.smithi082.stderr:/usr/bin/ceph:
2024-05-21T06:30:13.972+0000 7fb2c9e00700 1 --2- >> [v2:172.21.15.82:3300/0,v1:172.21.15.82:6789/0] conn(0x7fb2c40fd030 0x7fb2c4073da0 unknown :-1 s=HELLO_CONNECTING pgs=0 cs=0 l=1 rev1=1 rx=0 tx=0).handle_hello peer v2:172.21.15.82:3300/0 says I am v2:172.21.15.82:34510/0 (socket says 172.21.15.82:34510)
2024-05-21T06:30:13.974 INFO:teuthology.orchestra.run.smithi082.stderr:/usr/bin/ceph:
2024-05-21T06:30:13.972+0000 7fb2c9e00700 1 -- 172.21.15.82:0/1309139531 learned_addr learned my addr 172.21.15.82:0/1309139531 (peer_addr_for_me v2:172.21.15.82:0/0)
2024-05-21T06:30:13.974 INFO:teuthology.orchestra.run.smithi082.stderr:/usr/bin/ceph:
2024-05-21T06:30:13.973+0000 7fb2c9e00700 1 -- 172.21.15.82:0/1309139531 --> [v2:172.21.15.82:3300/0,v1:172.21.15.82:6789/0] -- mon_subscribe({config=0+,monmap=0+}) v3 -- 0x7fb2b8009370 con 0x7fb2c40fd030
2024-05-21T06:30:13.974 INFO:teuthology.orchestra.run.smithi082.stderr:/usr/bin/ceph:
2024-05-21T06:30:13.973+0000 7fb2c9e00700 1 --2- 172.21.15.82:0/1309139531 >> [v2:172.21.15.82:3300/0,v1:172.21.15.82:6789/0] conn(0x7fb2c40fd030 0x7fb2c4073da0 secure :-1 s=READY pgs=66 cs=0 l=1 rev1=1 rx=0x7fb2b8012fc0 tx=0x7fb2b80090f0).ready entity=mon.0 client_cookie=0 server_cookie=0 in_seq=0 out_seq=0
2024-05-21T06:30:13.975 INFO:teuthology.orchestra.run.smithi082.stderr:/usr/bin/ceph:
2024-05-21T06:30:13.973+0000 7fb2bea00700 1 -- 172.21.15.82:0/1309139531 <== mon.0 v2:172.21.15.82:3300/0 1 ==== mon_map magic: 0 v1 ==== 229+0+0 (secure 0 0 0) 0x7fb2b801a7a0 con 0x7fb2c40fd030
2024-05-21T06:30:13.975 INFO:teuthology.orchestra.run.smithi082.stderr:/usr/bin/ceph:
2024-05-21T06:30:13.973+0000 7fb2bea00700 1 -- 172.21.15.82:0/1309139531 <== mon.0 v2:172.21.15.82:3300/0 2 ==== config(25 keys) v1 ==== 1038+0+0 (secure 0 0 0) 0x7fb2b801ad80 con 0x7fb2c40fd030
2024-05-21T06:30:13.975 INFO:teuthology.orchestra.run.smithi082.stderr:/usr/bin/ceph:
2024-05-21T06:30:13.973+0000 7fb2cc800700 1 -- 172.21.15.82:0/1309139531 --> [v2:172.21.15.82:3300/0,v1:172.21.15.82:6789/0] -- mon_subscribe({mgrmap=0+}) v3 -- 0x7fb2c40723c0 con 0x7fb2c40fd030
2024-05-21T06:30:13.975 INFO:teuthology.orchestra.run.smithi082.stderr:/usr/bin/ceph:
2024-05-21T06:30:13.973+0000 7fb2bea00700 1 -- 172.21.15.82:0/1309139531 <== mon.0 v2:172.21.15.82:3300/0 3 ==== mon_map magic: 0 v1 ==== 229+0+0 (secure 0 0 0) 0x7fb2b8023cb0 con 0x7fb2c40fd030
2024-05-21T06:30:13.975 INFO:teuthology.orchestra.run.smithi082.stderr:/usr/bin/ceph:
2024-05-21T06:30:13.973+0000 7fb2cc800700 1 -- 172.21.15.82:0/1309139531 --> [v2:172.21.15.82:3300/0,v1:172.21.15.82:6789/0] -- mon_subscribe({osdmap=0}) v3 -- 0x7fb2c40727d0 con 0x7fb2c40fd030
2024-05-21T06:30:13.976 INFO:teuthology.orchestra.run.smithi082.stderr:/usr/bin/ceph:
2024-05-21T06:30:13.975+0000 7fb2cc800700 1 -- 172.21.15.82:0/1309139531 --> [v2:172.21.15.82:3300/0,v1:172.21.15.82:6789/0] -- mon_command({"prefix": "get_command_descriptions"} v 0) v1 -- 0x7fb2c4046ce0 con 0x7fb2c40fd030
2024-05-21T06:30:13.976 INFO:teuthology.orchestra.run.smithi082.stderr:/usr/bin/ceph:
2024-05-21T06:30:13.975+0000 7fb2bea00700 1 -- 172.21.15.82:0/1309139531 <== mon.0 v2:172.21.15.82:3300/0 4 ==== mgrmap(e 9) v1 ==== 38645+0+0 (secure 0 0 0) 0x7fb2b8023410 con 0x7fb2c40fd030
2024-05-21T06:30:13.976 INFO:teuthology.orchestra.run.smithi082.stderr:/usr/bin/ceph:
2024-05-21T06:30:13.975+0000 7fb2bea00700 1 --2- 172.21.15.82:0/1309139531 >> [v2:172.21.15.82:6800/3843280992,v1:172.21.15.82:6801/3843280992] conn(0x7fb2ac032720 0x7fb2ac034be0 unknown :-1 s=NONE pgs=0 cs=0 l=1 rev1=0 rx=0 tx=0).connect
2024-05-21T06:30:13.977 INFO:teuthology.orchestra.run.smithi082.stderr:/usr/bin/ceph:
2024-05-21T06:30:13.975+0000 7fb2bea00700 1 -- 172.21.15.82:0/1309139531 <== mon.0 v2:172.21.15.82:3300/0 5 ==== osd_map(2..2 src has 1..2) v4 ==== 893+0+0 (secure 0 0 0) 0x7fb2b8044af0 con 0x7fb2c40fd030
2024-05-21T06:30:13.977 INFO:teuthology.orchestra.run.smithi082.stderr:/usr/bin/ceph:
2024-05-21T06:30:13.975+0000 7fb2c9400700 1 -- 172.21.15.82:0/1309139531 >> [v2:172.21.15.82:6800/3843280992,v1:172.21.15.82:6801/3843280992] conn(0x7fb2ac032720 msgr2=0x7fb2ac034be0 unknown :-1 s=STATE_CONNECTING_RE l=1).process reconnect failed to v2:172.21.15.82:6800/3843280992
2024-05-21T06:30:13.977 INFO:teuthology.orchestra.run.smithi082.stderr:/usr/bin/ceph:
2024-05-21T06:30:13.975+0000 7fb2c9400700 1 --2- 172.21.15.82:0/1309139531 >> [v2:172.21.15.82:6800/3843280992,v1:172.21.15.82:6801/3843280992] conn(0x7fb2ac032720 0x7fb2ac034be0 unknown :-1 s=START_CONNECT pgs=0 cs=0 l=1 rev1=0 rx=0 tx=0)._fault waiting 0.200000
2024-05-21T06:30:13.981 INFO:teuthology.orchestra.run.smithi082.stderr:/usr/bin/ceph:
2024-05-21T06:30:13.980+0000 7fb2bea00700 1 -- 172.21.15.82:0/1309139531 <== mon.0 v2:172.21.15.82:3300/0 6 ==== mon_command_ack([{"prefix": "get_command_descriptions"}]=0 v0) v1 ==== 72+0+163658 (secure 0 0 0) 0x7fb2b80199e0 con 0x7fb2c40fd030
2024-05-21T06:30:14.103 INFO:journalctl@ceph.mon.smithi082.smithi082.stdout:May 21 06:30:13 smithi082 ceph-54301ac8-173b-11ef-bc9a-c7b262605968-mon-smithi082[35923]: audit
2024-05-21T06:30:12.619701+0000 mon.smithi082 (mon.0) 69 : audit [INF] from='client.? 172.21.15.82:0/1946793980' entity='client.admin' cmd='[{"prefix": "mgr module enable", "module": "dashboard"}]': finished
2024-05-21T06:30:14.104 INFO:journalctl@ceph.mon.smithi082.smithi082.stdout:May 21 06:30:13 smithi082 ceph-54301ac8-173b-11ef-bc9a-c7b262605968-mon-smithi082[35923]: cluster
2024-05-21T06:30:12.619784+0000 mon.smithi082 (mon.0) 70 : cluster [DBG] mgrmap e9: smithi082.auyyiw(active, since 27s)
2024-05-21T06:30:14.177 INFO:teuthology.orchestra.run.smithi082.stderr:/usr/bin/ceph:
2024-05-21T06:30:14.176+0000 7fb2c9400700 1 -- 172.21.15.82:0/1309139531 >> [v2:172.21.15.82:6800/3843280992,v1:172.21.15.82:6801/3843280992] conn(0x7fb2ac032720 msgr2=0x7fb2ac034be0 unknown :-1 s=STATE_CONNECTING_RE l=1).process reconnect failed to v2:172.21.15.82:6800/3843280992
2024-05-21T06:30:14.177 INFO:teuthology.orchestra.run.smithi082.stderr:/usr/bin/ceph:
2024-05-21T06:30:14.176+0000 7fb2c9400700 1 --2- 172.21.15.82:0/1309139531 >> [v2:172.21.15.82:6800/3843280992,v1:172.21.15.82:6801/3843280992] conn(0x7fb2ac032720 0x7fb2ac034be0 unknown :-1 s=START_CONNECT pgs=0 cs=0 l=1 rev1=0 rx=0 tx=0)._fault waiting 0.400000
2024-05-21T06:30:14.202 INFO:teuthology.orchestra.run.smithi082.stderr:/usr/bin/ceph:
2024-05-21T06:30:14.201+0000 7fb2cc800700 1 -- 172.21.15.82:0/1309139531 --> [v2:172.21.15.82:3300/0,v1:172.21.15.82:6789/0] -- mon_command({"prefix": "mgr stat"} v 0) v1 -- 0x7fb2c4105d10 con 0x7fb2c40fd030
2024-05-21T06:30:14.203 INFO:teuthology.orchestra.run.smithi082.stderr:/usr/bin/ceph:
2024-05-21T06:30:14.202+0000 7fb2bea00700 1 -- 172.21.15.82:0/1309139531 <== mon.0 v2:172.21.15.82:3300/0 7 ==== mon_command_ack([{"prefix": "mgr stat"}]=0 v9) v1 ==== 56+0+103 (secure 0 0 0) 0x7fb2b801e020 con 0x7fb2c40fd030
2024-05-21T06:30:14.203 INFO:teuthology.orchestra.run.smithi082.stderr:/usr/bin/ceph: {
2024-05-21T06:30:14.203 INFO:teuthology.orchestra.run.smithi082.stderr:/usr/bin/ceph: "epoch": 9,
2024-05-21T06:30:14.204 INFO:teuthology.orchestra.run.smithi082.stderr:/usr/bin/ceph: "available": true,
2024-05-21T06:30:14.204 INFO:teuthology.orchestra.run.smithi082.stderr:/usr/bin/ceph: "active_name": "smithi082.auyyiw",
2024-05-21T06:30:14.204 INFO:teuthology.orchestra.run.smithi082.stderr:/usr/bin/ceph: "num_standby": 0
2024-05-21T06:30:14.204 INFO:teuthology.orchestra.run.smithi082.stderr:/usr/bin/ceph: }
2024-05-21T06:30:14.205 INFO:teuthology.orchestra.run.smithi082.stderr:/usr/bin/ceph:
2024-05-21T06:30:14.204+0000 7fb2cc800700 1 -- 172.21.15.82:0/1309139531 >> [v2:172.21.15.82:6800/3843280992,v1:172.21.15.82:6801/3843280992] conn(0x7fb2ac032720 msgr2=0x7fb2ac034be0 unknown :-1 s=STATE_CONNECTING l=1).mark_down
2024-05-21T06:30:14.206 INFO:teuthology.orchestra.run.smithi082.stderr:/usr/bin/ceph:
2024-05-21T06:30:14.204+0000 7fb2cc800700 1 --2- 172.21.15.82:0/1309139531 >> [v2:172.21.15.82:6800/3843280992,v1:172.21.15.82:6801/3843280992] conn(0x7fb2ac032720 0x7fb2ac034be0 unknown :-1 s=START_CONNECT pgs=0 cs=0 l=1 rev1=0 rx=0 tx=0).stop
2024-05-21T06:30:14.206 INFO:teuthology.orchestra.run.smithi082.stderr:/usr/bin/ceph:
2024-05-21T06:30:14.204+0000 7fb2cc800700 1 -- 172.21.15.82:0/1309139531 >> [v2:172.21.15.82:3300/0,v1:172.21.15.82:6789/0] conn(0x7fb2c40fd030 msgr2=0x7fb2c4073da0 secure :-1 s=STATE_CONNECTION_ESTABLISHED l=1).mark_down
2024-05-21T06:30:14.207 INFO:teuthology.orchestra.run.smithi082.stderr:/usr/bin/ceph:
2024-05-21T06:30:14.204+0000 7fb2cc800700 1 --2- 172.21.15.82:0/1309139531 >> [v2:172.21.15.82:3300/0,v1:172.21.15.82:6789/0] conn(0x7fb2c40fd030 0x7fb2c4073da0 secure :-1 s=READY pgs=66 cs=0 l=1 rev1=1 rx=0x7fb2b8012fc0 tx=0x7fb2b80090f0).stop
2024-05-21T06:30:14.207 INFO:teuthology.orchestra.run.smithi082.stderr:/usr/bin/ceph:
2024-05-21T06:30:14.204+0000 7fb2cc800700 1 -- 172.21.15.82:0/1309139531 shutdown_connections
2024-05-21T06:30:14.207 INFO:teuthology.orchestra.run.smithi082.stderr:/usr/bin/ceph:
2024-05-21T06:30:14.204+0000 7fb2cc800700 1 --2- 172.21.15.82:0/1309139531 >> [v2:172.21.15.82:6800/3843280992,v1:172.21.15.82:6801/3843280992] conn(0x7fb2ac032720 0x7fb2ac034be0 unknown :-1 s=CLOSED pgs=0 cs=0 l=1 rev1=0 rx=0 tx=0).stop
2024-05-21T06:30:14.207 INFO:teuthology.orchestra.run.smithi082.stderr:/usr/bin/ceph:
2024-05-21T06:30:14.204+0000 7fb2cc800700 1 --2- 172.21.15.82:0/1309139531 >> [v2:172.21.15.82:3300/0,v1:172.21.15.82:6789/0] conn(0x7fb2c40fd030 0x7fb2c4073da0 unknown :-1 s=CLOSED pgs=66 cs=0 l=1 rev1=1 rx=0 tx=0).stop
2024-05-21T06:30:14.207 INFO:teuthology.orchestra.run.smithi082.stderr:/usr/bin/ceph:
2024-05-21T06:30:14.204+0000 7fb2cc800700 1 -- 172.21.15.82:0/1309139531 >> 172.21.15.82:0/1309139531 conn(0x7fb2c40f8800 msgr2=0x7fb2c40fa0b0 unknown :-1 s=STATE_NONE l=0).mark_down
2024-05-21T06:30:14.207 INFO:teuthology.orchestra.run.smithi082.stderr:/usr/bin/ceph:
2024-05-21T06:30:14.204+0000 7fb2cc800700 1 -- 172.21.15.82:0/1309139531 shutdown_connections
2024-05-21T06:30:14.207 INFO:teuthology.orchestra.run.smithi082.stderr:/usr/bin/ceph:
2024-05-21T06:30:14.204+0000 7fb2cc800700 1 -- 172.21.15.82:0/1309139531 wait complete.
2024-05-21T06:30:14.818 INFO:journalctl@ceph.mon.smithi082.smithi082.stdout:May 21 06:30:14 smithi082 ceph-54301ac8-173b-11ef-bc9a-c7b262605968-mon-smithi082[35923]: audit
2024-05-21T06:30:14.203543+0000 mon.smithi082 (mon.0) 71 : audit [DBG] from='client.? 172.21.15.82:0/1309139531' entity='client.admin' cmd=[{"prefix": "mgr stat"}]: dispatch
2024-05-21T06:30:14.957 INFO:teuthology.orchestra.run.smithi082.stderr:Waiting for the mgr to restart...
2024-05-21T06:30:14.957 INFO:teuthology.orchestra.run.smithi082.stderr:Waiting for mgr epoch 9...
2024-05-21T06:30:15.632 INFO:teuthology.orchestra.run.smithi082.stderr:/usr/bin/ceph:
2024-05-21T06:30:15.630+0000 7fd678600700 1 Processor -- start
2024-05-21T06:30:15.632 INFO:teuthology.orchestra.run.smithi082.stderr:/usr/bin/ceph:
2024-05-21T06:30:15.630+0000 7fd678600700 1 -- start start
2024-05-21T06:30:15.633 INFO:teuthology.orchestra.run.smithi082.stderr:/usr/bin/ceph:
2024-05-21T06:30:15.630+0000 7fd678600700 1 --2- >> [v2:172.21.15.82:3300/0,v1:172.21.15.82:6789/0] conn(0x7fd6700fd030 0x7fd6700fd450 unknown :-1 s=NONE pgs=0 cs=0 l=0 rev1=0 rx=0 tx=0).connect
2024-05-21T06:30:15.633 INFO:teuthology.orchestra.run.smithi082.stderr:/usr/bin/ceph:
2024-05-21T06:30:15.630+0000 7fd678600700 1 -- --> [v2:172.21.15.82:3300/0,v1:172.21.15.82:6789/0] -- mon_getmap magic: 0 v1 -- 0x7fd6700fd940 con 0x7fd6700fd030
2024-05-21T06:30:15.633 INFO:teuthology.orchestra.run.smithi082.stderr:/usr/bin/ceph:
2024-05-21T06:30:15.631+0000 7fd675c00700 1 --2- >> [v2:172.21.15.82:3300/0,v1:172.21.15.82:6789/0] conn(0x7fd6700fd030 0x7fd6700fd450 unknown :-1 s=BANNER_CONNECTING pgs=0 cs=0 l=0 rev1=0 rx=0 tx=0)._handle_peer_banner_payload supported=1 required=0
2024-05-21T06:30:15.633 INFO:teuthology.orchestra.run.smithi082.stderr:/usr/bin/ceph:
2024-05-21T06:30:15.631+0000 7fd675c00700 1 --2- >> [v2:172.21.15.82:3300/0,v1:172.21.15.82:6789/0] conn(0x7fd6700fd030 0x7fd6700fd450 unknown :-1 s=HELLO_CONNECTING pgs=0 cs=0 l=0 rev1=1 rx=0 tx=0).handle_hello peer v2:172.21.15.82:3300/0 says I am v2:172.21.15.82:34522/0 (socket says 172.21.15.82:34522)
2024-05-21T06:30:15.633 INFO:teuthology.orchestra.run.smithi082.stderr:/usr/bin/ceph:
2024-05-21T06:30:15.631+0000 7fd675c00700 1 -- 172.21.15.82:0/1851522201 learned_addr learned my addr 172.21.15.82:0/1851522201 (peer_addr_for_me v2:172.21.15.82:0/0)
2024-05-21T06:30:15.633 INFO:teuthology.orchestra.run.smithi082.stderr:/usr/bin/ceph:
2024-05-21T06:30:15.631+0000 7fd675c00700 1 -- 172.21.15.82:0/1851522201 --> [v2:172.21.15.82:3300/0,v1:172.21.15.82:6789/0] -- mon_subscribe({config=0+,monmap=0+}) v3 -- 0x7fd6700fda80 con 0x7fd6700fd030
2024-05-21T06:30:15.633 INFO:teuthology.orchestra.run.smithi082.stderr:/usr/bin/ceph:
2024-05-21T06:30:15.631+0000 7fd675c00700 1 --2- 172.21.15.82:0/1851522201 >> [v2:172.21.15.82:3300/0,v1:172.21.15.82:6789/0] conn(0x7fd6700fd030 0x7fd6700fd450 secure :-1 s=READY pgs=67 cs=0 l=1 rev1=1 rx=0x7fd664009730 tx=0x7fd6640090f0).ready entity=mon.0 client_cookie=ad70e51067dc675e server_cookie=0 in_seq=0 out_seq=0
2024-05-21T06:30:15.634 INFO:teuthology.orchestra.run.smithi082.stderr:/usr/bin/ceph:
2024-05-21T06:30:15.632+0000 7fd66fe00700 1 -- 172.21.15.82:0/1851522201 <== mon.0 v2:172.21.15.82:3300/0 1 ==== mon_map magic: 0 v1 ==== 229+0+0 (secure 0 0 0) 0x7fd66400b6e0 con 0x7fd6700fd030
2024-05-21T06:30:15.635 INFO:teuthology.orchestra.run.smithi082.stderr:/usr/bin/ceph:
2024-05-21T06:30:15.632+0000 7fd66fe00700 1 -- 172.21.15.82:0/1851522201 <== mon.0 v2:172.21.15.82:3300/0 2 ==== config(25 keys) v1 ==== 1038+0+0 (secure 0 0 0) 0x7fd66400bcc0 con 0x7fd6700fd030
2024-05-21T06:30:15.635 INFO:teuthology.orchestra.run.smithi082.stderr:/usr/bin/ceph:
2024-05-21T06:30:15.632+0000 7fd66fe00700 1 -- 172.21.15.82:0/1851522201 <== mon.0 v2:172.21.15.82:3300/0 3 ==== mon_map magic: 0 v1 ==== 229+0+0 (secure 0 0 0) 0x7fd664011cb0 con 0x7fd6700fd030
2024-05-21T06:30:15.635 INFO:teuthology.orchestra.run.smithi082.stderr:/usr/bin/ceph:
2024-05-21T06:30:15.632+0000 7fd678600700 1 -- 172.21.15.82:0/1851522201 >> [v2:172.21.15.82:3300/0,v1:172.21.15.82:6789/0] conn(0x7fd6700fd030 msgr2=0x7fd6700fd450 secure :-1 s=STATE_CONNECTION_ESTABLISHED l=1).mark_down
2024-05-21T06:30:15.635 INFO:teuthology.orchestra.run.smithi082.stderr:/usr/bin/ceph:
2024-05-21T06:30:15.632+0000 7fd678600700 1 --2- 172.21.15.82:0/1851522201 >> [v2:172.21.15.82:3300/0,v1:172.21.15.82:6789/0] conn(0x7fd6700fd030 0x7fd6700fd450 secure :-1 s=READY pgs=67 cs=0 l=1 rev1=1 rx=0x7fd664009730 tx=0x7fd6640090f0).stop
2024-05-21T06:30:15.635 INFO:teuthology.orchestra.run.smithi082.stderr:/usr/bin/ceph:
2024-05-21T06:30:15.633+0000 7fd678600700 1 -- 172.21.15.82:0/1851522201 shutdown_connections
2024-05-21T06:30:15.635 INFO:teuthology.orchestra.run.smithi082.stderr:/usr/bin/ceph:
2024-05-21T06:30:15.633+0000 7fd678600700 1 --2- 172.21.15.82:0/1851522201 >> [v2:172.21.15.82:3300/0,v1:172.21.15.82:6789/0] conn(0x7fd6700fd030 0x7fd6700fd450 unknown :-1 s=CLOSED pgs=67 cs=0 l=1 rev1=1 rx=0 tx=0).stop
2024-05-21T06:30:15.635 INFO:teuthology.orchestra.run.smithi082.stderr:/usr/bin/ceph:
2024-05-21T06:30:15.633+0000 7fd678600700 1 -- 172.21.15.82:0/1851522201 >> 172.21.15.82:0/1851522201 conn(0x7fd6700f8800 msgr2=0x7fd6700fac20 unknown :-1 s=STATE_NONE l=0).mark_down
2024-05-21T06:30:15.635 INFO:teuthology.orchestra.run.smithi082.stderr:/usr/bin/ceph:
2024-05-21T06:30:15.633+0000 7fd678600700 1 -- 172.21.15.82:0/1851522201 shutdown_connections
2024-05-21T06:30:15.635 INFO:teuthology.orchestra.run.smithi082.stderr:/usr/bin/ceph:
2024-05-21T06:30:15.633+0000 7fd678600700 1 -- 172.21.15.82:0/1851522201 wait complete.
2024-05-21T06:30:15.635 INFO:teuthology.orchestra.run.smithi082.stderr:/usr/bin/ceph:
2024-05-21T06:30:15.634+0000 7fd678600700 1 Processor -- start
2024-05-21T06:30:15.636 INFO:teuthology.orchestra.run.smithi082.stderr:/usr/bin/ceph:
2024-05-21T06:30:15.634+0000 7fd678600700 1 -- start start
2024-05-21T06:30:15.636 INFO:teuthology.orchestra.run.smithi082.stderr:/usr/bin/ceph:
2024-05-21T06:30:15.634+0000 7fd678600700 1 --2- >> [v2:172.21.15.82:3300/0,v1:172.21.15.82:6789/0] conn(0x7fd6700fd030 0x7fd67010bc10 unknown :-1 s=NONE pgs=0 cs=0 l=1 rev1=0 rx=0 tx=0).connect
2024-05-21T06:30:15.637 INFO:teuthology.orchestra.run.smithi082.stderr:/usr/bin/ceph:
2024-05-21T06:30:15.634+0000 7fd678600700 1 -- --> [v2:172.21.15.82:3300/0,v1:172.21.15.82:6789/0] -- mon_getmap magic: 0 v1 -- 0x7fd67010c100 con 0x7fd6700fd030
2024-05-21T06:30:15.637 INFO:teuthology.orchestra.run.smithi082.stderr:/usr/bin/ceph:
2024-05-21T06:30:15.635+0000 7fd675c00700 1 --2- >> [v2:172.21.15.82:3300/0,v1:172.21.15.82:6789/0] conn(0x7fd6700fd030 0x7fd67010bc10 unknown :-1 s=BANNER_CONNECTING pgs=0 cs=0 l=1 rev1=0 rx=0 tx=0)._handle_peer_banner_payload supported=1 required=0
2024-05-21T06:30:15.637 INFO:teuthology.orchestra.run.smithi082.stderr:/usr/bin/ceph:
2024-05-21T06:30:15.635+0000 7fd675c00700 1 --2- >> [v2:172.21.15.82:3300/0,v1:172.21.15.82:6789/0] conn(0x7fd6700fd030 0x7fd67010bc10 unknown :-1 s=HELLO_CONNECTING pgs=0 cs=0 l=1 rev1=1 rx=0 tx=0).handle_hello peer v2:172.21.15.82:3300/0 says I am v2:172.21.15.82:34538/0 (socket says 172.21.15.82:34538)
2024-05-21T06:30:15.637 INFO:teuthology.orchestra.run.smithi082.stderr:/usr/bin/ceph:
2024-05-21T06:30:15.635+0000 7fd675c00700 1 -- 172.21.15.82:0/4136490592 learned_addr learned my addr 172.21.15.82:0/4136490592 (peer_addr_for_me v2:172.21.15.82:0/0)
2024-05-21T06:30:15.637 INFO:teuthology.orchestra.run.smithi082.stderr:/usr/bin/ceph:
2024-05-21T06:30:15.635+0000 7fd675c00700 1 -- 172.21.15.82:0/4136490592 --> [v2:172.21.15.82:3300/0,v1:172.21.15.82:6789/0] -- mon_subscribe({config=0+,monmap=0+}) v3 -- 0x7fd664009370 con 0x7fd6700fd030
2024-05-21T06:30:15.637 INFO:teuthology.orchestra.run.smithi082.stderr:/usr/bin/ceph:
2024-05-21T06:30:15.635+0000 7fd675c00700 1 --2- 172.21.15.82:0/4136490592 >> [v2:172.21.15.82:3300/0,v1:172.21.15.82:6789/0] conn(0x7fd6700fd030 0x7fd67010bc10 secure :-1 s=READY pgs=68 cs=0 l=1 rev1=1 rx=0x7fd664006e30 tx=0x7fd6640090f0).ready entity=mon.0 client_cookie=0 server_cookie=0 in_seq=0 out_seq=0
2024-05-21T06:30:15.637 INFO:teuthology.orchestra.run.smithi082.stderr:/usr/bin/ceph:
2024-05-21T06:30:15.635+0000 7fd66e000700 1 -- 172.21.15.82:0/4136490592 <== mon.0 v2:172.21.15.82:3300/0 1 ==== mon_map magic: 0 v1 ==== 229+0+0 (secure 0 0 0) 0x7fd66401a590 con 0x7fd6700fd030
2024-05-21T06:30:15.638 INFO:teuthology.orchestra.run.smithi082.stderr:/usr/bin/ceph:
2024-05-21T06:30:15.635+0000 7fd678600700 1 -- 172.21.15.82:0/4136490592 --> [v2:172.21.15.82:3300/0,v1:172.21.15.82:6789/0] -- mon_subscribe({mgrmap=0+}) v3 -- 0x7fd67010c300 con 0x7fd6700fd030
2024-05-21T06:30:15.638 INFO:teuthology.orchestra.run.smithi082.stderr:/usr/bin/ceph:
2024-05-21T06:30:15.635+0000 7fd66e000700 1 -- 172.21.15.82:0/4136490592 <== mon.0 v2:172.21.15.82:3300/0 2 ==== config(25 keys) v1 ==== 1038+0+0 (secure 0 0 0) 0x7fd66401ab70 con 0x7fd6700fd030
2024-05-21T06:30:15.638 INFO:teuthology.orchestra.run.smithi082.stderr:/usr/bin/ceph:
2024-05-21T06:30:15.635+0000 7fd66e000700 1 -- 172.21.15.82:0/4136490592 <== mon.0 v2:172.21.15.82:3300/0 3 ==== mon_map magic: 0 v1 ==== 229+0+0 (secure 0 0 0) 0x7fd664022ba0 con 0x7fd6700fd030
2024-05-21T06:30:15.638 INFO:teuthology.orchestra.run.smithi082.stderr:/usr/bin/ceph:
2024-05-21T06:30:15.635+0000 7fd678600700 1 -- 172.21.15.82:0/4136490592 --> [v2:172.21.15.82:3300/0,v1:172.21.15.82:6789/0] -- mon_subscribe({osdmap=0}) v3 -- 0x7fd67010c710 con 0x7fd6700fd030
2024-05-21T06:30:15.638 INFO:teuthology.orchestra.run.smithi082.stderr:/usr/bin/ceph:
2024-05-21T06:30:15.637+0000 7fd66e000700 1 -- 172.21.15.82:0/4136490592 <== mon.0 v2:172.21.15.82:3300/0 4 ==== mgrmap(e 9) v1 ==== 38645+0+0 (secure 0 0 0) 0x7fd66401a6f0 con 0x7fd6700fd030
2024-05-21T06:30:15.639 INFO:teuthology.orchestra.run.smithi082.stderr:/usr/bin/ceph:
2024-05-21T06:30:15.637+0000 7fd66e000700 1 --2- 172.21.15.82:0/4136490592 >> [v2:172.21.15.82:6800/3843280992,v1:172.21.15.82:6801/3843280992] conn(0x7fd658032720 0x7fd658034be0 unknown :-1 s=NONE pgs=0 cs=0 l=1 rev1=0 rx=0 tx=0).connect
2024-05-21T06:30:15.639 INFO:teuthology.orchestra.run.smithi082.stderr:/usr/bin/ceph:
2024-05-21T06:30:15.637+0000 7fd66e000700 1 -- 172.21.15.82:0/4136490592 --> [v2:172.21.15.82:6800/3843280992,v1:172.21.15.82:6801/3843280992] -- command(tid 0: {"prefix": "get_command_descriptions"}) v1 -- 0x7fd6580352a0 con 0x7fd658032720
2024-05-21T06:30:15.639 INFO:teuthology.orchestra.run.smithi082.stderr:/usr/bin/ceph:
2024-05-21T06:30:15.637+0000 7fd66e000700 1 -- 172.21.15.82:0/4136490592 <== mon.0 v2:172.21.15.82:3300/0 5 ==== osd_map(2..2 src has 1..2) v4 ==== 893+0+0 (secure 0 0 0) 0x7fd664044c40 con 0x7fd6700fd030
2024-05-21T06:30:15.639 INFO:teuthology.orchestra.run.smithi082.stderr:/usr/bin/ceph:
2024-05-21T06:30:15.637+0000 7fd675200700 1 -- 172.21.15.82:0/4136490592 >> [v2:172.21.15.82:6800/3843280992,v1:172.21.15.82:6801/3843280992] conn(0x7fd658032720 msgr2=0x7fd658034be0 unknown :-1 s=STATE_CONNECTING_RE l=1).process reconnect failed to v2:172.21.15.82:6800/3843280992
2024-05-21T06:30:15.639 INFO:teuthology.orchestra.run.smithi082.stderr:/usr/bin/ceph:
2024-05-21T06:30:15.637+0000 7fd675200700 1 --2- 172.21.15.82:0/4136490592 >> [v2:172.21.15.82:6800/3843280992,v1:172.21.15.82:6801/3843280992] conn(0x7fd658032720 0x7fd658034be0 unknown :-1 s=START_CONNECT pgs=0 cs=0 l=1 rev1=0 rx=0 tx=0)._fault waiting 0.200000
2024-05-21T06:30:15.839 INFO:teuthology.orchestra.run.smithi082.stderr:/usr/bin/ceph:
2024-05-21T06:30:15.838+0000 7fd675200700 1 -- 172.21.15.82:0/4136490592 >> [v2:172.21.15.82:6800/3843280992,v1:172.21.15.82:6801/3843280992] conn(0x7fd658032720 msgr2=0x7fd658034be0 unknown :-1 s=STATE_CONNECTING_RE l=1).process reconnect failed to v2:172.21.15.82:6800/3843280992
2024-05-21T06:30:15.839 INFO:teuthology.orchestra.run.smithi082.stderr:/usr/bin/ceph:
2024-05-21T06:30:15.838+0000 7fd675200700 1 --2- 172.21.15.82:0/4136490592 >> [v2:172.21.15.82:6800/3843280992,v1:172.21.15.82:6801/3843280992] conn(0x7fd658032720 0x7fd658034be0 unknown :-1 s=START_CONNECT pgs=0 cs=0 l=1 rev1=0 rx=0 tx=0)._fault waiting 0.400000
2024-05-21T06:30:16.240 INFO:teuthology.orchestra.run.smithi082.stderr:/usr/bin/ceph:
2024-05-21T06:30:16.239+0000 7fd675200700 1 -- 172.21.15.82:0/4136490592 >> [v2:172.21.15.82:6800/3843280992,v1:172.21.15.82:6801/3843280992] conn(0x7fd658032720 msgr2=0x7fd658034be0 unknown :-1 s=STATE_CONNECTING_RE l=1).process reconnect failed to v2:172.21.15.82:6800/3843280992
2024-05-21T06:30:16.240 INFO:teuthology.orchestra.run.smithi082.stderr:/usr/bin/ceph:
2024-05-21T06:30:16.239+0000 7fd675200700 1 --2- 172.21.15.82:0/4136490592 >> [v2:172.21.15.82:6800/3843280992,v1:172.21.15.82:6801/3843280992] conn(0x7fd658032720 0x7fd658034be0 unknown :-1 s=START_CONNECT pgs=0 cs=0 l=1 rev1=0 rx=0 tx=0)._fault waiting 0.800000
2024-05-21T06:30:17.041 INFO:teuthology.orchestra.run.smithi082.stderr:/usr/bin/ceph:
2024-05-21T06:30:17.040+0000 7fd675200700 1 -- 172.21.15.82:0/4136490592 >> [v2:172.21.15.82:6800/3843280992,v1:172.21.15.82:6801/3843280992] conn(0x7fd658032720 msgr2=0x7fd658034be0 unknown :-1 s=STATE_CONNECTING_RE l=1).process reconnect failed to v2:172.21.15.82:6800/3843280992
2024-05-21T06:30:17.041 INFO:teuthology.orchestra.run.smithi082.stderr:/usr/bin/ceph:
2024-05-21T06:30:17.040+0000 7fd675200700 1 --2- 172.21.15.82:0/4136490592 >> [v2:172.21.15.82:6800/3843280992,v1:172.21.15.82:6801/3843280992] conn(0x7fd658032720 0x7fd658034be0 unknown :-1 s=START_CONNECT pgs=0 cs=0 l=1 rev1=0 rx=0 tx=0)._fault waiting 1.600000
2024-05-21T06:30:18.643 INFO:teuthology.orchestra.run.smithi082.stderr:/usr/bin/ceph:
2024-05-21T06:30:18.642+0000 7fd675200700 1 -- 172.21.15.82:0/4136490592 >> [v2:172.21.15.82:6800/3843280992,v1:172.21.15.82:6801/3843280992] conn(0x7fd658032720 msgr2=0x7fd658034be0 unknown :-1 s=STATE_CONNECTING_RE l=1).process reconnect failed to v2:172.21.15.82:6800/3843280992
2024-05-21T06:30:18.643 INFO:teuthology.orchestra.run.smithi082.stderr:/usr/bin/ceph:
2024-05-21T06:30:18.642+0000 7fd675200700 1 --2- 172.21.15.82:0/4136490592 >> [v2:172.21.15.82:6800/3843280992,v1:172.21.15.82:6801/3843280992] conn(0x7fd658032720 0x7fd658034be0 unknown :-1 s=START_CONNECT pgs=0 cs=0 l=1 rev1=0 rx=0 tx=0)._fault waiting 3.200000
2024-05-21T06:30:19.621 INFO:teuthology.orchestra.run.smithi082.stderr:/usr/bin/ceph:
2024-05-21T06:30:19.620+0000 7fd66e000700 1 -- 172.21.15.82:0/4136490592 <== mon.0 v2:172.21.15.82:3300/0 6 ==== mgrmap(e 10) v1 ==== 38469+0+0 (secure 0 0 0) 0x7fd6640223b0 con 0x7fd6700fd030
2024-05-21T06:30:19.622 INFO:teuthology.orchestra.run.smithi082.stderr:/usr/bin/ceph:
2024-05-21T06:30:19.620+0000 7fd66e000700 1 -- 172.21.15.82:0/4136490592 >> [v2:172.21.15.82:6800/3843280992,v1:172.21.15.82:6801/3843280992] conn(0x7fd658032720 msgr2=0x7fd658034be0 unknown :-1 s=STATE_CONNECTING l=1).mark_down
2024-05-21T06:30:19.622 INFO:teuthology.orchestra.run.smithi082.stderr:/usr/bin/ceph:
2024-05-21T06:30:19.620+0000 7fd66e000700 1 --2- 172.21.15.82:0/4136490592 >> [v2:172.21.15.82:6800/3843280992,v1:172.21.15.82:6801/3843280992] conn(0x7fd658032720 0x7fd658034be0 unknown :-1 s=START_CONNECT pgs=0 cs=0 l=1 rev1=0 rx=0 tx=0).stop
2024-05-21T06:30:19.804 INFO:journalctl@ceph.mon.smithi082.smithi082.stdout:May 21 06:30:19 smithi082 ceph-54301ac8-173b-11ef-bc9a-c7b262605968-mon-smithi082[35923]: cluster
2024-05-21T06:30:19.619108+0000 mon.smithi082 (mon.0) 72 : cluster [INF] Active manager daemon smithi082.auyyiw restarted
2024-05-21T06:30:19.804 INFO:journalctl@ceph.mon.smithi082.smithi082.stdout:May 21 06:30:19 smithi082 ceph-54301ac8-173b-11ef-bc9a-c7b262605968-mon-smithi082[35923]: cluster
2024-05-21T06:30:19.619379+0000 mon.smithi082 (mon.0) 73 : cluster [INF] Activating manager daemon smithi082.auyyiw
