2024-05-21T06:29:48.895+0000 7f63a7e00700 1 -- 172.21.15.82:0/1143912014 --> [v2:172.21.15.82:3300/0,v1:172.21.15.82:6789/0] -- mon_subscribe({config=0+,monmap=0+}) v3 -- 0x7f6398009370 con 0x7f63a8071c60
2024-05-21T06:29:48.897 INFO:teuthology.orchestra.run.smithi082.stderr:/usr/bin/ceph:
2024-05-21T06:29:48.895+0000 7f63a7e00700 1 --2- 172.21.15.82:0/1143912014 >> [v2:172.21.15.82:3300/0,v1:172.21.15.82:6789/0] conn(0x7f63a8071c60 0x7f63a810bd80 secure :-1 s=READY pgs=36 cs=0 l=1 rev1=1 rx=0x7f6398009340 tx=0x7f63980090f0).ready entity=mon.0 client_cookie=0 server_cookie=0 in_seq=0 out_seq=0
2024-05-21T06:29:48.897 INFO:teuthology.orchestra.run.smithi082.stderr:/usr/bin/ceph:
2024-05-21T06:29:48.895+0000 7f63a4c00700 1 -- 172.21.15.82:0/1143912014 <== mon.0 v2:172.21.15.82:3300/0 1 ==== mon_map magic: 0 v1 ==== 229+0+0 (secure 0 0 0) 0x7f6398011a90 con 0x7f63a8071c60
2024-05-21T06:29:48.898 INFO:teuthology.orchestra.run.smithi082.stderr:/usr/bin/ceph:
2024-05-21T06:29:48.895+0000 7f63a4c00700 1 -- 172.21.15.82:0/1143912014 <== mon.0 v2:172.21.15.82:3300/0 2 ==== config(25 keys) v1 ==== 975+0+0 (secure 0 0 0) 0x7f6398011c30 con 0x7f63a8071c60
2024-05-21T06:29:48.898 INFO:teuthology.orchestra.run.smithi082.stderr:/usr/bin/ceph:
2024-05-21T06:29:48.895+0000 7f63a4c00700 1 -- 172.21.15.82:0/1143912014 <== mon.0 v2:172.21.15.82:3300/0 3 ==== mon_map magic: 0 v1 ==== 229+0+0 (secure 0 0 0) 0x7f639801a9a0 con 0x7f63a8071c60
2024-05-21T06:29:48.898 INFO:teuthology.orchestra.run.smithi082.stderr:/usr/bin/ceph:
2024-05-21T06:29:48.896+0000 7f63aea00700 1 -- 172.21.15.82:0/1143912014 --> [v2:172.21.15.82:3300/0,v1:172.21.15.82:6789/0] -- mon_subscribe({mgrmap=0+}) v3 -- 0x7f63a810c470 con 0x7f63a8071c60
2024-05-21T06:29:48.898 INFO:teuthology.orchestra.run.smithi082.stderr:/usr/bin/ceph:
2024-05-21T06:29:48.896+0000 7f63aea00700 1 -- 172.21.15.82:0/1143912014 --> [v2:172.21.15.82:3300/0,v1:172.21.15.82:6789/0] -- mon_subscribe({osdmap=0}) v3 -- 0x7f63a810c880 con 0x7f63a8071c60
2024-05-21T06:29:48.899 INFO:teuthology.orchestra.run.smithi082.stderr:/usr/bin/ceph:
2024-05-21T06:29:48.897+0000 7f63a4c00700 1 -- 172.21.15.82:0/1143912014 <== mon.0 v2:172.21.15.82:3300/0 4 ==== mgrmap(e 8) v1 ==== 38632+0+0 (secure 0 0 0) 0x7f6398010af0 con 0x7f63a8071c60
2024-05-21T06:29:48.899 INFO:teuthology.orchestra.run.smithi082.stderr:/usr/bin/ceph:
2024-05-21T06:29:48.897+0000 7f63aea00700 1 -- 172.21.15.82:0/1143912014 --> [v2:172.21.15.82:3300/0,v1:172.21.15.82:6789/0] -- mon_command({"prefix": "get_command_descriptions"} v 0) v1 -- 0x7f63a8046ce0 con 0x7f63a8071c60
2024-05-21T06:29:48.899 INFO:teuthology.orchestra.run.smithi082.stderr:/usr/bin/ceph:
2024-05-21T06:29:48.897+0000 7f63a4c00700 1 --2- 172.21.15.82:0/1143912014 >> [v2:172.21.15.82:6800/3843280992,v1:172.21.15.82:6801/3843280992] conn(0x7f638c032720 0x7f638c034be0 unknown :-1 s=NONE pgs=0 cs=0 l=1 rev1=0 rx=0 tx=0).connect
2024-05-21T06:29:48.899 INFO:teuthology.orchestra.run.smithi082.stderr:/usr/bin/ceph:
2024-05-21T06:29:48.897+0000 7f63a4c00700 1 -- 172.21.15.82:0/1143912014 <== mon.0 v2:172.21.15.82:3300/0 5 ==== osd_map(2..2 src has 1..2) v4 ==== 893+0+0 (secure 0 0 0) 0x7f6398044d00 con 0x7f63a8071c60
2024-05-21T06:29:48.899 INFO:teuthology.orchestra.run.smithi082.stderr:/usr/bin/ceph:
2024-05-21T06:29:48.897+0000 7f63a7400700 1 --2- 172.21.15.82:0/1143912014 >> [v2:172.21.15.82:6800/3843280992,v1:172.21.15.82:6801/3843280992] conn(0x7f638c032720 0x7f638c034be0 unknown :-1 s=BANNER_CONNECTING pgs=0 cs=0 l=1 rev1=0 rx=0 tx=0)._handle_peer_banner_payload supported=1 required=0
2024-05-21T06:29:48.899 INFO:teuthology.orchestra.run.smithi082.stderr:/usr/bin/ceph:
2024-05-21T06:29:48.898+0000 7f63a7400700 1 --2- 172.21.15.82:0/1143912014 >> [v2:172.21.15.82:6800/3843280992,v1:172.21.15.82:6801/3843280992] conn(0x7f638c032720 0x7f638c034be0 secure :-1 s=READY pgs=7 cs=0 l=1 rev1=1 rx=0x7f6394009780 tx=0x7f6394006cc0).ready entity=mgr.14118 client_cookie=0 server_cookie=0 in_seq=0 out_seq=0
2024-05-21T06:29:48.902 INFO:teuthology.orchestra.run.smithi082.stderr:/usr/bin/ceph:
2024-05-21T06:29:48.902+0000 7f63a4c00700 1 -- 172.21.15.82:0/1143912014 <== mon.0 v2:172.21.15.82:3300/0 6 ==== mon_command_ack([{"prefix": "get_command_descriptions"}]=0 v0) v1 ==== 72+0+163658 (secure 0 0 0) 0x7f6398018970 con 0x7f63a8071c60
2024-05-21T06:29:49.075 INFO:teuthology.orchestra.run.smithi082.stderr:/usr/bin/ceph:
2024-05-21T06:29:49.074+0000 7f63aea00700 1 -- 172.21.15.82:0/1143912014 --> [v2:172.21.15.82:6800/3843280992,v1:172.21.15.82:6801/3843280992] -- mgr_command(tid 0: {"prefix": "cephadm set-user", "user": "root", "target": ["mon-mgr", ""]}) v1 -- 0x7f63a810d140 con 0x7f638c032720
2024-05-21T06:29:49.075 INFO:teuthology.orchestra.run.smithi082.stderr:/usr/bin/ceph:
2024-05-21T06:29:49.075+0000 7f63a4c00700 1 -- 172.21.15.82:0/1143912014 <== mgr.14118 v2:172.21.15.82:6800/3843280992 1 ==== mgr_command_reply(tid 0: 0 ) v1 ==== 8+0+16 (secure 0 0 0) 0x7f63a810d140 con 0x7f638c032720
2024-05-21T06:29:49.075 INFO:teuthology.orchestra.run.smithi082.stderr:/usr/bin/ceph: value unchanged
2024-05-21T06:29:49.078 INFO:teuthology.orchestra.run.smithi082.stderr:/usr/bin/ceph:
2024-05-21T06:29:49.077+0000 7f63aea00700 1 -- 172.21.15.82:0/1143912014 >> [v2:172.21.15.82:6800/3843280992,v1:172.21.15.82:6801/3843280992] conn(0x7f638c032720 msgr2=0x7f638c034be0 secure :-1 s=STATE_CONNECTION_ESTABLISHED l=1).mark_down
2024-05-21T06:29:49.078 INFO:teuthology.orchestra.run.smithi082.stderr:/usr/bin/ceph:
2024-05-21T06:29:49.077+0000 7f63aea00700 1 --2- 172.21.15.82:0/1143912014 >> [v2:172.21.15.82:6800/3843280992,v1:172.21.15.82:6801/3843280992] conn(0x7f638c032720 0x7f638c034be0 secure :-1 s=READY pgs=7 cs=0 l=1 rev1=1 rx=0x7f6394009780 tx=0x7f6394006cc0).stop
2024-05-21T06:29:49.078 INFO:teuthology.orchestra.run.smithi082.stderr:/usr/bin/ceph:
2024-05-21T06:29:49.077+0000 7f63aea00700 1 -- 172.21.15.82:0/1143912014 >> [v2:172.21.15.82:3300/0,v1:172.21.15.82:6789/0] conn(0x7f63a8071c60 msgr2=0x7f63a810bd80 secure :-1 s=STATE_CONNECTION_ESTABLISHED l=1).mark_down
2024-05-21T06:29:49.078 INFO:teuthology.orchestra.run.smithi082.stderr:/usr/bin/ceph:
2024-05-21T06:29:49.077+0000 7f63aea00700 1 --2- 172.21.15.82:0/1143912014 >> [v2:172.21.15.82:3300/0,v1:172.21.15.82:6789/0] conn(0x7f63a8071c60 0x7f63a810bd80 secure :-1 s=READY pgs=36 cs=0 l=1 rev1=1 rx=0x7f6398009340 tx=0x7f63980090f0).stop
2024-05-21T06:29:49.078 INFO:teuthology.orchestra.run.smithi082.stderr:/usr/bin/ceph:
2024-05-21T06:29:49.077+0000 7f63aea00700 1 -- 172.21.15.82:0/1143912014 shutdown_connections
2024-05-21T06:29:49.078 INFO:teuthology.orchestra.run.smithi082.stderr:/usr/bin/ceph:
2024-05-21T06:29:49.077+0000 7f63aea00700 1 --2- 172.21.15.82:0/1143912014 >> [v2:172.21.15.82:6800/3843280992,v1:172.21.15.82:6801/3843280992] conn(0x7f638c032720 0x7f638c034be0 unknown :-1 s=CLOSED pgs=7 cs=0 l=1 rev1=1 rx=0 tx=0).stop
2024-05-21T06:29:49.079 INFO:teuthology.orchestra.run.smithi082.stderr:/usr/bin/ceph:
2024-05-21T06:29:49.077+0000 7f63aea00700 1 --2- 172.21.15.82:0/1143912014 >> [v2:172.21.15.82:3300/0,v1:172.21.15.82:6789/0] conn(0x7f63a8071c60 0x7f63a810bd80 unknown :-1 s=CLOSED pgs=36 cs=0 l=1 rev1=1 rx=0 tx=0).stop
2024-05-21T06:29:49.079 INFO:teuthology.orchestra.run.smithi082.stderr:/usr/bin/ceph:
2024-05-21T06:29:49.077+0000 7f63aea00700 1 -- 172.21.15.82:0/1143912014 >> 172.21.15.82:0/1143912014 conn(0x7f63a80f76f0 msgr2=0x7f63a80f90f0 unknown :-1 s=STATE_NONE l=0).mark_down
2024-05-21T06:29:49.079 INFO:teuthology.orchestra.run.smithi082.stderr:/usr/bin/ceph:
2024-05-21T06:29:49.077+0000 7f63aea00700 1 -- 172.21.15.82:0/1143912014 shutdown_connections
2024-05-21T06:29:49.079 INFO:teuthology.orchestra.run.smithi082.stderr:/usr/bin/ceph:
2024-05-21T06:29:49.078+0000 7f63aea00700 1 -- 172.21.15.82:0/1143912014 wait complete.
2024-05-21T06:29:49.353 INFO:journalctl@ceph.mon.smithi082.smithi082.stdout:May 21 06:29:49 smithi082 ceph-54301ac8-173b-11ef-bc9a-c7b262605968-mon-smithi082[35923]: audit
2024-05-21T06:29:47.732387+0000 mgr.smithi082.auyyiw (mgr.14118) 4 : audit [DBG] from='client.14128 -' entity='client.admin' cmd=[{"prefix": "orch set backend", "module_name": "cephadm", "target": ["mon-mgr", ""]}]: dispatch
2024-05-21T06:29:49.817 INFO:teuthology.orchestra.run.smithi082.stderr:Generating ssh key...
2024-05-21T06:29:50.353 INFO:journalctl@ceph.mon.smithi082.smithi082.stdout:May 21 06:29:50 smithi082 ceph-54301ac8-173b-11ef-bc9a-c7b262605968-mon-smithi082[35923]: audit
2024-05-21T06:29:49.075856+0000 mgr.smithi082.auyyiw (mgr.14118) 5 : audit [DBG] from='client.14130 -' entity='client.admin' cmd=[{"prefix": "cephadm set-user", "user": "root", "target": ["mon-mgr", ""]}]: dispatch
2024-05-21T06:29:50.397 INFO:teuthology.orchestra.run.smithi082.stderr:/usr/bin/ceph:
2024-05-21T06:29:50.395+0000 7f2bee400700 1 Processor -- start
2024-05-21T06:29:50.397 INFO:teuthology.orchestra.run.smithi082.stderr:/usr/bin/ceph:
2024-05-21T06:29:50.395+0000 7f2bee400700 1 -- start start
2024-05-21T06:29:50.397 INFO:teuthology.orchestra.run.smithi082.stderr:/usr/bin/ceph:
2024-05-21T06:29:50.396+0000 7f2bee400700 1 --2- >> [v2:172.21.15.82:3300/0,v1:172.21.15.82:6789/0] conn(0x7f2be80fbed0 0x7f2be80fc2f0 unknown :-1 s=NONE pgs=0 cs=0 l=0 rev1=0 rx=0 tx=0).connect
2024-05-21T06:29:50.397 INFO:teuthology.orchestra.run.smithi082.stderr:/usr/bin/ceph:
2024-05-21T06:29:50.396+0000 7f2bee400700 1 -- --> [v2:172.21.15.82:3300/0,v1:172.21.15.82:6789/0] -- mon_getmap magic: 0 v1 -- 0x7f2be80fc7e0 con 0x7f2be80fbed0
2024-05-21T06:29:50.397 INFO:teuthology.orchestra.run.smithi082.stderr:/usr/bin/ceph:
2024-05-21T06:29:50.396+0000 7f2be7400700 1 --2- >> [v2:172.21.15.82:3300/0,v1:172.21.15.82:6789/0] conn(0x7f2be80fbed0 0x7f2be80fc2f0 unknown :-1 s=BANNER_CONNECTING pgs=0 cs=0 l=0 rev1=0 rx=0 tx=0)._handle_peer_banner_payload supported=1 required=0
2024-05-21T06:29:50.398 INFO:teuthology.orchestra.run.smithi082.stderr:/usr/bin/ceph:
2024-05-21T06:29:50.396+0000 7f2be7400700 1 --2- >> [v2:172.21.15.82:3300/0,v1:172.21.15.82:6789/0] conn(0x7f2be80fbed0 0x7f2be80fc2f0 unknown :-1 s=HELLO_CONNECTING pgs=0 cs=0 l=0 rev1=1 rx=0 tx=0).handle_hello peer v2:172.21.15.82:3300/0 says I am v2:172.21.15.82:50600/0 (socket says 172.21.15.82:50600)
2024-05-21T06:29:50.398 INFO:teuthology.orchestra.run.smithi082.stderr:/usr/bin/ceph:
2024-05-21T06:29:50.396+0000 7f2be7400700 1 -- 172.21.15.82:0/2184940853 learned_addr learned my addr 172.21.15.82:0/2184940853 (peer_addr_for_me v2:172.21.15.82:0/0)
2024-05-21T06:29:50.398 INFO:teuthology.orchestra.run.smithi082.stderr:/usr/bin/ceph:
2024-05-21T06:29:50.397+0000 7f2be7400700 1 -- 172.21.15.82:0/2184940853 --> [v2:172.21.15.82:3300/0,v1:172.21.15.82:6789/0] -- mon_subscribe({config=0+,monmap=0+}) v3 -- 0x7f2be80fc920 con 0x7f2be80fbed0
2024-05-21T06:29:50.398 INFO:teuthology.orchestra.run.smithi082.stderr:/usr/bin/ceph:
2024-05-21T06:29:50.397+0000 7f2be7400700 1 --2- 172.21.15.82:0/2184940853 >> [v2:172.21.15.82:3300/0,v1:172.21.15.82:6789/0] conn(0x7f2be80fbed0 0x7f2be80fc2f0 secure :-1 s=READY pgs=37 cs=0 l=1 rev1=1 rx=0x7f2bd8009730 tx=0x7f2bd80090f0).ready entity=mon.0 client_cookie=dba3ff8c692f710 server_cookie=0 in_seq=0 out_seq=0
2024-05-21T06:29:50.398 INFO:teuthology.orchestra.run.smithi082.stderr:/usr/bin/ceph:
2024-05-21T06:29:50.397+0000 7f2be6a00700 1 -- 172.21.15.82:0/2184940853 <== mon.0 v2:172.21.15.82:3300/0 1 ==== mon_map magic: 0 v1 ==== 229+0+0 (secure 0 0 0) 0x7f2bd800b6e0 con 0x7f2be80fbed0
2024-05-21T06:29:50.398 INFO:teuthology.orchestra.run.smithi082.stderr:/usr/bin/ceph:
2024-05-21T06:29:50.397+0000 7f2be6a00700 1 -- 172.21.15.82:0/2184940853 <== mon.0 v2:172.21.15.82:3300/0 2 ==== config(25 keys) v1 ==== 975+0+0 (secure 0 0 0) 0x7f2bd800bc80 con 0x7f2be80fbed0
2024-05-21T06:29:50.398 INFO:teuthology.orchestra.run.smithi082.stderr:/usr/bin/ceph:
2024-05-21T06:29:50.397+0000 7f2be6a00700 1 -- 172.21.15.82:0/2184940853 <== mon.0 v2:172.21.15.82:3300/0 3 ==== mon_map magic: 0 v1 ==== 229+0+0 (secure 0 0 0) 0x7f2bd8011c70 con 0x7f2be80fbed0
2024-05-21T06:29:50.401 INFO:teuthology.orchestra.run.smithi082.stderr:/usr/bin/ceph:
2024-05-21T06:29:50.398+0000 7f2bee400700 1 -- 172.21.15.82:0/2184940853 >> [v2:172.21.15.82:3300/0,v1:172.21.15.82:6789/0] conn(0x7f2be80fbed0 msgr2=0x7f2be80fc2f0 secure :-1 s=STATE_CONNECTION_ESTABLISHED l=1).mark_down
2024-05-21T06:29:50.401 INFO:teuthology.orchestra.run.smithi082.stderr:/usr/bin/ceph:
2024-05-21T06:29:50.398+0000 7f2bee400700 1 --2- 172.21.15.82:0/2184940853 >> [v2:172.21.15.82:3300/0,v1:172.21.15.82:6789/0] conn(0x7f2be80fbed0 0x7f2be80fc2f0 secure :-1 s=READY pgs=37 cs=0 l=1 rev1=1 rx=0x7f2bd8009730 tx=0x7f2bd80090f0).stop
2024-05-21T06:29:50.401 INFO:teuthology.orchestra.run.smithi082.stderr:/usr/bin/ceph:
2024-05-21T06:29:50.398+0000 7f2bee400700 1 -- 172.21.15.82:0/2184940853 shutdown_connections
2024-05-21T06:29:50.401 INFO:teuthology.orchestra.run.smithi082.stderr:/usr/bin/ceph:
2024-05-21T06:29:50.398+0000 7f2bee400700 1 --2- 172.21.15.82:0/2184940853 >> [v2:172.21.15.82:3300/0,v1:172.21.15.82:6789/0] conn(0x7f2be80fbed0 0x7f2be80fc2f0 unknown :-1 s=CLOSED pgs=37 cs=0 l=1 rev1=1 rx=0 tx=0).stop
2024-05-21T06:29:50.401 INFO:teuthology.orchestra.run.smithi082.stderr:/usr/bin/ceph:
2024-05-21T06:29:50.398+0000 7f2bee400700 1 -- 172.21.15.82:0/2184940853 >> 172.21.15.82:0/2184940853 conn(0x7f2be80f76f0 msgr2=0x7f2be80f9b10 unknown :-1 s=STATE_NONE l=0).mark_down
2024-05-21T06:29:50.401 INFO:teuthology.orchestra.run.smithi082.stderr:/usr/bin/ceph:
2024-05-21T06:29:50.398+0000 7f2bee400700 1 -- 172.21.15.82:0/2184940853 shutdown_connections
2024-05-21T06:29:50.401 INFO:teuthology.orchestra.run.smithi082.stderr:/usr/bin/ceph:
2024-05-21T06:29:50.398+0000 7f2bee400700 1 -- 172.21.15.82:0/2184940853 wait complete.
2024-05-21T06:29:50.401 INFO:teuthology.orchestra.run.smithi082.stderr:/usr/bin/ceph:
2024-05-21T06:29:50.399+0000 7f2bee400700 1 Processor -- start
2024-05-21T06:29:50.401 INFO:teuthology.orchestra.run.smithi082.stderr:/usr/bin/ceph:
2024-05-21T06:29:50.399+0000 7f2bee400700 1 -- start start
2024-05-21T06:29:50.401 INFO:teuthology.orchestra.run.smithi082.stderr:/usr/bin/ceph:
2024-05-21T06:29:50.399+0000 7f2bee400700 1 --2- >> [v2:172.21.15.82:3300/0,v1:172.21.15.82:6789/0] conn(0x7f2be80fbed0 0x7f2be810dee0 unknown :-1 s=NONE pgs=0 cs=0 l=1 rev1=0 rx=0 tx=0).connect
2024-05-21T06:29:50.401 INFO:teuthology.orchestra.run.smithi082.stderr:/usr/bin/ceph:
2024-05-21T06:29:50.399+0000 7f2bee400700 1 -- --> [v2:172.21.15.82:3300/0,v1:172.21.15.82:6789/0] -- mon_getmap magic: 0 v1 -- 0x7f2be810e3d0 con 0x7f2be80fbed0
2024-05-21T06:29:50.402 INFO:teuthology.orchestra.run.smithi082.stderr:/usr/bin/ceph:
2024-05-21T06:29:50.400+0000 7f2be7400700 1 --2- >> [v2:172.21.15.82:3300/0,v1:172.21.15.82:6789/0] conn(0x7f2be80fbed0 0x7f2be810dee0 unknown :-1 s=BANNER_CONNECTING pgs=0 cs=0 l=1 rev1=0 rx=0 tx=0)._handle_peer_banner_payload supported=1 required=0
2024-05-21T06:29:50.402 INFO:teuthology.orchestra.run.smithi082.stderr:/usr/bin/ceph:
2024-05-21T06:29:50.400+0000 7f2be7400700 1 --2- >> [v2:172.21.15.82:3300/0,v1:172.21.15.82:6789/0] conn(0x7f2be80fbed0 0x7f2be810dee0 unknown :-1 s=HELLO_CONNECTING pgs=0 cs=0 l=1 rev1=1 rx=0 tx=0).handle_hello peer v2:172.21.15.82:3300/0 says I am v2:172.21.15.82:50614/0 (socket says 172.21.15.82:50614)
2024-05-21T06:29:50.402 INFO:teuthology.orchestra.run.smithi082.stderr:/usr/bin/ceph:
2024-05-21T06:29:50.400+0000 7f2be7400700 1 -- 172.21.15.82:0/1352230127 learned_addr learned my addr 172.21.15.82:0/1352230127 (peer_addr_for_me v2:172.21.15.82:0/0)
2024-05-21T06:29:50.402 INFO:teuthology.orchestra.run.smithi082.stderr:/usr/bin/ceph:
2024-05-21T06:29:50.400+0000 7f2be7400700 1 -- 172.21.15.82:0/1352230127 --> [v2:172.21.15.82:3300/0,v1:172.21.15.82:6789/0] -- mon_subscribe({config=0+,monmap=0+}) v3 -- 0x7f2bd8009370 con 0x7f2be80fbed0
2024-05-21T06:29:50.402 INFO:teuthology.orchestra.run.smithi082.stderr:/usr/bin/ceph:
2024-05-21T06:29:50.400+0000 7f2be7400700 1 --2- 172.21.15.82:0/1352230127 >> [v2:172.21.15.82:3300/0,v1:172.21.15.82:6789/0] conn(0x7f2be80fbed0 0x7f2be810dee0 secure :-1 s=READY pgs=38 cs=0 l=1 rev1=1 rx=0x7f2bd80115c0 tx=0x7f2bd80090f0).ready entity=mon.0 client_cookie=0 server_cookie=0 in_seq=0 out_seq=0
2024-05-21T06:29:50.402 INFO:teuthology.orchestra.run.smithi082.stderr:/usr/bin/ceph:
2024-05-21T06:29:50.400+0000 7f2be4c00700 1 -- 172.21.15.82:0/1352230127 <== mon.0 v2:172.21.15.82:3300/0 1 ==== mon_map magic: 0 v1 ==== 229+0+0 (secure 0 0 0) 0x7f2bd8011a90 con 0x7f2be80fbed0
2024-05-21T06:29:50.402 INFO:teuthology.orchestra.run.smithi082.stderr:/usr/bin/ceph:
2024-05-21T06:29:50.400+0000 7f2be4c00700 1 -- 172.21.15.82:0/1352230127 <== mon.0 v2:172.21.15.82:3300/0 2 ==== config(25 keys) v1 ==== 975+0+0 (secure 0 0 0) 0x7f2bd8011bf0 con 0x7f2be80fbed0
2024-05-21T06:29:50.402 INFO:teuthology.orchestra.run.smithi082.stderr:/usr/bin/ceph:
2024-05-21T06:29:50.400+0000 7f2be4c00700 1 -- 172.21.15.82:0/1352230127 <== mon.0 v2:172.21.15.82:3300/0 3 ==== mon_map magic: 0 v1 ==== 229+0+0 (secure 0 0 0) 0x7f2bd801a990 con 0x7f2be80fbed0
2024-05-21T06:29:50.402 INFO:teuthology.orchestra.run.smithi082.stderr:/usr/bin/ceph:
2024-05-21T06:29:50.400+0000 7f2bee400700 1 -- 172.21.15.82:0/1352230127 --> [v2:172.21.15.82:3300/0,v1:172.21.15.82:6789/0] -- mon_subscribe({mgrmap=0+}) v3 -- 0x7f2be810e5d0 con 0x7f2be80fbed0
2024-05-21T06:29:50.402 INFO:teuthology.orchestra.run.smithi082.stderr:/usr/bin/ceph:
2024-05-21T06:29:50.400+0000 7f2bee400700 1 -- 172.21.15.82:0/1352230127 --> [v2:172.21.15.82:3300/0,v1:172.21.15.82:6789/0] -- mon_subscribe({osdmap=0}) v3 -- 0x7f2be810e9e0 con 0x7f2be80fbed0
2024-05-21T06:29:50.403 INFO:teuthology.orchestra.run.smithi082.stderr:/usr/bin/ceph:
2024-05-21T06:29:50.401+0000 7f2be4c00700 1 -- 172.21.15.82:0/1352230127 <== mon.0 v2:172.21.15.82:3300/0 4 ==== mgrmap(e 8) v1 ==== 38632+0+0 (secure 0 0 0) 0x7f2bd801ac00 con 0x7f2be80fbed0
2024-05-21T06:29:50.403 INFO:teuthology.orchestra.run.smithi082.stderr:/usr/bin/ceph:
2024-05-21T06:29:50.402+0000 7f2bee400700 1 -- 172.21.15.82:0/1352230127 --> [v2:172.21.15.82:3300/0,v1:172.21.15.82:6789/0] -- mon_command({"prefix": "get_command_descriptions"} v 0) v1 -- 0x7f2be8046ce0 con 0x7f2be80fbed0
2024-05-21T06:29:50.403 INFO:teuthology.orchestra.run.smithi082.stderr:/usr/bin/ceph:
2024-05-21T06:29:50.402+0000 7f2be4c00700 1 --2- 172.21.15.82:0/1352230127 >> [v2:172.21.15.82:6800/3843280992,v1:172.21.15.82:6801/3843280992] conn(0x7f2bcc0326f0 0x7f2bcc034bb0 unknown :-1 s=NONE pgs=0 cs=0 l=1 rev1=0 rx=0 tx=0).connect
2024-05-21T06:29:50.403 INFO:teuthology.orchestra.run.smithi082.stderr:/usr/bin/ceph:
2024-05-21T06:29:50.402+0000 7f2be4c00700 1 -- 172.21.15.82:0/1352230127 <== mon.0 v2:172.21.15.82:3300/0 5 ==== osd_map(2..2 src has 1..2) v4 ==== 893+0+0 (secure 0 0 0) 0x7f2bd8044de0 con 0x7f2be80fbed0
2024-05-21T06:29:50.403 INFO:teuthology.orchestra.run.smithi082.stderr:/usr/bin/ceph:
2024-05-21T06:29:50.402+0000 7f2bdfe00700 1 --2- 172.21.15.82:0/1352230127 >> [v2:172.21.15.82:6800/3843280992,v1:172.21.15.82:6801/3843280992] conn(0x7f2bcc0326f0 0x7f2bcc034bb0 unknown :-1 s=BANNER_CONNECTING pgs=0 cs=0 l=1 rev1=0 rx=0 tx=0)._handle_peer_banner_payload supported=1 required=0
2024-05-21T06:29:50.403 INFO:teuthology.orchestra.run.smithi082.stderr:/usr/bin/ceph:
2024-05-21T06:29:50.403+0000 7f2bdfe00700 1 --2- 172.21.15.82:0/1352230127 >> [v2:172.21.15.82:6800/3843280992,v1:172.21.15.82:6801/3843280992] conn(0x7f2bcc0326f0 0x7f2bcc034bb0 secure :-1 s=READY pgs=8 cs=0 l=1 rev1=1 rx=0x7f2bd0009780 tx=0x7f2bd0006cc0).ready entity=mgr.14118 client_cookie=0 server_cookie=0 in_seq=0 out_seq=0
2024-05-21T06:29:50.407 INFO:teuthology.orchestra.run.smithi082.stderr:/usr/bin/ceph:
2024-05-21T06:29:50.407+0000 7f2be4c00700 1 -- 172.21.15.82:0/1352230127 <== mon.0 v2:172.21.15.82:3300/0 6 ==== mon_command_ack([{"prefix": "get_command_descriptions"}]=0 v0) v1 ==== 72+0+163658 (secure 0 0 0) 0x7f2bd8049070 con 0x7f2be80fbed0
2024-05-21T06:29:50.576 INFO:teuthology.orchestra.run.smithi082.stderr:/usr/bin/ceph:
2024-05-21T06:29:50.576+0000 7f2bee400700 1 -- 172.21.15.82:0/1352230127 --> [v2:172.21.15.82:6800/3843280992,v1:172.21.15.82:6801/3843280992] -- mgr_command(tid 0: {"prefix": "cephadm generate-key", "target": ["mon-mgr", ""]}) v1 -- 0x7f2be810f2c0 con 0x7f2bcc0326f0
2024-05-21T06:29:50.784 INFO:teuthology.orchestra.run.smithi082.stderr:/usr/bin/ceph:
2024-05-21T06:29:50.784+0000 7f2be4c00700 1 -- 172.21.15.82:0/1352230127 <== mgr.14118 v2:172.21.15.82:6800/3843280992 1 ==== mgr_command_reply(tid 0: 0 ) v1 ==== 8+0+0 (secure 0 0 0) 0x7f2be810f2c0 con 0x7f2bcc0326f0
2024-05-21T06:29:50.786 INFO:teuthology.orchestra.run.smithi082.stderr:/usr/bin/ceph:
2024-05-21T06:29:50.786+0000 7f2bee400700 1 -- 172.21.15.82:0/1352230127 >> [v2:172.21.15.82:6800/3843280992,v1:172.21.15.82:6801/3843280992] conn(0x7f2bcc0326f0 msgr2=0x7f2bcc034bb0 secure :-1 s=STATE_CONNECTION_ESTABLISHED l=1).mark_down
2024-05-21T06:29:50.786 INFO:teuthology.orchestra.run.smithi082.stderr:/usr/bin/ceph:
2024-05-21T06:29:50.786+0000 7f2bee400700 1 --2- 172.21.15.82:0/1352230127 >> [v2:172.21.15.82:6800/3843280992,v1:172.21.15.82:6801/3843280992] conn(0x7f2bcc0326f0 0x7f2bcc034bb0 secure :-1 s=READY pgs=8 cs=0 l=1 rev1=1 rx=0x7f2bd0009780 tx=0x7f2bd0006cc0).stop
2024-05-21T06:29:50.786 INFO:teuthology.orchestra.run.smithi082.stderr:/usr/bin/ceph:
2024-05-21T06:29:50.786+0000 7f2bee400700 1 -- 172.21.15.82:0/1352230127 >> [v2:172.21.15.82:3300/0,v1:172.21.15.82:6789/0] conn(0x7f2be80fbed0 msgr2=0x7f2be810dee0 secure :-1 s=STATE_CONNECTION_ESTABLISHED l=1).mark_down
2024-05-21T06:29:50.786 INFO:teuthology.orchestra.run.smithi082.stderr:/usr/bin/ceph:
2024-05-21T06:29:50.786+0000 7f2bee400700 1 --2- 172.21.15.82:0/1352230127 >> [v2:172.21.15.82:3300/0,v1:172.21.15.82:6789/0] conn(0x7f2be80fbed0 0x7f2be810dee0 secure :-1 s=READY pgs=38 cs=0 l=1 rev1=1 rx=0x7f2bd80115c0 tx=0x7f2bd80090f0).stop
2024-05-21T06:29:50.787 INFO:teuthology.orchestra.run.smithi082.stderr:/usr/bin/ceph:
2024-05-21T06:29:50.786+0000 7f2bee400700 1 -- 172.21.15.82:0/1352230127 shutdown_connections
2024-05-21T06:29:50.787 INFO:teuthology.orchestra.run.smithi082.stderr:/usr/bin/ceph:
2024-05-21T06:29:50.786+0000 7f2bee400700 1 --2- 172.21.15.82:0/1352230127 >> [v2:172.21.15.82:6800/3843280992,v1:172.21.15.82:6801/3843280992] conn(0x7f2bcc0326f0 0x7f2bcc034bb0 unknown :-1 s=CLOSED pgs=8 cs=0 l=1 rev1=1 rx=0 tx=0).stop
2024-05-21T06:29:50.787 INFO:teuthology.orchestra.run.smithi082.stderr:/usr/bin/ceph:
2024-05-21T06:29:50.786+0000 7f2bee400700 1 --2- 172.21.15.82:0/1352230127 >> [v2:172.21.15.82:3300/0,v1:172.21.15.82:6789/0] conn(0x7f2be80fbed0 0x7f2be810dee0 unknown :-1 s=CLOSED pgs=38 cs=0 l=1 rev1=1 rx=0 tx=0).stop
2024-05-21T06:29:50.787 INFO:teuthology.orchestra.run.smithi082.stderr:/usr/bin/ceph:
2024-05-21T06:29:50.786+0000 7f2bee400700 1 -- 172.21.15.82:0/1352230127 >> 172.21.15.82:0/1352230127 conn(0x7f2be80f76f0 msgr2=0x7f2be80718d0 unknown :-1 s=STATE_NONE l=0).mark_down
2024-05-21T06:29:50.788 INFO:teuthology.orchestra.run.smithi082.stderr:/usr/bin/ceph:
2024-05-21T06:29:50.786+0000 7f2bee400700 1 -- 172.21.15.82:0/1352230127 shutdown_connections
2024-05-21T06:29:50.788 INFO:teuthology.orchestra.run.smithi082.stderr:/usr/bin/ceph:
2024-05-21T06:29:50.786+0000 7f2bee400700 1 -- 172.21.15.82:0/1352230127 wait complete.
2024-05-21T06:29:51.959 INFO:teuthology.orchestra.run.smithi082.stderr:/usr/bin/ceph:
2024-05-21T06:29:51.959+0000 7f9641a00700 1 Processor -- start
2024-05-21T06:29:52.088 INFO:teuthology.orchestra.run.smithi082.stderr:/usr/bin/ceph:
2024-05-21T06:29:51.959+0000 7f9641a00700 1 -- start start
2024-05-21T06:29:52.089 INFO:teuthology.orchestra.run.smithi082.stderr:/usr/bin/ceph:
2024-05-21T06:29:51.959+0000 7f9641a00700 1 --2- >> [v2:172.21.15.82:3300/0,v1:172.21.15.82:6789/0] conn(0x7f963c071c60 0x7f963c0ff9f0 unknown :-1 s=NONE pgs=0 cs=0 l=0 rev1=0 rx=0 tx=0).connect
2024-05-21T06:29:52.089 INFO:teuthology.orchestra.run.smithi082.stderr:/usr/bin/ceph:
2024-05-21T06:29:51.959+0000 7f9641a00700 1 -- --> [v2:172.21.15.82:3300/0,v1:172.21.15.82:6789/0] -- mon_getmap magic: 0 v1 -- 0x7f963c0ffee0 con 0x7f963c071c60
2024-05-21T06:29:52.089 INFO:teuthology.orchestra.run.smithi082.stderr:/usr/bin/ceph:
2024-05-21T06:29:51.959+0000 7f963be00700 1 --2- >> [v2:172.21.15.82:3300/0,v1:172.21.15.82:6789/0] conn(0x7f963c071c60 0x7f963c0ff9f0 unknown :-1 s=BANNER_CONNECTING pgs=0 cs=0 l=0 rev1=0 rx=0 tx=0)._handle_peer_banner_payload supported=1 required=0
2024-05-21T06:29:52.089 INFO:teuthology.orchestra.run.smithi082.stderr:/usr/bin/ceph:
2024-05-21T06:29:51.960+0000 7f963be00700 1 --2- >> [v2:172.21.15.82:3300/0,v1:172.21.15.82:6789/0] conn(0x7f963c071c60 0x7f963c0ff9f0 unknown :-1 s=HELLO_CONNECTING pgs=0 cs=0 l=0 rev1=1 rx=0 tx=0).handle_hello peer v2:172.21.15.82:3300/0 says I am v2:172.21.15.82:50620/0 (socket says 172.21.15.82:50620)
2024-05-21T06:29:52.089 INFO:teuthology.orchestra.run.smithi082.stderr:/usr/bin/ceph:
2024-05-21T06:29:51.960+0000 7f963be00700 1 -- 172.21.15.82:0/2945143345 learned_addr learned my addr 172.21.15.82:0/2945143345 (peer_addr_for_me v2:172.21.15.82:0/0)
2024-05-21T06:29:52.089 INFO:teuthology.orchestra.run.smithi082.stderr:/usr/bin/ceph:
2024-05-21T06:29:51.960+0000 7f963be00700 1 -- 172.21.15.82:0/2945143345 --> [v2:172.21.15.82:3300/0,v1:172.21.15.82:6789/0] -- mon_subscribe({config=0+,monmap=0+}) v3 -- 0x7f963c100020 con 0x7f963c071c60
2024-05-21T06:29:52.089 INFO:teuthology.orchestra.run.smithi082.stderr:/usr/bin/ceph:
2024-05-21T06:29:51.960+0000 7f963be00700 1 --2- 172.21.15.82:0/2945143345 >> [v2:172.21.15.82:3300/0,v1:172.21.15.82:6789/0] conn(0x7f963c071c60 0x7f963c0ff9f0 secure :-1 s=READY pgs=39 cs=0 l=1 rev1=1 rx=0x7f962c009730 tx=0x7f962c0090f0).ready entity=mon.0 client_cookie=3e9c0ffcf54bd9a7 server_cookie=0 in_seq=0 out_seq=0
2024-05-21T06:29:52.089 INFO:teuthology.orchestra.run.smithi082.stderr:/usr/bin/ceph:
2024-05-21T06:29:51.960+0000 7f963aa00700 1 -- 172.21.15.82:0/2945143345 <== mon.0 v2:172.21.15.82:3300/0 1 ==== mon_map magic: 0 v1 ==== 229+0+0 (secure 0 0 0) 0x7f962c00b6e0 con 0x7f963c071c60
2024-05-21T06:29:52.089 INFO:teuthology.orchestra.run.smithi082.stderr:/usr/bin/ceph:
2024-05-21T06:29:51.960+0000 7f963aa00700 1 -- 172.21.15.82:0/2945143345 <== mon.0 v2:172.21.15.82:3300/0 2 ==== config(25 keys) v1 ==== 975+0+0 (secure 0 0 0) 0x7f962c00bc80 con 0x7f963c071c60
2024-05-21T06:29:52.089 INFO:teuthology.orchestra.run.smithi082.stderr:/usr/bin/ceph:
2024-05-21T06:29:51.960+0000 7f963aa00700 1 -- 172.21.15.82:0/2945143345 <== mon.0 v2:172.21.15.82:3300/0 3 ==== mon_map magic: 0 v1 ==== 229+0+0 (secure 0 0 0) 0x7f962c011c70 con 0x7f963c071c60
2024-05-21T06:29:52.089 INFO:teuthology.orchestra.run.smithi082.stderr:/usr/bin/ceph:
2024-05-21T06:29:51.961+0000 7f9641a00700 1 -- 172.21.15.82:0/2945143345 >> [v2:172.21.15.82:3300/0,v1:172.21.15.82:6789/0] conn(0x7f963c071c60 msgr2=0x7f963c0ff9f0 secure :-1 s=STATE_CONNECTION_ESTABLISHED l=1).mark_down
2024-05-21T06:29:52.089 INFO:teuthology.orchestra.run.smithi082.stderr:/usr/bin/ceph:
2024-05-21T06:29:51.961+0000 7f9641a00700 1 --2- 172.21.15.82:0/2945143345 >> [v2:172.21.15.82:3300/0,v1:172.21.15.82:6789/0] conn(0x7f963c071c60 0x7f963c0ff9f0 secure :-1 s=READY pgs=39 cs=0 l=1 rev1=1 rx=0x7f962c009730 tx=0x7f962c0090f0).stop
2024-05-21T06:29:52.090 INFO:teuthology.orchestra.run.smithi082.stderr:/usr/bin/ceph:
2024-05-21T06:29:51.961+0000 7f9641a00700 1 -- 172.21.15.82:0/2945143345 shutdown_connections
2024-05-21T06:29:52.090 INFO:teuthology.orchestra.run.smithi082.stderr:/usr/bin/ceph:
2024-05-21T06:29:51.961+0000 7f9641a00700 1 --2- 172.21.15.82:0/2945143345 >> [v2:172.21.15.82:3300/0,v1:172.21.15.82:6789/0] conn(0x7f963c071c60 0x7f963c0ff9f0 unknown :-1 s=CLOSED pgs=39 cs=0 l=1 rev1=1 rx=0 tx=0).stop
2024-05-21T06:29:52.090 INFO:teuthology.orchestra.run.smithi082.stderr:/usr/bin/ceph:
2024-05-21T06:29:51.961+0000 7f9641a00700 1 -- 172.21.15.82:0/2945143345 >> 172.21.15.82:0/2945143345 conn(0x7f963c0f74b0 msgr2=0x7f963c0f98d0 unknown :-1 s=STATE_NONE l=0).mark_down
2024-05-21T06:29:52.090 INFO:teuthology.orchestra.run.smithi082.stderr:/usr/bin/ceph:
2024-05-21T06:29:51.961+0000 7f9641a00700 1 -- 172.21.15.82:0/2945143345 shutdown_connections
2024-05-21T06:29:52.090 INFO:teuthology.orchestra.run.smithi082.stderr:/usr/bin/ceph:
2024-05-21T06:29:51.961+0000 7f9641a00700 1 -- 172.21.15.82:0/2945143345 wait complete.
2024-05-21T06:29:52.090 INFO:teuthology.orchestra.run.smithi082.stderr:/usr/bin/ceph:
2024-05-21T06:29:51.962+0000 7f9641a00700 1 Processor -- start
2024-05-21T06:29:52.090 INFO:teuthology.orchestra.run.smithi082.stderr:/usr/bin/ceph:
2024-05-21T06:29:51.962+0000 7f9641a00700 1 -- start start
2024-05-21T06:29:52.090 INFO:teuthology.orchestra.run.smithi082.stderr:/usr/bin/ceph:
2024-05-21T06:29:51.963+0000 7f9641a00700 1 --2- >> [v2:172.21.15.82:3300/0,v1:172.21.15.82:6789/0] conn(0x7f963c071c60 0x7f963c0fd470 unknown :-1 s=NONE pgs=0 cs=0 l=1 rev1=0 rx=0 tx=0).connect
2024-05-21T06:29:52.090 INFO:teuthology.orchestra.run.smithi082.stderr:/usr/bin/ceph:
2024-05-21T06:29:51.963+0000 7f9641a00700 1 -- --> [v2:172.21.15.82:3300/0,v1:172.21.15.82:6789/0] -- mon_getmap magic: 0 v1 -- 0x7f963c0fb8f0 con 0x7f963c071c60
2024-05-21T06:29:52.090 INFO:teuthology.orchestra.run.smithi082.stderr:/usr/bin/ceph:
2024-05-21T06:29:51.963+0000 7f963be00700 1 --2- >> [v2:172.21.15.82:3300/0,v1:172.21.15.82:6789/0] conn(0x7f963c071c60 0x7f963c0fd470 unknown :-1 s=BANNER_CONNECTING pgs=0 cs=0 l=1 rev1=0 rx=0 tx=0)._handle_peer_banner_payload supported=1 required=0
2024-05-21T06:29:52.090 INFO:teuthology.orchestra.run.smithi082.stderr:/usr/bin/ceph:
2024-05-21T06:29:51.963+0000 7f963be00700 1 --2- >> [v2:172.21.15.82:3300/0,v1:172.21.15.82:6789/0] conn(0x7f963c071c60 0x7f963c0fd470 unknown :-1 s=HELLO_CONNECTING pgs=0 cs=0 l=1 rev1=1 rx=0 tx=0).handle_hello peer v2:172.21.15.82:3300/0 says I am v2:172.21.15.82:50636/0 (socket says 172.21.15.82:50636)
2024-05-21T06:29:52.090 INFO:teuthology.orchestra.run.smithi082.stderr:/usr/bin/ceph:
2024-05-21T06:29:51.963+0000 7f963be00700 1 -- 172.21.15.82:0/3860368918 learned_addr learned my addr 172.21.15.82:0/3860368918 (peer_addr_for_me v2:172.21.15.82:0/0)
2024-05-21T06:29:52.091 INFO:teuthology.orchestra.run.smithi082.stderr:/usr/bin/ceph:
2024-05-21T06:29:51.963+0000 7f963be00700 1 -- 172.21.15.82:0/3860368918 --> [v2:172.21.15.82:3300/0,v1:172.21.15.82:6789/0] -- mon_subscribe({config=0+,monmap=0+}) v3 -- 0x7f962c009370 con 0x7f963c071c60
2024-05-21T06:29:52.091 INFO:teuthology.orchestra.run.smithi082.stderr:/usr/bin/ceph:
2024-05-21T06:29:51.964+0000 7f963be00700 1 --2- 172.21.15.82:0/3860368918 >> [v2:172.21.15.82:3300/0,v1:172.21.15.82:6789/0] conn(0x7f963c071c60 0x7f963c0fd470 secure :-1 s=READY pgs=40 cs=0 l=1 rev1=1 rx=0x7f962c0115c0 tx=0x7f962c0090f0).ready entity=mon.0 client_cookie=0 server_cookie=0 in_seq=0 out_seq=0
2024-05-21T06:29:52.091 INFO:teuthology.orchestra.run.smithi082.stderr:/usr/bin/ceph:
2024-05-21T06:29:51.964+0000 7f9638c00700 1 -- 172.21.15.82:0/3860368918 <== mon.0 v2:172.21.15.82:3300/0 1 ==== mon_map magic: 0 v1 ==== 229+0+0 (secure 0 0 0) 0x7f962c00bab0 con 0x7f963c071c60
2024-05-21T06:29:52.091 INFO:teuthology.orchestra.run.smithi082.stderr:/usr/bin/ceph:
2024-05-21T06:29:51.964+0000 7f9638c00700 1 -- 172.21.15.82:0/3860368918 <== mon.0 v2:172.21.15.82:3300/0 2 ==== config(25 keys) v1 ==== 975+0+0 (secure 0 0 0) 0x7f962c011a90 con 0x7f963c071c60
2024-05-21T06:29:52.091 INFO:teuthology.orchestra.run.smithi082.stderr:/usr/bin/ceph:
2024-05-21T06:29:51.964+0000 7f9638c00700 1 -- 172.21.15.82:0/3860368918 <== mon.0 v2:172.21.15.82:3300/0 3 ==== mon_map magic: 0 v1 ==== 229+0+0 (secure 0 0 0) 0x7f962c01a750 con 0x7f963c071c60
2024-05-21T06:29:52.091 INFO:teuthology.orchestra.run.smithi082.stderr:/usr/bin/ceph:
2024-05-21T06:29:51.964+0000 7f9641a00700 1 -- 172.21.15.82:0/3860368918 --> [v2:172.21.15.82:3300/0,v1:172.21.15.82:6789/0] -- mon_subscribe({mgrmap=0+}) v3 -- 0x7f963c0fba90 con 0x7f963c071c60
2024-05-21T06:29:52.091 INFO:teuthology.orchestra.run.smithi082.stderr:/usr/bin/ceph:
2024-05-21T06:29:51.964+0000 7f9641a00700 1 -- 172.21.15.82:0/3860368918 --> [v2:172.21.15.82:3300/0,v1:172.21.15.82:6789/0] -- mon_subscribe({osdmap=0}) v3 -- 0x7f963c0fbea0 con 0x7f963c071c60
2024-05-21T06:29:52.091 INFO:teuthology.orchestra.run.smithi082.stderr:/usr/bin/ceph:
2024-05-21T06:29:51.965+0000 7f9638c00700 1 -- 172.21.15.82:0/3860368918 <== mon.0 v2:172.21.15.82:3300/0 4 ==== mgrmap(e 8) v1 ==== 38632+0+0 (secure 0 0 0) 0x7f962c011c00 con 0x7f963c071c60
2024-05-21T06:29:52.091 INFO:teuthology.orchestra.run.smithi082.stderr:/usr/bin/ceph:
2024-05-21T06:29:51.965+0000 7f9641a00700 1 -- 172.21.15.82:0/3860368918 --> [v2:172.21.15.82:3300/0,v1:172.21.15.82:6789/0] -- mon_command({"prefix": "get_command_descriptions"} v 0) v1 -- 0x7f963c046ce0 con 0x7f963c071c60
2024-05-21T06:29:52.091 INFO:teuthology.orchestra.run.smithi082.stderr:/usr/bin/ceph:
2024-05-21T06:29:51.965+0000 7f9638c00700 1 --2- 172.21.15.82:0/3860368918 >> [v2:172.21.15.82:6800/3843280992,v1:172.21.15.82:6801/3843280992] conn(0x7f96200326f0 0x7f9620034bb0 unknown :-1 s=NONE pgs=0 cs=0 l=1 rev1=0 rx=0 tx=0).connect
2024-05-21T06:29:52.091 INFO:teuthology.orchestra.run.smithi082.stderr:/usr/bin/ceph:
2024-05-21T06:29:51.965+0000 7f9638c00700 1 -- 172.21.15.82:0/3860368918 <== mon.0 v2:172.21.15.82:3300/0 5 ==== osd_map(2..2 src has 1..2) v4 ==== 893+0+0 (secure 0 0 0) 0x7f962c044980 con 0x7f963c071c60
2024-05-21T06:29:52.091 INFO:teuthology.orchestra.run.smithi082.stderr:/usr/bin/ceph:
2024-05-21T06:29:51.966+0000 7f963b400700 1 --2- 172.21.15.82:0/3860368918 >> [v2:172.21.15.82:6800/3843280992,v1:172.21.15.82:6801/3843280992] conn(0x7f96200326f0 0x7f9620034bb0 unknown :-1 s=BANNER_CONNECTING pgs=0 cs=0 l=1 rev1=0 rx=0 tx=0)._handle_peer_banner_payload supported=1 required=0
2024-05-21T06:29:52.091 INFO:teuthology.orchestra.run.smithi082.stderr:/usr/bin/ceph:
2024-05-21T06:29:51.966+0000 7f963b400700 1 --2- 172.21.15.82:0/3860368918 >> [v2:172.21.15.82:6800/3843280992,v1:172.21.15.82:6801/3843280992] conn(0x7f96200326f0 0x7f9620034bb0 secure :-1 s=READY pgs=9 cs=0 l=1 rev1=1 rx=0x7f9628009780 tx=0x7f9628006cc0).ready entity=mgr.14118 client_cookie=0 server_cookie=0 in_seq=0 out_seq=0
2024-05-21T06:29:52.092 INFO:teuthology.orchestra.run.smithi082.stderr:/usr/bin/ceph:
2024-05-21T06:29:51.970+0000 7f9638c00700 1 -- 172.21.15.82:0/3860368918 <== mon.0 v2:172.21.15.82:3300/0 6 ==== mon_command_ack([{"prefix": "get_command_descriptions"}]=0 v0) v1 ==== 72+0+163658 (secure 0 0 0) 0x7f962c020950 con 0x7f963c071c60
2024-05-21T06:29:52.103 INFO:journalctl@ceph.mon.smithi082.smithi082.stdout:May 21 06:29:51 smithi082 ceph-54301ac8-173b-11ef-bc9a-c7b262605968-mon-smithi082[35923]: audit
2024-05-21T06:29:50.577316+0000 mgr.smithi082.auyyiw (mgr.14118) 6 : audit [DBG] from='client.14132 -' entity='client.admin' cmd=[{"prefix": "cephadm generate-key", "target": ["mon-mgr", ""]}]: dispatch
2024-05-21T06:29:52.103 INFO:journalctl@ceph.mon.smithi082.smithi082.stdout:May 21 06:29:51 smithi082 ceph-54301ac8-173b-11ef-bc9a-c7b262605968-mon-smithi082[35923]: cephadm
2024-05-21T06:29:50.577588+0000 mgr.smithi082.auyyiw (mgr.14118) 7 : cephadm [INF] Generating ssh key...
2024-05-21T06:29:52.103 INFO:journalctl@ceph.mon.smithi082.smithi082.stdout:May 21 06:29:51 smithi082 ceph-54301ac8-173b-11ef-bc9a-c7b262605968-mon-smithi082[35923]: audit
2024-05-21T06:29:50.780882+0000 mon.smithi082 (mon.0) 52 : audit [INF] from='mgr.14118 172.21.15.82:0/1843169084' entity='mgr.smithi082.auyyiw'
2024-05-21T06:29:52.103 INFO:journalctl@ceph.mon.smithi082.smithi082.stdout:May 21 06:29:51 smithi082 ceph-54301ac8-173b-11ef-bc9a-c7b262605968-mon-smithi082[35923]: audit
2024-05-21T06:29:50.782904+0000 mon.smithi082 (mon.0) 53 : audit [INF] from='mgr.14118 172.21.15.82:0/1843169084' entity='mgr.smithi082.auyyiw'
2024-05-21T06:29:52.146 INFO:teuthology.orchestra.run.smithi082.stderr:/usr/bin/ceph:
2024-05-21T06:29:52.146+0000 7f9641a00700 1 -- 172.21.15.82:0/3860368918 --> [v2:172.21.15.82:6800/3843280992,v1:172.21.15.82:6801/3843280992] -- mgr_command(tid 0: {"prefix": "cephadm get-pub-key", "target": ["mon-mgr", ""]}) v1 -- 0x7f963c0fc0e0 con 0x7f96200326f0
2024-05-21T06:29:52.146 INFO:teuthology.orchestra.run.smithi082.stderr:/usr/bin/ceph:
2024-05-21T06:29:52.147+0000 7f9638c00700 1 -- 172.21.15.82:0/3860368918 <== mgr.14118 v2:172.21.15.82:6800/3843280992 1 ==== mgr_command_reply(tid 0: 0 ) v1 ==== 8+0+595 (secure 0 0 0) 0x7f963c0fc0e0 con 0x7f96200326f0
2024-05-21T06:29:52.147 INFO:teuthology.orchestra.run.smithi082.stderr:/usr/bin/ceph: ssh-rsa AAAAB3NzaC1yc2EAAAADAQABAAABgQDV5bIwO3/24Ln4YoR/J5b0by4m1LqN271QHWVwDNi6nCF1Hyiw7cp1UjpEQPVQLdZPIKLO70lhGfC+hba5ewrB3jN5iS9/I9cC0O9ehnDus37n8yBYZQY/REXjz8Mw0/HdCApZYciGH7q+dqyzQFjuoHrdzs4adUWUMR0Sk/q7SE0Yh67TWpKsBwWtrZ12jo0I1anTPHPQ47hEQHIK1MZyamApC905D3J7CKiBb6q/i1FGOlY9FDAJ8vpN23pgf70z5/I/5VW8EGyRBDTR5cSRtCmPIbUt+HnDkVlBmNh05i4xIDtHrlJAuKKvlZOJXtBKQ/LVo51mJCxp8IdGcKrWSufW5gqBhUbDhNA/r1lHEtwyxf5lEDxKNeguLeX+TXaXdvIGtWU4o9Lzhj/a5BoIj7mCFO1y3OVYcRD26ON/LJ1tRO6+VLcbJR8H0CKwtsbf/Vkbofig4u1XqhUR2dPaUBgMoj/PLb01xaClBaRpSQk7+mtqO1nwYz3nVEfW1/8= ceph-54301ac8-173b-11ef-bc9a-c7b262605968
2024-05-21T06:29:52.149 INFO:teuthology.orchestra.run.smithi082.stderr:/usr/bin/ceph:
2024-05-21T06:29:52.149+0000 7f9641a00700 1 -- 172.21.15.82:0/3860368918 >> [v2:172.21.15.82:6800/3843280992,v1:172.21.15.82:6801/3843280992] conn(0x7f96200326f0 msgr2=0x7f9620034bb0 secure :-1 s=STATE_CONNECTION_ESTABLISHED l=1).mark_down
2024-05-21T06:29:52.149 INFO:teuthology.orchestra.run.smithi082.stderr:/usr/bin/ceph:
2024-05-21T06:29:52.149+0000 7f9641a00700 1 --2- 172.21.15.82:0/3860368918 >> [v2:172.21.15.82:6800/3843280992,v1:172.21.15.82:6801/3843280992] conn(0x7f96200326f0 0x7f9620034bb0 secure :-1 s=READY pgs=9 cs=0 l=1 rev1=1 rx=0x7f9628009780 tx=0x7f9628006cc0).stop
2024-05-21T06:29:52.149 INFO:teuthology.orchestra.run.smithi082.stderr:/usr/bin/ceph:
2024-05-21T06:29:52.149+0000 7f9641a00700 1 -- 172.21.15.82:0/3860368918 >> [v2:172.21.15.82:3300/0,v1:172.21.15.82:6789/0] conn(0x7f963c071c60 msgr2=0x7f963c0fd470 secure :-1 s=STATE_CONNECTION_ESTABLISHED l=1).mark_down
2024-05-21T06:29:52.149 INFO:teuthology.orchestra.run.smithi082.stderr:/usr/bin/ceph:
2024-05-21T06:29:52.149+0000 7f9641a00700 1 --2- 172.21.15.82:0/3860368918 >> [v2:172.21.15.82:3300/0,v1:172.21.15.82:6789/0] conn(0x7f963c071c60 0x7f963c0fd470 secure :-1 s=READY pgs=40 cs=0 l=1 rev1=1 rx=0x7f962c0115c0 tx=0x7f962c0090f0).stop
2024-05-21T06:29:52.150 INFO:teuthology.orchestra.run.smithi082.stderr:/usr/bin/ceph:
2024-05-21T06:29:52.149+0000 7f9641a00700 1 -- 172.21.15.82:0/3860368918 shutdown_connections
2024-05-21T06:29:52.150 INFO:teuthology.orchestra.run.smithi082.stderr:/usr/bin/ceph:
2024-05-21T06:29:52.149+0000 7f9641a00700 1 --2- 172.21.15.82:0/3860368918 >> [v2:172.21.15.82:6800/3843280992,v1:172.21.15.82:6801/3843280992] conn(0x7f96200326f0 0x7f9620034bb0 unknown :-1 s=CLOSED pgs=9 cs=0 l=1 rev1=1 rx=0 tx=0).stop
2024-05-21T06:29:52.150 INFO:teuthology.orchestra.run.smithi082.stderr:/usr/bin/ceph:
2024-05-21T06:29:52.149+0000 7f9641a00700 1 --2- 172.21.15.82:0/3860368918 >> [v2:172.21.15.82:3300/0,v1:172.21.15.82:6789/0] conn(0x7f963c071c60 0x7f963c0fd470 unknown :-1 s=CLOSED pgs=40 cs=0 l=1 rev1=1 rx=0 tx=0).stop
2024-05-21T06:29:52.150 INFO:teuthology.orchestra.run.smithi082.stderr:/usr/bin/ceph:
2024-05-21T06:29:52.149+0000 7f9641a00700 1 -- 172.21.15.82:0/3860368918 >> 172.21.15.82:0/3860368918 conn(0x7f963c0f74b0 msgr2=0x7f963c0f8dd0 unknown :-1 s=STATE_NONE l=0).mark_down
2024-05-21T06:29:52.150 INFO:teuthology.orchestra.run.smithi082.stderr:/usr/bin/ceph:
2024-05-21T06:29:52.149+0000 7f9641a00700 1 -- 172.21.15.82:0/3860368918 shutdown_connections
2024-05-21T06:29:52.150 INFO:teuthology.orchestra.run.smithi082.stderr:/usr/bin/ceph:
2024-05-21T06:29:52.149+0000 7f9641a00700 1 -- 172.21.15.82:0/3860368918 wait complete.
2024-05-21T06:29:52.812 INFO:teuthology.orchestra.run.smithi082.stderr:Wrote public SSH key to /home/ubuntu/cephtest/ceph.pub
2024-05-21T06:29:52.812 INFO:teuthology.orchestra.run.smithi082.stderr:Adding key to root@localhost authorized_keys...
2024-05-21T06:29:52.813 INFO:teuthology.orchestra.run.smithi082.stderr:Adding host smithi082...
2024-05-21T06:29:53.089 INFO:journalctl@ceph.mon.smithi082.smithi082.stdout:May 21 06:29:52 smithi082 ceph-54301ac8-173b-11ef-bc9a-c7b262605968-mon-smithi082[35923]: audit
2024-05-21T06:29:52.147271+0000 mgr.smithi082.auyyiw (mgr.14118) 8 : audit [DBG] from='client.14134 -' entity='client.admin' cmd=[{"prefix": "cephadm get-pub-key", "target": ["mon-mgr", ""]}]: dispatch
2024-05-21T06:29:53.397 INFO:teuthology.orchestra.run.smithi082.stderr:/usr/bin/ceph:
2024-05-21T06:29:53.394+0000 7fbef6800700 1 Processor -- start
2024-05-21T06:29:53.397 INFO:teuthology.orchestra.run.smithi082.stderr:/usr/bin/ceph:
2024-05-21T06:29:53.394+0000 7fbef6800700 1 -- start start
2024-05-21T06:29:53.397 INFO:teuthology.orchestra.run.smithi082.stderr:/usr/bin/ceph:
2024-05-21T06:29:53.394+0000 7fbef6800700 1 --2- >> [v2:172.21.15.82:3300/0,v1:172.21.15.82:6789/0] conn(0x7fbef00fd030 0x7fbef00fd450 unknown :-1 s=NONE pgs=0 cs=0 l=0 rev1=0 rx=0 tx=0).connect
2024-05-21T06:29:53.397 INFO:teuthology.orchestra.run.smithi082.stderr:/usr/bin/ceph:
2024-05-21T06:29:53.394+0000 7fbef6800700 1 -- --> [v2:172.21.15.82:3300/0,v1:172.21.15.82:6789/0] -- mon_getmap magic: 0 v1 -- 0x7fbef00fd940 con 0x7fbef00fd030
2024-05-21T06:29:53.397 INFO:teuthology.orchestra.run.smithi082.stderr:/usr/bin/ceph:
2024-05-21T06:29:53.395+0000 7fbeef400700 1 --2- >> [v2:172.21.15.82:3300/0,v1:172.21.15.82:6789/0] conn(0x7fbef00fd030 0x7fbef00fd450 unknown :-1 s=BANNER_CONNECTING pgs=0 cs=0 l=0 rev1=0 rx=0 tx=0)._handle_peer_banner_payload supported=1 required=0
2024-05-21T06:29:53.397 INFO:teuthology.orchestra.run.smithi082.stderr:/usr/bin/ceph:
2024-05-21T06:29:53.395+0000 7fbeef400700 1 --2- >> [v2:172.21.15.82:3300/0,v1:172.21.15.82:6789/0] conn(0x7fbef00fd030 0x7fbef00fd450 unknown :-1 s=HELLO_CONNECTING pgs=0 cs=0 l=0 rev1=1 rx=0 tx=0).handle_hello peer v2:172.21.15.82:3300/0 says I am v2:172.21.15.82:50642/0 (socket says 172.21.15.82:50642)
2024-05-21T06:29:53.397 INFO:teuthology.orchestra.run.smithi082.stderr:/usr/bin/ceph:
2024-05-21T06:29:53.395+0000 7fbeef400700 1 -- 172.21.15.82:0/2216633481 learned_addr learned my addr 172.21.15.82:0/2216633481 (peer_addr_for_me v2:172.21.15.82:0/0)
2024-05-21T06:29:53.397 INFO:teuthology.orchestra.run.smithi082.stderr:/usr/bin/ceph:
2024-05-21T06:29:53.395+0000 7fbeef400700 1 -- 172.21.15.82:0/2216633481 --> [v2:172.21.15.82:3300/0,v1:172.21.15.82:6789/0] -- mon_subscribe({config=0+,monmap=0+}) v3 -- 0x7fbef00fda80 con 0x7fbef00fd030
2024-05-21T06:29:53.398 INFO:teuthology.orchestra.run.smithi082.stderr:/usr/bin/ceph:
2024-05-21T06:29:53.395+0000 7fbeef400700 1 --2- 172.21.15.82:0/2216633481 >> [v2:172.21.15.82:3300/0,v1:172.21.15.82:6789/0] conn(0x7fbef00fd030 0x7fbef00fd450 secure :-1 s=READY pgs=41 cs=0 l=1 rev1=1 rx=0x7fbee0009730 tx=0x7fbee00090f0).ready entity=mon.0 client_cookie=35dc972773217b4 server_cookie=0 in_seq=0 out_seq=0
2024-05-21T06:29:53.398 INFO:teuthology.orchestra.run.smithi082.stderr:/usr/bin/ceph:
2024-05-21T06:29:53.396+0000 7fbeee000700 1 -- 172.21.15.82:0/2216633481 <== mon.0 v2:172.21.15.82:3300/0 1 ==== mon_map magic: 0 v1 ==== 229+0+0 (secure 0 0 0) 0x7fbee000b6e0 con 0x7fbef00fd030
2024-05-21T06:29:53.398 INFO:teuthology.orchestra.run.smithi082.stderr:/usr/bin/ceph:
2024-05-21T06:29:53.396+0000 7fbeee000700 1 -- 172.21.15.82:0/2216633481 <== mon.0 v2:172.21.15.82:3300/0 2 ==== config(25 keys) v1 ==== 975+0+0 (secure 0 0 0) 0x7fbee000bc80 con 0x7fbef00fd030
2024-05-21T06:29:53.398 INFO:teuthology.orchestra.run.smithi082.stderr:/usr/bin/ceph:
2024-05-21T06:29:53.396+0000 7fbeee000700 1 -- 172.21.15.82:0/2216633481 <== mon.0 v2:172.21.15.82:3300/0 3 ==== mon_map magic: 0 v1 ==== 229+0+0 (secure 0 0 0) 0x7fbee0011c70 con 0x7fbef00fd030
2024-05-21T06:29:53.398 INFO:teuthology.orchestra.run.smithi082.stderr:/usr/bin/ceph:
2024-05-21T06:29:53.396+0000 7fbef6800700 1 -- 172.21.15.82:0/2216633481 >> [v2:172.21.15.82:3300/0,v1:172.21.15.82:6789/0] conn(0x7fbef00fd030 msgr2=0x7fbef00fd450 secure :-1 s=STATE_CONNECTION_ESTABLISHED l=1).mark_down
2024-05-21T06:29:53.398 INFO:teuthology.orchestra.run.smithi082.stderr:/usr/bin/ceph:
2024-05-21T06:29:53.396+0000 7fbef6800700 1 --2- 172.21.15.82:0/2216633481 >> [v2:172.21.15.82:3300/0,v1:172.21.15.82:6789/0] conn(0x7fbef00fd030 0x7fbef00fd450 secure :-1 s=READY pgs=41 cs=0 l=1 rev1=1 rx=0x7fbee0009730 tx=0x7fbee00090f0).stop
2024-05-21T06:29:53.398 INFO:teuthology.orchestra.run.smithi082.stderr:/usr/bin/ceph:
2024-05-21T06:29:53.396+0000 7fbef6800700 1 -- 172.21.15.82:0/2216633481 shutdown_connections
2024-05-21T06:29:53.398 INFO:teuthology.orchestra.run.smithi082.stderr:/usr/bin/ceph:
2024-05-21T06:29:53.396+0000 7fbef6800700 1 --2- 172.21.15.82:0/2216633481 >> [v2:172.21.15.82:3300/0,v1:172.21.15.82:6789/0] conn(0x7fbef00fd030 0x7fbef00fd450 unknown :-1 s=CLOSED pgs=41 cs=0 l=1 rev1=1 rx=0 tx=0).stop
2024-05-21T06:29:53.398 INFO:teuthology.orchestra.run.smithi082.stderr:/usr/bin/ceph:
2024-05-21T06:29:53.396+0000 7fbef6800700 1 -- 172.21.15.82:0/2216633481 >> 172.21.15.82:0/2216633481 conn(0x7fbef00f8800 msgr2=0x7fbef00fac20 unknown :-1 s=STATE_NONE l=0).mark_down
2024-05-21T06:29:53.398 INFO:teuthology.orchestra.run.smithi082.stderr:/usr/bin/ceph:
2024-05-21T06:29:53.396+0000 7fbef6800700 1 -- 172.21.15.82:0/2216633481 shutdown_connections
2024-05-21T06:29:53.398 INFO:teuthology.orchestra.run.smithi082.stderr:/usr/bin/ceph:
2024-05-21T06:29:53.397+0000 7fbef6800700 1 -- 172.21.15.82:0/2216633481 wait complete.
2024-05-21T06:29:53.400 INFO:teuthology.orchestra.run.smithi082.stderr:/usr/bin/ceph:
2024-05-21T06:29:53.397+0000 7fbef6800700 1 Processor -- start
2024-05-21T06:29:53.400 INFO:teuthology.orchestra.run.smithi082.stderr:/usr/bin/ceph:
2024-05-21T06:29:53.398+0000 7fbef6800700 1 -- start start
2024-05-21T06:29:53.401 INFO:teuthology.orchestra.run.smithi082.stderr:/usr/bin/ceph:
2024-05-21T06:29:53.398+0000 7fbef6800700 1 --2- >> [v2:172.21.15.82:3300/0,v1:172.21.15.82:6789/0] conn(0x7fbef00fd030 0x7fbef010de90 unknown :-1 s=NONE pgs=0 cs=0 l=1 rev1=0 rx=0 tx=0).connect
2024-05-21T06:29:53.401 INFO:teuthology.orchestra.run.smithi082.stderr:/usr/bin/ceph:
2024-05-21T06:29:53.398+0000 7fbef6800700 1 -- --> [v2:172.21.15.82:3300/0,v1:172.21.15.82:6789/0] -- mon_getmap magic: 0 v1 -- 0x7fbef010e380 con 0x7fbef00fd030
2024-05-21T06:29:53.401 INFO:teuthology.orchestra.run.smithi082.stderr:/usr/bin/ceph:
2024-05-21T06:29:53.398+0000 7fbeef400700 1 --2- >> [v2:172.21.15.82:3300/0,v1:172.21.15.82:6789/0] conn(0x7fbef00fd030 0x7fbef010de90 unknown :-1 s=BANNER_CONNECTING pgs=0 cs=0 l=1 rev1=0 rx=0 tx=0)._handle_peer_banner_payload supported=1 required=0
2024-05-21T06:29:53.401 INFO:teuthology.orchestra.run.smithi082.stderr:/usr/bin/ceph:
2024-05-21T06:29:53.398+0000 7fbeef400700 1 --2- >> [v2:172.21.15.82:3300/0,v1:172.21.15.82:6789/0] conn(0x7fbef00fd030 0x7fbef010de90 unknown :-1 s=HELLO_CONNECTING pgs=0 cs=0 l=1 rev1=1 rx=0 tx=0).handle_hello peer v2:172.21.15.82:3300/0 says I am v2:172.21.15.82:50652/0 (socket says 172.21.15.82:50652)
2024-05-21T06:29:53.401 INFO:teuthology.orchestra.run.smithi082.stderr:/usr/bin/ceph:
2024-05-21T06:29:53.398+0000 7fbeef400700 1 -- 172.21.15.82:0/2288511331 learned_addr learned my addr 172.21.15.82:0/2288511331 (peer_addr_for_me v2:172.21.15.82:0/0)
2024-05-21T06:29:53.401 INFO:teuthology.orchestra.run.smithi082.stderr:/usr/bin/ceph:
2024-05-21T06:29:53.399+0000 7fbeef400700 1 -- 172.21.15.82:0/2288511331 --> [v2:172.21.15.82:3300/0,v1:172.21.15.82:6789/0] -- mon_subscribe({config=0+,monmap=0+}) v3 -- 0x7fbee0009370 con 0x7fbef00fd030
2024-05-21T06:29:53.401 INFO:teuthology.orchestra.run.smithi082.stderr:/usr/bin/ceph:
2024-05-21T06:29:53.399+0000 7fbeef400700 1 --2- 172.21.15.82:0/2288511331 >> [v2:172.21.15.82:3300/0,v1:172.21.15.82:6789/0] conn(0x7fbef00fd030 0x7fbef010de90 secure :-1 s=READY pgs=42 cs=0 l=1 rev1=1 rx=0x7fbee00115c0 tx=0x7fbee00090f0).ready entity=mon.0 client_cookie=0 server_cookie=0 in_seq=0 out_seq=0
2024-05-21T06:29:53.401 INFO:teuthology.orchestra.run.smithi082.stderr:/usr/bin/ceph:
2024-05-21T06:29:53.399+0000 7fbee7e00700 1 -- 172.21.15.82:0/2288511331 <== mon.0 v2:172.21.15.82:3300/0 1 ==== mon_map magic: 0 v1 ==== 229+0+0 (secure 0 0 0) 0x7fbee000bab0 con 0x7fbef00fd030
2024-05-21T06:29:53.401 INFO:teuthology.orchestra.run.smithi082.stderr:/usr/bin/ceph:
2024-05-21T06:29:53.399+0000 7fbee7e00700 1 -- 172.21.15.82:0/2288511331 <== mon.0 v2:172.21.15.82:3300/0 2 ==== config(25 keys) v1 ==== 975+0+0 (secure 0 0 0) 0x7fbee0011a90 con 0x7fbef00fd030
2024-05-21T06:29:53.401 INFO:teuthology.orchestra.run.smithi082.stderr:/usr/bin/ceph:
2024-05-21T06:29:53.399+0000 7fbef6800700 1 -- 172.21.15.82:0/2288511331 --> [v2:172.21.15.82:3300/0,v1:172.21.15.82:6789/0] -- mon_subscribe({mgrmap=0+}) v3 -- 0x7fbef010e580 con 0x7fbef00fd030
2024-05-21T06:29:53.401 INFO:teuthology.orchestra.run.smithi082.stderr:/usr/bin/ceph:
2024-05-21T06:29:53.399+0000 7fbee7e00700 1 -- 172.21.15.82:0/2288511331 <== mon.0 v2:172.21.15.82:3300/0 3 ==== mon_map magic: 0 v1 ==== 229+0+0 (secure 0 0 0) 0x7fbee001a750 con 0x7fbef00fd030
2024-05-21T06:29:53.401 INFO:teuthology.orchestra.run.smithi082.stderr:/usr/bin/ceph:
2024-05-21T06:29:53.399+0000 7fbef6800700 1 -- 172.21.15.82:0/2288511331 --> [v2:172.21.15.82:3300/0,v1:172.21.15.82:6789/0] -- mon_subscribe({osdmap=0}) v3 -- 0x7fbef010e990 con 0x7fbef00fd030
2024-05-21T06:29:53.402 INFO:teuthology.orchestra.run.smithi082.stderr:/usr/bin/ceph:
