2024-05-21T06:30:05.628+0000 7fc3b8400700 1 -- 172.21.15.82:0/940399314 --> [v2:172.21.15.82:6800/3843280992,v1:172.21.15.82:6801/3843280992] -- mgr_command(tid 0: {"prefix": "orch apply", "service_type": "node-exporter", "target": ["mon-mgr", ""]}) v1 -- 0x7fc3b010f290 con 0x7fc3980326f0
2024-05-21T06:30:05.633 INFO:teuthology.orchestra.run.smithi082.stderr:/usr/bin/ceph:
2024-05-21T06:30:05.632+0000 7fc3ae000700 1 -- 172.21.15.82:0/940399314 <== mgr.14118 v2:172.21.15.82:6800/3843280992 1 ==== mgr_command_reply(tid 0: 0 ) v1 ==== 8+0+34 (secure 0 0 0) 0x7fc3b010f290 con 0x7fc3980326f0
2024-05-21T06:30:05.634 INFO:teuthology.orchestra.run.smithi082.stderr:/usr/bin/ceph: Scheduled node-exporter update...
2024-05-21T06:30:05.637 INFO:teuthology.orchestra.run.smithi082.stderr:/usr/bin/ceph:
2024-05-21T06:30:05.635+0000 7fc3b8400700 1 -- 172.21.15.82:0/940399314 >> [v2:172.21.15.82:6800/3843280992,v1:172.21.15.82:6801/3843280992] conn(0x7fc3980326f0 msgr2=0x7fc398034bb0 secure :-1 s=STATE_CONNECTION_ESTABLISHED l=1).mark_down
2024-05-21T06:30:05.637 INFO:teuthology.orchestra.run.smithi082.stderr:/usr/bin/ceph:
2024-05-21T06:30:05.635+0000 7fc3b8400700 1 --2- 172.21.15.82:0/940399314 >> [v2:172.21.15.82:6800/3843280992,v1:172.21.15.82:6801/3843280992] conn(0x7fc3980326f0 0x7fc398034bb0 secure :-1 s=READY pgs=16 cs=0 l=1 rev1=1 rx=0x7fc39c009780 tx=0x7fc39c006cc0).stop
2024-05-21T06:30:05.637 INFO:teuthology.orchestra.run.smithi082.stderr:/usr/bin/ceph:
2024-05-21T06:30:05.635+0000 7fc3b8400700 1 -- 172.21.15.82:0/940399314 >> [v2:172.21.15.82:3300/0,v1:172.21.15.82:6789/0] conn(0x7fc3b0073d60 msgr2=0x7fc3b010deb0 secure :-1 s=STATE_CONNECTION_ESTABLISHED l=1).mark_down
2024-05-21T06:30:05.637 INFO:teuthology.orchestra.run.smithi082.stderr:/usr/bin/ceph:
2024-05-21T06:30:05.635+0000 7fc3b8400700 1 --2- 172.21.15.82:0/940399314 >> [v2:172.21.15.82:3300/0,v1:172.21.15.82:6789/0] conn(0x7fc3b0073d60 0x7fc3b010deb0 secure :-1 s=READY pgs=54 cs=0 l=1 rev1=1 rx=0x7fc3a4009f00 tx=0x7fc3a40090f0).stop
2024-05-21T06:30:05.637 INFO:teuthology.orchestra.run.smithi082.stderr:/usr/bin/ceph:
2024-05-21T06:30:05.635+0000 7fc3b8400700 1 -- 172.21.15.82:0/940399314 shutdown_connections
2024-05-21T06:30:05.637 INFO:teuthology.orchestra.run.smithi082.stderr:/usr/bin/ceph:
2024-05-21T06:30:05.635+0000 7fc3b8400700 1 --2- 172.21.15.82:0/940399314 >> [v2:172.21.15.82:6800/3843280992,v1:172.21.15.82:6801/3843280992] conn(0x7fc3980326f0 0x7fc398034bb0 unknown :-1 s=CLOSED pgs=16 cs=0 l=1 rev1=1 rx=0 tx=0).stop
2024-05-21T06:30:05.637 INFO:teuthology.orchestra.run.smithi082.stderr:/usr/bin/ceph:
2024-05-21T06:30:05.635+0000 7fc3b8400700 1 --2- 172.21.15.82:0/940399314 >> [v2:172.21.15.82:3300/0,v1:172.21.15.82:6789/0] conn(0x7fc3b0073d60 0x7fc3b010deb0 unknown :-1 s=CLOSED pgs=54 cs=0 l=1 rev1=1 rx=0 tx=0).stop
2024-05-21T06:30:05.637 INFO:teuthology.orchestra.run.smithi082.stderr:/usr/bin/ceph:
2024-05-21T06:30:05.635+0000 7fc3b8400700 1 -- 172.21.15.82:0/940399314 >> 172.21.15.82:0/940399314 conn(0x7fc3b00f8800 msgr2=0x7fc3b00fa0a0 unknown :-1 s=STATE_NONE l=0).mark_down
2024-05-21T06:30:05.637 INFO:teuthology.orchestra.run.smithi082.stderr:/usr/bin/ceph:
2024-05-21T06:30:05.635+0000 7fc3b8400700 1 -- 172.21.15.82:0/940399314 shutdown_connections
2024-05-21T06:30:05.638 INFO:teuthology.orchestra.run.smithi082.stderr:/usr/bin/ceph:
2024-05-21T06:30:05.635+0000 7fc3b8400700 1 -- 172.21.15.82:0/940399314 wait complete.
2024-05-21T06:30:06.353 INFO:journalctl@ceph.mon.smithi082.smithi082.stdout:May 21 06:30:06 smithi082 ceph-54301ac8-173b-11ef-bc9a-c7b262605968-mon-smithi082[35923]: cluster
2024-05-21T06:30:05.157741+0000 mgr.smithi082.auyyiw (mgr.14118) 21 : cluster [DBG] pgmap v3: 0 pgs: ; 0 B data, 0 B used, 0 B / 0 B avail
2024-05-21T06:30:06.353 INFO:journalctl@ceph.mon.smithi082.smithi082.stdout:May 21 06:30:06 smithi082 ceph-54301ac8-173b-11ef-bc9a-c7b262605968-mon-smithi082[35923]: audit
2024-05-21T06:30:05.633969+0000 mon.smithi082 (mon.0) 64 : audit [INF] from='mgr.14118 172.21.15.82:0/1843169084' entity='mgr.smithi082.auyyiw'
2024-05-21T06:30:06.356 INFO:teuthology.orchestra.run.smithi082.stderr:Deploying alertmanager service with default placement...
2024-05-21T06:30:06.989 INFO:teuthology.orchestra.run.smithi082.stderr:/usr/bin/ceph:
2024-05-21T06:30:06.986+0000 7fbfab000700 1 Processor -- start
2024-05-21T06:30:06.989 INFO:teuthology.orchestra.run.smithi082.stderr:/usr/bin/ceph:
2024-05-21T06:30:06.987+0000 7fbfab000700 1 -- start start
2024-05-21T06:30:06.989 INFO:teuthology.orchestra.run.smithi082.stderr:/usr/bin/ceph:
2024-05-21T06:30:06.987+0000 7fbfab000700 1 --2- >> [v2:172.21.15.82:3300/0,v1:172.21.15.82:6789/0] conn(0x7fbfa4071c00 0x7fbfa40ffc90 unknown :-1 s=NONE pgs=0 cs=0 l=0 rev1=0 rx=0 tx=0).connect
2024-05-21T06:30:06.989 INFO:teuthology.orchestra.run.smithi082.stderr:/usr/bin/ceph:
2024-05-21T06:30:06.987+0000 7fbfab000700 1 -- --> [v2:172.21.15.82:3300/0,v1:172.21.15.82:6789/0] -- mon_getmap magic: 0 v1 -- 0x7fbfa4100180 con 0x7fbfa4071c00
2024-05-21T06:30:06.989 INFO:teuthology.orchestra.run.smithi082.stderr:/usr/bin/ceph:
2024-05-21T06:30:06.987+0000 7fbfa3e00700 1 --2- >> [v2:172.21.15.82:3300/0,v1:172.21.15.82:6789/0] conn(0x7fbfa4071c00 0x7fbfa40ffc90 unknown :-1 s=BANNER_CONNECTING pgs=0 cs=0 l=0 rev1=0 rx=0 tx=0)._handle_peer_banner_payload supported=1 required=0
2024-05-21T06:30:06.989 INFO:teuthology.orchestra.run.smithi082.stderr:/usr/bin/ceph:
2024-05-21T06:30:06.987+0000 7fbfa3e00700 1 --2- >> [v2:172.21.15.82:3300/0,v1:172.21.15.82:6789/0] conn(0x7fbfa4071c00 0x7fbfa40ffc90 unknown :-1 s=HELLO_CONNECTING pgs=0 cs=0 l=0 rev1=1 rx=0 tx=0).handle_hello peer v2:172.21.15.82:3300/0 says I am v2:172.21.15.82:34402/0 (socket says 172.21.15.82:34402)
2024-05-21T06:30:06.989 INFO:teuthology.orchestra.run.smithi082.stderr:/usr/bin/ceph:
2024-05-21T06:30:06.987+0000 7fbfa3e00700 1 -- 172.21.15.82:0/2785152988 learned_addr learned my addr 172.21.15.82:0/2785152988 (peer_addr_for_me v2:172.21.15.82:0/0)
2024-05-21T06:30:06.991 INFO:teuthology.orchestra.run.smithi082.stderr:/usr/bin/ceph:
2024-05-21T06:30:06.988+0000 7fbfa3e00700 1 -- 172.21.15.82:0/2785152988 --> [v2:172.21.15.82:3300/0,v1:172.21.15.82:6789/0] -- mon_subscribe({config=0+,monmap=0+}) v3 -- 0x7fbfa41002c0 con 0x7fbfa4071c00
2024-05-21T06:30:06.991 INFO:teuthology.orchestra.run.smithi082.stderr:/usr/bin/ceph:
2024-05-21T06:30:06.988+0000 7fbfa3e00700 1 --2- 172.21.15.82:0/2785152988 >> [v2:172.21.15.82:3300/0,v1:172.21.15.82:6789/0] conn(0x7fbfa4071c00 0x7fbfa40ffc90 secure :-1 s=READY pgs=55 cs=0 l=1 rev1=1 rx=0x7fbf94009730 tx=0x7fbf940090f0).ready entity=mon.0 client_cookie=ca791b9280215006 server_cookie=0 in_seq=0 out_seq=0
2024-05-21T06:30:06.991 INFO:teuthology.orchestra.run.smithi082.stderr:/usr/bin/ceph:
2024-05-21T06:30:06.988+0000 7fbfa3400700 1 -- 172.21.15.82:0/2785152988 <== mon.0 v2:172.21.15.82:3300/0 1 ==== mon_map magic: 0 v1 ==== 229+0+0 (secure 0 0 0) 0x7fbf9400b6e0 con 0x7fbfa4071c00
2024-05-21T06:30:06.991 INFO:teuthology.orchestra.run.smithi082.stderr:/usr/bin/ceph:
2024-05-21T06:30:06.988+0000 7fbfa3400700 1 -- 172.21.15.82:0/2785152988 <== mon.0 v2:172.21.15.82:3300/0 2 ==== config(25 keys) v1 ==== 1038+0+0 (secure 0 0 0) 0x7fbf9400bcc0 con 0x7fbfa4071c00
2024-05-21T06:30:06.991 INFO:teuthology.orchestra.run.smithi082.stderr:/usr/bin/ceph:
2024-05-21T06:30:06.988+0000 7fbfa3400700 1 -- 172.21.15.82:0/2785152988 <== mon.0 v2:172.21.15.82:3300/0 3 ==== mon_map magic: 0 v1 ==== 229+0+0 (secure 0 0 0) 0x7fbf94011cb0 con 0x7fbfa4071c00
2024-05-21T06:30:06.991 INFO:teuthology.orchestra.run.smithi082.stderr:/usr/bin/ceph:
2024-05-21T06:30:06.989+0000 7fbfab000700 1 -- 172.21.15.82:0/2785152988 >> [v2:172.21.15.82:3300/0,v1:172.21.15.82:6789/0] conn(0x7fbfa4071c00 msgr2=0x7fbfa40ffc90 secure :-1 s=STATE_CONNECTION_ESTABLISHED l=1).mark_down
2024-05-21T06:30:06.991 INFO:teuthology.orchestra.run.smithi082.stderr:/usr/bin/ceph:
2024-05-21T06:30:06.989+0000 7fbfab000700 1 --2- 172.21.15.82:0/2785152988 >> [v2:172.21.15.82:3300/0,v1:172.21.15.82:6789/0] conn(0x7fbfa4071c00 0x7fbfa40ffc90 secure :-1 s=READY pgs=55 cs=0 l=1 rev1=1 rx=0x7fbf94009730 tx=0x7fbf940090f0).stop
2024-05-21T06:30:06.991 INFO:teuthology.orchestra.run.smithi082.stderr:/usr/bin/ceph:
2024-05-21T06:30:06.989+0000 7fbfab000700 1 -- 172.21.15.82:0/2785152988 shutdown_connections
2024-05-21T06:30:06.991 INFO:teuthology.orchestra.run.smithi082.stderr:/usr/bin/ceph:
2024-05-21T06:30:06.989+0000 7fbfab000700 1 --2- 172.21.15.82:0/2785152988 >> [v2:172.21.15.82:3300/0,v1:172.21.15.82:6789/0] conn(0x7fbfa4071c00 0x7fbfa40ffc90 unknown :-1 s=CLOSED pgs=55 cs=0 l=1 rev1=1 rx=0 tx=0).stop
2024-05-21T06:30:06.991 INFO:teuthology.orchestra.run.smithi082.stderr:/usr/bin/ceph:
2024-05-21T06:30:06.989+0000 7fbfab000700 1 -- 172.21.15.82:0/2785152988 >> 172.21.15.82:0/2785152988 conn(0x7fbfa40f76f0 msgr2=0x7fbfa40f9b10 unknown :-1 s=STATE_NONE l=0).mark_down
2024-05-21T06:30:06.991 INFO:teuthology.orchestra.run.smithi082.stderr:/usr/bin/ceph:
2024-05-21T06:30:06.989+0000 7fbfab000700 1 -- 172.21.15.82:0/2785152988 shutdown_connections
2024-05-21T06:30:06.992 INFO:teuthology.orchestra.run.smithi082.stderr:/usr/bin/ceph:
2024-05-21T06:30:06.989+0000 7fbfab000700 1 -- 172.21.15.82:0/2785152988 wait complete.
2024-05-21T06:30:06.993 INFO:teuthology.orchestra.run.smithi082.stderr:/usr/bin/ceph:
2024-05-21T06:30:06.990+0000 7fbfab000700 1 Processor -- start
2024-05-21T06:30:06.993 INFO:teuthology.orchestra.run.smithi082.stderr:/usr/bin/ceph:
2024-05-21T06:30:06.990+0000 7fbfab000700 1 -- start start
2024-05-21T06:30:06.993 INFO:teuthology.orchestra.run.smithi082.stderr:/usr/bin/ceph:
2024-05-21T06:30:06.991+0000 7fbfab000700 1 --2- >> [v2:172.21.15.82:3300/0,v1:172.21.15.82:6789/0] conn(0x7fbfa4071c00 0x7fbfa410df50 unknown :-1 s=NONE pgs=0 cs=0 l=1 rev1=0 rx=0 tx=0).connect
2024-05-21T06:30:06.993 INFO:teuthology.orchestra.run.smithi082.stderr:/usr/bin/ceph:
2024-05-21T06:30:06.991+0000 7fbfab000700 1 -- --> [v2:172.21.15.82:3300/0,v1:172.21.15.82:6789/0] -- mon_getmap magic: 0 v1 -- 0x7fbfa410e440 con 0x7fbfa4071c00
2024-05-21T06:30:06.994 INFO:teuthology.orchestra.run.smithi082.stderr:/usr/bin/ceph:
2024-05-21T06:30:06.991+0000 7fbfa3e00700 1 --2- >> [v2:172.21.15.82:3300/0,v1:172.21.15.82:6789/0] conn(0x7fbfa4071c00 0x7fbfa410df50 unknown :-1 s=BANNER_CONNECTING pgs=0 cs=0 l=1 rev1=0 rx=0 tx=0)._handle_peer_banner_payload supported=1 required=0
2024-05-21T06:30:06.994 INFO:teuthology.orchestra.run.smithi082.stderr:/usr/bin/ceph:
2024-05-21T06:30:06.991+0000 7fbfa3e00700 1 --2- >> [v2:172.21.15.82:3300/0,v1:172.21.15.82:6789/0] conn(0x7fbfa4071c00 0x7fbfa410df50 unknown :-1 s=HELLO_CONNECTING pgs=0 cs=0 l=1 rev1=1 rx=0 tx=0).handle_hello peer v2:172.21.15.82:3300/0 says I am v2:172.21.15.82:34406/0 (socket says 172.21.15.82:34406)
2024-05-21T06:30:06.994 INFO:teuthology.orchestra.run.smithi082.stderr:/usr/bin/ceph:
2024-05-21T06:30:06.991+0000 7fbfa3e00700 1 -- 172.21.15.82:0/3421765114 learned_addr learned my addr 172.21.15.82:0/3421765114 (peer_addr_for_me v2:172.21.15.82:0/0)
2024-05-21T06:30:06.994 INFO:teuthology.orchestra.run.smithi082.stderr:/usr/bin/ceph:
2024-05-21T06:30:06.991+0000 7fbfa3e00700 1 -- 172.21.15.82:0/3421765114 --> [v2:172.21.15.82:3300/0,v1:172.21.15.82:6789/0] -- mon_subscribe({config=0+,monmap=0+}) v3 -- 0x7fbf94009370 con 0x7fbfa4071c00
2024-05-21T06:30:06.994 INFO:teuthology.orchestra.run.smithi082.stderr:/usr/bin/ceph:
2024-05-21T06:30:06.991+0000 7fbfa3e00700 1 --2- 172.21.15.82:0/3421765114 >> [v2:172.21.15.82:3300/0,v1:172.21.15.82:6789/0] conn(0x7fbfa4071c00 0x7fbfa410df50 secure :-1 s=READY pgs=56 cs=0 l=1 rev1=1 rx=0x7fbf940118b0 tx=0x7fbf940090f0).ready entity=mon.0 client_cookie=0 server_cookie=0 in_seq=0 out_seq=0
2024-05-21T06:30:06.994 INFO:teuthology.orchestra.run.smithi082.stderr:/usr/bin/ceph:
2024-05-21T06:30:06.992+0000 7fbfa1600700 1 -- 172.21.15.82:0/3421765114 <== mon.0 v2:172.21.15.82:3300/0 1 ==== mon_map magic: 0 v1 ==== 229+0+0 (secure 0 0 0) 0x7fbf94011ad0 con 0x7fbfa4071c00
2024-05-21T06:30:06.994 INFO:teuthology.orchestra.run.smithi082.stderr:/usr/bin/ceph:
2024-05-21T06:30:06.992+0000 7fbfa1600700 1 -- 172.21.15.82:0/3421765114 <== mon.0 v2:172.21.15.82:3300/0 2 ==== config(25 keys) v1 ==== 1038+0+0 (secure 0 0 0) 0x7fbf9401aac0 con 0x7fbfa4071c00
2024-05-21T06:30:06.994 INFO:teuthology.orchestra.run.smithi082.stderr:/usr/bin/ceph:
2024-05-21T06:30:06.992+0000 7fbfa1600700 1 -- 172.21.15.82:0/3421765114 <== mon.0 v2:172.21.15.82:3300/0 3 ==== mon_map magic: 0 v1 ==== 229+0+0 (secure 0 0 0) 0x7fbf94023ae0 con 0x7fbfa4071c00
2024-05-21T06:30:06.994 INFO:teuthology.orchestra.run.smithi082.stderr:/usr/bin/ceph:
2024-05-21T06:30:06.992+0000 7fbfab000700 1 -- 172.21.15.82:0/3421765114 --> [v2:172.21.15.82:3300/0,v1:172.21.15.82:6789/0] -- mon_subscribe({mgrmap=0+}) v3 -- 0x7fbfa410e640 con 0x7fbfa4071c00
2024-05-21T06:30:06.994 INFO:teuthology.orchestra.run.smithi082.stderr:/usr/bin/ceph:
2024-05-21T06:30:06.992+0000 7fbfab000700 1 -- 172.21.15.82:0/3421765114 --> [v2:172.21.15.82:3300/0,v1:172.21.15.82:6789/0] -- mon_subscribe({osdmap=0}) v3 -- 0x7fbfa410ea50 con 0x7fbfa4071c00
2024-05-21T06:30:06.995 INFO:teuthology.orchestra.run.smithi082.stderr:/usr/bin/ceph:
2024-05-21T06:30:06.993+0000 7fbfa1600700 1 -- 172.21.15.82:0/3421765114 <== mon.0 v2:172.21.15.82:3300/0 4 ==== mgrmap(e 8) v1 ==== 38632+0+0 (secure 0 0 0) 0x7fbf9401ac30 con 0x7fbfa4071c00
2024-05-21T06:30:06.995 INFO:teuthology.orchestra.run.smithi082.stderr:/usr/bin/ceph:
2024-05-21T06:30:06.993+0000 7fbfab000700 1 -- 172.21.15.82:0/3421765114 --> [v2:172.21.15.82:3300/0,v1:172.21.15.82:6789/0] -- mon_command({"prefix": "get_command_descriptions"} v 0) v1 -- 0x7fbfa4046ce0 con 0x7fbfa4071c00
2024-05-21T06:30:06.996 INFO:teuthology.orchestra.run.smithi082.stderr:/usr/bin/ceph:
2024-05-21T06:30:06.993+0000 7fbfa1600700 1 --2- 172.21.15.82:0/3421765114 >> [v2:172.21.15.82:6800/3843280992,v1:172.21.15.82:6801/3843280992] conn(0x7fbf88032720 0x7fbf88034be0 unknown :-1 s=NONE pgs=0 cs=0 l=1 rev1=0 rx=0 tx=0).connect
2024-05-21T06:30:06.996 INFO:teuthology.orchestra.run.smithi082.stderr:/usr/bin/ceph:
2024-05-21T06:30:06.993+0000 7fbfa1600700 1 -- 172.21.15.82:0/3421765114 <== mon.0 v2:172.21.15.82:3300/0 5 ==== osd_map(2..2 src has 1..2) v4 ==== 893+0+0 (secure 0 0 0) 0x7fbf94044950 con 0x7fbfa4071c00
2024-05-21T06:30:06.996 INFO:teuthology.orchestra.run.smithi082.stderr:/usr/bin/ceph:
2024-05-21T06:30:06.994+0000 7fbf9be00700 1 --2- 172.21.15.82:0/3421765114 >> [v2:172.21.15.82:6800/3843280992,v1:172.21.15.82:6801/3843280992] conn(0x7fbf88032720 0x7fbf88034be0 unknown :-1 s=BANNER_CONNECTING pgs=0 cs=0 l=1 rev1=0 rx=0 tx=0)._handle_peer_banner_payload supported=1 required=0
2024-05-21T06:30:06.996 INFO:teuthology.orchestra.run.smithi082.stderr:/usr/bin/ceph:
2024-05-21T06:30:06.994+0000 7fbf9be00700 1 --2- 172.21.15.82:0/3421765114 >> [v2:172.21.15.82:6800/3843280992,v1:172.21.15.82:6801/3843280992] conn(0x7fbf88032720 0x7fbf88034be0 secure :-1 s=READY pgs=17 cs=0 l=1 rev1=1 rx=0x7fbf8c009780 tx=0x7fbf8c006cc0).ready entity=mgr.14118 client_cookie=0 server_cookie=0 in_seq=0 out_seq=0
2024-05-21T06:30:06.999 INFO:teuthology.orchestra.run.smithi082.stderr:/usr/bin/ceph:
2024-05-21T06:30:06.998+0000 7fbfa1600700 1 -- 172.21.15.82:0/3421765114 <== mon.0 v2:172.21.15.82:3300/0 6 ==== mon_command_ack([{"prefix": "get_command_descriptions"}]=0 v0) v1 ==== 72+0+163658 (secure 0 0 0) 0x7fbf940199e0 con 0x7fbfa4071c00
2024-05-21T06:30:07.179 INFO:teuthology.orchestra.run.smithi082.stderr:/usr/bin/ceph:
2024-05-21T06:30:07.177+0000 7fbfab000700 1 -- 172.21.15.82:0/3421765114 --> [v2:172.21.15.82:6800/3843280992,v1:172.21.15.82:6801/3843280992] -- mgr_command(tid 0: {"prefix": "orch apply", "service_type": "alertmanager", "target": ["mon-mgr", ""]}) v1 -- 0x7fbfa410f390 con 0x7fbf88032720
2024-05-21T06:30:07.183 INFO:teuthology.orchestra.run.smithi082.stderr:/usr/bin/ceph:
2024-05-21T06:30:07.182+0000 7fbfa1600700 1 -- 172.21.15.82:0/3421765114 <== mgr.14118 v2:172.21.15.82:6800/3843280992 1 ==== mgr_command_reply(tid 0: 0 ) v1 ==== 8+0+33 (secure 0 0 0) 0x7fbfa410f390 con 0x7fbf88032720
2024-05-21T06:30:07.183 INFO:teuthology.orchestra.run.smithi082.stderr:/usr/bin/ceph: Scheduled alertmanager update...
2024-05-21T06:30:07.186 INFO:teuthology.orchestra.run.smithi082.stderr:/usr/bin/ceph:
2024-05-21T06:30:07.184+0000 7fbfab000700 1 -- 172.21.15.82:0/3421765114 >> [v2:172.21.15.82:6800/3843280992,v1:172.21.15.82:6801/3843280992] conn(0x7fbf88032720 msgr2=0x7fbf88034be0 secure :-1 s=STATE_CONNECTION_ESTABLISHED l=1).mark_down
2024-05-21T06:30:07.186 INFO:teuthology.orchestra.run.smithi082.stderr:/usr/bin/ceph:
2024-05-21T06:30:07.184+0000 7fbfab000700 1 --2- 172.21.15.82:0/3421765114 >> [v2:172.21.15.82:6800/3843280992,v1:172.21.15.82:6801/3843280992] conn(0x7fbf88032720 0x7fbf88034be0 secure :-1 s=READY pgs=17 cs=0 l=1 rev1=1 rx=0x7fbf8c009780 tx=0x7fbf8c006cc0).stop
2024-05-21T06:30:07.186 INFO:teuthology.orchestra.run.smithi082.stderr:/usr/bin/ceph:
2024-05-21T06:30:07.184+0000 7fbfab000700 1 -- 172.21.15.82:0/3421765114 >> [v2:172.21.15.82:3300/0,v1:172.21.15.82:6789/0] conn(0x7fbfa4071c00 msgr2=0x7fbfa410df50 secure :-1 s=STATE_CONNECTION_ESTABLISHED l=1).mark_down
2024-05-21T06:30:07.186 INFO:teuthology.orchestra.run.smithi082.stderr:/usr/bin/ceph:
2024-05-21T06:30:07.184+0000 7fbfab000700 1 --2- 172.21.15.82:0/3421765114 >> [v2:172.21.15.82:3300/0,v1:172.21.15.82:6789/0] conn(0x7fbfa4071c00 0x7fbfa410df50 secure :-1 s=READY pgs=56 cs=0 l=1 rev1=1 rx=0x7fbf940118b0 tx=0x7fbf940090f0).stop
2024-05-21T06:30:07.186 INFO:teuthology.orchestra.run.smithi082.stderr:/usr/bin/ceph:
2024-05-21T06:30:07.184+0000 7fbfab000700 1 -- 172.21.15.82:0/3421765114 shutdown_connections
2024-05-21T06:30:07.187 INFO:teuthology.orchestra.run.smithi082.stderr:/usr/bin/ceph:
2024-05-21T06:30:07.184+0000 7fbfab000700 1 --2- 172.21.15.82:0/3421765114 >> [v2:172.21.15.82:6800/3843280992,v1:172.21.15.82:6801/3843280992] conn(0x7fbf88032720 0x7fbf88034be0 unknown :-1 s=CLOSED pgs=17 cs=0 l=1 rev1=1 rx=0 tx=0).stop
2024-05-21T06:30:07.187 INFO:teuthology.orchestra.run.smithi082.stderr:/usr/bin/ceph:
2024-05-21T06:30:07.184+0000 7fbfab000700 1 --2- 172.21.15.82:0/3421765114 >> [v2:172.21.15.82:3300/0,v1:172.21.15.82:6789/0] conn(0x7fbfa4071c00 0x7fbfa410df50 unknown :-1 s=CLOSED pgs=56 cs=0 l=1 rev1=1 rx=0 tx=0).stop
2024-05-21T06:30:07.187 INFO:teuthology.orchestra.run.smithi082.stderr:/usr/bin/ceph:
2024-05-21T06:30:07.184+0000 7fbfab000700 1 -- 172.21.15.82:0/3421765114 >> 172.21.15.82:0/3421765114 conn(0x7fbfa40f76f0 msgr2=0x7fbfa40f9030 unknown :-1 s=STATE_NONE l=0).mark_down
2024-05-21T06:30:07.187 INFO:teuthology.orchestra.run.smithi082.stderr:/usr/bin/ceph:
2024-05-21T06:30:07.184+0000 7fbfab000700 1 -- 172.21.15.82:0/3421765114 shutdown_connections
2024-05-21T06:30:07.187 INFO:teuthology.orchestra.run.smithi082.stderr:/usr/bin/ceph:
2024-05-21T06:30:07.184+0000 7fbfab000700 1 -- 172.21.15.82:0/3421765114 wait complete.
2024-05-21T06:30:07.603 INFO:journalctl@ceph.mon.smithi082.smithi082.stdout:May 21 06:30:07 smithi082 ceph-54301ac8-173b-11ef-bc9a-c7b262605968-mon-smithi082[35923]: audit
2024-05-21T06:30:05.630556+0000 mgr.smithi082.auyyiw (mgr.14118) 22 : audit [DBG] from='client.14148 -' entity='client.admin' cmd=[{"prefix": "orch apply", "service_type": "node-exporter", "target": ["mon-mgr", ""]}]: dispatch
2024-05-21T06:30:07.603 INFO:journalctl@ceph.mon.smithi082.smithi082.stdout:May 21 06:30:07 smithi082 ceph-54301ac8-173b-11ef-bc9a-c7b262605968-mon-smithi082[35923]: cephadm
2024-05-21T06:30:05.631478+0000 mgr.smithi082.auyyiw (mgr.14118) 23 : cephadm [INF] Saving service node-exporter spec with placement *
2024-05-21T06:30:07.603 INFO:journalctl@ceph.mon.smithi082.smithi082.stdout:May 21 06:30:07 smithi082 ceph-54301ac8-173b-11ef-bc9a-c7b262605968-mon-smithi082[35923]: audit
2024-05-21T06:30:07.183278+0000 mon.smithi082 (mon.0) 65 : audit [INF] from='mgr.14118 172.21.15.82:0/1843169084' entity='mgr.smithi082.auyyiw'
2024-05-21T06:30:08.325 INFO:journalctl@ceph.mon.smithi082.smithi082.stdout:May 21 06:30:08 smithi082 ceph-54301ac8-173b-11ef-bc9a-c7b262605968-mon-smithi082[35923]: cluster
2024-05-21T06:30:07.157946+0000 mgr.smithi082.auyyiw (mgr.14118) 24 : cluster [DBG] pgmap v4: 0 pgs: ; 0 B data, 0 B used, 0 B / 0 B avail
2024-05-21T06:30:08.325 INFO:journalctl@ceph.mon.smithi082.smithi082.stdout:May 21 06:30:08 smithi082 ceph-54301ac8-173b-11ef-bc9a-c7b262605968-mon-smithi082[35923]: audit
2024-05-21T06:30:07.179928+0000 mgr.smithi082.auyyiw (mgr.14118) 25 : audit [DBG] from='client.14150 -' entity='client.admin' cmd=[{"prefix": "orch apply", "service_type": "alertmanager", "target": ["mon-mgr", ""]}]: dispatch
2024-05-21T06:30:08.325 INFO:journalctl@ceph.mon.smithi082.smithi082.stdout:May 21 06:30:08 smithi082 ceph-54301ac8-173b-11ef-bc9a-c7b262605968-mon-smithi082[35923]: cephadm
2024-05-21T06:30:07.180773+0000 mgr.smithi082.auyyiw (mgr.14118) 26 : cephadm [INF] Saving service alertmanager spec with placement count:1
2024-05-21T06:30:08.638 INFO:teuthology.orchestra.run.smithi082.stderr:/usr/bin/ceph:
2024-05-21T06:30:08.636+0000 7f2050400700 1 Processor -- start
2024-05-21T06:30:08.638 INFO:teuthology.orchestra.run.smithi082.stderr:/usr/bin/ceph:
2024-05-21T06:30:08.636+0000 7f2050400700 1 -- start start
2024-05-21T06:30:08.639 INFO:teuthology.orchestra.run.smithi082.stderr:/usr/bin/ceph:
2024-05-21T06:30:08.637+0000 7f2050400700 1 --2- >> [v2:172.21.15.82:3300/0,v1:172.21.15.82:6789/0] conn(0x7f2048071c60 0x7f20480ffc30 unknown :-1 s=NONE pgs=0 cs=0 l=0 rev1=0 rx=0 tx=0).connect
2024-05-21T06:30:08.639 INFO:teuthology.orchestra.run.smithi082.stderr:/usr/bin/ceph:
2024-05-21T06:30:08.637+0000 7f2050400700 1 -- --> [v2:172.21.15.82:3300/0,v1:172.21.15.82:6789/0] -- mon_getmap magic: 0 v1 -- 0x7f2048100120 con 0x7f2048071c60
2024-05-21T06:30:08.639 INFO:teuthology.orchestra.run.smithi082.stderr:/usr/bin/ceph:
2024-05-21T06:30:08.637+0000 7f204da00700 1 --2- >> [v2:172.21.15.82:3300/0,v1:172.21.15.82:6789/0] conn(0x7f2048071c60 0x7f20480ffc30 unknown :-1 s=BANNER_CONNECTING pgs=0 cs=0 l=0 rev1=0 rx=0 tx=0)._handle_peer_banner_payload supported=1 required=0
2024-05-21T06:30:08.639 INFO:teuthology.orchestra.run.smithi082.stderr:/usr/bin/ceph:
2024-05-21T06:30:08.637+0000 7f204da00700 1 --2- >> [v2:172.21.15.82:3300/0,v1:172.21.15.82:6789/0] conn(0x7f2048071c60 0x7f20480ffc30 unknown :-1 s=HELLO_CONNECTING pgs=0 cs=0 l=0 rev1=1 rx=0 tx=0).handle_hello peer v2:172.21.15.82:3300/0 says I am v2:172.21.15.82:34408/0 (socket says 172.21.15.82:34408)
2024-05-21T06:30:08.639 INFO:teuthology.orchestra.run.smithi082.stderr:/usr/bin/ceph:
2024-05-21T06:30:08.637+0000 7f204da00700 1 -- 172.21.15.82:0/1585187477 learned_addr learned my addr 172.21.15.82:0/1585187477 (peer_addr_for_me v2:172.21.15.82:0/0)
2024-05-21T06:30:08.640 INFO:teuthology.orchestra.run.smithi082.stderr:/usr/bin/ceph:
2024-05-21T06:30:08.638+0000 7f204da00700 1 -- 172.21.15.82:0/1585187477 --> [v2:172.21.15.82:3300/0,v1:172.21.15.82:6789/0] -- mon_subscribe({config=0+,monmap=0+}) v3 -- 0x7f2048100260 con 0x7f2048071c60
2024-05-21T06:30:08.640 INFO:teuthology.orchestra.run.smithi082.stderr:/usr/bin/ceph:
2024-05-21T06:30:08.638+0000 7f204da00700 1 --2- 172.21.15.82:0/1585187477 >> [v2:172.21.15.82:3300/0,v1:172.21.15.82:6789/0] conn(0x7f2048071c60 0x7f20480ffc30 secure :-1 s=READY pgs=57 cs=0 l=1 rev1=1 rx=0x7f203c009730 tx=0x7f203c0090f0).ready entity=mon.0 client_cookie=a7ff4f99358b06bd server_cookie=0 in_seq=0 out_seq=0
2024-05-21T06:30:08.640 INFO:teuthology.orchestra.run.smithi082.stderr:/usr/bin/ceph:
2024-05-21T06:30:08.638+0000 7f2047e00700 1 -- 172.21.15.82:0/1585187477 <== mon.0 v2:172.21.15.82:3300/0 1 ==== mon_map magic: 0 v1 ==== 229+0+0 (secure 0 0 0) 0x7f203c00b6e0 con 0x7f2048071c60
2024-05-21T06:30:08.641 INFO:teuthology.orchestra.run.smithi082.stderr:/usr/bin/ceph:
2024-05-21T06:30:08.638+0000 7f2047e00700 1 -- 172.21.15.82:0/1585187477 <== mon.0 v2:172.21.15.82:3300/0 2 ==== config(25 keys) v1 ==== 1038+0+0 (secure 0 0 0) 0x7f203c00bcc0 con 0x7f2048071c60
2024-05-21T06:30:08.641 INFO:teuthology.orchestra.run.smithi082.stderr:/usr/bin/ceph:
2024-05-21T06:30:08.638+0000 7f2047e00700 1 -- 172.21.15.82:0/1585187477 <== mon.0 v2:172.21.15.82:3300/0 3 ==== mon_map magic: 0 v1 ==== 229+0+0 (secure 0 0 0) 0x7f203c011cb0 con 0x7f2048071c60
2024-05-21T06:30:08.641 INFO:teuthology.orchestra.run.smithi082.stderr:/usr/bin/ceph:
2024-05-21T06:30:08.639+0000 7f2050400700 1 -- 172.21.15.82:0/1585187477 >> [v2:172.21.15.82:3300/0,v1:172.21.15.82:6789/0] conn(0x7f2048071c60 msgr2=0x7f20480ffc30 secure :-1 s=STATE_CONNECTION_ESTABLISHED l=1).mark_down
2024-05-21T06:30:08.641 INFO:teuthology.orchestra.run.smithi082.stderr:/usr/bin/ceph:
2024-05-21T06:30:08.639+0000 7f2050400700 1 --2- 172.21.15.82:0/1585187477 >> [v2:172.21.15.82:3300/0,v1:172.21.15.82:6789/0] conn(0x7f2048071c60 0x7f20480ffc30 secure :-1 s=READY pgs=57 cs=0 l=1 rev1=1 rx=0x7f203c009730 tx=0x7f203c0090f0).stop
2024-05-21T06:30:08.641 INFO:teuthology.orchestra.run.smithi082.stderr:/usr/bin/ceph:
2024-05-21T06:30:08.639+0000 7f2050400700 1 -- 172.21.15.82:0/1585187477 shutdown_connections
2024-05-21T06:30:08.641 INFO:teuthology.orchestra.run.smithi082.stderr:/usr/bin/ceph:
2024-05-21T06:30:08.639+0000 7f2050400700 1 --2- 172.21.15.82:0/1585187477 >> [v2:172.21.15.82:3300/0,v1:172.21.15.82:6789/0] conn(0x7f2048071c60 0x7f20480ffc30 unknown :-1 s=CLOSED pgs=57 cs=0 l=1 rev1=1 rx=0 tx=0).stop
2024-05-21T06:30:08.641 INFO:teuthology.orchestra.run.smithi082.stderr:/usr/bin/ceph:
2024-05-21T06:30:08.639+0000 7f2050400700 1 -- 172.21.15.82:0/1585187477 >> 172.21.15.82:0/1585187477 conn(0x7f20480f76f0 msgr2=0x7f20480f9b10 unknown :-1 s=STATE_NONE l=0).mark_down
2024-05-21T06:30:08.641 INFO:teuthology.orchestra.run.smithi082.stderr:/usr/bin/ceph:
2024-05-21T06:30:08.639+0000 7f2050400700 1 -- 172.21.15.82:0/1585187477 shutdown_connections
2024-05-21T06:30:08.641 INFO:teuthology.orchestra.run.smithi082.stderr:/usr/bin/ceph:
2024-05-21T06:30:08.639+0000 7f2050400700 1 -- 172.21.15.82:0/1585187477 wait complete.
2024-05-21T06:30:08.642 INFO:teuthology.orchestra.run.smithi082.stderr:/usr/bin/ceph:
2024-05-21T06:30:08.640+0000 7f2050400700 1 Processor -- start
2024-05-21T06:30:08.642 INFO:teuthology.orchestra.run.smithi082.stderr:/usr/bin/ceph:
2024-05-21T06:30:08.640+0000 7f2050400700 1 -- start start
2024-05-21T06:30:08.642 INFO:teuthology.orchestra.run.smithi082.stderr:/usr/bin/ceph:
2024-05-21T06:30:08.641+0000 7f2050400700 1 --2- >> [v2:172.21.15.82:3300/0,v1:172.21.15.82:6789/0] conn(0x7f2048071c60 0x7f204810bd50 unknown :-1 s=NONE pgs=0 cs=0 l=1 rev1=0 rx=0 tx=0).connect
2024-05-21T06:30:08.643 INFO:teuthology.orchestra.run.smithi082.stderr:/usr/bin/ceph:
2024-05-21T06:30:08.641+0000 7f2050400700 1 -- --> [v2:172.21.15.82:3300/0,v1:172.21.15.82:6789/0] -- mon_getmap magic: 0 v1 -- 0x7f204810c240 con 0x7f2048071c60
2024-05-21T06:30:08.643 INFO:teuthology.orchestra.run.smithi082.stderr:/usr/bin/ceph:
2024-05-21T06:30:08.641+0000 7f204da00700 1 --2- >> [v2:172.21.15.82:3300/0,v1:172.21.15.82:6789/0] conn(0x7f2048071c60 0x7f204810bd50 unknown :-1 s=BANNER_CONNECTING pgs=0 cs=0 l=1 rev1=0 rx=0 tx=0)._handle_peer_banner_payload supported=1 required=0
2024-05-21T06:30:08.643 INFO:teuthology.orchestra.run.smithi082.stderr:/usr/bin/ceph:
2024-05-21T06:30:08.641+0000 7f204da00700 1 --2- >> [v2:172.21.15.82:3300/0,v1:172.21.15.82:6789/0] conn(0x7f2048071c60 0x7f204810bd50 unknown :-1 s=HELLO_CONNECTING pgs=0 cs=0 l=1 rev1=1 rx=0 tx=0).handle_hello peer v2:172.21.15.82:3300/0 says I am v2:172.21.15.82:34424/0 (socket says 172.21.15.82:34424)
2024-05-21T06:30:08.643 INFO:teuthology.orchestra.run.smithi082.stderr:/usr/bin/ceph:
2024-05-21T06:30:08.641+0000 7f204da00700 1 -- 172.21.15.82:0/2235996333 learned_addr learned my addr 172.21.15.82:0/2235996333 (peer_addr_for_me v2:172.21.15.82:0/0)
2024-05-21T06:30:08.643 INFO:teuthology.orchestra.run.smithi082.stderr:/usr/bin/ceph:
2024-05-21T06:30:08.642+0000 7f204da00700 1 -- 172.21.15.82:0/2235996333 --> [v2:172.21.15.82:3300/0,v1:172.21.15.82:6789/0] -- mon_subscribe({config=0+,monmap=0+}) v3 -- 0x7f203c009370 con 0x7f2048071c60
2024-05-21T06:30:08.643 INFO:teuthology.orchestra.run.smithi082.stderr:/usr/bin/ceph:
2024-05-21T06:30:08.642+0000 7f204da00700 1 --2- 172.21.15.82:0/2235996333 >> [v2:172.21.15.82:3300/0,v1:172.21.15.82:6789/0] conn(0x7f2048071c60 0x7f204810bd50 secure :-1 s=READY pgs=58 cs=0 l=1 rev1=1 rx=0x7f203c0118b0 tx=0x7f203c0090f0).ready entity=mon.0 client_cookie=0 server_cookie=0 in_seq=0 out_seq=0
2024-05-21T06:30:08.643 INFO:teuthology.orchestra.run.smithi082.stderr:/usr/bin/ceph:
2024-05-21T06:30:08.642+0000 7f2046000700 1 -- 172.21.15.82:0/2235996333 <== mon.0 v2:172.21.15.82:3300/0 1 ==== mon_map magic: 0 v1 ==== 229+0+0 (secure 0 0 0) 0x7f203c011ad0 con 0x7f2048071c60
2024-05-21T06:30:08.644 INFO:teuthology.orchestra.run.smithi082.stderr:/usr/bin/ceph:
2024-05-21T06:30:08.642+0000 7f2046000700 1 -- 172.21.15.82:0/2235996333 <== mon.0 v2:172.21.15.82:3300/0 2 ==== config(25 keys) v1 ==== 1038+0+0 (secure 0 0 0) 0x7f203c011c30 con 0x7f2048071c60
2024-05-21T06:30:08.644 INFO:teuthology.orchestra.run.smithi082.stderr:/usr/bin/ceph:
2024-05-21T06:30:08.642+0000 7f2046000700 1 -- 172.21.15.82:0/2235996333 <== mon.0 v2:172.21.15.82:3300/0 3 ==== mon_map magic: 0 v1 ==== 229+0+0 (secure 0 0 0) 0x7f203c01aaf0 con 0x7f2048071c60
2024-05-21T06:30:08.644 INFO:teuthology.orchestra.run.smithi082.stderr:/usr/bin/ceph:
2024-05-21T06:30:08.642+0000 7f2050400700 1 -- 172.21.15.82:0/2235996333 --> [v2:172.21.15.82:3300/0,v1:172.21.15.82:6789/0] -- mon_subscribe({mgrmap=0+}) v3 -- 0x7f204810c440 con 0x7f2048071c60
2024-05-21T06:30:08.644 INFO:teuthology.orchestra.run.smithi082.stderr:/usr/bin/ceph:
2024-05-21T06:30:08.642+0000 7f2050400700 1 -- 172.21.15.82:0/2235996333 --> [v2:172.21.15.82:3300/0,v1:172.21.15.82:6789/0] -- mon_subscribe({osdmap=0}) v3 -- 0x7f204810c850 con 0x7f2048071c60
2024-05-21T06:30:08.644 INFO:teuthology.orchestra.run.smithi082.stderr:/usr/bin/ceph:
2024-05-21T06:30:08.643+0000 7f2046000700 1 -- 172.21.15.82:0/2235996333 <== mon.0 v2:172.21.15.82:3300/0 4 ==== mgrmap(e 8) v1 ==== 38632+0+0 (secure 0 0 0) 0x7f203c010ac0 con 0x7f2048071c60
2024-05-21T06:30:08.644 INFO:teuthology.orchestra.run.smithi082.stderr:/usr/bin/ceph:
2024-05-21T06:30:08.643+0000 7f2050400700 1 -- 172.21.15.82:0/2235996333 --> [v2:172.21.15.82:3300/0,v1:172.21.15.82:6789/0] -- mon_command({"prefix": "get_command_descriptions"} v 0) v1 -- 0x7f2048046ce0 con 0x7f2048071c60
2024-05-21T06:30:08.645 INFO:teuthology.orchestra.run.smithi082.stderr:/usr/bin/ceph:
2024-05-21T06:30:08.644+0000 7f2046000700 1 --2- 172.21.15.82:0/2235996333 >> [v2:172.21.15.82:6800/3843280992,v1:172.21.15.82:6801/3843280992] conn(0x7f20300326d0 0x7f2030034b90 unknown :-1 s=NONE pgs=0 cs=0 l=1 rev1=0 rx=0 tx=0).connect
2024-05-21T06:30:08.645 INFO:teuthology.orchestra.run.smithi082.stderr:/usr/bin/ceph:
2024-05-21T06:30:08.644+0000 7f2046000700 1 -- 172.21.15.82:0/2235996333 <== mon.0 v2:172.21.15.82:3300/0 5 ==== osd_map(2..2 src has 1..2) v4 ==== 893+0+0 (secure 0 0 0) 0x7f203c044c30 con 0x7f2048071c60
2024-05-21T06:30:08.645 INFO:teuthology.orchestra.run.smithi082.stderr:/usr/bin/ceph:
2024-05-21T06:30:08.644+0000 7f204d000700 1 --2- 172.21.15.82:0/2235996333 >> [v2:172.21.15.82:6800/3843280992,v1:172.21.15.82:6801/3843280992] conn(0x7f20300326d0 0x7f2030034b90 unknown :-1 s=BANNER_CONNECTING pgs=0 cs=0 l=1 rev1=0 rx=0 tx=0)._handle_peer_banner_payload supported=1 required=0
2024-05-21T06:30:08.645 INFO:teuthology.orchestra.run.smithi082.stderr:/usr/bin/ceph:
2024-05-21T06:30:08.644+0000 7f204d000700 1 --2- 172.21.15.82:0/2235996333 >> [v2:172.21.15.82:6800/3843280992,v1:172.21.15.82:6801/3843280992] conn(0x7f20300326d0 0x7f2030034b90 secure :-1 s=READY pgs=18 cs=0 l=1 rev1=1 rx=0x7f2034009780 tx=0x7f2034006cc0).ready entity=mgr.14118 client_cookie=0 server_cookie=0 in_seq=0 out_seq=0
2024-05-21T06:30:08.649 INFO:teuthology.orchestra.run.smithi082.stderr:/usr/bin/ceph:
2024-05-21T06:30:08.648+0000 7f2046000700 1 -- 172.21.15.82:0/2235996333 <== mon.0 v2:172.21.15.82:3300/0 6 ==== mon_command_ack([{"prefix": "get_command_descriptions"}]=0 v0) v1 ==== 72+0+163658 (secure 0 0 0) 0x7f203c010d70 con 0x7f2048071c60
2024-05-21T06:30:08.817 INFO:teuthology.orchestra.run.smithi082.stderr:/usr/bin/ceph:
2024-05-21T06:30:08.816+0000 7f2050400700 1 -- 172.21.15.82:0/2235996333 --> [v2:172.21.15.82:3300/0,v1:172.21.15.82:6789/0] -- mon_command([{prefix=config set, name=mgr/cephadm/container_init}] v 0) v1 -- 0x7f2048100f20 con 0x7f2048071c60
2024-05-21T06:30:08.820 INFO:teuthology.orchestra.run.smithi082.stderr:/usr/bin/ceph:
2024-05-21T06:30:08.819+0000 7f2046000700 1 -- 172.21.15.82:0/2235996333 <== mon.0 v2:172.21.15.82:3300/0 7 ==== mon_command_ack([{prefix=config set, name=mgr/cephadm/container_init}]=0 v7)=0 v7) v1 ==== 142+0+0 (secure 0 0 0) 0x7f203c01e070 con 0x7f2048071c60
2024-05-21T06:30:08.823 INFO:teuthology.orchestra.run.smithi082.stderr:/usr/bin/ceph:
2024-05-21T06:30:08.822+0000 7f2050400700 1 -- 172.21.15.82:0/2235996333 >> [v2:172.21.15.82:6800/3843280992,v1:172.21.15.82:6801/3843280992] conn(0x7f20300326d0 msgr2=0x7f2030034b90 secure :-1 s=STATE_CONNECTION_ESTABLISHED l=1).mark_down
2024-05-21T06:30:08.823 INFO:teuthology.orchestra.run.smithi082.stderr:/usr/bin/ceph:
2024-05-21T06:30:08.822+0000 7f2050400700 1 --2- 172.21.15.82:0/2235996333 >> [v2:172.21.15.82:6800/3843280992,v1:172.21.15.82:6801/3843280992] conn(0x7f20300326d0 0x7f2030034b90 secure :-1 s=READY pgs=18 cs=0 l=1 rev1=1 rx=0x7f2034009780 tx=0x7f2034006cc0).stop
2024-05-21T06:30:08.824 INFO:teuthology.orchestra.run.smithi082.stderr:/usr/bin/ceph:
2024-05-21T06:30:08.822+0000 7f2050400700 1 -- 172.21.15.82:0/2235996333 >> [v2:172.21.15.82:3300/0,v1:172.21.15.82:6789/0] conn(0x7f2048071c60 msgr2=0x7f204810bd50 secure :-1 s=STATE_CONNECTION_ESTABLISHED l=1).mark_down
2024-05-21T06:30:08.824 INFO:teuthology.orchestra.run.smithi082.stderr:/usr/bin/ceph:
2024-05-21T06:30:08.822+0000 7f2050400700 1 --2- 172.21.15.82:0/2235996333 >> [v2:172.21.15.82:3300/0,v1:172.21.15.82:6789/0] conn(0x7f2048071c60 0x7f204810bd50 secure :-1 s=READY pgs=58 cs=0 l=1 rev1=1 rx=0x7f203c0118b0 tx=0x7f203c0090f0).stop
2024-05-21T06:30:08.824 INFO:teuthology.orchestra.run.smithi082.stderr:/usr/bin/ceph:
2024-05-21T06:30:08.822+0000 7f2050400700 1 -- 172.21.15.82:0/2235996333 shutdown_connections
2024-05-21T06:30:08.825 INFO:teuthology.orchestra.run.smithi082.stderr:/usr/bin/ceph:
2024-05-21T06:30:08.822+0000 7f2050400700 1 --2- 172.21.15.82:0/2235996333 >> [v2:172.21.15.82:6800/3843280992,v1:172.21.15.82:6801/3843280992] conn(0x7f20300326d0 0x7f2030034b90 unknown :-1 s=CLOSED pgs=18 cs=0 l=1 rev1=1 rx=0 tx=0).stop
2024-05-21T06:30:08.825 INFO:teuthology.orchestra.run.smithi082.stderr:/usr/bin/ceph:
2024-05-21T06:30:08.822+0000 7f2050400700 1 --2- 172.21.15.82:0/2235996333 >> [v2:172.21.15.82:3300/0,v1:172.21.15.82:6789/0] conn(0x7f2048071c60 0x7f204810bd50 unknown :-1 s=CLOSED pgs=58 cs=0 l=1 rev1=1 rx=0 tx=0).stop
2024-05-21T06:30:08.825 INFO:teuthology.orchestra.run.smithi082.stderr:/usr/bin/ceph:
2024-05-21T06:30:08.822+0000 7f2050400700 1 -- 172.21.15.82:0/2235996333 >> 172.21.15.82:0/2235996333 conn(0x7f20480f76f0 msgr2=0x7f20480f8ff0 unknown :-1 s=STATE_NONE l=0).mark_down
2024-05-21T06:30:08.825 INFO:teuthology.orchestra.run.smithi082.stderr:/usr/bin/ceph:
2024-05-21T06:30:08.822+0000 7f2050400700 1 -- 172.21.15.82:0/2235996333 shutdown_connections
2024-05-21T06:30:08.825 INFO:teuthology.orchestra.run.smithi082.stderr:/usr/bin/ceph:
2024-05-21T06:30:08.822+0000 7f2050400700 1 -- 172.21.15.82:0/2235996333 wait complete.
2024-05-21T06:30:10.097 INFO:journalctl@ceph.mon.smithi082.smithi082.stdout:May 21 06:30:09 smithi082 ceph-54301ac8-173b-11ef-bc9a-c7b262605968-mon-smithi082[35923]: audit
2024-05-21T06:30:08.821252+0000 mon.smithi082 (mon.0) 66 : audit [INF] from='client.? 172.21.15.82:0/2235996333' entity='client.admin'
2024-05-21T06:30:10.097 INFO:journalctl@ceph.mon.smithi082.smithi082.stdout:May 21 06:30:09 smithi082 ceph-54301ac8-173b-11ef-bc9a-c7b262605968-mon-smithi082[35923]: cluster
2024-05-21T06:30:09.158119+0000 mgr.smithi082.auyyiw (mgr.14118) 27 : cluster [DBG] pgmap v5: 0 pgs: ; 0 B data, 0 B used, 0 B / 0 B avail
2024-05-21T06:30:10.427 INFO:teuthology.orchestra.run.smithi082.stderr:/usr/bin/ceph:
2024-05-21T06:30:10.426+0000 7efca3000700 1 Processor -- start
2024-05-21T06:30:10.427 INFO:teuthology.orchestra.run.smithi082.stderr:/usr/bin/ceph:
2024-05-21T06:30:10.426+0000 7efca3000700 1 -- start start
2024-05-21T06:30:10.427 INFO:teuthology.orchestra.run.smithi082.stderr:/usr/bin/ceph:
2024-05-21T06:30:10.426+0000 7efca3000700 1 --2- >> [v2:172.21.15.82:3300/0,v1:172.21.15.82:6789/0] conn(0x7efc9c0fbc90 0x7efc9c0fc0b0 unknown :-1 s=NONE pgs=0 cs=0 l=0 rev1=0 rx=0 tx=0).connect
2024-05-21T06:30:10.429 INFO:teuthology.orchestra.run.smithi082.stderr:/usr/bin/ceph:
2024-05-21T06:30:10.426+0000 7efca3000700 1 -- --> [v2:172.21.15.82:3300/0,v1:172.21.15.82:6789/0] -- mon_getmap magic: 0 v1 -- 0x7efc9c0fc5a0 con 0x7efc9c0fbc90
2024-05-21T06:30:10.429 INFO:teuthology.orchestra.run.smithi082.stderr:/usr/bin/ceph:
2024-05-21T06:30:10.426+0000 7efca1c00700 1 --2- >> [v2:172.21.15.82:3300/0,v1:172.21.15.82:6789/0] conn(0x7efc9c0fbc90 0x7efc9c0fc0b0 unknown :-1 s=BANNER_CONNECTING pgs=0 cs=0 l=0 rev1=0 rx=0 tx=0)._handle_peer_banner_payload supported=1 required=0
2024-05-21T06:30:10.429 INFO:teuthology.orchestra.run.smithi082.stderr:/usr/bin/ceph:
2024-05-21T06:30:10.427+0000 7efca1c00700 1 --2- >> [v2:172.21.15.82:3300/0,v1:172.21.15.82:6789/0] conn(0x7efc9c0fbc90 0x7efc9c0fc0b0 unknown :-1 s=HELLO_CONNECTING pgs=0 cs=0 l=0 rev1=1 rx=0 tx=0).handle_hello peer v2:172.21.15.82:3300/0 says I am v2:172.21.15.82:34440/0 (socket says 172.21.15.82:34440)
2024-05-21T06:30:10.430 INFO:teuthology.orchestra.run.smithi082.stderr:/usr/bin/ceph:
2024-05-21T06:30:10.427+0000 7efca1c00700 1 -- 172.21.15.82:0/1858301157 learned_addr learned my addr 172.21.15.82:0/1858301157 (peer_addr_for_me v2:172.21.15.82:0/0)
2024-05-21T06:30:10.430 INFO:teuthology.orchestra.run.smithi082.stderr:/usr/bin/ceph:
2024-05-21T06:30:10.427+0000 7efca1c00700 1 -- 172.21.15.82:0/1858301157 --> [v2:172.21.15.82:3300/0,v1:172.21.15.82:6789/0] -- mon_subscribe({config=0+,monmap=0+}) v3 -- 0x7efc9c0fc6e0 con 0x7efc9c0fbc90
2024-05-21T06:30:10.430 INFO:teuthology.orchestra.run.smithi082.stderr:/usr/bin/ceph:
2024-05-21T06:30:10.427+0000 7efca1c00700 1 --2- 172.21.15.82:0/1858301157 >> [v2:172.21.15.82:3300/0,v1:172.21.15.82:6789/0] conn(0x7efc9c0fbc90 0x7efc9c0fc0b0 secure :-1 s=READY pgs=59 cs=0 l=1 rev1=1 rx=0x7efc90009730 tx=0x7efc900090f0).ready entity=mon.0 client_cookie=6fe85f7ac2094597 server_cookie=0 in_seq=0 out_seq=0
2024-05-21T06:30:10.430 INFO:teuthology.orchestra.run.smithi082.stderr:/usr/bin/ceph:
2024-05-21T06:30:10.427+0000 7efc9be00700 1 -- 172.21.15.82:0/1858301157 <== mon.0 v2:172.21.15.82:3300/0 1 ==== mon_map magic: 0 v1 ==== 229+0+0 (secure 0 0 0) 0x7efc9000b6e0 con 0x7efc9c0fbc90
2024-05-21T06:30:10.430 INFO:teuthology.orchestra.run.smithi082.stderr:/usr/bin/ceph:
2024-05-21T06:30:10.427+0000 7efc9be00700 1 -- 172.21.15.82:0/1858301157 <== mon.0 v2:172.21.15.82:3300/0 2 ==== config(25 keys) v1 ==== 1038+0+0 (secure 0 0 0) 0x7efc9000bcc0 con 0x7efc9c0fbc90
2024-05-21T06:30:10.430 INFO:teuthology.orchestra.run.smithi082.stderr:/usr/bin/ceph:
2024-05-21T06:30:10.427+0000 7efc9be00700 1 -- 172.21.15.82:0/1858301157 <== mon.0 v2:172.21.15.82:3300/0 3 ==== mon_map magic: 0 v1 ==== 229+0+0 (secure 0 0 0) 0x7efc90011cb0 con 0x7efc9c0fbc90
2024-05-21T06:30:10.430 INFO:teuthology.orchestra.run.smithi082.stderr:/usr/bin/ceph:
2024-05-21T06:30:10.428+0000 7efca3000700 1 -- 172.21.15.82:0/1858301157 >> [v2:172.21.15.82:3300/0,v1:172.21.15.82:6789/0] conn(0x7efc9c0fbc90 msgr2=0x7efc9c0fc0b0 secure :-1 s=STATE_CONNECTION_ESTABLISHED l=1).mark_down
2024-05-21T06:30:10.430 INFO:teuthology.orchestra.run.smithi082.stderr:/usr/bin/ceph:
2024-05-21T06:30:10.428+0000 7efca3000700 1 --2- 172.21.15.82:0/1858301157 >> [v2:172.21.15.82:3300/0,v1:172.21.15.82:6789/0] conn(0x7efc9c0fbc90 0x7efc9c0fc0b0 secure :-1 s=READY pgs=59 cs=0 l=1 rev1=1 rx=0x7efc90009730 tx=0x7efc900090f0).stop
2024-05-21T06:30:10.430 INFO:teuthology.orchestra.run.smithi082.stderr:/usr/bin/ceph:
2024-05-21T06:30:10.428+0000 7efca3000700 1 -- 172.21.15.82:0/1858301157 shutdown_connections
2024-05-21T06:30:10.430 INFO:teuthology.orchestra.run.smithi082.stderr:/usr/bin/ceph:
2024-05-21T06:30:10.428+0000 7efca3000700 1 --2- 172.21.15.82:0/1858301157 >> [v2:172.21.15.82:3300/0,v1:172.21.15.82:6789/0] conn(0x7efc9c0fbc90 0x7efc9c0fc0b0 unknown :-1 s=CLOSED pgs=59 cs=0 l=1 rev1=1 rx=0 tx=0).stop
2024-05-21T06:30:10.430 INFO:teuthology.orchestra.run.smithi082.stderr:/usr/bin/ceph:
2024-05-21T06:30:10.428+0000 7efca3000700 1 -- 172.21.15.82:0/1858301157 >> 172.21.15.82:0/1858301157 conn(0x7efc9c0f74b0 msgr2=0x7efc9c0f98d0 unknown :-1 s=STATE_NONE l=0).mark_down
2024-05-21T06:30:10.430 INFO:teuthology.orchestra.run.smithi082.stderr:/usr/bin/ceph:
2024-05-21T06:30:10.428+0000 7efca3000700 1 -- 172.21.15.82:0/1858301157 shutdown_connections
2024-05-21T06:30:10.431 INFO:teuthology.orchestra.run.smithi082.stderr:/usr/bin/ceph:
2024-05-21T06:30:10.428+0000 7efca3000700 1 -- 172.21.15.82:0/1858301157 wait complete.
2024-05-21T06:30:10.432 INFO:teuthology.orchestra.run.smithi082.stderr:/usr/bin/ceph:
2024-05-21T06:30:10.429+0000 7efca3000700 1 Processor -- start
2024-05-21T06:30:10.432 INFO:teuthology.orchestra.run.smithi082.stderr:/usr/bin/ceph:
2024-05-21T06:30:10.429+0000 7efca3000700 1 -- start start
2024-05-21T06:30:10.432 INFO:teuthology.orchestra.run.smithi082.stderr:/usr/bin/ceph:
2024-05-21T06:30:10.430+0000 7efca3000700 1 --2- >> [v2:172.21.15.82:3300/0,v1:172.21.15.82:6789/0] conn(0x7efc9c0fbc90 0x7efc9c10dcf0 unknown :-1 s=NONE pgs=0 cs=0 l=1 rev1=0 rx=0 tx=0).connect
2024-05-21T06:30:10.432 INFO:teuthology.orchestra.run.smithi082.stderr:/usr/bin/ceph:
2024-05-21T06:30:10.430+0000 7efca3000700 1 -- --> [v2:172.21.15.82:3300/0,v1:172.21.15.82:6789/0] -- mon_getmap magic: 0 v1 -- 0x7efc9c10e1e0 con 0x7efc9c0fbc90
2024-05-21T06:30:10.432 INFO:teuthology.orchestra.run.smithi082.stderr:/usr/bin/ceph:
2024-05-21T06:30:10.430+0000 7efca1c00700 1 --2- >> [v2:172.21.15.82:3300/0,v1:172.21.15.82:6789/0] conn(0x7efc9c0fbc90 0x7efc9c10dcf0 unknown :-1 s=BANNER_CONNECTING pgs=0 cs=0 l=1 rev1=0 rx=0 tx=0)._handle_peer_banner_payload supported=1 required=0
2024-05-21T06:30:10.432 INFO:teuthology.orchestra.run.smithi082.stderr:/usr/bin/ceph:
2024-05-21T06:30:10.430+0000 7efca1c00700 1 --2- >> [v2:172.21.15.82:3300/0,v1:172.21.15.82:6789/0] conn(0x7efc9c0fbc90 0x7efc9c10dcf0 unknown :-1 s=HELLO_CONNECTING pgs=0 cs=0 l=1 rev1=1 rx=0 tx=0).handle_hello peer v2:172.21.15.82:3300/0 says I am v2:172.21.15.82:34448/0 (socket says 172.21.15.82:34448)
2024-05-21T06:30:10.433 INFO:teuthology.orchestra.run.smithi082.stderr:/usr/bin/ceph:
2024-05-21T06:30:10.430+0000 7efca1c00700 1 -- 172.21.15.82:0/1963519042 learned_addr learned my addr 172.21.15.82:0/1963519042 (peer_addr_for_me v2:172.21.15.82:0/0)
2024-05-21T06:30:10.433 INFO:teuthology.orchestra.run.smithi082.stderr:/usr/bin/ceph:
2024-05-21T06:30:10.430+0000 7efca1c00700 1 -- 172.21.15.82:0/1963519042 --> [v2:172.21.15.82:3300/0,v1:172.21.15.82:6789/0] -- mon_subscribe({config=0+,monmap=0+}) v3 -- 0x7efc90009370 con 0x7efc9c0fbc90
2024-05-21T06:30:10.433 INFO:teuthology.orchestra.run.smithi082.stderr:/usr/bin/ceph:
2024-05-21T06:30:10.430+0000 7efca1c00700 1 --2- 172.21.15.82:0/1963519042 >> [v2:172.21.15.82:3300/0,v1:172.21.15.82:6789/0] conn(0x7efc9c0fbc90 0x7efc9c10dcf0 secure :-1 s=READY pgs=60 cs=0 l=1 rev1=1 rx=0x7efc90006b00 tx=0x7efc900090f0).ready entity=mon.0 client_cookie=0 server_cookie=0 in_seq=0 out_seq=0
2024-05-21T06:30:10.433 INFO:teuthology.orchestra.run.smithi082.stderr:/usr/bin/ceph:
2024-05-21T06:30:10.431+0000 7efc9a000700 1 -- 172.21.15.82:0/1963519042 <== mon.0 v2:172.21.15.82:3300/0 1 ==== mon_map magic: 0 v1 ==== 229+0+0 (secure 0 0 0) 0x7efc9001a7a0 con 0x7efc9c0fbc90
2024-05-21T06:30:10.433 INFO:teuthology.orchestra.run.smithi082.stderr:/usr/bin/ceph:
2024-05-21T06:30:10.431+0000 7efc9a000700 1 -- 172.21.15.82:0/1963519042 <== mon.0 v2:172.21.15.82:3300/0 2 ==== config(25 keys) v1 ==== 1038+0+0 (secure 0 0 0) 0x7efc9001ad80 con 0x7efc9c0fbc90
2024-05-21T06:30:10.433 INFO:teuthology.orchestra.run.smithi082.stderr:/usr/bin/ceph:
2024-05-21T06:30:10.431+0000 7efca3000700 1 -- 172.21.15.82:0/1963519042 --> [v2:172.21.15.82:3300/0,v1:172.21.15.82:6789/0] -- mon_subscribe({mgrmap=0+}) v3 -- 0x7efc9c10e3e0 con 0x7efc9c0fbc90
2024-05-21T06:30:10.433 INFO:teuthology.orchestra.run.smithi082.stderr:/usr/bin/ceph:
2024-05-21T06:30:10.431+0000 7efc9a000700 1 -- 172.21.15.82:0/1963519042 <== mon.0 v2:172.21.15.82:3300/0 3 ==== mon_map magic: 0 v1 ==== 229+0+0 (secure 0 0 0) 0x7efc90022c10 con 0x7efc9c0fbc90
2024-05-21T06:30:10.434 INFO:teuthology.orchestra.run.smithi082.stderr:/usr/bin/ceph:
2024-05-21T06:30:10.431+0000 7efca3000700 1 -- 172.21.15.82:0/1963519042 --> [v2:172.21.15.82:3300/0,v1:172.21.15.82:6789/0] -- mon_subscribe({osdmap=0}) v3 -- 0x7efc9c10e7f0 con 0x7efc9c0fbc90
2024-05-21T06:30:10.434 INFO:teuthology.orchestra.run.smithi082.stderr:/usr/bin/ceph:
2024-05-21T06:30:10.432+0000 7efc9a000700 1 -- 172.21.15.82:0/1963519042 <== mon.0 v2:172.21.15.82:3300/0 4 ==== mgrmap(e 8) v1 ==== 38632+0+0 (secure 0 0 0) 0x7efc900223b0 con 0x7efc9c0fbc90
2024-05-21T06:30:10.434 INFO:teuthology.orchestra.run.smithi082.stderr:/usr/bin/ceph:
2024-05-21T06:30:10.432+0000 7efca3000700 1 -- 172.21.15.82:0/1963519042 --> [v2:172.21.15.82:3300/0,v1:172.21.15.82:6789/0] -- mon_command({"prefix": "get_command_descriptions"} v 0) v1 -- 0x7efc9c046ce0 con 0x7efc9c0fbc90
2024-05-21T06:30:10.434 INFO:teuthology.orchestra.run.smithi082.stderr:/usr/bin/ceph:
2024-05-21T06:30:10.432+0000 7efc9a000700 1 --2- 172.21.15.82:0/1963519042 >> [v2:172.21.15.82:6800/3843280992,v1:172.21.15.82:6801/3843280992] conn(0x7efc84032720 0x7efc84034be0 unknown :-1 s=NONE pgs=0 cs=0 l=1 rev1=0 rx=0 tx=0).connect
2024-05-21T06:30:10.434 INFO:teuthology.orchestra.run.smithi082.stderr:/usr/bin/ceph:
2024-05-21T06:30:10.432+0000 7efc9a000700 1 -- 172.21.15.82:0/1963519042 <== mon.0 v2:172.21.15.82:3300/0 5 ==== osd_map(2..2 src has 1..2) v4 ==== 893+0+0 (secure 0 0 0) 0x7efc90044be0 con 0x7efc9c0fbc90
2024-05-21T06:30:10.434 INFO:teuthology.orchestra.run.smithi082.stderr:/usr/bin/ceph:
2024-05-21T06:30:10.433+0000 7efca1200700 1 --2- 172.21.15.82:0/1963519042 >> [v2:172.21.15.82:6800/3843280992,v1:172.21.15.82:6801/3843280992] conn(0x7efc84032720 0x7efc84034be0 unknown :-1 s=BANNER_CONNECTING pgs=0 cs=0 l=1 rev1=0 rx=0 tx=0)._handle_peer_banner_payload supported=1 required=0
2024-05-21T06:30:10.434 INFO:teuthology.orchestra.run.smithi082.stderr:/usr/bin/ceph:
2024-05-21T06:30:10.433+0000 7efca1200700 1 --2- 172.21.15.82:0/1963519042 >> [v2:172.21.15.82:6800/3843280992,v1:172.21.15.82:6801/3843280992] conn(0x7efc84032720 0x7efc84034be0 secure :-1 s=READY pgs=19 cs=0 l=1 rev1=1 rx=0x7efc88009780 tx=0x7efc88006cc0).ready entity=mgr.14118 client_cookie=0 server_cookie=0 in_seq=0 out_seq=0
2024-05-21T06:30:10.438 INFO:teuthology.orchestra.run.smithi082.stderr:/usr/bin/ceph:
2024-05-21T06:30:10.437+0000 7efc9a000700 1 -- 172.21.15.82:0/1963519042 <== mon.0 v2:172.21.15.82:3300/0 6 ==== mon_command_ack([{"prefix": "get_command_descriptions"}]=0 v0) v1 ==== 72+0+163658 (secure 0 0 0) 0x7efc9001a900 con 0x7efc9c0fbc90
2024-05-21T06:30:10.609 INFO:teuthology.orchestra.run.smithi082.stderr:/usr/bin/ceph:
2024-05-21T06:30:10.608+0000 7efca3000700 1 -- 172.21.15.82:0/1963519042 --> [v2:172.21.15.82:3300/0,v1:172.21.15.82:6789/0] -- mon_command([{prefix=config set, name=mgr/dashboard/ssl_server_port}] v 0) v1 -- 0x7efc9c0fd9e0 con 0x7efc9c0fbc90
2024-05-21T06:30:10.612 INFO:teuthology.orchestra.run.smithi082.stderr:/usr/bin/ceph:
2024-05-21T06:30:10.611+0000 7efc9a000700 1 -- 172.21.15.82:0/1963519042 <== mon.0 v2:172.21.15.82:3300/0 7 ==== mon_command_ack([{prefix=config set, name=mgr/dashboard/ssl_server_port}]=0 v8)=0 v8) v1 ==== 130+0+0 (secure 0 0 0) 0x7efc9001e070 con 0x7efc9c0fbc90
2024-05-21T06:30:10.616 INFO:teuthology.orchestra.run.smithi082.stderr:/usr/bin/ceph:
2024-05-21T06:30:10.614+0000 7efca3000700 1 -- 172.21.15.82:0/1963519042 >> [v2:172.21.15.82:6800/3843280992,v1:172.21.15.82:6801/3843280992] conn(0x7efc84032720 msgr2=0x7efc84034be0 secure :-1 s=STATE_CONNECTION_ESTABLISHED l=1).mark_down
2024-05-21T06:30:10.616 INFO:teuthology.orchestra.run.smithi082.stderr:/usr/bin/ceph:
2024-05-21T06:30:10.614+0000 7efca3000700 1 --2- 172.21.15.82:0/1963519042 >> [v2:172.21.15.82:6800/3843280992,v1:172.21.15.82:6801/3843280992] conn(0x7efc84032720 0x7efc84034be0 secure :-1 s=READY pgs=19 cs=0 l=1 rev1=1 rx=0x7efc88009780 tx=0x7efc88006cc0).stop
2024-05-21T06:30:10.617 INFO:teuthology.orchestra.run.smithi082.stderr:/usr/bin/ceph:
2024-05-21T06:30:10.614+0000 7efca3000700 1 -- 172.21.15.82:0/1963519042 >> [v2:172.21.15.82:3300/0,v1:172.21.15.82:6789/0] conn(0x7efc9c0fbc90 msgr2=0x7efc9c10dcf0 secure :-1 s=STATE_CONNECTION_ESTABLISHED l=1).mark_down
2024-05-21T06:30:10.617 INFO:teuthology.orchestra.run.smithi082.stderr:/usr/bin/ceph:
2024-05-21T06:30:10.614+0000 7efca3000700 1 --2- 172.21.15.82:0/1963519042 >> [v2:172.21.15.82:3300/0,v1:172.21.15.82:6789/0] conn(0x7efc9c0fbc90 0x7efc9c10dcf0 secure :-1 s=READY pgs=60 cs=0 l=1 rev1=1 rx=0x7efc90006b00 tx=0x7efc900090f0).stop
2024-05-21T06:30:10.617 INFO:teuthology.orchestra.run.smithi082.stderr:/usr/bin/ceph:
