2024-05-21T06:29:53.400+0000 7fbee7e00700 1 -- 172.21.15.82:0/2288511331 <== mon.0 v2:172.21.15.82:3300/0 4 ==== mgrmap(e 8) v1 ==== 38632+0+0 (secure 0 0 0) 0x7fbee0011c00 con 0x7fbef00fd030
2024-05-21T06:29:53.402 INFO:teuthology.orchestra.run.smithi082.stderr:/usr/bin/ceph:
2024-05-21T06:29:53.400+0000 7fbef6800700 1 -- 172.21.15.82:0/2288511331 --> [v2:172.21.15.82:3300/0,v1:172.21.15.82:6789/0] -- mon_command({"prefix": "get_command_descriptions"} v 0) v1 -- 0x7fbef0046ce0 con 0x7fbef00fd030
2024-05-21T06:29:53.402 INFO:teuthology.orchestra.run.smithi082.stderr:/usr/bin/ceph:
2024-05-21T06:29:53.401+0000 7fbee7e00700 1 --2- 172.21.15.82:0/2288511331 >> [v2:172.21.15.82:6800/3843280992,v1:172.21.15.82:6801/3843280992] conn(0x7fbed40326f0 0x7fbed4034bb0 unknown :-1 s=NONE pgs=0 cs=0 l=1 rev1=0 rx=0 tx=0).connect
2024-05-21T06:29:53.403 INFO:teuthology.orchestra.run.smithi082.stderr:/usr/bin/ceph:
2024-05-21T06:29:53.401+0000 7fbee7e00700 1 -- 172.21.15.82:0/2288511331 <== mon.0 v2:172.21.15.82:3300/0 5 ==== osd_map(2..2 src has 1..2) v4 ==== 893+0+0 (secure 0 0 0) 0x7fbee0044280 con 0x7fbef00fd030
2024-05-21T06:29:53.403 INFO:teuthology.orchestra.run.smithi082.stderr:/usr/bin/ceph:
2024-05-21T06:29:53.401+0000 7fbeeea00700 1 --2- 172.21.15.82:0/2288511331 >> [v2:172.21.15.82:6800/3843280992,v1:172.21.15.82:6801/3843280992] conn(0x7fbed40326f0 0x7fbed4034bb0 unknown :-1 s=BANNER_CONNECTING pgs=0 cs=0 l=1 rev1=0 rx=0 tx=0)._handle_peer_banner_payload supported=1 required=0
2024-05-21T06:29:53.403 INFO:teuthology.orchestra.run.smithi082.stderr:/usr/bin/ceph:
2024-05-21T06:29:53.402+0000 7fbeeea00700 1 --2- 172.21.15.82:0/2288511331 >> [v2:172.21.15.82:6800/3843280992,v1:172.21.15.82:6801/3843280992] conn(0x7fbed40326f0 0x7fbed4034bb0 secure :-1 s=READY pgs=10 cs=0 l=1 rev1=1 rx=0x7fbedc009780 tx=0x7fbedc006cc0).ready entity=mgr.14118 client_cookie=0 server_cookie=0 in_seq=0 out_seq=0
2024-05-21T06:29:53.405 INFO:teuthology.orchestra.run.smithi082.stderr:/usr/bin/ceph:
2024-05-21T06:29:53.405+0000 7fbee7e00700 1 -- 172.21.15.82:0/2288511331 <== mon.0 v2:172.21.15.82:3300/0 6 ==== mon_command_ack([{"prefix": "get_command_descriptions"}]=0 v0) v1 ==== 72+0+163658 (secure 0 0 0) 0x7fbee001a9c0 con 0x7fbef00fd030
2024-05-21T06:29:53.579 INFO:teuthology.orchestra.run.smithi082.stderr:/usr/bin/ceph:
2024-05-21T06:29:53.579+0000 7fbef6800700 1 -- 172.21.15.82:0/2288511331 --> [v2:172.21.15.82:6800/3843280992,v1:172.21.15.82:6801/3843280992] -- mgr_command(tid 0: {"prefix": "orch host add", "hostname": "smithi082", "addr": "172.21.15.82", "target": ["mon-mgr", ""]}) v1 -- 0x7fbef01080a0 con 0x7fbed40326f0
2024-05-21T06:29:54.479 INFO:teuthology.orchestra.run.smithi082.stderr:/usr/bin/ceph: Added host 'smithi082' with addr '172.21.15.82'
2024-05-21T06:29:54.480 INFO:teuthology.orchestra.run.smithi082.stderr:/usr/bin/ceph:
2024-05-21T06:29:54.478+0000 7fbee7e00700 1 -- 172.21.15.82:0/2288511331 <== mgr.14118 v2:172.21.15.82:6800/3843280992 1 ==== mgr_command_reply(tid 0: 0 ) v1 ==== 8+0+48 (secure 0 0 0) 0x7fbef01080a0 con 0x7fbed40326f0
2024-05-21T06:29:54.481 INFO:teuthology.orchestra.run.smithi082.stderr:/usr/bin/ceph:
2024-05-21T06:29:54.481+0000 7fbef6800700 1 -- 172.21.15.82:0/2288511331 >> [v2:172.21.15.82:6800/3843280992,v1:172.21.15.82:6801/3843280992] conn(0x7fbed40326f0 msgr2=0x7fbed4034bb0 secure :-1 s=STATE_CONNECTION_ESTABLISHED l=1).mark_down
2024-05-21T06:29:54.481 INFO:teuthology.orchestra.run.smithi082.stderr:/usr/bin/ceph:
2024-05-21T06:29:54.481+0000 7fbef6800700 1 --2- 172.21.15.82:0/2288511331 >> [v2:172.21.15.82:6800/3843280992,v1:172.21.15.82:6801/3843280992] conn(0x7fbed40326f0 0x7fbed4034bb0 secure :-1 s=READY pgs=10 cs=0 l=1 rev1=1 rx=0x7fbedc009780 tx=0x7fbedc006cc0).stop
2024-05-21T06:29:54.481 INFO:teuthology.orchestra.run.smithi082.stderr:/usr/bin/ceph:
2024-05-21T06:29:54.481+0000 7fbef6800700 1 -- 172.21.15.82:0/2288511331 >> [v2:172.21.15.82:3300/0,v1:172.21.15.82:6789/0] conn(0x7fbef00fd030 msgr2=0x7fbef010de90 secure :-1 s=STATE_CONNECTION_ESTABLISHED l=1).mark_down
2024-05-21T06:29:54.481 INFO:teuthology.orchestra.run.smithi082.stderr:/usr/bin/ceph:
2024-05-21T06:29:54.481+0000 7fbef6800700 1 --2- 172.21.15.82:0/2288511331 >> [v2:172.21.15.82:3300/0,v1:172.21.15.82:6789/0] conn(0x7fbef00fd030 0x7fbef010de90 secure :-1 s=READY pgs=42 cs=0 l=1 rev1=1 rx=0x7fbee00115c0 tx=0x7fbee00090f0).stop
2024-05-21T06:29:54.482 INFO:teuthology.orchestra.run.smithi082.stderr:/usr/bin/ceph:
2024-05-21T06:29:54.481+0000 7fbef6800700 1 -- 172.21.15.82:0/2288511331 shutdown_connections
2024-05-21T06:29:54.482 INFO:teuthology.orchestra.run.smithi082.stderr:/usr/bin/ceph:
2024-05-21T06:29:54.481+0000 7fbef6800700 1 --2- 172.21.15.82:0/2288511331 >> [v2:172.21.15.82:6800/3843280992,v1:172.21.15.82:6801/3843280992] conn(0x7fbed40326f0 0x7fbed4034bb0 unknown :-1 s=CLOSED pgs=10 cs=0 l=1 rev1=1 rx=0 tx=0).stop
2024-05-21T06:29:54.482 INFO:teuthology.orchestra.run.smithi082.stderr:/usr/bin/ceph:
2024-05-21T06:29:54.481+0000 7fbef6800700 1 --2- 172.21.15.82:0/2288511331 >> [v2:172.21.15.82:3300/0,v1:172.21.15.82:6789/0] conn(0x7fbef00fd030 0x7fbef010de90 unknown :-1 s=CLOSED pgs=42 cs=0 l=1 rev1=1 rx=0 tx=0).stop
2024-05-21T06:29:54.482 INFO:teuthology.orchestra.run.smithi082.stderr:/usr/bin/ceph:
2024-05-21T06:29:54.481+0000 7fbef6800700 1 -- 172.21.15.82:0/2288511331 >> 172.21.15.82:0/2288511331 conn(0x7fbef00f8800 msgr2=0x7fbef00fa100 unknown :-1 s=STATE_NONE l=0).mark_down
2024-05-21T06:29:54.482 INFO:teuthology.orchestra.run.smithi082.stderr:/usr/bin/ceph:
2024-05-21T06:29:54.481+0000 7fbef6800700 1 -- 172.21.15.82:0/2288511331 shutdown_connections
2024-05-21T06:29:54.482 INFO:teuthology.orchestra.run.smithi082.stderr:/usr/bin/ceph:
2024-05-21T06:29:54.481+0000 7fbef6800700 1 -- 172.21.15.82:0/2288511331 wait complete.
2024-05-21T06:29:54.854 INFO:journalctl@ceph.mon.smithi082.smithi082.stdout:May 21 06:29:54 smithi082 ceph-54301ac8-173b-11ef-bc9a-c7b262605968-mon-smithi082[35923]: audit
2024-05-21T06:29:53.580557+0000 mgr.smithi082.auyyiw (mgr.14118) 9 : audit [DBG] from='client.14136 -' entity='client.admin' cmd=[{"prefix": "orch host add", "hostname": "smithi082", "addr": "172.21.15.82", "target": ["mon-mgr", ""]}]: dispatch
2024-05-21T06:29:55.200 INFO:teuthology.orchestra.run.smithi082.stderr:Deploying mon service with default placement...
2024-05-21T06:29:55.853 INFO:journalctl@ceph.mon.smithi082.smithi082.stdout:May 21 06:29:55 smithi082 ceph-54301ac8-173b-11ef-bc9a-c7b262605968-mon-smithi082[35923]: audit
2024-05-21T06:29:54.478122+0000 mon.smithi082 (mon.0) 54 : audit [INF] from='mgr.14118 172.21.15.82:0/1843169084' entity='mgr.smithi082.auyyiw'
2024-05-21T06:29:55.853 INFO:journalctl@ceph.mon.smithi082.smithi082.stdout:May 21 06:29:55 smithi082 ceph-54301ac8-173b-11ef-bc9a-c7b262605968-mon-smithi082[35923]: cephadm
2024-05-21T06:29:54.478503+0000 mgr.smithi082.auyyiw (mgr.14118) 10 : cephadm [INF] Added host smithi082
2024-05-21T06:29:55.853 INFO:journalctl@ceph.mon.smithi082.smithi082.stdout:May 21 06:29:55 smithi082 ceph-54301ac8-173b-11ef-bc9a-c7b262605968-mon-smithi082[35923]: audit
2024-05-21T06:29:54.504057+0000 mon.smithi082 (mon.0) 55 : audit [DBG] from='mgr.14118 172.21.15.82:0/1843169084' entity='mgr.smithi082.auyyiw' cmd=[{"prefix": "config dump", "format": "json"}]: dispatch
2024-05-21T06:29:55.872 INFO:teuthology.orchestra.run.smithi082.stderr:/usr/bin/ceph:
2024-05-21T06:29:55.835+0000 7fd3c7600700 1 Processor -- start
2024-05-21T06:29:55.872 INFO:teuthology.orchestra.run.smithi082.stderr:/usr/bin/ceph:
2024-05-21T06:29:55.835+0000 7fd3c7600700 1 -- start start
2024-05-21T06:29:55.872 INFO:teuthology.orchestra.run.smithi082.stderr:/usr/bin/ceph:
2024-05-21T06:29:55.835+0000 7fd3c7600700 1 --2- >> [v2:172.21.15.82:3300/0,v1:172.21.15.82:6789/0] conn(0x7fd3c00fbed0 0x7fd3c00fc2f0 unknown :-1 s=NONE pgs=0 cs=0 l=0 rev1=0 rx=0 tx=0).connect
2024-05-21T06:29:55.872 INFO:teuthology.orchestra.run.smithi082.stderr:/usr/bin/ceph:
2024-05-21T06:29:55.835+0000 7fd3c7600700 1 -- --> [v2:172.21.15.82:3300/0,v1:172.21.15.82:6789/0] -- mon_getmap magic: 0 v1 -- 0x7fd3c00fc7e0 con 0x7fd3c00fbed0
2024-05-21T06:29:55.872 INFO:teuthology.orchestra.run.smithi082.stderr:/usr/bin/ceph:
2024-05-21T06:29:55.836+0000 7fd3c4c00700 1 --2- >> [v2:172.21.15.82:3300/0,v1:172.21.15.82:6789/0] conn(0x7fd3c00fbed0 0x7fd3c00fc2f0 unknown :-1 s=BANNER_CONNECTING pgs=0 cs=0 l=0 rev1=0 rx=0 tx=0)._handle_peer_banner_payload supported=1 required=0
2024-05-21T06:29:55.872 INFO:teuthology.orchestra.run.smithi082.stderr:/usr/bin/ceph:
2024-05-21T06:29:55.836+0000 7fd3c4c00700 1 --2- >> [v2:172.21.15.82:3300/0,v1:172.21.15.82:6789/0] conn(0x7fd3c00fbed0 0x7fd3c00fc2f0 unknown :-1 s=HELLO_CONNECTING pgs=0 cs=0 l=0 rev1=1 rx=0 tx=0).handle_hello peer v2:172.21.15.82:3300/0 says I am v2:172.21.15.82:47486/0 (socket says 172.21.15.82:47486)
2024-05-21T06:29:55.872 INFO:teuthology.orchestra.run.smithi082.stderr:/usr/bin/ceph:
2024-05-21T06:29:55.836+0000 7fd3c4c00700 1 -- 172.21.15.82:0/4171747511 learned_addr learned my addr 172.21.15.82:0/4171747511 (peer_addr_for_me v2:172.21.15.82:0/0)
2024-05-21T06:29:55.872 INFO:teuthology.orchestra.run.smithi082.stderr:/usr/bin/ceph:
2024-05-21T06:29:55.836+0000 7fd3c4c00700 1 -- 172.21.15.82:0/4171747511 --> [v2:172.21.15.82:3300/0,v1:172.21.15.82:6789/0] -- mon_subscribe({config=0+,monmap=0+}) v3 -- 0x7fd3c00fc920 con 0x7fd3c00fbed0
2024-05-21T06:29:55.873 INFO:teuthology.orchestra.run.smithi082.stderr:/usr/bin/ceph:
2024-05-21T06:29:55.836+0000 7fd3c4c00700 1 --2- 172.21.15.82:0/4171747511 >> [v2:172.21.15.82:3300/0,v1:172.21.15.82:6789/0] conn(0x7fd3c00fbed0 0x7fd3c00fc2f0 secure :-1 s=READY pgs=43 cs=0 l=1 rev1=1 rx=0x7fd3b4009730 tx=0x7fd3b40090f0).ready entity=mon.0 client_cookie=a6edbf2fe9918c4b server_cookie=0 in_seq=0 out_seq=0
2024-05-21T06:29:55.873 INFO:teuthology.orchestra.run.smithi082.stderr:/usr/bin/ceph:
2024-05-21T06:29:55.837+0000 7fd3bf400700 1 -- 172.21.15.82:0/4171747511 <== mon.0 v2:172.21.15.82:3300/0 1 ==== mon_map magic: 0 v1 ==== 229+0+0 (secure 0 0 0) 0x7fd3b400b6e0 con 0x7fd3c00fbed0
2024-05-21T06:29:55.873 INFO:teuthology.orchestra.run.smithi082.stderr:/usr/bin/ceph:
2024-05-21T06:29:55.837+0000 7fd3bf400700 1 -- 172.21.15.82:0/4171747511 <== mon.0 v2:172.21.15.82:3300/0 2 ==== config(25 keys) v1 ==== 975+0+0 (secure 0 0 0) 0x7fd3b400bc80 con 0x7fd3c00fbed0
2024-05-21T06:29:55.873 INFO:teuthology.orchestra.run.smithi082.stderr:/usr/bin/ceph:
2024-05-21T06:29:55.837+0000 7fd3bf400700 1 -- 172.21.15.82:0/4171747511 <== mon.0 v2:172.21.15.82:3300/0 3 ==== mon_map magic: 0 v1 ==== 229+0+0 (secure 0 0 0) 0x7fd3b4011c70 con 0x7fd3c00fbed0
2024-05-21T06:29:55.873 INFO:teuthology.orchestra.run.smithi082.stderr:/usr/bin/ceph:
2024-05-21T06:29:55.837+0000 7fd3c7600700 1 -- 172.21.15.82:0/4171747511 >> [v2:172.21.15.82:3300/0,v1:172.21.15.82:6789/0] conn(0x7fd3c00fbed0 msgr2=0x7fd3c00fc2f0 secure :-1 s=STATE_CONNECTION_ESTABLISHED l=1).mark_down
2024-05-21T06:29:55.873 INFO:teuthology.orchestra.run.smithi082.stderr:/usr/bin/ceph:
2024-05-21T06:29:55.837+0000 7fd3c7600700 1 --2- 172.21.15.82:0/4171747511 >> [v2:172.21.15.82:3300/0,v1:172.21.15.82:6789/0] conn(0x7fd3c00fbed0 0x7fd3c00fc2f0 secure :-1 s=READY pgs=43 cs=0 l=1 rev1=1 rx=0x7fd3b4009730 tx=0x7fd3b40090f0).stop
2024-05-21T06:29:55.873 INFO:teuthology.orchestra.run.smithi082.stderr:/usr/bin/ceph:
2024-05-21T06:29:55.837+0000 7fd3c7600700 1 -- 172.21.15.82:0/4171747511 shutdown_connections
2024-05-21T06:29:55.873 INFO:teuthology.orchestra.run.smithi082.stderr:/usr/bin/ceph:
2024-05-21T06:29:55.837+0000 7fd3c7600700 1 --2- 172.21.15.82:0/4171747511 >> [v2:172.21.15.82:3300/0,v1:172.21.15.82:6789/0] conn(0x7fd3c00fbed0 0x7fd3c00fc2f0 unknown :-1 s=CLOSED pgs=43 cs=0 l=1 rev1=1 rx=0 tx=0).stop
2024-05-21T06:29:55.873 INFO:teuthology.orchestra.run.smithi082.stderr:/usr/bin/ceph:
2024-05-21T06:29:55.837+0000 7fd3c7600700 1 -- 172.21.15.82:0/4171747511 >> 172.21.15.82:0/4171747511 conn(0x7fd3c00f76f0 msgr2=0x7fd3c00f9b10 unknown :-1 s=STATE_NONE l=0).mark_down
2024-05-21T06:29:55.873 INFO:teuthology.orchestra.run.smithi082.stderr:/usr/bin/ceph:
2024-05-21T06:29:55.837+0000 7fd3c7600700 1 -- 172.21.15.82:0/4171747511 shutdown_connections
2024-05-21T06:29:55.873 INFO:teuthology.orchestra.run.smithi082.stderr:/usr/bin/ceph:
2024-05-21T06:29:55.837+0000 7fd3c7600700 1 -- 172.21.15.82:0/4171747511 wait complete.
2024-05-21T06:29:55.873 INFO:teuthology.orchestra.run.smithi082.stderr:/usr/bin/ceph:
2024-05-21T06:29:55.838+0000 7fd3c7600700 1 Processor -- start
2024-05-21T06:29:55.873 INFO:teuthology.orchestra.run.smithi082.stderr:/usr/bin/ceph:
2024-05-21T06:29:55.839+0000 7fd3c7600700 1 -- start start
2024-05-21T06:29:55.874 INFO:teuthology.orchestra.run.smithi082.stderr:/usr/bin/ceph:
2024-05-21T06:29:55.839+0000 7fd3c7600700 1 --2- >> [v2:172.21.15.82:3300/0,v1:172.21.15.82:6789/0] conn(0x7fd3c00fbed0 0x7fd3c010dee0 unknown :-1 s=NONE pgs=0 cs=0 l=1 rev1=0 rx=0 tx=0).connect
2024-05-21T06:29:55.874 INFO:teuthology.orchestra.run.smithi082.stderr:/usr/bin/ceph:
2024-05-21T06:29:55.839+0000 7fd3c7600700 1 -- --> [v2:172.21.15.82:3300/0,v1:172.21.15.82:6789/0] -- mon_getmap magic: 0 v1 -- 0x7fd3c010e3d0 con 0x7fd3c00fbed0
2024-05-21T06:29:55.874 INFO:teuthology.orchestra.run.smithi082.stderr:/usr/bin/ceph:
2024-05-21T06:29:55.839+0000 7fd3c4c00700 1 --2- >> [v2:172.21.15.82:3300/0,v1:172.21.15.82:6789/0] conn(0x7fd3c00fbed0 0x7fd3c010dee0 unknown :-1 s=BANNER_CONNECTING pgs=0 cs=0 l=1 rev1=0 rx=0 tx=0)._handle_peer_banner_payload supported=1 required=0
2024-05-21T06:29:55.874 INFO:teuthology.orchestra.run.smithi082.stderr:/usr/bin/ceph:
2024-05-21T06:29:55.839+0000 7fd3c4c00700 1 --2- >> [v2:172.21.15.82:3300/0,v1:172.21.15.82:6789/0] conn(0x7fd3c00fbed0 0x7fd3c010dee0 unknown :-1 s=HELLO_CONNECTING pgs=0 cs=0 l=1 rev1=1 rx=0 tx=0).handle_hello peer v2:172.21.15.82:3300/0 says I am v2:172.21.15.82:47498/0 (socket says 172.21.15.82:47498)
2024-05-21T06:29:55.874 INFO:teuthology.orchestra.run.smithi082.stderr:/usr/bin/ceph:
2024-05-21T06:29:55.839+0000 7fd3c4c00700 1 -- 172.21.15.82:0/2345668975 learned_addr learned my addr 172.21.15.82:0/2345668975 (peer_addr_for_me v2:172.21.15.82:0/0)
2024-05-21T06:29:55.874 INFO:teuthology.orchestra.run.smithi082.stderr:/usr/bin/ceph:
2024-05-21T06:29:55.839+0000 7fd3c4c00700 1 -- 172.21.15.82:0/2345668975 --> [v2:172.21.15.82:3300/0,v1:172.21.15.82:6789/0] -- mon_subscribe({config=0+,monmap=0+}) v3 -- 0x7fd3b4009370 con 0x7fd3c00fbed0
2024-05-21T06:29:55.874 INFO:teuthology.orchestra.run.smithi082.stderr:/usr/bin/ceph:
2024-05-21T06:29:55.840+0000 7fd3c4c00700 1 --2- 172.21.15.82:0/2345668975 >> [v2:172.21.15.82:3300/0,v1:172.21.15.82:6789/0] conn(0x7fd3c00fbed0 0x7fd3c010dee0 secure :-1 s=READY pgs=44 cs=0 l=1 rev1=1 rx=0x7fd3b4011870 tx=0x7fd3b40090f0).ready entity=mon.0 client_cookie=0 server_cookie=0 in_seq=0 out_seq=0
2024-05-21T06:29:55.874 INFO:teuthology.orchestra.run.smithi082.stderr:/usr/bin/ceph:
2024-05-21T06:29:55.840+0000 7fd3bd600700 1 -- 172.21.15.82:0/2345668975 <== mon.0 v2:172.21.15.82:3300/0 1 ==== mon_map magic: 0 v1 ==== 229+0+0 (secure 0 0 0) 0x7fd3b401a610 con 0x7fd3c00fbed0
2024-05-21T06:29:55.874 INFO:teuthology.orchestra.run.smithi082.stderr:/usr/bin/ceph:
2024-05-21T06:29:55.840+0000 7fd3bd600700 1 -- 172.21.15.82:0/2345668975 <== mon.0 v2:172.21.15.82:3300/0 2 ==== config(25 keys) v1 ==== 975+0+0 (secure 0 0 0) 0x7fd3b401abb0 con 0x7fd3c00fbed0
2024-05-21T06:29:55.874 INFO:teuthology.orchestra.run.smithi082.stderr:/usr/bin/ceph:
2024-05-21T06:29:55.840+0000 7fd3c7600700 1 -- 172.21.15.82:0/2345668975 --> [v2:172.21.15.82:3300/0,v1:172.21.15.82:6789/0] -- mon_subscribe({mgrmap=0+}) v3 -- 0x7fd3c010e5d0 con 0x7fd3c00fbed0
2024-05-21T06:29:55.874 INFO:teuthology.orchestra.run.smithi082.stderr:/usr/bin/ceph:
2024-05-21T06:29:55.840+0000 7fd3bd600700 1 -- 172.21.15.82:0/2345668975 <== mon.0 v2:172.21.15.82:3300/0 3 ==== mon_map magic: 0 v1 ==== 229+0+0 (secure 0 0 0) 0x7fd3b4022b00 con 0x7fd3c00fbed0
2024-05-21T06:29:55.874 INFO:teuthology.orchestra.run.smithi082.stderr:/usr/bin/ceph:
2024-05-21T06:29:55.840+0000 7fd3c7600700 1 -- 172.21.15.82:0/2345668975 --> [v2:172.21.15.82:3300/0,v1:172.21.15.82:6789/0] -- mon_subscribe({osdmap=0}) v3 -- 0x7fd3c010e9e0 con 0x7fd3c00fbed0
2024-05-21T06:29:55.874 INFO:teuthology.orchestra.run.smithi082.stderr:/usr/bin/ceph:
2024-05-21T06:29:55.841+0000 7fd3bd600700 1 -- 172.21.15.82:0/2345668975 <== mon.0 v2:172.21.15.82:3300/0 4 ==== mgrmap(e 8) v1 ==== 38632+0+0 (secure 0 0 0) 0x7fd3b401a770 con 0x7fd3c00fbed0
2024-05-21T06:29:55.875 INFO:teuthology.orchestra.run.smithi082.stderr:/usr/bin/ceph:
2024-05-21T06:29:55.841+0000 7fd3c7600700 1 -- 172.21.15.82:0/2345668975 --> [v2:172.21.15.82:3300/0,v1:172.21.15.82:6789/0] -- mon_command({"prefix": "get_command_descriptions"} v 0) v1 -- 0x7fd3c0046ce0 con 0x7fd3c00fbed0
2024-05-21T06:29:55.875 INFO:teuthology.orchestra.run.smithi082.stderr:/usr/bin/ceph:
2024-05-21T06:29:55.841+0000 7fd3bd600700 1 --2- 172.21.15.82:0/2345668975 >> [v2:172.21.15.82:6800/3843280992,v1:172.21.15.82:6801/3843280992] conn(0x7fd3a8032720 0x7fd3a8034be0 unknown :-1 s=NONE pgs=0 cs=0 l=1 rev1=0 rx=0 tx=0).connect
2024-05-21T06:29:55.875 INFO:teuthology.orchestra.run.smithi082.stderr:/usr/bin/ceph:
2024-05-21T06:29:55.841+0000 7fd3bd600700 1 -- 172.21.15.82:0/2345668975 <== mon.0 v2:172.21.15.82:3300/0 5 ==== osd_map(2..2 src has 1..2) v4 ==== 893+0+0 (secure 0 0 0) 0x7fd3b4044b50 con 0x7fd3c00fbed0
2024-05-21T06:29:55.875 INFO:teuthology.orchestra.run.smithi082.stderr:/usr/bin/ceph:
2024-05-21T06:29:55.842+0000 7fd3bfe00700 1 --2- 172.21.15.82:0/2345668975 >> [v2:172.21.15.82:6800/3843280992,v1:172.21.15.82:6801/3843280992] conn(0x7fd3a8032720 0x7fd3a8034be0 unknown :-1 s=BANNER_CONNECTING pgs=0 cs=0 l=1 rev1=0 rx=0 tx=0)._handle_peer_banner_payload supported=1 required=0
2024-05-21T06:29:55.875 INFO:teuthology.orchestra.run.smithi082.stderr:/usr/bin/ceph:
2024-05-21T06:29:55.842+0000 7fd3bfe00700 1 --2- 172.21.15.82:0/2345668975 >> [v2:172.21.15.82:6800/3843280992,v1:172.21.15.82:6801/3843280992] conn(0x7fd3a8032720 0x7fd3a8034be0 secure :-1 s=READY pgs=11 cs=0 l=1 rev1=1 rx=0x7fd3ac009780 tx=0x7fd3ac006cc0).ready entity=mgr.14118 client_cookie=0 server_cookie=0 in_seq=0 out_seq=0
2024-05-21T06:29:55.875 INFO:teuthology.orchestra.run.smithi082.stderr:/usr/bin/ceph:
2024-05-21T06:29:55.846+0000 7fd3bd600700 1 -- 172.21.15.82:0/2345668975 <== mon.0 v2:172.21.15.82:3300/0 6 ==== mon_command_ack([{"prefix": "get_command_descriptions"}]=0 v0) v1 ==== 72+0+163658 (secure 0 0 0) 0x7fd3b4019390 con 0x7fd3c00fbed0
2024-05-21T06:29:56.037 INFO:teuthology.orchestra.run.smithi082.stderr:/usr/bin/ceph:
2024-05-21T06:29:56.037+0000 7fd3c7600700 1 -- 172.21.15.82:0/2345668975 --> [v2:172.21.15.82:6800/3843280992,v1:172.21.15.82:6801/3843280992] -- mgr_command(tid 0: {"prefix": "orch apply", "service_type": "mon", "target": ["mon-mgr", ""]}) v1 -- 0x7fd3c010f2c0 con 0x7fd3a8032720
2024-05-21T06:29:56.042 INFO:teuthology.orchestra.run.smithi082.stderr:/usr/bin/ceph:
2024-05-21T06:29:56.042+0000 7fd3bd600700 1 -- 172.21.15.82:0/2345668975 <== mgr.14118 v2:172.21.15.82:6800/3843280992 1 ==== mgr_command_reply(tid 0: 0 ) v1 ==== 8+0+24 (secure 0 0 0) 0x7fd3c010f2c0 con 0x7fd3a8032720
2024-05-21T06:29:56.042 INFO:teuthology.orchestra.run.smithi082.stderr:/usr/bin/ceph: Scheduled mon update...
2024-05-21T06:29:56.045 INFO:teuthology.orchestra.run.smithi082.stderr:/usr/bin/ceph:
2024-05-21T06:29:56.044+0000 7fd3c7600700 1 -- 172.21.15.82:0/2345668975 >> [v2:172.21.15.82:6800/3843280992,v1:172.21.15.82:6801/3843280992] conn(0x7fd3a8032720 msgr2=0x7fd3a8034be0 secure :-1 s=STATE_CONNECTION_ESTABLISHED l=1).mark_down
2024-05-21T06:29:56.045 INFO:teuthology.orchestra.run.smithi082.stderr:/usr/bin/ceph:
2024-05-21T06:29:56.044+0000 7fd3c7600700 1 --2- 172.21.15.82:0/2345668975 >> [v2:172.21.15.82:6800/3843280992,v1:172.21.15.82:6801/3843280992] conn(0x7fd3a8032720 0x7fd3a8034be0 secure :-1 s=READY pgs=11 cs=0 l=1 rev1=1 rx=0x7fd3ac009780 tx=0x7fd3ac006cc0).stop
2024-05-21T06:29:56.046 INFO:teuthology.orchestra.run.smithi082.stderr:/usr/bin/ceph:
2024-05-21T06:29:56.044+0000 7fd3c7600700 1 -- 172.21.15.82:0/2345668975 >> [v2:172.21.15.82:3300/0,v1:172.21.15.82:6789/0] conn(0x7fd3c00fbed0 msgr2=0x7fd3c010dee0 secure :-1 s=STATE_CONNECTION_ESTABLISHED l=1).mark_down
2024-05-21T06:29:56.046 INFO:teuthology.orchestra.run.smithi082.stderr:/usr/bin/ceph:
2024-05-21T06:29:56.044+0000 7fd3c7600700 1 --2- 172.21.15.82:0/2345668975 >> [v2:172.21.15.82:3300/0,v1:172.21.15.82:6789/0] conn(0x7fd3c00fbed0 0x7fd3c010dee0 secure :-1 s=READY pgs=44 cs=0 l=1 rev1=1 rx=0x7fd3b4011870 tx=0x7fd3b40090f0).stop
2024-05-21T06:29:56.046 INFO:teuthology.orchestra.run.smithi082.stderr:/usr/bin/ceph:
2024-05-21T06:29:56.045+0000 7fd3c7600700 1 -- 172.21.15.82:0/2345668975 shutdown_connections
2024-05-21T06:29:56.046 INFO:teuthology.orchestra.run.smithi082.stderr:/usr/bin/ceph:
2024-05-21T06:29:56.045+0000 7fd3c7600700 1 --2- 172.21.15.82:0/2345668975 >> [v2:172.21.15.82:6800/3843280992,v1:172.21.15.82:6801/3843280992] conn(0x7fd3a8032720 0x7fd3a8034be0 unknown :-1 s=CLOSED pgs=11 cs=0 l=1 rev1=1 rx=0 tx=0).stop
2024-05-21T06:29:56.046 INFO:teuthology.orchestra.run.smithi082.stderr:/usr/bin/ceph:
2024-05-21T06:29:56.045+0000 7fd3c7600700 1 --2- 172.21.15.82:0/2345668975 >> [v2:172.21.15.82:3300/0,v1:172.21.15.82:6789/0] conn(0x7fd3c00fbed0 0x7fd3c010dee0 unknown :-1 s=CLOSED pgs=44 cs=0 l=1 rev1=1 rx=0 tx=0).stop
2024-05-21T06:29:56.046 INFO:teuthology.orchestra.run.smithi082.stderr:/usr/bin/ceph:
2024-05-21T06:29:56.045+0000 7fd3c7600700 1 -- 172.21.15.82:0/2345668975 >> 172.21.15.82:0/2345668975 conn(0x7fd3c00f76f0 msgr2=0x7fd3c00718d0 unknown :-1 s=STATE_NONE l=0).mark_down
2024-05-21T06:29:56.046 INFO:teuthology.orchestra.run.smithi082.stderr:/usr/bin/ceph:
2024-05-21T06:29:56.045+0000 7fd3c7600700 1 -- 172.21.15.82:0/2345668975 shutdown_connections
2024-05-21T06:29:56.046 INFO:teuthology.orchestra.run.smithi082.stderr:/usr/bin/ceph:
2024-05-21T06:29:56.045+0000 7fd3c7600700 1 -- 172.21.15.82:0/2345668975 wait complete.
2024-05-21T06:29:57.197 INFO:teuthology.orchestra.run.smithi082.stderr:Deploying mgr service with default placement...
2024-05-21T06:29:57.202 INFO:journalctl@ceph.mon.smithi082.smithi082.stdout:May 21 06:29:57 smithi082 ceph-54301ac8-173b-11ef-bc9a-c7b262605968-mon-smithi082[35923]: audit
2024-05-21T06:29:56.038480+0000 mgr.smithi082.auyyiw (mgr.14118) 11 : audit [DBG] from='client.14138 -' entity='client.admin' cmd=[{"prefix": "orch apply", "service_type": "mon", "target": ["mon-mgr", ""]}]: dispatch
2024-05-21T06:29:57.202 INFO:journalctl@ceph.mon.smithi082.smithi082.stdout:May 21 06:29:57 smithi082 ceph-54301ac8-173b-11ef-bc9a-c7b262605968-mon-smithi082[35923]: cephadm
2024-05-21T06:29:56.040006+0000 mgr.smithi082.auyyiw (mgr.14118) 12 : cephadm [INF] Saving service mon spec with placement count:5
2024-05-21T06:29:57.202 INFO:journalctl@ceph.mon.smithi082.smithi082.stdout:May 21 06:29:57 smithi082 ceph-54301ac8-173b-11ef-bc9a-c7b262605968-mon-smithi082[35923]: audit
2024-05-21T06:29:56.042428+0000 mon.smithi082 (mon.0) 56 : audit [INF] from='mgr.14118 172.21.15.82:0/1843169084' entity='mgr.smithi082.auyyiw'
2024-05-21T06:29:58.037 INFO:teuthology.orchestra.run.smithi082.stderr:/usr/bin/ceph:
2024-05-21T06:29:58.034+0000 7fdbd2400700 1 Processor -- start
2024-05-21T06:29:58.037 INFO:teuthology.orchestra.run.smithi082.stderr:/usr/bin/ceph:
2024-05-21T06:29:58.035+0000 7fdbd2400700 1 -- start start
2024-05-21T06:29:58.037 INFO:teuthology.orchestra.run.smithi082.stderr:/usr/bin/ceph:
2024-05-21T06:29:58.035+0000 7fdbd2400700 1 --2- >> [v2:172.21.15.82:3300/0,v1:172.21.15.82:6789/0] conn(0x7fdbcc071b80 0x7fdbcc0ffd10 unknown :-1 s=NONE pgs=0 cs=0 l=0 rev1=0 rx=0 tx=0).connect
2024-05-21T06:29:58.037 INFO:teuthology.orchestra.run.smithi082.stderr:/usr/bin/ceph:
2024-05-21T06:29:58.035+0000 7fdbd2400700 1 -- --> [v2:172.21.15.82:3300/0,v1:172.21.15.82:6789/0] -- mon_getmap magic: 0 v1 -- 0x7fdbcc071fa0 con 0x7fdbcc071b80
2024-05-21T06:29:58.037 INFO:teuthology.orchestra.run.smithi082.stderr:/usr/bin/ceph:
2024-05-21T06:29:58.035+0000 7fdbcb400700 1 --2- >> [v2:172.21.15.82:3300/0,v1:172.21.15.82:6789/0] conn(0x7fdbcc071b80 0x7fdbcc0ffd10 unknown :-1 s=BANNER_CONNECTING pgs=0 cs=0 l=0 rev1=0 rx=0 tx=0)._handle_peer_banner_payload supported=1 required=0
2024-05-21T06:29:58.037 INFO:teuthology.orchestra.run.smithi082.stderr:/usr/bin/ceph:
2024-05-21T06:29:58.035+0000 7fdbcb400700 1 --2- >> [v2:172.21.15.82:3300/0,v1:172.21.15.82:6789/0] conn(0x7fdbcc071b80 0x7fdbcc0ffd10 unknown :-1 s=HELLO_CONNECTING pgs=0 cs=0 l=0 rev1=1 rx=0 tx=0).handle_hello peer v2:172.21.15.82:3300/0 says I am v2:172.21.15.82:47510/0 (socket says 172.21.15.82:47510)
2024-05-21T06:29:58.037 INFO:teuthology.orchestra.run.smithi082.stderr:/usr/bin/ceph:
2024-05-21T06:29:58.035+0000 7fdbcb400700 1 -- 172.21.15.82:0/3125229223 learned_addr learned my addr 172.21.15.82:0/3125229223 (peer_addr_for_me v2:172.21.15.82:0/0)
2024-05-21T06:29:58.037 INFO:teuthology.orchestra.run.smithi082.stderr:/usr/bin/ceph:
2024-05-21T06:29:58.036+0000 7fdbcb400700 1 -- 172.21.15.82:0/3125229223 --> [v2:172.21.15.82:3300/0,v1:172.21.15.82:6789/0] -- mon_subscribe({config=0+,monmap=0+}) v3 -- 0x7fdbcc100200 con 0x7fdbcc071b80
2024-05-21T06:29:58.039 INFO:teuthology.orchestra.run.smithi082.stderr:/usr/bin/ceph:
2024-05-21T06:29:58.036+0000 7fdbcb400700 1 --2- 172.21.15.82:0/3125229223 >> [v2:172.21.15.82:3300/0,v1:172.21.15.82:6789/0] conn(0x7fdbcc071b80 0x7fdbcc0ffd10 secure :-1 s=READY pgs=45 cs=0 l=1 rev1=1 rx=0x7fdbbc009730 tx=0x7fdbbc0090f0).ready entity=mon.0 client_cookie=9f240d287329f5fd server_cookie=0 in_seq=0 out_seq=0
2024-05-21T06:29:58.039 INFO:teuthology.orchestra.run.smithi082.stderr:/usr/bin/ceph:
2024-05-21T06:29:58.036+0000 7fdbcaa00700 1 -- 172.21.15.82:0/3125229223 <== mon.0 v2:172.21.15.82:3300/0 1 ==== mon_map magic: 0 v1 ==== 229+0+0 (secure 0 0 0) 0x7fdbbc00b6e0 con 0x7fdbcc071b80
2024-05-21T06:29:58.039 INFO:teuthology.orchestra.run.smithi082.stderr:/usr/bin/ceph:
2024-05-21T06:29:58.036+0000 7fdbcaa00700 1 -- 172.21.15.82:0/3125229223 <== mon.0 v2:172.21.15.82:3300/0 2 ==== config(25 keys) v1 ==== 975+0+0 (secure 0 0 0) 0x7fdbbc00bc80 con 0x7fdbcc071b80
2024-05-21T06:29:58.039 INFO:teuthology.orchestra.run.smithi082.stderr:/usr/bin/ceph:
2024-05-21T06:29:58.036+0000 7fdbcaa00700 1 -- 172.21.15.82:0/3125229223 <== mon.0 v2:172.21.15.82:3300/0 3 ==== mon_map magic: 0 v1 ==== 229+0+0 (secure 0 0 0) 0x7fdbbc011c70 con 0x7fdbcc071b80
2024-05-21T06:29:58.039 INFO:teuthology.orchestra.run.smithi082.stderr:/usr/bin/ceph:
2024-05-21T06:29:58.037+0000 7fdbd2400700 1 -- 172.21.15.82:0/3125229223 >> [v2:172.21.15.82:3300/0,v1:172.21.15.82:6789/0] conn(0x7fdbcc071b80 msgr2=0x7fdbcc0ffd10 secure :-1 s=STATE_CONNECTION_ESTABLISHED l=1).mark_down
2024-05-21T06:29:58.039 INFO:teuthology.orchestra.run.smithi082.stderr:/usr/bin/ceph:
2024-05-21T06:29:58.037+0000 7fdbd2400700 1 --2- 172.21.15.82:0/3125229223 >> [v2:172.21.15.82:3300/0,v1:172.21.15.82:6789/0] conn(0x7fdbcc071b80 0x7fdbcc0ffd10 secure :-1 s=READY pgs=45 cs=0 l=1 rev1=1 rx=0x7fdbbc009730 tx=0x7fdbbc0090f0).stop
2024-05-21T06:29:58.039 INFO:teuthology.orchestra.run.smithi082.stderr:/usr/bin/ceph:
2024-05-21T06:29:58.037+0000 7fdbd2400700 1 -- 172.21.15.82:0/3125229223 shutdown_connections
2024-05-21T06:29:58.039 INFO:teuthology.orchestra.run.smithi082.stderr:/usr/bin/ceph:
2024-05-21T06:29:58.037+0000 7fdbd2400700 1 --2- 172.21.15.82:0/3125229223 >> [v2:172.21.15.82:3300/0,v1:172.21.15.82:6789/0] conn(0x7fdbcc071b80 0x7fdbcc0ffd10 unknown :-1 s=CLOSED pgs=45 cs=0 l=1 rev1=1 rx=0 tx=0).stop
2024-05-21T06:29:58.039 INFO:teuthology.orchestra.run.smithi082.stderr:/usr/bin/ceph:
2024-05-21T06:29:58.037+0000 7fdbd2400700 1 -- 172.21.15.82:0/3125229223 >> 172.21.15.82:0/3125229223 conn(0x7fdbcc0f76f0 msgr2=0x7fdbcc0f9b10 unknown :-1 s=STATE_NONE l=0).mark_down
2024-05-21T06:29:58.039 INFO:teuthology.orchestra.run.smithi082.stderr:/usr/bin/ceph:
2024-05-21T06:29:58.037+0000 7fdbd2400700 1 -- 172.21.15.82:0/3125229223 shutdown_connections
2024-05-21T06:29:58.039 INFO:teuthology.orchestra.run.smithi082.stderr:/usr/bin/ceph:
2024-05-21T06:29:58.037+0000 7fdbd2400700 1 -- 172.21.15.82:0/3125229223 wait complete.
2024-05-21T06:29:58.041 INFO:teuthology.orchestra.run.smithi082.stderr:/usr/bin/ceph:
2024-05-21T06:29:58.038+0000 7fdbd2400700 1 Processor -- start
2024-05-21T06:29:58.041 INFO:teuthology.orchestra.run.smithi082.stderr:/usr/bin/ceph:
2024-05-21T06:29:58.039+0000 7fdbd2400700 1 -- start start
2024-05-21T06:29:58.041 INFO:teuthology.orchestra.run.smithi082.stderr:/usr/bin/ceph:
2024-05-21T06:29:58.039+0000 7fdbd2400700 1 --2- >> [v2:172.21.15.82:3300/0,v1:172.21.15.82:6789/0] conn(0x7fdbcc071b80 0x7fdbcc10df10 unknown :-1 s=NONE pgs=0 cs=0 l=1 rev1=0 rx=0 tx=0).connect
2024-05-21T06:29:58.041 INFO:teuthology.orchestra.run.smithi082.stderr:/usr/bin/ceph:
2024-05-21T06:29:58.039+0000 7fdbd2400700 1 -- --> [v2:172.21.15.82:3300/0,v1:172.21.15.82:6789/0] -- mon_getmap magic: 0 v1 -- 0x7fdbcc10e400 con 0x7fdbcc071b80
2024-05-21T06:29:58.041 INFO:teuthology.orchestra.run.smithi082.stderr:/usr/bin/ceph:
2024-05-21T06:29:58.039+0000 7fdbcb400700 1 --2- >> [v2:172.21.15.82:3300/0,v1:172.21.15.82:6789/0] conn(0x7fdbcc071b80 0x7fdbcc10df10 unknown :-1 s=BANNER_CONNECTING pgs=0 cs=0 l=1 rev1=0 rx=0 tx=0)._handle_peer_banner_payload supported=1 required=0
2024-05-21T06:29:58.041 INFO:teuthology.orchestra.run.smithi082.stderr:/usr/bin/ceph:
2024-05-21T06:29:58.039+0000 7fdbcb400700 1 --2- >> [v2:172.21.15.82:3300/0,v1:172.21.15.82:6789/0] conn(0x7fdbcc071b80 0x7fdbcc10df10 unknown :-1 s=HELLO_CONNECTING pgs=0 cs=0 l=1 rev1=1 rx=0 tx=0).handle_hello peer v2:172.21.15.82:3300/0 says I am v2:172.21.15.82:47518/0 (socket says 172.21.15.82:47518)
2024-05-21T06:29:58.041 INFO:teuthology.orchestra.run.smithi082.stderr:/usr/bin/ceph:
2024-05-21T06:29:58.039+0000 7fdbcb400700 1 -- 172.21.15.82:0/3062272141 learned_addr learned my addr 172.21.15.82:0/3062272141 (peer_addr_for_me v2:172.21.15.82:0/0)
2024-05-21T06:29:58.042 INFO:teuthology.orchestra.run.smithi082.stderr:/usr/bin/ceph:
2024-05-21T06:29:58.040+0000 7fdbcb400700 1 -- 172.21.15.82:0/3062272141 --> [v2:172.21.15.82:3300/0,v1:172.21.15.82:6789/0] -- mon_subscribe({config=0+,monmap=0+}) v3 -- 0x7fdbbc009370 con 0x7fdbcc071b80
2024-05-21T06:29:58.042 INFO:teuthology.orchestra.run.smithi082.stderr:/usr/bin/ceph:
2024-05-21T06:29:58.040+0000 7fdbcb400700 1 --2- 172.21.15.82:0/3062272141 >> [v2:172.21.15.82:3300/0,v1:172.21.15.82:6789/0] conn(0x7fdbcc071b80 0x7fdbcc10df10 secure :-1 s=READY pgs=46 cs=0 l=1 rev1=1 rx=0x7fdbbc009340 tx=0x7fdbbc0090f0).ready entity=mon.0 client_cookie=0 server_cookie=0 in_seq=0 out_seq=0
2024-05-21T06:29:58.043 INFO:teuthology.orchestra.run.smithi082.stderr:/usr/bin/ceph:
2024-05-21T06:29:58.040+0000 7fdbc8c00700 1 -- 172.21.15.82:0/3062272141 <== mon.0 v2:172.21.15.82:3300/0 1 ==== mon_map magic: 0 v1 ==== 229+0+0 (secure 0 0 0) 0x7fdbbc011a90 con 0x7fdbcc071b80
2024-05-21T06:29:58.043 INFO:teuthology.orchestra.run.smithi082.stderr:/usr/bin/ceph:
2024-05-21T06:29:58.040+0000 7fdbc8c00700 1 -- 172.21.15.82:0/3062272141 <== mon.0 v2:172.21.15.82:3300/0 2 ==== config(25 keys) v1 ==== 975+0+0 (secure 0 0 0) 0x7fdbbc011c30 con 0x7fdbcc071b80
2024-05-21T06:29:58.043 INFO:teuthology.orchestra.run.smithi082.stderr:/usr/bin/ceph:
2024-05-21T06:29:58.040+0000 7fdbd2400700 1 -- 172.21.15.82:0/3062272141 --> [v2:172.21.15.82:3300/0,v1:172.21.15.82:6789/0] -- mon_subscribe({mgrmap=0+}) v3 -- 0x7fdbcc10e600 con 0x7fdbcc071b80
2024-05-21T06:29:58.043 INFO:teuthology.orchestra.run.smithi082.stderr:/usr/bin/ceph:
2024-05-21T06:29:58.040+0000 7fdbc8c00700 1 -- 172.21.15.82:0/3062272141 <== mon.0 v2:172.21.15.82:3300/0 3 ==== mon_map magic: 0 v1 ==== 229+0+0 (secure 0 0 0) 0x7fdbbc01a9a0 con 0x7fdbcc071b80
2024-05-21T06:29:58.043 INFO:teuthology.orchestra.run.smithi082.stderr:/usr/bin/ceph:
2024-05-21T06:29:58.040+0000 7fdbd2400700 1 -- 172.21.15.82:0/3062272141 --> [v2:172.21.15.82:3300/0,v1:172.21.15.82:6789/0] -- mon_subscribe({osdmap=0}) v3 -- 0x7fdbcc10ea10 con 0x7fdbcc071b80
2024-05-21T06:29:58.043 INFO:teuthology.orchestra.run.smithi082.stderr:/usr/bin/ceph:
2024-05-21T06:29:58.041+0000 7fdbc8c00700 1 -- 172.21.15.82:0/3062272141 <== mon.0 v2:172.21.15.82:3300/0 4 ==== mgrmap(e 8) v1 ==== 38632+0+0 (secure 0 0 0) 0x7fdbbc010af0 con 0x7fdbcc071b80
2024-05-21T06:29:58.043 INFO:teuthology.orchestra.run.smithi082.stderr:/usr/bin/ceph:
2024-05-21T06:29:58.041+0000 7fdbd2400700 1 -- 172.21.15.82:0/3062272141 --> [v2:172.21.15.82:3300/0,v1:172.21.15.82:6789/0] -- mon_command({"prefix": "get_command_descriptions"} v 0) v1 -- 0x7fdbcc046ce0 con 0x7fdbcc071b80
2024-05-21T06:29:58.043 INFO:teuthology.orchestra.run.smithi082.stderr:/usr/bin/ceph:
2024-05-21T06:29:58.042+0000 7fdbc8c00700 1 --2- 172.21.15.82:0/3062272141 >> [v2:172.21.15.82:6800/3843280992,v1:172.21.15.82:6801/3843280992] conn(0x7fdbb00326d0 0x7fdbb0034b90 unknown :-1 s=NONE pgs=0 cs=0 l=1 rev1=0 rx=0 tx=0).connect
2024-05-21T06:29:58.044 INFO:teuthology.orchestra.run.smithi082.stderr:/usr/bin/ceph:
2024-05-21T06:29:58.042+0000 7fdbc8c00700 1 -- 172.21.15.82:0/3062272141 <== mon.0 v2:172.21.15.82:3300/0 5 ==== osd_map(2..2 src has 1..2) v4 ==== 893+0+0 (secure 0 0 0) 0x7fdbbc044d70 con 0x7fdbcc071b80
2024-05-21T06:29:58.044 INFO:teuthology.orchestra.run.smithi082.stderr:/usr/bin/ceph:
2024-05-21T06:29:58.042+0000 7fdbc2a00700 1 --2- 172.21.15.82:0/3062272141 >> [v2:172.21.15.82:6800/3843280992,v1:172.21.15.82:6801/3843280992] conn(0x7fdbb00326d0 0x7fdbb0034b90 unknown :-1 s=BANNER_CONNECTING pgs=0 cs=0 l=1 rev1=0 rx=0 tx=0)._handle_peer_banner_payload supported=1 required=0
2024-05-21T06:29:58.044 INFO:teuthology.orchestra.run.smithi082.stderr:/usr/bin/ceph:
2024-05-21T06:29:58.043+0000 7fdbc2a00700 1 --2- 172.21.15.82:0/3062272141 >> [v2:172.21.15.82:6800/3843280992,v1:172.21.15.82:6801/3843280992] conn(0x7fdbb00326d0 0x7fdbb0034b90 secure :-1 s=READY pgs=12 cs=0 l=1 rev1=1 rx=0x7fdbb4009780 tx=0x7fdbb4006cc0).ready entity=mgr.14118 client_cookie=0 server_cookie=0 in_seq=0 out_seq=0
2024-05-21T06:29:58.047 INFO:teuthology.orchestra.run.smithi082.stderr:/usr/bin/ceph:
2024-05-21T06:29:58.046+0000 7fdbc8c00700 1 -- 172.21.15.82:0/3062272141 <== mon.0 v2:172.21.15.82:3300/0 6 ==== mon_command_ack([{"prefix": "get_command_descriptions"}]=0 v0) v1 ==== 72+0+163658 (secure 0 0 0) 0x7fdbbc018970 con 0x7fdbcc071b80
2024-05-21T06:29:58.229 INFO:teuthology.orchestra.run.smithi082.stderr:/usr/bin/ceph:
2024-05-21T06:29:58.228+0000 7fdbd2400700 1 -- 172.21.15.82:0/3062272141 --> [v2:172.21.15.82:6800/3843280992,v1:172.21.15.82:6801/3843280992] -- mgr_command(tid 0: {"prefix": "orch apply", "service_type": "mgr", "target": ["mon-mgr", ""]}) v1 -- 0x7fdbcc10f2f0 con 0x7fdbb00326d0
2024-05-21T06:29:58.234 INFO:teuthology.orchestra.run.smithi082.stderr:/usr/bin/ceph:
2024-05-21T06:29:58.233+0000 7fdbc8c00700 1 -- 172.21.15.82:0/3062272141 <== mgr.14118 v2:172.21.15.82:6800/3843280992 1 ==== mgr_command_reply(tid 0: 0 ) v1 ==== 8+0+24 (secure 0 0 0) 0x7fdbcc10f2f0 con 0x7fdbb00326d0
2024-05-21T06:29:58.234 INFO:teuthology.orchestra.run.smithi082.stderr:/usr/bin/ceph: Scheduled mgr update...
2024-05-21T06:29:58.236 INFO:teuthology.orchestra.run.smithi082.stderr:/usr/bin/ceph:
2024-05-21T06:29:58.235+0000 7fdbd2400700 1 -- 172.21.15.82:0/3062272141 >> [v2:172.21.15.82:6800/3843280992,v1:172.21.15.82:6801/3843280992] conn(0x7fdbb00326d0 msgr2=0x7fdbb0034b90 secure :-1 s=STATE_CONNECTION_ESTABLISHED l=1).mark_down
2024-05-21T06:29:58.237 INFO:teuthology.orchestra.run.smithi082.stderr:/usr/bin/ceph:
2024-05-21T06:29:58.235+0000 7fdbd2400700 1 --2- 172.21.15.82:0/3062272141 >> [v2:172.21.15.82:6800/3843280992,v1:172.21.15.82:6801/3843280992] conn(0x7fdbb00326d0 0x7fdbb0034b90 secure :-1 s=READY pgs=12 cs=0 l=1 rev1=1 rx=0x7fdbb4009780 tx=0x7fdbb4006cc0).stop
2024-05-21T06:29:58.237 INFO:teuthology.orchestra.run.smithi082.stderr:/usr/bin/ceph:
2024-05-21T06:29:58.235+0000 7fdbd2400700 1 -- 172.21.15.82:0/3062272141 >> [v2:172.21.15.82:3300/0,v1:172.21.15.82:6789/0] conn(0x7fdbcc071b80 msgr2=0x7fdbcc10df10 secure :-1 s=STATE_CONNECTION_ESTABLISHED l=1).mark_down
2024-05-21T06:29:58.237 INFO:teuthology.orchestra.run.smithi082.stderr:/usr/bin/ceph:
2024-05-21T06:29:58.235+0000 7fdbd2400700 1 --2- 172.21.15.82:0/3062272141 >> [v2:172.21.15.82:3300/0,v1:172.21.15.82:6789/0] conn(0x7fdbcc071b80 0x7fdbcc10df10 secure :-1 s=READY pgs=46 cs=0 l=1 rev1=1 rx=0x7fdbbc009340 tx=0x7fdbbc0090f0).stop
2024-05-21T06:29:58.237 INFO:teuthology.orchestra.run.smithi082.stderr:/usr/bin/ceph:
2024-05-21T06:29:58.235+0000 7fdbd2400700 1 -- 172.21.15.82:0/3062272141 shutdown_connections
2024-05-21T06:29:58.237 INFO:teuthology.orchestra.run.smithi082.stderr:/usr/bin/ceph:
2024-05-21T06:29:58.235+0000 7fdbd2400700 1 --2- 172.21.15.82:0/3062272141 >> [v2:172.21.15.82:6800/3843280992,v1:172.21.15.82:6801/3843280992] conn(0x7fdbb00326d0 0x7fdbb0034b90 unknown :-1 s=CLOSED pgs=12 cs=0 l=1 rev1=1 rx=0 tx=0).stop
2024-05-21T06:29:58.237 INFO:teuthology.orchestra.run.smithi082.stderr:/usr/bin/ceph:
2024-05-21T06:29:58.235+0000 7fdbd2400700 1 --2- 172.21.15.82:0/3062272141 >> [v2:172.21.15.82:3300/0,v1:172.21.15.82:6789/0] conn(0x7fdbcc071b80 0x7fdbcc10df10 unknown :-1 s=CLOSED pgs=46 cs=0 l=1 rev1=1 rx=0 tx=0).stop
2024-05-21T06:29:58.237 INFO:teuthology.orchestra.run.smithi082.stderr:/usr/bin/ceph:
2024-05-21T06:29:58.235+0000 7fdbd2400700 1 -- 172.21.15.82:0/3062272141 >> 172.21.15.82:0/3062272141 conn(0x7fdbcc0f76f0 msgr2=0x7fdbcc0f90b0 unknown :-1 s=STATE_NONE l=0).mark_down
2024-05-21T06:29:58.237 INFO:teuthology.orchestra.run.smithi082.stderr:/usr/bin/ceph:
2024-05-21T06:29:58.235+0000 7fdbd2400700 1 -- 172.21.15.82:0/3062272141 shutdown_connections
2024-05-21T06:29:58.237 INFO:teuthology.orchestra.run.smithi082.stderr:/usr/bin/ceph:
2024-05-21T06:29:58.235+0000 7fdbd2400700 1 -- 172.21.15.82:0/3062272141 wait complete.
2024-05-21T06:29:59.105 INFO:teuthology.orchestra.run.smithi082.stderr:Deploying crash service with default placement...
2024-05-21T06:29:59.413 INFO:journalctl@ceph.mon.smithi082.smithi082.stdout:May 21 06:29:59 smithi082 ceph-54301ac8-173b-11ef-bc9a-c7b262605968-mon-smithi082[35923]: audit
2024-05-21T06:29:58.230546+0000 mgr.smithi082.auyyiw (mgr.14118) 13 : audit [DBG] from='client.14140 -' entity='client.admin' cmd=[{"prefix": "orch apply", "service_type": "mgr", "target": ["mon-mgr", ""]}]: dispatch
2024-05-21T06:29:59.414 INFO:journalctl@ceph.mon.smithi082.smithi082.stdout:May 21 06:29:59 smithi082 ceph-54301ac8-173b-11ef-bc9a-c7b262605968-mon-smithi082[35923]: cephadm
2024-05-21T06:29:58.231414+0000 mgr.smithi082.auyyiw (mgr.14118) 14 : cephadm [INF] Saving service mgr spec with placement count:2
2024-05-21T06:29:59.414 INFO:journalctl@ceph.mon.smithi082.smithi082.stdout:May 21 06:29:59 smithi082 ceph-54301ac8-173b-11ef-bc9a-c7b262605968-mon-smithi082[35923]: audit
2024-05-21T06:29:58.234063+0000 mon.smithi082 (mon.0) 57 : audit [INF] from='mgr.14118 172.21.15.82:0/1843169084' entity='mgr.smithi082.auyyiw'
2024-05-21T06:29:59.414 INFO:journalctl@ceph.mon.smithi082.smithi082.stdout:May 21 06:29:59 smithi082 ceph-54301ac8-173b-11ef-bc9a-c7b262605968-mon-smithi082[35923]: audit
2024-05-21T06:29:58.452608+0000 mon.smithi082 (mon.0) 58 : audit [INF] from='mgr.14118 172.21.15.82:0/1843169084' entity='mgr.smithi082.auyyiw'
2024-05-21T06:29:59.414 INFO:journalctl@ceph.mon.smithi082.smithi082.stdout:May 21 06:29:59 smithi082 ceph-54301ac8-173b-11ef-bc9a-c7b262605968-mon-smithi082[35923]: audit
2024-05-21T06:29:58.860081+0000 mon.smithi082 (mon.0) 59 : audit [INF] from='mgr.14118 172.21.15.82:0/1843169084' entity='mgr.smithi082.auyyiw'
2024-05-21T06:29:59.729 INFO:teuthology.orchestra.run.smithi082.stderr:/usr/bin/ceph:
2024-05-21T06:29:59.727+0000 7fcff9a00700 1 Processor -- start
2024-05-21T06:29:59.729 INFO:teuthology.orchestra.run.smithi082.stderr:/usr/bin/ceph:
2024-05-21T06:29:59.727+0000 7fcff9a00700 1 -- start start
2024-05-21T06:29:59.729 INFO:teuthology.orchestra.run.smithi082.stderr:/usr/bin/ceph:
2024-05-21T06:29:59.728+0000 7fcff9a00700 1 --2- >> [v2:172.21.15.82:3300/0,v1:172.21.15.82:6789/0] conn(0x7fcff4100840 0x7fcff4100c60 unknown :-1 s=NONE pgs=0 cs=0 l=0 rev1=0 rx=0 tx=0).connect
2024-05-21T06:29:59.730 INFO:teuthology.orchestra.run.smithi082.stderr:/usr/bin/ceph:
2024-05-21T06:29:59.728+0000 7fcff9a00700 1 -- --> [v2:172.21.15.82:3300/0,v1:172.21.15.82:6789/0] -- mon_getmap magic: 0 v1 -- 0x7fcff4101150 con 0x7fcff4100840
2024-05-21T06:29:59.731 INFO:teuthology.orchestra.run.smithi082.stderr:/usr/bin/ceph:
2024-05-21T06:29:59.728+0000 7fcff2a00700 1 --2- >> [v2:172.21.15.82:3300/0,v1:172.21.15.82:6789/0] conn(0x7fcff4100840 0x7fcff4100c60 unknown :-1 s=BANNER_CONNECTING pgs=0 cs=0 l=0 rev1=0 rx=0 tx=0)._handle_peer_banner_payload supported=1 required=0
2024-05-21T06:29:59.731 INFO:teuthology.orchestra.run.smithi082.stderr:/usr/bin/ceph:
2024-05-21T06:29:59.729+0000 7fcff2a00700 1 --2- >> [v2:172.21.15.82:3300/0,v1:172.21.15.82:6789/0] conn(0x7fcff4100840 0x7fcff4100c60 unknown :-1 s=HELLO_CONNECTING pgs=0 cs=0 l=0 rev1=1 rx=0 tx=0).handle_hello peer v2:172.21.15.82:3300/0 says I am v2:172.21.15.82:47524/0 (socket says 172.21.15.82:47524)
2024-05-21T06:29:59.731 INFO:teuthology.orchestra.run.smithi082.stderr:/usr/bin/ceph:
2024-05-21T06:29:59.729+0000 7fcff2a00700 1 -- 172.21.15.82:0/2698971735 learned_addr learned my addr 172.21.15.82:0/2698971735 (peer_addr_for_me v2:172.21.15.82:0/0)
2024-05-21T06:29:59.731 INFO:teuthology.orchestra.run.smithi082.stderr:/usr/bin/ceph:
2024-05-21T06:29:59.729+0000 7fcff2a00700 1 -- 172.21.15.82:0/2698971735 --> [v2:172.21.15.82:3300/0,v1:172.21.15.82:6789/0] -- mon_subscribe({config=0+,monmap=0+}) v3 -- 0x7fcff4101290 con 0x7fcff4100840
2024-05-21T06:29:59.731 INFO:teuthology.orchestra.run.smithi082.stderr:/usr/bin/ceph:
2024-05-21T06:29:59.729+0000 7fcff2a00700 1 --2- 172.21.15.82:0/2698971735 >> [v2:172.21.15.82:3300/0,v1:172.21.15.82:6789/0] conn(0x7fcff4100840 0x7fcff4100c60 secure :-1 s=READY pgs=47 cs=0 l=1 rev1=1 rx=0x7fcfe4009730 tx=0x7fcfe40090f0).ready entity=mon.0 client_cookie=a2d59de5618e8769 server_cookie=0 in_seq=0 out_seq=0
2024-05-21T06:29:59.731 INFO:teuthology.orchestra.run.smithi082.stderr:/usr/bin/ceph:
2024-05-21T06:29:59.729+0000 7fcff2000700 1 -- 172.21.15.82:0/2698971735 <== mon.0 v2:172.21.15.82:3300/0 1 ==== mon_map magic: 0 v1 ==== 229+0+0 (secure 0 0 0) 0x7fcfe400b6e0 con 0x7fcff4100840
2024-05-21T06:29:59.731 INFO:teuthology.orchestra.run.smithi082.stderr:/usr/bin/ceph:
2024-05-21T06:29:59.729+0000 7fcff2000700 1 -- 172.21.15.82:0/2698971735 <== mon.0 v2:172.21.15.82:3300/0 2 ==== config(25 keys) v1 ==== 1038+0+0 (secure 0 0 0) 0x7fcfe400bcc0 con 0x7fcff4100840
2024-05-21T06:29:59.731 INFO:teuthology.orchestra.run.smithi082.stderr:/usr/bin/ceph:
2024-05-21T06:29:59.730+0000 7fcff2000700 1 -- 172.21.15.82:0/2698971735 <== mon.0 v2:172.21.15.82:3300/0 3 ==== mon_map magic: 0 v1 ==== 229+0+0 (secure 0 0 0) 0x7fcfe4011cb0 con 0x7fcff4100840
2024-05-21T06:29:59.732 INFO:teuthology.orchestra.run.smithi082.stderr:/usr/bin/ceph:
2024-05-21T06:29:59.730+0000 7fcff9a00700 1 -- 172.21.15.82:0/2698971735 >> [v2:172.21.15.82:3300/0,v1:172.21.15.82:6789/0] conn(0x7fcff4100840 msgr2=0x7fcff4100c60 secure :-1 s=STATE_CONNECTION_ESTABLISHED l=1).mark_down
2024-05-21T06:29:59.733 INFO:teuthology.orchestra.run.smithi082.stderr:/usr/bin/ceph:
2024-05-21T06:29:59.730+0000 7fcff9a00700 1 --2- 172.21.15.82:0/2698971735 >> [v2:172.21.15.82:3300/0,v1:172.21.15.82:6789/0] conn(0x7fcff4100840 0x7fcff4100c60 secure :-1 s=READY pgs=47 cs=0 l=1 rev1=1 rx=0x7fcfe4009730 tx=0x7fcfe40090f0).stop
2024-05-21T06:29:59.733 INFO:teuthology.orchestra.run.smithi082.stderr:/usr/bin/ceph:
2024-05-21T06:29:59.730+0000 7fcff9a00700 1 -- 172.21.15.82:0/2698971735 shutdown_connections
2024-05-21T06:29:59.733 INFO:teuthology.orchestra.run.smithi082.stderr:/usr/bin/ceph:
2024-05-21T06:29:59.730+0000 7fcff9a00700 1 --2- 172.21.15.82:0/2698971735 >> [v2:172.21.15.82:3300/0,v1:172.21.15.82:6789/0] conn(0x7fcff4100840 0x7fcff4100c60 unknown :-1 s=CLOSED pgs=47 cs=0 l=1 rev1=1 rx=0 tx=0).stop
2024-05-21T06:29:59.733 INFO:teuthology.orchestra.run.smithi082.stderr:/usr/bin/ceph:
2024-05-21T06:29:59.730+0000 7fcff9a00700 1 -- 172.21.15.82:0/2698971735 >> 172.21.15.82:0/2698971735 conn(0x7fcff4072830 msgr2=0x7fcff4072c40 unknown :-1 s=STATE_NONE l=0).mark_down
2024-05-21T06:29:59.733 INFO:teuthology.orchestra.run.smithi082.stderr:/usr/bin/ceph:
2024-05-21T06:29:59.730+0000 7fcff9a00700 1 -- 172.21.15.82:0/2698971735 shutdown_connections
2024-05-21T06:29:59.733 INFO:teuthology.orchestra.run.smithi082.stderr:/usr/bin/ceph:
2024-05-21T06:29:59.730+0000 7fcff9a00700 1 -- 172.21.15.82:0/2698971735 wait complete.
2024-05-21T06:29:59.733 INFO:teuthology.orchestra.run.smithi082.stderr:/usr/bin/ceph:
2024-05-21T06:29:59.731+0000 7fcff9a00700 1 Processor -- start
2024-05-21T06:29:59.733 INFO:teuthology.orchestra.run.smithi082.stderr:/usr/bin/ceph:
2024-05-21T06:29:59.732+0000 7fcff9a00700 1 -- start start
2024-05-21T06:29:59.733 INFO:teuthology.orchestra.run.smithi082.stderr:/usr/bin/ceph:
2024-05-21T06:29:59.732+0000 7fcff9a00700 1 --2- >> [v2:172.21.15.82:3300/0,v1:172.21.15.82:6789/0] conn(0x7fcff4100840 0x7fcff410df40 unknown :-1 s=NONE pgs=0 cs=0 l=1 rev1=0 rx=0 tx=0).connect
2024-05-21T06:29:59.734 INFO:teuthology.orchestra.run.smithi082.stderr:/usr/bin/ceph:
2024-05-21T06:29:59.732+0000 7fcff9a00700 1 -- --> [v2:172.21.15.82:3300/0,v1:172.21.15.82:6789/0] -- mon_getmap magic: 0 v1 -- 0x7fcff410e430 con 0x7fcff4100840
2024-05-21T06:29:59.735 INFO:teuthology.orchestra.run.smithi082.stderr:/usr/bin/ceph:
2024-05-21T06:29:59.732+0000 7fcff2a00700 1 --2- >> [v2:172.21.15.82:3300/0,v1:172.21.15.82:6789/0] conn(0x7fcff4100840 0x7fcff410df40 unknown :-1 s=BANNER_CONNECTING pgs=0 cs=0 l=1 rev1=0 rx=0 tx=0)._handle_peer_banner_payload supported=1 required=0
2024-05-21T06:29:59.735 INFO:teuthology.orchestra.run.smithi082.stderr:/usr/bin/ceph:
2024-05-21T06:29:59.732+0000 7fcff2a00700 1 --2- >> [v2:172.21.15.82:3300/0,v1:172.21.15.82:6789/0] conn(0x7fcff4100840 0x7fcff410df40 unknown :-1 s=HELLO_CONNECTING pgs=0 cs=0 l=1 rev1=1 rx=0 tx=0).handle_hello peer v2:172.21.15.82:3300/0 says I am v2:172.21.15.82:47538/0 (socket says 172.21.15.82:47538)
2024-05-21T06:29:59.735 INFO:teuthology.orchestra.run.smithi082.stderr:/usr/bin/ceph:
2024-05-21T06:29:59.732+0000 7fcff2a00700 1 -- 172.21.15.82:0/328880411 learned_addr learned my addr 172.21.15.82:0/328880411 (peer_addr_for_me v2:172.21.15.82:0/0)
2024-05-21T06:29:59.735 INFO:teuthology.orchestra.run.smithi082.stderr:/usr/bin/ceph:
2024-05-21T06:29:59.733+0000 7fcff2a00700 1 -- 172.21.15.82:0/328880411 --> [v2:172.21.15.82:3300/0,v1:172.21.15.82:6789/0] -- mon_subscribe({config=0+,monmap=0+}) v3 -- 0x7fcfe4009370 con 0x7fcff4100840
2024-05-21T06:29:59.735 INFO:teuthology.orchestra.run.smithi082.stderr:/usr/bin/ceph:
2024-05-21T06:29:59.733+0000 7fcff2a00700 1 --2- 172.21.15.82:0/328880411 >> [v2:172.21.15.82:3300/0,v1:172.21.15.82:6789/0] conn(0x7fcff4100840 0x7fcff410df40 secure :-1 s=READY pgs=48 cs=0 l=1 rev1=1 rx=0x7fcfe4006b00 tx=0x7fcfe40090f0).ready entity=mon.0 client_cookie=0 server_cookie=0 in_seq=0 out_seq=0
2024-05-21T06:29:59.735 INFO:teuthology.orchestra.run.smithi082.stderr:/usr/bin/ceph:
2024-05-21T06:29:59.733+0000 7fcfeb400700 1 -- 172.21.15.82:0/328880411 <== mon.0 v2:172.21.15.82:3300/0 1 ==== mon_map magic: 0 v1 ==== 229+0+0 (secure 0 0 0) 0x7fcfe401a7a0 con 0x7fcff4100840
2024-05-21T06:29:59.735 INFO:teuthology.orchestra.run.smithi082.stderr:/usr/bin/ceph:
2024-05-21T06:29:59.733+0000 7fcfeb400700 1 -- 172.21.15.82:0/328880411 <== mon.0 v2:172.21.15.82:3300/0 2 ==== config(25 keys) v1 ==== 1038+0+0 (secure 0 0 0) 0x7fcfe401ad80 con 0x7fcff4100840
2024-05-21T06:29:59.735 INFO:teuthology.orchestra.run.smithi082.stderr:/usr/bin/ceph:
2024-05-21T06:29:59.733+0000 7fcff9a00700 1 -- 172.21.15.82:0/328880411 --> [v2:172.21.15.82:3300/0,v1:172.21.15.82:6789/0] -- mon_subscribe({mgrmap=0+}) v3 -- 0x7fcff410e630 con 0x7fcff4100840
2024-05-21T06:29:59.735 INFO:teuthology.orchestra.run.smithi082.stderr:/usr/bin/ceph:
2024-05-21T06:29:59.733+0000 7fcfeb400700 1 -- 172.21.15.82:0/328880411 <== mon.0 v2:172.21.15.82:3300/0 3 ==== mon_map magic: 0 v1 ==== 229+0+0 (secure 0 0 0) 0x7fcfe4022c10 con 0x7fcff4100840
2024-05-21T06:29:59.735 INFO:teuthology.orchestra.run.smithi082.stderr:/usr/bin/ceph:
2024-05-21T06:29:59.733+0000 7fcff9a00700 1 -- 172.21.15.82:0/328880411 --> [v2:172.21.15.82:3300/0,v1:172.21.15.82:6789/0] -- mon_subscribe({osdmap=0}) v3 -- 0x7fcff410ea40 con 0x7fcff4100840
2024-05-21T06:29:59.736 INFO:teuthology.orchestra.run.smithi082.stderr:/usr/bin/ceph:
2024-05-21T06:29:59.735+0000 7fcfeb400700 1 -- 172.21.15.82:0/328880411 <== mon.0 v2:172.21.15.82:3300/0 4 ==== mgrmap(e 8) v1 ==== 38632+0+0 (secure 0 0 0) 0x7fcfe40223b0 con 0x7fcff4100840
2024-05-21T06:29:59.736 INFO:teuthology.orchestra.run.smithi082.stderr:/usr/bin/ceph:
2024-05-21T06:29:59.735+0000 7fcff9a00700 1 -- 172.21.15.82:0/328880411 --> [v2:172.21.15.82:3300/0,v1:172.21.15.82:6789/0] -- mon_command({"prefix": "get_command_descriptions"} v 0) v1 -- 0x7fcff4046ce0 con 0x7fcff4100840
2024-05-21T06:29:59.736 INFO:teuthology.orchestra.run.smithi082.stderr:/usr/bin/ceph:
2024-05-21T06:29:59.735+0000 7fcfeb400700 1 --2- 172.21.15.82:0/328880411 >> [v2:172.21.15.82:6800/3843280992,v1:172.21.15.82:6801/3843280992] conn(0x7fcfd8032720 0x7fcfd8034be0 unknown :-1 s=NONE pgs=0 cs=0 l=1 rev1=0 rx=0 tx=0).connect
2024-05-21T06:29:59.736 INFO:teuthology.orchestra.run.smithi082.stderr:/usr/bin/ceph:
