2024-05-21T06:29:41.215+0000 7f0479e00700 1 --2- >> [v2:172.21.15.82:3300/0,v1:172.21.15.82:6789/0] conn(0x7f0474073dc0 0x7f04740722c0 unknown :-1 s=HELLO_CONNECTING pgs=0 cs=0 l=0 rev1=1 rx=0 tx=0).handle_hello peer v2:172.21.15.82:3300/0 says I am v2:172.21.15.82:48746/0 (socket says 172.21.15.82:48746)
2024-05-21T06:29:41.217 INFO:teuthology.orchestra.run.smithi082.stderr:/usr/bin/ceph:
2024-05-21T06:29:41.215+0000 7f0479e00700 1 -- 172.21.15.82:0/1993039668 learned_addr learned my addr 172.21.15.82:0/1993039668 (peer_addr_for_me v2:172.21.15.82:0/0)
2024-05-21T06:29:41.217 INFO:teuthology.orchestra.run.smithi082.stderr:/usr/bin/ceph:
2024-05-21T06:29:41.216+0000 7f0479e00700 1 -- 172.21.15.82:0/1993039668 --> [v2:172.21.15.82:3300/0,v1:172.21.15.82:6789/0] -- mon_subscribe({config=0+,monmap=0+}) v3 -- 0x7f04740728f0 con 0x7f0474073dc0
2024-05-21T06:29:41.217 INFO:teuthology.orchestra.run.smithi082.stderr:/usr/bin/ceph:
2024-05-21T06:29:41.216+0000 7f0479e00700 1 --2- 172.21.15.82:0/1993039668 >> [v2:172.21.15.82:3300/0,v1:172.21.15.82:6789/0] conn(0x7f0474073dc0 0x7f04740722c0 secure :-1 s=READY pgs=26 cs=0 l=1 rev1=1 rx=0x7f0468009730 tx=0x7f04680090f0).ready entity=mon.0 client_cookie=c0e2c278cb1336ac server_cookie=0 in_seq=0 out_seq=0
2024-05-21T06:29:41.217 INFO:teuthology.orchestra.run.smithi082.stderr:/usr/bin/ceph:
2024-05-21T06:29:41.216+0000 7f0478a00700 1 -- 172.21.15.82:0/1993039668 <== mon.0 v2:172.21.15.82:3300/0 1 ==== mon_map magic: 0 v1 ==== 229+0+0 (secure 0 0 0) 0x7f046800b6e0 con 0x7f0474073dc0
2024-05-21T06:29:41.217 INFO:teuthology.orchestra.run.smithi082.stderr:/usr/bin/ceph:
2024-05-21T06:29:41.216+0000 7f0478a00700 1 -- 172.21.15.82:0/1993039668 <== mon.0 v2:172.21.15.82:3300/0 2 ==== config(25 keys) v1 ==== 975+0+0 (secure 0 0 0) 0x7f046800bc80 con 0x7f0474073dc0
2024-05-21T06:29:41.217 INFO:teuthology.orchestra.run.smithi082.stderr:/usr/bin/ceph:
2024-05-21T06:29:41.216+0000 7f0478a00700 1 -- 172.21.15.82:0/1993039668 <== mon.0 v2:172.21.15.82:3300/0 3 ==== mon_map magic: 0 v1 ==== 229+0+0 (secure 0 0 0) 0x7f0468011c70 con 0x7f0474073dc0
2024-05-21T06:29:41.219 INFO:teuthology.orchestra.run.smithi082.stderr:/usr/bin/ceph:
2024-05-21T06:29:41.217+0000 7f047c800700 1 -- 172.21.15.82:0/1993039668 >> [v2:172.21.15.82:3300/0,v1:172.21.15.82:6789/0] conn(0x7f0474073dc0 msgr2=0x7f04740722c0 secure :-1 s=STATE_CONNECTION_ESTABLISHED l=1).mark_down
2024-05-21T06:29:41.219 INFO:teuthology.orchestra.run.smithi082.stderr:/usr/bin/ceph:
2024-05-21T06:29:41.217+0000 7f047c800700 1 --2- 172.21.15.82:0/1993039668 >> [v2:172.21.15.82:3300/0,v1:172.21.15.82:6789/0] conn(0x7f0474073dc0 0x7f04740722c0 secure :-1 s=READY pgs=26 cs=0 l=1 rev1=1 rx=0x7f0468009730 tx=0x7f04680090f0).stop
2024-05-21T06:29:41.219 INFO:teuthology.orchestra.run.smithi082.stderr:/usr/bin/ceph:
2024-05-21T06:29:41.217+0000 7f047c800700 1 -- 172.21.15.82:0/1993039668 shutdown_connections
2024-05-21T06:29:41.219 INFO:teuthology.orchestra.run.smithi082.stderr:/usr/bin/ceph:
2024-05-21T06:29:41.217+0000 7f047c800700 1 --2- 172.21.15.82:0/1993039668 >> [v2:172.21.15.82:3300/0,v1:172.21.15.82:6789/0] conn(0x7f0474073dc0 0x7f04740722c0 unknown :-1 s=CLOSED pgs=26 cs=0 l=1 rev1=1 rx=0 tx=0).stop
2024-05-21T06:29:41.219 INFO:teuthology.orchestra.run.smithi082.stderr:/usr/bin/ceph:
2024-05-21T06:29:41.217+0000 7f047c800700 1 -- 172.21.15.82:0/1993039668 >> 172.21.15.82:0/1993039668 conn(0x7f04740f8800 msgr2=0x7f04740fac20 unknown :-1 s=STATE_NONE l=0).mark_down
2024-05-21T06:29:41.219 INFO:teuthology.orchestra.run.smithi082.stderr:/usr/bin/ceph:
2024-05-21T06:29:41.217+0000 7f047c800700 1 -- 172.21.15.82:0/1993039668 shutdown_connections
2024-05-21T06:29:41.220 INFO:teuthology.orchestra.run.smithi082.stderr:/usr/bin/ceph:
2024-05-21T06:29:41.217+0000 7f047c800700 1 -- 172.21.15.82:0/1993039668 wait complete.
2024-05-21T06:29:41.220 INFO:teuthology.orchestra.run.smithi082.stderr:/usr/bin/ceph:
2024-05-21T06:29:41.218+0000 7f047c800700 1 Processor -- start
2024-05-21T06:29:41.220 INFO:teuthology.orchestra.run.smithi082.stderr:/usr/bin/ceph:
2024-05-21T06:29:41.218+0000 7f047c800700 1 -- start start
2024-05-21T06:29:41.220 INFO:teuthology.orchestra.run.smithi082.stderr:/usr/bin/ceph:
2024-05-21T06:29:41.219+0000 7f047c800700 1 --2- >> [v2:172.21.15.82:3300/0,v1:172.21.15.82:6789/0] conn(0x7f0474073dc0 0x7f047410dea0 unknown :-1 s=NONE pgs=0 cs=0 l=1 rev1=0 rx=0 tx=0).connect
2024-05-21T06:29:41.220 INFO:teuthology.orchestra.run.smithi082.stderr:/usr/bin/ceph:
2024-05-21T06:29:41.219+0000 7f047c800700 1 -- --> [v2:172.21.15.82:3300/0,v1:172.21.15.82:6789/0] -- mon_getmap magic: 0 v1 -- 0x7f047410e390 con 0x7f0474073dc0
2024-05-21T06:29:41.220 INFO:teuthology.orchestra.run.smithi082.stderr:/usr/bin/ceph:
2024-05-21T06:29:41.219+0000 7f0479e00700 1 --2- >> [v2:172.21.15.82:3300/0,v1:172.21.15.82:6789/0] conn(0x7f0474073dc0 0x7f047410dea0 unknown :-1 s=BANNER_CONNECTING pgs=0 cs=0 l=1 rev1=0 rx=0 tx=0)._handle_peer_banner_payload supported=1 required=0
2024-05-21T06:29:41.220 INFO:teuthology.orchestra.run.smithi082.stderr:/usr/bin/ceph:
2024-05-21T06:29:41.219+0000 7f0479e00700 1 --2- >> [v2:172.21.15.82:3300/0,v1:172.21.15.82:6789/0] conn(0x7f0474073dc0 0x7f047410dea0 unknown :-1 s=HELLO_CONNECTING pgs=0 cs=0 l=1 rev1=1 rx=0 tx=0).handle_hello peer v2:172.21.15.82:3300/0 says I am v2:172.21.15.82:48760/0 (socket says 172.21.15.82:48760)
2024-05-21T06:29:41.220 INFO:teuthology.orchestra.run.smithi082.stderr:/usr/bin/ceph:
2024-05-21T06:29:41.219+0000 7f0479e00700 1 -- 172.21.15.82:0/2523214931 learned_addr learned my addr 172.21.15.82:0/2523214931 (peer_addr_for_me v2:172.21.15.82:0/0)
2024-05-21T06:29:41.220 INFO:teuthology.orchestra.run.smithi082.stderr:/usr/bin/ceph:
2024-05-21T06:29:41.219+0000 7f0479e00700 1 -- 172.21.15.82:0/2523214931 --> [v2:172.21.15.82:3300/0,v1:172.21.15.82:6789/0] -- mon_subscribe({config=0+,monmap=0+}) v3 -- 0x7f0468009370 con 0x7f0474073dc0
2024-05-21T06:29:41.221 INFO:teuthology.orchestra.run.smithi082.stderr:/usr/bin/ceph:
2024-05-21T06:29:41.219+0000 7f0479e00700 1 --2- 172.21.15.82:0/2523214931 >> [v2:172.21.15.82:3300/0,v1:172.21.15.82:6789/0] conn(0x7f0474073dc0 0x7f047410dea0 secure :-1 s=READY pgs=27 cs=0 l=1 rev1=1 rx=0x7f04680115c0 tx=0x7f04680090f0).ready entity=mon.0 client_cookie=0 server_cookie=0 in_seq=0 out_seq=0
2024-05-21T06:29:41.221 INFO:teuthology.orchestra.run.smithi082.stderr:/usr/bin/ceph:
2024-05-21T06:29:41.220+0000 7f046ea00700 1 -- 172.21.15.82:0/2523214931 <== mon.0 v2:172.21.15.82:3300/0 1 ==== mon_map magic: 0 v1 ==== 229+0+0 (secure 0 0 0) 0x7f046800bab0 con 0x7f0474073dc0
2024-05-21T06:29:41.221 INFO:teuthology.orchestra.run.smithi082.stderr:/usr/bin/ceph:
2024-05-21T06:29:41.220+0000 7f046ea00700 1 -- 172.21.15.82:0/2523214931 <== mon.0 v2:172.21.15.82:3300/0 2 ==== config(25 keys) v1 ==== 975+0+0 (secure 0 0 0) 0x7f0468011a90 con 0x7f0474073dc0
2024-05-21T06:29:41.221 INFO:teuthology.orchestra.run.smithi082.stderr:/usr/bin/ceph:
2024-05-21T06:29:41.220+0000 7f047c800700 1 -- 172.21.15.82:0/2523214931 --> [v2:172.21.15.82:3300/0,v1:172.21.15.82:6789/0] -- mon_subscribe({mgrmap=0+}) v3 -- 0x7f047410e590 con 0x7f0474073dc0
2024-05-21T06:29:41.221 INFO:teuthology.orchestra.run.smithi082.stderr:/usr/bin/ceph:
2024-05-21T06:29:41.220+0000 7f046ea00700 1 -- 172.21.15.82:0/2523214931 <== mon.0 v2:172.21.15.82:3300/0 3 ==== mon_map magic: 0 v1 ==== 229+0+0 (secure 0 0 0) 0x7f046801a750 con 0x7f0474073dc0
2024-05-21T06:29:41.221 INFO:teuthology.orchestra.run.smithi082.stderr:/usr/bin/ceph:
2024-05-21T06:29:41.220+0000 7f047c800700 1 -- 172.21.15.82:0/2523214931 --> [v2:172.21.15.82:3300/0,v1:172.21.15.82:6789/0] -- mon_subscribe({osdmap=0}) v3 -- 0x7f047410e9a0 con 0x7f0474073dc0
2024-05-21T06:29:41.222 INFO:teuthology.orchestra.run.smithi082.stderr:/usr/bin/ceph:
2024-05-21T06:29:41.222+0000 7f046ea00700 1 -- 172.21.15.82:0/2523214931 <== mon.0 v2:172.21.15.82:3300/0 4 ==== mgrmap(e 5) v1 ==== 38632+0+0 (secure 0 0 0) 0x7f0468011c00 con 0x7f0474073dc0
2024-05-21T06:29:41.222 INFO:teuthology.orchestra.run.smithi082.stderr:/usr/bin/ceph:
2024-05-21T06:29:41.222+0000 7f046ea00700 1 --2- 172.21.15.82:0/2523214931 >> [v2:172.21.15.82:6800/4118786693,v1:172.21.15.82:6801/4118786693] conn(0x7f045c0326a0 0x7f045c034b60 unknown :-1 s=NONE pgs=0 cs=0 l=1 rev1=0 rx=0 tx=0).connect
2024-05-21T06:29:41.223 INFO:teuthology.orchestra.run.smithi082.stderr:/usr/bin/ceph:
2024-05-21T06:29:41.222+0000 7f046ea00700 1 -- 172.21.15.82:0/2523214931 --> [v2:172.21.15.82:6800/4118786693,v1:172.21.15.82:6801/4118786693] -- command(tid 0: {"prefix": "get_command_descriptions"}) v1 -- 0x7f045c035220 con 0x7f045c0326a0
2024-05-21T06:29:41.223 INFO:teuthology.orchestra.run.smithi082.stderr:/usr/bin/ceph:
2024-05-21T06:29:41.222+0000 7f046ea00700 1 -- 172.21.15.82:0/2523214931 <== mon.0 v2:172.21.15.82:3300/0 5 ==== osd_map(1..1 src has 1..1) v4 ==== 721+0+0 (secure 0 0 0) 0x7f04680445e0 con 0x7f0474073dc0
2024-05-21T06:29:41.223 INFO:teuthology.orchestra.run.smithi082.stderr:/usr/bin/ceph:
2024-05-21T06:29:41.222+0000 7f0479400700 1 -- 172.21.15.82:0/2523214931 >> [v2:172.21.15.82:6800/4118786693,v1:172.21.15.82:6801/4118786693] conn(0x7f045c0326a0 msgr2=0x7f045c034b60 unknown :-1 s=STATE_CONNECTING_RE l=1).process reconnect failed to v2:172.21.15.82:6800/4118786693
2024-05-21T06:29:41.223 INFO:teuthology.orchestra.run.smithi082.stderr:/usr/bin/ceph:
2024-05-21T06:29:41.223+0000 7f0479400700 1 --2- 172.21.15.82:0/2523214931 >> [v2:172.21.15.82:6800/4118786693,v1:172.21.15.82:6801/4118786693] conn(0x7f045c0326a0 0x7f045c034b60 unknown :-1 s=START_CONNECT pgs=0 cs=0 l=1 rev1=0 rx=0 tx=0)._fault waiting 0.200000
2024-05-21T06:29:41.424 INFO:teuthology.orchestra.run.smithi082.stderr:/usr/bin/ceph:
2024-05-21T06:29:41.424+0000 7f0479400700 1 -- 172.21.15.82:0/2523214931 >> [v2:172.21.15.82:6800/4118786693,v1:172.21.15.82:6801/4118786693] conn(0x7f045c0326a0 msgr2=0x7f045c034b60 unknown :-1 s=STATE_CONNECTING_RE l=1).process reconnect failed to v2:172.21.15.82:6800/4118786693
2024-05-21T06:29:41.424 INFO:teuthology.orchestra.run.smithi082.stderr:/usr/bin/ceph:
2024-05-21T06:29:41.424+0000 7f0479400700 1 --2- 172.21.15.82:0/2523214931 >> [v2:172.21.15.82:6800/4118786693,v1:172.21.15.82:6801/4118786693] conn(0x7f045c0326a0 0x7f045c034b60 unknown :-1 s=START_CONNECT pgs=0 cs=0 l=1 rev1=0 rx=0 tx=0)._fault waiting 0.400000
2024-05-21T06:29:41.825 INFO:teuthology.orchestra.run.smithi082.stderr:/usr/bin/ceph:
2024-05-21T06:29:41.825+0000 7f0479400700 1 -- 172.21.15.82:0/2523214931 >> [v2:172.21.15.82:6800/4118786693,v1:172.21.15.82:6801/4118786693] conn(0x7f045c0326a0 msgr2=0x7f045c034b60 unknown :-1 s=STATE_CONNECTING_RE l=1).process reconnect failed to v2:172.21.15.82:6800/4118786693
2024-05-21T06:29:41.825 INFO:teuthology.orchestra.run.smithi082.stderr:/usr/bin/ceph:
2024-05-21T06:29:41.825+0000 7f0479400700 1 --2- 172.21.15.82:0/2523214931 >> [v2:172.21.15.82:6800/4118786693,v1:172.21.15.82:6801/4118786693] conn(0x7f045c0326a0 0x7f045c034b60 unknown :-1 s=START_CONNECT pgs=0 cs=0 l=1 rev1=0 rx=0 tx=0)._fault waiting 0.800000
2024-05-21T06:29:42.626 INFO:teuthology.orchestra.run.smithi082.stderr:/usr/bin/ceph:
2024-05-21T06:29:42.626+0000 7f0479400700 1 -- 172.21.15.82:0/2523214931 >> [v2:172.21.15.82:6800/4118786693,v1:172.21.15.82:6801/4118786693] conn(0x7f045c0326a0 msgr2=0x7f045c034b60 unknown :-1 s=STATE_CONNECTING_RE l=1).process reconnect failed to v2:172.21.15.82:6800/4118786693
2024-05-21T06:29:42.626 INFO:teuthology.orchestra.run.smithi082.stderr:/usr/bin/ceph:
2024-05-21T06:29:42.626+0000 7f0479400700 1 --2- 172.21.15.82:0/2523214931 >> [v2:172.21.15.82:6800/4118786693,v1:172.21.15.82:6801/4118786693] conn(0x7f045c0326a0 0x7f045c034b60 unknown :-1 s=START_CONNECT pgs=0 cs=0 l=1 rev1=0 rx=0 tx=0)._fault waiting 1.600000
2024-05-21T06:29:44.227 INFO:teuthology.orchestra.run.smithi082.stderr:/usr/bin/ceph:
2024-05-21T06:29:44.227+0000 7f0479400700 1 -- 172.21.15.82:0/2523214931 >> [v2:172.21.15.82:6800/4118786693,v1:172.21.15.82:6801/4118786693] conn(0x7f045c0326a0 msgr2=0x7f045c034b60 unknown :-1 s=STATE_CONNECTING_RE l=1).process reconnect failed to v2:172.21.15.82:6800/4118786693
2024-05-21T06:29:44.228 INFO:teuthology.orchestra.run.smithi082.stderr:/usr/bin/ceph:
2024-05-21T06:29:44.227+0000 7f0479400700 1 --2- 172.21.15.82:0/2523214931 >> [v2:172.21.15.82:6800/4118786693,v1:172.21.15.82:6801/4118786693] conn(0x7f045c0326a0 0x7f045c034b60 unknown :-1 s=START_CONNECT pgs=0 cs=0 l=1 rev1=0 rx=0 tx=0)._fault waiting 3.200000
2024-05-21T06:29:45.152 INFO:teuthology.orchestra.run.smithi082.stderr:/usr/bin/ceph:
2024-05-21T06:29:45.151+0000 7f046ea00700 1 -- 172.21.15.82:0/2523214931 <== mon.0 v2:172.21.15.82:3300/0 6 ==== mgrmap(e 6) v1 ==== 38456+0+0 (secure 0 0 0) 0x7f0468010ad0 con 0x7f0474073dc0
2024-05-21T06:29:45.152 INFO:teuthology.orchestra.run.smithi082.stderr:/usr/bin/ceph:
2024-05-21T06:29:45.151+0000 7f046ea00700 1 -- 172.21.15.82:0/2523214931 >> [v2:172.21.15.82:6800/4118786693,v1:172.21.15.82:6801/4118786693] conn(0x7f045c0326a0 msgr2=0x7f045c034b60 unknown :-1 s=STATE_CONNECTING l=1).mark_down
2024-05-21T06:29:45.152 INFO:teuthology.orchestra.run.smithi082.stderr:/usr/bin/ceph:
2024-05-21T06:29:45.151+0000 7f046ea00700 1 --2- 172.21.15.82:0/2523214931 >> [v2:172.21.15.82:6800/4118786693,v1:172.21.15.82:6801/4118786693] conn(0x7f045c0326a0 0x7f045c034b60 unknown :-1 s=START_CONNECT pgs=0 cs=0 l=1 rev1=0 rx=0 tx=0).stop
2024-05-21T06:29:45.354 INFO:journalctl@ceph.mon.smithi082.smithi082.stdout:May 21 06:29:45 smithi082 ceph-54301ac8-173b-11ef-bc9a-c7b262605968-mon-smithi082[35923]: cluster
2024-05-21T06:29:45.149210+0000 mon.smithi082 (mon.0) 31 : cluster [INF] Active manager daemon smithi082.auyyiw restarted
2024-05-21T06:29:45.354 INFO:journalctl@ceph.mon.smithi082.smithi082.stdout:May 21 06:29:45 smithi082 ceph-54301ac8-173b-11ef-bc9a-c7b262605968-mon-smithi082[35923]: cluster
2024-05-21T06:29:45.149515+0000 mon.smithi082 (mon.0) 32 : cluster [INF] Activating manager daemon smithi082.auyyiw
2024-05-21T06:29:45.354 INFO:journalctl@ceph.mon.smithi082.smithi082.stdout:May 21 06:29:45 smithi082 ceph-54301ac8-173b-11ef-bc9a-c7b262605968-mon-smithi082[35923]: cluster
2024-05-21T06:29:45.152901+0000 mon.smithi082 (mon.0) 33 : cluster [DBG] osdmap e2: 0 total, 0 up, 0 in
2024-05-21T06:29:45.354 INFO:journalctl@ceph.mon.smithi082.smithi082.stdout:May 21 06:29:45 smithi082 ceph-54301ac8-173b-11ef-bc9a-c7b262605968-mon-smithi082[35923]: cluster
2024-05-21T06:29:45.153039+0000 mon.smithi082 (mon.0) 34 : cluster [DBG] mgrmap e6: smithi082.auyyiw(active, starting, since 0.00362456s)
2024-05-21T06:29:45.354 INFO:journalctl@ceph.mon.smithi082.smithi082.stdout:May 21 06:29:45 smithi082 ceph-54301ac8-173b-11ef-bc9a-c7b262605968-mon-smithi082[35923]: audit
2024-05-21T06:29:45.154783+0000 mon.smithi082 (mon.0) 35 : audit [DBG] from='mgr.14118 172.21.15.82:0/1843169084' entity='mgr.smithi082.auyyiw' cmd=[{"prefix": "mon metadata", "id": "smithi082"}]: dispatch
2024-05-21T06:29:45.354 INFO:journalctl@ceph.mon.smithi082.smithi082.stdout:May 21 06:29:45 smithi082 ceph-54301ac8-173b-11ef-bc9a-c7b262605968-mon-smithi082[35923]: audit
2024-05-21T06:29:45.155622+0000 mon.smithi082 (mon.0) 36 : audit [DBG] from='mgr.14118 172.21.15.82:0/1843169084' entity='mgr.smithi082.auyyiw' cmd=[{"prefix": "mgr metadata", "who": "smithi082.auyyiw", "id": "smithi082.auyyiw"}]: dispatch
2024-05-21T06:29:45.354 INFO:journalctl@ceph.mon.smithi082.smithi082.stdout:May 21 06:29:45 smithi082 ceph-54301ac8-173b-11ef-bc9a-c7b262605968-mon-smithi082[35923]: audit
2024-05-21T06:29:45.156575+0000 mon.smithi082 (mon.0) 37 : audit [DBG] from='mgr.14118 172.21.15.82:0/1843169084' entity='mgr.smithi082.auyyiw' cmd=[{"prefix": "mds metadata"}]: dispatch
2024-05-21T06:29:45.355 INFO:journalctl@ceph.mon.smithi082.smithi082.stdout:May 21 06:29:45 smithi082 ceph-54301ac8-173b-11ef-bc9a-c7b262605968-mon-smithi082[35923]: audit
2024-05-21T06:29:45.156736+0000 mon.smithi082 (mon.0) 38 : audit [DBG] from='mgr.14118 172.21.15.82:0/1843169084' entity='mgr.smithi082.auyyiw' cmd=[{"prefix": "osd metadata"}]: dispatch
2024-05-21T06:29:45.355 INFO:journalctl@ceph.mon.smithi082.smithi082.stdout:May 21 06:29:45 smithi082 ceph-54301ac8-173b-11ef-bc9a-c7b262605968-mon-smithi082[35923]: audit
2024-05-21T06:29:45.156896+0000 mon.smithi082 (mon.0) 39 : audit [DBG] from='mgr.14118 172.21.15.82:0/1843169084' entity='mgr.smithi082.auyyiw' cmd=[{"prefix": "mon metadata"}]: dispatch
2024-05-21T06:29:45.355 INFO:journalctl@ceph.mon.smithi082.smithi082.stdout:May 21 06:29:45 smithi082 ceph-54301ac8-173b-11ef-bc9a-c7b262605968-mon-smithi082[35923]: cluster
2024-05-21T06:29:45.159912+0000 mon.smithi082 (mon.0) 40 : cluster [INF] Manager daemon smithi082.auyyiw is now available
2024-05-21T06:29:45.355 INFO:journalctl@ceph.mon.smithi082.smithi082.stdout:May 21 06:29:45 smithi082 ceph-54301ac8-173b-11ef-bc9a-c7b262605968-mon-smithi082[35923]: audit
2024-05-21T06:29:45.177763+0000 mon.smithi082 (mon.0) 41 : audit [INF] from='mgr.14118 172.21.15.82:0/1843169084' entity='mgr.smithi082.auyyiw'
2024-05-21T06:29:46.154 INFO:teuthology.orchestra.run.smithi082.stderr:/usr/bin/ceph:
2024-05-21T06:29:46.153+0000 7f046ea00700 1 -- 172.21.15.82:0/2523214931 <== mon.0 v2:172.21.15.82:3300/0 7 ==== mgrmap(e 7) v1 ==== 38526+0+0 (secure 0 0 0) 0x7f0468045e40 con 0x7f0474073dc0
2024-05-21T06:29:46.154 INFO:teuthology.orchestra.run.smithi082.stderr:/usr/bin/ceph:
2024-05-21T06:29:46.153+0000 7f046ea00700 1 --2- 172.21.15.82:0/2523214931 >> [v2:172.21.15.82:6800/3843280992,v1:172.21.15.82:6801/3843280992] conn(0x7f045c035fc0 0x7f045c0383b0 unknown :-1 s=NONE pgs=0 cs=0 l=1 rev1=0 rx=0 tx=0).connect
2024-05-21T06:29:46.154 INFO:teuthology.orchestra.run.smithi082.stderr:/usr/bin/ceph:
2024-05-21T06:29:46.153+0000 7f046ea00700 1 -- 172.21.15.82:0/2523214931 --> [v2:172.21.15.82:6800/3843280992,v1:172.21.15.82:6801/3843280992] -- command(tid 0: {"prefix": "get_command_descriptions"}) v1 -- 0x7f045c035220 con 0x7f045c035fc0
2024-05-21T06:29:46.154 INFO:teuthology.orchestra.run.smithi082.stderr:/usr/bin/ceph:
2024-05-21T06:29:46.154+0000 7f0479400700 1 --2- 172.21.15.82:0/2523214931 >> [v2:172.21.15.82:6800/3843280992,v1:172.21.15.82:6801/3843280992] conn(0x7f045c035fc0 0x7f045c0383b0 unknown :-1 s=BANNER_CONNECTING pgs=0 cs=0 l=1 rev1=0 rx=0 tx=0)._handle_peer_banner_payload supported=1 required=0
2024-05-21T06:29:46.155 INFO:teuthology.orchestra.run.smithi082.stderr:/usr/bin/ceph:
2024-05-21T06:29:46.155+0000 7f0479400700 1 --2- 172.21.15.82:0/2523214931 >> [v2:172.21.15.82:6800/3843280992,v1:172.21.15.82:6801/3843280992] conn(0x7f045c035fc0 0x7f045c0383b0 secure :-1 s=READY pgs=3 cs=0 l=1 rev1=1 rx=0x7f0464006fd0 tx=0x7f0464006e70).ready entity=mgr.14118 client_cookie=0 server_cookie=0 in_seq=0 out_seq=0
2024-05-21T06:29:46.155 INFO:teuthology.orchestra.run.smithi082.stderr:/usr/bin/ceph:
2024-05-21T06:29:46.156+0000 7f046ea00700 1 -- 172.21.15.82:0/2523214931 <== mgr.14118 v2:172.21.15.82:6800/3843280992 1 ==== command_reply(tid 0: 0 ) v1 ==== 8+0+6438 (secure 0 0 0) 0x7f045c035220 con 0x7f045c035fc0
2024-05-21T06:29:46.162 INFO:teuthology.orchestra.run.smithi082.stderr:/usr/bin/ceph:
2024-05-21T06:29:46.162+0000 7f047c800700 1 -- 172.21.15.82:0/2523214931 --> [v2:172.21.15.82:6800/3843280992,v1:172.21.15.82:6801/3843280992] -- command(tid 1: {"prefix": "mgr_status"}) v1 -- 0x7f047405a310 con 0x7f045c035fc0
2024-05-21T06:29:46.163 INFO:teuthology.orchestra.run.smithi082.stderr:/usr/bin/ceph:
2024-05-21T06:29:46.162+0000 7f046ea00700 1 -- 172.21.15.82:0/2523214931 <== mgr.14118 v2:172.21.15.82:6800/3843280992 2 ==== command_reply(tid 1: 0 ) v1 ==== 8+0+51 (secure 0 0 0) 0x7f047405a310 con 0x7f045c035fc0
2024-05-21T06:29:46.163 INFO:teuthology.orchestra.run.smithi082.stderr:/usr/bin/ceph: {
2024-05-21T06:29:46.163 INFO:teuthology.orchestra.run.smithi082.stderr:/usr/bin/ceph: "mgrmap_epoch": 7,
2024-05-21T06:29:46.163 INFO:teuthology.orchestra.run.smithi082.stderr:/usr/bin/ceph: "initialized": true
2024-05-21T06:29:46.163 INFO:teuthology.orchestra.run.smithi082.stderr:/usr/bin/ceph: }
2024-05-21T06:29:46.164 INFO:teuthology.orchestra.run.smithi082.stderr:/usr/bin/ceph:
2024-05-21T06:29:46.163+0000 7f047c800700 1 -- 172.21.15.82:0/2523214931 >> [v2:172.21.15.82:6800/3843280992,v1:172.21.15.82:6801/3843280992] conn(0x7f045c035fc0 msgr2=0x7f045c0383b0 secure :-1 s=STATE_CONNECTION_ESTABLISHED l=1).mark_down
2024-05-21T06:29:46.164 INFO:teuthology.orchestra.run.smithi082.stderr:/usr/bin/ceph:
2024-05-21T06:29:46.163+0000 7f047c800700 1 --2- 172.21.15.82:0/2523214931 >> [v2:172.21.15.82:6800/3843280992,v1:172.21.15.82:6801/3843280992] conn(0x7f045c035fc0 0x7f045c0383b0 secure :-1 s=READY pgs=3 cs=0 l=1 rev1=1 rx=0x7f0464006fd0 tx=0x7f0464006e70).stop
2024-05-21T06:29:46.164 INFO:teuthology.orchestra.run.smithi082.stderr:/usr/bin/ceph:
2024-05-21T06:29:46.163+0000 7f047c800700 1 -- 172.21.15.82:0/2523214931 >> [v2:172.21.15.82:3300/0,v1:172.21.15.82:6789/0] conn(0x7f0474073dc0 msgr2=0x7f047410dea0 secure :-1 s=STATE_CONNECTION_ESTABLISHED l=1).mark_down
2024-05-21T06:29:46.164 INFO:teuthology.orchestra.run.smithi082.stderr:/usr/bin/ceph:
2024-05-21T06:29:46.163+0000 7f047c800700 1 --2- 172.21.15.82:0/2523214931 >> [v2:172.21.15.82:3300/0,v1:172.21.15.82:6789/0] conn(0x7f0474073dc0 0x7f047410dea0 secure :-1 s=READY pgs=27 cs=0 l=1 rev1=1 rx=0x7f04680115c0 tx=0x7f04680090f0).stop
2024-05-21T06:29:46.165 INFO:teuthology.orchestra.run.smithi082.stderr:/usr/bin/ceph:
2024-05-21T06:29:46.163+0000 7f047c800700 1 -- 172.21.15.82:0/2523214931 shutdown_connections
2024-05-21T06:29:46.165 INFO:teuthology.orchestra.run.smithi082.stderr:/usr/bin/ceph:
2024-05-21T06:29:46.163+0000 7f047c800700 1 --2- 172.21.15.82:0/2523214931 >> [v2:172.21.15.82:6800/3843280992,v1:172.21.15.82:6801/3843280992] conn(0x7f045c035fc0 0x7f045c0383b0 unknown :-1 s=CLOSED pgs=3 cs=0 l=1 rev1=1 rx=0 tx=0).stop
2024-05-21T06:29:46.165 INFO:teuthology.orchestra.run.smithi082.stderr:/usr/bin/ceph:
2024-05-21T06:29:46.163+0000 7f047c800700 1 --2- 172.21.15.82:0/2523214931 >> [v2:172.21.15.82:3300/0,v1:172.21.15.82:6789/0] conn(0x7f0474073dc0 0x7f047410dea0 unknown :-1 s=CLOSED pgs=27 cs=0 l=1 rev1=1 rx=0 tx=0).stop
2024-05-21T06:29:46.165 INFO:teuthology.orchestra.run.smithi082.stderr:/usr/bin/ceph:
2024-05-21T06:29:46.163+0000 7f047c800700 1 --2- 172.21.15.82:0/2523214931 >> [v2:172.21.15.82:6800/4118786693,v1:172.21.15.82:6801/4118786693] conn(0x7f045c0326a0 0x7f045c034b60 unknown :-1 s=CLOSED pgs=0 cs=0 l=1 rev1=0 rx=0 tx=0).stop
2024-05-21T06:29:46.165 INFO:teuthology.orchestra.run.smithi082.stderr:/usr/bin/ceph:
2024-05-21T06:29:46.163+0000 7f047c800700 1 -- 172.21.15.82:0/2523214931 >> 172.21.15.82:0/2523214931 conn(0x7f04740f8800 msgr2=0x7f04740fa160 unknown :-1 s=STATE_NONE l=0).mark_down
2024-05-21T06:29:46.165 INFO:teuthology.orchestra.run.smithi082.stderr:/usr/bin/ceph:
2024-05-21T06:29:46.163+0000 7f047c800700 1 -- 172.21.15.82:0/2523214931 shutdown_connections
2024-05-21T06:29:46.165 INFO:teuthology.orchestra.run.smithi082.stderr:/usr/bin/ceph:
2024-05-21T06:29:46.163+0000 7f047c800700 1 -- 172.21.15.82:0/2523214931 wait complete.
2024-05-21T06:29:46.541 INFO:journalctl@ceph.mon.smithi082.smithi082.stdout:May 21 06:29:46 smithi082 ceph-54301ac8-173b-11ef-bc9a-c7b262605968-mon-smithi082[35923]: cephadm
2024-05-21T06:29:45.174633+0000 mgr.smithi082.auyyiw (mgr.14118) 1 : cephadm [INF] Found migration_current of "None". Setting to last migration.
2024-05-21T06:29:46.541 INFO:journalctl@ceph.mon.smithi082.smithi082.stdout:May 21 06:29:46 smithi082 ceph-54301ac8-173b-11ef-bc9a-c7b262605968-mon-smithi082[35923]: audit
2024-05-21T06:29:45.278004+0000 mon.smithi082 (mon.0) 42 : audit [INF] from='mgr.14118 172.21.15.82:0/1843169084' entity='mgr.smithi082.auyyiw'
2024-05-21T06:29:46.541 INFO:journalctl@ceph.mon.smithi082.smithi082.stdout:May 21 06:29:46 smithi082 ceph-54301ac8-173b-11ef-bc9a-c7b262605968-mon-smithi082[35923]: audit
2024-05-21T06:29:45.279357+0000 mon.smithi082 (mon.0) 43 : audit [DBG] from='mgr.14118 172.21.15.82:0/1843169084' entity='mgr.smithi082.auyyiw' cmd=[{"prefix": "config dump", "format": "json"}]: dispatch
2024-05-21T06:29:46.541 INFO:journalctl@ceph.mon.smithi082.smithi082.stdout:May 21 06:29:46 smithi082 ceph-54301ac8-173b-11ef-bc9a-c7b262605968-mon-smithi082[35923]: audit
2024-05-21T06:29:45.281534+0000 mon.smithi082 (mon.0) 44 : audit [DBG] from='mgr.14118 172.21.15.82:0/1843169084' entity='mgr.smithi082.auyyiw' cmd=[{"prefix": "config dump", "format": "json"}]: dispatch
2024-05-21T06:29:46.541 INFO:journalctl@ceph.mon.smithi082.smithi082.stdout:May 21 06:29:46 smithi082 ceph-54301ac8-173b-11ef-bc9a-c7b262605968-mon-smithi082[35923]: audit
2024-05-21T06:29:45.283644+0000 mon.smithi082 (mon.0) 45 : audit [DBG] from='mgr.14118 172.21.15.82:0/1843169084' entity='mgr.smithi082.auyyiw' cmd=[{"prefix": "config dump", "format": "json"}]: dispatch
2024-05-21T06:29:46.541 INFO:journalctl@ceph.mon.smithi082.smithi082.stdout:May 21 06:29:46 smithi082 ceph-54301ac8-173b-11ef-bc9a-c7b262605968-mon-smithi082[35923]: audit
2024-05-21T06:29:45.302150+0000 mon.smithi082 (mon.0) 46 : audit [INF] from='mgr.14118 172.21.15.82:0/1843169084' entity='mgr.smithi082.auyyiw' cmd=[{"prefix":"config rm","who":"mgr","name":"mgr/rbd_support/smithi082.auyyiw/mirror_snapshot_schedule"}]: dispatch
2024-05-21T06:29:46.542 INFO:journalctl@ceph.mon.smithi082.smithi082.stdout:May 21 06:29:46 smithi082 ceph-54301ac8-173b-11ef-bc9a-c7b262605968-mon-smithi082[35923]: audit
2024-05-21T06:29:45.306434+0000 mon.smithi082 (mon.0) 47 : audit [INF] from='mgr.14118 172.21.15.82:0/1843169084' entity='mgr.smithi082.auyyiw' cmd=[{"prefix":"config rm","who":"mgr","name":"mgr/rbd_support/smithi082.auyyiw/trash_purge_schedule"}]: dispatch
2024-05-21T06:29:46.542 INFO:journalctl@ceph.mon.smithi082.smithi082.stdout:May 21 06:29:46 smithi082 ceph-54301ac8-173b-11ef-bc9a-c7b262605968-mon-smithi082[35923]: cluster
2024-05-21T06:29:46.156252+0000 mon.smithi082 (mon.0) 48 : cluster [DBG] mgrmap e7: smithi082.auyyiw(active, since 1.00683s)
2024-05-21T06:29:46.865 INFO:teuthology.orchestra.run.smithi082.stderr:mgr epoch 5 is available
2024-05-21T06:29:46.866 INFO:teuthology.orchestra.run.smithi082.stderr:Setting orchestrator backend to cephadm...
2024-05-21T06:29:47.537 INFO:teuthology.orchestra.run.smithi082.stderr:/usr/bin/ceph:
2024-05-21T06:29:47.535+0000 7f9375a00700 1 Processor -- start
2024-05-21T06:29:47.537 INFO:teuthology.orchestra.run.smithi082.stderr:/usr/bin/ceph:
2024-05-21T06:29:47.535+0000 7f9375a00700 1 -- start start
2024-05-21T06:29:47.537 INFO:teuthology.orchestra.run.smithi082.stderr:/usr/bin/ceph:
2024-05-21T06:29:47.535+0000 7f9375a00700 1 --2- >> [v2:172.21.15.82:3300/0,v1:172.21.15.82:6789/0] conn(0x7f9370071c60 0x7f93700ffc30 unknown :-1 s=NONE pgs=0 cs=0 l=0 rev1=0 rx=0 tx=0).connect
2024-05-21T06:29:47.537 INFO:teuthology.orchestra.run.smithi082.stderr:/usr/bin/ceph:
2024-05-21T06:29:47.535+0000 7f9375a00700 1 -- --> [v2:172.21.15.82:3300/0,v1:172.21.15.82:6789/0] -- mon_getmap magic: 0 v1 -- 0x7f9370100120 con 0x7f9370071c60
2024-05-21T06:29:47.537 INFO:teuthology.orchestra.run.smithi082.stderr:/usr/bin/ceph:
2024-05-21T06:29:47.536+0000 7f936ea00700 1 --2- >> [v2:172.21.15.82:3300/0,v1:172.21.15.82:6789/0] conn(0x7f9370071c60 0x7f93700ffc30 unknown :-1 s=BANNER_CONNECTING pgs=0 cs=0 l=0 rev1=0 rx=0 tx=0)._handle_peer_banner_payload supported=1 required=0
2024-05-21T06:29:47.537 INFO:teuthology.orchestra.run.smithi082.stderr:/usr/bin/ceph:
2024-05-21T06:29:47.536+0000 7f936ea00700 1 --2- >> [v2:172.21.15.82:3300/0,v1:172.21.15.82:6789/0] conn(0x7f9370071c60 0x7f93700ffc30 unknown :-1 s=HELLO_CONNECTING pgs=0 cs=0 l=0 rev1=1 rx=0 tx=0).handle_hello peer v2:172.21.15.82:3300/0 says I am v2:172.21.15.82:50556/0 (socket says 172.21.15.82:50556)
2024-05-21T06:29:47.537 INFO:teuthology.orchestra.run.smithi082.stderr:/usr/bin/ceph:
2024-05-21T06:29:47.536+0000 7f936ea00700 1 -- 172.21.15.82:0/3583056952 learned_addr learned my addr 172.21.15.82:0/3583056952 (peer_addr_for_me v2:172.21.15.82:0/0)
2024-05-21T06:29:47.537 INFO:teuthology.orchestra.run.smithi082.stderr:/usr/bin/ceph:
2024-05-21T06:29:47.536+0000 7f936ea00700 1 -- 172.21.15.82:0/3583056952 --> [v2:172.21.15.82:3300/0,v1:172.21.15.82:6789/0] -- mon_subscribe({config=0+,monmap=0+}) v3 -- 0x7f9370100260 con 0x7f9370071c60
2024-05-21T06:29:47.537 INFO:teuthology.orchestra.run.smithi082.stderr:/usr/bin/ceph:
2024-05-21T06:29:47.536+0000 7f936ea00700 1 --2- 172.21.15.82:0/3583056952 >> [v2:172.21.15.82:3300/0,v1:172.21.15.82:6789/0] conn(0x7f9370071c60 0x7f93700ffc30 secure :-1 s=READY pgs=33 cs=0 l=1 rev1=1 rx=0x7f9360009730 tx=0x7f93600090f0).ready entity=mon.0 client_cookie=7a15f6af0796a10f server_cookie=0 in_seq=0 out_seq=0
2024-05-21T06:29:47.537 INFO:teuthology.orchestra.run.smithi082.stderr:/usr/bin/ceph:
2024-05-21T06:29:47.537+0000 7f936d600700 1 -- 172.21.15.82:0/3583056952 <== mon.0 v2:172.21.15.82:3300/0 1 ==== mon_map magic: 0 v1 ==== 229+0+0 (secure 0 0 0) 0x7f936000b6e0 con 0x7f9370071c60
2024-05-21T06:29:47.538 INFO:teuthology.orchestra.run.smithi082.stderr:/usr/bin/ceph:
2024-05-21T06:29:47.537+0000 7f936d600700 1 -- 172.21.15.82:0/3583056952 <== mon.0 v2:172.21.15.82:3300/0 2 ==== config(25 keys) v1 ==== 975+0+0 (secure 0 0 0) 0x7f936000bc80 con 0x7f9370071c60
2024-05-21T06:29:47.538 INFO:teuthology.orchestra.run.smithi082.stderr:/usr/bin/ceph:
2024-05-21T06:29:47.537+0000 7f936d600700 1 -- 172.21.15.82:0/3583056952 <== mon.0 v2:172.21.15.82:3300/0 3 ==== mon_map magic: 0 v1 ==== 229+0+0 (secure 0 0 0) 0x7f9360011c70 con 0x7f9370071c60
2024-05-21T06:29:47.540 INFO:teuthology.orchestra.run.smithi082.stderr:/usr/bin/ceph:
2024-05-21T06:29:47.537+0000 7f9375a00700 1 -- 172.21.15.82:0/3583056952 >> [v2:172.21.15.82:3300/0,v1:172.21.15.82:6789/0] conn(0x7f9370071c60 msgr2=0x7f93700ffc30 secure :-1 s=STATE_CONNECTION_ESTABLISHED l=1).mark_down
2024-05-21T06:29:47.540 INFO:teuthology.orchestra.run.smithi082.stderr:/usr/bin/ceph:
2024-05-21T06:29:47.537+0000 7f9375a00700 1 --2- 172.21.15.82:0/3583056952 >> [v2:172.21.15.82:3300/0,v1:172.21.15.82:6789/0] conn(0x7f9370071c60 0x7f93700ffc30 secure :-1 s=READY pgs=33 cs=0 l=1 rev1=1 rx=0x7f9360009730 tx=0x7f93600090f0).stop
2024-05-21T06:29:47.540 INFO:teuthology.orchestra.run.smithi082.stderr:/usr/bin/ceph:
2024-05-21T06:29:47.537+0000 7f9375a00700 1 -- 172.21.15.82:0/3583056952 shutdown_connections
2024-05-21T06:29:47.540 INFO:teuthology.orchestra.run.smithi082.stderr:/usr/bin/ceph:
2024-05-21T06:29:47.537+0000 7f9375a00700 1 --2- 172.21.15.82:0/3583056952 >> [v2:172.21.15.82:3300/0,v1:172.21.15.82:6789/0] conn(0x7f9370071c60 0x7f93700ffc30 unknown :-1 s=CLOSED pgs=33 cs=0 l=1 rev1=1 rx=0 tx=0).stop
2024-05-21T06:29:47.540 INFO:teuthology.orchestra.run.smithi082.stderr:/usr/bin/ceph:
2024-05-21T06:29:47.537+0000 7f9375a00700 1 -- 172.21.15.82:0/3583056952 >> 172.21.15.82:0/3583056952 conn(0x7f93700f76f0 msgr2=0x7f93700f9b10 unknown :-1 s=STATE_NONE l=0).mark_down
2024-05-21T06:29:47.540 INFO:teuthology.orchestra.run.smithi082.stderr:/usr/bin/ceph:
2024-05-21T06:29:47.538+0000 7f9375a00700 1 -- 172.21.15.82:0/3583056952 shutdown_connections
2024-05-21T06:29:47.540 INFO:teuthology.orchestra.run.smithi082.stderr:/usr/bin/ceph:
2024-05-21T06:29:47.538+0000 7f9375a00700 1 -- 172.21.15.82:0/3583056952 wait complete.
2024-05-21T06:29:47.540 INFO:teuthology.orchestra.run.smithi082.stderr:/usr/bin/ceph:
2024-05-21T06:29:47.539+0000 7f9375a00700 1 Processor -- start
2024-05-21T06:29:47.540 INFO:teuthology.orchestra.run.smithi082.stderr:/usr/bin/ceph:
2024-05-21T06:29:47.539+0000 7f9375a00700 1 -- start start
2024-05-21T06:29:47.540 INFO:teuthology.orchestra.run.smithi082.stderr:/usr/bin/ceph:
2024-05-21T06:29:47.539+0000 7f9375a00700 1 --2- >> [v2:172.21.15.82:3300/0,v1:172.21.15.82:6789/0] conn(0x7f9370071c60 0x7f937010ded0 unknown :-1 s=NONE pgs=0 cs=0 l=1 rev1=0 rx=0 tx=0).connect
2024-05-21T06:29:47.540 INFO:teuthology.orchestra.run.smithi082.stderr:/usr/bin/ceph:
2024-05-21T06:29:47.539+0000 7f9375a00700 1 -- --> [v2:172.21.15.82:3300/0,v1:172.21.15.82:6789/0] -- mon_getmap magic: 0 v1 -- 0x7f937010e3c0 con 0x7f9370071c60
2024-05-21T06:29:47.540 INFO:teuthology.orchestra.run.smithi082.stderr:/usr/bin/ceph:
2024-05-21T06:29:47.539+0000 7f936ea00700 1 --2- >> [v2:172.21.15.82:3300/0,v1:172.21.15.82:6789/0] conn(0x7f9370071c60 0x7f937010ded0 unknown :-1 s=BANNER_CONNECTING pgs=0 cs=0 l=1 rev1=0 rx=0 tx=0)._handle_peer_banner_payload supported=1 required=0
2024-05-21T06:29:47.541 INFO:teuthology.orchestra.run.smithi082.stderr:/usr/bin/ceph:
2024-05-21T06:29:47.539+0000 7f936ea00700 1 --2- >> [v2:172.21.15.82:3300/0,v1:172.21.15.82:6789/0] conn(0x7f9370071c60 0x7f937010ded0 unknown :-1 s=HELLO_CONNECTING pgs=0 cs=0 l=1 rev1=1 rx=0 tx=0).handle_hello peer v2:172.21.15.82:3300/0 says I am v2:172.21.15.82:50570/0 (socket says 172.21.15.82:50570)
2024-05-21T06:29:47.541 INFO:teuthology.orchestra.run.smithi082.stderr:/usr/bin/ceph:
2024-05-21T06:29:47.539+0000 7f936ea00700 1 -- 172.21.15.82:0/2845488574 learned_addr learned my addr 172.21.15.82:0/2845488574 (peer_addr_for_me v2:172.21.15.82:0/0)
2024-05-21T06:29:47.541 INFO:teuthology.orchestra.run.smithi082.stderr:/usr/bin/ceph:
2024-05-21T06:29:47.540+0000 7f936ea00700 1 -- 172.21.15.82:0/2845488574 --> [v2:172.21.15.82:3300/0,v1:172.21.15.82:6789/0] -- mon_subscribe({config=0+,monmap=0+}) v3 -- 0x7f9360009370 con 0x7f9370071c60
2024-05-21T06:29:47.541 INFO:teuthology.orchestra.run.smithi082.stderr:/usr/bin/ceph:
2024-05-21T06:29:47.540+0000 7f936ea00700 1 --2- 172.21.15.82:0/2845488574 >> [v2:172.21.15.82:3300/0,v1:172.21.15.82:6789/0] conn(0x7f9370071c60 0x7f937010ded0 secure :-1 s=READY pgs=34 cs=0 l=1 rev1=1 rx=0x7f9360000c00 tx=0x7f93600090f0).ready entity=mon.0 client_cookie=0 server_cookie=0 in_seq=0 out_seq=0
2024-05-21T06:29:47.542 INFO:teuthology.orchestra.run.smithi082.stderr:/usr/bin/ceph:
2024-05-21T06:29:47.540+0000 7f9367400700 1 -- 172.21.15.82:0/2845488574 <== mon.0 v2:172.21.15.82:3300/0 1 ==== mon_map magic: 0 v1 ==== 229+0+0 (secure 0 0 0) 0x7f9360011b60 con 0x7f9370071c60
2024-05-21T06:29:47.542 INFO:teuthology.orchestra.run.smithi082.stderr:/usr/bin/ceph:
2024-05-21T06:29:47.540+0000 7f9367400700 1 -- 172.21.15.82:0/2845488574 <== mon.0 v2:172.21.15.82:3300/0 2 ==== config(25 keys) v1 ==== 975+0+0 (secure 0 0 0) 0x7f9360011cc0 con 0x7f9370071c60
2024-05-21T06:29:47.542 INFO:teuthology.orchestra.run.smithi082.stderr:/usr/bin/ceph:
2024-05-21T06:29:47.540+0000 7f9375a00700 1 -- 172.21.15.82:0/2845488574 --> [v2:172.21.15.82:3300/0,v1:172.21.15.82:6789/0] -- mon_subscribe({mgrmap=0+}) v3 -- 0x7f937010e5c0 con 0x7f9370071c60
2024-05-21T06:29:47.542 INFO:teuthology.orchestra.run.smithi082.stderr:/usr/bin/ceph:
2024-05-21T06:29:47.540+0000 7f9367400700 1 -- 172.21.15.82:0/2845488574 <== mon.0 v2:172.21.15.82:3300/0 3 ==== mon_map magic: 0 v1 ==== 229+0+0 (secure 0 0 0) 0x7f9360012330 con 0x7f9370071c60
2024-05-21T06:29:47.542 INFO:teuthology.orchestra.run.smithi082.stderr:/usr/bin/ceph:
2024-05-21T06:29:47.540+0000 7f9375a00700 1 -- 172.21.15.82:0/2845488574 --> [v2:172.21.15.82:3300/0,v1:172.21.15.82:6789/0] -- mon_subscribe({osdmap=0}) v3 -- 0x7f937010e9d0 con 0x7f9370071c60
2024-05-21T06:29:47.542 INFO:teuthology.orchestra.run.smithi082.stderr:/usr/bin/ceph:
2024-05-21T06:29:47.541+0000 7f9367400700 1 -- 172.21.15.82:0/2845488574 <== mon.0 v2:172.21.15.82:3300/0 4 ==== mgrmap(e 8) v1 ==== 38632+0+0 (secure 0 0 0) 0x7f936001ab50 con 0x7f9370071c60
2024-05-21T06:29:47.542 INFO:teuthology.orchestra.run.smithi082.stderr:/usr/bin/ceph:
2024-05-21T06:29:47.541+0000 7f9375a00700 1 -- 172.21.15.82:0/2845488574 --> [v2:172.21.15.82:3300/0,v1:172.21.15.82:6789/0] -- mon_command({"prefix": "get_command_descriptions"} v 0) v1 -- 0x7f9370046ce0 con 0x7f9370071c60
2024-05-21T06:29:47.543 INFO:teuthology.orchestra.run.smithi082.stderr:/usr/bin/ceph:
2024-05-21T06:29:47.542+0000 7f9367400700 1 --2- 172.21.15.82:0/2845488574 >> [v2:172.21.15.82:6800/3843280992,v1:172.21.15.82:6801/3843280992] conn(0x7f93540326d0 0x7f9354034b90 unknown :-1 s=NONE pgs=0 cs=0 l=1 rev1=0 rx=0 tx=0).connect
2024-05-21T06:29:47.543 INFO:teuthology.orchestra.run.smithi082.stderr:/usr/bin/ceph:
2024-05-21T06:29:47.542+0000 7f9367400700 1 -- 172.21.15.82:0/2845488574 <== mon.0 v2:172.21.15.82:3300/0 5 ==== osd_map(2..2 src has 1..2) v4 ==== 893+0+0 (secure 0 0 0) 0x7f9360044a40 con 0x7f9370071c60
2024-05-21T06:29:47.543 INFO:teuthology.orchestra.run.smithi082.stderr:/usr/bin/ceph:
2024-05-21T06:29:47.542+0000 7f936e000700 1 --2- 172.21.15.82:0/2845488574 >> [v2:172.21.15.82:6800/3843280992,v1:172.21.15.82:6801/3843280992] conn(0x7f93540326d0 0x7f9354034b90 unknown :-1 s=BANNER_CONNECTING pgs=0 cs=0 l=1 rev1=0 rx=0 tx=0)._handle_peer_banner_payload supported=1 required=0
2024-05-21T06:29:47.543 INFO:teuthology.orchestra.run.smithi082.stderr:/usr/bin/ceph:
2024-05-21T06:29:47.542+0000 7f936e000700 1 --2- 172.21.15.82:0/2845488574 >> [v2:172.21.15.82:6800/3843280992,v1:172.21.15.82:6801/3843280992] conn(0x7f93540326d0 0x7f9354034b90 secure :-1 s=READY pgs=6 cs=0 l=1 rev1=1 rx=0x7f935c009780 tx=0x7f935c006cc0).ready entity=mgr.14118 client_cookie=0 server_cookie=0 in_seq=0 out_seq=0
2024-05-21T06:29:47.547 INFO:teuthology.orchestra.run.smithi082.stderr:/usr/bin/ceph:
2024-05-21T06:29:47.547+0000 7f9367400700 1 -- 172.21.15.82:0/2845488574 <== mon.0 v2:172.21.15.82:3300/0 6 ==== mon_command_ack([{"prefix": "get_command_descriptions"}]=0 v0) v1 ==== 72+0+163658 (secure 0 0 0) 0x7f93600125f0 con 0x7f9370071c60
2024-05-21T06:29:47.603 INFO:journalctl@ceph.mon.smithi082.smithi082.stdout:May 21 06:29:47 smithi082 ceph-54301ac8-173b-11ef-bc9a-c7b262605968-mon-smithi082[35923]: audit
2024-05-21T06:29:46.156065+0000 mgr.smithi082.auyyiw (mgr.14118) 2 : audit [DBG] from='client.14122 -' entity='client.admin' cmd=[{"prefix": "get_command_descriptions"}]: dispatch
2024-05-21T06:29:47.603 INFO:journalctl@ceph.mon.smithi082.smithi082.stdout:May 21 06:29:47 smithi082 ceph-54301ac8-173b-11ef-bc9a-c7b262605968-mon-smithi082[35923]: audit
2024-05-21T06:29:46.163114+0000 mgr.smithi082.auyyiw (mgr.14118) 3 : audit [DBG] from='client.14122 -' entity='client.admin' cmd=[{"prefix": "mgr_status"}]: dispatch
2024-05-21T06:29:47.731 INFO:teuthology.orchestra.run.smithi082.stderr:/usr/bin/ceph:
2024-05-21T06:29:47.730+0000 7f9375a00700 1 -- 172.21.15.82:0/2845488574 --> [v2:172.21.15.82:6800/3843280992,v1:172.21.15.82:6801/3843280992] -- mgr_command(tid 0: {"prefix": "orch set backend", "module_name": "cephadm", "target": ["mon-mgr", ""]}) v1 -- 0x7f93701080d0 con 0x7f93540326d0
2024-05-21T06:29:47.740 INFO:teuthology.orchestra.run.smithi082.stderr:/usr/bin/ceph:
2024-05-21T06:29:47.740+0000 7f9367400700 1 -- 172.21.15.82:0/2845488574 <== mgr.14118 v2:172.21.15.82:6800/3843280992 1 ==== mgr_command_reply(tid 0: 0 ) v1 ==== 8+0+0 (secure 0 0 0) 0x7f93701080d0 con 0x7f93540326d0
2024-05-21T06:29:47.743 INFO:teuthology.orchestra.run.smithi082.stderr:/usr/bin/ceph:
2024-05-21T06:29:47.742+0000 7f9375a00700 1 -- 172.21.15.82:0/2845488574 >> [v2:172.21.15.82:6800/3843280992,v1:172.21.15.82:6801/3843280992] conn(0x7f93540326d0 msgr2=0x7f9354034b90 secure :-1 s=STATE_CONNECTION_ESTABLISHED l=1).mark_down
2024-05-21T06:29:47.744 INFO:teuthology.orchestra.run.smithi082.stderr:/usr/bin/ceph:
2024-05-21T06:29:47.742+0000 7f9375a00700 1 --2- 172.21.15.82:0/2845488574 >> [v2:172.21.15.82:6800/3843280992,v1:172.21.15.82:6801/3843280992] conn(0x7f93540326d0 0x7f9354034b90 secure :-1 s=READY pgs=6 cs=0 l=1 rev1=1 rx=0x7f935c009780 tx=0x7f935c006cc0).stop
2024-05-21T06:29:47.744 INFO:teuthology.orchestra.run.smithi082.stderr:/usr/bin/ceph:
2024-05-21T06:29:47.742+0000 7f9375a00700 1 -- 172.21.15.82:0/2845488574 >> [v2:172.21.15.82:3300/0,v1:172.21.15.82:6789/0] conn(0x7f9370071c60 msgr2=0x7f937010ded0 secure :-1 s=STATE_CONNECTION_ESTABLISHED l=1).mark_down
2024-05-21T06:29:47.744 INFO:teuthology.orchestra.run.smithi082.stderr:/usr/bin/ceph:
2024-05-21T06:29:47.742+0000 7f9375a00700 1 --2- 172.21.15.82:0/2845488574 >> [v2:172.21.15.82:3300/0,v1:172.21.15.82:6789/0] conn(0x7f9370071c60 0x7f937010ded0 secure :-1 s=READY pgs=34 cs=0 l=1 rev1=1 rx=0x7f9360000c00 tx=0x7f93600090f0).stop
2024-05-21T06:29:47.744 INFO:teuthology.orchestra.run.smithi082.stderr:/usr/bin/ceph:
2024-05-21T06:29:47.742+0000 7f9375a00700 1 -- 172.21.15.82:0/2845488574 shutdown_connections
2024-05-21T06:29:47.744 INFO:teuthology.orchestra.run.smithi082.stderr:/usr/bin/ceph:
2024-05-21T06:29:47.742+0000 7f9375a00700 1 --2- 172.21.15.82:0/2845488574 >> [v2:172.21.15.82:6800/3843280992,v1:172.21.15.82:6801/3843280992] conn(0x7f93540326d0 0x7f9354034b90 unknown :-1 s=CLOSED pgs=6 cs=0 l=1 rev1=1 rx=0 tx=0).stop
2024-05-21T06:29:47.744 INFO:teuthology.orchestra.run.smithi082.stderr:/usr/bin/ceph:
2024-05-21T06:29:47.742+0000 7f9375a00700 1 --2- 172.21.15.82:0/2845488574 >> [v2:172.21.15.82:3300/0,v1:172.21.15.82:6789/0] conn(0x7f9370071c60 0x7f937010ded0 unknown :-1 s=CLOSED pgs=34 cs=0 l=1 rev1=1 rx=0 tx=0).stop
2024-05-21T06:29:47.744 INFO:teuthology.orchestra.run.smithi082.stderr:/usr/bin/ceph:
2024-05-21T06:29:47.742+0000 7f9375a00700 1 -- 172.21.15.82:0/2845488574 >> 172.21.15.82:0/2845488574 conn(0x7f93700f76f0 msgr2=0x7f93700f9090 unknown :-1 s=STATE_NONE l=0).mark_down
2024-05-21T06:29:47.745 INFO:teuthology.orchestra.run.smithi082.stderr:/usr/bin/ceph:
2024-05-21T06:29:47.742+0000 7f9375a00700 1 -- 172.21.15.82:0/2845488574 shutdown_connections
2024-05-21T06:29:47.745 INFO:teuthology.orchestra.run.smithi082.stderr:/usr/bin/ceph:
2024-05-21T06:29:47.742+0000 7f9375a00700 1 -- 172.21.15.82:0/2845488574 wait complete.
2024-05-21T06:29:48.353 INFO:journalctl@ceph.mon.smithi082.smithi082.stdout:May 21 06:29:48 smithi082 ceph-54301ac8-173b-11ef-bc9a-c7b262605968-mon-smithi082[35923]: cluster
2024-05-21T06:29:47.282697+0000 mon.smithi082 (mon.0) 49 : cluster [DBG] mgrmap e8: smithi082.auyyiw(active, since 2s)
2024-05-21T06:29:48.353 INFO:journalctl@ceph.mon.smithi082.smithi082.stdout:May 21 06:29:48 smithi082 ceph-54301ac8-173b-11ef-bc9a-c7b262605968-mon-smithi082[35923]: audit
2024-05-21T06:29:47.740092+0000 mon.smithi082 (mon.0) 50 : audit [INF] from='mgr.14118 172.21.15.82:0/1843169084' entity='mgr.smithi082.auyyiw'
2024-05-21T06:29:48.353 INFO:journalctl@ceph.mon.smithi082.smithi082.stdout:May 21 06:29:48 smithi082 ceph-54301ac8-173b-11ef-bc9a-c7b262605968-mon-smithi082[35923]: audit
2024-05-21T06:29:47.759145+0000 mon.smithi082 (mon.0) 51 : audit [DBG] from='mgr.14118 172.21.15.82:0/1843169084' entity='mgr.smithi082.auyyiw' cmd=[{"prefix": "config dump", "format": "json"}]: dispatch
2024-05-21T06:29:48.892 INFO:teuthology.orchestra.run.smithi082.stderr:/usr/bin/ceph:
2024-05-21T06:29:48.891+0000 7f63aea00700 1 Processor -- start
2024-05-21T06:29:48.892 INFO:teuthology.orchestra.run.smithi082.stderr:/usr/bin/ceph:
2024-05-21T06:29:48.891+0000 7f63aea00700 1 -- start start
2024-05-21T06:29:48.893 INFO:teuthology.orchestra.run.smithi082.stderr:/usr/bin/ceph:
2024-05-21T06:29:48.891+0000 7f63aea00700 1 --2- >> [v2:172.21.15.82:3300/0,v1:172.21.15.82:6789/0] conn(0x7f63a8071c60 0x7f63a80ffc30 unknown :-1 s=NONE pgs=0 cs=0 l=0 rev1=0 rx=0 tx=0).connect
2024-05-21T06:29:48.893 INFO:teuthology.orchestra.run.smithi082.stderr:/usr/bin/ceph:
2024-05-21T06:29:48.891+0000 7f63aea00700 1 -- --> [v2:172.21.15.82:3300/0,v1:172.21.15.82:6789/0] -- mon_getmap magic: 0 v1 -- 0x7f63a8100120 con 0x7f63a8071c60
2024-05-21T06:29:48.893 INFO:teuthology.orchestra.run.smithi082.stderr:/usr/bin/ceph:
2024-05-21T06:29:48.891+0000 7f63a7e00700 1 --2- >> [v2:172.21.15.82:3300/0,v1:172.21.15.82:6789/0] conn(0x7f63a8071c60 0x7f63a80ffc30 unknown :-1 s=BANNER_CONNECTING pgs=0 cs=0 l=0 rev1=0 rx=0 tx=0)._handle_peer_banner_payload supported=1 required=0
2024-05-21T06:29:48.893 INFO:teuthology.orchestra.run.smithi082.stderr:/usr/bin/ceph:
2024-05-21T06:29:48.891+0000 7f63a7e00700 1 --2- >> [v2:172.21.15.82:3300/0,v1:172.21.15.82:6789/0] conn(0x7f63a8071c60 0x7f63a80ffc30 unknown :-1 s=HELLO_CONNECTING pgs=0 cs=0 l=0 rev1=1 rx=0 tx=0).handle_hello peer v2:172.21.15.82:3300/0 says I am v2:172.21.15.82:50578/0 (socket says 172.21.15.82:50578)
2024-05-21T06:29:48.893 INFO:teuthology.orchestra.run.smithi082.stderr:/usr/bin/ceph:
2024-05-21T06:29:48.892+0000 7f63a7e00700 1 -- 172.21.15.82:0/1203505892 learned_addr learned my addr 172.21.15.82:0/1203505892 (peer_addr_for_me v2:172.21.15.82:0/0)
2024-05-21T06:29:48.893 INFO:teuthology.orchestra.run.smithi082.stderr:/usr/bin/ceph:
2024-05-21T06:29:48.892+0000 7f63a7e00700 1 -- 172.21.15.82:0/1203505892 --> [v2:172.21.15.82:3300/0,v1:172.21.15.82:6789/0] -- mon_subscribe({config=0+,monmap=0+}) v3 -- 0x7f63a8100260 con 0x7f63a8071c60
2024-05-21T06:29:48.893 INFO:teuthology.orchestra.run.smithi082.stderr:/usr/bin/ceph:
2024-05-21T06:29:48.892+0000 7f63a7e00700 1 --2- 172.21.15.82:0/1203505892 >> [v2:172.21.15.82:3300/0,v1:172.21.15.82:6789/0] conn(0x7f63a8071c60 0x7f63a80ffc30 secure :-1 s=READY pgs=35 cs=0 l=1 rev1=1 rx=0x7f6398009730 tx=0x7f63980090f0).ready entity=mon.0 client_cookie=f25ba662f4a64ac server_cookie=0 in_seq=0 out_seq=0
2024-05-21T06:29:48.893 INFO:teuthology.orchestra.run.smithi082.stderr:/usr/bin/ceph:
2024-05-21T06:29:48.892+0000 7f63a6a00700 1 -- 172.21.15.82:0/1203505892 <== mon.0 v2:172.21.15.82:3300/0 1 ==== mon_map magic: 0 v1 ==== 229+0+0 (secure 0 0 0) 0x7f639800b6e0 con 0x7f63a8071c60
2024-05-21T06:29:48.893 INFO:teuthology.orchestra.run.smithi082.stderr:/usr/bin/ceph:
2024-05-21T06:29:48.892+0000 7f63a6a00700 1 -- 172.21.15.82:0/1203505892 <== mon.0 v2:172.21.15.82:3300/0 2 ==== config(25 keys) v1 ==== 975+0+0 (secure 0 0 0) 0x7f639800bc80 con 0x7f63a8071c60
2024-05-21T06:29:48.893 INFO:teuthology.orchestra.run.smithi082.stderr:/usr/bin/ceph:
2024-05-21T06:29:48.892+0000 7f63a6a00700 1 -- 172.21.15.82:0/1203505892 <== mon.0 v2:172.21.15.82:3300/0 3 ==== mon_map magic: 0 v1 ==== 229+0+0 (secure 0 0 0) 0x7f6398011c70 con 0x7f63a8071c60
2024-05-21T06:29:48.896 INFO:teuthology.orchestra.run.smithi082.stderr:/usr/bin/ceph:
2024-05-21T06:29:48.893+0000 7f63aea00700 1 -- 172.21.15.82:0/1203505892 >> [v2:172.21.15.82:3300/0,v1:172.21.15.82:6789/0] conn(0x7f63a8071c60 msgr2=0x7f63a80ffc30 secure :-1 s=STATE_CONNECTION_ESTABLISHED l=1).mark_down
2024-05-21T06:29:48.896 INFO:teuthology.orchestra.run.smithi082.stderr:/usr/bin/ceph:
2024-05-21T06:29:48.893+0000 7f63aea00700 1 --2- 172.21.15.82:0/1203505892 >> [v2:172.21.15.82:3300/0,v1:172.21.15.82:6789/0] conn(0x7f63a8071c60 0x7f63a80ffc30 secure :-1 s=READY pgs=35 cs=0 l=1 rev1=1 rx=0x7f6398009730 tx=0x7f63980090f0).stop
2024-05-21T06:29:48.896 INFO:teuthology.orchestra.run.smithi082.stderr:/usr/bin/ceph:
2024-05-21T06:29:48.893+0000 7f63aea00700 1 -- 172.21.15.82:0/1203505892 shutdown_connections
2024-05-21T06:29:48.896 INFO:teuthology.orchestra.run.smithi082.stderr:/usr/bin/ceph:
2024-05-21T06:29:48.893+0000 7f63aea00700 1 --2- 172.21.15.82:0/1203505892 >> [v2:172.21.15.82:3300/0,v1:172.21.15.82:6789/0] conn(0x7f63a8071c60 0x7f63a80ffc30 unknown :-1 s=CLOSED pgs=35 cs=0 l=1 rev1=1 rx=0 tx=0).stop
2024-05-21T06:29:48.897 INFO:teuthology.orchestra.run.smithi082.stderr:/usr/bin/ceph:
2024-05-21T06:29:48.893+0000 7f63aea00700 1 -- 172.21.15.82:0/1203505892 >> 172.21.15.82:0/1203505892 conn(0x7f63a80f76f0 msgr2=0x7f63a80f9b10 unknown :-1 s=STATE_NONE l=0).mark_down
2024-05-21T06:29:48.897 INFO:teuthology.orchestra.run.smithi082.stderr:/usr/bin/ceph:
2024-05-21T06:29:48.893+0000 7f63aea00700 1 -- 172.21.15.82:0/1203505892 shutdown_connections
2024-05-21T06:29:48.897 INFO:teuthology.orchestra.run.smithi082.stderr:/usr/bin/ceph:
2024-05-21T06:29:48.893+0000 7f63aea00700 1 -- 172.21.15.82:0/1203505892 wait complete.
2024-05-21T06:29:48.897 INFO:teuthology.orchestra.run.smithi082.stderr:/usr/bin/ceph:
2024-05-21T06:29:48.894+0000 7f63aea00700 1 Processor -- start
2024-05-21T06:29:48.897 INFO:teuthology.orchestra.run.smithi082.stderr:/usr/bin/ceph:
2024-05-21T06:29:48.894+0000 7f63aea00700 1 -- start start
2024-05-21T06:29:48.897 INFO:teuthology.orchestra.run.smithi082.stderr:/usr/bin/ceph:
2024-05-21T06:29:48.894+0000 7f63aea00700 1 --2- >> [v2:172.21.15.82:3300/0,v1:172.21.15.82:6789/0] conn(0x7f63a8071c60 0x7f63a810bd80 unknown :-1 s=NONE pgs=0 cs=0 l=1 rev1=0 rx=0 tx=0).connect
2024-05-21T06:29:48.897 INFO:teuthology.orchestra.run.smithi082.stderr:/usr/bin/ceph:
2024-05-21T06:29:48.894+0000 7f63aea00700 1 -- --> [v2:172.21.15.82:3300/0,v1:172.21.15.82:6789/0] -- mon_getmap magic: 0 v1 -- 0x7f63a810c270 con 0x7f63a8071c60
2024-05-21T06:29:48.897 INFO:teuthology.orchestra.run.smithi082.stderr:/usr/bin/ceph:
2024-05-21T06:29:48.895+0000 7f63a7e00700 1 --2- >> [v2:172.21.15.82:3300/0,v1:172.21.15.82:6789/0] conn(0x7f63a8071c60 0x7f63a810bd80 unknown :-1 s=BANNER_CONNECTING pgs=0 cs=0 l=1 rev1=0 rx=0 tx=0)._handle_peer_banner_payload supported=1 required=0
2024-05-21T06:29:48.897 INFO:teuthology.orchestra.run.smithi082.stderr:/usr/bin/ceph:
2024-05-21T06:29:48.895+0000 7f63a7e00700 1 --2- >> [v2:172.21.15.82:3300/0,v1:172.21.15.82:6789/0] conn(0x7f63a8071c60 0x7f63a810bd80 unknown :-1 s=HELLO_CONNECTING pgs=0 cs=0 l=1 rev1=1 rx=0 tx=0).handle_hello peer v2:172.21.15.82:3300/0 says I am v2:172.21.15.82:50586/0 (socket says 172.21.15.82:50586)
2024-05-21T06:29:48.897 INFO:teuthology.orchestra.run.smithi082.stderr:/usr/bin/ceph:
2024-05-21T06:29:48.895+0000 7f63a7e00700 1 -- 172.21.15.82:0/1143912014 learned_addr learned my addr 172.21.15.82:0/1143912014 (peer_addr_for_me v2:172.21.15.82:0/0)
2024-05-21T06:29:48.897 INFO:teuthology.orchestra.run.smithi082.stderr:/usr/bin/ceph:
