2024-05-27T06:44:41.087 INFO:journalctl@ceph.mon.a.smithi016.stdout:May 27 06:44:40 smithi016 ceph-mon[31415]: mgrmap e12: x(active, since 2s)
2024-05-27T06:44:41.896 INFO:teuthology.orchestra.run.smithi016.stdout:/usr/bin/ceph: stdout Self-signed certificate created
2024-05-27T06:44:41.896 INFO:teuthology.orchestra.run.smithi016.stdout:/usr/bin/ceph: stderr
2024-05-27T06:44:40.579+0000 7fcca6800700 1 Processor -- start
2024-05-27T06:44:41.896 INFO:teuthology.orchestra.run.smithi016.stdout:/usr/bin/ceph: stderr
2024-05-27T06:44:40.579+0000 7fcca6800700 1 -- start start
2024-05-27T06:44:41.897 INFO:teuthology.orchestra.run.smithi016.stdout:/usr/bin/ceph: stderr
2024-05-27T06:44:40.580+0000 7fcca6800700 1 --2- >> [v2:172.21.15.16:3300/0,v1:172.21.15.16:6789/0] conn(0x7fcca007f700 0x7fcca007db30 unknown :-1 s=NONE pgs=0 cs=0 l=0 rev1=0 crypto rx=0 tx=0 comp rx=0 tx=0).connect
2024-05-27T06:44:41.897 INFO:teuthology.orchestra.run.smithi016.stdout:/usr/bin/ceph: stderr
2024-05-27T06:44:40.580+0000 7fcca6800700 1 -- --> [v2:172.21.15.16:3300/0,v1:172.21.15.16:6789/0] -- mon_getmap magic: 0 -- 0x7fcca007e100 con 0x7fcca007f700
2024-05-27T06:44:41.897 INFO:teuthology.orchestra.run.smithi016.stdout:/usr/bin/ceph: stderr
2024-05-27T06:44:40.580+0000 7fcc9f400700 1 --2- >> [v2:172.21.15.16:3300/0,v1:172.21.15.16:6789/0] conn(0x7fcca007f700 0x7fcca007db30 unknown :-1 s=BANNER_CONNECTING pgs=0 cs=0 l=0 rev1=0 crypto rx=0 tx=0 comp rx=0 tx=0)._handle_peer_banner_payload supported=3 required=0
2024-05-27T06:44:41.897 INFO:teuthology.orchestra.run.smithi016.stdout:/usr/bin/ceph: stderr
2024-05-27T06:44:40.580+0000 7fcc9f400700 1 --2- >> [v2:172.21.15.16:3300/0,v1:172.21.15.16:6789/0] conn(0x7fcca007f700 0x7fcca007db30 unknown :-1 s=HELLO_CONNECTING pgs=0 cs=0 l=0 rev1=1 crypto rx=0 tx=0 comp rx=0 tx=0).handle_hello peer v2:172.21.15.16:3300/0 says I am v2:172.21.15.16:55706/0 (socket says 172.21.15.16:55706)
2024-05-27T06:44:41.897 INFO:teuthology.orchestra.run.smithi016.stdout:/usr/bin/ceph: stderr
2024-05-27T06:44:40.580+0000 7fcc9f400700 1 -- 172.21.15.16:0/670894030 learned_addr learned my addr 172.21.15.16:0/670894030 (peer_addr_for_me v2:172.21.15.16:0/0)
2024-05-27T06:44:41.897 INFO:teuthology.orchestra.run.smithi016.stdout:/usr/bin/ceph: stderr
2024-05-27T06:44:40.581+0000 7fcc9f400700 1 -- 172.21.15.16:0/670894030 --> [v2:172.21.15.16:3300/0,v1:172.21.15.16:6789/0] -- mon_subscribe({config=0+,monmap=0+}) -- 0x7fcca007e280 con 0x7fcca007f700
2024-05-27T06:44:41.897 INFO:teuthology.orchestra.run.smithi016.stdout:/usr/bin/ceph: stderr
2024-05-27T06:44:40.581+0000 7fcc9f400700 1 --2- 172.21.15.16:0/670894030 >> [v2:172.21.15.16:3300/0,v1:172.21.15.16:6789/0] conn(0x7fcca007f700 0x7fcca007db30 secure :-1 s=READY pgs=70 cs=0 l=1 rev1=1 crypto rx=0x7fcc900098a0 tx=0x7fcc90009bb0 comp rx=0 tx=0).ready entity=mon.0 client_cookie=a1da029a585c41b9 server_cookie=0 in_seq=0 out_seq=0
2024-05-27T06:44:41.897 INFO:teuthology.orchestra.run.smithi016.stdout:/usr/bin/ceph: stderr
2024-05-27T06:44:40.582+0000 7fcc9ea00700 1 -- 172.21.15.16:0/670894030 <== mon.0 v2:172.21.15.16:3300/0 1 ==== mon_map magic: 0 ==== 205+0+0 (secure 0 0 0) 0x7fcc90004160 con 0x7fcca007f700
2024-05-27T06:44:41.897 INFO:teuthology.orchestra.run.smithi016.stdout:/usr/bin/ceph: stderr
2024-05-27T06:44:40.582+0000 7fcc9ea00700 1 -- 172.21.15.16:0/670894030 <== mon.0 v2:172.21.15.16:3300/0 2 ==== config(25 keys) ==== 1063+0+0 (secure 0 0 0) 0x7fcc90004300 con 0x7fcca007f700
2024-05-27T06:44:41.897 INFO:teuthology.orchestra.run.smithi016.stdout:/usr/bin/ceph: stderr
2024-05-27T06:44:40.582+0000 7fcc9ea00700 1 -- 172.21.15.16:0/670894030 <== mon.0 v2:172.21.15.16:3300/0 3 ==== mon_map magic: 0 ==== 205+0+0 (secure 0 0 0) 0x7fcc90011960 con 0x7fcca007f700
2024-05-27T06:44:41.897 INFO:teuthology.orchestra.run.smithi016.stdout:/usr/bin/ceph: stderr
2024-05-27T06:44:40.583+0000 7fcca6800700 1 -- 172.21.15.16:0/670894030 >> [v2:172.21.15.16:3300/0,v1:172.21.15.16:6789/0] conn(0x7fcca007f700 msgr2=0x7fcca007db30 secure :-1 s=STATE_CONNECTION_ESTABLISHED l=1).mark_down
2024-05-27T06:44:41.897 INFO:teuthology.orchestra.run.smithi016.stdout:/usr/bin/ceph: stderr
2024-05-27T06:44:40.583+0000 7fcca6800700 1 --2- 172.21.15.16:0/670894030 >> [v2:172.21.15.16:3300/0,v1:172.21.15.16:6789/0] conn(0x7fcca007f700 0x7fcca007db30 secure :-1 s=READY pgs=70 cs=0 l=1 rev1=1 crypto rx=0x7fcc900098a0 tx=0x7fcc90009bb0 comp rx=0 tx=0).stop
2024-05-27T06:44:41.897 INFO:teuthology.orchestra.run.smithi016.stdout:/usr/bin/ceph: stderr
2024-05-27T06:44:40.583+0000 7fcca6800700 1 -- 172.21.15.16:0/670894030 shutdown_connections
2024-05-27T06:44:41.898 INFO:teuthology.orchestra.run.smithi016.stdout:/usr/bin/ceph: stderr
2024-05-27T06:44:40.583+0000 7fcca6800700 1 --2- 172.21.15.16:0/670894030 >> [v2:172.21.15.16:3300/0,v1:172.21.15.16:6789/0] conn(0x7fcca007f700 0x7fcca007db30 unknown :-1 s=CLOSED pgs=70 cs=0 l=1 rev1=1 crypto rx=0 tx=0 comp rx=0 tx=0).stop
2024-05-27T06:44:41.898 INFO:teuthology.orchestra.run.smithi016.stdout:/usr/bin/ceph: stderr
2024-05-27T06:44:40.583+0000 7fcca6800700 1 -- 172.21.15.16:0/670894030 >> 172.21.15.16:0/670894030 conn(0x7fcca0105090 msgr2=0x7fcca0107520 unknown :-1 s=STATE_NONE l=0).mark_down
2024-05-27T06:44:41.898 INFO:teuthology.orchestra.run.smithi016.stdout:/usr/bin/ceph: stderr
2024-05-27T06:44:40.583+0000 7fcca6800700 1 -- 172.21.15.16:0/670894030 shutdown_connections
2024-05-27T06:44:41.898 INFO:teuthology.orchestra.run.smithi016.stdout:/usr/bin/ceph: stderr
2024-05-27T06:44:40.583+0000 7fcca6800700 1 -- 172.21.15.16:0/670894030 wait complete.
2024-05-27T06:44:41.898 INFO:teuthology.orchestra.run.smithi016.stdout:/usr/bin/ceph: stderr
2024-05-27T06:44:40.584+0000 7fcca6800700 1 Processor -- start
2024-05-27T06:44:41.898 INFO:teuthology.orchestra.run.smithi016.stdout:/usr/bin/ceph: stderr
2024-05-27T06:44:40.584+0000 7fcca6800700 1 -- start start
2024-05-27T06:44:41.898 INFO:teuthology.orchestra.run.smithi016.stdout:/usr/bin/ceph: stderr
2024-05-27T06:44:40.585+0000 7fcca6800700 1 --2- >> [v2:172.21.15.16:3300/0,v1:172.21.15.16:6789/0] conn(0x7fcca007f700 0x7fcca019ff60 unknown :-1 s=NONE pgs=0 cs=0 l=1 rev1=0 crypto rx=0 tx=0 comp rx=0 tx=0).connect
2024-05-27T06:44:41.898 INFO:teuthology.orchestra.run.smithi016.stdout:/usr/bin/ceph: stderr
2024-05-27T06:44:40.585+0000 7fcca6800700 1 -- --> [v2:172.21.15.16:3300/0,v1:172.21.15.16:6789/0] -- mon_getmap magic: 0 -- 0x7fcca0110050 con 0x7fcca007f700
2024-05-27T06:44:41.898 INFO:teuthology.orchestra.run.smithi016.stdout:/usr/bin/ceph: stderr
2024-05-27T06:44:40.585+0000 7fcc9f400700 1 --2- >> [v2:172.21.15.16:3300/0,v1:172.21.15.16:6789/0] conn(0x7fcca007f700 0x7fcca019ff60 unknown :-1 s=BANNER_CONNECTING pgs=0 cs=0 l=1 rev1=0 crypto rx=0 tx=0 comp rx=0 tx=0)._handle_peer_banner_payload supported=3 required=0
2024-05-27T06:44:41.898 INFO:teuthology.orchestra.run.smithi016.stdout:/usr/bin/ceph: stderr
2024-05-27T06:44:40.585+0000 7fcc9f400700 1 --2- >> [v2:172.21.15.16:3300/0,v1:172.21.15.16:6789/0] conn(0x7fcca007f700 0x7fcca019ff60 unknown :-1 s=HELLO_CONNECTING pgs=0 cs=0 l=1 rev1=1 crypto rx=0 tx=0 comp rx=0 tx=0).handle_hello peer v2:172.21.15.16:3300/0 says I am v2:172.21.15.16:55714/0 (socket says 172.21.15.16:55714)
2024-05-27T06:44:41.898 INFO:teuthology.orchestra.run.smithi016.stdout:/usr/bin/ceph: stderr
2024-05-27T06:44:40.585+0000 7fcc9f400700 1 -- 172.21.15.16:0/4120694017 learned_addr learned my addr 172.21.15.16:0/4120694017 (peer_addr_for_me v2:172.21.15.16:0/0)
2024-05-27T06:44:41.898 INFO:teuthology.orchestra.run.smithi016.stdout:/usr/bin/ceph: stderr
2024-05-27T06:44:40.586+0000 7fcc9f400700 1 -- 172.21.15.16:0/4120694017 --> [v2:172.21.15.16:3300/0,v1:172.21.15.16:6789/0] -- mon_subscribe({config=0+,monmap=0+}) -- 0x7fcca01a04a0 con 0x7fcca007f700
2024-05-27T06:44:41.898 INFO:teuthology.orchestra.run.smithi016.stdout:/usr/bin/ceph: stderr
2024-05-27T06:44:40.586+0000 7fcc9f400700 1 --2- 172.21.15.16:0/4120694017 >> [v2:172.21.15.16:3300/0,v1:172.21.15.16:6789/0] conn(0x7fcca007f700 0x7fcca019ff60 secure :-1 s=READY pgs=71 cs=0 l=1 rev1=1 crypto rx=0x7fcc90009520 tx=0x7fcc90011a30 comp rx=0 tx=0).ready entity=mon.0 client_cookie=0 server_cookie=0 in_seq=0 out_seq=0
2024-05-27T06:44:41.898 INFO:teuthology.orchestra.run.smithi016.stdout:/usr/bin/ceph: stderr
2024-05-27T06:44:40.586+0000 7fcc9cc00700 1 -- 172.21.15.16:0/4120694017 <== mon.0 v2:172.21.15.16:3300/0 1 ==== mon_map magic: 0 ==== 205+0+0 (secure 0 0 0) 0x7fcc90003aa0 con 0x7fcca007f700
2024-05-27T06:44:41.899 INFO:teuthology.orchestra.run.smithi016.stdout:/usr/bin/ceph: stderr
2024-05-27T06:44:40.586+0000 7fcc9cc00700 1 -- 172.21.15.16:0/4120694017 <== mon.0 v2:172.21.15.16:3300/0 2 ==== config(25 keys) ==== 1063+0+0 (secure 0 0 0) 0x7fcc9001b8d0 con 0x7fcca007f700
2024-05-27T06:44:41.899 INFO:teuthology.orchestra.run.smithi016.stdout:/usr/bin/ceph: stderr
2024-05-27T06:44:40.586+0000 7fcca6800700 1 -- 172.21.15.16:0/4120694017 --> [v2:172.21.15.16:3300/0,v1:172.21.15.16:6789/0] -- mon_subscribe({mgrmap=0+}) -- 0x7fcca01a0730 con 0x7fcca007f700
2024-05-27T06:44:41.899 INFO:teuthology.orchestra.run.smithi016.stdout:/usr/bin/ceph: stderr
2024-05-27T06:44:40.586+0000 7fcc9cc00700 1 -- 172.21.15.16:0/4120694017 <== mon.0 v2:172.21.15.16:3300/0 3 ==== mon_map magic: 0 ==== 205+0+0 (secure 0 0 0) 0x7fcc90023790 con 0x7fcca007f700
2024-05-27T06:44:41.899 INFO:teuthology.orchestra.run.smithi016.stdout:/usr/bin/ceph: stderr
2024-05-27T06:44:40.586+0000 7fcca6800700 1 -- 172.21.15.16:0/4120694017 --> [v2:172.21.15.16:3300/0,v1:172.21.15.16:6789/0] -- mon_subscribe({osdmap=0}) -- 0x7fcca01a3340 con 0x7fcca007f700
2024-05-27T06:44:41.899 INFO:teuthology.orchestra.run.smithi016.stdout:/usr/bin/ceph: stderr
2024-05-27T06:44:40.588+0000 7fcca6800700 1 -- 172.21.15.16:0/4120694017 --> [v2:172.21.15.16:3300/0,v1:172.21.15.16:6789/0] -- mon_command({"prefix": "get_command_descriptions"} v 0) -- 0x7fcca0064e10 con 0x7fcca007f700
2024-05-27T06:44:41.899 INFO:teuthology.orchestra.run.smithi016.stdout:/usr/bin/ceph: stderr
2024-05-27T06:44:40.588+0000 7fcc9cc00700 1 -- 172.21.15.16:0/4120694017 <== mon.0 v2:172.21.15.16:3300/0 4 ==== mgrmap(e 12) ==== 50235+0+0 (secure 0 0 0) 0x7fcc9001b440 con 0x7fcca007f700
2024-05-27T06:44:41.899 INFO:teuthology.orchestra.run.smithi016.stdout:/usr/bin/ceph: stderr
2024-05-27T06:44:40.589+0000 7fcc9cc00700 1 --2- 172.21.15.16:0/4120694017 >> [v2:172.21.15.16:6800/2755801148,v1:172.21.15.16:6801/2755801148] conn(0x7fcc8403e520 0x7fcc84040a30 unknown :-1 s=NONE pgs=0 cs=0 l=1 rev1=0 crypto rx=0 tx=0 comp rx=0 tx=0).connect
2024-05-27T06:44:41.899 INFO:teuthology.orchestra.run.smithi016.stdout:/usr/bin/ceph: stderr
2024-05-27T06:44:40.589+0000 7fcc9cc00700 1 -- 172.21.15.16:0/4120694017 <== mon.0 v2:172.21.15.16:3300/0 5 ==== osd_map(3..3 src has 1..3) ==== 1155+0+0 (secure 0 0 0) 0x7fcc90054090 con 0x7fcca007f700
2024-05-27T06:44:41.899 INFO:teuthology.orchestra.run.smithi016.stdout:/usr/bin/ceph: stderr
2024-05-27T06:44:40.589+0000 7fcc96a00700 1 --2- 172.21.15.16:0/4120694017 >> [v2:172.21.15.16:6800/2755801148,v1:172.21.15.16:6801/2755801148] conn(0x7fcc8403e520 0x7fcc84040a30 unknown :-1 s=BANNER_CONNECTING pgs=0 cs=0 l=1 rev1=0 crypto rx=0 tx=0 comp rx=0 tx=0)._handle_peer_banner_payload supported=3 required=0
2024-05-27T06:44:41.899 INFO:teuthology.orchestra.run.smithi016.stdout:/usr/bin/ceph: stderr
2024-05-27T06:44:40.590+0000 7fcc96a00700 1 --2- 172.21.15.16:0/4120694017 >> [v2:172.21.15.16:6800/2755801148,v1:172.21.15.16:6801/2755801148] conn(0x7fcc8403e520 0x7fcc84040a30 secure :-1 s=READY pgs=7 cs=0 l=1 rev1=1 crypto rx=0x7fcc8800ad30 tx=0x7fcc880093f0 comp rx=0 tx=0).ready entity=mgr.14152 client_cookie=0 server_cookie=0 in_seq=0 out_seq=0
2024-05-27T06:44:41.899 INFO:teuthology.orchestra.run.smithi016.stdout:/usr/bin/ceph: stderr
2024-05-27T06:44:40.595+0000 7fcc9cc00700 1 -- 172.21.15.16:0/4120694017 <== mon.0 v2:172.21.15.16:3300/0 6 ==== mon_command_ack([{"prefix": "get_command_descriptions"}]=0 v0) ==== 72+0+191963 (secure 0 0 0) 0x7fcc9001f030 con 0x7fcca007f700
2024-05-27T06:44:41.899 INFO:teuthology.orchestra.run.smithi016.stdout:/usr/bin/ceph: stderr
2024-05-27T06:44:40.840+0000 7fcca6800700 1 -- 172.21.15.16:0/4120694017 --> [v2:172.21.15.16:6800/2755801148,v1:172.21.15.16:6801/2755801148] -- mgr_command(tid 0: {"prefix": "dashboard create-self-signed-cert", "target": ["mon-mgr", ""]}) -- 0x7fcca0106000 con 0x7fcc8403e520
2024-05-27T06:44:41.900 INFO:teuthology.orchestra.run.smithi016.stdout:/usr/bin/ceph: stderr
2024-05-27T06:44:41.093+0000 7fcc9cc00700 1 -- 172.21.15.16:0/4120694017 <== mgr.14152 v2:172.21.15.16:6800/2755801148 1 ==== mgr_command_reply(tid 0: 0 ) ==== 8+0+32 (secure 0 0 0) 0x7fcca0106000 con 0x7fcc8403e520
2024-05-27T06:44:41.900 INFO:teuthology.orchestra.run.smithi016.stdout:/usr/bin/ceph: stderr
2024-05-27T06:44:41.097+0000 7fcca6800700 1 -- 172.21.15.16:0/4120694017 >> [v2:172.21.15.16:6800/2755801148,v1:172.21.15.16:6801/2755801148] conn(0x7fcc8403e520 msgr2=0x7fcc84040a30 secure :-1 s=STATE_CONNECTION_ESTABLISHED l=1).mark_down
2024-05-27T06:44:41.900 INFO:teuthology.orchestra.run.smithi016.stdout:/usr/bin/ceph: stderr
2024-05-27T06:44:41.097+0000 7fcca6800700 1 --2- 172.21.15.16:0/4120694017 >> [v2:172.21.15.16:6800/2755801148,v1:172.21.15.16:6801/2755801148] conn(0x7fcc8403e520 0x7fcc84040a30 secure :-1 s=READY pgs=7 cs=0 l=1 rev1=1 crypto rx=0x7fcc8800ad30 tx=0x7fcc880093f0 comp rx=0 tx=0).stop
2024-05-27T06:44:41.900 INFO:teuthology.orchestra.run.smithi016.stdout:/usr/bin/ceph: stderr
2024-05-27T06:44:41.097+0000 7fcca6800700 1 -- 172.21.15.16:0/4120694017 >> [v2:172.21.15.16:3300/0,v1:172.21.15.16:6789/0] conn(0x7fcca007f700 msgr2=0x7fcca019ff60 secure :-1 s=STATE_CONNECTION_ESTABLISHED l=1).mark_down
2024-05-27T06:44:41.900 INFO:teuthology.orchestra.run.smithi016.stdout:/usr/bin/ceph: stderr
2024-05-27T06:44:41.097+0000 7fcca6800700 1 --2- 172.21.15.16:0/4120694017 >> [v2:172.21.15.16:3300/0,v1:172.21.15.16:6789/0] conn(0x7fcca007f700 0x7fcca019ff60 secure :-1 s=READY pgs=71 cs=0 l=1 rev1=1 crypto rx=0x7fcc90009520 tx=0x7fcc90011a30 comp rx=0 tx=0).stop
2024-05-27T06:44:41.900 INFO:teuthology.orchestra.run.smithi016.stdout:/usr/bin/ceph: stderr
2024-05-27T06:44:41.097+0000 7fcca6800700 1 -- 172.21.15.16:0/4120694017 shutdown_connections
2024-05-27T06:44:41.900 INFO:teuthology.orchestra.run.smithi016.stdout:/usr/bin/ceph: stderr
2024-05-27T06:44:41.097+0000 7fcca6800700 1 --2- 172.21.15.16:0/4120694017 >> [v2:172.21.15.16:6800/2755801148,v1:172.21.15.16:6801/2755801148] conn(0x7fcc8403e520 0x7fcc84040a30 unknown :-1 s=CLOSED pgs=7 cs=0 l=1 rev1=1 crypto rx=0 tx=0 comp rx=0 tx=0).stop
2024-05-27T06:44:41.900 INFO:teuthology.orchestra.run.smithi016.stdout:/usr/bin/ceph: stderr
2024-05-27T06:44:41.097+0000 7fcca6800700 1 --2- 172.21.15.16:0/4120694017 >> [v2:172.21.15.16:3300/0,v1:172.21.15.16:6789/0] conn(0x7fcca007f700 0x7fcca019ff60 unknown :-1 s=CLOSED pgs=71 cs=0 l=1 rev1=1 crypto rx=0 tx=0 comp rx=0 tx=0).stop
2024-05-27T06:44:41.900 INFO:teuthology.orchestra.run.smithi016.stdout:/usr/bin/ceph: stderr
2024-05-27T06:44:41.097+0000 7fcca6800700 1 -- 172.21.15.16:0/4120694017 >> 172.21.15.16:0/4120694017 conn(0x7fcca0105090 msgr2=0x7fcca01058f0 unknown :-1 s=STATE_NONE l=0).mark_down
2024-05-27T06:44:41.900 INFO:teuthology.orchestra.run.smithi016.stdout:/usr/bin/ceph: stderr
2024-05-27T06:44:41.097+0000 7fcca6800700 1 -- 172.21.15.16:0/4120694017 shutdown_connections
2024-05-27T06:44:41.900 INFO:teuthology.orchestra.run.smithi016.stdout:/usr/bin/ceph: stderr
2024-05-27T06:44:41.098+0000 7fcca6800700 1 -- 172.21.15.16:0/4120694017 wait complete.
2024-05-27T06:44:41.900 INFO:teuthology.orchestra.run.smithi016.stdout:Creating initial admin user...
2024-05-27T06:44:42.177 INFO:journalctl@ceph.mon.a.smithi016.stdout:May 27 06:44:42 smithi016 ceph-mon[31415]: from='client.14164 -' entity='client.admin' cmd=[{"prefix": "dashboard create-self-signed-cert", "target": ["mon-mgr", ""]}]: dispatch
2024-05-27T06:44:42.177 INFO:journalctl@ceph.mon.a.smithi016.stdout:May 27 06:44:42 smithi016 ceph-mon[31415]: from='mgr.14152 172.21.15.16:0/2985527985' entity='mgr.x'
2024-05-27T06:44:42.177 INFO:journalctl@ceph.mon.a.smithi016.stdout:May 27 06:44:42 smithi016 ceph-mon[31415]: from='mgr.14152 172.21.15.16:0/2985527985' entity='mgr.x'
2024-05-27T06:44:42.177 INFO:journalctl@ceph.mon.a.smithi016.stdout:May 27 06:44:42 smithi016 ceph-mon[31415]: from='mgr.14152 172.21.15.16:0/2985527985' entity='mgr.x'
2024-05-27T06:44:43.792 INFO:teuthology.orchestra.run.smithi016.stdout:/usr/bin/ceph: stdout {"username": "admin", "password": "$2b$12$XiBuUBDILSOm1uLy.tDWTu55R/jlFdJlVQqAC7Q4TyTk4yN.wRNMS", "roles": ["administrator"], "name": null, "email": null, "lastUpdate": 1716792283, "enabled": true, "pwdExpirationDate": null, "pwdUpdateRequired": true}
2024-05-27T06:44:43.792 INFO:teuthology.orchestra.run.smithi016.stdout:/usr/bin/ceph: stderr
2024-05-27T06:44:42.570+0000 7f4787a00700 1 Processor -- start
2024-05-27T06:44:43.792 INFO:teuthology.orchestra.run.smithi016.stdout:/usr/bin/ceph: stderr
2024-05-27T06:44:42.570+0000 7f4787a00700 1 -- start start
2024-05-27T06:44:43.792 INFO:teuthology.orchestra.run.smithi016.stdout:/usr/bin/ceph: stderr
2024-05-27T06:44:42.571+0000 7f4787a00700 1 --2- >> [v2:172.21.15.16:3300/0,v1:172.21.15.16:6789/0] conn(0x7f478010a4f0 0x7f478010c910 unknown :-1 s=NONE pgs=0 cs=0 l=0 rev1=0 crypto rx=0 tx=0 comp rx=0 tx=0).connect
2024-05-27T06:44:43.792 INFO:teuthology.orchestra.run.smithi016.stdout:/usr/bin/ceph: stderr
2024-05-27T06:44:42.571+0000 7f4787a00700 1 -- --> [v2:172.21.15.16:3300/0,v1:172.21.15.16:6789/0] -- mon_getmap magic: 0 -- 0x7f478007d8b0 con 0x7f478010a4f0
2024-05-27T06:44:43.792 INFO:teuthology.orchestra.run.smithi016.stdout:/usr/bin/ceph: stderr
2024-05-27T06:44:42.571+0000 7f4785000700 1 --2- >> [v2:172.21.15.16:3300/0,v1:172.21.15.16:6789/0] conn(0x7f478010a4f0 0x7f478010c910 unknown :-1 s=BANNER_CONNECTING pgs=0 cs=0 l=0 rev1=0 crypto rx=0 tx=0 comp rx=0 tx=0)._handle_peer_banner_payload supported=3 required=0
2024-05-27T06:44:43.792 INFO:teuthology.orchestra.run.smithi016.stdout:/usr/bin/ceph: stderr
2024-05-27T06:44:42.571+0000 7f4785000700 1 --2- >> [v2:172.21.15.16:3300/0,v1:172.21.15.16:6789/0] conn(0x7f478010a4f0 0x7f478010c910 unknown :-1 s=HELLO_CONNECTING pgs=0 cs=0 l=0 rev1=1 crypto rx=0 tx=0 comp rx=0 tx=0).handle_hello peer v2:172.21.15.16:3300/0 says I am v2:172.21.15.16:58040/0 (socket says 172.21.15.16:58040)
2024-05-27T06:44:43.792 INFO:teuthology.orchestra.run.smithi016.stdout:/usr/bin/ceph: stderr
2024-05-27T06:44:42.571+0000 7f4785000700 1 -- 172.21.15.16:0/1737631306 learned_addr learned my addr 172.21.15.16:0/1737631306 (peer_addr_for_me v2:172.21.15.16:0/0)
2024-05-27T06:44:43.793 INFO:teuthology.orchestra.run.smithi016.stdout:/usr/bin/ceph: stderr
2024-05-27T06:44:42.572+0000 7f4785000700 1 -- 172.21.15.16:0/1737631306 --> [v2:172.21.15.16:3300/0,v1:172.21.15.16:6789/0] -- mon_subscribe({config=0+,monmap=0+}) -- 0x7f478010ce50 con 0x7f478010a4f0
2024-05-27T06:44:43.793 INFO:teuthology.orchestra.run.smithi016.stdout:/usr/bin/ceph: stderr
2024-05-27T06:44:42.572+0000 7f4785000700 1 --2- 172.21.15.16:0/1737631306 >> [v2:172.21.15.16:3300/0,v1:172.21.15.16:6789/0] conn(0x7f478010a4f0 0x7f478010c910 secure :-1 s=READY pgs=72 cs=0 l=1 rev1=1 crypto rx=0x7f47740098a0 tx=0x7f4774009bb0 comp rx=0 tx=0).ready entity=mon.0 client_cookie=5696dcf2baad96a9 server_cookie=0 in_seq=0 out_seq=0
2024-05-27T06:44:43.793 INFO:teuthology.orchestra.run.smithi016.stdout:/usr/bin/ceph: stderr
2024-05-27T06:44:42.573+0000 7f477f400700 1 -- 172.21.15.16:0/1737631306 <== mon.0 v2:172.21.15.16:3300/0 1 ==== mon_map magic: 0 ==== 205+0+0 (secure 0 0 0) 0x7f4774004160 con 0x7f478010a4f0
2024-05-27T06:44:43.793 INFO:teuthology.orchestra.run.smithi016.stdout:/usr/bin/ceph: stderr
2024-05-27T06:44:42.573+0000 7f477f400700 1 -- 172.21.15.16:0/1737631306 <== mon.0 v2:172.21.15.16:3300/0 2 ==== config(25 keys) ==== 1063+0+0 (secure 0 0 0) 0x7f4774004300 con 0x7f478010a4f0
2024-05-27T06:44:43.793 INFO:teuthology.orchestra.run.smithi016.stdout:/usr/bin/ceph: stderr
2024-05-27T06:44:42.573+0000 7f477f400700 1 -- 172.21.15.16:0/1737631306 <== mon.0 v2:172.21.15.16:3300/0 3 ==== mon_map magic: 0 ==== 205+0+0 (secure 0 0 0) 0x7f4774011960 con 0x7f478010a4f0
2024-05-27T06:44:43.793 INFO:teuthology.orchestra.run.smithi016.stdout:/usr/bin/ceph: stderr
2024-05-27T06:44:42.574+0000 7f4787a00700 1 -- 172.21.15.16:0/1737631306 >> [v2:172.21.15.16:3300/0,v1:172.21.15.16:6789/0] conn(0x7f478010a4f0 msgr2=0x7f478010c910 secure :-1 s=STATE_CONNECTION_ESTABLISHED l=1).mark_down
2024-05-27T06:44:43.793 INFO:teuthology.orchestra.run.smithi016.stdout:/usr/bin/ceph: stderr
2024-05-27T06:44:42.574+0000 7f4787a00700 1 --2- 172.21.15.16:0/1737631306 >> [v2:172.21.15.16:3300/0,v1:172.21.15.16:6789/0] conn(0x7f478010a4f0 0x7f478010c910 secure :-1 s=READY pgs=72 cs=0 l=1 rev1=1 crypto rx=0x7f47740098a0 tx=0x7f4774009bb0 comp rx=0 tx=0).stop
2024-05-27T06:44:43.793 INFO:teuthology.orchestra.run.smithi016.stdout:/usr/bin/ceph: stderr
2024-05-27T06:44:42.574+0000 7f4787a00700 1 -- 172.21.15.16:0/1737631306 shutdown_connections
2024-05-27T06:44:43.793 INFO:teuthology.orchestra.run.smithi016.stdout:/usr/bin/ceph: stderr
2024-05-27T06:44:42.574+0000 7f4787a00700 1 --2- 172.21.15.16:0/1737631306 >> [v2:172.21.15.16:3300/0,v1:172.21.15.16:6789/0] conn(0x7f478010a4f0 0x7f478010c910 unknown :-1 s=CLOSED pgs=72 cs=0 l=1 rev1=1 crypto rx=0 tx=0 comp rx=0 tx=0).stop
2024-05-27T06:44:43.793 INFO:teuthology.orchestra.run.smithi016.stdout:/usr/bin/ceph: stderr
2024-05-27T06:44:42.574+0000 7f4787a00700 1 -- 172.21.15.16:0/1737631306 >> 172.21.15.16:0/1737631306 conn(0x7f4780103f50 msgr2=0x7f4780106400 unknown :-1 s=STATE_NONE l=0).mark_down
2024-05-27T06:44:43.793 INFO:teuthology.orchestra.run.smithi016.stdout:/usr/bin/ceph: stderr
2024-05-27T06:44:42.574+0000 7f4787a00700 1 -- 172.21.15.16:0/1737631306 shutdown_connections
2024-05-27T06:44:43.793 INFO:teuthology.orchestra.run.smithi016.stdout:/usr/bin/ceph: stderr
2024-05-27T06:44:42.574+0000 7f4787a00700 1 -- 172.21.15.16:0/1737631306 wait complete.
2024-05-27T06:44:43.794 INFO:teuthology.orchestra.run.smithi016.stdout:/usr/bin/ceph: stderr
2024-05-27T06:44:42.575+0000 7f4787a00700 1 Processor -- start
2024-05-27T06:44:43.794 INFO:teuthology.orchestra.run.smithi016.stdout:/usr/bin/ceph: stderr
2024-05-27T06:44:42.575+0000 7f4787a00700 1 -- start start
2024-05-27T06:44:43.794 INFO:teuthology.orchestra.run.smithi016.stdout:/usr/bin/ceph: stderr
2024-05-27T06:44:42.576+0000 7f4787a00700 1 --2- >> [v2:172.21.15.16:3300/0,v1:172.21.15.16:6789/0] conn(0x7f478010a4f0 0x7f478019ff60 unknown :-1 s=NONE pgs=0 cs=0 l=1 rev1=0 crypto rx=0 tx=0 comp rx=0 tx=0).connect
2024-05-27T06:44:43.794 INFO:teuthology.orchestra.run.smithi016.stdout:/usr/bin/ceph: stderr
2024-05-27T06:44:42.576+0000 7f4787a00700 1 -- --> [v2:172.21.15.16:3300/0,v1:172.21.15.16:6789/0] -- mon_getmap magic: 0 -- 0x7f478010ddf0 con 0x7f478010a4f0
2024-05-27T06:44:43.794 INFO:teuthology.orchestra.run.smithi016.stdout:/usr/bin/ceph: stderr
2024-05-27T06:44:42.576+0000 7f4785000700 1 --2- >> [v2:172.21.15.16:3300/0,v1:172.21.15.16:6789/0] conn(0x7f478010a4f0 0x7f478019ff60 unknown :-1 s=BANNER_CONNECTING pgs=0 cs=0 l=1 rev1=0 crypto rx=0 tx=0 comp rx=0 tx=0)._handle_peer_banner_payload supported=3 required=0
2024-05-27T06:44:43.794 INFO:teuthology.orchestra.run.smithi016.stdout:/usr/bin/ceph: stderr
2024-05-27T06:44:42.576+0000 7f4785000700 1 --2- >> [v2:172.21.15.16:3300/0,v1:172.21.15.16:6789/0] conn(0x7f478010a4f0 0x7f478019ff60 unknown :-1 s=HELLO_CONNECTING pgs=0 cs=0 l=1 rev1=1 crypto rx=0 tx=0 comp rx=0 tx=0).handle_hello peer v2:172.21.15.16:3300/0 says I am v2:172.21.15.16:58056/0 (socket says 172.21.15.16:58056)
2024-05-27T06:44:43.794 INFO:teuthology.orchestra.run.smithi016.stdout:/usr/bin/ceph: stderr
2024-05-27T06:44:42.576+0000 7f4785000700 1 -- 172.21.15.16:0/3502070404 learned_addr learned my addr 172.21.15.16:0/3502070404 (peer_addr_for_me v2:172.21.15.16:0/0)
2024-05-27T06:44:43.794 INFO:teuthology.orchestra.run.smithi016.stdout:/usr/bin/ceph: stderr
2024-05-27T06:44:42.577+0000 7f4785000700 1 -- 172.21.15.16:0/3502070404 --> [v2:172.21.15.16:3300/0,v1:172.21.15.16:6789/0] -- mon_subscribe({config=0+,monmap=0+}) -- 0x7f47801a04a0 con 0x7f478010a4f0
2024-05-27T06:44:43.794 INFO:teuthology.orchestra.run.smithi016.stdout:/usr/bin/ceph: stderr
2024-05-27T06:44:42.577+0000 7f4785000700 1 --2- 172.21.15.16:0/3502070404 >> [v2:172.21.15.16:3300/0,v1:172.21.15.16:6789/0] conn(0x7f478010a4f0 0x7f478019ff60 secure :-1 s=READY pgs=73 cs=0 l=1 rev1=1 crypto rx=0x7f4774011670 tx=0x7f4774011a30 comp rx=0 tx=0).ready entity=mon.0 client_cookie=0 server_cookie=0 in_seq=0 out_seq=0
2024-05-27T06:44:43.794 INFO:teuthology.orchestra.run.smithi016.stdout:/usr/bin/ceph: stderr
2024-05-27T06:44:42.577+0000 7f477d600700 1 -- 172.21.15.16:0/3502070404 <== mon.0 v2:172.21.15.16:3300/0 1 ==== mon_map magic: 0 ==== 205+0+0 (secure 0 0 0) 0x7f477401f070 con 0x7f478010a4f0
2024-05-27T06:44:43.794 INFO:teuthology.orchestra.run.smithi016.stdout:/usr/bin/ceph: stderr
2024-05-27T06:44:42.577+0000 7f477d600700 1 -- 172.21.15.16:0/3502070404 <== mon.0 v2:172.21.15.16:3300/0 2 ==== config(25 keys) ==== 1063+0+0 (secure 0 0 0) 0x7f4774003b20 con 0x7f478010a4f0
2024-05-27T06:44:43.794 INFO:teuthology.orchestra.run.smithi016.stdout:/usr/bin/ceph: stderr
2024-05-27T06:44:42.578+0000 7f4787a00700 1 -- 172.21.15.16:0/3502070404 --> [v2:172.21.15.16:3300/0,v1:172.21.15.16:6789/0] -- mon_subscribe({mgrmap=0+}) -- 0x7f47801a0730 con 0x7f478010a4f0
2024-05-27T06:44:43.794 INFO:teuthology.orchestra.run.smithi016.stdout:/usr/bin/ceph: stderr
2024-05-27T06:44:42.578+0000 7f477d600700 1 -- 172.21.15.16:0/3502070404 <== mon.0 v2:172.21.15.16:3300/0 3 ==== mon_map magic: 0 ==== 205+0+0 (secure 0 0 0) 0x7f4774019580 con 0x7f478010a4f0
2024-05-27T06:44:43.795 INFO:teuthology.orchestra.run.smithi016.stdout:/usr/bin/ceph: stderr
2024-05-27T06:44:42.578+0000 7f4787a00700 1 -- 172.21.15.16:0/3502070404 --> [v2:172.21.15.16:3300/0,v1:172.21.15.16:6789/0] -- mon_subscribe({osdmap=0}) -- 0x7f47801a3340 con 0x7f478010a4f0
2024-05-27T06:44:43.795 INFO:teuthology.orchestra.run.smithi016.stdout:/usr/bin/ceph: stderr
2024-05-27T06:44:42.579+0000 7f4787a00700 1 -- 172.21.15.16:0/3502070404 --> [v2:172.21.15.16:3300/0,v1:172.21.15.16:6789/0] -- mon_command({"prefix": "get_command_descriptions"} v 0) -- 0x7f4780064e10 con 0x7f478010a4f0
2024-05-27T06:44:43.795 INFO:teuthology.orchestra.run.smithi016.stdout:/usr/bin/ceph: stderr
2024-05-27T06:44:42.579+0000 7f477d600700 1 -- 172.21.15.16:0/3502070404 <== mon.0 v2:172.21.15.16:3300/0 4 ==== mgrmap(e 12) ==== 50235+0+0 (secure 0 0 0) 0x7f4774022070 con 0x7f478010a4f0
2024-05-27T06:44:43.795 INFO:teuthology.orchestra.run.smithi016.stdout:/usr/bin/ceph: stderr
2024-05-27T06:44:42.580+0000 7f477d600700 1 --2- 172.21.15.16:0/3502070404 >> [v2:172.21.15.16:6800/2755801148,v1:172.21.15.16:6801/2755801148] conn(0x7f476803e520 0x7f4768040a30 unknown :-1 s=NONE pgs=0 cs=0 l=1 rev1=0 crypto rx=0 tx=0 comp rx=0 tx=0).connect
2024-05-27T06:44:43.795 INFO:teuthology.orchestra.run.smithi016.stdout:/usr/bin/ceph: stderr
2024-05-27T06:44:42.580+0000 7f477d600700 1 -- 172.21.15.16:0/3502070404 <== mon.0 v2:172.21.15.16:3300/0 5 ==== osd_map(3..3 src has 1..3) ==== 1155+0+0 (secure 0 0 0) 0x7f4774053bf0 con 0x7f478010a4f0
2024-05-27T06:44:43.795 INFO:teuthology.orchestra.run.smithi016.stdout:/usr/bin/ceph: stderr
2024-05-27T06:44:42.581+0000 7f477fe00700 1 --2- 172.21.15.16:0/3502070404 >> [v2:172.21.15.16:6800/2755801148,v1:172.21.15.16:6801/2755801148] conn(0x7f476803e520 0x7f4768040a30 unknown :-1 s=BANNER_CONNECTING pgs=0 cs=0 l=1 rev1=0 crypto rx=0 tx=0 comp rx=0 tx=0)._handle_peer_banner_payload supported=3 required=0
2024-05-27T06:44:43.795 INFO:teuthology.orchestra.run.smithi016.stdout:/usr/bin/ceph: stderr
2024-05-27T06:44:42.581+0000 7f477fe00700 1 --2- 172.21.15.16:0/3502070404 >> [v2:172.21.15.16:6800/2755801148,v1:172.21.15.16:6801/2755801148] conn(0x7f476803e520 0x7f4768040a30 secure :-1 s=READY pgs=8 cs=0 l=1 rev1=1 crypto rx=0x7f476c006fd0 tx=0x7f476c006e40 comp rx=0 tx=0).ready entity=mgr.14152 client_cookie=0 server_cookie=0 in_seq=0 out_seq=0
2024-05-27T06:44:43.795 INFO:teuthology.orchestra.run.smithi016.stdout:/usr/bin/ceph: stderr
2024-05-27T06:44:42.586+0000 7f477d600700 1 -- 172.21.15.16:0/3502070404 <== mon.0 v2:172.21.15.16:3300/0 6 ==== mon_command_ack([{"prefix": "get_command_descriptions"}]=0 v0) ==== 72+0+191963 (secure 0 0 0) 0x7f477402cd00 con 0x7f478010a4f0
2024-05-27T06:44:43.795 INFO:teuthology.orchestra.run.smithi016.stdout:/usr/bin/ceph: stderr
2024-05-27T06:44:42.842+0000 7f4787a00700 1 -- 172.21.15.16:0/3502070404 --> [v2:172.21.15.16:6800/2755801148,v1:172.21.15.16:6801/2755801148] -- mgr_command(tid 0: {"prefix": "dashboard ac-user-create", "username": "admin", "rolename": "administrator", "force_password": true, "pwd_update_required": true, "target": ["mon-mgr", ""]}) -- 0x7f47801a35d0 con 0x7f476803e520
2024-05-27T06:44:43.795 INFO:teuthology.orchestra.run.smithi016.stdout:/usr/bin/ceph: stderr
2024-05-27T06:44:43.120+0000 7f477d600700 1 -- 172.21.15.16:0/3502070404 <== mgr.14152 v2:172.21.15.16:6800/2755801148 1 ==== mgr_command_reply(tid 0: 0 ) ==== 8+0+252 (secure 0 0 0) 0x7f47801a35d0 con 0x7f476803e520
2024-05-27T06:44:43.795 INFO:teuthology.orchestra.run.smithi016.stdout:/usr/bin/ceph: stderr
2024-05-27T06:44:43.123+0000 7f4787a00700 1 -- 172.21.15.16:0/3502070404 >> [v2:172.21.15.16:6800/2755801148,v1:172.21.15.16:6801/2755801148] conn(0x7f476803e520 msgr2=0x7f4768040a30 secure :-1 s=STATE_CONNECTION_ESTABLISHED l=1).mark_down
2024-05-27T06:44:43.796 INFO:teuthology.orchestra.run.smithi016.stdout:/usr/bin/ceph: stderr
2024-05-27T06:44:43.123+0000 7f4787a00700 1 --2- 172.21.15.16:0/3502070404 >> [v2:172.21.15.16:6800/2755801148,v1:172.21.15.16:6801/2755801148] conn(0x7f476803e520 0x7f4768040a30 secure :-1 s=READY pgs=8 cs=0 l=1 rev1=1 crypto rx=0x7f476c006fd0 tx=0x7f476c006e40 comp rx=0 tx=0).stop
2024-05-27T06:44:43.796 INFO:teuthology.orchestra.run.smithi016.stdout:/usr/bin/ceph: stderr
2024-05-27T06:44:43.123+0000 7f4787a00700 1 -- 172.21.15.16:0/3502070404 >> [v2:172.21.15.16:3300/0,v1:172.21.15.16:6789/0] conn(0x7f478010a4f0 msgr2=0x7f478019ff60 secure :-1 s=STATE_CONNECTION_ESTABLISHED l=1).mark_down
2024-05-27T06:44:43.796 INFO:teuthology.orchestra.run.smithi016.stdout:/usr/bin/ceph: stderr
2024-05-27T06:44:43.123+0000 7f4787a00700 1 --2- 172.21.15.16:0/3502070404 >> [v2:172.21.15.16:3300/0,v1:172.21.15.16:6789/0] conn(0x7f478010a4f0 0x7f478019ff60 secure :-1 s=READY pgs=73 cs=0 l=1 rev1=1 crypto rx=0x7f4774011670 tx=0x7f4774011a30 comp rx=0 tx=0).stop
2024-05-27T06:44:43.796 INFO:teuthology.orchestra.run.smithi016.stdout:/usr/bin/ceph: stderr
2024-05-27T06:44:43.123+0000 7f4787a00700 1 -- 172.21.15.16:0/3502070404 shutdown_connections
2024-05-27T06:44:43.796 INFO:teuthology.orchestra.run.smithi016.stdout:/usr/bin/ceph: stderr
2024-05-27T06:44:43.123+0000 7f4787a00700 1 --2- 172.21.15.16:0/3502070404 >> [v2:172.21.15.16:6800/2755801148,v1:172.21.15.16:6801/2755801148] conn(0x7f476803e520 0x7f4768040a30 unknown :-1 s=CLOSED pgs=8 cs=0 l=1 rev1=1 crypto rx=0 tx=0 comp rx=0 tx=0).stop
2024-05-27T06:44:43.796 INFO:teuthology.orchestra.run.smithi016.stdout:/usr/bin/ceph: stderr
2024-05-27T06:44:43.123+0000 7f4787a00700 1 --2- 172.21.15.16:0/3502070404 >> [v2:172.21.15.16:3300/0,v1:172.21.15.16:6789/0] conn(0x7f478010a4f0 0x7f478019ff60 unknown :-1 s=CLOSED pgs=73 cs=0 l=1 rev1=1 crypto rx=0 tx=0 comp rx=0 tx=0).stop
2024-05-27T06:44:43.796 INFO:teuthology.orchestra.run.smithi016.stdout:/usr/bin/ceph: stderr
2024-05-27T06:44:43.123+0000 7f4787a00700 1 -- 172.21.15.16:0/3502070404 >> 172.21.15.16:0/3502070404 conn(0x7f4780103f50 msgr2=0x7f4780108400 unknown :-1 s=STATE_NONE l=0).mark_down
2024-05-27T06:44:43.796 INFO:teuthology.orchestra.run.smithi016.stdout:/usr/bin/ceph: stderr
2024-05-27T06:44:43.123+0000 7f4787a00700 1 -- 172.21.15.16:0/3502070404 shutdown_connections
2024-05-27T06:44:43.796 INFO:teuthology.orchestra.run.smithi016.stdout:/usr/bin/ceph: stderr
2024-05-27T06:44:43.123+0000 7f4787a00700 1 -- 172.21.15.16:0/3502070404 wait complete.
2024-05-27T06:44:43.796 INFO:teuthology.orchestra.run.smithi016.stdout:Fetching dashboard port number...
2024-05-27T06:44:44.414 INFO:journalctl@ceph.mon.a.smithi016.stdout:May 27 06:44:44 smithi016 ceph-mon[31415]: from='client.14166 -' entity='client.admin' cmd=[{"prefix": "dashboard ac-user-create", "username": "admin", "rolename": "administrator", "force_password": true, "pwd_update_required": true, "target": ["mon-mgr", ""]}]: dispatch
2024-05-27T06:44:44.414 INFO:journalctl@ceph.mon.a.smithi016.stdout:May 27 06:44:44 smithi016 ceph-mon[31415]: from='mgr.14152 172.21.15.16:0/2985527985' entity='mgr.x'
2024-05-27T06:44:44.414 INFO:journalctl@ceph.mon.a.smithi016.stdout:May 27 06:44:44 smithi016 ceph-mon[31415]: from='mgr.14152 172.21.15.16:0/2985527985' entity='mgr.x'
2024-05-27T06:44:45.601 INFO:journalctl@ceph.mon.a.smithi016.stdout:May 27 06:44:45 smithi016 ceph-mon[31415]: mgrmap e13: x(active, since 6s)
2024-05-27T06:44:45.601 INFO:journalctl@ceph.mon.a.smithi016.stdout:May 27 06:44:45 smithi016 ceph-mon[31415]: from='client.? 172.21.15.16:0/3470432145' entity='client.admin' cmd=[{"prefix": "config get", "who": "mgr", "key": "mgr/dashboard/ssl_server_port"}]: dispatch
2024-05-27T06:44:46.571 INFO:teuthology.orchestra.run.smithi016.stdout:/usr/bin/ceph: stdout 8443
2024-05-27T06:44:46.571 INFO:teuthology.orchestra.run.smithi016.stdout:/usr/bin/ceph: stderr
2024-05-27T06:44:44.550+0000 7fcc87e00700 1 Processor -- start
2024-05-27T06:44:46.571 INFO:teuthology.orchestra.run.smithi016.stdout:/usr/bin/ceph: stderr
2024-05-27T06:44:44.550+0000 7fcc87e00700 1 -- start start
2024-05-27T06:44:46.571 INFO:teuthology.orchestra.run.smithi016.stdout:/usr/bin/ceph: stderr
2024-05-27T06:44:44.550+0000 7fcc87e00700 1 --2- >> [v2:172.21.15.16:3300/0,v1:172.21.15.16:6789/0] conn(0x7fcc80109a50 0x7fcc80109e60 unknown :-1 s=NONE pgs=0 cs=0 l=0 rev1=0 crypto rx=0 tx=0 comp rx=0 tx=0).connect
2024-05-27T06:44:46.571 INFO:teuthology.orchestra.run.smithi016.stdout:/usr/bin/ceph: stderr
2024-05-27T06:44:44.550+0000 7fcc87e00700 1 -- --> [v2:172.21.15.16:3300/0,v1:172.21.15.16:6789/0] -- mon_getmap magic: 0 -- 0x7fcc8010a450 con 0x7fcc80109a50
2024-05-27T06:44:46.571 INFO:teuthology.orchestra.run.smithi016.stdout:/usr/bin/ceph: stderr
2024-05-27T06:44:44.551+0000 7fcc85400700 1 --2- >> [v2:172.21.15.16:3300/0,v1:172.21.15.16:6789/0] conn(0x7fcc80109a50 0x7fcc80109e60 unknown :-1 s=BANNER_CONNECTING pgs=0 cs=0 l=0 rev1=0 crypto rx=0 tx=0 comp rx=0 tx=0)._handle_peer_banner_payload supported=3 required=0
2024-05-27T06:44:46.572 INFO:teuthology.orchestra.run.smithi016.stdout:/usr/bin/ceph: stderr
2024-05-27T06:44:44.551+0000 7fcc85400700 1 --2- >> [v2:172.21.15.16:3300/0,v1:172.21.15.16:6789/0] conn(0x7fcc80109a50 0x7fcc80109e60 unknown :-1 s=HELLO_CONNECTING pgs=0 cs=0 l=0 rev1=1 crypto rx=0 tx=0 comp rx=0 tx=0).handle_hello peer v2:172.21.15.16:3300/0 says I am v2:172.21.15.16:58066/0 (socket says 172.21.15.16:58066)
2024-05-27T06:44:46.572 INFO:teuthology.orchestra.run.smithi016.stdout:/usr/bin/ceph: stderr
2024-05-27T06:44:44.551+0000 7fcc85400700 1 -- 172.21.15.16:0/1573940904 learned_addr learned my addr 172.21.15.16:0/1573940904 (peer_addr_for_me v2:172.21.15.16:0/0)
2024-05-27T06:44:46.572 INFO:teuthology.orchestra.run.smithi016.stdout:/usr/bin/ceph: stderr
2024-05-27T06:44:44.551+0000 7fcc85400700 1 -- 172.21.15.16:0/1573940904 --> [v2:172.21.15.16:3300/0,v1:172.21.15.16:6789/0] -- mon_subscribe({config=0+,monmap=0+}) -- 0x7fcc8010ac20 con 0x7fcc80109a50
2024-05-27T06:44:46.572 INFO:teuthology.orchestra.run.smithi016.stdout:/usr/bin/ceph: stderr
2024-05-27T06:44:44.552+0000 7fcc85400700 1 --2- 172.21.15.16:0/1573940904 >> [v2:172.21.15.16:3300/0,v1:172.21.15.16:6789/0] conn(0x7fcc80109a50 0x7fcc80109e60 secure :-1 s=READY pgs=74 cs=0 l=1 rev1=1 crypto rx=0x7fcc740098a0 tx=0x7fcc74009bb0 comp rx=0 tx=0).ready entity=mon.0 client_cookie=a0735a07e86c8e70 server_cookie=0 in_seq=0 out_seq=0
2024-05-27T06:44:46.572 INFO:teuthology.orchestra.run.smithi016.stdout:/usr/bin/ceph: stderr
2024-05-27T06:44:44.552+0000 7fcc7fe00700 1 -- 172.21.15.16:0/1573940904 <== mon.0 v2:172.21.15.16:3300/0 1 ==== mon_map magic: 0 ==== 205+0+0 (secure 0 0 0) 0x7fcc74004160 con 0x7fcc80109a50
2024-05-27T06:44:46.572 INFO:teuthology.orchestra.run.smithi016.stdout:/usr/bin/ceph: stderr
2024-05-27T06:44:44.552+0000 7fcc7fe00700 1 -- 172.21.15.16:0/1573940904 <== mon.0 v2:172.21.15.16:3300/0 2 ==== config(25 keys) ==== 1063+0+0 (secure 0 0 0) 0x7fcc74004300 con 0x7fcc80109a50
2024-05-27T06:44:46.572 INFO:teuthology.orchestra.run.smithi016.stdout:/usr/bin/ceph: stderr
2024-05-27T06:44:44.552+0000 7fcc7fe00700 1 -- 172.21.15.16:0/1573940904 <== mon.0 v2:172.21.15.16:3300/0 3 ==== mon_map magic: 0 ==== 205+0+0 (secure 0 0 0) 0x7fcc74011960 con 0x7fcc80109a50
2024-05-27T06:44:46.572 INFO:teuthology.orchestra.run.smithi016.stdout:/usr/bin/ceph: stderr
2024-05-27T06:44:44.553+0000 7fcc87e00700 1 -- 172.21.15.16:0/1573940904 >> [v2:172.21.15.16:3300/0,v1:172.21.15.16:6789/0] conn(0x7fcc80109a50 msgr2=0x7fcc80109e60 secure :-1 s=STATE_CONNECTION_ESTABLISHED l=1).mark_down
2024-05-27T06:44:46.572 INFO:teuthology.orchestra.run.smithi016.stdout:/usr/bin/ceph: stderr
2024-05-27T06:44:44.553+0000 7fcc87e00700 1 --2- 172.21.15.16:0/1573940904 >> [v2:172.21.15.16:3300/0,v1:172.21.15.16:6789/0] conn(0x7fcc80109a50 0x7fcc80109e60 secure :-1 s=READY pgs=74 cs=0 l=1 rev1=1 crypto rx=0x7fcc740098a0 tx=0x7fcc74009bb0 comp rx=0 tx=0).stop
2024-05-27T06:44:46.572 INFO:teuthology.orchestra.run.smithi016.stdout:/usr/bin/ceph: stderr
2024-05-27T06:44:44.553+0000 7fcc87e00700 1 -- 172.21.15.16:0/1573940904 shutdown_connections
2024-05-27T06:44:46.572 INFO:teuthology.orchestra.run.smithi016.stdout:/usr/bin/ceph: stderr
2024-05-27T06:44:44.553+0000 7fcc87e00700 1 --2- 172.21.15.16:0/1573940904 >> [v2:172.21.15.16:3300/0,v1:172.21.15.16:6789/0] conn(0x7fcc80109a50 0x7fcc80109e60 unknown :-1 s=CLOSED pgs=74 cs=0 l=1 rev1=1 crypto rx=0 tx=0 comp rx=0 tx=0).stop
2024-05-27T06:44:46.573 INFO:teuthology.orchestra.run.smithi016.stdout:/usr/bin/ceph: stderr
2024-05-27T06:44:44.553+0000 7fcc87e00700 1 -- 172.21.15.16:0/1573940904 >> 172.21.15.16:0/1573940904 conn(0x7fcc801050b0 msgr2=0x7fcc80107540 unknown :-1 s=STATE_NONE l=0).mark_down
2024-05-27T06:44:46.573 INFO:teuthology.orchestra.run.smithi016.stdout:/usr/bin/ceph: stderr
2024-05-27T06:44:44.554+0000 7fcc87e00700 1 -- 172.21.15.16:0/1573940904 shutdown_connections
2024-05-27T06:44:46.573 INFO:teuthology.orchestra.run.smithi016.stdout:/usr/bin/ceph: stderr
2024-05-27T06:44:44.554+0000 7fcc87e00700 1 -- 172.21.15.16:0/1573940904 wait complete.
2024-05-27T06:44:46.573 INFO:teuthology.orchestra.run.smithi016.stdout:/usr/bin/ceph: stderr
2024-05-27T06:44:44.555+0000 7fcc87e00700 1 Processor -- start
2024-05-27T06:44:46.573 INFO:teuthology.orchestra.run.smithi016.stdout:/usr/bin/ceph: stderr
2024-05-27T06:44:44.555+0000 7fcc87e00700 1 -- start start
2024-05-27T06:44:46.573 INFO:teuthology.orchestra.run.smithi016.stdout:/usr/bin/ceph: stderr
2024-05-27T06:44:44.555+0000 7fcc87e00700 1 --2- >> [v2:172.21.15.16:3300/0,v1:172.21.15.16:6789/0] conn(0x7fcc80109a50 0x7fcc8019efe0 unknown :-1 s=NONE pgs=0 cs=0 l=1 rev1=0 crypto rx=0 tx=0 comp rx=0 tx=0).connect
2024-05-27T06:44:46.573 INFO:teuthology.orchestra.run.smithi016.stdout:/usr/bin/ceph: stderr
2024-05-27T06:44:44.555+0000 7fcc87e00700 1 -- --> [v2:172.21.15.16:3300/0,v1:172.21.15.16:6789/0] -- mon_getmap magic: 0 -- 0x7fcc8010dfd0 con 0x7fcc80109a50
2024-05-27T06:44:46.573 INFO:teuthology.orchestra.run.smithi016.stdout:/usr/bin/ceph: stderr
2024-05-27T06:44:44.556+0000 7fcc85400700 1 --2- >> [v2:172.21.15.16:3300/0,v1:172.21.15.16:6789/0] conn(0x7fcc80109a50 0x7fcc8019efe0 unknown :-1 s=BANNER_CONNECTING pgs=0 cs=0 l=1 rev1=0 crypto rx=0 tx=0 comp rx=0 tx=0)._handle_peer_banner_payload supported=3 required=0
2024-05-27T06:44:46.573 INFO:teuthology.orchestra.run.smithi016.stdout:/usr/bin/ceph: stderr
2024-05-27T06:44:44.556+0000 7fcc85400700 1 --2- >> [v2:172.21.15.16:3300/0,v1:172.21.15.16:6789/0] conn(0x7fcc80109a50 0x7fcc8019efe0 unknown :-1 s=HELLO_CONNECTING pgs=0 cs=0 l=1 rev1=1 crypto rx=0 tx=0 comp rx=0 tx=0).handle_hello peer v2:172.21.15.16:3300/0 says I am v2:172.21.15.16:58076/0 (socket says 172.21.15.16:58076)
2024-05-27T06:44:46.573 INFO:teuthology.orchestra.run.smithi016.stdout:/usr/bin/ceph: stderr
2024-05-27T06:44:44.556+0000 7fcc85400700 1 -- 172.21.15.16:0/3470432145 learned_addr learned my addr 172.21.15.16:0/3470432145 (peer_addr_for_me v2:172.21.15.16:0/0)
2024-05-27T06:44:46.574 INFO:teuthology.orchestra.run.smithi016.stdout:/usr/bin/ceph: stderr
2024-05-27T06:44:44.556+0000 7fcc85400700 1 -- 172.21.15.16:0/3470432145 --> [v2:172.21.15.16:3300/0,v1:172.21.15.16:6789/0] -- mon_subscribe({config=0+,monmap=0+}) -- 0x7fcc8019f520 con 0x7fcc80109a50
2024-05-27T06:44:46.574 INFO:teuthology.orchestra.run.smithi016.stdout:/usr/bin/ceph: stderr
2024-05-27T06:44:44.556+0000 7fcc85400700 1 --2- 172.21.15.16:0/3470432145 >> [v2:172.21.15.16:3300/0,v1:172.21.15.16:6789/0] conn(0x7fcc80109a50 0x7fcc8019efe0 secure :-1 s=READY pgs=75 cs=0 l=1 rev1=1 crypto rx=0x7fcc740119b0 tx=0x7fcc74011a90 comp rx=0 tx=0).ready entity=mon.0 client_cookie=0 server_cookie=0 in_seq=0 out_seq=0
2024-05-27T06:44:46.574 INFO:teuthology.orchestra.run.smithi016.stdout:/usr/bin/ceph: stderr
2024-05-27T06:44:44.557+0000 7fcc7e000700 1 -- 172.21.15.16:0/3470432145 <== mon.0 v2:172.21.15.16:3300/0 1 ==== mon_map magic: 0 ==== 205+0+0 (secure 0 0 0) 0x7fcc74003aa0 con 0x7fcc80109a50
2024-05-27T06:44:46.574 INFO:teuthology.orchestra.run.smithi016.stdout:/usr/bin/ceph: stderr
2024-05-27T06:44:44.557+0000 7fcc7e000700 1 -- 172.21.15.16:0/3470432145 <== mon.0 v2:172.21.15.16:3300/0 2 ==== config(25 keys) ==== 1063+0+0 (secure 0 0 0) 0x7fcc7401b8d0 con 0x7fcc80109a50
2024-05-27T06:44:46.574 INFO:teuthology.orchestra.run.smithi016.stdout:/usr/bin/ceph: stderr
2024-05-27T06:44:44.557+0000 7fcc7e000700 1 -- 172.21.15.16:0/3470432145 <== mon.0 v2:172.21.15.16:3300/0 3 ==== mon_map magic: 0 ==== 205+0+0 (secure 0 0 0) 0x7fcc740237d0 con 0x7fcc80109a50
2024-05-27T06:44:46.574 INFO:teuthology.orchestra.run.smithi016.stdout:/usr/bin/ceph: stderr
2024-05-27T06:44:44.557+0000 7fcc87e00700 1 -- 172.21.15.16:0/3470432145 --> [v2:172.21.15.16:3300/0,v1:172.21.15.16:6789/0] -- mon_subscribe({mgrmap=0+}) -- 0x7fcc8019f7b0 con 0x7fcc80109a50
2024-05-27T06:44:46.574 INFO:teuthology.orchestra.run.smithi016.stdout:/usr/bin/ceph: stderr
2024-05-27T06:44:44.557+0000 7fcc87e00700 1 -- 172.21.15.16:0/3470432145 --> [v2:172.21.15.16:3300/0,v1:172.21.15.16:6789/0] -- mon_subscribe({osdmap=0}) -- 0x7fcc8019bc00 con 0x7fcc80109a50
2024-05-27T06:44:46.574 INFO:teuthology.orchestra.run.smithi016.stdout:/usr/bin/ceph: stderr
2024-05-27T06:44:44.558+0000 7fcc73400700 1 -- 172.21.15.16:0/3470432145 --> [v2:172.21.15.16:3300/0,v1:172.21.15.16:6789/0] -- mon_command({"prefix": "get_command_descriptions"} v 0) -- 0x7fcc5c005330 con 0x7fcc80109a50
2024-05-27T06:44:46.574 INFO:teuthology.orchestra.run.smithi016.stdout:/usr/bin/ceph: stderr
2024-05-27T06:44:44.559+0000 7fcc7e000700 1 -- 172.21.15.16:0/3470432145 <== mon.0 v2:172.21.15.16:3300/0 4 ==== mgrmap(e 13) ==== 50278+0+0 (secure 0 0 0) 0x7fcc7401b440 con 0x7fcc80109a50
2024-05-27T06:44:46.574 INFO:teuthology.orchestra.run.smithi016.stdout:/usr/bin/ceph: stderr
2024-05-27T06:44:44.559+0000 7fcc7e000700 1 --2- 172.21.15.16:0/3470432145 >> [v2:172.21.15.16:6800/2755801148,v1:172.21.15.16:6801/2755801148] conn(0x7fcc6803e570 0x7fcc68040a80 unknown :-1 s=NONE pgs=0 cs=0 l=1 rev1=0 crypto rx=0 tx=0 comp rx=0 tx=0).connect
2024-05-27T06:44:46.574 INFO:teuthology.orchestra.run.smithi016.stdout:/usr/bin/ceph: stderr
2024-05-27T06:44:44.559+0000 7fcc7e000700 1 -- 172.21.15.16:0/3470432145 <== mon.0 v2:172.21.15.16:3300/0 5 ==== osd_map(3..3 src has 1..3) ==== 1155+0+0 (secure 0 0 0) 0x7fcc74054170 con 0x7fcc80109a50
2024-05-27T06:44:46.575 INFO:teuthology.orchestra.run.smithi016.stdout:/usr/bin/ceph: stderr
2024-05-27T06:44:44.560+0000 7fcc84a00700 1 --2- 172.21.15.16:0/3470432145 >> [v2:172.21.15.16:6800/2755801148,v1:172.21.15.16:6801/2755801148] conn(0x7fcc6803e570 0x7fcc68040a80 unknown :-1 s=BANNER_CONNECTING pgs=0 cs=0 l=1 rev1=0 crypto rx=0 tx=0 comp rx=0 tx=0)._handle_peer_banner_payload supported=3 required=0
2024-05-27T06:44:46.575 INFO:teuthology.orchestra.run.smithi016.stdout:/usr/bin/ceph: stderr
2024-05-27T06:44:44.561+0000 7fcc84a00700 1 --2- 172.21.15.16:0/3470432145 >> [v2:172.21.15.16:6800/2755801148,v1:172.21.15.16:6801/2755801148] conn(0x7fcc6803e570 0x7fcc68040a80 secure :-1 s=READY pgs=9 cs=0 l=1 rev1=1 crypto rx=0x7fcc6c006fd0 tx=0x7fcc6c006e40 comp rx=0 tx=0).ready entity=mgr.14152 client_cookie=0 server_cookie=0 in_seq=0 out_seq=0
2024-05-27T06:44:46.575 INFO:teuthology.orchestra.run.smithi016.stdout:/usr/bin/ceph: stderr
2024-05-27T06:44:44.565+0000 7fcc7e000700 1 -- 172.21.15.16:0/3470432145 <== mon.0 v2:172.21.15.16:3300/0 6 ==== mon_command_ack([{"prefix": "get_command_descriptions"}]=0 v0) ==== 72+0+191963 (secure 0 0 0) 0x7fcc7401f030 con 0x7fcc80109a50
2024-05-27T06:44:46.575 INFO:teuthology.orchestra.run.smithi016.stdout:/usr/bin/ceph: stderr
2024-05-27T06:44:44.802+0000 7fcc73400700 1 -- 172.21.15.16:0/3470432145 --> [v2:172.21.15.16:3300/0,v1:172.21.15.16:6789/0] -- mon_command({"prefix": "config get", "who": "mgr", "key": "mgr/dashboard/ssl_server_port"} v 0) -- 0x7fcc5c005620 con 0x7fcc80109a50
2024-05-27T06:44:46.575 INFO:teuthology.orchestra.run.smithi016.stdout:/usr/bin/ceph: stderr
2024-05-27T06:44:44.803+0000 7fcc7e000700 1 -- 172.21.15.16:0/3470432145 <== mon.0 v2:172.21.15.16:3300/0 7 ==== mon_command_ack([{"prefix": "config get", "who": "mgr", "key": "mgr/dashboard/ssl_server_port"}]=0 v8) ==== 112+0+5 (secure 0 0 0) 0x7fcc7402b3a0 con 0x7fcc80109a50
2024-05-27T06:44:46.575 INFO:teuthology.orchestra.run.smithi016.stdout:/usr/bin/ceph: stderr
2024-05-27T06:44:44.806+0000 7fcc73400700 1 -- 172.21.15.16:0/3470432145 >> [v2:172.21.15.16:6800/2755801148,v1:172.21.15.16:6801/2755801148] conn(0x7fcc6803e570 msgr2=0x7fcc68040a80 secure :-1 s=STATE_CONNECTION_ESTABLISHED l=1).mark_down
2024-05-27T06:44:46.575 INFO:teuthology.orchestra.run.smithi016.stdout:/usr/bin/ceph: stderr
2024-05-27T06:44:44.806+0000 7fcc73400700 1 --2- 172.21.15.16:0/3470432145 >> [v2:172.21.15.16:6800/2755801148,v1:172.21.15.16:6801/2755801148] conn(0x7fcc6803e570 0x7fcc68040a80 secure :-1 s=READY pgs=9 cs=0 l=1 rev1=1 crypto rx=0x7fcc6c006fd0 tx=0x7fcc6c006e40 comp rx=0 tx=0).stop
2024-05-27T06:44:46.575 INFO:teuthology.orchestra.run.smithi016.stdout:/usr/bin/ceph: stderr
2024-05-27T06:44:44.806+0000 7fcc73400700 1 -- 172.21.15.16:0/3470432145 >> [v2:172.21.15.16:3300/0,v1:172.21.15.16:6789/0] conn(0x7fcc80109a50 msgr2=0x7fcc8019efe0 secure :-1 s=STATE_CONNECTION_ESTABLISHED l=1).mark_down
2024-05-27T06:44:46.575 INFO:teuthology.orchestra.run.smithi016.stdout:/usr/bin/ceph: stderr
2024-05-27T06:44:44.806+0000 7fcc73400700 1 --2- 172.21.15.16:0/3470432145 >> [v2:172.21.15.16:3300/0,v1:172.21.15.16:6789/0] conn(0x7fcc80109a50 0x7fcc8019efe0 secure :-1 s=READY pgs=75 cs=0 l=1 rev1=1 crypto rx=0x7fcc740119b0 tx=0x7fcc74011a90 comp rx=0 tx=0).stop
2024-05-27T06:44:46.575 INFO:teuthology.orchestra.run.smithi016.stdout:/usr/bin/ceph: stderr
2024-05-27T06:44:44.806+0000 7fcc73400700 1 -- 172.21.15.16:0/3470432145 shutdown_connections
2024-05-27T06:44:46.575 INFO:teuthology.orchestra.run.smithi016.stdout:/usr/bin/ceph: stderr
2024-05-27T06:44:44.806+0000 7fcc73400700 1 --2- 172.21.15.16:0/3470432145 >> [v2:172.21.15.16:6800/2755801148,v1:172.21.15.16:6801/2755801148] conn(0x7fcc6803e570 0x7fcc68040a80 unknown :-1 s=CLOSED pgs=9 cs=0 l=1 rev1=1 crypto rx=0 tx=0 comp rx=0 tx=0).stop
2024-05-27T06:44:46.575 INFO:teuthology.orchestra.run.smithi016.stdout:/usr/bin/ceph: stderr
2024-05-27T06:44:44.806+0000 7fcc73400700 1 --2- 172.21.15.16:0/3470432145 >> [v2:172.21.15.16:3300/0,v1:172.21.15.16:6789/0] conn(0x7fcc80109a50 0x7fcc8019efe0 unknown :-1 s=CLOSED pgs=75 cs=0 l=1 rev1=1 crypto rx=0 tx=0 comp rx=0 tx=0).stop
2024-05-27T06:44:46.576 INFO:teuthology.orchestra.run.smithi016.stdout:/usr/bin/ceph: stderr
2024-05-27T06:44:44.806+0000 7fcc73400700 1 -- 172.21.15.16:0/3470432145 >> 172.21.15.16:0/3470432145 conn(0x7fcc801050b0 msgr2=0x7fcc8007d2b0 unknown :-1 s=STATE_NONE l=0).mark_down
2024-05-27T06:44:46.576 INFO:teuthology.orchestra.run.smithi016.stdout:/usr/bin/ceph: stderr
2024-05-27T06:44:44.807+0000 7fcc73400700 1 -- 172.21.15.16:0/3470432145 shutdown_connections
2024-05-27T06:44:46.576 INFO:teuthology.orchestra.run.smithi016.stdout:/usr/bin/ceph: stderr
2024-05-27T06:44:44.807+0000 7fcc73400700 1 -- 172.21.15.16:0/3470432145 wait complete.
2024-05-27T06:44:46.595 INFO:teuthology.orchestra.run.smithi016.stdout:Non-zero exit code 1 from systemctl is-enabled firewalld.service
2024-05-27T06:44:46.595 INFO:teuthology.orchestra.run.smithi016.stdout:systemctl: stdout disabled
2024-05-27T06:44:46.613 INFO:teuthology.orchestra.run.smithi016.stdout:Non-zero exit code 3 from systemctl is-active firewalld.service
2024-05-27T06:44:46.613 INFO:teuthology.orchestra.run.smithi016.stdout:systemctl: stdout inactive
2024-05-27T06:44:46.613 INFO:teuthology.orchestra.run.smithi016.stdout:firewalld.service is not enabled
2024-05-27T06:44:46.613 INFO:teuthology.orchestra.run.smithi016.stdout:Not possible to open ports <[8443]>. firewalld.service is not available
