2024-05-27T06:44:46.617 INFO:teuthology.orchestra.run.smithi016.stdout:Ceph Dashboard is now available at:
2024-05-27T06:44:46.617 INFO:teuthology.orchestra.run.smithi016.stdout:
2024-05-27T06:44:46.617 INFO:teuthology.orchestra.run.smithi016.stdout: URL: https://smithi016.front.sepia.ceph.com:8443/
2024-05-27T06:44:46.617 INFO:teuthology.orchestra.run.smithi016.stdout: User: admin
2024-05-27T06:44:46.617 INFO:teuthology.orchestra.run.smithi016.stdout: Password: 2vja2rggg4
2024-05-27T06:44:46.617 INFO:teuthology.orchestra.run.smithi016.stdout:
2024-05-27T06:44:46.617 INFO:teuthology.orchestra.run.smithi016.stdout:Saving cluster configuration to /var/lib/ceph/3c4673a4-1bf4-11ef-bc9b-c7b262605968/config directory
2024-05-27T06:44:46.618 INFO:teuthology.orchestra.run.smithi016.stdout:Enabling autotune for osd_memory_target
2024-05-27T06:44:48.404 INFO:teuthology.orchestra.run.smithi016.stdout:/usr/bin/ceph: stderr
2024-05-27T06:44:47.292+0000 7feea0800700 1 Processor -- start
2024-05-27T06:44:48.404 INFO:teuthology.orchestra.run.smithi016.stdout:/usr/bin/ceph: stderr
2024-05-27T06:44:47.292+0000 7feea0800700 1 -- start start
2024-05-27T06:44:48.404 INFO:teuthology.orchestra.run.smithi016.stdout:/usr/bin/ceph: stderr
2024-05-27T06:44:47.293+0000 7feea0800700 1 --2- >> [v2:172.21.15.16:3300/0,v1:172.21.15.16:6789/0] conn(0x7fee9810a530 0x7fee9810c950 unknown :-1 s=NONE pgs=0 cs=0 l=0 rev1=0 crypto rx=0 tx=0 comp rx=0 tx=0).connect
2024-05-27T06:44:48.404 INFO:teuthology.orchestra.run.smithi016.stdout:/usr/bin/ceph: stderr
2024-05-27T06:44:47.293+0000 7feea0800700 1 -- --> [v2:172.21.15.16:3300/0,v1:172.21.15.16:6789/0] -- mon_getmap magic: 0 -- 0x7fee9807d870 con 0x7fee9810a530
2024-05-27T06:44:48.404 INFO:teuthology.orchestra.run.smithi016.stdout:/usr/bin/ceph: stderr
2024-05-27T06:44:47.293+0000 7fee9de00700 1 --2- >> [v2:172.21.15.16:3300/0,v1:172.21.15.16:6789/0] conn(0x7fee9810a530 0x7fee9810c950 unknown :-1 s=BANNER_CONNECTING pgs=0 cs=0 l=0 rev1=0 crypto rx=0 tx=0 comp rx=0 tx=0)._handle_peer_banner_payload supported=3 required=0
2024-05-27T06:44:48.404 INFO:teuthology.orchestra.run.smithi016.stdout:/usr/bin/ceph: stderr
2024-05-27T06:44:47.293+0000 7fee9de00700 1 --2- >> [v2:172.21.15.16:3300/0,v1:172.21.15.16:6789/0] conn(0x7fee9810a530 0x7fee9810c950 unknown :-1 s=HELLO_CONNECTING pgs=0 cs=0 l=0 rev1=1 crypto rx=0 tx=0 comp rx=0 tx=0).handle_hello peer v2:172.21.15.16:3300/0 says I am v2:172.21.15.16:58090/0 (socket says 172.21.15.16:58090)
2024-05-27T06:44:48.404 INFO:teuthology.orchestra.run.smithi016.stdout:/usr/bin/ceph: stderr
2024-05-27T06:44:47.293+0000 7fee9de00700 1 -- 172.21.15.16:0/1765036430 learned_addr learned my addr 172.21.15.16:0/1765036430 (peer_addr_for_me v2:172.21.15.16:0/0)
2024-05-27T06:44:48.405 INFO:teuthology.orchestra.run.smithi016.stdout:/usr/bin/ceph: stderr
2024-05-27T06:44:47.294+0000 7fee9de00700 1 -- 172.21.15.16:0/1765036430 --> [v2:172.21.15.16:3300/0,v1:172.21.15.16:6789/0] -- mon_subscribe({config=0+,monmap=0+}) -- 0x7fee9810ce90 con 0x7fee9810a530
2024-05-27T06:44:48.405 INFO:teuthology.orchestra.run.smithi016.stdout:/usr/bin/ceph: stderr
2024-05-27T06:44:47.294+0000 7fee9de00700 1 --2- 172.21.15.16:0/1765036430 >> [v2:172.21.15.16:3300/0,v1:172.21.15.16:6789/0] conn(0x7fee9810a530 0x7fee9810c950 secure :-1 s=READY pgs=76 cs=0 l=1 rev1=1 crypto rx=0x7fee8c0098a0 tx=0x7fee8c009bb0 comp rx=0 tx=0).ready entity=mon.0 client_cookie=f2371f07b8d3dae7 server_cookie=0 in_seq=0 out_seq=0
2024-05-27T06:44:48.405 INFO:teuthology.orchestra.run.smithi016.stdout:/usr/bin/ceph: stderr
2024-05-27T06:44:47.294+0000 7fee9ca00700 1 -- 172.21.15.16:0/1765036430 <== mon.0 v2:172.21.15.16:3300/0 1 ==== mon_map magic: 0 ==== 205+0+0 (secure 0 0 0) 0x7fee8c004160 con 0x7fee9810a530
2024-05-27T06:44:48.405 INFO:teuthology.orchestra.run.smithi016.stdout:/usr/bin/ceph: stderr
2024-05-27T06:44:47.294+0000 7fee9ca00700 1 -- 172.21.15.16:0/1765036430 <== mon.0 v2:172.21.15.16:3300/0 2 ==== config(25 keys) ==== 1063+0+0 (secure 0 0 0) 0x7fee8c004300 con 0x7fee9810a530
2024-05-27T06:44:48.405 INFO:teuthology.orchestra.run.smithi016.stdout:/usr/bin/ceph: stderr
2024-05-27T06:44:47.295+0000 7fee9ca00700 1 -- 172.21.15.16:0/1765036430 <== mon.0 v2:172.21.15.16:3300/0 3 ==== mon_map magic: 0 ==== 205+0+0 (secure 0 0 0) 0x7fee8c011960 con 0x7fee9810a530
2024-05-27T06:44:48.405 INFO:teuthology.orchestra.run.smithi016.stdout:/usr/bin/ceph: stderr
2024-05-27T06:44:47.295+0000 7feea0800700 1 -- 172.21.15.16:0/1765036430 >> [v2:172.21.15.16:3300/0,v1:172.21.15.16:6789/0] conn(0x7fee9810a530 msgr2=0x7fee9810c950 secure :-1 s=STATE_CONNECTION_ESTABLISHED l=1).mark_down
2024-05-27T06:44:48.405 INFO:teuthology.orchestra.run.smithi016.stdout:/usr/bin/ceph: stderr
2024-05-27T06:44:47.295+0000 7feea0800700 1 --2- 172.21.15.16:0/1765036430 >> [v2:172.21.15.16:3300/0,v1:172.21.15.16:6789/0] conn(0x7fee9810a530 0x7fee9810c950 secure :-1 s=READY pgs=76 cs=0 l=1 rev1=1 crypto rx=0x7fee8c0098a0 tx=0x7fee8c009bb0 comp rx=0 tx=0).stop
2024-05-27T06:44:48.405 INFO:teuthology.orchestra.run.smithi016.stdout:/usr/bin/ceph: stderr
2024-05-27T06:44:47.296+0000 7feea0800700 1 -- 172.21.15.16:0/1765036430 shutdown_connections
2024-05-27T06:44:48.405 INFO:teuthology.orchestra.run.smithi016.stdout:/usr/bin/ceph: stderr
2024-05-27T06:44:47.296+0000 7feea0800700 1 --2- 172.21.15.16:0/1765036430 >> [v2:172.21.15.16:3300/0,v1:172.21.15.16:6789/0] conn(0x7fee9810a530 0x7fee9810c950 unknown :-1 s=CLOSED pgs=76 cs=0 l=1 rev1=1 crypto rx=0 tx=0 comp rx=0 tx=0).stop
2024-05-27T06:44:48.405 INFO:teuthology.orchestra.run.smithi016.stdout:/usr/bin/ceph: stderr
2024-05-27T06:44:47.296+0000 7feea0800700 1 -- 172.21.15.16:0/1765036430 >> 172.21.15.16:0/1765036430 conn(0x7fee98103f50 msgr2=0x7fee98106400 unknown :-1 s=STATE_NONE l=0).mark_down
2024-05-27T06:44:48.405 INFO:teuthology.orchestra.run.smithi016.stdout:/usr/bin/ceph: stderr
2024-05-27T06:44:47.296+0000 7feea0800700 1 -- 172.21.15.16:0/1765036430 shutdown_connections
2024-05-27T06:44:48.405 INFO:teuthology.orchestra.run.smithi016.stdout:/usr/bin/ceph: stderr
2024-05-27T06:44:47.296+0000 7feea0800700 1 -- 172.21.15.16:0/1765036430 wait complete.
2024-05-27T06:44:48.405 INFO:teuthology.orchestra.run.smithi016.stdout:/usr/bin/ceph: stderr
2024-05-27T06:44:47.297+0000 7feea0800700 1 Processor -- start
2024-05-27T06:44:48.405 INFO:teuthology.orchestra.run.smithi016.stdout:/usr/bin/ceph: stderr
2024-05-27T06:44:47.298+0000 7feea0800700 1 -- start start
2024-05-27T06:44:48.406 INFO:teuthology.orchestra.run.smithi016.stdout:/usr/bin/ceph: stderr
2024-05-27T06:44:47.298+0000 7feea0800700 1 --2- >> [v2:172.21.15.16:3300/0,v1:172.21.15.16:6789/0] conn(0x7fee9810a530 0x7fee9819dd20 unknown :-1 s=NONE pgs=0 cs=0 l=1 rev1=0 crypto rx=0 tx=0 comp rx=0 tx=0).connect
2024-05-27T06:44:48.406 INFO:teuthology.orchestra.run.smithi016.stdout:/usr/bin/ceph: stderr
2024-05-27T06:44:47.298+0000 7feea0800700 1 -- --> [v2:172.21.15.16:3300/0,v1:172.21.15.16:6789/0] -- mon_getmap magic: 0 -- 0x7fee9810ddd0 con 0x7fee9810a530
2024-05-27T06:44:48.406 INFO:teuthology.orchestra.run.smithi016.stdout:/usr/bin/ceph: stderr
2024-05-27T06:44:47.298+0000 7fee9de00700 1 --2- >> [v2:172.21.15.16:3300/0,v1:172.21.15.16:6789/0] conn(0x7fee9810a530 0x7fee9819dd20 unknown :-1 s=BANNER_CONNECTING pgs=0 cs=0 l=1 rev1=0 crypto rx=0 tx=0 comp rx=0 tx=0)._handle_peer_banner_payload supported=3 required=0
2024-05-27T06:44:48.406 INFO:teuthology.orchestra.run.smithi016.stdout:/usr/bin/ceph: stderr
2024-05-27T06:44:47.298+0000 7fee9de00700 1 --2- >> [v2:172.21.15.16:3300/0,v1:172.21.15.16:6789/0] conn(0x7fee9810a530 0x7fee9819dd20 unknown :-1 s=HELLO_CONNECTING pgs=0 cs=0 l=1 rev1=1 crypto rx=0 tx=0 comp rx=0 tx=0).handle_hello peer v2:172.21.15.16:3300/0 says I am v2:172.21.15.16:58106/0 (socket says 172.21.15.16:58106)
2024-05-27T06:44:48.406 INFO:teuthology.orchestra.run.smithi016.stdout:/usr/bin/ceph: stderr
2024-05-27T06:44:47.298+0000 7fee9de00700 1 -- 172.21.15.16:0/3431882031 learned_addr learned my addr 172.21.15.16:0/3431882031 (peer_addr_for_me v2:172.21.15.16:0/0)
2024-05-27T06:44:48.406 INFO:teuthology.orchestra.run.smithi016.stdout:/usr/bin/ceph: stderr
2024-05-27T06:44:47.299+0000 7fee9de00700 1 -- 172.21.15.16:0/3431882031 --> [v2:172.21.15.16:3300/0,v1:172.21.15.16:6789/0] -- mon_subscribe({config=0+,monmap=0+}) -- 0x7fee9819e260 con 0x7fee9810a530
2024-05-27T06:44:48.406 INFO:teuthology.orchestra.run.smithi016.stdout:/usr/bin/ceph: stderr
2024-05-27T06:44:47.299+0000 7fee9de00700 1 --2- 172.21.15.16:0/3431882031 >> [v2:172.21.15.16:3300/0,v1:172.21.15.16:6789/0] conn(0x7fee9810a530 0x7fee9819dd20 secure :-1 s=READY pgs=77 cs=0 l=1 rev1=1 crypto rx=0x7fee8c011670 tx=0x7fee8c011a30 comp rx=0 tx=0).ready entity=mon.0 client_cookie=0 server_cookie=0 in_seq=0 out_seq=0
2024-05-27T06:44:48.406 INFO:teuthology.orchestra.run.smithi016.stdout:/usr/bin/ceph: stderr
2024-05-27T06:44:47.299+0000 7fee92a00700 1 -- 172.21.15.16:0/3431882031 <== mon.0 v2:172.21.15.16:3300/0 1 ==== mon_map magic: 0 ==== 205+0+0 (secure 0 0 0) 0x7fee8c01f070 con 0x7fee9810a530
2024-05-27T06:44:48.406 INFO:teuthology.orchestra.run.smithi016.stdout:/usr/bin/ceph: stderr
2024-05-27T06:44:47.300+0000 7feea0800700 1 -- 172.21.15.16:0/3431882031 --> [v2:172.21.15.16:3300/0,v1:172.21.15.16:6789/0] -- mon_subscribe({mgrmap=0+}) -- 0x7fee9819e4f0 con 0x7fee9810a530
2024-05-27T06:44:48.406 INFO:teuthology.orchestra.run.smithi016.stdout:/usr/bin/ceph: stderr
2024-05-27T06:44:47.300+0000 7fee92a00700 1 -- 172.21.15.16:0/3431882031 <== mon.0 v2:172.21.15.16:3300/0 2 ==== config(25 keys) ==== 1063+0+0 (secure 0 0 0) 0x7fee8c003b20 con 0x7fee9810a530
2024-05-27T06:44:48.406 INFO:teuthology.orchestra.run.smithi016.stdout:/usr/bin/ceph: stderr
2024-05-27T06:44:47.300+0000 7fee92a00700 1 -- 172.21.15.16:0/3431882031 <== mon.0 v2:172.21.15.16:3300/0 3 ==== mon_map magic: 0 ==== 205+0+0 (secure 0 0 0) 0x7fee8c019580 con 0x7fee9810a530
2024-05-27T06:44:48.406 INFO:teuthology.orchestra.run.smithi016.stdout:/usr/bin/ceph: stderr
2024-05-27T06:44:47.300+0000 7feea0800700 1 -- 172.21.15.16:0/3431882031 --> [v2:172.21.15.16:3300/0,v1:172.21.15.16:6789/0] -- mon_subscribe({osdmap=0}) -- 0x7fee981a10f0 con 0x7fee9810a530
2024-05-27T06:44:48.407 INFO:teuthology.orchestra.run.smithi016.stdout:/usr/bin/ceph: stderr
2024-05-27T06:44:47.301+0000 7feea0800700 1 -- 172.21.15.16:0/3431882031 --> [v2:172.21.15.16:3300/0,v1:172.21.15.16:6789/0] -- mon_command({"prefix": "get_command_descriptions"} v 0) -- 0x7fee98064e10 con 0x7fee9810a530
2024-05-27T06:44:48.407 INFO:teuthology.orchestra.run.smithi016.stdout:/usr/bin/ceph: stderr
2024-05-27T06:44:47.301+0000 7fee92a00700 1 -- 172.21.15.16:0/3431882031 <== mon.0 v2:172.21.15.16:3300/0 4 ==== mgrmap(e 13) ==== 50278+0+0 (secure 0 0 0) 0x7fee8c022070 con 0x7fee9810a530
2024-05-27T06:44:48.407 INFO:teuthology.orchestra.run.smithi016.stdout:/usr/bin/ceph: stderr
2024-05-27T06:44:47.302+0000 7fee92a00700 1 --2- 172.21.15.16:0/3431882031 >> [v2:172.21.15.16:6800/2755801148,v1:172.21.15.16:6801/2755801148] conn(0x7fee8003e560 0x7fee80040a70 unknown :-1 s=NONE pgs=0 cs=0 l=1 rev1=0 crypto rx=0 tx=0 comp rx=0 tx=0).connect
2024-05-27T06:44:48.407 INFO:teuthology.orchestra.run.smithi016.stdout:/usr/bin/ceph: stderr
2024-05-27T06:44:47.302+0000 7fee92a00700 1 -- 172.21.15.16:0/3431882031 <== mon.0 v2:172.21.15.16:3300/0 5 ==== osd_map(3..3 src has 1..3) ==== 1155+0+0 (secure 0 0 0) 0x7fee8c053d80 con 0x7fee9810a530
2024-05-27T06:44:48.407 INFO:teuthology.orchestra.run.smithi016.stdout:/usr/bin/ceph: stderr
2024-05-27T06:44:47.302+0000 7fee9d400700 1 --2- 172.21.15.16:0/3431882031 >> [v2:172.21.15.16:6800/2755801148,v1:172.21.15.16:6801/2755801148] conn(0x7fee8003e560 0x7fee80040a70 unknown :-1 s=BANNER_CONNECTING pgs=0 cs=0 l=1 rev1=0 crypto rx=0 tx=0 comp rx=0 tx=0)._handle_peer_banner_payload supported=3 required=0
2024-05-27T06:44:48.407 INFO:teuthology.orchestra.run.smithi016.stdout:/usr/bin/ceph: stderr
2024-05-27T06:44:47.303+0000 7fee9d400700 1 --2- 172.21.15.16:0/3431882031 >> [v2:172.21.15.16:6800/2755801148,v1:172.21.15.16:6801/2755801148] conn(0x7fee8003e560 0x7fee80040a70 secure :-1 s=READY pgs=10 cs=0 l=1 rev1=1 crypto rx=0x7fee88006fd0 tx=0x7fee88006e40 comp rx=0 tx=0).ready entity=mgr.14152 client_cookie=0 server_cookie=0 in_seq=0 out_seq=0
2024-05-27T06:44:48.407 INFO:teuthology.orchestra.run.smithi016.stdout:/usr/bin/ceph: stderr
2024-05-27T06:44:47.308+0000 7fee92a00700 1 -- 172.21.15.16:0/3431882031 <== mon.0 v2:172.21.15.16:3300/0 6 ==== mon_command_ack([{"prefix": "get_command_descriptions"}]=0 v0) ==== 72+0+191963 (secure 0 0 0) 0x7fee8c019840 con 0x7fee9810a530
2024-05-27T06:44:48.407 INFO:teuthology.orchestra.run.smithi016.stdout:/usr/bin/ceph: stderr
2024-05-27T06:44:47.547+0000 7feea0800700 1 -- 172.21.15.16:0/3431882031 --> [v2:172.21.15.16:3300/0,v1:172.21.15.16:6789/0] -- mon_command([{prefix=config set, name=osd_memory_target_autotune}] v 0) -- 0x7fee981a1400 con 0x7fee9810a530
2024-05-27T06:44:48.407 INFO:teuthology.orchestra.run.smithi016.stdout:/usr/bin/ceph: stderr
2024-05-27T06:44:47.548+0000 7fee92a00700 1 -- 172.21.15.16:0/3431882031 <== mon.0 v2:172.21.15.16:3300/0 7 ==== mon_command_ack([{prefix=config set, name=osd_memory_target_autotune}]=0 v8)=0 v8) ==== 127+0+0 (secure 0 0 0) 0x7fee8c00bd00 con 0x7fee9810a530
2024-05-27T06:44:48.407 INFO:teuthology.orchestra.run.smithi016.stdout:/usr/bin/ceph: stderr
2024-05-27T06:44:47.552+0000 7feea0800700 1 -- 172.21.15.16:0/3431882031 >> [v2:172.21.15.16:6800/2755801148,v1:172.21.15.16:6801/2755801148] conn(0x7fee8003e560 msgr2=0x7fee80040a70 secure :-1 s=STATE_CONNECTION_ESTABLISHED l=1).mark_down
2024-05-27T06:44:48.407 INFO:teuthology.orchestra.run.smithi016.stdout:/usr/bin/ceph: stderr
2024-05-27T06:44:47.552+0000 7feea0800700 1 --2- 172.21.15.16:0/3431882031 >> [v2:172.21.15.16:6800/2755801148,v1:172.21.15.16:6801/2755801148] conn(0x7fee8003e560 0x7fee80040a70 secure :-1 s=READY pgs=10 cs=0 l=1 rev1=1 crypto rx=0x7fee88006fd0 tx=0x7fee88006e40 comp rx=0 tx=0).stop
2024-05-27T06:44:48.407 INFO:teuthology.orchestra.run.smithi016.stdout:/usr/bin/ceph: stderr
2024-05-27T06:44:47.552+0000 7feea0800700 1 -- 172.21.15.16:0/3431882031 >> [v2:172.21.15.16:3300/0,v1:172.21.15.16:6789/0] conn(0x7fee9810a530 msgr2=0x7fee9819dd20 secure :-1 s=STATE_CONNECTION_ESTABLISHED l=1).mark_down
2024-05-27T06:44:48.407 INFO:teuthology.orchestra.run.smithi016.stdout:/usr/bin/ceph: stderr
2024-05-27T06:44:47.552+0000 7feea0800700 1 --2- 172.21.15.16:0/3431882031 >> [v2:172.21.15.16:3300/0,v1:172.21.15.16:6789/0] conn(0x7fee9810a530 0x7fee9819dd20 secure :-1 s=READY pgs=77 cs=0 l=1 rev1=1 crypto rx=0x7fee8c011670 tx=0x7fee8c011a30 comp rx=0 tx=0).stop
2024-05-27T06:44:48.408 INFO:teuthology.orchestra.run.smithi016.stdout:/usr/bin/ceph: stderr
2024-05-27T06:44:47.553+0000 7feea0800700 1 -- 172.21.15.16:0/3431882031 shutdown_connections
2024-05-27T06:44:48.408 INFO:teuthology.orchestra.run.smithi016.stdout:/usr/bin/ceph: stderr
2024-05-27T06:44:47.553+0000 7feea0800700 1 --2- 172.21.15.16:0/3431882031 >> [v2:172.21.15.16:6800/2755801148,v1:172.21.15.16:6801/2755801148] conn(0x7fee8003e560 0x7fee80040a70 unknown :-1 s=CLOSED pgs=10 cs=0 l=1 rev1=1 crypto rx=0 tx=0 comp rx=0 tx=0).stop
2024-05-27T06:44:48.408 INFO:teuthology.orchestra.run.smithi016.stdout:/usr/bin/ceph: stderr
2024-05-27T06:44:47.553+0000 7feea0800700 1 --2- 172.21.15.16:0/3431882031 >> [v2:172.21.15.16:3300/0,v1:172.21.15.16:6789/0] conn(0x7fee9810a530 0x7fee9819dd20 unknown :-1 s=CLOSED pgs=77 cs=0 l=1 rev1=1 crypto rx=0 tx=0 comp rx=0 tx=0).stop
2024-05-27T06:44:48.408 INFO:teuthology.orchestra.run.smithi016.stdout:/usr/bin/ceph: stderr
2024-05-27T06:44:47.553+0000 7feea0800700 1 -- 172.21.15.16:0/3431882031 >> 172.21.15.16:0/3431882031 conn(0x7fee98103f50 msgr2=0x7fee981047d0 unknown :-1 s=STATE_NONE l=0).mark_down
2024-05-27T06:44:48.408 INFO:teuthology.orchestra.run.smithi016.stdout:/usr/bin/ceph: stderr
2024-05-27T06:44:47.553+0000 7feea0800700 1 -- 172.21.15.16:0/3431882031 shutdown_connections
2024-05-27T06:44:48.408 INFO:teuthology.orchestra.run.smithi016.stdout:/usr/bin/ceph: stderr
2024-05-27T06:44:47.553+0000 7feea0800700 1 -- 172.21.15.16:0/3431882031 wait complete.
2024-05-27T06:44:50.398 INFO:teuthology.orchestra.run.smithi016.stdout:/usr/bin/ceph: stderr
2024-05-27T06:44:49.097+0000 7fa1c2800700 1 Processor -- start
2024-05-27T06:44:50.398 INFO:teuthology.orchestra.run.smithi016.stdout:/usr/bin/ceph: stderr
2024-05-27T06:44:49.098+0000 7fa1c2800700 1 -- start start
2024-05-27T06:44:50.398 INFO:teuthology.orchestra.run.smithi016.stdout:/usr/bin/ceph: stderr
2024-05-27T06:44:49.098+0000 7fa1c2800700 1 --2- >> [v2:172.21.15.16:3300/0,v1:172.21.15.16:6789/0] conn(0x7fa1bc109a50 0x7fa1bc109e60 unknown :-1 s=NONE pgs=0 cs=0 l=0 rev1=0 crypto rx=0 tx=0 comp rx=0 tx=0).connect
2024-05-27T06:44:50.398 INFO:teuthology.orchestra.run.smithi016.stdout:/usr/bin/ceph: stderr
2024-05-27T06:44:49.098+0000 7fa1c2800700 1 -- --> [v2:172.21.15.16:3300/0,v1:172.21.15.16:6789/0] -- mon_getmap magic: 0 -- 0x7fa1bc10a450 con 0x7fa1bc109a50
2024-05-27T06:44:50.398 INFO:teuthology.orchestra.run.smithi016.stdout:/usr/bin/ceph: stderr
2024-05-27T06:44:49.099+0000 7fa1bb400700 1 --2- >> [v2:172.21.15.16:3300/0,v1:172.21.15.16:6789/0] conn(0x7fa1bc109a50 0x7fa1bc109e60 unknown :-1 s=BANNER_CONNECTING pgs=0 cs=0 l=0 rev1=0 crypto rx=0 tx=0 comp rx=0 tx=0)._handle_peer_banner_payload supported=3 required=0
2024-05-27T06:44:50.398 INFO:teuthology.orchestra.run.smithi016.stdout:/usr/bin/ceph: stderr
2024-05-27T06:44:49.099+0000 7fa1bb400700 1 --2- >> [v2:172.21.15.16:3300/0,v1:172.21.15.16:6789/0] conn(0x7fa1bc109a50 0x7fa1bc109e60 unknown :-1 s=HELLO_CONNECTING pgs=0 cs=0 l=0 rev1=1 crypto rx=0 tx=0 comp rx=0 tx=0).handle_hello peer v2:172.21.15.16:3300/0 says I am v2:172.21.15.16:58120/0 (socket says 172.21.15.16:58120)
2024-05-27T06:44:50.398 INFO:teuthology.orchestra.run.smithi016.stdout:/usr/bin/ceph: stderr
2024-05-27T06:44:49.099+0000 7fa1bb400700 1 -- 172.21.15.16:0/1467938477 learned_addr learned my addr 172.21.15.16:0/1467938477 (peer_addr_for_me v2:172.21.15.16:0/0)
2024-05-27T06:44:50.398 INFO:teuthology.orchestra.run.smithi016.stdout:/usr/bin/ceph: stderr
2024-05-27T06:44:49.100+0000 7fa1bb400700 1 -- 172.21.15.16:0/1467938477 --> [v2:172.21.15.16:3300/0,v1:172.21.15.16:6789/0] -- mon_subscribe({config=0+,monmap=0+}) -- 0x7fa1bc10ac20 con 0x7fa1bc109a50
2024-05-27T06:44:50.398 INFO:teuthology.orchestra.run.smithi016.stdout:/usr/bin/ceph: stderr
2024-05-27T06:44:49.100+0000 7fa1bb400700 1 --2- 172.21.15.16:0/1467938477 >> [v2:172.21.15.16:3300/0,v1:172.21.15.16:6789/0] conn(0x7fa1bc109a50 0x7fa1bc109e60 secure :-1 s=READY pgs=78 cs=0 l=1 rev1=1 crypto rx=0x7fa1ac0098a0 tx=0x7fa1ac009bb0 comp rx=0 tx=0).ready entity=mon.0 client_cookie=8ae5cabebd2e7095 server_cookie=0 in_seq=0 out_seq=0
2024-05-27T06:44:50.398 INFO:teuthology.orchestra.run.smithi016.stdout:/usr/bin/ceph: stderr
2024-05-27T06:44:49.100+0000 7fa1ba000700 1 -- 172.21.15.16:0/1467938477 <== mon.0 v2:172.21.15.16:3300/0 1 ==== mon_map magic: 0 ==== 205+0+0 (secure 0 0 0) 0x7fa1ac004160 con 0x7fa1bc109a50
2024-05-27T06:44:50.399 INFO:teuthology.orchestra.run.smithi016.stdout:/usr/bin/ceph: stderr
2024-05-27T06:44:49.100+0000 7fa1ba000700 1 -- 172.21.15.16:0/1467938477 <== mon.0 v2:172.21.15.16:3300/0 2 ==== config(25 keys) ==== 1063+0+0 (secure 0 0 0) 0x7fa1ac004300 con 0x7fa1bc109a50
2024-05-27T06:44:50.399 INFO:teuthology.orchestra.run.smithi016.stdout:/usr/bin/ceph: stderr
2024-05-27T06:44:49.100+0000 7fa1ba000700 1 -- 172.21.15.16:0/1467938477 <== mon.0 v2:172.21.15.16:3300/0 3 ==== mon_map magic: 0 ==== 205+0+0 (secure 0 0 0) 0x7fa1ac011960 con 0x7fa1bc109a50
2024-05-27T06:44:50.399 INFO:teuthology.orchestra.run.smithi016.stdout:/usr/bin/ceph: stderr
2024-05-27T06:44:49.101+0000 7fa1c2800700 1 -- 172.21.15.16:0/1467938477 >> [v2:172.21.15.16:3300/0,v1:172.21.15.16:6789/0] conn(0x7fa1bc109a50 msgr2=0x7fa1bc109e60 secure :-1 s=STATE_CONNECTION_ESTABLISHED l=1).mark_down
2024-05-27T06:44:50.399 INFO:teuthology.orchestra.run.smithi016.stdout:/usr/bin/ceph: stderr
2024-05-27T06:44:49.101+0000 7fa1c2800700 1 --2- 172.21.15.16:0/1467938477 >> [v2:172.21.15.16:3300/0,v1:172.21.15.16:6789/0] conn(0x7fa1bc109a50 0x7fa1bc109e60 secure :-1 s=READY pgs=78 cs=0 l=1 rev1=1 crypto rx=0x7fa1ac0098a0 tx=0x7fa1ac009bb0 comp rx=0 tx=0).stop
2024-05-27T06:44:50.399 INFO:teuthology.orchestra.run.smithi016.stdout:/usr/bin/ceph: stderr
2024-05-27T06:44:49.101+0000 7fa1c2800700 1 -- 172.21.15.16:0/1467938477 shutdown_connections
2024-05-27T06:44:50.399 INFO:teuthology.orchestra.run.smithi016.stdout:/usr/bin/ceph: stderr
2024-05-27T06:44:49.101+0000 7fa1c2800700 1 --2- 172.21.15.16:0/1467938477 >> [v2:172.21.15.16:3300/0,v1:172.21.15.16:6789/0] conn(0x7fa1bc109a50 0x7fa1bc109e60 unknown :-1 s=CLOSED pgs=78 cs=0 l=1 rev1=1 crypto rx=0 tx=0 comp rx=0 tx=0).stop
2024-05-27T06:44:50.399 INFO:teuthology.orchestra.run.smithi016.stdout:/usr/bin/ceph: stderr
2024-05-27T06:44:49.101+0000 7fa1c2800700 1 -- 172.21.15.16:0/1467938477 >> 172.21.15.16:0/1467938477 conn(0x7fa1bc1050b0 msgr2=0x7fa1bc107540 unknown :-1 s=STATE_NONE l=0).mark_down
2024-05-27T06:44:50.399 INFO:teuthology.orchestra.run.smithi016.stdout:/usr/bin/ceph: stderr
2024-05-27T06:44:49.102+0000 7fa1c2800700 1 -- 172.21.15.16:0/1467938477 shutdown_connections
2024-05-27T06:44:50.399 INFO:teuthology.orchestra.run.smithi016.stdout:/usr/bin/ceph: stderr
2024-05-27T06:44:49.102+0000 7fa1c2800700 1 -- 172.21.15.16:0/1467938477 wait complete.
2024-05-27T06:44:50.399 INFO:teuthology.orchestra.run.smithi016.stdout:/usr/bin/ceph: stderr
2024-05-27T06:44:49.103+0000 7fa1c2800700 1 Processor -- start
2024-05-27T06:44:50.399 INFO:teuthology.orchestra.run.smithi016.stdout:/usr/bin/ceph: stderr
2024-05-27T06:44:49.103+0000 7fa1c2800700 1 -- start start
2024-05-27T06:44:50.403 INFO:teuthology.orchestra.run.smithi016.stdout:/usr/bin/ceph: stderr
2024-05-27T06:44:49.103+0000 7fa1c2800700 1 --2- >> [v2:172.21.15.16:3300/0,v1:172.21.15.16:6789/0] conn(0x7fa1bc109a50 0x7fa1bc19fff0 unknown :-1 s=NONE pgs=0 cs=0 l=1 rev1=0 crypto rx=0 tx=0 comp rx=0 tx=0).connect
2024-05-27T06:44:50.403 INFO:teuthology.orchestra.run.smithi016.stdout:/usr/bin/ceph: stderr
2024-05-27T06:44:49.103+0000 7fa1c2800700 1 -- --> [v2:172.21.15.16:3300/0,v1:172.21.15.16:6789/0] -- mon_getmap magic: 0 -- 0x7fa1bc10dfd0 con 0x7fa1bc109a50
2024-05-27T06:44:50.403 INFO:teuthology.orchestra.run.smithi016.stdout:/usr/bin/ceph: stderr
2024-05-27T06:44:49.104+0000 7fa1bb400700 1 --2- >> [v2:172.21.15.16:3300/0,v1:172.21.15.16:6789/0] conn(0x7fa1bc109a50 0x7fa1bc19fff0 unknown :-1 s=BANNER_CONNECTING pgs=0 cs=0 l=1 rev1=0 crypto rx=0 tx=0 comp rx=0 tx=0)._handle_peer_banner_payload supported=3 required=0
2024-05-27T06:44:50.403 INFO:teuthology.orchestra.run.smithi016.stdout:/usr/bin/ceph: stderr
2024-05-27T06:44:49.104+0000 7fa1bb400700 1 --2- >> [v2:172.21.15.16:3300/0,v1:172.21.15.16:6789/0] conn(0x7fa1bc109a50 0x7fa1bc19fff0 unknown :-1 s=HELLO_CONNECTING pgs=0 cs=0 l=1 rev1=1 crypto rx=0 tx=0 comp rx=0 tx=0).handle_hello peer v2:172.21.15.16:3300/0 says I am v2:172.21.15.16:58126/0 (socket says 172.21.15.16:58126)
2024-05-27T06:44:50.403 INFO:teuthology.orchestra.run.smithi016.stdout:/usr/bin/ceph: stderr
2024-05-27T06:44:49.104+0000 7fa1bb400700 1 -- 172.21.15.16:0/162400172 learned_addr learned my addr 172.21.15.16:0/162400172 (peer_addr_for_me v2:172.21.15.16:0/0)
2024-05-27T06:44:50.403 INFO:teuthology.orchestra.run.smithi016.stdout:/usr/bin/ceph: stderr
2024-05-27T06:44:49.104+0000 7fa1bb400700 1 -- 172.21.15.16:0/162400172 --> [v2:172.21.15.16:3300/0,v1:172.21.15.16:6789/0] -- mon_subscribe({config=0+,monmap=0+}) -- 0x7fa1bc1a0530 con 0x7fa1bc109a50
2024-05-27T06:44:50.403 INFO:teuthology.orchestra.run.smithi016.stdout:/usr/bin/ceph: stderr
2024-05-27T06:44:49.104+0000 7fa1bb400700 1 --2- 172.21.15.16:0/162400172 >> [v2:172.21.15.16:3300/0,v1:172.21.15.16:6789/0] conn(0x7fa1bc109a50 0x7fa1bc19fff0 secure :-1 s=READY pgs=79 cs=0 l=1 rev1=1 crypto rx=0x7fa1ac011980 tx=0x7fa1ac011a60 comp rx=0 tx=0).ready entity=mon.0 client_cookie=0 server_cookie=0 in_seq=0 out_seq=0
2024-05-27T06:44:50.404 INFO:teuthology.orchestra.run.smithi016.stdout:/usr/bin/ceph: stderr
2024-05-27T06:44:49.105+0000 7fa1b3e00700 1 -- 172.21.15.16:0/162400172 <== mon.0 v2:172.21.15.16:3300/0 1 ==== mon_map magic: 0 ==== 205+0+0 (secure 0 0 0) 0x7fa1ac01f070 con 0x7fa1bc109a50
2024-05-27T06:44:50.404 INFO:teuthology.orchestra.run.smithi016.stdout:/usr/bin/ceph: stderr
2024-05-27T06:44:49.105+0000 7fa1b3e00700 1 -- 172.21.15.16:0/162400172 <== mon.0 v2:172.21.15.16:3300/0 2 ==== config(25 keys) ==== 1063+0+0 (secure 0 0 0) 0x7fa1ac003aa0 con 0x7fa1bc109a50
2024-05-27T06:44:50.404 INFO:teuthology.orchestra.run.smithi016.stdout:/usr/bin/ceph: stderr
2024-05-27T06:44:49.105+0000 7fa1c2800700 1 -- 172.21.15.16:0/162400172 --> [v2:172.21.15.16:3300/0,v1:172.21.15.16:6789/0] -- mon_subscribe({mgrmap=0+}) -- 0x7fa1bc1a07c0 con 0x7fa1bc109a50
2024-05-27T06:44:50.404 INFO:teuthology.orchestra.run.smithi016.stdout:/usr/bin/ceph: stderr
2024-05-27T06:44:49.105+0000 7fa1b3e00700 1 -- 172.21.15.16:0/162400172 <== mon.0 v2:172.21.15.16:3300/0 3 ==== mon_map magic: 0 ==== 205+0+0 (secure 0 0 0) 0x7fa1ac019560 con 0x7fa1bc109a50
2024-05-27T06:44:50.404 INFO:teuthology.orchestra.run.smithi016.stdout:/usr/bin/ceph: stderr
2024-05-27T06:44:49.105+0000 7fa1c2800700 1 -- 172.21.15.16:0/162400172 --> [v2:172.21.15.16:3300/0,v1:172.21.15.16:6789/0] -- mon_subscribe({osdmap=0}) -- 0x7fa1bc1a33d0 con 0x7fa1bc109a50
2024-05-27T06:44:50.404 INFO:teuthology.orchestra.run.smithi016.stdout:/usr/bin/ceph: stderr
2024-05-27T06:44:49.106+0000 7fa1c2800700 1 -- 172.21.15.16:0/162400172 --> [v2:172.21.15.16:3300/0,v1:172.21.15.16:6789/0] -- mon_command({"prefix": "get_command_descriptions"} v 0) -- 0x7fa1bc064e10 con 0x7fa1bc109a50
2024-05-27T06:44:50.404 INFO:teuthology.orchestra.run.smithi016.stdout:/usr/bin/ceph: stderr
2024-05-27T06:44:49.106+0000 7fa1b3e00700 1 -- 172.21.15.16:0/162400172 <== mon.0 v2:172.21.15.16:3300/0 4 ==== mgrmap(e 13) ==== 50278+0+0 (secure 0 0 0) 0x7fa1ac022070 con 0x7fa1bc109a50
2024-05-27T06:44:50.404 INFO:teuthology.orchestra.run.smithi016.stdout:/usr/bin/ceph: stderr
2024-05-27T06:44:49.107+0000 7fa1b3e00700 1 --2- 172.21.15.16:0/162400172 >> [v2:172.21.15.16:6800/2755801148,v1:172.21.15.16:6801/2755801148] conn(0x7fa1a003e560 0x7fa1a0040a70 unknown :-1 s=NONE pgs=0 cs=0 l=1 rev1=0 crypto rx=0 tx=0 comp rx=0 tx=0).connect
2024-05-27T06:44:50.404 INFO:teuthology.orchestra.run.smithi016.stdout:/usr/bin/ceph: stderr
2024-05-27T06:44:49.107+0000 7fa1b3e00700 1 -- 172.21.15.16:0/162400172 <== mon.0 v2:172.21.15.16:3300/0 5 ==== osd_map(3..3 src has 1..3) ==== 1155+0+0 (secure 0 0 0) 0x7fa1ac053c70 con 0x7fa1bc109a50
2024-05-27T06:44:50.404 INFO:teuthology.orchestra.run.smithi016.stdout:/usr/bin/ceph: stderr
2024-05-27T06:44:49.107+0000 7fa1baa00700 1 --2- 172.21.15.16:0/162400172 >> [v2:172.21.15.16:6800/2755801148,v1:172.21.15.16:6801/2755801148] conn(0x7fa1a003e560 0x7fa1a0040a70 unknown :-1 s=BANNER_CONNECTING pgs=0 cs=0 l=1 rev1=0 crypto rx=0 tx=0 comp rx=0 tx=0)._handle_peer_banner_payload supported=3 required=0
2024-05-27T06:44:50.404 INFO:teuthology.orchestra.run.smithi016.stdout:/usr/bin/ceph: stderr
2024-05-27T06:44:49.108+0000 7fa1baa00700 1 --2- 172.21.15.16:0/162400172 >> [v2:172.21.15.16:6800/2755801148,v1:172.21.15.16:6801/2755801148] conn(0x7fa1a003e560 0x7fa1a0040a70 secure :-1 s=READY pgs=11 cs=0 l=1 rev1=1 crypto rx=0x7fa1a8006fd0 tx=0x7fa1a8006e40 comp rx=0 tx=0).ready entity=mgr.14152 client_cookie=0 server_cookie=0 in_seq=0 out_seq=0
2024-05-27T06:44:50.404 INFO:teuthology.orchestra.run.smithi016.stdout:/usr/bin/ceph: stderr
2024-05-27T06:44:49.113+0000 7fa1b3e00700 1 -- 172.21.15.16:0/162400172 <== mon.0 v2:172.21.15.16:3300/0 6 ==== mon_command_ack([{"prefix": "get_command_descriptions"}]=0 v0) ==== 72+0+191963 (secure 0 0 0) 0x7fa1ac023aa0 con 0x7fa1bc109a50
2024-05-27T06:44:50.404 INFO:teuthology.orchestra.run.smithi016.stdout:/usr/bin/ceph: stderr
2024-05-27T06:44:49.472+0000 7fa1c2800700 1 -- 172.21.15.16:0/162400172 --> [v2:172.21.15.16:3300/0,v1:172.21.15.16:6789/0] -- mon_command([{prefix=config-key set, key=mgr/dashboard/cluster/status}] v 0) -- 0x7fa1bc0643c0 con 0x7fa1bc109a50
2024-05-27T06:44:50.405 INFO:teuthology.orchestra.run.smithi016.stdout:/usr/bin/ceph: stderr
2024-05-27T06:44:49.478+0000 7fa1b3e00700 1 -- 172.21.15.16:0/162400172 <== mon.0 v2:172.21.15.16:3300/0 7 ==== mon_command_ack([{prefix=config-key set, key=mgr/dashboard/cluster/status}]=0 set mgr/dashboard/cluster/status v27)=0 set mgr/dashboard/cluster/status v27) ==== 153+0+0 (secure 0 0 0) 0x7fa1ac01ba80 con 0x7fa1bc109a50
2024-05-27T06:44:50.405 INFO:teuthology.orchestra.run.smithi016.stdout:/usr/bin/ceph: stderr
2024-05-27T06:44:49.481+0000 7fa1c2800700 1 -- 172.21.15.16:0/162400172 >> [v2:172.21.15.16:6800/2755801148,v1:172.21.15.16:6801/2755801148] conn(0x7fa1a003e560 msgr2=0x7fa1a0040a70 secure :-1 s=STATE_CONNECTION_ESTABLISHED l=1).mark_down
2024-05-27T06:44:50.405 INFO:teuthology.orchestra.run.smithi016.stdout:/usr/bin/ceph: stderr
2024-05-27T06:44:49.481+0000 7fa1c2800700 1 --2- 172.21.15.16:0/162400172 >> [v2:172.21.15.16:6800/2755801148,v1:172.21.15.16:6801/2755801148] conn(0x7fa1a003e560 0x7fa1a0040a70 secure :-1 s=READY pgs=11 cs=0 l=1 rev1=1 crypto rx=0x7fa1a8006fd0 tx=0x7fa1a8006e40 comp rx=0 tx=0).stop
2024-05-27T06:44:50.405 INFO:teuthology.orchestra.run.smithi016.stdout:/usr/bin/ceph: stderr
2024-05-27T06:44:49.482+0000 7fa1c2800700 1 -- 172.21.15.16:0/162400172 >> [v2:172.21.15.16:3300/0,v1:172.21.15.16:6789/0] conn(0x7fa1bc109a50 msgr2=0x7fa1bc19fff0 secure :-1 s=STATE_CONNECTION_ESTABLISHED l=1).mark_down
2024-05-27T06:44:50.405 INFO:teuthology.orchestra.run.smithi016.stdout:/usr/bin/ceph: stderr
2024-05-27T06:44:49.482+0000 7fa1c2800700 1 --2- 172.21.15.16:0/162400172 >> [v2:172.21.15.16:3300/0,v1:172.21.15.16:6789/0] conn(0x7fa1bc109a50 0x7fa1bc19fff0 secure :-1 s=READY pgs=79 cs=0 l=1 rev1=1 crypto rx=0x7fa1ac011980 tx=0x7fa1ac011a60 comp rx=0 tx=0).stop
2024-05-27T06:44:50.405 INFO:teuthology.orchestra.run.smithi016.stdout:/usr/bin/ceph: stderr
2024-05-27T06:44:49.482+0000 7fa1c2800700 1 -- 172.21.15.16:0/162400172 shutdown_connections
2024-05-27T06:44:50.405 INFO:teuthology.orchestra.run.smithi016.stdout:/usr/bin/ceph: stderr
2024-05-27T06:44:49.482+0000 7fa1c2800700 1 --2- 172.21.15.16:0/162400172 >> [v2:172.21.15.16:6800/2755801148,v1:172.21.15.16:6801/2755801148] conn(0x7fa1a003e560 0x7fa1a0040a70 unknown :-1 s=CLOSED pgs=11 cs=0 l=1 rev1=1 crypto rx=0 tx=0 comp rx=0 tx=0).stop
2024-05-27T06:44:50.405 INFO:teuthology.orchestra.run.smithi016.stdout:/usr/bin/ceph: stderr
2024-05-27T06:44:49.482+0000 7fa1c2800700 1 --2- 172.21.15.16:0/162400172 >> [v2:172.21.15.16:3300/0,v1:172.21.15.16:6789/0] conn(0x7fa1bc109a50 0x7fa1bc19fff0 unknown :-1 s=CLOSED pgs=79 cs=0 l=1 rev1=1 crypto rx=0 tx=0 comp rx=0 tx=0).stop
2024-05-27T06:44:50.405 INFO:teuthology.orchestra.run.smithi016.stdout:/usr/bin/ceph: stderr
2024-05-27T06:44:49.482+0000 7fa1c2800700 1 -- 172.21.15.16:0/162400172 >> 172.21.15.16:0/162400172 conn(0x7fa1bc1050b0 msgr2=0x7fa1bc07d250 unknown :-1 s=STATE_NONE l=0).mark_down
2024-05-27T06:44:50.405 INFO:teuthology.orchestra.run.smithi016.stdout:/usr/bin/ceph: stderr
2024-05-27T06:44:49.482+0000 7fa1c2800700 1 -- 172.21.15.16:0/162400172 shutdown_connections
2024-05-27T06:44:50.405 INFO:teuthology.orchestra.run.smithi016.stdout:/usr/bin/ceph: stderr
2024-05-27T06:44:49.482+0000 7fa1c2800700 1 -- 172.21.15.16:0/162400172 wait complete.
2024-05-27T06:44:50.405 INFO:teuthology.orchestra.run.smithi016.stdout:/usr/bin/ceph: stderr set mgr/dashboard/cluster/status
2024-05-27T06:44:50.405 INFO:teuthology.orchestra.run.smithi016.stdout:You can access the Ceph CLI as following in case of multi-cluster or non-default config:
2024-05-27T06:44:50.405 INFO:teuthology.orchestra.run.smithi016.stdout:
2024-05-27T06:44:50.406 INFO:teuthology.orchestra.run.smithi016.stdout: sudo /home/ubuntu/cephtest/cephadm shell --fsid 3c4673a4-1bf4-11ef-bc9b-c7b262605968 -c /etc/ceph/ceph.conf -k /etc/ceph/ceph.client.admin.keyring
2024-05-27T06:44:50.406 INFO:teuthology.orchestra.run.smithi016.stdout:
2024-05-27T06:44:50.406 INFO:teuthology.orchestra.run.smithi016.stdout:Or, if you are only running a single cluster on this host:
2024-05-27T06:44:50.406 INFO:teuthology.orchestra.run.smithi016.stdout:
2024-05-27T06:44:50.406 INFO:teuthology.orchestra.run.smithi016.stdout: sudo /home/ubuntu/cephtest/cephadm shell
2024-05-27T06:44:50.406 INFO:teuthology.orchestra.run.smithi016.stdout:
2024-05-27T06:44:50.406 INFO:teuthology.orchestra.run.smithi016.stdout:Please consider enabling telemetry to help improve Ceph:
2024-05-27T06:44:50.406 INFO:teuthology.orchestra.run.smithi016.stdout:
2024-05-27T06:44:50.406 INFO:teuthology.orchestra.run.smithi016.stdout: ceph telemetry on
2024-05-27T06:44:50.406 INFO:teuthology.orchestra.run.smithi016.stdout:
2024-05-27T06:44:50.406 INFO:teuthology.orchestra.run.smithi016.stdout:For more information see:
2024-05-27T06:44:50.406 INFO:teuthology.orchestra.run.smithi016.stdout:
2024-05-27T06:44:50.406 INFO:teuthology.orchestra.run.smithi016.stdout: https://docs.ceph.com/en/latest/mgr/telemetry/
2024-05-27T06:44:50.406 INFO:teuthology.orchestra.run.smithi016.stdout:
2024-05-27T06:44:50.407 INFO:teuthology.orchestra.run.smithi016.stdout:Bootstrap complete.
2024-05-27T06:44:50.512 INFO:tasks.cephadm:Fetching config...
2024-05-27T06:44:50.512 DEBUG:teuthology.orchestra.run.smithi016:> set -ex
2024-05-27T06:44:50.513 DEBUG:teuthology.orchestra.run.smithi016:> dd if=/etc/ceph/ceph.conf of=/dev/stdout
2024-05-27T06:44:50.568 INFO:tasks.cephadm:Fetching client.admin keyring...
2024-05-27T06:44:50.568 DEBUG:teuthology.orchestra.run.smithi016:> set -ex
2024-05-27T06:44:50.568 DEBUG:teuthology.orchestra.run.smithi016:> dd if=/etc/ceph/ceph.client.admin.keyring of=/dev/stdout
2024-05-27T06:44:50.615 INFO:tasks.cephadm:Fetching mon keyring...
2024-05-27T06:44:50.615 DEBUG:teuthology.orchestra.run.smithi016:> set -ex
2024-05-27T06:44:50.615 DEBUG:teuthology.orchestra.run.smithi016:> sudo dd if=/var/lib/ceph/3c4673a4-1bf4-11ef-bc9b-c7b262605968/mon.a/keyring of=/dev/stdout
2024-05-27T06:44:50.716 INFO:journalctl@ceph.mon.a.smithi016.stdout:May 27 06:44:50 smithi016 ceph-mon[31415]: from='client.? 172.21.15.16:0/162400172' entity='client.admin'
2024-05-27T06:44:50.728 INFO:tasks.cephadm:Fetching pub ssh key...
2024-05-27T06:44:50.729 DEBUG:teuthology.orchestra.run.smithi016:> set -ex
2024-05-27T06:44:50.729 DEBUG:teuthology.orchestra.run.smithi016:> dd if=/home/ubuntu/cephtest/ceph.pub of=/dev/stdout
2024-05-27T06:44:50.825 INFO:tasks.cephadm:Installing pub ssh key for root users...
2024-05-27T06:44:50.826 DEBUG:teuthology.orchestra.run.smithi016:> sudo install -d -m 0700 /root/.ssh && echo 'ssh-rsa AAAAB3NzaC1yc2EAAAADAQABAAABgQCQcHllyWDy2EmP9mFK0HaMUzApkvK0fopcidC2brA0wFPsWuDwLTK2j7PEJkn7W6a//Iy5avl0jD5ndIN89qjBwCPHIgqtd98V0NgTPLU1QIawFvr7qyiklb69ozqnYFnNgpQzTliKbo8vxmhudwDfxIlOJsDUBARTi6TO3kwgXlcn/jllRN53zu8LcRrg5YYcsVq9nUZeHxHLEtsOi9STh/izDz+P9ahB430OSz3nUVs+sQ+0wjUH2X2F/7nnL9Ro5XWDmq1W+kf2zBjbbRyHgz15N8BXaOPtuawROSRPt+JcmGanslsDnOSs6yGbfK28vQUhysWb/xrN8Jcefhsc4JiSIx3TXjWpKAf0ike7dYgUTt3A0upONAjso476G9bsbPpYjjsVYpiZxy30dDFsyIDHJAI2J6ULCzZdqWJqQ9PWA/Gstax330sD0fwx8+Jp63w1lKj5LD2fbLg27cwFuSxn5ptWlA97BTuGPVHVEtACGFYOVs2WnbaQYczD3ms= ceph-3c4673a4-1bf4-11ef-bc9b-c7b262605968' | sudo tee -a /root/.ssh/authorized_keys && sudo chmod 0600 /root/.ssh/authorized_keys
2024-05-27T06:44:50.957 INFO:teuthology.orchestra.run.smithi016.stdout:ssh-rsa AAAAB3NzaC1yc2EAAAADAQABAAABgQCQcHllyWDy2EmP9mFK0HaMUzApkvK0fopcidC2brA0wFPsWuDwLTK2j7PEJkn7W6a//Iy5avl0jD5ndIN89qjBwCPHIgqtd98V0NgTPLU1QIawFvr7qyiklb69ozqnYFnNgpQzTliKbo8vxmhudwDfxIlOJsDUBARTi6TO3kwgXlcn/jllRN53zu8LcRrg5YYcsVq9nUZeHxHLEtsOi9STh/izDz+P9ahB430OSz3nUVs+sQ+0wjUH2X2F/7nnL9Ro5XWDmq1W+kf2zBjbbRyHgz15N8BXaOPtuawROSRPt+JcmGanslsDnOSs6yGbfK28vQUhysWb/xrN8Jcefhsc4JiSIx3TXjWpKAf0ike7dYgUTt3A0upONAjso476G9bsbPpYjjsVYpiZxy30dDFsyIDHJAI2J6ULCzZdqWJqQ9PWA/Gstax330sD0fwx8+Jp63w1lKj5LD2fbLg27cwFuSxn5ptWlA97BTuGPVHVEtACGFYOVs2WnbaQYczD3ms= ceph-3c4673a4-1bf4-11ef-bc9b-c7b262605968
2024-05-27T06:44:50.994 DEBUG:teuthology.orchestra.run.smithi069:> sudo install -d -m 0700 /root/.ssh && echo 'ssh-rsa AAAAB3NzaC1yc2EAAAADAQABAAABgQCQcHllyWDy2EmP9mFK0HaMUzApkvK0fopcidC2brA0wFPsWuDwLTK2j7PEJkn7W6a//Iy5avl0jD5ndIN89qjBwCPHIgqtd98V0NgTPLU1QIawFvr7qyiklb69ozqnYFnNgpQzTliKbo8vxmhudwDfxIlOJsDUBARTi6TO3kwgXlcn/jllRN53zu8LcRrg5YYcsVq9nUZeHxHLEtsOi9STh/izDz+P9ahB430OSz3nUVs+sQ+0wjUH2X2F/7nnL9Ro5XWDmq1W+kf2zBjbbRyHgz15N8BXaOPtuawROSRPt+JcmGanslsDnOSs6yGbfK28vQUhysWb/xrN8Jcefhsc4JiSIx3TXjWpKAf0ike7dYgUTt3A0upONAjso476G9bsbPpYjjsVYpiZxy30dDFsyIDHJAI2J6ULCzZdqWJqQ9PWA/Gstax330sD0fwx8+Jp63w1lKj5LD2fbLg27cwFuSxn5ptWlA97BTuGPVHVEtACGFYOVs2WnbaQYczD3ms= ceph-3c4673a4-1bf4-11ef-bc9b-c7b262605968' | sudo tee -a /root/.ssh/authorized_keys && sudo chmod 0600 /root/.ssh/authorized_keys
2024-05-27T06:44:51.112 INFO:teuthology.orchestra.run.smithi069.stdout:ssh-rsa AAAAB3NzaC1yc2EAAAADAQABAAABgQCQcHllyWDy2EmP9mFK0HaMUzApkvK0fopcidC2brA0wFPsWuDwLTK2j7PEJkn7W6a//Iy5avl0jD5ndIN89qjBwCPHIgqtd98V0NgTPLU1QIawFvr7qyiklb69ozqnYFnNgpQzTliKbo8vxmhudwDfxIlOJsDUBARTi6TO3kwgXlcn/jllRN53zu8LcRrg5YYcsVq9nUZeHxHLEtsOi9STh/izDz+P9ahB430OSz3nUVs+sQ+0wjUH2X2F/7nnL9Ro5XWDmq1W+kf2zBjbbRyHgz15N8BXaOPtuawROSRPt+JcmGanslsDnOSs6yGbfK28vQUhysWb/xrN8Jcefhsc4JiSIx3TXjWpKAf0ike7dYgUTt3A0upONAjso476G9bsbPpYjjsVYpiZxy30dDFsyIDHJAI2J6ULCzZdqWJqQ9PWA/Gstax330sD0fwx8+Jp63w1lKj5LD2fbLg27cwFuSxn5ptWlA97BTuGPVHVEtACGFYOVs2WnbaQYczD3ms= ceph-3c4673a4-1bf4-11ef-bc9b-c7b262605968
2024-05-27T06:44:51.170 DEBUG:teuthology.orchestra.run.smithi164:> sudo install -d -m 0700 /root/.ssh && echo 'ssh-rsa AAAAB3NzaC1yc2EAAAADAQABAAABgQCQcHllyWDy2EmP9mFK0HaMUzApkvK0fopcidC2brA0wFPsWuDwLTK2j7PEJkn7W6a//Iy5avl0jD5ndIN89qjBwCPHIgqtd98V0NgTPLU1QIawFvr7qyiklb69ozqnYFnNgpQzTliKbo8vxmhudwDfxIlOJsDUBARTi6TO3kwgXlcn/jllRN53zu8LcRrg5YYcsVq9nUZeHxHLEtsOi9STh/izDz+P9ahB430OSz3nUVs+sQ+0wjUH2X2F/7nnL9Ro5XWDmq1W+kf2zBjbbRyHgz15N8BXaOPtuawROSRPt+JcmGanslsDnOSs6yGbfK28vQUhysWb/xrN8Jcefhsc4JiSIx3TXjWpKAf0ike7dYgUTt3A0upONAjso476G9bsbPpYjjsVYpiZxy30dDFsyIDHJAI2J6ULCzZdqWJqQ9PWA/Gstax330sD0fwx8+Jp63w1lKj5LD2fbLg27cwFuSxn5ptWlA97BTuGPVHVEtACGFYOVs2WnbaQYczD3ms= ceph-3c4673a4-1bf4-11ef-bc9b-c7b262605968' | sudo tee -a /root/.ssh/authorized_keys && sudo chmod 0600 /root/.ssh/authorized_keys
2024-05-27T06:44:51.287 INFO:teuthology.orchestra.run.smithi164.stdout:ssh-rsa AAAAB3NzaC1yc2EAAAADAQABAAABgQCQcHllyWDy2EmP9mFK0HaMUzApkvK0fopcidC2brA0wFPsWuDwLTK2j7PEJkn7W6a//Iy5avl0jD5ndIN89qjBwCPHIgqtd98V0NgTPLU1QIawFvr7qyiklb69ozqnYFnNgpQzTliKbo8vxmhudwDfxIlOJsDUBARTi6TO3kwgXlcn/jllRN53zu8LcRrg5YYcsVq9nUZeHxHLEtsOi9STh/izDz+P9ahB430OSz3nUVs+sQ+0wjUH2X2F/7nnL9Ro5XWDmq1W+kf2zBjbbRyHgz15N8BXaOPtuawROSRPt+JcmGanslsDnOSs6yGbfK28vQUhysWb/xrN8Jcefhsc4JiSIx3TXjWpKAf0ike7dYgUTt3A0upONAjso476G9bsbPpYjjsVYpiZxy30dDFsyIDHJAI2J6ULCzZdqWJqQ9PWA/Gstax330sD0fwx8+Jp63w1lKj5LD2fbLg27cwFuSxn5ptWlA97BTuGPVHVEtACGFYOVs2WnbaQYczD3ms= ceph-3c4673a4-1bf4-11ef-bc9b-c7b262605968
2024-05-27T06:44:51.340 DEBUG:teuthology.orchestra.run.smithi016:> sudo /home/ubuntu/cephtest/cephadm --image quay-quay-quay.apps.os.sepia.ceph.com/ceph-ci/ceph:38f9d900c83c63799fbdbe61acc9a11b0d3554a6 shell -c /etc/ceph/ceph.conf -k /etc/ceph/ceph.client.admin.keyring --fsid 3c4673a4-1bf4-11ef-bc9b-c7b262605968 -- ceph config set mgr mgr/cephadm/allow_ptrace true
2024-05-27T06:44:51.771 INFO:teuthology.orchestra.run.smithi016.stderr:Inferring config /var/lib/ceph/3c4673a4-1bf4-11ef-bc9b-c7b262605968/mon.a/config
2024-05-27T06:44:54.764 INFO:teuthology.orchestra.run.smithi016.stderr:2024-05-27T06:44:54.769+0000 7f7da6000700 1 -- 172.21.15.16:0/3167577739 >> [v2:172.21.15.16:3300/0,v1:172.21.15.16:6789/0] conn(0x7f7da0105c40 msgr2=0x7f7da0106050 secure :-1 s=STATE_CONNECTION_ESTABLISHED l=1).mark_down
2024-05-27T06:44:54.764 INFO:teuthology.orchestra.run.smithi016.stderr:2024-05-27T06:44:54.769+0000 7f7da6000700 1 --2- 172.21.15.16:0/3167577739 >> [v2:172.21.15.16:3300/0,v1:172.21.15.16:6789/0] conn(0x7f7da0105c40 0x7f7da0106050 secure :-1 s=READY pgs=80 cs=0 l=1 rev1=1 crypto rx=0x7f7d94009910 tx=0x7f7d94009c20 comp rx=0 tx=0).stop
2024-05-27T06:44:54.764 INFO:teuthology.orchestra.run.smithi016.stderr:2024-05-27T06:44:54.769+0000 7f7da6000700 1 -- 172.21.15.16:0/3167577739 shutdown_connections
2024-05-27T06:44:54.764 INFO:teuthology.orchestra.run.smithi016.stderr:2024-05-27T06:44:54.769+0000 7f7da6000700 1 --2- 172.21.15.16:0/3167577739 >> [v2:172.21.15.16:3300/0,v1:172.21.15.16:6789/0] conn(0x7f7da0105c40 0x7f7da0106050 unknown :-1 s=CLOSED pgs=80 cs=0 l=1 rev1=1 crypto rx=0 tx=0 comp rx=0 tx=0).stop
2024-05-27T06:44:54.764 INFO:teuthology.orchestra.run.smithi016.stderr:2024-05-27T06:44:54.769+0000 7f7da6000700 1 -- 172.21.15.16:0/3167577739 >> 172.21.15.16:0/3167577739 conn(0x7f7da0101260 msgr2=0x7f7da0103730 unknown :-1 s=STATE_NONE l=0).mark_down
2024-05-27T06:44:54.764 INFO:teuthology.orchestra.run.smithi016.stderr:2024-05-27T06:44:54.770+0000 7f7da6000700 1 -- 172.21.15.16:0/3167577739 shutdown_connections
2024-05-27T06:44:54.764 INFO:teuthology.orchestra.run.smithi016.stderr:2024-05-27T06:44:54.770+0000 7f7da6000700 1 -- 172.21.15.16:0/3167577739 wait complete.
2024-05-27T06:44:54.765 INFO:teuthology.orchestra.run.smithi016.stderr:2024-05-27T06:44:54.771+0000 7f7da6000700 1 Processor -- start
2024-05-27T06:44:54.765 INFO:teuthology.orchestra.run.smithi016.stderr:2024-05-27T06:44:54.772+0000 7f7da6000700 1 -- start start
2024-05-27T06:44:54.765 INFO:teuthology.orchestra.run.smithi016.stderr:2024-05-27T06:44:54.772+0000 7f7da6000700 1 --2- >> [v2:172.21.15.16:3300/0,v1:172.21.15.16:6789/0] conn(0x7f7da0105c40 0x7f7da019b6a0 unknown :-1 s=NONE pgs=0 cs=0 l=1 rev1=0 crypto rx=0 tx=0 comp rx=0 tx=0).connect
2024-05-27T06:44:54.765 INFO:teuthology.orchestra.run.smithi016.stderr:2024-05-27T06:44:54.772+0000 7f7da6000700 1 -- --> [v2:172.21.15.16:3300/0,v1:172.21.15.16:6789/0] -- mon_getmap magic: 0 -- 0x7f7da010bab0 con 0x7f7da0105c40
2024-05-27T06:44:54.766 INFO:teuthology.orchestra.run.smithi016.stderr:2024-05-27T06:44:54.772+0000 7f7da4c00700 1 --2- >> [v2:172.21.15.16:3300/0,v1:172.21.15.16:6789/0] conn(0x7f7da0105c40 0x7f7da019b6a0 unknown :-1 s=BANNER_CONNECTING pgs=0 cs=0 l=1 rev1=0 crypto rx=0 tx=0 comp rx=0 tx=0)._handle_peer_banner_payload supported=3 required=0
2024-05-27T06:44:54.766 INFO:teuthology.orchestra.run.smithi016.stderr:2024-05-27T06:44:54.772+0000 7f7da4c00700 1 --2- >> [v2:172.21.15.16:3300/0,v1:172.21.15.16:6789/0] conn(0x7f7da0105c40 0x7f7da019b6a0 unknown :-1 s=HELLO_CONNECTING pgs=0 cs=0 l=1 rev1=1 crypto rx=0 tx=0 comp rx=0 tx=0).handle_hello peer v2:172.21.15.16:3300/0 says I am v2:172.21.15.16:41010/0 (socket says 172.21.15.16:41010)
2024-05-27T06:44:54.766 INFO:teuthology.orchestra.run.smithi016.stderr:2024-05-27T06:44:54.772+0000 7f7da4c00700 1 -- 172.21.15.16:0/1496825062 learned_addr learned my addr 172.21.15.16:0/1496825062 (peer_addr_for_me v2:172.21.15.16:0/0)
2024-05-27T06:44:54.766 INFO:teuthology.orchestra.run.smithi016.stderr:2024-05-27T06:44:54.773+0000 7f7da4c00700 1 -- 172.21.15.16:0/1496825062 --> [v2:172.21.15.16:3300/0,v1:172.21.15.16:6789/0] -- mon_subscribe({config=0+,monmap=0+}) -- 0x7f7da019bbe0 con 0x7f7da0105c40
2024-05-27T06:44:54.766 INFO:teuthology.orchestra.run.smithi016.stderr:2024-05-27T06:44:54.773+0000 7f7da4c00700 1 --2- 172.21.15.16:0/1496825062 >> [v2:172.21.15.16:3300/0,v1:172.21.15.16:6789/0] conn(0x7f7da0105c40 0x7f7da019b6a0 secure :-1 s=READY pgs=81 cs=0 l=1 rev1=1 crypto rx=0x7f7d94005760 tx=0x7f7d94004f60 comp rx=0 tx=0).ready entity=mon.0 client_cookie=0 server_cookie=0 in_seq=0 out_seq=0
2024-05-27T06:44:54.767 INFO:teuthology.orchestra.run.smithi016.stderr:2024-05-27T06:44:54.773+0000 7f7d9d600700 1 -- 172.21.15.16:0/1496825062 <== mon.0 v2:172.21.15.16:3300/0 1 ==== mon_map magic: 0 ==== 205+0+0 (secure 0 0 0) 0x7f7d94027070 con 0x7f7da0105c40
2024-05-27T06:44:54.767 INFO:teuthology.orchestra.run.smithi016.stderr:2024-05-27T06:44:54.773+0000 7f7d9d600700 1 -- 172.21.15.16:0/1496825062 <== mon.0 v2:172.21.15.16:3300/0 2 ==== config(25 keys) ==== 1063+0+0 (secure 0 0 0) 0x7f7d9400bdf0 con 0x7f7da0105c40
2024-05-27T06:44:54.767 INFO:teuthology.orchestra.run.smithi016.stderr:2024-05-27T06:44:54.773+0000 7f7da6000700 1 -- 172.21.15.16:0/1496825062 --> [v2:172.21.15.16:3300/0,v1:172.21.15.16:6789/0] -- mon_subscribe({mgrmap=0+}) -- 0x7f7da019be70 con 0x7f7da0105c40
2024-05-27T06:44:54.767 INFO:teuthology.orchestra.run.smithi016.stderr:2024-05-27T06:44:54.773+0000 7f7d9d600700 1 -- 172.21.15.16:0/1496825062 <== mon.0 v2:172.21.15.16:3300/0 3 ==== mon_map magic: 0 ==== 205+0+0 (secure 0 0 0) 0x7f7d9400fd70 con 0x7f7da0105c40
2024-05-27T06:44:54.767 INFO:teuthology.orchestra.run.smithi016.stderr:2024-05-27T06:44:54.774+0000 7f7da6000700 1 -- 172.21.15.16:0/1496825062 --> [v2:172.21.15.16:3300/0,v1:172.21.15.16:6789/0] -- mon_subscribe({osdmap=0}) -- 0x7f7da019ea80 con 0x7f7da0105c40
2024-05-27T06:44:54.768 INFO:teuthology.orchestra.run.smithi016.stderr:2024-05-27T06:44:54.775+0000 7f7da6000700 1 -- 172.21.15.16:0/1496825062 --> [v2:172.21.15.16:3300/0,v1:172.21.15.16:6789/0] -- mon_command({"prefix": "get_command_descriptions"} v 0) -- 0x7f7da010c230 con 0x7f7da0105c40
2024-05-27T06:44:54.768 INFO:teuthology.orchestra.run.smithi016.stderr:2024-05-27T06:44:54.775+0000 7f7d9d600700 1 -- 172.21.15.16:0/1496825062 <== mon.0 v2:172.21.15.16:3300/0 4 ==== mgrmap(e 13) ==== 50278+0+0 (secure 0 0 0) 0x7f7d9402a070 con 0x7f7da0105c40
2024-05-27T06:44:54.769 INFO:teuthology.orchestra.run.smithi016.stderr:2024-05-27T06:44:54.775+0000 7f7d9d600700 1 --2- 172.21.15.16:0/1496825062 >> [v2:172.21.15.16:6800/2755801148,v1:172.21.15.16:6801/2755801148] conn(0x7f7d8803e570 0x7f7d88040a80 unknown :-1 s=NONE pgs=0 cs=0 l=1 rev1=0 crypto rx=0 tx=0 comp rx=0 tx=0).connect
2024-05-27T06:44:54.769 INFO:teuthology.orchestra.run.smithi016.stderr:2024-05-27T06:44:54.775+0000 7f7d9d600700 1 -- 172.21.15.16:0/1496825062 <== mon.0 v2:172.21.15.16:3300/0 5 ==== osd_map(3..3 src has 1..3) ==== 1155+0+0 (secure 0 0 0) 0x7f7d94053940 con 0x7f7da0105c40
2024-05-27T06:44:54.769 INFO:teuthology.orchestra.run.smithi016.stderr:2024-05-27T06:44:54.776+0000 7f7d9fe00700 1 --2- 172.21.15.16:0/1496825062 >> [v2:172.21.15.16:6800/2755801148,v1:172.21.15.16:6801/2755801148] conn(0x7f7d8803e570 0x7f7d88040a80 unknown :-1 s=BANNER_CONNECTING pgs=0 cs=0 l=1 rev1=0 crypto rx=0 tx=0 comp rx=0 tx=0)._handle_peer_banner_payload supported=3 required=0
2024-05-27T06:44:54.770 INFO:teuthology.orchestra.run.smithi016.stderr:2024-05-27T06:44:54.777+0000 7f7d9fe00700 1 --2- 172.21.15.16:0/1496825062 >> [v2:172.21.15.16:6800/2755801148,v1:172.21.15.16:6801/2755801148] conn(0x7f7d8803e570 0x7f7d88040a80 secure :-1 s=READY pgs=12 cs=0 l=1 rev1=1 crypto rx=0x7f7d90006fd0 tx=0x7f7d90006e40 comp rx=0 tx=0).ready entity=mgr.14152 client_cookie=0 server_cookie=0 in_seq=0 out_seq=0
2024-05-27T06:44:54.775 INFO:teuthology.orchestra.run.smithi016.stderr:2024-05-27T06:44:54.781+0000 7f7d9d600700 1 -- 172.21.15.16:0/1496825062 <== mon.0 v2:172.21.15.16:3300/0 6 ==== mon_command_ack([{"prefix": "get_command_descriptions"}]=0 v0) ==== 72+0+191963 (secure 0 0 0) 0x7f7d94013070 con 0x7f7da0105c40
2024-05-27T06:44:55.010 INFO:teuthology.orchestra.run.smithi016.stderr:2024-05-27T06:44:55.016+0000 7f7da6000700 1 -- 172.21.15.16:0/1496825062 --> [v2:172.21.15.16:3300/0,v1:172.21.15.16:6789/0] -- mon_command([{prefix=config set, name=mgr/cephadm/allow_ptrace}] v 0) -- 0x7f7da002e6f0 con 0x7f7da0105c40
2024-05-27T06:44:55.017 INFO:teuthology.orchestra.run.smithi016.stderr:2024-05-27T06:44:55.023+0000 7f7d9d600700 1 -- 172.21.15.16:0/1496825062 <== mon.0 v2:172.21.15.16:3300/0 7 ==== mon_command_ack([{prefix=config set, name=mgr/cephadm/allow_ptrace}]=0 v9)=0 v9) ==== 125+0+0 (secure 0 0 0) 0x7f7d9400f6c0 con 0x7f7da0105c40
2024-05-27T06:44:55.017 INFO:journalctl@ceph.mon.a.smithi016.stdout:May 27 06:44:54 smithi016 ceph-mon[31415]: from='mgr.14152 172.21.15.16:0/2985527985' entity='mgr.x'
2024-05-27T06:44:55.017 INFO:journalctl@ceph.mon.a.smithi016.stdout:May 27 06:44:54 smithi016 ceph-mon[31415]: from='mgr.14152 172.21.15.16:0/2985527985' entity='mgr.x'
2024-05-27T06:44:55.017 INFO:journalctl@ceph.mon.a.smithi016.stdout:May 27 06:44:54 smithi016 ceph-mon[31415]: from='mgr.14152 172.21.15.16:0/2985527985' entity='mgr.x' cmd=[{"prefix": "config rm", "who": "osd/host:smithi016", "name": "osd_memory_target"}]: dispatch
2024-05-27T06:44:55.017 INFO:journalctl@ceph.mon.a.smithi016.stdout:May 27 06:44:54 smithi016 ceph-mon[31415]: from='mgr.14152 172.21.15.16:0/2985527985' entity='mgr.x'
2024-05-27T06:44:55.017 INFO:journalctl@ceph.mon.a.smithi016.stdout:May 27 06:44:54 smithi016 ceph-mon[31415]: from='mgr.14152 172.21.15.16:0/2985527985' entity='mgr.x' cmd=[{"prefix": "config dump", "format": "json"}]: dispatch
2024-05-27T06:44:55.017 INFO:journalctl@ceph.mon.a.smithi016.stdout:May 27 06:44:54 smithi016 ceph-mon[31415]: from='mgr.14152 172.21.15.16:0/2985527985' entity='mgr.x'
2024-05-27T06:44:55.020 INFO:teuthology.orchestra.run.smithi016.stderr:2024-05-27T06:44:55.026+0000 7f7da6000700 1 -- 172.21.15.16:0/1496825062 >> [v2:172.21.15.16:6800/2755801148,v1:172.21.15.16:6801/2755801148] conn(0x7f7d8803e570 msgr2=0x7f7d88040a80 secure :-1 s=STATE_CONNECTION_ESTABLISHED l=1).mark_down
