2024-05-27T06:57:27.247+0000 7fc8eb200700 1 --2- 172.21.15.43:0/592776825 >> [v2:172.21.15.43:3300/0,v1:172.21.15.43:6789/0] conn(0x7fc8ec10ba30 0x7fc8ec10be40 secure :-1 s=READY pgs=45 cs=0 l=1 rev1=1 crypto rx=0x7fc8dc009e80 tx=0x7fc8dc00b330 comp rx=0 tx=0).stop
2024-05-27T06:57:34.480 INFO:teuthology.orchestra.run.smithi043.stdout:/usr/bin/ceph: stderr
2024-05-27T06:57:27.247+0000 7fc8eb200700 1 -- 172.21.15.43:0/592776825 shutdown_connections
2024-05-27T06:57:34.480 INFO:teuthology.orchestra.run.smithi043.stdout:/usr/bin/ceph: stderr
2024-05-27T06:57:27.247+0000 7fc8eb200700 1 --2- 172.21.15.43:0/592776825 >> [v2:172.21.15.43:3300/0,v1:172.21.15.43:6789/0] conn(0x7fc8ec10ba30 0x7fc8ec10be40 unknown :-1 s=CLOSED pgs=45 cs=0 l=1 rev1=1 crypto rx=0 tx=0 comp rx=0 tx=0).stop
2024-05-27T06:57:34.480 INFO:teuthology.orchestra.run.smithi043.stdout:/usr/bin/ceph: stderr
2024-05-27T06:57:27.247+0000 7fc8eb200700 1 -- 172.21.15.43:0/592776825 >> 172.21.15.43:0/592776825 conn(0x7fc8ec07eed0 msgr2=0x7fc8ec07f340 unknown :-1 s=STATE_NONE l=0).mark_down
2024-05-27T06:57:34.480 INFO:teuthology.orchestra.run.smithi043.stdout:/usr/bin/ceph: stderr
2024-05-27T06:57:27.247+0000 7fc8eb200700 1 -- 172.21.15.43:0/592776825 shutdown_connections
2024-05-27T06:57:34.480 INFO:teuthology.orchestra.run.smithi043.stdout:/usr/bin/ceph: stderr
2024-05-27T06:57:27.247+0000 7fc8eb200700 1 -- 172.21.15.43:0/592776825 wait complete.
2024-05-27T06:57:34.480 INFO:teuthology.orchestra.run.smithi043.stdout:/usr/bin/ceph: stderr
2024-05-27T06:57:27.248+0000 7fc8eb200700 1 Processor -- start
2024-05-27T06:57:34.480 INFO:teuthology.orchestra.run.smithi043.stdout:/usr/bin/ceph: stderr
2024-05-27T06:57:27.249+0000 7fc8eb200700 1 -- start start
2024-05-27T06:57:34.480 INFO:teuthology.orchestra.run.smithi043.stdout:/usr/bin/ceph: stderr
2024-05-27T06:57:27.249+0000 7fc8eb200700 1 --2- >> [v2:172.21.15.43:3300/0,v1:172.21.15.43:6789/0] conn(0x7fc8ec10ba30 0x7fc8ec19fce0 unknown :-1 s=NONE pgs=0 cs=0 l=1 rev1=0 crypto rx=0 tx=0 comp rx=0 tx=0).connect
2024-05-27T06:57:34.480 INFO:teuthology.orchestra.run.smithi043.stdout:/usr/bin/ceph: stderr
2024-05-27T06:57:27.249+0000 7fc8eb200700 1 -- --> [v2:172.21.15.43:3300/0,v1:172.21.15.43:6789/0] -- mon_getmap magic: 0 -- 0x7fc8ec10fd90 con 0x7fc8ec10ba30
2024-05-27T06:57:34.480 INFO:teuthology.orchestra.run.smithi043.stdout:/usr/bin/ceph: stderr
2024-05-27T06:57:27.249+0000 7fc8e9e00700 1 --2- >> [v2:172.21.15.43:3300/0,v1:172.21.15.43:6789/0] conn(0x7fc8ec10ba30 0x7fc8ec19fce0 unknown :-1 s=BANNER_CONNECTING pgs=0 cs=0 l=1 rev1=0 crypto rx=0 tx=0 comp rx=0 tx=0)._handle_peer_banner_payload supported=3 required=0
2024-05-27T06:57:34.480 INFO:teuthology.orchestra.run.smithi043.stdout:/usr/bin/ceph: stderr
2024-05-27T06:57:27.249+0000 7fc8e9e00700 1 --2- >> [v2:172.21.15.43:3300/0,v1:172.21.15.43:6789/0] conn(0x7fc8ec10ba30 0x7fc8ec19fce0 unknown :-1 s=HELLO_CONNECTING pgs=0 cs=0 l=1 rev1=1 crypto rx=0 tx=0 comp rx=0 tx=0).handle_hello peer v2:172.21.15.43:3300/0 says I am v2:172.21.15.43:60496/0 (socket says 172.21.15.43:60496)
2024-05-27T06:57:34.480 INFO:teuthology.orchestra.run.smithi043.stdout:/usr/bin/ceph: stderr
2024-05-27T06:57:27.249+0000 7fc8e9e00700 1 -- 172.21.15.43:0/1142923631 learned_addr learned my addr 172.21.15.43:0/1142923631 (peer_addr_for_me v2:172.21.15.43:0/0)
2024-05-27T06:57:34.481 INFO:teuthology.orchestra.run.smithi043.stdout:/usr/bin/ceph: stderr
2024-05-27T06:57:27.250+0000 7fc8e9e00700 1 -- 172.21.15.43:0/1142923631 --> [v2:172.21.15.43:3300/0,v1:172.21.15.43:6789/0] -- mon_subscribe({config=0+,monmap=0+}) -- 0x7fc8ec1a0220 con 0x7fc8ec10ba30
2024-05-27T06:57:34.481 INFO:teuthology.orchestra.run.smithi043.stdout:/usr/bin/ceph: stderr
2024-05-27T06:57:27.250+0000 7fc8e9e00700 1 --2- 172.21.15.43:0/1142923631 >> [v2:172.21.15.43:3300/0,v1:172.21.15.43:6789/0] conn(0x7fc8ec10ba30 0x7fc8ec19fce0 secure :-1 s=READY pgs=46 cs=0 l=1 rev1=1 crypto rx=0x7fc8dc004000 tx=0x7fc8dc0093b0 comp rx=0 tx=0).ready entity=mon.0 client_cookie=0 server_cookie=0 in_seq=0 out_seq=0
2024-05-27T06:57:34.481 INFO:teuthology.orchestra.run.smithi043.stdout:/usr/bin/ceph: stderr
2024-05-27T06:57:27.250+0000 7fc8e2a00700 1 -- 172.21.15.43:0/1142923631 <== mon.0 v2:172.21.15.43:3300/0 1 ==== mon_map magic: 0 ==== 205+0+0 (secure 0 0 0) 0x7fc8dc020020 con 0x7fc8ec10ba30
2024-05-27T06:57:34.481 INFO:teuthology.orchestra.run.smithi043.stdout:/usr/bin/ceph: stderr
2024-05-27T06:57:27.250+0000 7fc8e2a00700 1 -- 172.21.15.43:0/1142923631 <== mon.0 v2:172.21.15.43:3300/0 2 ==== config(25 keys) ==== 1032+0+0 (secure 0 0 0) 0x7fc8dc003d00 con 0x7fc8ec10ba30
2024-05-27T06:57:34.481 INFO:teuthology.orchestra.run.smithi043.stdout:/usr/bin/ceph: stderr
2024-05-27T06:57:27.250+0000 7fc8eb200700 1 -- 172.21.15.43:0/1142923631 --> [v2:172.21.15.43:3300/0,v1:172.21.15.43:6789/0] -- mon_subscribe({mgrmap=0+}) -- 0x7fc8ec1a04b0 con 0x7fc8ec10ba30
2024-05-27T06:57:34.481 INFO:teuthology.orchestra.run.smithi043.stdout:/usr/bin/ceph: stderr
2024-05-27T06:57:27.251+0000 7fc8e2a00700 1 -- 172.21.15.43:0/1142923631 <== mon.0 v2:172.21.15.43:3300/0 3 ==== mon_map magic: 0 ==== 205+0+0 (secure 0 0 0) 0x7fc8dc017040 con 0x7fc8ec10ba30
2024-05-27T06:57:34.481 INFO:teuthology.orchestra.run.smithi043.stdout:/usr/bin/ceph: stderr
2024-05-27T06:57:27.251+0000 7fc8eb200700 1 -- 172.21.15.43:0/1142923631 --> [v2:172.21.15.43:3300/0,v1:172.21.15.43:6789/0] -- mon_subscribe({osdmap=0}) -- 0x7fc8ec1a30c0 con 0x7fc8ec10ba30
2024-05-27T06:57:34.481 INFO:teuthology.orchestra.run.smithi043.stdout:/usr/bin/ceph: stderr
2024-05-27T06:57:27.252+0000 7fc8eb200700 1 -- 172.21.15.43:0/1142923631 --> [v2:172.21.15.43:3300/0,v1:172.21.15.43:6789/0] -- mon_command({"prefix": "get_command_descriptions"} v 0) -- 0x7fc8ec064e10 con 0x7fc8ec10ba30
2024-05-27T06:57:34.481 INFO:teuthology.orchestra.run.smithi043.stdout:/usr/bin/ceph: stderr
2024-05-27T06:57:27.252+0000 7fc8e2a00700 1 -- 172.21.15.43:0/1142923631 <== mon.0 v2:172.21.15.43:3300/0 4 ==== mgrmap(e 8) ==== 50222+0+0 (secure 0 0 0) 0x7fc8dc023020 con 0x7fc8ec10ba30
2024-05-27T06:57:34.481 INFO:teuthology.orchestra.run.smithi043.stdout:/usr/bin/ceph: stderr
2024-05-27T06:57:27.253+0000 7fc8e2a00700 1 --2- 172.21.15.43:0/1142923631 >> [v2:172.21.15.43:6800/1651567761,v1:172.21.15.43:6801/1651567761] conn(0x7fc8d003e470 0x7fc8d0040980 unknown :-1 s=NONE pgs=0 cs=0 l=1 rev1=0 crypto rx=0 tx=0 comp rx=0 tx=0).connect
2024-05-27T06:57:34.481 INFO:teuthology.orchestra.run.smithi043.stdout:/usr/bin/ceph: stderr
2024-05-27T06:57:27.253+0000 7fc8e2a00700 1 -- 172.21.15.43:0/1142923631 <== mon.0 v2:172.21.15.43:3300/0 5 ==== osd_map(2..2 src has 1..2) ==== 940+0+0 (secure 0 0 0) 0x7fc8dc00f050 con 0x7fc8ec10ba30
2024-05-27T06:57:34.481 INFO:teuthology.orchestra.run.smithi043.stdout:/usr/bin/ceph: stderr
2024-05-27T06:57:27.253+0000 7fc8e9400700 1 --2- 172.21.15.43:0/1142923631 >> [v2:172.21.15.43:6800/1651567761,v1:172.21.15.43:6801/1651567761] conn(0x7fc8d003e470 0x7fc8d0040980 unknown :-1 s=BANNER_CONNECTING pgs=0 cs=0 l=1 rev1=0 crypto rx=0 tx=0 comp rx=0 tx=0)._handle_peer_banner_payload supported=3 required=0
2024-05-27T06:57:34.481 INFO:teuthology.orchestra.run.smithi043.stdout:/usr/bin/ceph: stderr
2024-05-27T06:57:27.254+0000 7fc8e9400700 1 --2- 172.21.15.43:0/1142923631 >> [v2:172.21.15.43:6800/1651567761,v1:172.21.15.43:6801/1651567761] conn(0x7fc8d003e470 0x7fc8d0040980 secure :-1 s=READY pgs=11 cs=0 l=1 rev1=1 crypto rx=0x7fc8d8006fd0 tx=0x7fc8d8006e40 comp rx=0 tx=0).ready entity=mgr.14120 client_cookie=0 server_cookie=0 in_seq=0 out_seq=0
2024-05-27T06:57:34.481 INFO:teuthology.orchestra.run.smithi043.stdout:/usr/bin/ceph: stderr
2024-05-27T06:57:27.258+0000 7fc8e2a00700 1 -- 172.21.15.43:0/1142923631 <== mon.0 v2:172.21.15.43:3300/0 6 ==== mon_command_ack([{"prefix": "get_command_descriptions"}]=0 v0) ==== 72+0+191963 (secure 0 0 0) 0x7fc8dc02a020 con 0x7fc8ec10ba30
2024-05-27T06:57:34.481 INFO:teuthology.orchestra.run.smithi043.stdout:/usr/bin/ceph: stderr
2024-05-27T06:57:27.499+0000 7fc8eb200700 1 -- 172.21.15.43:0/1142923631 --> [v2:172.21.15.43:6800/1651567761,v1:172.21.15.43:6801/1651567761] -- mgr_command(tid 0: {"prefix": "orch host add", "hostname": "smithi043", "addr": "172.21.15.43", "target": ["mon-mgr", ""]}) -- 0x7fc8ec109110 con 0x7fc8d003e470
2024-05-27T06:57:34.482 INFO:teuthology.orchestra.run.smithi043.stdout:/usr/bin/ceph: stderr
2024-05-27T06:57:33.868+0000 7fc8e2a00700 1 -- 172.21.15.43:0/1142923631 <== mgr.14120 v2:172.21.15.43:6800/1651567761 1 ==== mgr_command_reply(tid 0: 0 ) ==== 8+0+48 (secure 0 0 0) 0x7fc8ec109110 con 0x7fc8d003e470
2024-05-27T06:57:34.482 INFO:teuthology.orchestra.run.smithi043.stdout:/usr/bin/ceph: stderr
2024-05-27T06:57:33.872+0000 7fc8eb200700 1 -- 172.21.15.43:0/1142923631 >> [v2:172.21.15.43:6800/1651567761,v1:172.21.15.43:6801/1651567761] conn(0x7fc8d003e470 msgr2=0x7fc8d0040980 secure :-1 s=STATE_CONNECTION_ESTABLISHED l=1).mark_down
2024-05-27T06:57:34.482 INFO:teuthology.orchestra.run.smithi043.stdout:/usr/bin/ceph: stderr
2024-05-27T06:57:33.872+0000 7fc8eb200700 1 --2- 172.21.15.43:0/1142923631 >> [v2:172.21.15.43:6800/1651567761,v1:172.21.15.43:6801/1651567761] conn(0x7fc8d003e470 0x7fc8d0040980 secure :-1 s=READY pgs=11 cs=0 l=1 rev1=1 crypto rx=0x7fc8d8006fd0 tx=0x7fc8d8006e40 comp rx=0 tx=0).stop
2024-05-27T06:57:34.482 INFO:teuthology.orchestra.run.smithi043.stdout:/usr/bin/ceph: stderr
2024-05-27T06:57:33.872+0000 7fc8eb200700 1 -- 172.21.15.43:0/1142923631 >> [v2:172.21.15.43:3300/0,v1:172.21.15.43:6789/0] conn(0x7fc8ec10ba30 msgr2=0x7fc8ec19fce0 secure :-1 s=STATE_CONNECTION_ESTABLISHED l=1).mark_down
2024-05-27T06:57:34.482 INFO:teuthology.orchestra.run.smithi043.stdout:/usr/bin/ceph: stderr
2024-05-27T06:57:33.872+0000 7fc8eb200700 1 --2- 172.21.15.43:0/1142923631 >> [v2:172.21.15.43:3300/0,v1:172.21.15.43:6789/0] conn(0x7fc8ec10ba30 0x7fc8ec19fce0 secure :-1 s=READY pgs=46 cs=0 l=1 rev1=1 crypto rx=0x7fc8dc004000 tx=0x7fc8dc0093b0 comp rx=0 tx=0).stop
2024-05-27T06:57:34.482 INFO:teuthology.orchestra.run.smithi043.stdout:/usr/bin/ceph: stderr
2024-05-27T06:57:33.872+0000 7fc8eb200700 1 -- 172.21.15.43:0/1142923631 shutdown_connections
2024-05-27T06:57:34.482 INFO:teuthology.orchestra.run.smithi043.stdout:/usr/bin/ceph: stderr
2024-05-27T06:57:33.872+0000 7fc8eb200700 1 --2- 172.21.15.43:0/1142923631 >> [v2:172.21.15.43:6800/1651567761,v1:172.21.15.43:6801/1651567761] conn(0x7fc8d003e470 0x7fc8d0040980 unknown :-1 s=CLOSED pgs=11 cs=0 l=1 rev1=1 crypto rx=0 tx=0 comp rx=0 tx=0).stop
2024-05-27T06:57:34.482 INFO:teuthology.orchestra.run.smithi043.stdout:/usr/bin/ceph: stderr
2024-05-27T06:57:33.872+0000 7fc8eb200700 1 --2- 172.21.15.43:0/1142923631 >> [v2:172.21.15.43:3300/0,v1:172.21.15.43:6789/0] conn(0x7fc8ec10ba30 0x7fc8ec19fce0 unknown :-1 s=CLOSED pgs=46 cs=0 l=1 rev1=1 crypto rx=0 tx=0 comp rx=0 tx=0).stop
2024-05-27T06:57:34.482 INFO:teuthology.orchestra.run.smithi043.stdout:/usr/bin/ceph: stderr
2024-05-27T06:57:33.872+0000 7fc8eb200700 1 -- 172.21.15.43:0/1142923631 >> 172.21.15.43:0/1142923631 conn(0x7fc8ec07eed0 msgr2=0x7fc8ec108a00 unknown :-1 s=STATE_NONE l=0).mark_down
2024-05-27T06:57:34.482 INFO:teuthology.orchestra.run.smithi043.stdout:/usr/bin/ceph: stderr
2024-05-27T06:57:33.873+0000 7fc8eb200700 1 -- 172.21.15.43:0/1142923631 shutdown_connections
2024-05-27T06:57:34.482 INFO:teuthology.orchestra.run.smithi043.stdout:/usr/bin/ceph: stderr
2024-05-27T06:57:33.873+0000 7fc8eb200700 1 -- 172.21.15.43:0/1142923631 wait complete.
2024-05-27T06:57:34.483 INFO:teuthology.orchestra.run.smithi043.stdout:Deploying unmanaged mon service...
2024-05-27T06:57:35.153 INFO:journalctl@ceph.mon.a.smithi043.stdout:May 27 06:57:34 smithi043 ceph-mon[31531]: from='mgr.14120 172.21.15.43:0/3437687080' entity='mgr.x'
2024-05-27T06:57:35.153 INFO:journalctl@ceph.mon.a.smithi043.stdout:May 27 06:57:34 smithi043 ceph-mon[31531]: Added host smithi043
2024-05-27T06:57:35.153 INFO:journalctl@ceph.mon.a.smithi043.stdout:May 27 06:57:34 smithi043 ceph-mon[31531]: from='mgr.14120 172.21.15.43:0/3437687080' entity='mgr.x' cmd=[{"prefix": "config dump", "format": "json"}]: dispatch
2024-05-27T06:57:36.192 INFO:teuthology.orchestra.run.smithi043.stdout:/usr/bin/ceph: stdout Scheduled mon update...
2024-05-27T06:57:36.193 INFO:teuthology.orchestra.run.smithi043.stdout:/usr/bin/ceph: stderr
2024-05-27T06:57:35.160+0000 7f94a0400700 1 Processor -- start
2024-05-27T06:57:36.193 INFO:teuthology.orchestra.run.smithi043.stdout:/usr/bin/ceph: stderr
2024-05-27T06:57:35.161+0000 7f94a0400700 1 -- start start
2024-05-27T06:57:36.193 INFO:teuthology.orchestra.run.smithi043.stdout:/usr/bin/ceph: stderr
2024-05-27T06:57:35.161+0000 7f94a0400700 1 --2- >> [v2:172.21.15.43:3300/0,v1:172.21.15.43:6789/0] conn(0x7f9498109940 0x7f9498109d50 unknown :-1 s=NONE pgs=0 cs=0 l=0 rev1=0 crypto rx=0 tx=0 comp rx=0 tx=0).connect
2024-05-27T06:57:36.193 INFO:teuthology.orchestra.run.smithi043.stdout:/usr/bin/ceph: stderr
2024-05-27T06:57:35.161+0000 7f94a0400700 1 -- --> [v2:172.21.15.43:3300/0,v1:172.21.15.43:6789/0] -- mon_getmap magic: 0 -- 0x7f949810a340 con 0x7f9498109940
2024-05-27T06:57:36.194 INFO:teuthology.orchestra.run.smithi043.stdout:/usr/bin/ceph: stderr
2024-05-27T06:57:35.162+0000 7f949da00700 1 --2- >> [v2:172.21.15.43:3300/0,v1:172.21.15.43:6789/0] conn(0x7f9498109940 0x7f9498109d50 unknown :-1 s=BANNER_CONNECTING pgs=0 cs=0 l=0 rev1=0 crypto rx=0 tx=0 comp rx=0 tx=0)._handle_peer_banner_payload supported=3 required=0
2024-05-27T06:57:36.194 INFO:teuthology.orchestra.run.smithi043.stdout:/usr/bin/ceph: stderr
2024-05-27T06:57:35.162+0000 7f949da00700 1 --2- >> [v2:172.21.15.43:3300/0,v1:172.21.15.43:6789/0] conn(0x7f9498109940 0x7f9498109d50 unknown :-1 s=HELLO_CONNECTING pgs=0 cs=0 l=0 rev1=1 crypto rx=0 tx=0 comp rx=0 tx=0).handle_hello peer v2:172.21.15.43:3300/0 says I am v2:172.21.15.43:45742/0 (socket says 172.21.15.43:45742)
2024-05-27T06:57:36.195 INFO:teuthology.orchestra.run.smithi043.stdout:/usr/bin/ceph: stderr
2024-05-27T06:57:35.162+0000 7f949da00700 1 -- 172.21.15.43:0/747399421 learned_addr learned my addr 172.21.15.43:0/747399421 (peer_addr_for_me v2:172.21.15.43:0/0)
2024-05-27T06:57:36.195 INFO:teuthology.orchestra.run.smithi043.stdout:/usr/bin/ceph: stderr
2024-05-27T06:57:35.162+0000 7f949da00700 1 -- 172.21.15.43:0/747399421 --> [v2:172.21.15.43:3300/0,v1:172.21.15.43:6789/0] -- mon_subscribe({config=0+,monmap=0+}) -- 0x7f949810ab10 con 0x7f9498109940
2024-05-27T06:57:36.195 INFO:teuthology.orchestra.run.smithi043.stdout:/usr/bin/ceph: stderr
2024-05-27T06:57:35.163+0000 7f949da00700 1 --2- 172.21.15.43:0/747399421 >> [v2:172.21.15.43:3300/0,v1:172.21.15.43:6789/0] conn(0x7f9498109940 0x7f9498109d50 secure :-1 s=READY pgs=47 cs=0 l=1 rev1=1 crypto rx=0x7f948c0098a0 tx=0x7f948c009bb0 comp rx=0 tx=0).ready entity=mon.0 client_cookie=a134420656e6da47 server_cookie=0 in_seq=0 out_seq=0
2024-05-27T06:57:36.195 INFO:teuthology.orchestra.run.smithi043.stdout:/usr/bin/ceph: stderr
2024-05-27T06:57:35.163+0000 7f9497e00700 1 -- 172.21.15.43:0/747399421 <== mon.0 v2:172.21.15.43:3300/0 1 ==== mon_map magic: 0 ==== 205+0+0 (secure 0 0 0) 0x7f948c004160 con 0x7f9498109940
2024-05-27T06:57:36.195 INFO:teuthology.orchestra.run.smithi043.stdout:/usr/bin/ceph: stderr
2024-05-27T06:57:35.163+0000 7f9497e00700 1 -- 172.21.15.43:0/747399421 <== mon.0 v2:172.21.15.43:3300/0 2 ==== config(25 keys) ==== 1032+0+0 (secure 0 0 0) 0x7f948c004300 con 0x7f9498109940
2024-05-27T06:57:36.199 INFO:teuthology.orchestra.run.smithi043.stdout:/usr/bin/ceph: stderr
2024-05-27T06:57:35.163+0000 7f9497e00700 1 -- 172.21.15.43:0/747399421 <== mon.0 v2:172.21.15.43:3300/0 3 ==== mon_map magic: 0 ==== 205+0+0 (secure 0 0 0) 0x7f948c0119e0 con 0x7f9498109940
2024-05-27T06:57:36.199 INFO:teuthology.orchestra.run.smithi043.stdout:/usr/bin/ceph: stderr
2024-05-27T06:57:35.164+0000 7f94a0400700 1 -- 172.21.15.43:0/747399421 >> [v2:172.21.15.43:3300/0,v1:172.21.15.43:6789/0] conn(0x7f9498109940 msgr2=0x7f9498109d50 secure :-1 s=STATE_CONNECTION_ESTABLISHED l=1).mark_down
2024-05-27T06:57:36.199 INFO:teuthology.orchestra.run.smithi043.stdout:/usr/bin/ceph: stderr
2024-05-27T06:57:35.164+0000 7f94a0400700 1 --2- 172.21.15.43:0/747399421 >> [v2:172.21.15.43:3300/0,v1:172.21.15.43:6789/0] conn(0x7f9498109940 0x7f9498109d50 secure :-1 s=READY pgs=47 cs=0 l=1 rev1=1 crypto rx=0x7f948c0098a0 tx=0x7f948c009bb0 comp rx=0 tx=0).stop
2024-05-27T06:57:36.199 INFO:teuthology.orchestra.run.smithi043.stdout:/usr/bin/ceph: stderr
2024-05-27T06:57:35.164+0000 7f94a0400700 1 -- 172.21.15.43:0/747399421 shutdown_connections
2024-05-27T06:57:36.199 INFO:teuthology.orchestra.run.smithi043.stdout:/usr/bin/ceph: stderr
2024-05-27T06:57:35.164+0000 7f94a0400700 1 --2- 172.21.15.43:0/747399421 >> [v2:172.21.15.43:3300/0,v1:172.21.15.43:6789/0] conn(0x7f9498109940 0x7f9498109d50 unknown :-1 s=CLOSED pgs=47 cs=0 l=1 rev1=1 crypto rx=0 tx=0 comp rx=0 tx=0).stop
2024-05-27T06:57:36.199 INFO:teuthology.orchestra.run.smithi043.stdout:/usr/bin/ceph: stderr
2024-05-27T06:57:35.164+0000 7f94a0400700 1 -- 172.21.15.43:0/747399421 >> 172.21.15.43:0/747399421 conn(0x7f9498105000 msgr2=0x7f9498107450 unknown :-1 s=STATE_NONE l=0).mark_down
2024-05-27T06:57:36.199 INFO:teuthology.orchestra.run.smithi043.stdout:/usr/bin/ceph: stderr
2024-05-27T06:57:35.164+0000 7f94a0400700 1 -- 172.21.15.43:0/747399421 shutdown_connections
2024-05-27T06:57:36.199 INFO:teuthology.orchestra.run.smithi043.stdout:/usr/bin/ceph: stderr
2024-05-27T06:57:35.164+0000 7f94a0400700 1 -- 172.21.15.43:0/747399421 wait complete.
2024-05-27T06:57:36.199 INFO:teuthology.orchestra.run.smithi043.stdout:/usr/bin/ceph: stderr
2024-05-27T06:57:35.166+0000 7f94a0400700 1 Processor -- start
2024-05-27T06:57:36.200 INFO:teuthology.orchestra.run.smithi043.stdout:/usr/bin/ceph: stderr
2024-05-27T06:57:35.166+0000 7f94a0400700 1 -- start start
2024-05-27T06:57:36.200 INFO:teuthology.orchestra.run.smithi043.stdout:/usr/bin/ceph: stderr
2024-05-27T06:57:35.166+0000 7f94a0400700 1 --2- >> [v2:172.21.15.43:3300/0,v1:172.21.15.43:6789/0] conn(0x7f9498109940 0x7f949819fe20 unknown :-1 s=NONE pgs=0 cs=0 l=1 rev1=0 crypto rx=0 tx=0 comp rx=0 tx=0).connect
2024-05-27T06:57:36.200 INFO:teuthology.orchestra.run.smithi043.stdout:/usr/bin/ceph: stderr
2024-05-27T06:57:35.166+0000 7f94a0400700 1 -- --> [v2:172.21.15.43:3300/0,v1:172.21.15.43:6789/0] -- mon_getmap magic: 0 -- 0x7f949807da90 con 0x7f9498109940
2024-05-27T06:57:36.200 INFO:teuthology.orchestra.run.smithi043.stdout:/usr/bin/ceph: stderr
2024-05-27T06:57:35.166+0000 7f949da00700 1 --2- >> [v2:172.21.15.43:3300/0,v1:172.21.15.43:6789/0] conn(0x7f9498109940 0x7f949819fe20 unknown :-1 s=BANNER_CONNECTING pgs=0 cs=0 l=1 rev1=0 crypto rx=0 tx=0 comp rx=0 tx=0)._handle_peer_banner_payload supported=3 required=0
2024-05-27T06:57:36.200 INFO:teuthology.orchestra.run.smithi043.stdout:/usr/bin/ceph: stderr
2024-05-27T06:57:35.167+0000 7f949da00700 1 --2- >> [v2:172.21.15.43:3300/0,v1:172.21.15.43:6789/0] conn(0x7f9498109940 0x7f949819fe20 unknown :-1 s=HELLO_CONNECTING pgs=0 cs=0 l=1 rev1=1 crypto rx=0 tx=0 comp rx=0 tx=0).handle_hello peer v2:172.21.15.43:3300/0 says I am v2:172.21.15.43:45754/0 (socket says 172.21.15.43:45754)
2024-05-27T06:57:36.200 INFO:teuthology.orchestra.run.smithi043.stdout:/usr/bin/ceph: stderr
2024-05-27T06:57:35.167+0000 7f949da00700 1 -- 172.21.15.43:0/2198699047 learned_addr learned my addr 172.21.15.43:0/2198699047 (peer_addr_for_me v2:172.21.15.43:0/0)
2024-05-27T06:57:36.200 INFO:teuthology.orchestra.run.smithi043.stdout:/usr/bin/ceph: stderr
2024-05-27T06:57:35.167+0000 7f949da00700 1 -- 172.21.15.43:0/2198699047 --> [v2:172.21.15.43:3300/0,v1:172.21.15.43:6789/0] -- mon_subscribe({config=0+,monmap=0+}) -- 0x7f94981a0360 con 0x7f9498109940
2024-05-27T06:57:36.200 INFO:teuthology.orchestra.run.smithi043.stdout:/usr/bin/ceph: stderr
2024-05-27T06:57:35.167+0000 7f949da00700 1 --2- 172.21.15.43:0/2198699047 >> [v2:172.21.15.43:3300/0,v1:172.21.15.43:6789/0] conn(0x7f9498109940 0x7f949819fe20 secure :-1 s=READY pgs=48 cs=0 l=1 rev1=1 crypto rx=0x7f948c006ba0 tx=0x7f948c011a60 comp rx=0 tx=0).ready entity=mon.0 client_cookie=0 server_cookie=0 in_seq=0 out_seq=0
2024-05-27T06:57:36.200 INFO:teuthology.orchestra.run.smithi043.stdout:/usr/bin/ceph: stderr
2024-05-27T06:57:35.168+0000 7f9496000700 1 -- 172.21.15.43:0/2198699047 <== mon.0 v2:172.21.15.43:3300/0 1 ==== mon_map magic: 0 ==== 205+0+0 (secure 0 0 0) 0x7f948c003970 con 0x7f9498109940
2024-05-27T06:57:36.200 INFO:teuthology.orchestra.run.smithi043.stdout:/usr/bin/ceph: stderr
2024-05-27T06:57:35.168+0000 7f9496000700 1 -- 172.21.15.43:0/2198699047 <== mon.0 v2:172.21.15.43:3300/0 2 ==== config(25 keys) ==== 1032+0+0 (secure 0 0 0) 0x7f948c003b10 con 0x7f9498109940
2024-05-27T06:57:36.200 INFO:teuthology.orchestra.run.smithi043.stdout:/usr/bin/ceph: stderr
2024-05-27T06:57:35.168+0000 7f94a0400700 1 -- 172.21.15.43:0/2198699047 --> [v2:172.21.15.43:3300/0,v1:172.21.15.43:6789/0] -- mon_subscribe({mgrmap=0+}) -- 0x7f94981a05f0 con 0x7f9498109940
2024-05-27T06:57:36.200 INFO:teuthology.orchestra.run.smithi043.stdout:/usr/bin/ceph: stderr
2024-05-27T06:57:35.168+0000 7f9496000700 1 -- 172.21.15.43:0/2198699047 <== mon.0 v2:172.21.15.43:3300/0 3 ==== mon_map magic: 0 ==== 205+0+0 (secure 0 0 0) 0x7f948c019550 con 0x7f9498109940
2024-05-27T06:57:36.200 INFO:teuthology.orchestra.run.smithi043.stdout:/usr/bin/ceph: stderr
2024-05-27T06:57:35.168+0000 7f94a0400700 1 -- 172.21.15.43:0/2198699047 --> [v2:172.21.15.43:3300/0,v1:172.21.15.43:6789/0] -- mon_subscribe({osdmap=0}) -- 0x7f94981a3200 con 0x7f9498109940
2024-05-27T06:57:36.200 INFO:teuthology.orchestra.run.smithi043.stdout:/usr/bin/ceph: stderr
2024-05-27T06:57:35.169+0000 7f94a0400700 1 -- 172.21.15.43:0/2198699047 --> [v2:172.21.15.43:3300/0,v1:172.21.15.43:6789/0] -- mon_command({"prefix": "get_command_descriptions"} v 0) -- 0x7f9498064e10 con 0x7f9498109940
2024-05-27T06:57:36.201 INFO:teuthology.orchestra.run.smithi043.stdout:/usr/bin/ceph: stderr
2024-05-27T06:57:35.170+0000 7f9496000700 1 -- 172.21.15.43:0/2198699047 <== mon.0 v2:172.21.15.43:3300/0 4 ==== mgrmap(e 8) ==== 50222+0+0 (secure 0 0 0) 0x7f948c01a430 con 0x7f9498109940
2024-05-27T06:57:36.201 INFO:teuthology.orchestra.run.smithi043.stdout:/usr/bin/ceph: stderr
2024-05-27T06:57:35.170+0000 7f9496000700 1 --2- 172.21.15.43:0/2198699047 >> [v2:172.21.15.43:6800/1651567761,v1:172.21.15.43:6801/1651567761] conn(0x7f948003e420 0x7f9480040930 unknown :-1 s=NONE pgs=0 cs=0 l=1 rev1=0 crypto rx=0 tx=0 comp rx=0 tx=0).connect
2024-05-27T06:57:36.201 INFO:teuthology.orchestra.run.smithi043.stdout:/usr/bin/ceph: stderr
2024-05-27T06:57:35.170+0000 7f9496000700 1 -- 172.21.15.43:0/2198699047 <== mon.0 v2:172.21.15.43:3300/0 5 ==== osd_map(2..2 src has 1..2) ==== 940+0+0 (secure 0 0 0) 0x7f948c053c80 con 0x7f9498109940
2024-05-27T06:57:36.201 INFO:teuthology.orchestra.run.smithi043.stdout:/usr/bin/ceph: stderr
2024-05-27T06:57:35.171+0000 7f949d000700 1 --2- 172.21.15.43:0/2198699047 >> [v2:172.21.15.43:6800/1651567761,v1:172.21.15.43:6801/1651567761] conn(0x7f948003e420 0x7f9480040930 unknown :-1 s=BANNER_CONNECTING pgs=0 cs=0 l=1 rev1=0 crypto rx=0 tx=0 comp rx=0 tx=0)._handle_peer_banner_payload supported=3 required=0
2024-05-27T06:57:36.201 INFO:teuthology.orchestra.run.smithi043.stdout:/usr/bin/ceph: stderr
2024-05-27T06:57:35.172+0000 7f949d000700 1 --2- 172.21.15.43:0/2198699047 >> [v2:172.21.15.43:6800/1651567761,v1:172.21.15.43:6801/1651567761] conn(0x7f948003e420 0x7f9480040930 secure :-1 s=READY pgs=12 cs=0 l=1 rev1=1 crypto rx=0x7f9484006fd0 tx=0x7f9484006e40 comp rx=0 tx=0).ready entity=mgr.14120 client_cookie=0 server_cookie=0 in_seq=0 out_seq=0
2024-05-27T06:57:36.201 INFO:teuthology.orchestra.run.smithi043.stdout:/usr/bin/ceph: stderr
2024-05-27T06:57:35.177+0000 7f9496000700 1 -- 172.21.15.43:0/2198699047 <== mon.0 v2:172.21.15.43:3300/0 6 ==== mon_command_ack([{"prefix": "get_command_descriptions"}]=0 v0) ==== 72+0+191963 (secure 0 0 0) 0x7f948c05a080 con 0x7f9498109940
2024-05-27T06:57:36.201 INFO:teuthology.orchestra.run.smithi043.stdout:/usr/bin/ceph: stderr
2024-05-27T06:57:35.435+0000 7f94a0400700 1 -- 172.21.15.43:0/2198699047 --> [v2:172.21.15.43:6800/1651567761,v1:172.21.15.43:6801/1651567761] -- mgr_command(tid 0: {"prefix": "orch apply", "service_type": "mon", "unmanaged": true, "target": ["mon-mgr", ""]}) -- 0x7f949802e950 con 0x7f948003e420
2024-05-27T06:57:36.201 INFO:teuthology.orchestra.run.smithi043.stdout:/usr/bin/ceph: stderr
2024-05-27T06:57:35.443+0000 7f9496000700 1 -- 172.21.15.43:0/2198699047 <== mgr.14120 v2:172.21.15.43:6800/1651567761 1 ==== mgr_command_reply(tid 0: 0 ) ==== 8+0+24 (secure 0 0 0) 0x7f949802e950 con 0x7f948003e420
2024-05-27T06:57:36.201 INFO:teuthology.orchestra.run.smithi043.stdout:/usr/bin/ceph: stderr
2024-05-27T06:57:35.447+0000 7f94a0400700 1 -- 172.21.15.43:0/2198699047 >> [v2:172.21.15.43:6800/1651567761,v1:172.21.15.43:6801/1651567761] conn(0x7f948003e420 msgr2=0x7f9480040930 secure :-1 s=STATE_CONNECTION_ESTABLISHED l=1).mark_down
2024-05-27T06:57:36.201 INFO:teuthology.orchestra.run.smithi043.stdout:/usr/bin/ceph: stderr
2024-05-27T06:57:35.447+0000 7f94a0400700 1 --2- 172.21.15.43:0/2198699047 >> [v2:172.21.15.43:6800/1651567761,v1:172.21.15.43:6801/1651567761] conn(0x7f948003e420 0x7f9480040930 secure :-1 s=READY pgs=12 cs=0 l=1 rev1=1 crypto rx=0x7f9484006fd0 tx=0x7f9484006e40 comp rx=0 tx=0).stop
2024-05-27T06:57:36.201 INFO:teuthology.orchestra.run.smithi043.stdout:/usr/bin/ceph: stderr
2024-05-27T06:57:35.447+0000 7f94a0400700 1 -- 172.21.15.43:0/2198699047 >> [v2:172.21.15.43:3300/0,v1:172.21.15.43:6789/0] conn(0x7f9498109940 msgr2=0x7f949819fe20 secure :-1 s=STATE_CONNECTION_ESTABLISHED l=1).mark_down
2024-05-27T06:57:36.201 INFO:teuthology.orchestra.run.smithi043.stdout:/usr/bin/ceph: stderr
2024-05-27T06:57:35.447+0000 7f94a0400700 1 --2- 172.21.15.43:0/2198699047 >> [v2:172.21.15.43:3300/0,v1:172.21.15.43:6789/0] conn(0x7f9498109940 0x7f949819fe20 secure :-1 s=READY pgs=48 cs=0 l=1 rev1=1 crypto rx=0x7f948c006ba0 tx=0x7f948c011a60 comp rx=0 tx=0).stop
2024-05-27T06:57:36.201 INFO:teuthology.orchestra.run.smithi043.stdout:/usr/bin/ceph: stderr
2024-05-27T06:57:35.447+0000 7f94a0400700 1 -- 172.21.15.43:0/2198699047 shutdown_connections
2024-05-27T06:57:36.201 INFO:teuthology.orchestra.run.smithi043.stdout:/usr/bin/ceph: stderr
2024-05-27T06:57:35.447+0000 7f94a0400700 1 --2- 172.21.15.43:0/2198699047 >> [v2:172.21.15.43:6800/1651567761,v1:172.21.15.43:6801/1651567761] conn(0x7f948003e420 0x7f9480040930 unknown :-1 s=CLOSED pgs=12 cs=0 l=1 rev1=1 crypto rx=0 tx=0 comp rx=0 tx=0).stop
2024-05-27T06:57:36.201 INFO:teuthology.orchestra.run.smithi043.stdout:/usr/bin/ceph: stderr
2024-05-27T06:57:35.447+0000 7f94a0400700 1 --2- 172.21.15.43:0/2198699047 >> [v2:172.21.15.43:3300/0,v1:172.21.15.43:6789/0] conn(0x7f9498109940 0x7f949819fe20 unknown :-1 s=CLOSED pgs=48 cs=0 l=1 rev1=1 crypto rx=0 tx=0 comp rx=0 tx=0).stop
2024-05-27T06:57:36.202 INFO:teuthology.orchestra.run.smithi043.stdout:/usr/bin/ceph: stderr
2024-05-27T06:57:35.447+0000 7f94a0400700 1 -- 172.21.15.43:0/2198699047 >> 172.21.15.43:0/2198699047 conn(0x7f9498105000 msgr2=0x7f9498105c50 unknown :-1 s=STATE_NONE l=0).mark_down
2024-05-27T06:57:36.202 INFO:teuthology.orchestra.run.smithi043.stdout:/usr/bin/ceph: stderr
2024-05-27T06:57:35.448+0000 7f94a0400700 1 -- 172.21.15.43:0/2198699047 shutdown_connections
2024-05-27T06:57:36.202 INFO:teuthology.orchestra.run.smithi043.stdout:/usr/bin/ceph: stderr
2024-05-27T06:57:35.448+0000 7f94a0400700 1 -- 172.21.15.43:0/2198699047 wait complete.
2024-05-27T06:57:36.202 INFO:teuthology.orchestra.run.smithi043.stdout:Deploying unmanaged mgr service...
2024-05-27T06:57:36.704 INFO:journalctl@ceph.mon.a.smithi043.stdout:May 27 06:57:36 smithi043 ceph-mon[31531]: from='client.14142 -' entity='client.admin' cmd=[{"prefix": "orch apply", "service_type": "mon", "unmanaged": true, "target": ["mon-mgr", ""]}]: dispatch
2024-05-27T06:57:36.704 INFO:journalctl@ceph.mon.a.smithi043.stdout:May 27 06:57:36 smithi043 ceph-mon[31531]: Saving service mon spec with placement count:5
2024-05-27T06:57:36.704 INFO:journalctl@ceph.mon.a.smithi043.stdout:May 27 06:57:36 smithi043 ceph-mon[31531]: from='mgr.14120 172.21.15.43:0/3437687080' entity='mgr.x'
2024-05-27T06:57:38.172 INFO:teuthology.orchestra.run.smithi043.stdout:/usr/bin/ceph: stdout Scheduled mgr update...
2024-05-27T06:57:38.172 INFO:teuthology.orchestra.run.smithi043.stdout:/usr/bin/ceph: stderr
2024-05-27T06:57:37.154+0000 7f0830a00700 1 Processor -- start
2024-05-27T06:57:38.172 INFO:teuthology.orchestra.run.smithi043.stdout:/usr/bin/ceph: stderr
2024-05-27T06:57:37.154+0000 7f0830a00700 1 -- start start
2024-05-27T06:57:38.172 INFO:teuthology.orchestra.run.smithi043.stdout:/usr/bin/ceph: stderr
2024-05-27T06:57:37.155+0000 7f0830a00700 1 --2- >> [v2:172.21.15.43:3300/0,v1:172.21.15.43:6789/0] conn(0x7f082c07f5e0 0x7f082c07dab0 unknown :-1 s=NONE pgs=0 cs=0 l=0 rev1=0 crypto rx=0 tx=0 comp rx=0 tx=0).connect
2024-05-27T06:57:38.172 INFO:teuthology.orchestra.run.smithi043.stdout:/usr/bin/ceph: stderr
2024-05-27T06:57:37.155+0000 7f0830a00700 1 -- --> [v2:172.21.15.43:3300/0,v1:172.21.15.43:6789/0] -- mon_getmap magic: 0 -- 0x7f082c07dff0 con 0x7f082c07f5e0
2024-05-27T06:57:38.172 INFO:teuthology.orchestra.run.smithi043.stdout:/usr/bin/ceph: stderr
2024-05-27T06:57:37.155+0000 7f0829e00700 1 --2- >> [v2:172.21.15.43:3300/0,v1:172.21.15.43:6789/0] conn(0x7f082c07f5e0 0x7f082c07dab0 unknown :-1 s=BANNER_CONNECTING pgs=0 cs=0 l=0 rev1=0 crypto rx=0 tx=0 comp rx=0 tx=0)._handle_peer_banner_payload supported=3 required=0
2024-05-27T06:57:38.172 INFO:teuthology.orchestra.run.smithi043.stdout:/usr/bin/ceph: stderr
2024-05-27T06:57:37.155+0000 7f0829e00700 1 --2- >> [v2:172.21.15.43:3300/0,v1:172.21.15.43:6789/0] conn(0x7f082c07f5e0 0x7f082c07dab0 unknown :-1 s=HELLO_CONNECTING pgs=0 cs=0 l=0 rev1=1 crypto rx=0 tx=0 comp rx=0 tx=0).handle_hello peer v2:172.21.15.43:3300/0 says I am v2:172.21.15.43:45768/0 (socket says 172.21.15.43:45768)
2024-05-27T06:57:38.173 INFO:teuthology.orchestra.run.smithi043.stdout:/usr/bin/ceph: stderr
2024-05-27T06:57:37.155+0000 7f0829e00700 1 -- 172.21.15.43:0/2371252527 learned_addr learned my addr 172.21.15.43:0/2371252527 (peer_addr_for_me v2:172.21.15.43:0/0)
2024-05-27T06:57:38.173 INFO:teuthology.orchestra.run.smithi043.stdout:/usr/bin/ceph: stderr
2024-05-27T06:57:37.156+0000 7f0829e00700 1 -- 172.21.15.43:0/2371252527 --> [v2:172.21.15.43:3300/0,v1:172.21.15.43:6789/0] -- mon_subscribe({config=0+,monmap=0+}) -- 0x7f082c07e170 con 0x7f082c07f5e0
2024-05-27T06:57:38.173 INFO:teuthology.orchestra.run.smithi043.stdout:/usr/bin/ceph: stderr
2024-05-27T06:57:37.156+0000 7f0829e00700 1 --2- 172.21.15.43:0/2371252527 >> [v2:172.21.15.43:3300/0,v1:172.21.15.43:6789/0] conn(0x7f082c07f5e0 0x7f082c07dab0 secure :-1 s=READY pgs=49 cs=0 l=1 rev1=1 crypto rx=0x7f081c0098a0 tx=0x7f081c009bb0 comp rx=0 tx=0).ready entity=mon.0 client_cookie=873ee814c8f3e9b2 server_cookie=0 in_seq=0 out_seq=0
2024-05-27T06:57:38.173 INFO:teuthology.orchestra.run.smithi043.stdout:/usr/bin/ceph: stderr
2024-05-27T06:57:37.156+0000 7f0828a00700 1 -- 172.21.15.43:0/2371252527 <== mon.0 v2:172.21.15.43:3300/0 1 ==== mon_map magic: 0 ==== 205+0+0 (secure 0 0 0) 0x7f081c004160 con 0x7f082c07f5e0
2024-05-27T06:57:38.173 INFO:teuthology.orchestra.run.smithi043.stdout:/usr/bin/ceph: stderr
2024-05-27T06:57:37.156+0000 7f0828a00700 1 -- 172.21.15.43:0/2371252527 <== mon.0 v2:172.21.15.43:3300/0 2 ==== config(25 keys) ==== 1032+0+0 (secure 0 0 0) 0x7f081c004300 con 0x7f082c07f5e0
2024-05-27T06:57:38.173 INFO:teuthology.orchestra.run.smithi043.stdout:/usr/bin/ceph: stderr
2024-05-27T06:57:37.157+0000 7f0828a00700 1 -- 172.21.15.43:0/2371252527 <== mon.0 v2:172.21.15.43:3300/0 3 ==== mon_map magic: 0 ==== 205+0+0 (secure 0 0 0) 0x7f081c0119e0 con 0x7f082c07f5e0
2024-05-27T06:57:38.173 INFO:teuthology.orchestra.run.smithi043.stdout:/usr/bin/ceph: stderr
2024-05-27T06:57:37.157+0000 7f0830a00700 1 -- 172.21.15.43:0/2371252527 >> [v2:172.21.15.43:3300/0,v1:172.21.15.43:6789/0] conn(0x7f082c07f5e0 msgr2=0x7f082c07dab0 secure :-1 s=STATE_CONNECTION_ESTABLISHED l=1).mark_down
2024-05-27T06:57:38.173 INFO:teuthology.orchestra.run.smithi043.stdout:/usr/bin/ceph: stderr
2024-05-27T06:57:37.157+0000 7f0830a00700 1 --2- 172.21.15.43:0/2371252527 >> [v2:172.21.15.43:3300/0,v1:172.21.15.43:6789/0] conn(0x7f082c07f5e0 0x7f082c07dab0 secure :-1 s=READY pgs=49 cs=0 l=1 rev1=1 crypto rx=0x7f081c0098a0 tx=0x7f081c009bb0 comp rx=0 tx=0).stop
2024-05-27T06:57:38.173 INFO:teuthology.orchestra.run.smithi043.stdout:/usr/bin/ceph: stderr
2024-05-27T06:57:37.157+0000 7f0830a00700 1 -- 172.21.15.43:0/2371252527 shutdown_connections
2024-05-27T06:57:38.173 INFO:teuthology.orchestra.run.smithi043.stdout:/usr/bin/ceph: stderr
2024-05-27T06:57:37.157+0000 7f0830a00700 1 --2- 172.21.15.43:0/2371252527 >> [v2:172.21.15.43:3300/0,v1:172.21.15.43:6789/0] conn(0x7f082c07f5e0 0x7f082c07dab0 unknown :-1 s=CLOSED pgs=49 cs=0 l=1 rev1=1 crypto rx=0 tx=0 comp rx=0 tx=0).stop
2024-05-27T06:57:38.173 INFO:teuthology.orchestra.run.smithi043.stdout:/usr/bin/ceph: stderr
2024-05-27T06:57:37.157+0000 7f0830a00700 1 -- 172.21.15.43:0/2371252527 >> 172.21.15.43:0/2371252527 conn(0x7f082c1050a0 msgr2=0x7f082c1074f0 unknown :-1 s=STATE_NONE l=0).mark_down
2024-05-27T06:57:38.173 INFO:teuthology.orchestra.run.smithi043.stdout:/usr/bin/ceph: stderr
2024-05-27T06:57:37.158+0000 7f0830a00700 1 -- 172.21.15.43:0/2371252527 shutdown_connections
2024-05-27T06:57:38.173 INFO:teuthology.orchestra.run.smithi043.stdout:/usr/bin/ceph: stderr
2024-05-27T06:57:37.158+0000 7f0830a00700 1 -- 172.21.15.43:0/2371252527 wait complete.
2024-05-27T06:57:38.174 INFO:teuthology.orchestra.run.smithi043.stdout:/usr/bin/ceph: stderr
2024-05-27T06:57:37.159+0000 7f0830a00700 1 Processor -- start
2024-05-27T06:57:38.174 INFO:teuthology.orchestra.run.smithi043.stdout:/usr/bin/ceph: stderr
2024-05-27T06:57:37.159+0000 7f0830a00700 1 -- start start
2024-05-27T06:57:38.174 INFO:teuthology.orchestra.run.smithi043.stdout:/usr/bin/ceph: stderr
2024-05-27T06:57:37.159+0000 7f0830a00700 1 --2- >> [v2:172.21.15.43:3300/0,v1:172.21.15.43:6789/0] conn(0x7f082c07f5e0 0x7f082c19fe30 unknown :-1 s=NONE pgs=0 cs=0 l=1 rev1=0 crypto rx=0 tx=0 comp rx=0 tx=0).connect
2024-05-27T06:57:38.174 INFO:teuthology.orchestra.run.smithi043.stdout:/usr/bin/ceph: stderr
2024-05-27T06:57:37.159+0000 7f0830a00700 1 -- --> [v2:172.21.15.43:3300/0,v1:172.21.15.43:6789/0] -- mon_getmap magic: 0 -- 0x7f082c10feb0 con 0x7f082c07f5e0
2024-05-27T06:57:38.174 INFO:teuthology.orchestra.run.smithi043.stdout:/usr/bin/ceph: stderr
2024-05-27T06:57:37.160+0000 7f0829e00700 1 --2- >> [v2:172.21.15.43:3300/0,v1:172.21.15.43:6789/0] conn(0x7f082c07f5e0 0x7f082c19fe30 unknown :-1 s=BANNER_CONNECTING pgs=0 cs=0 l=1 rev1=0 crypto rx=0 tx=0 comp rx=0 tx=0)._handle_peer_banner_payload supported=3 required=0
2024-05-27T06:57:38.174 INFO:teuthology.orchestra.run.smithi043.stdout:/usr/bin/ceph: stderr
2024-05-27T06:57:37.160+0000 7f0829e00700 1 --2- >> [v2:172.21.15.43:3300/0,v1:172.21.15.43:6789/0] conn(0x7f082c07f5e0 0x7f082c19fe30 unknown :-1 s=HELLO_CONNECTING pgs=0 cs=0 l=1 rev1=1 crypto rx=0 tx=0 comp rx=0 tx=0).handle_hello peer v2:172.21.15.43:3300/0 says I am v2:172.21.15.43:45780/0 (socket says 172.21.15.43:45780)
2024-05-27T06:57:38.174 INFO:teuthology.orchestra.run.smithi043.stdout:/usr/bin/ceph: stderr
2024-05-27T06:57:37.160+0000 7f0829e00700 1 -- 172.21.15.43:0/768720095 learned_addr learned my addr 172.21.15.43:0/768720095 (peer_addr_for_me v2:172.21.15.43:0/0)
2024-05-27T06:57:38.174 INFO:teuthology.orchestra.run.smithi043.stdout:/usr/bin/ceph: stderr
2024-05-27T06:57:37.160+0000 7f0829e00700 1 -- 172.21.15.43:0/768720095 --> [v2:172.21.15.43:3300/0,v1:172.21.15.43:6789/0] -- mon_subscribe({config=0+,monmap=0+}) -- 0x7f082c1a0370 con 0x7f082c07f5e0
2024-05-27T06:57:38.174 INFO:teuthology.orchestra.run.smithi043.stdout:/usr/bin/ceph: stderr
2024-05-27T06:57:37.160+0000 7f0829e00700 1 --2- 172.21.15.43:0/768720095 >> [v2:172.21.15.43:3300/0,v1:172.21.15.43:6789/0] conn(0x7f082c07f5e0 0x7f082c19fe30 secure :-1 s=READY pgs=50 cs=0 l=1 rev1=1 crypto rx=0x7f081c0116a0 tx=0x7f081c011a60 comp rx=0 tx=0).ready entity=mon.0 client_cookie=0 server_cookie=0 in_seq=0 out_seq=0
2024-05-27T06:57:38.174 INFO:teuthology.orchestra.run.smithi043.stdout:/usr/bin/ceph: stderr
2024-05-27T06:57:37.161+0000 7f0822a00700 1 -- 172.21.15.43:0/768720095 <== mon.0 v2:172.21.15.43:3300/0 1 ==== mon_map magic: 0 ==== 205+0+0 (secure 0 0 0) 0x7f081c003970 con 0x7f082c07f5e0
2024-05-27T06:57:38.174 INFO:teuthology.orchestra.run.smithi043.stdout:/usr/bin/ceph: stderr
2024-05-27T06:57:37.161+0000 7f0822a00700 1 -- 172.21.15.43:0/768720095 <== mon.0 v2:172.21.15.43:3300/0 2 ==== config(25 keys) ==== 1032+0+0 (secure 0 0 0) 0x7f081c003b10 con 0x7f082c07f5e0
2024-05-27T06:57:38.174 INFO:teuthology.orchestra.run.smithi043.stdout:/usr/bin/ceph: stderr
2024-05-27T06:57:37.161+0000 7f0822a00700 1 -- 172.21.15.43:0/768720095 <== mon.0 v2:172.21.15.43:3300/0 3 ==== mon_map magic: 0 ==== 205+0+0 (secure 0 0 0) 0x7f081c019550 con 0x7f082c07f5e0
2024-05-27T06:57:38.174 INFO:teuthology.orchestra.run.smithi043.stdout:/usr/bin/ceph: stderr
2024-05-27T06:57:37.161+0000 7f0830a00700 1 -- 172.21.15.43:0/768720095 --> [v2:172.21.15.43:3300/0,v1:172.21.15.43:6789/0] -- mon_subscribe({mgrmap=0+}) -- 0x7f082c1a0600 con 0x7f082c07f5e0
2024-05-27T06:57:38.175 INFO:teuthology.orchestra.run.smithi043.stdout:/usr/bin/ceph: stderr
2024-05-27T06:57:37.161+0000 7f0830a00700 1 -- 172.21.15.43:0/768720095 --> [v2:172.21.15.43:3300/0,v1:172.21.15.43:6789/0] -- mon_subscribe({osdmap=0}) -- 0x7f082c1a3210 con 0x7f082c07f5e0
2024-05-27T06:57:38.175 INFO:teuthology.orchestra.run.smithi043.stdout:/usr/bin/ceph: stderr
2024-05-27T06:57:37.162+0000 7f0830a00700 1 -- 172.21.15.43:0/768720095 --> [v2:172.21.15.43:3300/0,v1:172.21.15.43:6789/0] -- mon_command({"prefix": "get_command_descriptions"} v 0) -- 0x7f082c064e10 con 0x7f082c07f5e0
2024-05-27T06:57:38.175 INFO:teuthology.orchestra.run.smithi043.stdout:/usr/bin/ceph: stderr
2024-05-27T06:57:37.162+0000 7f0822a00700 1 -- 172.21.15.43:0/768720095 <== mon.0 v2:172.21.15.43:3300/0 4 ==== mgrmap(e 8) ==== 50222+0+0 (secure 0 0 0) 0x7f081c01a430 con 0x7f082c07f5e0
2024-05-27T06:57:38.175 INFO:teuthology.orchestra.run.smithi043.stdout:/usr/bin/ceph: stderr
2024-05-27T06:57:37.163+0000 7f0822a00700 1 --2- 172.21.15.43:0/768720095 >> [v2:172.21.15.43:6800/1651567761,v1:172.21.15.43:6801/1651567761] conn(0x7f081003e4c0 0x7f08100409d0 unknown :-1 s=NONE pgs=0 cs=0 l=1 rev1=0 crypto rx=0 tx=0 comp rx=0 tx=0).connect
2024-05-27T06:57:38.175 INFO:teuthology.orchestra.run.smithi043.stdout:/usr/bin/ceph: stderr
2024-05-27T06:57:37.163+0000 7f0822a00700 1 -- 172.21.15.43:0/768720095 <== mon.0 v2:172.21.15.43:3300/0 5 ==== osd_map(2..2 src has 1..2) ==== 940+0+0 (secure 0 0 0) 0x7f081c0538c0 con 0x7f082c07f5e0
2024-05-27T06:57:38.175 INFO:teuthology.orchestra.run.smithi043.stdout:/usr/bin/ceph: stderr
2024-05-27T06:57:37.163+0000 7f0829400700 1 --2- 172.21.15.43:0/768720095 >> [v2:172.21.15.43:6800/1651567761,v1:172.21.15.43:6801/1651567761] conn(0x7f081003e4c0 0x7f08100409d0 unknown :-1 s=BANNER_CONNECTING pgs=0 cs=0 l=1 rev1=0 crypto rx=0 tx=0 comp rx=0 tx=0)._handle_peer_banner_payload supported=3 required=0
2024-05-27T06:57:38.175 INFO:teuthology.orchestra.run.smithi043.stdout:/usr/bin/ceph: stderr
2024-05-27T06:57:37.164+0000 7f0829400700 1 --2- 172.21.15.43:0/768720095 >> [v2:172.21.15.43:6800/1651567761,v1:172.21.15.43:6801/1651567761] conn(0x7f081003e4c0 0x7f08100409d0 secure :-1 s=READY pgs=13 cs=0 l=1 rev1=1 crypto rx=0x7f0818006fd0 tx=0x7f0818006e40 comp rx=0 tx=0).ready entity=mgr.14120 client_cookie=0 server_cookie=0 in_seq=0 out_seq=0
2024-05-27T06:57:38.175 INFO:teuthology.orchestra.run.smithi043.stdout:/usr/bin/ceph: stderr
2024-05-27T06:57:37.169+0000 7f0822a00700 1 -- 172.21.15.43:0/768720095 <== mon.0 v2:172.21.15.43:3300/0 6 ==== mon_command_ack([{"prefix": "get_command_descriptions"}]=0 v0) ==== 72+0+191963 (secure 0 0 0) 0x7f081c02a260 con 0x7f082c07f5e0
2024-05-27T06:57:38.175 INFO:teuthology.orchestra.run.smithi043.stdout:/usr/bin/ceph: stderr
2024-05-27T06:57:37.425+0000 7f0830a00700 1 -- 172.21.15.43:0/768720095 --> [v2:172.21.15.43:6800/1651567761,v1:172.21.15.43:6801/1651567761] -- mgr_command(tid 0: {"prefix": "orch apply", "service_type": "mgr", "unmanaged": true, "target": ["mon-mgr", ""]}) -- 0x7f082c106060 con 0x7f081003e4c0
2024-05-27T06:57:38.175 INFO:teuthology.orchestra.run.smithi043.stdout:/usr/bin/ceph: stderr
2024-05-27T06:57:37.437+0000 7f0822a00700 1 -- 172.21.15.43:0/768720095 <== mgr.14120 v2:172.21.15.43:6800/1651567761 1 ==== mgr_command_reply(tid 0: 0 ) ==== 8+0+24 (secure 0 0 0) 0x7f082c106060 con 0x7f081003e4c0
2024-05-27T06:57:38.175 INFO:teuthology.orchestra.run.smithi043.stdout:/usr/bin/ceph: stderr
2024-05-27T06:57:37.440+0000 7f0830a00700 1 -- 172.21.15.43:0/768720095 >> [v2:172.21.15.43:6800/1651567761,v1:172.21.15.43:6801/1651567761] conn(0x7f081003e4c0 msgr2=0x7f08100409d0 secure :-1 s=STATE_CONNECTION_ESTABLISHED l=1).mark_down
2024-05-27T06:57:38.175 INFO:teuthology.orchestra.run.smithi043.stdout:/usr/bin/ceph: stderr
2024-05-27T06:57:37.440+0000 7f0830a00700 1 --2- 172.21.15.43:0/768720095 >> [v2:172.21.15.43:6800/1651567761,v1:172.21.15.43:6801/1651567761] conn(0x7f081003e4c0 0x7f08100409d0 secure :-1 s=READY pgs=13 cs=0 l=1 rev1=1 crypto rx=0x7f0818006fd0 tx=0x7f0818006e40 comp rx=0 tx=0).stop
2024-05-27T06:57:38.175 INFO:teuthology.orchestra.run.smithi043.stdout:/usr/bin/ceph: stderr
2024-05-27T06:57:37.440+0000 7f0830a00700 1 -- 172.21.15.43:0/768720095 >> [v2:172.21.15.43:3300/0,v1:172.21.15.43:6789/0] conn(0x7f082c07f5e0 msgr2=0x7f082c19fe30 secure :-1 s=STATE_CONNECTION_ESTABLISHED l=1).mark_down
2024-05-27T06:57:38.176 INFO:teuthology.orchestra.run.smithi043.stdout:/usr/bin/ceph: stderr
2024-05-27T06:57:37.440+0000 7f0830a00700 1 --2- 172.21.15.43:0/768720095 >> [v2:172.21.15.43:3300/0,v1:172.21.15.43:6789/0] conn(0x7f082c07f5e0 0x7f082c19fe30 secure :-1 s=READY pgs=50 cs=0 l=1 rev1=1 crypto rx=0x7f081c0116a0 tx=0x7f081c011a60 comp rx=0 tx=0).stop
2024-05-27T06:57:38.176 INFO:teuthology.orchestra.run.smithi043.stdout:/usr/bin/ceph: stderr
2024-05-27T06:57:37.440+0000 7f0830a00700 1 -- 172.21.15.43:0/768720095 shutdown_connections
2024-05-27T06:57:38.176 INFO:teuthology.orchestra.run.smithi043.stdout:/usr/bin/ceph: stderr
2024-05-27T06:57:37.440+0000 7f0830a00700 1 --2- 172.21.15.43:0/768720095 >> [v2:172.21.15.43:6800/1651567761,v1:172.21.15.43:6801/1651567761] conn(0x7f081003e4c0 0x7f08100409d0 unknown :-1 s=CLOSED pgs=13 cs=0 l=1 rev1=1 crypto rx=0 tx=0 comp rx=0 tx=0).stop
2024-05-27T06:57:38.176 INFO:teuthology.orchestra.run.smithi043.stdout:/usr/bin/ceph: stderr
2024-05-27T06:57:37.440+0000 7f0830a00700 1 --2- 172.21.15.43:0/768720095 >> [v2:172.21.15.43:3300/0,v1:172.21.15.43:6789/0] conn(0x7f082c07f5e0 0x7f082c19fe30 unknown :-1 s=CLOSED pgs=50 cs=0 l=1 rev1=1 crypto rx=0 tx=0 comp rx=0 tx=0).stop
2024-05-27T06:57:38.176 INFO:teuthology.orchestra.run.smithi043.stdout:/usr/bin/ceph: stderr
2024-05-27T06:57:37.440+0000 7f0830a00700 1 -- 172.21.15.43:0/768720095 >> 172.21.15.43:0/768720095 conn(0x7f082c1050a0 msgr2=0x7f082c105950 unknown :-1 s=STATE_NONE l=0).mark_down
2024-05-27T06:57:38.176 INFO:teuthology.orchestra.run.smithi043.stdout:/usr/bin/ceph: stderr
2024-05-27T06:57:37.440+0000 7f0830a00700 1 -- 172.21.15.43:0/768720095 shutdown_connections
2024-05-27T06:57:38.176 INFO:teuthology.orchestra.run.smithi043.stdout:/usr/bin/ceph: stderr
2024-05-27T06:57:37.440+0000 7f0830a00700 1 -- 172.21.15.43:0/768720095 wait complete.
2024-05-27T06:57:38.704 INFO:journalctl@ceph.mon.a.smithi043.stdout:May 27 06:57:38 smithi043 ceph-mon[31531]: from='client.14144 -' entity='client.admin' cmd=[{"prefix": "orch apply", "service_type": "mgr", "unmanaged": true, "target": ["mon-mgr", ""]}]: dispatch
2024-05-27T06:57:38.704 INFO:journalctl@ceph.mon.a.smithi043.stdout:May 27 06:57:38 smithi043 ceph-mon[31531]: Saving service mgr spec with placement count:2
2024-05-27T06:57:38.704 INFO:journalctl@ceph.mon.a.smithi043.stdout:May 27 06:57:38 smithi043 ceph-mon[31531]: from='mgr.14120 172.21.15.43:0/3437687080' entity='mgr.x'
2024-05-27T06:57:38.704 INFO:journalctl@ceph.mon.a.smithi043.stdout:May 27 06:57:38 smithi043 ceph-mon[31531]: from='mgr.14120 172.21.15.43:0/3437687080' entity='mgr.x'
2024-05-27T06:57:39.704 INFO:journalctl@ceph.mon.a.smithi043.stdout:May 27 06:57:39 smithi043 ceph-mon[31531]: pgmap v3: 0 pgs: ; 0 B data, 0 B used, 0 B / 0 B avail
2024-05-27T06:57:39.704 INFO:journalctl@ceph.mon.a.smithi043.stdout:May 27 06:57:39 smithi043 ceph-mon[31531]: from='mgr.14120 172.21.15.43:0/3437687080' entity='mgr.x'
2024-05-27T06:57:39.704 INFO:journalctl@ceph.mon.a.smithi043.stdout:May 27 06:57:39 smithi043 ceph-mon[31531]: from='client.? 172.21.15.43:0/2004091421' entity='client.admin'
2024-05-27T06:57:39.748 INFO:teuthology.orchestra.run.smithi043.stdout:/usr/bin/ceph: stderr
2024-05-27T06:57:38.809+0000 7f645ce00700 1 Processor -- start
2024-05-27T06:57:39.748 INFO:teuthology.orchestra.run.smithi043.stdout:/usr/bin/ceph: stderr
2024-05-27T06:57:38.809+0000 7f645ce00700 1 -- start start
2024-05-27T06:57:39.748 INFO:teuthology.orchestra.run.smithi043.stdout:/usr/bin/ceph: stderr
2024-05-27T06:57:38.809+0000 7f645ce00700 1 --2- >> [v2:172.21.15.43:3300/0,v1:172.21.15.43:6789/0] conn(0x7f645807ecf0 0x7f645807d1c0 unknown :-1 s=NONE pgs=0 cs=0 l=0 rev1=0 crypto rx=0 tx=0 comp rx=0 tx=0).connect
2024-05-27T06:57:39.748 INFO:teuthology.orchestra.run.smithi043.stdout:/usr/bin/ceph: stderr
2024-05-27T06:57:38.809+0000 7f645ce00700 1 -- --> [v2:172.21.15.43:3300/0,v1:172.21.15.43:6789/0] -- mon_getmap magic: 0 -- 0x7f645807d700 con 0x7f645807ecf0
2024-05-27T06:57:39.748 INFO:teuthology.orchestra.run.smithi043.stdout:/usr/bin/ceph: stderr
2024-05-27T06:57:38.810+0000 7f6455e00700 1 --2- >> [v2:172.21.15.43:3300/0,v1:172.21.15.43:6789/0] conn(0x7f645807ecf0 0x7f645807d1c0 unknown :-1 s=BANNER_CONNECTING pgs=0 cs=0 l=0 rev1=0 crypto rx=0 tx=0 comp rx=0 tx=0)._handle_peer_banner_payload supported=3 required=0
2024-05-27T06:57:39.748 INFO:teuthology.orchestra.run.smithi043.stdout:/usr/bin/ceph: stderr
2024-05-27T06:57:38.810+0000 7f6455e00700 1 --2- >> [v2:172.21.15.43:3300/0,v1:172.21.15.43:6789/0] conn(0x7f645807ecf0 0x7f645807d1c0 unknown :-1 s=HELLO_CONNECTING pgs=0 cs=0 l=0 rev1=1 crypto rx=0 tx=0 comp rx=0 tx=0).handle_hello peer v2:172.21.15.43:3300/0 says I am v2:172.21.15.43:45792/0 (socket says 172.21.15.43:45792)
2024-05-27T06:57:39.748 INFO:teuthology.orchestra.run.smithi043.stdout:/usr/bin/ceph: stderr
2024-05-27T06:57:38.810+0000 7f6455e00700 1 -- 172.21.15.43:0/819085519 learned_addr learned my addr 172.21.15.43:0/819085519 (peer_addr_for_me v2:172.21.15.43:0/0)
2024-05-27T06:57:39.748 INFO:teuthology.orchestra.run.smithi043.stdout:/usr/bin/ceph: stderr
2024-05-27T06:57:38.810+0000 7f6455e00700 1 -- 172.21.15.43:0/819085519 --> [v2:172.21.15.43:3300/0,v1:172.21.15.43:6789/0] -- mon_subscribe({config=0+,monmap=0+}) -- 0x7f645807d880 con 0x7f645807ecf0
2024-05-27T06:57:39.748 INFO:teuthology.orchestra.run.smithi043.stdout:/usr/bin/ceph: stderr
2024-05-27T06:57:38.811+0000 7f6455e00700 1 --2- 172.21.15.43:0/819085519 >> [v2:172.21.15.43:3300/0,v1:172.21.15.43:6789/0] conn(0x7f645807ecf0 0x7f645807d1c0 secure :-1 s=READY pgs=51 cs=0 l=1 rev1=1 crypto rx=0x7f64480098a0 tx=0x7f6448009bb0 comp rx=0 tx=0).ready entity=mon.0 client_cookie=8ee1143a7a6c2683 server_cookie=0 in_seq=0 out_seq=0
2024-05-27T06:57:39.749 INFO:teuthology.orchestra.run.smithi043.stdout:/usr/bin/ceph: stderr
2024-05-27T06:57:38.811+0000 7f6454a00700 1 -- 172.21.15.43:0/819085519 <== mon.0 v2:172.21.15.43:3300/0 1 ==== mon_map magic: 0 ==== 205+0+0 (secure 0 0 0) 0x7f6448004160 con 0x7f645807ecf0
2024-05-27T06:57:39.749 INFO:teuthology.orchestra.run.smithi043.stdout:/usr/bin/ceph: stderr
2024-05-27T06:57:38.811+0000 7f6454a00700 1 -- 172.21.15.43:0/819085519 <== mon.0 v2:172.21.15.43:3300/0 2 ==== config(25 keys) ==== 1063+0+0 (secure 0 0 0) 0x7f6448004300 con 0x7f645807ecf0
2024-05-27T06:57:39.752 INFO:teuthology.orchestra.run.smithi043.stdout:/usr/bin/ceph: stderr
2024-05-27T06:57:38.811+0000 7f6454a00700 1 -- 172.21.15.43:0/819085519 <== mon.0 v2:172.21.15.43:3300/0 3 ==== mon_map magic: 0 ==== 205+0+0 (secure 0 0 0) 0x7f6448011960 con 0x7f645807ecf0
2024-05-27T06:57:39.752 INFO:teuthology.orchestra.run.smithi043.stdout:/usr/bin/ceph: stderr
2024-05-27T06:57:38.812+0000 7f645ce00700 1 -- 172.21.15.43:0/819085519 >> [v2:172.21.15.43:3300/0,v1:172.21.15.43:6789/0] conn(0x7f645807ecf0 msgr2=0x7f645807d1c0 secure :-1 s=STATE_CONNECTION_ESTABLISHED l=1).mark_down
2024-05-27T06:57:39.752 INFO:teuthology.orchestra.run.smithi043.stdout:/usr/bin/ceph: stderr
2024-05-27T06:57:38.812+0000 7f645ce00700 1 --2- 172.21.15.43:0/819085519 >> [v2:172.21.15.43:3300/0,v1:172.21.15.43:6789/0] conn(0x7f645807ecf0 0x7f645807d1c0 secure :-1 s=READY pgs=51 cs=0 l=1 rev1=1 crypto rx=0x7f64480098a0 tx=0x7f6448009bb0 comp rx=0 tx=0).stop
2024-05-27T06:57:39.753 INFO:teuthology.orchestra.run.smithi043.stdout:/usr/bin/ceph: stderr
2024-05-27T06:57:38.812+0000 7f645ce00700 1 -- 172.21.15.43:0/819085519 shutdown_connections
2024-05-27T06:57:39.753 INFO:teuthology.orchestra.run.smithi043.stdout:/usr/bin/ceph: stderr
2024-05-27T06:57:38.812+0000 7f645ce00700 1 --2- 172.21.15.43:0/819085519 >> [v2:172.21.15.43:3300/0,v1:172.21.15.43:6789/0] conn(0x7f645807ecf0 0x7f645807d1c0 unknown :-1 s=CLOSED pgs=51 cs=0 l=1 rev1=1 crypto rx=0 tx=0 comp rx=0 tx=0).stop
