2024-05-27T06:57:45.090 INFO:teuthology.orchestra.run.smithi043.stdout:/usr/bin/ceph: stderr
2024-05-27T06:57:44.086+0000 7fa8d5e00700 1 --2- 172.21.15.43:0/652606336 >> [v2:172.21.15.43:3300/0,v1:172.21.15.43:6789/0] conn(0x7fa8d01098a0 0x7fa8d0109cb0 unknown :-1 s=CLOSED pgs=59 cs=0 l=1 rev1=1 crypto rx=0 tx=0 comp rx=0 tx=0).stop
2024-05-27T06:57:45.090 INFO:teuthology.orchestra.run.smithi043.stdout:/usr/bin/ceph: stderr
2024-05-27T06:57:44.086+0000 7fa8d5e00700 1 -- 172.21.15.43:0/652606336 >> 172.21.15.43:0/652606336 conn(0x7fa8d0104f00 msgr2=0x7fa8d0107390 unknown :-1 s=STATE_NONE l=0).mark_down
2024-05-27T06:57:45.090 INFO:teuthology.orchestra.run.smithi043.stdout:/usr/bin/ceph: stderr
2024-05-27T06:57:44.086+0000 7fa8d5e00700 1 -- 172.21.15.43:0/652606336 shutdown_connections
2024-05-27T06:57:45.090 INFO:teuthology.orchestra.run.smithi043.stdout:/usr/bin/ceph: stderr
2024-05-27T06:57:44.086+0000 7fa8d5e00700 1 -- 172.21.15.43:0/652606336 wait complete.
2024-05-27T06:57:45.090 INFO:teuthology.orchestra.run.smithi043.stdout:/usr/bin/ceph: stderr
2024-05-27T06:57:44.087+0000 7fa8d5e00700 1 Processor -- start
2024-05-27T06:57:45.090 INFO:teuthology.orchestra.run.smithi043.stdout:/usr/bin/ceph: stderr
2024-05-27T06:57:44.087+0000 7fa8d5e00700 1 -- start start
2024-05-27T06:57:45.090 INFO:teuthology.orchestra.run.smithi043.stdout:/usr/bin/ceph: stderr
2024-05-27T06:57:44.088+0000 7fa8d5e00700 1 --2- >> [v2:172.21.15.43:3300/0,v1:172.21.15.43:6789/0] conn(0x7fa8d01098a0 0x7fa8d019fd00 unknown :-1 s=NONE pgs=0 cs=0 l=1 rev1=0 crypto rx=0 tx=0 comp rx=0 tx=0).connect
2024-05-27T06:57:45.090 INFO:teuthology.orchestra.run.smithi043.stdout:/usr/bin/ceph: stderr
2024-05-27T06:57:44.088+0000 7fa8d5e00700 1 -- --> [v2:172.21.15.43:3300/0,v1:172.21.15.43:6789/0] -- mon_getmap magic: 0 -- 0x7fa8d010dd80 con 0x7fa8d01098a0
2024-05-27T06:57:45.090 INFO:teuthology.orchestra.run.smithi043.stdout:/usr/bin/ceph: stderr
2024-05-27T06:57:44.088+0000 7fa8d4a00700 1 --2- >> [v2:172.21.15.43:3300/0,v1:172.21.15.43:6789/0] conn(0x7fa8d01098a0 0x7fa8d019fd00 unknown :-1 s=BANNER_CONNECTING pgs=0 cs=0 l=1 rev1=0 crypto rx=0 tx=0 comp rx=0 tx=0)._handle_peer_banner_payload supported=3 required=0
2024-05-27T06:57:45.093 INFO:teuthology.orchestra.run.smithi043.stdout:/usr/bin/ceph: stderr
2024-05-27T06:57:44.088+0000 7fa8d4a00700 1 --2- >> [v2:172.21.15.43:3300/0,v1:172.21.15.43:6789/0] conn(0x7fa8d01098a0 0x7fa8d019fd00 unknown :-1 s=HELLO_CONNECTING pgs=0 cs=0 l=1 rev1=1 crypto rx=0 tx=0 comp rx=0 tx=0).handle_hello peer v2:172.21.15.43:3300/0 says I am v2:172.21.15.43:45888/0 (socket says 172.21.15.43:45888)
2024-05-27T06:57:45.093 INFO:teuthology.orchestra.run.smithi043.stdout:/usr/bin/ceph: stderr
2024-05-27T06:57:44.088+0000 7fa8d4a00700 1 -- 172.21.15.43:0/3200959361 learned_addr learned my addr 172.21.15.43:0/3200959361 (peer_addr_for_me v2:172.21.15.43:0/0)
2024-05-27T06:57:45.094 INFO:teuthology.orchestra.run.smithi043.stdout:/usr/bin/ceph: stderr
2024-05-27T06:57:44.088+0000 7fa8d4a00700 1 -- 172.21.15.43:0/3200959361 --> [v2:172.21.15.43:3300/0,v1:172.21.15.43:6789/0] -- mon_subscribe({config=0+,monmap=0+}) -- 0x7fa8d01a0240 con 0x7fa8d01098a0
2024-05-27T06:57:45.094 INFO:teuthology.orchestra.run.smithi043.stdout:/usr/bin/ceph: stderr
2024-05-27T06:57:44.089+0000 7fa8d4a00700 1 --2- 172.21.15.43:0/3200959361 >> [v2:172.21.15.43:3300/0,v1:172.21.15.43:6789/0] conn(0x7fa8d01098a0 0x7fa8d019fd00 secure :-1 s=READY pgs=60 cs=0 l=1 rev1=1 crypto rx=0x7fa8c4011980 tx=0x7fa8c4011a60 comp rx=0 tx=0).ready entity=mon.0 client_cookie=0 server_cookie=0 in_seq=0 out_seq=0
2024-05-27T06:57:45.094 INFO:teuthology.orchestra.run.smithi043.stdout:/usr/bin/ceph: stderr
2024-05-27T06:57:44.089+0000 7fa8cd600700 1 -- 172.21.15.43:0/3200959361 <== mon.0 v2:172.21.15.43:3300/0 1 ==== mon_map magic: 0 ==== 205+0+0 (secure 0 0 0) 0x7fa8c401f070 con 0x7fa8d01098a0
2024-05-27T06:57:45.094 INFO:teuthology.orchestra.run.smithi043.stdout:/usr/bin/ceph: stderr
2024-05-27T06:57:44.089+0000 7fa8cd600700 1 -- 172.21.15.43:0/3200959361 <== mon.0 v2:172.21.15.43:3300/0 2 ==== config(25 keys) ==== 1063+0+0 (secure 0 0 0) 0x7fa8c4003aa0 con 0x7fa8d01098a0
2024-05-27T06:57:45.094 INFO:teuthology.orchestra.run.smithi043.stdout:/usr/bin/ceph: stderr
2024-05-27T06:57:44.089+0000 7fa8d5e00700 1 -- 172.21.15.43:0/3200959361 --> [v2:172.21.15.43:3300/0,v1:172.21.15.43:6789/0] -- mon_subscribe({mgrmap=0+}) -- 0x7fa8d01a04d0 con 0x7fa8d01098a0
2024-05-27T06:57:45.094 INFO:teuthology.orchestra.run.smithi043.stdout:/usr/bin/ceph: stderr
2024-05-27T06:57:44.089+0000 7fa8cd600700 1 -- 172.21.15.43:0/3200959361 <== mon.0 v2:172.21.15.43:3300/0 3 ==== mon_map magic: 0 ==== 205+0+0 (secure 0 0 0) 0x7fa8c4019560 con 0x7fa8d01098a0
2024-05-27T06:57:45.094 INFO:teuthology.orchestra.run.smithi043.stdout:/usr/bin/ceph: stderr
2024-05-27T06:57:44.089+0000 7fa8d5e00700 1 -- 172.21.15.43:0/3200959361 --> [v2:172.21.15.43:3300/0,v1:172.21.15.43:6789/0] -- mon_subscribe({osdmap=0}) -- 0x7fa8d01a30e0 con 0x7fa8d01098a0
2024-05-27T06:57:45.094 INFO:teuthology.orchestra.run.smithi043.stdout:/usr/bin/ceph: stderr
2024-05-27T06:57:44.091+0000 7fa8cd600700 1 -- 172.21.15.43:0/3200959361 <== mon.0 v2:172.21.15.43:3300/0 4 ==== mgrmap(e 9) ==== 50235+0+0 (secure 0 0 0) 0x7fa8c4022070 con 0x7fa8d01098a0
2024-05-27T06:57:45.094 INFO:teuthology.orchestra.run.smithi043.stdout:/usr/bin/ceph: stderr
2024-05-27T06:57:44.091+0000 7fa8d5e00700 1 -- 172.21.15.43:0/3200959361 --> [v2:172.21.15.43:3300/0,v1:172.21.15.43:6789/0] -- mon_command({"prefix": "get_command_descriptions"} v 0) -- 0x7fa8d0064e10 con 0x7fa8d01098a0
2024-05-27T06:57:45.094 INFO:teuthology.orchestra.run.smithi043.stdout:/usr/bin/ceph: stderr
2024-05-27T06:57:44.091+0000 7fa8cd600700 1 --2- 172.21.15.43:0/3200959361 >> [v2:172.21.15.43:6800/1651567761,v1:172.21.15.43:6801/1651567761] conn(0x7fa8b803e4c0 0x7fa8b80409d0 unknown :-1 s=NONE pgs=0 cs=0 l=1 rev1=0 crypto rx=0 tx=0 comp rx=0 tx=0).connect
2024-05-27T06:57:45.094 INFO:teuthology.orchestra.run.smithi043.stdout:/usr/bin/ceph: stderr
2024-05-27T06:57:44.091+0000 7fa8cd600700 1 -- 172.21.15.43:0/3200959361 <== mon.0 v2:172.21.15.43:3300/0 5 ==== osd_map(2..2 src has 1..2) ==== 940+0+0 (secure 0 0 0) 0x7fa8c4053970 con 0x7fa8d01098a0
2024-05-27T06:57:45.094 INFO:teuthology.orchestra.run.smithi043.stdout:/usr/bin/ceph: stderr
2024-05-27T06:57:44.091+0000 7fa8cfe00700 1 -- 172.21.15.43:0/3200959361 >> [v2:172.21.15.43:6800/1651567761,v1:172.21.15.43:6801/1651567761] conn(0x7fa8b803e4c0 msgr2=0x7fa8b80409d0 unknown :-1 s=STATE_CONNECTING_RE l=1).process reconnect failed to v2:172.21.15.43:6800/1651567761
2024-05-27T06:57:45.094 INFO:teuthology.orchestra.run.smithi043.stdout:/usr/bin/ceph: stderr
2024-05-27T06:57:44.091+0000 7fa8cfe00700 1 --2- 172.21.15.43:0/3200959361 >> [v2:172.21.15.43:6800/1651567761,v1:172.21.15.43:6801/1651567761] conn(0x7fa8b803e4c0 0x7fa8b80409d0 unknown :-1 s=START_CONNECT pgs=0 cs=0 l=1 rev1=0 crypto rx=0 tx=0 comp rx=0 tx=0)._fault waiting 0.200000
2024-05-27T06:57:45.095 INFO:teuthology.orchestra.run.smithi043.stdout:/usr/bin/ceph: stderr
2024-05-27T06:57:44.097+0000 7fa8cd600700 1 -- 172.21.15.43:0/3200959361 <== mon.0 v2:172.21.15.43:3300/0 6 ==== mon_command_ack([{"prefix": "get_command_descriptions"}]=0 v0) ==== 72+0+191963 (secure 0 0 0) 0x7fa8c4023d60 con 0x7fa8d01098a0
2024-05-27T06:57:45.095 INFO:teuthology.orchestra.run.smithi043.stdout:/usr/bin/ceph: stderr
2024-05-27T06:57:44.292+0000 7fa8cfe00700 1 -- 172.21.15.43:0/3200959361 >> [v2:172.21.15.43:6800/1651567761,v1:172.21.15.43:6801/1651567761] conn(0x7fa8b803e4c0 msgr2=0x7fa8b80409d0 unknown :-1 s=STATE_CONNECTING_RE l=1).process reconnect failed to v2:172.21.15.43:6800/1651567761
2024-05-27T06:57:45.095 INFO:teuthology.orchestra.run.smithi043.stdout:/usr/bin/ceph: stderr
2024-05-27T06:57:44.292+0000 7fa8cfe00700 1 --2- 172.21.15.43:0/3200959361 >> [v2:172.21.15.43:6800/1651567761,v1:172.21.15.43:6801/1651567761] conn(0x7fa8b803e4c0 0x7fa8b80409d0 unknown :-1 s=START_CONNECT pgs=0 cs=0 l=1 rev1=0 crypto rx=0 tx=0 comp rx=0 tx=0)._fault waiting 0.400000
2024-05-27T06:57:45.095 INFO:teuthology.orchestra.run.smithi043.stdout:/usr/bin/ceph: stderr
2024-05-27T06:57:44.413+0000 7fa8d5e00700 1 -- 172.21.15.43:0/3200959361 --> [v2:172.21.15.43:3300/0,v1:172.21.15.43:6789/0] -- mon_command({"prefix": "mgr stat"} v 0) -- 0x7fa8d01a36e0 con 0x7fa8d01098a0
2024-05-27T06:57:45.095 INFO:teuthology.orchestra.run.smithi043.stdout:/usr/bin/ceph: stderr
2024-05-27T06:57:44.414+0000 7fa8cd600700 1 -- 172.21.15.43:0/3200959361 <== mon.0 v2:172.21.15.43:3300/0 7 ==== mon_command_ack([{"prefix": "mgr stat"}]=0 v9) ==== 56+0+88 (secure 0 0 0) 0x7fa8c401ba80 con 0x7fa8d01098a0
2024-05-27T06:57:45.095 INFO:teuthology.orchestra.run.smithi043.stdout:/usr/bin/ceph: stderr
2024-05-27T06:57:44.417+0000 7fa8d5e00700 1 -- 172.21.15.43:0/3200959361 >> [v2:172.21.15.43:6800/1651567761,v1:172.21.15.43:6801/1651567761] conn(0x7fa8b803e4c0 msgr2=0x7fa8b80409d0 unknown :-1 s=STATE_CONNECTING l=1).mark_down
2024-05-27T06:57:45.095 INFO:teuthology.orchestra.run.smithi043.stdout:/usr/bin/ceph: stderr
2024-05-27T06:57:44.418+0000 7fa8d5e00700 1 --2- 172.21.15.43:0/3200959361 >> [v2:172.21.15.43:6800/1651567761,v1:172.21.15.43:6801/1651567761] conn(0x7fa8b803e4c0 0x7fa8b80409d0 unknown :-1 s=START_CONNECT pgs=0 cs=0 l=1 rev1=0 crypto rx=0 tx=0 comp rx=0 tx=0).stop
2024-05-27T06:57:45.095 INFO:teuthology.orchestra.run.smithi043.stdout:/usr/bin/ceph: stderr
2024-05-27T06:57:44.418+0000 7fa8d5e00700 1 -- 172.21.15.43:0/3200959361 >> [v2:172.21.15.43:3300/0,v1:172.21.15.43:6789/0] conn(0x7fa8d01098a0 msgr2=0x7fa8d019fd00 secure :-1 s=STATE_CONNECTION_ESTABLISHED l=1).mark_down
2024-05-27T06:57:45.095 INFO:teuthology.orchestra.run.smithi043.stdout:/usr/bin/ceph: stderr
2024-05-27T06:57:44.418+0000 7fa8d5e00700 1 --2- 172.21.15.43:0/3200959361 >> [v2:172.21.15.43:3300/0,v1:172.21.15.43:6789/0] conn(0x7fa8d01098a0 0x7fa8d019fd00 secure :-1 s=READY pgs=60 cs=0 l=1 rev1=1 crypto rx=0x7fa8c4011980 tx=0x7fa8c4011a60 comp rx=0 tx=0).stop
2024-05-27T06:57:45.095 INFO:teuthology.orchestra.run.smithi043.stdout:/usr/bin/ceph: stderr
2024-05-27T06:57:44.418+0000 7fa8d5e00700 1 -- 172.21.15.43:0/3200959361 shutdown_connections
2024-05-27T06:57:45.095 INFO:teuthology.orchestra.run.smithi043.stdout:/usr/bin/ceph: stderr
2024-05-27T06:57:44.418+0000 7fa8d5e00700 1 --2- 172.21.15.43:0/3200959361 >> [v2:172.21.15.43:6800/1651567761,v1:172.21.15.43:6801/1651567761] conn(0x7fa8b803e4c0 0x7fa8b80409d0 unknown :-1 s=CLOSED pgs=0 cs=0 l=1 rev1=0 crypto rx=0 tx=0 comp rx=0 tx=0).stop
2024-05-27T06:57:45.095 INFO:teuthology.orchestra.run.smithi043.stdout:/usr/bin/ceph: stderr
2024-05-27T06:57:44.418+0000 7fa8d5e00700 1 --2- 172.21.15.43:0/3200959361 >> [v2:172.21.15.43:3300/0,v1:172.21.15.43:6789/0] conn(0x7fa8d01098a0 0x7fa8d019fd00 unknown :-1 s=CLOSED pgs=60 cs=0 l=1 rev1=1 crypto rx=0 tx=0 comp rx=0 tx=0).stop
2024-05-27T06:57:45.095 INFO:teuthology.orchestra.run.smithi043.stdout:/usr/bin/ceph: stderr
2024-05-27T06:57:44.418+0000 7fa8d5e00700 1 -- 172.21.15.43:0/3200959361 >> 172.21.15.43:0/3200959361 conn(0x7fa8d0104f00 msgr2=0x7fa8d007d1b0 unknown :-1 s=STATE_NONE l=0).mark_down
2024-05-27T06:57:45.095 INFO:teuthology.orchestra.run.smithi043.stdout:/usr/bin/ceph: stderr
2024-05-27T06:57:44.418+0000 7fa8d5e00700 1 -- 172.21.15.43:0/3200959361 shutdown_connections
2024-05-27T06:57:45.095 INFO:teuthology.orchestra.run.smithi043.stdout:/usr/bin/ceph: stderr
2024-05-27T06:57:44.418+0000 7fa8d5e00700 1 -- 172.21.15.43:0/3200959361 wait complete.
2024-05-27T06:57:45.096 INFO:teuthology.orchestra.run.smithi043.stdout:Waiting for the mgr to restart...
2024-05-27T06:57:45.096 INFO:teuthology.orchestra.run.smithi043.stdout:Waiting for mgr epoch 9...
2024-05-27T06:57:45.954 INFO:journalctl@ceph.mgr.x.smithi043.stdout:May 27 06:57:45 smithi043 ceph-1bb64d42-1bf6-11ef-bc9b-c7b262605968-mgr-x[31760]:
2024-05-27T06:57:45.736+0000 7fc3b5233200 -1 mgr[py] Module telegraf has missing NOTIFY_TYPES member
2024-05-27T06:57:46.373 INFO:journalctl@ceph.mgr.x.smithi043.stdout:May 27 06:57:45 smithi043 ceph-1bb64d42-1bf6-11ef-bc9b-c7b262605968-mgr-x[31760]:
2024-05-27T06:57:45.979+0000 7fc3b5233200 -1 mgr[py] Module osd_support has missing NOTIFY_TYPES member
2024-05-27T06:57:46.373 INFO:journalctl@ceph.mgr.x.smithi043.stdout:May 27 06:57:46 smithi043 ceph-1bb64d42-1bf6-11ef-bc9b-c7b262605968-mgr-x[31760]:
2024-05-27T06:57:46.202+0000 7fc3b5233200 -1 mgr[py] Module iostat has missing NOTIFY_TYPES member
2024-05-27T06:57:46.704 INFO:journalctl@ceph.mgr.x.smithi043.stdout:May 27 06:57:46 smithi043 ceph-1bb64d42-1bf6-11ef-bc9b-c7b262605968-mgr-x[31760]:
2024-05-27T06:57:46.601+0000 7fc3b5233200 -1 mgr[py] Module alerts has missing NOTIFY_TYPES member
2024-05-27T06:57:46.984 INFO:journalctl@ceph.mgr.x.smithi043.stdout:May 27 06:57:46 smithi043 ceph-1bb64d42-1bf6-11ef-bc9b-c7b262605968-mgr-x[31760]:
2024-05-27T06:57:46.729+0000 7fc3b5233200 -1 mgr[py] Module selftest has missing NOTIFY_TYPES member
2024-05-27T06:57:47.252 INFO:journalctl@ceph.mgr.x.smithi043.stdout:May 27 06:57:46 smithi043 ceph-1bb64d42-1bf6-11ef-bc9b-c7b262605968-mgr-x[31760]:
2024-05-27T06:57:46.991+0000 7fc3b5233200 -1 mgr[py] Module pg_autoscaler has missing NOTIFY_TYPES member
2024-05-27T06:57:47.252 INFO:journalctl@ceph.mgr.x.smithi043.stdout:May 27 06:57:47 smithi043 ceph-1bb64d42-1bf6-11ef-bc9b-c7b262605968-mgr-x[31760]:
2024-05-27T06:57:47.259+0000 7fc3b5233200 -1 mgr[py] Module test_orchestrator has missing NOTIFY_TYPES member
2024-05-27T06:57:48.379 INFO:journalctl@ceph.mgr.x.smithi043.stdout:May 27 06:57:48 smithi043 ceph-1bb64d42-1bf6-11ef-bc9b-c7b262605968-mgr-x[31760]:
2024-05-27T06:57:48.086+0000 7fc3b5233200 -1 mgr[py] Module rook has missing NOTIFY_TYPES member
2024-05-27T06:57:48.380 INFO:journalctl@ceph.mgr.x.smithi043.stdout:May 27 06:57:48 smithi043 ceph-1bb64d42-1bf6-11ef-bc9b-c7b262605968-mgr-x[31760]:
2024-05-27T06:57:48.387+0000 7fc3b5233200 -1 mgr[py] Module smb has missing NOTIFY_TYPES member
2024-05-27T06:57:49.093 INFO:journalctl@ceph.mgr.x.smithi043.stdout:May 27 06:57:48 smithi043 ceph-1bb64d42-1bf6-11ef-bc9b-c7b262605968-mgr-x[31760]:
2024-05-27T06:57:48.967+0000 7fc3b5233200 -1 mgr[py] Module volumes has missing NOTIFY_TYPES member
2024-05-27T06:57:49.454 INFO:journalctl@ceph.mgr.x.smithi043.stdout:May 27 06:57:49 smithi043 ceph-1bb64d42-1bf6-11ef-bc9b-c7b262605968-mgr-x[31760]:
2024-05-27T06:57:49.101+0000 7fc3b5233200 -1 mgr[py] Module crash has missing NOTIFY_TYPES member
2024-05-27T06:57:49.954 INFO:journalctl@ceph.mgr.x.smithi043.stdout:May 27 06:57:49 smithi043 ceph-1bb64d42-1bf6-11ef-bc9b-c7b262605968-mgr-x[31760]:
2024-05-27T06:57:49.582+0000 7fc3b5233200 -1 mgr[py] Module rgw has missing NOTIFY_TYPES member
2024-05-27T06:57:50.454 INFO:journalctl@ceph.mgr.x.smithi043.stdout:May 27 06:57:50 smithi043 ceph-1bb64d42-1bf6-11ef-bc9b-c7b262605968-mgr-x[31760]:
2024-05-27T06:57:50.059+0000 7fc3b5233200 -1 mgr[py] Module prometheus has missing NOTIFY_TYPES member
2024-05-27T06:57:50.454 INFO:journalctl@ceph.mgr.x.smithi043.stdout:May 27 06:57:50 smithi043 ceph-1bb64d42-1bf6-11ef-bc9b-c7b262605968-mgr-x[31760]:
2024-05-27T06:57:50.189+0000 7fc3b5233200 -1 mgr[py] Module devicehealth has missing NOTIFY_TYPES member
2024-05-27T06:57:50.846 INFO:journalctl@ceph.mgr.x.smithi043.stdout:May 27 06:57:50 smithi043 ceph-1bb64d42-1bf6-11ef-bc9b-c7b262605968-mgr-x[31760]:
2024-05-27T06:57:50.529+0000 7fc3b5233200 -1 mgr[py] Module telemetry has missing NOTIFY_TYPES member
2024-05-27T06:57:50.847 INFO:journalctl@ceph.mgr.x.smithi043.stdout:May 27 06:57:50 smithi043 ceph-1bb64d42-1bf6-11ef-bc9b-c7b262605968-mgr-x[31760]:
2024-05-27T06:57:50.717+0000 7fc3b5233200 -1 mgr[py] Module diskprediction_local has missing NOTIFY_TYPES member
2024-05-27T06:57:50.847 INFO:journalctl@ceph.mgr.x.smithi043.stdout:May 27 06:57:50 smithi043 ceph-1bb64d42-1bf6-11ef-bc9b-c7b262605968-mgr-x[31760]:
2024-05-27T06:57:50.854+0000 7fc3b5233200 -1 mgr[py] Module osd_perf_query has missing NOTIFY_TYPES member
2024-05-27T06:57:51.704 INFO:journalctl@ceph.mgr.x.smithi043.stdout:May 27 06:57:51 smithi043 ceph-1bb64d42-1bf6-11ef-bc9b-c7b262605968-mgr-x[31760]:
2024-05-27T06:57:51.267+0000 7fc3b5233200 -1 mgr[py] Module rbd_support has missing NOTIFY_TYPES member
2024-05-27T06:57:51.704 INFO:journalctl@ceph.mgr.x.smithi043.stdout:May 27 06:57:51 smithi043 ceph-1bb64d42-1bf6-11ef-bc9b-c7b262605968-mgr-x[31760]:
2024-05-27T06:57:51.397+0000 7fc3b5233200 -1 mgr[py] Module zabbix has missing NOTIFY_TYPES member
2024-05-27T06:57:52.454 INFO:journalctl@ceph.mgr.x.smithi043.stdout:May 27 06:57:52 smithi043 ceph-1bb64d42-1bf6-11ef-bc9b-c7b262605968-mgr-x[31760]:
2024-05-27T06:57:52.196+0000 7fc3b5233200 -1 mgr[py] Module status has missing NOTIFY_TYPES member
2024-05-27T06:57:52.954 INFO:journalctl@ceph.mgr.x.smithi043.stdout:May 27 06:57:52 smithi043 ceph-1bb64d42-1bf6-11ef-bc9b-c7b262605968-mgr-x[31760]:
2024-05-27T06:57:52.502+0000 7fc3b5233200 -1 mgr[py] Module nfs has missing NOTIFY_TYPES member
2024-05-27T06:57:52.954 INFO:journalctl@ceph.mon.a.smithi043.stdout:May 27 06:57:52 smithi043 ceph-mon[31531]: Active manager daemon x restarted
2024-05-27T06:57:52.954 INFO:journalctl@ceph.mon.a.smithi043.stdout:May 27 06:57:52 smithi043 ceph-mon[31531]: Activating manager daemon x
2024-05-27T06:57:52.954 INFO:journalctl@ceph.mon.a.smithi043.stdout:May 27 06:57:52 smithi043 ceph-mon[31531]: osdmap e3: 0 total, 0 up, 0 in
2024-05-27T06:57:52.954 INFO:journalctl@ceph.mon.a.smithi043.stdout:May 27 06:57:52 smithi043 ceph-mon[31531]: mgrmap e10: x(active, starting, since 0.00455563s)
2024-05-27T06:57:52.955 INFO:journalctl@ceph.mon.a.smithi043.stdout:May 27 06:57:52 smithi043 ceph-mon[31531]: from='mgr.14152 172.21.15.43:0/3659261064' entity='mgr.x' cmd=[{"prefix": "mon metadata", "id": "a"}]: dispatch
2024-05-27T06:57:52.955 INFO:journalctl@ceph.mon.a.smithi043.stdout:May 27 06:57:52 smithi043 ceph-mon[31531]: from='mgr.14152 172.21.15.43:0/3659261064' entity='mgr.x' cmd=[{"prefix": "mgr metadata", "who": "x", "id": "x"}]: dispatch
2024-05-27T06:57:52.955 INFO:journalctl@ceph.mon.a.smithi043.stdout:May 27 06:57:52 smithi043 ceph-mon[31531]: from='mgr.14152 172.21.15.43:0/3659261064' entity='mgr.x' cmd=[{"prefix": "mds metadata"}]: dispatch
2024-05-27T06:57:52.955 INFO:journalctl@ceph.mon.a.smithi043.stdout:May 27 06:57:52 smithi043 ceph-mon[31531]: from='mgr.14152 172.21.15.43:0/3659261064' entity='mgr.x' cmd=[{"prefix": "osd metadata"}]: dispatch
2024-05-27T06:57:52.955 INFO:journalctl@ceph.mon.a.smithi043.stdout:May 27 06:57:52 smithi043 ceph-mon[31531]: from='mgr.14152 172.21.15.43:0/3659261064' entity='mgr.x' cmd=[{"prefix": "mon metadata"}]: dispatch
2024-05-27T06:57:52.955 INFO:journalctl@ceph.mon.a.smithi043.stdout:May 27 06:57:52 smithi043 ceph-mon[31531]: Manager daemon x is now available
2024-05-27T06:57:53.843 INFO:journalctl@ceph.mon.a.smithi043.stdout:May 27 06:57:53 smithi043 ceph-mon[31531]: from='mgr.14152 172.21.15.43:0/3659261064' entity='mgr.x' cmd=[{"prefix": "config dump", "format": "json"}]: dispatch
2024-05-27T06:57:53.844 INFO:journalctl@ceph.mon.a.smithi043.stdout:May 27 06:57:53 smithi043 ceph-mon[31531]: from='mgr.14152 172.21.15.43:0/3659261064' entity='mgr.x' cmd=[{"prefix":"config rm","who":"mgr","name":"mgr/rbd_support/x/mirror_snapshot_schedule"}]: dispatch
2024-05-27T06:57:53.844 INFO:journalctl@ceph.mon.a.smithi043.stdout:May 27 06:57:53 smithi043 ceph-mon[31531]: from='mgr.14152 172.21.15.43:0/3659261064' entity='mgr.x' cmd=[{"prefix":"config rm","who":"mgr","name":"mgr/rbd_support/x/trash_purge_schedule"}]: dispatch
2024-05-27T06:57:53.844 INFO:journalctl@ceph.mon.a.smithi043.stdout:May 27 06:57:53 smithi043 ceph-mon[31531]: mgrmap e11: x(active, since 1.01846s)
2024-05-27T06:57:54.256 INFO:teuthology.orchestra.run.smithi043.stdout:/usr/bin/ceph: stdout {
2024-05-27T06:57:54.256 INFO:teuthology.orchestra.run.smithi043.stdout:/usr/bin/ceph: stdout "mgrmap_epoch": 11,
2024-05-27T06:57:54.256 INFO:teuthology.orchestra.run.smithi043.stdout:/usr/bin/ceph: stdout "initialized": true
2024-05-27T06:57:54.256 INFO:teuthology.orchestra.run.smithi043.stdout:/usr/bin/ceph: stdout }
2024-05-27T06:57:54.256 INFO:teuthology.orchestra.run.smithi043.stdout:/usr/bin/ceph: stderr
2024-05-27T06:57:45.768+0000 7f0e9a800700 1 Processor -- start
2024-05-27T06:57:54.256 INFO:teuthology.orchestra.run.smithi043.stdout:/usr/bin/ceph: stderr
2024-05-27T06:57:45.768+0000 7f0e9a800700 1 -- start start
2024-05-27T06:57:54.256 INFO:teuthology.orchestra.run.smithi043.stdout:/usr/bin/ceph: stderr
2024-05-27T06:57:45.769+0000 7f0e9a800700 1 --2- >> [v2:172.21.15.43:3300/0,v1:172.21.15.43:6789/0] conn(0x7f0e941082e0 0x7f0e941086f0 unknown :-1 s=NONE pgs=0 cs=0 l=0 rev1=0 crypto rx=0 tx=0 comp rx=0 tx=0).connect
2024-05-27T06:57:54.256 INFO:teuthology.orchestra.run.smithi043.stdout:/usr/bin/ceph: stderr
2024-05-27T06:57:45.769+0000 7f0e9a800700 1 -- --> [v2:172.21.15.43:3300/0,v1:172.21.15.43:6789/0] -- mon_getmap magic: 0 -- 0x7f0e9407d5f0 con 0x7f0e941082e0
2024-05-27T06:57:54.258 INFO:teuthology.orchestra.run.smithi043.stdout:/usr/bin/ceph: stderr
2024-05-27T06:57:45.769+0000 7f0e93400700 1 --2- >> [v2:172.21.15.43:3300/0,v1:172.21.15.43:6789/0] conn(0x7f0e941082e0 0x7f0e941086f0 unknown :-1 s=BANNER_CONNECTING pgs=0 cs=0 l=0 rev1=0 crypto rx=0 tx=0 comp rx=0 tx=0)._handle_peer_banner_payload supported=3 required=0
2024-05-27T06:57:54.258 INFO:teuthology.orchestra.run.smithi043.stdout:/usr/bin/ceph: stderr
2024-05-27T06:57:45.769+0000 7f0e93400700 1 --2- >> [v2:172.21.15.43:3300/0,v1:172.21.15.43:6789/0] conn(0x7f0e941082e0 0x7f0e941086f0 unknown :-1 s=HELLO_CONNECTING pgs=0 cs=0 l=0 rev1=1 crypto rx=0 tx=0 comp rx=0 tx=0).handle_hello peer v2:172.21.15.43:3300/0 says I am v2:172.21.15.43:57810/0 (socket says 172.21.15.43:57810)
2024-05-27T06:57:54.258 INFO:teuthology.orchestra.run.smithi043.stdout:/usr/bin/ceph: stderr
2024-05-27T06:57:45.769+0000 7f0e93400700 1 -- 172.21.15.43:0/3639500206 learned_addr learned my addr 172.21.15.43:0/3639500206 (peer_addr_for_me v2:172.21.15.43:0/0)
2024-05-27T06:57:54.258 INFO:teuthology.orchestra.run.smithi043.stdout:/usr/bin/ceph: stderr
2024-05-27T06:57:45.770+0000 7f0e93400700 1 -- 172.21.15.43:0/3639500206 --> [v2:172.21.15.43:3300/0,v1:172.21.15.43:6789/0] -- mon_subscribe({config=0+,monmap=0+}) -- 0x7f0e94108c30 con 0x7f0e941082e0
2024-05-27T06:57:54.258 INFO:teuthology.orchestra.run.smithi043.stdout:/usr/bin/ceph: stderr
2024-05-27T06:57:45.770+0000 7f0e93400700 1 --2- 172.21.15.43:0/3639500206 >> [v2:172.21.15.43:3300/0,v1:172.21.15.43:6789/0] conn(0x7f0e941082e0 0x7f0e941086f0 secure :-1 s=READY pgs=61 cs=0 l=1 rev1=1 crypto rx=0x7f0e840098a0 tx=0x7f0e84009bb0 comp rx=0 tx=0).ready entity=mon.0 client_cookie=c4becfe8838f6d02 server_cookie=0 in_seq=0 out_seq=0
2024-05-27T06:57:54.258 INFO:teuthology.orchestra.run.smithi043.stdout:/usr/bin/ceph: stderr
2024-05-27T06:57:45.770+0000 7f0e92000700 1 -- 172.21.15.43:0/3639500206 <== mon.0 v2:172.21.15.43:3300/0 1 ==== mon_map magic: 0 ==== 205+0+0 (secure 0 0 0) 0x7f0e84004160 con 0x7f0e941082e0
2024-05-27T06:57:54.258 INFO:teuthology.orchestra.run.smithi043.stdout:/usr/bin/ceph: stderr
2024-05-27T06:57:45.770+0000 7f0e92000700 1 -- 172.21.15.43:0/3639500206 <== mon.0 v2:172.21.15.43:3300/0 2 ==== config(25 keys) ==== 1063+0+0 (secure 0 0 0) 0x7f0e84004300 con 0x7f0e941082e0
2024-05-27T06:57:54.258 INFO:teuthology.orchestra.run.smithi043.stdout:/usr/bin/ceph: stderr
2024-05-27T06:57:45.770+0000 7f0e92000700 1 -- 172.21.15.43:0/3639500206 <== mon.0 v2:172.21.15.43:3300/0 3 ==== mon_map magic: 0 ==== 205+0+0 (secure 0 0 0) 0x7f0e84011960 con 0x7f0e941082e0
2024-05-27T06:57:54.258 INFO:teuthology.orchestra.run.smithi043.stdout:/usr/bin/ceph: stderr
2024-05-27T06:57:45.771+0000 7f0e9a800700 1 -- 172.21.15.43:0/3639500206 >> [v2:172.21.15.43:3300/0,v1:172.21.15.43:6789/0] conn(0x7f0e941082e0 msgr2=0x7f0e941086f0 secure :-1 s=STATE_CONNECTION_ESTABLISHED l=1).mark_down
2024-05-27T06:57:54.259 INFO:teuthology.orchestra.run.smithi043.stdout:/usr/bin/ceph: stderr
2024-05-27T06:57:45.771+0000 7f0e9a800700 1 --2- 172.21.15.43:0/3639500206 >> [v2:172.21.15.43:3300/0,v1:172.21.15.43:6789/0] conn(0x7f0e941082e0 0x7f0e941086f0 secure :-1 s=READY pgs=61 cs=0 l=1 rev1=1 crypto rx=0x7f0e840098a0 tx=0x7f0e84009bb0 comp rx=0 tx=0).stop
2024-05-27T06:57:54.259 INFO:teuthology.orchestra.run.smithi043.stdout:/usr/bin/ceph: stderr
2024-05-27T06:57:45.772+0000 7f0e9a800700 1 -- 172.21.15.43:0/3639500206 shutdown_connections
2024-05-27T06:57:54.259 INFO:teuthology.orchestra.run.smithi043.stdout:/usr/bin/ceph: stderr
2024-05-27T06:57:45.772+0000 7f0e9a800700 1 --2- 172.21.15.43:0/3639500206 >> [v2:172.21.15.43:3300/0,v1:172.21.15.43:6789/0] conn(0x7f0e941082e0 0x7f0e941086f0 unknown :-1 s=CLOSED pgs=61 cs=0 l=1 rev1=1 crypto rx=0 tx=0 comp rx=0 tx=0).stop
2024-05-27T06:57:54.259 INFO:teuthology.orchestra.run.smithi043.stdout:/usr/bin/ceph: stderr
2024-05-27T06:57:45.772+0000 7f0e9a800700 1 -- 172.21.15.43:0/3639500206 >> 172.21.15.43:0/3639500206 conn(0x7f0e94103f90 msgr2=0x7f0e94106400 unknown :-1 s=STATE_NONE l=0).mark_down
2024-05-27T06:57:54.259 INFO:teuthology.orchestra.run.smithi043.stdout:/usr/bin/ceph: stderr
2024-05-27T06:57:45.772+0000 7f0e9a800700 1 -- 172.21.15.43:0/3639500206 shutdown_connections
2024-05-27T06:57:54.261 INFO:teuthology.orchestra.run.smithi043.stdout:/usr/bin/ceph: stderr
2024-05-27T06:57:45.772+0000 7f0e9a800700 1 -- 172.21.15.43:0/3639500206 wait complete.
2024-05-27T06:57:54.262 INFO:teuthology.orchestra.run.smithi043.stdout:/usr/bin/ceph: stderr
2024-05-27T06:57:45.773+0000 7f0e9a800700 1 Processor -- start
2024-05-27T06:57:54.262 INFO:teuthology.orchestra.run.smithi043.stdout:/usr/bin/ceph: stderr
2024-05-27T06:57:45.773+0000 7f0e9a800700 1 -- start start
2024-05-27T06:57:54.262 INFO:teuthology.orchestra.run.smithi043.stdout:/usr/bin/ceph: stderr
2024-05-27T06:57:45.774+0000 7f0e9a800700 1 --2- >> [v2:172.21.15.43:3300/0,v1:172.21.15.43:6789/0] conn(0x7f0e941082e0 0x7f0e9419fe40 unknown :-1 s=NONE pgs=0 cs=0 l=1 rev1=0 crypto rx=0 tx=0 comp rx=0 tx=0).connect
2024-05-27T06:57:54.262 INFO:teuthology.orchestra.run.smithi043.stdout:/usr/bin/ceph: stderr
2024-05-27T06:57:45.774+0000 7f0e9a800700 1 -- --> [v2:172.21.15.43:3300/0,v1:172.21.15.43:6789/0] -- mon_getmap magic: 0 -- 0x7f0e94109b10 con 0x7f0e941082e0
2024-05-27T06:57:54.262 INFO:teuthology.orchestra.run.smithi043.stdout:/usr/bin/ceph: stderr
2024-05-27T06:57:45.774+0000 7f0e93400700 1 --2- >> [v2:172.21.15.43:3300/0,v1:172.21.15.43:6789/0] conn(0x7f0e941082e0 0x7f0e9419fe40 unknown :-1 s=BANNER_CONNECTING pgs=0 cs=0 l=1 rev1=0 crypto rx=0 tx=0 comp rx=0 tx=0)._handle_peer_banner_payload supported=3 required=0
2024-05-27T06:57:54.262 INFO:teuthology.orchestra.run.smithi043.stdout:/usr/bin/ceph: stderr
2024-05-27T06:57:45.774+0000 7f0e93400700 1 --2- >> [v2:172.21.15.43:3300/0,v1:172.21.15.43:6789/0] conn(0x7f0e941082e0 0x7f0e9419fe40 unknown :-1 s=HELLO_CONNECTING pgs=0 cs=0 l=1 rev1=1 crypto rx=0 tx=0 comp rx=0 tx=0).handle_hello peer v2:172.21.15.43:3300/0 says I am v2:172.21.15.43:57812/0 (socket says 172.21.15.43:57812)
2024-05-27T06:57:54.262 INFO:teuthology.orchestra.run.smithi043.stdout:/usr/bin/ceph: stderr
2024-05-27T06:57:45.774+0000 7f0e93400700 1 -- 172.21.15.43:0/1061463701 learned_addr learned my addr 172.21.15.43:0/1061463701 (peer_addr_for_me v2:172.21.15.43:0/0)
2024-05-27T06:57:54.262 INFO:teuthology.orchestra.run.smithi043.stdout:/usr/bin/ceph: stderr
2024-05-27T06:57:45.774+0000 7f0e93400700 1 -- 172.21.15.43:0/1061463701 --> [v2:172.21.15.43:3300/0,v1:172.21.15.43:6789/0] -- mon_subscribe({config=0+,monmap=0+}) -- 0x7f0e941a0380 con 0x7f0e941082e0
2024-05-27T06:57:54.262 INFO:teuthology.orchestra.run.smithi043.stdout:/usr/bin/ceph: stderr
2024-05-27T06:57:45.775+0000 7f0e93400700 1 --2- 172.21.15.43:0/1061463701 >> [v2:172.21.15.43:3300/0,v1:172.21.15.43:6789/0] conn(0x7f0e941082e0 0x7f0e9419fe40 secure :-1 s=READY pgs=62 cs=0 l=1 rev1=1 crypto rx=0x7f0e84011670 tx=0x7f0e84011a30 comp rx=0 tx=0).ready entity=mon.0 client_cookie=0 server_cookie=0 in_seq=0 out_seq=0
2024-05-27T06:57:54.262 INFO:teuthology.orchestra.run.smithi043.stdout:/usr/bin/ceph: stderr
2024-05-27T06:57:45.775+0000 7f0e8be00700 1 -- 172.21.15.43:0/1061463701 <== mon.0 v2:172.21.15.43:3300/0 1 ==== mon_map magic: 0 ==== 205+0+0 (secure 0 0 0) 0x7f0e8401f070 con 0x7f0e941082e0
2024-05-27T06:57:54.262 INFO:teuthology.orchestra.run.smithi043.stdout:/usr/bin/ceph: stderr
2024-05-27T06:57:45.775+0000 7f0e8be00700 1 -- 172.21.15.43:0/1061463701 <== mon.0 v2:172.21.15.43:3300/0 2 ==== config(25 keys) ==== 1063+0+0 (secure 0 0 0) 0x7f0e84003b20 con 0x7f0e941082e0
2024-05-27T06:57:54.262 INFO:teuthology.orchestra.run.smithi043.stdout:/usr/bin/ceph: stderr
2024-05-27T06:57:45.775+0000 7f0e9a800700 1 -- 172.21.15.43:0/1061463701 --> [v2:172.21.15.43:3300/0,v1:172.21.15.43:6789/0] -- mon_subscribe({mgrmap=0+}) -- 0x7f0e941a0610 con 0x7f0e941082e0
2024-05-27T06:57:54.262 INFO:teuthology.orchestra.run.smithi043.stdout:/usr/bin/ceph: stderr
2024-05-27T06:57:45.775+0000 7f0e8be00700 1 -- 172.21.15.43:0/1061463701 <== mon.0 v2:172.21.15.43:3300/0 3 ==== mon_map magic: 0 ==== 205+0+0 (secure 0 0 0) 0x7f0e84019580 con 0x7f0e941082e0
2024-05-27T06:57:54.263 INFO:teuthology.orchestra.run.smithi043.stdout:/usr/bin/ceph: stderr
2024-05-27T06:57:45.775+0000 7f0e9a800700 1 -- 172.21.15.43:0/1061463701 --> [v2:172.21.15.43:3300/0,v1:172.21.15.43:6789/0] -- mon_subscribe({osdmap=0}) -- 0x7f0e941a3220 con 0x7f0e941082e0
2024-05-27T06:57:54.263 INFO:teuthology.orchestra.run.smithi043.stdout:/usr/bin/ceph: stderr
2024-05-27T06:57:45.777+0000 7f0e8be00700 1 -- 172.21.15.43:0/1061463701 <== mon.0 v2:172.21.15.43:3300/0 4 ==== mgrmap(e 9) ==== 50235+0+0 (secure 0 0 0) 0x7f0e84022070 con 0x7f0e941082e0
2024-05-27T06:57:54.263 INFO:teuthology.orchestra.run.smithi043.stdout:/usr/bin/ceph: stderr
2024-05-27T06:57:45.778+0000 7f0e8be00700 1 --2- 172.21.15.43:0/1061463701 >> [v2:172.21.15.43:6800/1651567761,v1:172.21.15.43:6801/1651567761] conn(0x7f0e7803e520 0x7f0e78040a30 unknown :-1 s=NONE pgs=0 cs=0 l=1 rev1=0 crypto rx=0 tx=0 comp rx=0 tx=0).connect
2024-05-27T06:57:54.263 INFO:teuthology.orchestra.run.smithi043.stdout:/usr/bin/ceph: stderr
2024-05-27T06:57:45.778+0000 7f0e8be00700 1 -- 172.21.15.43:0/1061463701 --> [v2:172.21.15.43:6800/1651567761,v1:172.21.15.43:6801/1651567761] -- command(tid 0: {"prefix": "get_command_descriptions"}) -- 0x7f0e78041140 con 0x7f0e7803e520
2024-05-27T06:57:54.263 INFO:teuthology.orchestra.run.smithi043.stdout:/usr/bin/ceph: stderr
2024-05-27T06:57:45.778+0000 7f0e8be00700 1 -- 172.21.15.43:0/1061463701 <== mon.0 v2:172.21.15.43:3300/0 5 ==== osd_map(2..2 src has 1..2) ==== 940+0+0 (secure 0 0 0) 0x7f0e84053b60 con 0x7f0e941082e0
2024-05-27T06:57:54.263 INFO:teuthology.orchestra.run.smithi043.stdout:/usr/bin/ceph: stderr
2024-05-27T06:57:45.778+0000 7f0e92a00700 1 -- 172.21.15.43:0/1061463701 >> [v2:172.21.15.43:6800/1651567761,v1:172.21.15.43:6801/1651567761] conn(0x7f0e7803e520 msgr2=0x7f0e78040a30 unknown :-1 s=STATE_CONNECTING_RE l=1).process reconnect failed to v2:172.21.15.43:6800/1651567761
2024-05-27T06:57:54.263 INFO:teuthology.orchestra.run.smithi043.stdout:/usr/bin/ceph: stderr
2024-05-27T06:57:45.778+0000 7f0e92a00700 1 --2- 172.21.15.43:0/1061463701 >> [v2:172.21.15.43:6800/1651567761,v1:172.21.15.43:6801/1651567761] conn(0x7f0e7803e520 0x7f0e78040a30 unknown :-1 s=START_CONNECT pgs=0 cs=0 l=1 rev1=0 crypto rx=0 tx=0 comp rx=0 tx=0)._fault waiting 0.200000
2024-05-27T06:57:54.263 INFO:teuthology.orchestra.run.smithi043.stdout:/usr/bin/ceph: stderr
2024-05-27T06:57:45.979+0000 7f0e92a00700 1 -- 172.21.15.43:0/1061463701 >> [v2:172.21.15.43:6800/1651567761,v1:172.21.15.43:6801/1651567761] conn(0x7f0e7803e520 msgr2=0x7f0e78040a30 unknown :-1 s=STATE_CONNECTING_RE l=1).process reconnect failed to v2:172.21.15.43:6800/1651567761
2024-05-27T06:57:54.263 INFO:teuthology.orchestra.run.smithi043.stdout:/usr/bin/ceph: stderr
2024-05-27T06:57:45.979+0000 7f0e92a00700 1 --2- 172.21.15.43:0/1061463701 >> [v2:172.21.15.43:6800/1651567761,v1:172.21.15.43:6801/1651567761] conn(0x7f0e7803e520 0x7f0e78040a30 unknown :-1 s=START_CONNECT pgs=0 cs=0 l=1 rev1=0 crypto rx=0 tx=0 comp rx=0 tx=0)._fault waiting 0.400000
2024-05-27T06:57:54.263 INFO:teuthology.orchestra.run.smithi043.stdout:/usr/bin/ceph: stderr
2024-05-27T06:57:46.380+0000 7f0e92a00700 1 -- 172.21.15.43:0/1061463701 >> [v2:172.21.15.43:6800/1651567761,v1:172.21.15.43:6801/1651567761] conn(0x7f0e7803e520 msgr2=0x7f0e78040a30 unknown :-1 s=STATE_CONNECTING_RE l=1).process reconnect failed to v2:172.21.15.43:6800/1651567761
2024-05-27T06:57:54.266 INFO:teuthology.orchestra.run.smithi043.stdout:/usr/bin/ceph: stderr
2024-05-27T06:57:46.380+0000 7f0e92a00700 1 --2- 172.21.15.43:0/1061463701 >> [v2:172.21.15.43:6800/1651567761,v1:172.21.15.43:6801/1651567761] conn(0x7f0e7803e520 0x7f0e78040a30 unknown :-1 s=START_CONNECT pgs=0 cs=0 l=1 rev1=0 crypto rx=0 tx=0 comp rx=0 tx=0)._fault waiting 0.800000
2024-05-27T06:57:54.266 INFO:teuthology.orchestra.run.smithi043.stdout:/usr/bin/ceph: stderr
2024-05-27T06:57:47.181+0000 7f0e92a00700 1 -- 172.21.15.43:0/1061463701 >> [v2:172.21.15.43:6800/1651567761,v1:172.21.15.43:6801/1651567761] conn(0x7f0e7803e520 msgr2=0x7f0e78040a30 unknown :-1 s=STATE_CONNECTING_RE l=1).process reconnect failed to v2:172.21.15.43:6800/1651567761
2024-05-27T06:57:54.267 INFO:teuthology.orchestra.run.smithi043.stdout:/usr/bin/ceph: stderr
2024-05-27T06:57:47.181+0000 7f0e92a00700 1 --2- 172.21.15.43:0/1061463701 >> [v2:172.21.15.43:6800/1651567761,v1:172.21.15.43:6801/1651567761] conn(0x7f0e7803e520 0x7f0e78040a30 unknown :-1 s=START_CONNECT pgs=0 cs=0 l=1 rev1=0 crypto rx=0 tx=0 comp rx=0 tx=0)._fault waiting 1.600000
2024-05-27T06:57:54.267 INFO:teuthology.orchestra.run.smithi043.stdout:/usr/bin/ceph: stderr
2024-05-27T06:57:48.783+0000 7f0e92a00700 1 -- 172.21.15.43:0/1061463701 >> [v2:172.21.15.43:6800/1651567761,v1:172.21.15.43:6801/1651567761] conn(0x7f0e7803e520 msgr2=0x7f0e78040a30 unknown :-1 s=STATE_CONNECTING_RE l=1).process reconnect failed to v2:172.21.15.43:6800/1651567761
2024-05-27T06:57:54.267 INFO:teuthology.orchestra.run.smithi043.stdout:/usr/bin/ceph: stderr
2024-05-27T06:57:48.783+0000 7f0e92a00700 1 --2- 172.21.15.43:0/1061463701 >> [v2:172.21.15.43:6800/1651567761,v1:172.21.15.43:6801/1651567761] conn(0x7f0e7803e520 0x7f0e78040a30 unknown :-1 s=START_CONNECT pgs=0 cs=0 l=1 rev1=0 crypto rx=0 tx=0 comp rx=0 tx=0)._fault waiting 3.200000
2024-05-27T06:57:54.267 INFO:teuthology.orchestra.run.smithi043.stdout:/usr/bin/ceph: stderr
2024-05-27T06:57:51.986+0000 7f0e92a00700 1 -- 172.21.15.43:0/1061463701 >> [v2:172.21.15.43:6800/1651567761,v1:172.21.15.43:6801/1651567761] conn(0x7f0e7803e520 msgr2=0x7f0e78040a30 unknown :-1 s=STATE_CONNECTING_RE l=1).process reconnect failed to v2:172.21.15.43:6800/1651567761
2024-05-27T06:57:54.267 INFO:teuthology.orchestra.run.smithi043.stdout:/usr/bin/ceph: stderr
2024-05-27T06:57:51.986+0000 7f0e92a00700 1 --2- 172.21.15.43:0/1061463701 >> [v2:172.21.15.43:6800/1651567761,v1:172.21.15.43:6801/1651567761] conn(0x7f0e7803e520 0x7f0e78040a30 unknown :-1 s=START_CONNECT pgs=0 cs=0 l=1 rev1=0 crypto rx=0 tx=0 comp rx=0 tx=0)._fault waiting 6.400000
2024-05-27T06:57:54.267 INFO:teuthology.orchestra.run.smithi043.stdout:/usr/bin/ceph: stderr
2024-05-27T06:57:52.510+0000 7f0e8be00700 1 -- 172.21.15.43:0/1061463701 <== mon.0 v2:172.21.15.43:3300/0 6 ==== mgrmap(e 10) ==== 50002+0+0 (secure 0 0 0) 0x7f0e8401ba80 con 0x7f0e941082e0
2024-05-27T06:57:54.267 INFO:teuthology.orchestra.run.smithi043.stdout:/usr/bin/ceph: stderr
2024-05-27T06:57:52.510+0000 7f0e8be00700 1 -- 172.21.15.43:0/1061463701 >> [v2:172.21.15.43:6800/1651567761,v1:172.21.15.43:6801/1651567761] conn(0x7f0e7803e520 msgr2=0x7f0e78040a30 unknown :-1 s=STATE_CONNECTING l=1).mark_down
2024-05-27T06:57:54.267 INFO:teuthology.orchestra.run.smithi043.stdout:/usr/bin/ceph: stderr
2024-05-27T06:57:52.510+0000 7f0e8be00700 1 --2- 172.21.15.43:0/1061463701 >> [v2:172.21.15.43:6800/1651567761,v1:172.21.15.43:6801/1651567761] conn(0x7f0e7803e520 0x7f0e78040a30 unknown :-1 s=START_CONNECT pgs=0 cs=0 l=1 rev1=0 crypto rx=0 tx=0 comp rx=0 tx=0).stop
2024-05-27T06:57:54.267 INFO:teuthology.orchestra.run.smithi043.stdout:/usr/bin/ceph: stderr
2024-05-27T06:57:53.515+0000 7f0e8be00700 1 -- 172.21.15.43:0/1061463701 <== mon.0 v2:172.21.15.43:3300/0 7 ==== mgrmap(e 11) ==== 50129+0+0 (secure 0 0 0) 0x7f0e84055520 con 0x7f0e941082e0
2024-05-27T06:57:54.267 INFO:teuthology.orchestra.run.smithi043.stdout:/usr/bin/ceph: stderr
2024-05-27T06:57:53.515+0000 7f0e8be00700 1 --2- 172.21.15.43:0/1061463701 >> [v2:172.21.15.43:6800/1809594794,v1:172.21.15.43:6801/1809594794] conn(0x7f0e840536f0 0x7f0e78044000 unknown :-1 s=NONE pgs=0 cs=0 l=1 rev1=0 crypto rx=0 tx=0 comp rx=0 tx=0).connect
2024-05-27T06:57:54.267 INFO:teuthology.orchestra.run.smithi043.stdout:/usr/bin/ceph: stderr
2024-05-27T06:57:53.515+0000 7f0e8be00700 1 -- 172.21.15.43:0/1061463701 --> [v2:172.21.15.43:6800/1809594794,v1:172.21.15.43:6801/1809594794] -- command(tid 0: {"prefix": "get_command_descriptions"}) -- 0x7f0e84052020 con 0x7f0e840536f0
2024-05-27T06:57:54.267 INFO:teuthology.orchestra.run.smithi043.stdout:/usr/bin/ceph: stderr
2024-05-27T06:57:53.517+0000 7f0e92a00700 1 --2- 172.21.15.43:0/1061463701 >> [v2:172.21.15.43:6800/1809594794,v1:172.21.15.43:6801/1809594794] conn(0x7f0e840536f0 0x7f0e78044000 unknown :-1 s=BANNER_CONNECTING pgs=0 cs=0 l=1 rev1=0 crypto rx=0 tx=0 comp rx=0 tx=0)._handle_peer_banner_payload supported=3 required=0
2024-05-27T06:57:54.268 INFO:teuthology.orchestra.run.smithi043.stdout:/usr/bin/ceph: stderr
2024-05-27T06:57:53.520+0000 7f0e92a00700 1 --2- 172.21.15.43:0/1061463701 >> [v2:172.21.15.43:6800/1809594794,v1:172.21.15.43:6801/1809594794] conn(0x7f0e840536f0 0x7f0e78044000 secure :-1 s=READY pgs=4 cs=0 l=1 rev1=1 crypto rx=0x7f0e80003a10 tx=0x7f0e80009270 comp rx=0 tx=0).ready entity=mgr.14152 client_cookie=0 server_cookie=0 in_seq=0 out_seq=0
2024-05-27T06:57:54.268 INFO:teuthology.orchestra.run.smithi043.stdout:/usr/bin/ceph: stderr
2024-05-27T06:57:53.521+0000 7f0e8be00700 1 -- 172.21.15.43:0/1061463701 <== mgr.14152 v2:172.21.15.43:6800/1809594794 1 ==== command_reply(tid 0: 0 ) ==== 8+0+9564 (secure 0 0 0) 0x7f0e84052020 con 0x7f0e840536f0
2024-05-27T06:57:54.268 INFO:teuthology.orchestra.run.smithi043.stdout:/usr/bin/ceph: stderr
2024-05-27T06:57:53.532+0000 7f0e9a800700 1 -- 172.21.15.43:0/1061463701 --> [v2:172.21.15.43:6800/1809594794,v1:172.21.15.43:6801/1809594794] -- command(tid 1: {"prefix": "mgr_status"}) -- 0x7f0e94064e10 con 0x7f0e840536f0
2024-05-27T06:57:54.268 INFO:teuthology.orchestra.run.smithi043.stdout:/usr/bin/ceph: stderr
2024-05-27T06:57:53.533+0000 7f0e8be00700 1 -- 172.21.15.43:0/1061463701 <== mgr.14152 v2:172.21.15.43:6800/1809594794 2 ==== command_reply(tid 1: 0 ) ==== 8+0+52 (secure 0 0 0) 0x7f0e94064e10 con 0x7f0e840536f0
2024-05-27T06:57:54.268 INFO:teuthology.orchestra.run.smithi043.stdout:/usr/bin/ceph: stderr
2024-05-27T06:57:53.533+0000 7f0e9a800700 1 -- 172.21.15.43:0/1061463701 >> [v2:172.21.15.43:6800/1809594794,v1:172.21.15.43:6801/1809594794] conn(0x7f0e840536f0 msgr2=0x7f0e78044000 secure :-1 s=STATE_CONNECTION_ESTABLISHED l=1).mark_down
2024-05-27T06:57:54.268 INFO:teuthology.orchestra.run.smithi043.stdout:/usr/bin/ceph: stderr
2024-05-27T06:57:53.533+0000 7f0e9a800700 1 --2- 172.21.15.43:0/1061463701 >> [v2:172.21.15.43:6800/1809594794,v1:172.21.15.43:6801/1809594794] conn(0x7f0e840536f0 0x7f0e78044000 secure :-1 s=READY pgs=4 cs=0 l=1 rev1=1 crypto rx=0x7f0e80003a10 tx=0x7f0e80009270 comp rx=0 tx=0).stop
2024-05-27T06:57:54.268 INFO:teuthology.orchestra.run.smithi043.stdout:/usr/bin/ceph: stderr
2024-05-27T06:57:53.533+0000 7f0e9a800700 1 -- 172.21.15.43:0/1061463701 >> [v2:172.21.15.43:3300/0,v1:172.21.15.43:6789/0] conn(0x7f0e941082e0 msgr2=0x7f0e9419fe40 secure :-1 s=STATE_CONNECTION_ESTABLISHED l=1).mark_down
2024-05-27T06:57:54.268 INFO:teuthology.orchestra.run.smithi043.stdout:/usr/bin/ceph: stderr
2024-05-27T06:57:53.533+0000 7f0e9a800700 1 --2- 172.21.15.43:0/1061463701 >> [v2:172.21.15.43:3300/0,v1:172.21.15.43:6789/0] conn(0x7f0e941082e0 0x7f0e9419fe40 secure :-1 s=READY pgs=62 cs=0 l=1 rev1=1 crypto rx=0x7f0e84011670 tx=0x7f0e84011a30 comp rx=0 tx=0).stop
2024-05-27T06:57:54.268 INFO:teuthology.orchestra.run.smithi043.stdout:/usr/bin/ceph: stderr
2024-05-27T06:57:53.534+0000 7f0e9a800700 1 -- 172.21.15.43:0/1061463701 shutdown_connections
2024-05-27T06:57:54.268 INFO:teuthology.orchestra.run.smithi043.stdout:/usr/bin/ceph: stderr
2024-05-27T06:57:53.534+0000 7f0e9a800700 1 --2- 172.21.15.43:0/1061463701 >> [v2:172.21.15.43:6800/1809594794,v1:172.21.15.43:6801/1809594794] conn(0x7f0e840536f0 0x7f0e78044000 unknown :-1 s=CLOSED pgs=4 cs=0 l=1 rev1=1 crypto rx=0 tx=0 comp rx=0 tx=0).stop
2024-05-27T06:57:54.268 INFO:teuthology.orchestra.run.smithi043.stdout:/usr/bin/ceph: stderr
2024-05-27T06:57:53.534+0000 7f0e9a800700 1 --2- 172.21.15.43:0/1061463701 >> [v2:172.21.15.43:3300/0,v1:172.21.15.43:6789/0] conn(0x7f0e941082e0 0x7f0e9419fe40 unknown :-1 s=CLOSED pgs=62 cs=0 l=1 rev1=1 crypto rx=0 tx=0 comp rx=0 tx=0).stop
2024-05-27T06:57:54.268 INFO:teuthology.orchestra.run.smithi043.stdout:/usr/bin/ceph: stderr
2024-05-27T06:57:53.534+0000 7f0e9a800700 1 --2- 172.21.15.43:0/1061463701 >> [v2:172.21.15.43:6800/1651567761,v1:172.21.15.43:6801/1651567761] conn(0x7f0e7803e520 0x7f0e78040a30 unknown :-1 s=CLOSED pgs=0 cs=0 l=1 rev1=0 crypto rx=0 tx=0 comp rx=0 tx=0).stop
2024-05-27T06:57:54.268 INFO:teuthology.orchestra.run.smithi043.stdout:/usr/bin/ceph: stderr
2024-05-27T06:57:53.534+0000 7f0e9a800700 1 -- 172.21.15.43:0/1061463701 >> 172.21.15.43:0/1061463701 conn(0x7f0e94103f90 msgr2=0x7f0e94193df0 unknown :-1 s=STATE_NONE l=0).mark_down
2024-05-27T06:57:54.269 INFO:teuthology.orchestra.run.smithi043.stdout:/usr/bin/ceph: stderr
2024-05-27T06:57:53.534+0000 7f0e9a800700 1 -- 172.21.15.43:0/1061463701 shutdown_connections
2024-05-27T06:57:54.269 INFO:teuthology.orchestra.run.smithi043.stdout:/usr/bin/ceph: stderr
2024-05-27T06:57:53.534+0000 7f0e9a800700 1 -- 172.21.15.43:0/1061463701 wait complete.
2024-05-27T06:57:54.269 INFO:teuthology.orchestra.run.smithi043.stdout:mgr epoch 9 is available
2024-05-27T06:57:54.269 INFO:teuthology.orchestra.run.smithi043.stdout:Generating a dashboard self-signed certificate...
2024-05-27T06:57:54.954 INFO:journalctl@ceph.mon.a.smithi043.stdout:May 27 06:57:54 smithi043 ceph-mon[31531]: [27/May/2024:06:57:53] ENGINE Bus STARTING
2024-05-27T06:57:54.954 INFO:journalctl@ceph.mon.a.smithi043.stdout:May 27 06:57:54 smithi043 ceph-mon[31531]: [27/May/2024:06:57:53] ENGINE Serving on https://172.21.15.43:7150
2024-05-27T06:57:54.954 INFO:journalctl@ceph.mon.a.smithi043.stdout:May 27 06:57:54 smithi043 ceph-mon[31531]: [27/May/2024:06:57:53] ENGINE Serving on http://172.21.15.43:8765
2024-05-27T06:57:54.954 INFO:journalctl@ceph.mon.a.smithi043.stdout:May 27 06:57:54 smithi043 ceph-mon[31531]: [27/May/2024:06:57:53] ENGINE Bus STARTED
2024-05-27T06:57:54.954 INFO:journalctl@ceph.mon.a.smithi043.stdout:May 27 06:57:54 smithi043 ceph-mon[31531]: from='client.14156 -' entity='client.admin' cmd=[{"prefix": "get_command_descriptions"}]: dispatch
2024-05-27T06:57:54.954 INFO:journalctl@ceph.mon.a.smithi043.stdout:May 27 06:57:54 smithi043 ceph-mon[31531]: from='client.14156 -' entity='client.admin' cmd=[{"prefix": "mgr_status"}]: dispatch
2024-05-27T06:57:55.750 INFO:journalctl@ceph.mon.a.smithi043.stdout:May 27 06:57:55 smithi043 ceph-mon[31531]: mgrmap e12: x(active, since 2s)
2024-05-27T06:57:55.750 INFO:journalctl@ceph.mon.a.smithi043.stdout:May 27 06:57:55 smithi043 ceph-mon[31531]: from='mgr.14152 172.21.15.43:0/3659261064' entity='mgr.x'
2024-05-27T06:57:56.704 INFO:journalctl@ceph.mon.a.smithi043.stdout:May 27 06:57:56 smithi043 ceph-mon[31531]: from='client.14164 -' entity='client.admin' cmd=[{"prefix": "dashboard create-self-signed-cert", "target": ["mon-mgr", ""]}]: dispatch
2024-05-27T06:57:56.704 INFO:journalctl@ceph.mon.a.smithi043.stdout:May 27 06:57:56 smithi043 ceph-mon[31531]: from='mgr.14152 172.21.15.43:0/3659261064' entity='mgr.x'
2024-05-27T06:57:56.704 INFO:journalctl@ceph.mon.a.smithi043.stdout:May 27 06:57:56 smithi043 ceph-mon[31531]: from='mgr.14152 172.21.15.43:0/3659261064' entity='mgr.x'
2024-05-27T06:57:56.720 INFO:teuthology.orchestra.run.smithi043.stdout:/usr/bin/ceph: stdout Self-signed certificate created
2024-05-27T06:57:56.720 INFO:teuthology.orchestra.run.smithi043.stdout:/usr/bin/ceph: stderr
2024-05-27T06:57:55.494+0000 7f3110400700 1 Processor -- start
2024-05-27T06:57:56.720 INFO:teuthology.orchestra.run.smithi043.stdout:/usr/bin/ceph: stderr
2024-05-27T06:57:55.494+0000 7f3110400700 1 -- start start
2024-05-27T06:57:56.720 INFO:teuthology.orchestra.run.smithi043.stdout:/usr/bin/ceph: stderr
2024-05-27T06:57:55.495+0000 7f3110400700 1 --2- >> [v2:172.21.15.43:3300/0,v1:172.21.15.43:6789/0] conn(0x7f3108109a80 0x7f3108109e90 unknown :-1 s=NONE pgs=0 cs=0 l=0 rev1=0 crypto rx=0 tx=0 comp rx=0 tx=0).connect
2024-05-27T06:57:56.720 INFO:teuthology.orchestra.run.smithi043.stdout:/usr/bin/ceph: stderr
2024-05-27T06:57:55.495+0000 7f3110400700 1 -- --> [v2:172.21.15.43:3300/0,v1:172.21.15.43:6789/0] -- mon_getmap magic: 0 -- 0x7f310810a480 con 0x7f3108109a80
2024-05-27T06:57:56.720 INFO:teuthology.orchestra.run.smithi043.stdout:/usr/bin/ceph: stderr
2024-05-27T06:57:55.495+0000 7f310da00700 1 --2- >> [v2:172.21.15.43:3300/0,v1:172.21.15.43:6789/0] conn(0x7f3108109a80 0x7f3108109e90 unknown :-1 s=BANNER_CONNECTING pgs=0 cs=0 l=0 rev1=0 crypto rx=0 tx=0 comp rx=0 tx=0)._handle_peer_banner_payload supported=3 required=0
2024-05-27T06:57:56.720 INFO:teuthology.orchestra.run.smithi043.stdout:/usr/bin/ceph: stderr
2024-05-27T06:57:55.495+0000 7f310da00700 1 --2- >> [v2:172.21.15.43:3300/0,v1:172.21.15.43:6789/0] conn(0x7f3108109a80 0x7f3108109e90 unknown :-1 s=HELLO_CONNECTING pgs=0 cs=0 l=0 rev1=1 crypto rx=0 tx=0 comp rx=0 tx=0).handle_hello peer v2:172.21.15.43:3300/0 says I am v2:172.21.15.43:33298/0 (socket says 172.21.15.43:33298)
2024-05-27T06:57:56.720 INFO:teuthology.orchestra.run.smithi043.stdout:/usr/bin/ceph: stderr
2024-05-27T06:57:55.495+0000 7f310da00700 1 -- 172.21.15.43:0/2425703935 learned_addr learned my addr 172.21.15.43:0/2425703935 (peer_addr_for_me v2:172.21.15.43:0/0)
2024-05-27T06:57:56.721 INFO:teuthology.orchestra.run.smithi043.stdout:/usr/bin/ceph: stderr
2024-05-27T06:57:55.496+0000 7f310da00700 1 -- 172.21.15.43:0/2425703935 --> [v2:172.21.15.43:3300/0,v1:172.21.15.43:6789/0] -- mon_subscribe({config=0+,monmap=0+}) -- 0x7f310810abb0 con 0x7f3108109a80
2024-05-27T06:57:56.721 INFO:teuthology.orchestra.run.smithi043.stdout:/usr/bin/ceph: stderr
2024-05-27T06:57:55.496+0000 7f310da00700 1 --2- 172.21.15.43:0/2425703935 >> [v2:172.21.15.43:3300/0,v1:172.21.15.43:6789/0] conn(0x7f3108109a80 0x7f3108109e90 secure :-1 s=READY pgs=70 cs=0 l=1 rev1=1 crypto rx=0x7f30fc0098a0 tx=0x7f30fc009bb0 comp rx=0 tx=0).ready entity=mon.0 client_cookie=26f6bc5b85b7bbd server_cookie=0 in_seq=0 out_seq=0
2024-05-27T06:57:56.721 INFO:teuthology.orchestra.run.smithi043.stdout:/usr/bin/ceph: stderr
2024-05-27T06:57:55.496+0000 7f3107e00700 1 -- 172.21.15.43:0/2425703935 <== mon.0 v2:172.21.15.43:3300/0 1 ==== mon_map magic: 0 ==== 205+0+0 (secure 0 0 0) 0x7f30fc004160 con 0x7f3108109a80
2024-05-27T06:57:56.721 INFO:teuthology.orchestra.run.smithi043.stdout:/usr/bin/ceph: stderr
2024-05-27T06:57:55.497+0000 7f3107e00700 1 -- 172.21.15.43:0/2425703935 <== mon.0 v2:172.21.15.43:3300/0 2 ==== config(25 keys) ==== 1063+0+0 (secure 0 0 0) 0x7f30fc004300 con 0x7f3108109a80
2024-05-27T06:57:56.721 INFO:teuthology.orchestra.run.smithi043.stdout:/usr/bin/ceph: stderr
2024-05-27T06:57:55.497+0000 7f3107e00700 1 -- 172.21.15.43:0/2425703935 <== mon.0 v2:172.21.15.43:3300/0 3 ==== mon_map magic: 0 ==== 205+0+0 (secure 0 0 0) 0x7f30fc011960 con 0x7f3108109a80
2024-05-27T06:57:56.721 INFO:teuthology.orchestra.run.smithi043.stdout:/usr/bin/ceph: stderr
2024-05-27T06:57:55.498+0000 7f3110400700 1 -- 172.21.15.43:0/2425703935 >> [v2:172.21.15.43:3300/0,v1:172.21.15.43:6789/0] conn(0x7f3108109a80 msgr2=0x7f3108109e90 secure :-1 s=STATE_CONNECTION_ESTABLISHED l=1).mark_down
2024-05-27T06:57:56.721 INFO:teuthology.orchestra.run.smithi043.stdout:/usr/bin/ceph: stderr
2024-05-27T06:57:55.498+0000 7f3110400700 1 --2- 172.21.15.43:0/2425703935 >> [v2:172.21.15.43:3300/0,v1:172.21.15.43:6789/0] conn(0x7f3108109a80 0x7f3108109e90 secure :-1 s=READY pgs=70 cs=0 l=1 rev1=1 crypto rx=0x7f30fc0098a0 tx=0x7f30fc009bb0 comp rx=0 tx=0).stop
2024-05-27T06:57:56.722 INFO:teuthology.orchestra.run.smithi043.stdout:/usr/bin/ceph: stderr
2024-05-27T06:57:55.498+0000 7f3110400700 1 -- 172.21.15.43:0/2425703935 shutdown_connections
2024-05-27T06:57:56.722 INFO:teuthology.orchestra.run.smithi043.stdout:/usr/bin/ceph: stderr
2024-05-27T06:57:55.498+0000 7f3110400700 1 --2- 172.21.15.43:0/2425703935 >> [v2:172.21.15.43:3300/0,v1:172.21.15.43:6789/0] conn(0x7f3108109a80 0x7f3108109e90 unknown :-1 s=CLOSED pgs=70 cs=0 l=1 rev1=1 crypto rx=0 tx=0 comp rx=0 tx=0).stop
2024-05-27T06:57:56.722 INFO:teuthology.orchestra.run.smithi043.stdout:/usr/bin/ceph: stderr
2024-05-27T06:57:55.498+0000 7f3110400700 1 -- 172.21.15.43:0/2425703935 >> 172.21.15.43:0/2425703935 conn(0x7f3108105100 msgr2=0x7f3108107570 unknown :-1 s=STATE_NONE l=0).mark_down
2024-05-27T06:57:56.726 INFO:teuthology.orchestra.run.smithi043.stdout:/usr/bin/ceph: stderr
2024-05-27T06:57:55.498+0000 7f3110400700 1 -- 172.21.15.43:0/2425703935 shutdown_connections
