2024-05-27T06:57:56.726 INFO:teuthology.orchestra.run.smithi043.stdout:/usr/bin/ceph: stderr
2024-05-27T06:57:55.498+0000 7f3110400700 1 -- 172.21.15.43:0/2425703935 wait complete.
2024-05-27T06:57:56.726 INFO:teuthology.orchestra.run.smithi043.stdout:/usr/bin/ceph: stderr
2024-05-27T06:57:55.499+0000 7f3110400700 1 Processor -- start
2024-05-27T06:57:56.726 INFO:teuthology.orchestra.run.smithi043.stdout:/usr/bin/ceph: stderr
2024-05-27T06:57:55.499+0000 7f3110400700 1 -- start start
2024-05-27T06:57:56.726 INFO:teuthology.orchestra.run.smithi043.stdout:/usr/bin/ceph: stderr
2024-05-27T06:57:55.500+0000 7f3110400700 1 --2- >> [v2:172.21.15.43:3300/0,v1:172.21.15.43:6789/0] conn(0x7f3108109a80 0x7f310819dc80 unknown :-1 s=NONE pgs=0 cs=0 l=1 rev1=0 crypto rx=0 tx=0 comp rx=0 tx=0).connect
2024-05-27T06:57:56.726 INFO:teuthology.orchestra.run.smithi043.stdout:/usr/bin/ceph: stderr
2024-05-27T06:57:55.500+0000 7f3110400700 1 -- --> [v2:172.21.15.43:3300/0,v1:172.21.15.43:6789/0] -- mon_getmap magic: 0 -- 0x7f310810df60 con 0x7f3108109a80
2024-05-27T06:57:56.726 INFO:teuthology.orchestra.run.smithi043.stdout:/usr/bin/ceph: stderr
2024-05-27T06:57:55.500+0000 7f310da00700 1 --2- >> [v2:172.21.15.43:3300/0,v1:172.21.15.43:6789/0] conn(0x7f3108109a80 0x7f310819dc80 unknown :-1 s=BANNER_CONNECTING pgs=0 cs=0 l=1 rev1=0 crypto rx=0 tx=0 comp rx=0 tx=0)._handle_peer_banner_payload supported=3 required=0
2024-05-27T06:57:56.726 INFO:teuthology.orchestra.run.smithi043.stdout:/usr/bin/ceph: stderr
2024-05-27T06:57:55.500+0000 7f310da00700 1 --2- >> [v2:172.21.15.43:3300/0,v1:172.21.15.43:6789/0] conn(0x7f3108109a80 0x7f310819dc80 unknown :-1 s=HELLO_CONNECTING pgs=0 cs=0 l=1 rev1=1 crypto rx=0 tx=0 comp rx=0 tx=0).handle_hello peer v2:172.21.15.43:3300/0 says I am v2:172.21.15.43:33312/0 (socket says 172.21.15.43:33312)
2024-05-27T06:57:56.727 INFO:teuthology.orchestra.run.smithi043.stdout:/usr/bin/ceph: stderr
2024-05-27T06:57:55.500+0000 7f310da00700 1 -- 172.21.15.43:0/1812957873 learned_addr learned my addr 172.21.15.43:0/1812957873 (peer_addr_for_me v2:172.21.15.43:0/0)
2024-05-27T06:57:56.727 INFO:teuthology.orchestra.run.smithi043.stdout:/usr/bin/ceph: stderr
2024-05-27T06:57:55.500+0000 7f310da00700 1 -- 172.21.15.43:0/1812957873 --> [v2:172.21.15.43:3300/0,v1:172.21.15.43:6789/0] -- mon_subscribe({config=0+,monmap=0+}) -- 0x7f310819e1c0 con 0x7f3108109a80
2024-05-27T06:57:56.727 INFO:teuthology.orchestra.run.smithi043.stdout:/usr/bin/ceph: stderr
2024-05-27T06:57:55.501+0000 7f310da00700 1 --2- 172.21.15.43:0/1812957873 >> [v2:172.21.15.43:3300/0,v1:172.21.15.43:6789/0] conn(0x7f3108109a80 0x7f310819dc80 secure :-1 s=READY pgs=71 cs=0 l=1 rev1=1 crypto rx=0x7f30fc011980 tx=0x7f30fc011a60 comp rx=0 tx=0).ready entity=mon.0 client_cookie=0 server_cookie=0 in_seq=0 out_seq=0
2024-05-27T06:57:56.727 INFO:teuthology.orchestra.run.smithi043.stdout:/usr/bin/ceph: stderr
2024-05-27T06:57:55.501+0000 7f3106000700 1 -- 172.21.15.43:0/1812957873 <== mon.0 v2:172.21.15.43:3300/0 1 ==== mon_map magic: 0 ==== 205+0+0 (secure 0 0 0) 0x7f30fc01f070 con 0x7f3108109a80
2024-05-27T06:57:56.727 INFO:teuthology.orchestra.run.smithi043.stdout:/usr/bin/ceph: stderr
2024-05-27T06:57:55.501+0000 7f3106000700 1 -- 172.21.15.43:0/1812957873 <== mon.0 v2:172.21.15.43:3300/0 2 ==== config(25 keys) ==== 1063+0+0 (secure 0 0 0) 0x7f30fc003aa0 con 0x7f3108109a80
2024-05-27T06:57:56.727 INFO:teuthology.orchestra.run.smithi043.stdout:/usr/bin/ceph: stderr
2024-05-27T06:57:55.501+0000 7f3110400700 1 -- 172.21.15.43:0/1812957873 --> [v2:172.21.15.43:3300/0,v1:172.21.15.43:6789/0] -- mon_subscribe({mgrmap=0+}) -- 0x7f310819e450 con 0x7f3108109a80
2024-05-27T06:57:56.727 INFO:teuthology.orchestra.run.smithi043.stdout:/usr/bin/ceph: stderr
2024-05-27T06:57:55.501+0000 7f3106000700 1 -- 172.21.15.43:0/1812957873 <== mon.0 v2:172.21.15.43:3300/0 3 ==== mon_map magic: 0 ==== 205+0+0 (secure 0 0 0) 0x7f30fc019560 con 0x7f3108109a80
2024-05-27T06:57:56.727 INFO:teuthology.orchestra.run.smithi043.stdout:/usr/bin/ceph: stderr
2024-05-27T06:57:55.501+0000 7f3110400700 1 -- 172.21.15.43:0/1812957873 --> [v2:172.21.15.43:3300/0,v1:172.21.15.43:6789/0] -- mon_subscribe({osdmap=0}) -- 0x7f31081a1060 con 0x7f3108109a80
2024-05-27T06:57:56.727 INFO:teuthology.orchestra.run.smithi043.stdout:/usr/bin/ceph: stderr
2024-05-27T06:57:55.503+0000 7f3110400700 1 -- 172.21.15.43:0/1812957873 --> [v2:172.21.15.43:3300/0,v1:172.21.15.43:6789/0] -- mon_command({"prefix": "get_command_descriptions"} v 0) -- 0x7f310810e0e0 con 0x7f3108109a80
2024-05-27T06:57:56.727 INFO:teuthology.orchestra.run.smithi043.stdout:/usr/bin/ceph: stderr
2024-05-27T06:57:55.503+0000 7f3106000700 1 -- 172.21.15.43:0/1812957873 <== mon.0 v2:172.21.15.43:3300/0 4 ==== mgrmap(e 12) ==== 50235+0+0 (secure 0 0 0) 0x7f30fc022070 con 0x7f3108109a80
2024-05-27T06:57:56.728 INFO:teuthology.orchestra.run.smithi043.stdout:/usr/bin/ceph: stderr
2024-05-27T06:57:55.504+0000 7f3106000700 1 --2- 172.21.15.43:0/1812957873 >> [v2:172.21.15.43:6800/1809594794,v1:172.21.15.43:6801/1809594794] conn(0x7f30f003e4c0 0x7f30f00409d0 unknown :-1 s=NONE pgs=0 cs=0 l=1 rev1=0 crypto rx=0 tx=0 comp rx=0 tx=0).connect
2024-05-27T06:57:56.728 INFO:teuthology.orchestra.run.smithi043.stdout:/usr/bin/ceph: stderr
2024-05-27T06:57:55.504+0000 7f3106000700 1 -- 172.21.15.43:0/1812957873 <== mon.0 v2:172.21.15.43:3300/0 5 ==== osd_map(3..3 src has 1..3) ==== 1155+0+0 (secure 0 0 0) 0x7f30fc053d20 con 0x7f3108109a80
2024-05-27T06:57:56.728 INFO:teuthology.orchestra.run.smithi043.stdout:/usr/bin/ceph: stderr
2024-05-27T06:57:55.504+0000 7f310d000700 1 --2- 172.21.15.43:0/1812957873 >> [v2:172.21.15.43:6800/1809594794,v1:172.21.15.43:6801/1809594794] conn(0x7f30f003e4c0 0x7f30f00409d0 unknown :-1 s=BANNER_CONNECTING pgs=0 cs=0 l=1 rev1=0 crypto rx=0 tx=0 comp rx=0 tx=0)._handle_peer_banner_payload supported=3 required=0
2024-05-27T06:57:56.728 INFO:teuthology.orchestra.run.smithi043.stdout:/usr/bin/ceph: stderr
2024-05-27T06:57:55.505+0000 7f310d000700 1 --2- 172.21.15.43:0/1812957873 >> [v2:172.21.15.43:6800/1809594794,v1:172.21.15.43:6801/1809594794] conn(0x7f30f003e4c0 0x7f30f00409d0 secure :-1 s=READY pgs=7 cs=0 l=1 rev1=1 crypto rx=0x7f30f4006fd0 tx=0x7f30f4006e40 comp rx=0 tx=0).ready entity=mgr.14152 client_cookie=0 server_cookie=0 in_seq=0 out_seq=0
2024-05-27T06:57:56.728 INFO:teuthology.orchestra.run.smithi043.stdout:/usr/bin/ceph: stderr
2024-05-27T06:57:55.510+0000 7f3106000700 1 -- 172.21.15.43:0/1812957873 <== mon.0 v2:172.21.15.43:3300/0 6 ==== mon_command_ack([{"prefix": "get_command_descriptions"}]=0 v0) ==== 72+0+191963 (secure 0 0 0) 0x7f30fc019d30 con 0x7f3108109a80
2024-05-27T06:57:56.728 INFO:teuthology.orchestra.run.smithi043.stdout:/usr/bin/ceph: stderr
2024-05-27T06:57:55.757+0000 7f3110400700 1 -- 172.21.15.43:0/1812957873 --> [v2:172.21.15.43:6800/1809594794,v1:172.21.15.43:6801/1809594794] -- mgr_command(tid 0: {"prefix": "dashboard create-self-signed-cert", "target": ["mon-mgr", ""]}) -- 0x7f3108106080 con 0x7f30f003e4c0
2024-05-27T06:57:56.728 INFO:teuthology.orchestra.run.smithi043.stdout:/usr/bin/ceph: stderr
2024-05-27T06:57:56.025+0000 7f3106000700 1 -- 172.21.15.43:0/1812957873 <== mgr.14152 v2:172.21.15.43:6800/1809594794 1 ==== mgr_command_reply(tid 0: 0 ) ==== 8+0+32 (secure 0 0 0) 0x7f3108106080 con 0x7f30f003e4c0
2024-05-27T06:57:56.728 INFO:teuthology.orchestra.run.smithi043.stdout:/usr/bin/ceph: stderr
2024-05-27T06:57:56.028+0000 7f3110400700 1 -- 172.21.15.43:0/1812957873 >> [v2:172.21.15.43:6800/1809594794,v1:172.21.15.43:6801/1809594794] conn(0x7f30f003e4c0 msgr2=0x7f30f00409d0 secure :-1 s=STATE_CONNECTION_ESTABLISHED l=1).mark_down
2024-05-27T06:57:56.728 INFO:teuthology.orchestra.run.smithi043.stdout:/usr/bin/ceph: stderr
2024-05-27T06:57:56.028+0000 7f3110400700 1 --2- 172.21.15.43:0/1812957873 >> [v2:172.21.15.43:6800/1809594794,v1:172.21.15.43:6801/1809594794] conn(0x7f30f003e4c0 0x7f30f00409d0 secure :-1 s=READY pgs=7 cs=0 l=1 rev1=1 crypto rx=0x7f30f4006fd0 tx=0x7f30f4006e40 comp rx=0 tx=0).stop
2024-05-27T06:57:56.728 INFO:teuthology.orchestra.run.smithi043.stdout:/usr/bin/ceph: stderr
2024-05-27T06:57:56.028+0000 7f3110400700 1 -- 172.21.15.43:0/1812957873 >> [v2:172.21.15.43:3300/0,v1:172.21.15.43:6789/0] conn(0x7f3108109a80 msgr2=0x7f310819dc80 secure :-1 s=STATE_CONNECTION_ESTABLISHED l=1).mark_down
2024-05-27T06:57:56.728 INFO:teuthology.orchestra.run.smithi043.stdout:/usr/bin/ceph: stderr
2024-05-27T06:57:56.028+0000 7f3110400700 1 --2- 172.21.15.43:0/1812957873 >> [v2:172.21.15.43:3300/0,v1:172.21.15.43:6789/0] conn(0x7f3108109a80 0x7f310819dc80 secure :-1 s=READY pgs=71 cs=0 l=1 rev1=1 crypto rx=0x7f30fc011980 tx=0x7f30fc011a60 comp rx=0 tx=0).stop
2024-05-27T06:57:56.728 INFO:teuthology.orchestra.run.smithi043.stdout:/usr/bin/ceph: stderr
2024-05-27T06:57:56.028+0000 7f3110400700 1 -- 172.21.15.43:0/1812957873 shutdown_connections
2024-05-27T06:57:56.728 INFO:teuthology.orchestra.run.smithi043.stdout:/usr/bin/ceph: stderr
2024-05-27T06:57:56.028+0000 7f3110400700 1 --2- 172.21.15.43:0/1812957873 >> [v2:172.21.15.43:6800/1809594794,v1:172.21.15.43:6801/1809594794] conn(0x7f30f003e4c0 0x7f30f00409d0 unknown :-1 s=CLOSED pgs=7 cs=0 l=1 rev1=1 crypto rx=0 tx=0 comp rx=0 tx=0).stop
2024-05-27T06:57:56.729 INFO:teuthology.orchestra.run.smithi043.stdout:/usr/bin/ceph: stderr
2024-05-27T06:57:56.028+0000 7f3110400700 1 --2- 172.21.15.43:0/1812957873 >> [v2:172.21.15.43:3300/0,v1:172.21.15.43:6789/0] conn(0x7f3108109a80 0x7f310819dc80 unknown :-1 s=CLOSED pgs=71 cs=0 l=1 rev1=1 crypto rx=0 tx=0 comp rx=0 tx=0).stop
2024-05-27T06:57:56.729 INFO:teuthology.orchestra.run.smithi043.stdout:/usr/bin/ceph: stderr
2024-05-27T06:57:56.028+0000 7f3110400700 1 -- 172.21.15.43:0/1812957873 >> 172.21.15.43:0/1812957873 conn(0x7f3108105100 msgr2=0x7f3108105970 unknown :-1 s=STATE_NONE l=0).mark_down
2024-05-27T06:57:56.729 INFO:teuthology.orchestra.run.smithi043.stdout:/usr/bin/ceph: stderr
2024-05-27T06:57:56.029+0000 7f3110400700 1 -- 172.21.15.43:0/1812957873 shutdown_connections
2024-05-27T06:57:56.729 INFO:teuthology.orchestra.run.smithi043.stdout:/usr/bin/ceph: stderr
2024-05-27T06:57:56.029+0000 7f3110400700 1 -- 172.21.15.43:0/1812957873 wait complete.
2024-05-27T06:57:56.729 INFO:teuthology.orchestra.run.smithi043.stdout:Creating initial admin user...
2024-05-27T06:57:58.204 INFO:journalctl@ceph.mon.a.smithi043.stdout:May 27 06:57:58 smithi043 ceph-mon[31531]: from='mgr.14152 172.21.15.43:0/3659261064' entity='mgr.x'
2024-05-27T06:57:58.204 INFO:journalctl@ceph.mon.a.smithi043.stdout:May 27 06:57:58 smithi043 ceph-mon[31531]: from='client.14166 -' entity='client.admin' cmd=[{"prefix": "dashboard ac-user-create", "username": "admin", "rolename": "administrator", "force_password": true, "pwd_update_required": true, "target": ["mon-mgr", ""]}]: dispatch
2024-05-27T06:57:58.204 INFO:journalctl@ceph.mon.a.smithi043.stdout:May 27 06:57:58 smithi043 ceph-mon[31531]: from='mgr.14152 172.21.15.43:0/3659261064' entity='mgr.x'
2024-05-27T06:57:58.607 INFO:teuthology.orchestra.run.smithi043.stdout:/usr/bin/ceph: stdout {"username": "admin", "password": "$2b$12$zoeEuYMoOxzFCPOzpDwKJu6G0yMNxaAAaBu15CmH.8c3FwaoaZlAK", "roles": ["administrator"], "name": null, "email": null, "lastUpdate": 1716793077, "enabled": true, "pwdExpirationDate": null, "pwdUpdateRequired": true}
2024-05-27T06:57:58.607 INFO:teuthology.orchestra.run.smithi043.stdout:/usr/bin/ceph: stderr
2024-05-27T06:57:57.384+0000 7f5a4c400700 1 Processor -- start
2024-05-27T06:57:58.608 INFO:teuthology.orchestra.run.smithi043.stdout:/usr/bin/ceph: stderr
2024-05-27T06:57:57.384+0000 7f5a4c400700 1 -- start start
2024-05-27T06:57:58.608 INFO:teuthology.orchestra.run.smithi043.stdout:/usr/bin/ceph: stderr
2024-05-27T06:57:57.385+0000 7f5a4c400700 1 --2- >> [v2:172.21.15.43:3300/0,v1:172.21.15.43:6789/0] conn(0x7f5a44107da0 0x7f5a441081b0 unknown :-1 s=NONE pgs=0 cs=0 l=0 rev1=0 crypto rx=0 tx=0 comp rx=0 tx=0).connect
2024-05-27T06:57:58.608 INFO:teuthology.orchestra.run.smithi043.stdout:/usr/bin/ceph: stderr
2024-05-27T06:57:57.385+0000 7f5a4c400700 1 -- --> [v2:172.21.15.43:3300/0,v1:172.21.15.43:6789/0] -- mon_getmap magic: 0 -- 0x7f5a441087a0 con 0x7f5a44107da0
2024-05-27T06:57:58.608 INFO:teuthology.orchestra.run.smithi043.stdout:/usr/bin/ceph: stderr
2024-05-27T06:57:57.385+0000 7f5a49a00700 1 --2- >> [v2:172.21.15.43:3300/0,v1:172.21.15.43:6789/0] conn(0x7f5a44107da0 0x7f5a441081b0 unknown :-1 s=BANNER_CONNECTING pgs=0 cs=0 l=0 rev1=0 crypto rx=0 tx=0 comp rx=0 tx=0)._handle_peer_banner_payload supported=3 required=0
2024-05-27T06:57:58.608 INFO:teuthology.orchestra.run.smithi043.stdout:/usr/bin/ceph: stderr
2024-05-27T06:57:57.385+0000 7f5a49a00700 1 --2- >> [v2:172.21.15.43:3300/0,v1:172.21.15.43:6789/0] conn(0x7f5a44107da0 0x7f5a441081b0 unknown :-1 s=HELLO_CONNECTING pgs=0 cs=0 l=0 rev1=1 crypto rx=0 tx=0 comp rx=0 tx=0).handle_hello peer v2:172.21.15.43:3300/0 says I am v2:172.21.15.43:33320/0 (socket says 172.21.15.43:33320)
2024-05-27T06:57:58.608 INFO:teuthology.orchestra.run.smithi043.stdout:/usr/bin/ceph: stderr
2024-05-27T06:57:57.385+0000 7f5a49a00700 1 -- 172.21.15.43:0/3424826868 learned_addr learned my addr 172.21.15.43:0/3424826868 (peer_addr_for_me v2:172.21.15.43:0/0)
2024-05-27T06:57:58.608 INFO:teuthology.orchestra.run.smithi043.stdout:/usr/bin/ceph: stderr
2024-05-27T06:57:57.386+0000 7f5a49a00700 1 -- 172.21.15.43:0/3424826868 --> [v2:172.21.15.43:3300/0,v1:172.21.15.43:6789/0] -- mon_subscribe({config=0+,monmap=0+}) -- 0x7f5a44108920 con 0x7f5a44107da0
2024-05-27T06:57:58.608 INFO:teuthology.orchestra.run.smithi043.stdout:/usr/bin/ceph: stderr
2024-05-27T06:57:57.386+0000 7f5a49a00700 1 --2- 172.21.15.43:0/3424826868 >> [v2:172.21.15.43:3300/0,v1:172.21.15.43:6789/0] conn(0x7f5a44107da0 0x7f5a441081b0 secure :-1 s=READY pgs=72 cs=0 l=1 rev1=1 crypto rx=0x7f5a380098a0 tx=0x7f5a38009bb0 comp rx=0 tx=0).ready entity=mon.0 client_cookie=3c8d7e7de8a1cbd5 server_cookie=0 in_seq=0 out_seq=0
2024-05-27T06:57:58.608 INFO:teuthology.orchestra.run.smithi043.stdout:/usr/bin/ceph: stderr
2024-05-27T06:57:57.386+0000 7f5a43e00700 1 -- 172.21.15.43:0/3424826868 <== mon.0 v2:172.21.15.43:3300/0 1 ==== mon_map magic: 0 ==== 205+0+0 (secure 0 0 0) 0x7f5a38004160 con 0x7f5a44107da0
2024-05-27T06:57:58.608 INFO:teuthology.orchestra.run.smithi043.stdout:/usr/bin/ceph: stderr
2024-05-27T06:57:57.386+0000 7f5a43e00700 1 -- 172.21.15.43:0/3424826868 <== mon.0 v2:172.21.15.43:3300/0 2 ==== config(25 keys) ==== 1063+0+0 (secure 0 0 0) 0x7f5a38004300 con 0x7f5a44107da0
2024-05-27T06:57:58.608 INFO:teuthology.orchestra.run.smithi043.stdout:/usr/bin/ceph: stderr
2024-05-27T06:57:57.386+0000 7f5a43e00700 1 -- 172.21.15.43:0/3424826868 <== mon.0 v2:172.21.15.43:3300/0 3 ==== mon_map magic: 0 ==== 205+0+0 (secure 0 0 0) 0x7f5a38011960 con 0x7f5a44107da0
2024-05-27T06:57:58.613 INFO:teuthology.orchestra.run.smithi043.stdout:/usr/bin/ceph: stderr
2024-05-27T06:57:57.387+0000 7f5a4c400700 1 -- 172.21.15.43:0/3424826868 >> [v2:172.21.15.43:3300/0,v1:172.21.15.43:6789/0] conn(0x7f5a44107da0 msgr2=0x7f5a441081b0 secure :-1 s=STATE_CONNECTION_ESTABLISHED l=1).mark_down
2024-05-27T06:57:58.613 INFO:teuthology.orchestra.run.smithi043.stdout:/usr/bin/ceph: stderr
2024-05-27T06:57:57.387+0000 7f5a4c400700 1 --2- 172.21.15.43:0/3424826868 >> [v2:172.21.15.43:3300/0,v1:172.21.15.43:6789/0] conn(0x7f5a44107da0 0x7f5a441081b0 secure :-1 s=READY pgs=72 cs=0 l=1 rev1=1 crypto rx=0x7f5a380098a0 tx=0x7f5a38009bb0 comp rx=0 tx=0).stop
2024-05-27T06:57:58.613 INFO:teuthology.orchestra.run.smithi043.stdout:/usr/bin/ceph: stderr
2024-05-27T06:57:57.387+0000 7f5a4c400700 1 -- 172.21.15.43:0/3424826868 shutdown_connections
2024-05-27T06:57:58.613 INFO:teuthology.orchestra.run.smithi043.stdout:/usr/bin/ceph: stderr
2024-05-27T06:57:57.388+0000 7f5a4c400700 1 --2- 172.21.15.43:0/3424826868 >> [v2:172.21.15.43:3300/0,v1:172.21.15.43:6789/0] conn(0x7f5a44107da0 0x7f5a441081b0 unknown :-1 s=CLOSED pgs=72 cs=0 l=1 rev1=1 crypto rx=0 tx=0 comp rx=0 tx=0).stop
2024-05-27T06:57:58.613 INFO:teuthology.orchestra.run.smithi043.stdout:/usr/bin/ceph: stderr
2024-05-27T06:57:57.388+0000 7f5a4c400700 1 -- 172.21.15.43:0/3424826868 >> 172.21.15.43:0/3424826868 conn(0x7f5a44103720 msgr2=0x7f5a44105b70 unknown :-1 s=STATE_NONE l=0).mark_down
2024-05-27T06:57:58.613 INFO:teuthology.orchestra.run.smithi043.stdout:/usr/bin/ceph: stderr
2024-05-27T06:57:57.388+0000 7f5a4c400700 1 -- 172.21.15.43:0/3424826868 shutdown_connections
2024-05-27T06:57:58.613 INFO:teuthology.orchestra.run.smithi043.stdout:/usr/bin/ceph: stderr
2024-05-27T06:57:57.388+0000 7f5a4c400700 1 -- 172.21.15.43:0/3424826868 wait complete.
2024-05-27T06:57:58.613 INFO:teuthology.orchestra.run.smithi043.stdout:/usr/bin/ceph: stderr
2024-05-27T06:57:57.389+0000 7f5a4c400700 1 Processor -- start
2024-05-27T06:57:58.613 INFO:teuthology.orchestra.run.smithi043.stdout:/usr/bin/ceph: stderr
2024-05-27T06:57:57.389+0000 7f5a4c400700 1 -- start start
2024-05-27T06:57:58.613 INFO:teuthology.orchestra.run.smithi043.stdout:/usr/bin/ceph: stderr
2024-05-27T06:57:57.389+0000 7f5a4c400700 1 --2- >> [v2:172.21.15.43:3300/0,v1:172.21.15.43:6789/0] conn(0x7f5a44107da0 0x7f5a4419fed0 unknown :-1 s=NONE pgs=0 cs=0 l=1 rev1=0 crypto rx=0 tx=0 comp rx=0 tx=0).connect
2024-05-27T06:57:58.613 INFO:teuthology.orchestra.run.smithi043.stdout:/usr/bin/ceph: stderr
2024-05-27T06:57:57.389+0000 7f5a4c400700 1 -- --> [v2:172.21.15.43:3300/0,v1:172.21.15.43:6789/0] -- mon_getmap magic: 0 -- 0x7f5a4410dd60 con 0x7f5a44107da0
2024-05-27T06:57:58.614 INFO:teuthology.orchestra.run.smithi043.stdout:/usr/bin/ceph: stderr
2024-05-27T06:57:57.390+0000 7f5a49a00700 1 --2- >> [v2:172.21.15.43:3300/0,v1:172.21.15.43:6789/0] conn(0x7f5a44107da0 0x7f5a4419fed0 unknown :-1 s=BANNER_CONNECTING pgs=0 cs=0 l=1 rev1=0 crypto rx=0 tx=0 comp rx=0 tx=0)._handle_peer_banner_payload supported=3 required=0
2024-05-27T06:57:58.614 INFO:teuthology.orchestra.run.smithi043.stdout:/usr/bin/ceph: stderr
2024-05-27T06:57:57.390+0000 7f5a49a00700 1 --2- >> [v2:172.21.15.43:3300/0,v1:172.21.15.43:6789/0] conn(0x7f5a44107da0 0x7f5a4419fed0 unknown :-1 s=HELLO_CONNECTING pgs=0 cs=0 l=1 rev1=1 crypto rx=0 tx=0 comp rx=0 tx=0).handle_hello peer v2:172.21.15.43:3300/0 says I am v2:172.21.15.43:33332/0 (socket says 172.21.15.43:33332)
2024-05-27T06:57:58.614 INFO:teuthology.orchestra.run.smithi043.stdout:/usr/bin/ceph: stderr
2024-05-27T06:57:57.390+0000 7f5a49a00700 1 -- 172.21.15.43:0/3180488194 learned_addr learned my addr 172.21.15.43:0/3180488194 (peer_addr_for_me v2:172.21.15.43:0/0)
2024-05-27T06:57:58.614 INFO:teuthology.orchestra.run.smithi043.stdout:/usr/bin/ceph: stderr
2024-05-27T06:57:57.390+0000 7f5a49a00700 1 -- 172.21.15.43:0/3180488194 --> [v2:172.21.15.43:3300/0,v1:172.21.15.43:6789/0] -- mon_subscribe({config=0+,monmap=0+}) -- 0x7f5a441a0410 con 0x7f5a44107da0
2024-05-27T06:57:58.614 INFO:teuthology.orchestra.run.smithi043.stdout:/usr/bin/ceph: stderr
2024-05-27T06:57:57.391+0000 7f5a49a00700 1 --2- 172.21.15.43:0/3180488194 >> [v2:172.21.15.43:3300/0,v1:172.21.15.43:6789/0] conn(0x7f5a44107da0 0x7f5a4419fed0 secure :-1 s=READY pgs=73 cs=0 l=1 rev1=1 crypto rx=0x7f5a38003f50 tx=0x7f5a38011a30 comp rx=0 tx=0).ready entity=mon.0 client_cookie=0 server_cookie=0 in_seq=0 out_seq=0
2024-05-27T06:57:58.614 INFO:teuthology.orchestra.run.smithi043.stdout:/usr/bin/ceph: stderr
2024-05-27T06:57:57.391+0000 7f5a42000700 1 -- 172.21.15.43:0/3180488194 <== mon.0 v2:172.21.15.43:3300/0 1 ==== mon_map magic: 0 ==== 205+0+0 (secure 0 0 0) 0x7f5a3801f070 con 0x7f5a44107da0
2024-05-27T06:57:58.614 INFO:teuthology.orchestra.run.smithi043.stdout:/usr/bin/ceph: stderr
2024-05-27T06:57:57.391+0000 7f5a42000700 1 -- 172.21.15.43:0/3180488194 <== mon.0 v2:172.21.15.43:3300/0 2 ==== config(25 keys) ==== 1063+0+0 (secure 0 0 0) 0x7f5a38003aa0 con 0x7f5a44107da0
2024-05-27T06:57:58.614 INFO:teuthology.orchestra.run.smithi043.stdout:/usr/bin/ceph: stderr
2024-05-27T06:57:57.391+0000 7f5a42000700 1 -- 172.21.15.43:0/3180488194 <== mon.0 v2:172.21.15.43:3300/0 3 ==== mon_map magic: 0 ==== 205+0+0 (secure 0 0 0) 0x7f5a38019580 con 0x7f5a44107da0
2024-05-27T06:57:58.614 INFO:teuthology.orchestra.run.smithi043.stdout:/usr/bin/ceph: stderr
2024-05-27T06:57:57.391+0000 7f5a4c400700 1 -- 172.21.15.43:0/3180488194 --> [v2:172.21.15.43:3300/0,v1:172.21.15.43:6789/0] -- mon_subscribe({mgrmap=0+}) -- 0x7f5a441a06a0 con 0x7f5a44107da0
2024-05-27T06:57:58.614 INFO:teuthology.orchestra.run.smithi043.stdout:/usr/bin/ceph: stderr
2024-05-27T06:57:57.391+0000 7f5a4c400700 1 -- 172.21.15.43:0/3180488194 --> [v2:172.21.15.43:3300/0,v1:172.21.15.43:6789/0] -- mon_subscribe({osdmap=0}) -- 0x7f5a441a32b0 con 0x7f5a44107da0
2024-05-27T06:57:58.614 INFO:teuthology.orchestra.run.smithi043.stdout:/usr/bin/ceph: stderr
2024-05-27T06:57:57.392+0000 7f5a4c400700 1 -- 172.21.15.43:0/3180488194 --> [v2:172.21.15.43:3300/0,v1:172.21.15.43:6789/0] -- mon_command({"prefix": "get_command_descriptions"} v 0) -- 0x7f5a44064e10 con 0x7f5a44107da0
2024-05-27T06:57:58.614 INFO:teuthology.orchestra.run.smithi043.stdout:/usr/bin/ceph: stderr
2024-05-27T06:57:57.393+0000 7f5a42000700 1 -- 172.21.15.43:0/3180488194 <== mon.0 v2:172.21.15.43:3300/0 4 ==== mgrmap(e 12) ==== 50235+0+0 (secure 0 0 0) 0x7f5a38022070 con 0x7f5a44107da0
2024-05-27T06:57:58.614 INFO:teuthology.orchestra.run.smithi043.stdout:/usr/bin/ceph: stderr
2024-05-27T06:57:57.393+0000 7f5a42000700 1 --2- 172.21.15.43:0/3180488194 >> [v2:172.21.15.43:6800/1809594794,v1:172.21.15.43:6801/1809594794] conn(0x7f5a2c03e510 0x7f5a2c040a20 unknown :-1 s=NONE pgs=0 cs=0 l=1 rev1=0 crypto rx=0 tx=0 comp rx=0 tx=0).connect
2024-05-27T06:57:58.615 INFO:teuthology.orchestra.run.smithi043.stdout:/usr/bin/ceph: stderr
2024-05-27T06:57:57.393+0000 7f5a42000700 1 -- 172.21.15.43:0/3180488194 <== mon.0 v2:172.21.15.43:3300/0 5 ==== osd_map(3..3 src has 1..3) ==== 1155+0+0 (secure 0 0 0) 0x7f5a38053b50 con 0x7f5a44107da0
2024-05-27T06:57:58.615 INFO:teuthology.orchestra.run.smithi043.stdout:/usr/bin/ceph: stderr
2024-05-27T06:57:57.394+0000 7f5a49000700 1 --2- 172.21.15.43:0/3180488194 >> [v2:172.21.15.43:6800/1809594794,v1:172.21.15.43:6801/1809594794] conn(0x7f5a2c03e510 0x7f5a2c040a20 unknown :-1 s=BANNER_CONNECTING pgs=0 cs=0 l=1 rev1=0 crypto rx=0 tx=0 comp rx=0 tx=0)._handle_peer_banner_payload supported=3 required=0
2024-05-27T06:57:58.615 INFO:teuthology.orchestra.run.smithi043.stdout:/usr/bin/ceph: stderr
2024-05-27T06:57:57.395+0000 7f5a49000700 1 --2- 172.21.15.43:0/3180488194 >> [v2:172.21.15.43:6800/1809594794,v1:172.21.15.43:6801/1809594794] conn(0x7f5a2c03e510 0x7f5a2c040a20 secure :-1 s=READY pgs=8 cs=0 l=1 rev1=1 crypto rx=0x7f5a30006fd0 tx=0x7f5a30006e40 comp rx=0 tx=0).ready entity=mgr.14152 client_cookie=0 server_cookie=0 in_seq=0 out_seq=0
2024-05-27T06:57:58.615 INFO:teuthology.orchestra.run.smithi043.stdout:/usr/bin/ceph: stderr
2024-05-27T06:57:57.400+0000 7f5a42000700 1 -- 172.21.15.43:0/3180488194 <== mon.0 v2:172.21.15.43:3300/0 6 ==== mon_command_ack([{"prefix": "get_command_descriptions"}]=0 v0) ==== 72+0+191963 (secure 0 0 0) 0x7f5a3801ba80 con 0x7f5a44107da0
2024-05-27T06:57:58.615 INFO:teuthology.orchestra.run.smithi043.stdout:/usr/bin/ceph: stderr
2024-05-27T06:57:57.658+0000 7f5a4c400700 1 -- 172.21.15.43:0/3180488194 --> [v2:172.21.15.43:6800/1809594794,v1:172.21.15.43:6801/1809594794] -- mgr_command(tid 0: {"prefix": "dashboard ac-user-create", "username": "admin", "rolename": "administrator", "force_password": true, "pwd_update_required": true, "target": ["mon-mgr", ""]}) -- 0x7f5a441a3480 con 0x7f5a2c03e510
2024-05-27T06:57:58.615 INFO:teuthology.orchestra.run.smithi043.stdout:/usr/bin/ceph: stderr
2024-05-27T06:57:57.933+0000 7f5a42000700 1 -- 172.21.15.43:0/3180488194 <== mgr.14152 v2:172.21.15.43:6800/1809594794 1 ==== mgr_command_reply(tid 0: 0 ) ==== 8+0+252 (secure 0 0 0) 0x7f5a441a3480 con 0x7f5a2c03e510
2024-05-27T06:57:58.615 INFO:teuthology.orchestra.run.smithi043.stdout:/usr/bin/ceph: stderr
2024-05-27T06:57:57.936+0000 7f5a4c400700 1 -- 172.21.15.43:0/3180488194 >> [v2:172.21.15.43:6800/1809594794,v1:172.21.15.43:6801/1809594794] conn(0x7f5a2c03e510 msgr2=0x7f5a2c040a20 secure :-1 s=STATE_CONNECTION_ESTABLISHED l=1).mark_down
2024-05-27T06:57:58.615 INFO:teuthology.orchestra.run.smithi043.stdout:/usr/bin/ceph: stderr
2024-05-27T06:57:57.936+0000 7f5a4c400700 1 --2- 172.21.15.43:0/3180488194 >> [v2:172.21.15.43:6800/1809594794,v1:172.21.15.43:6801/1809594794] conn(0x7f5a2c03e510 0x7f5a2c040a20 secure :-1 s=READY pgs=8 cs=0 l=1 rev1=1 crypto rx=0x7f5a30006fd0 tx=0x7f5a30006e40 comp rx=0 tx=0).stop
2024-05-27T06:57:58.615 INFO:teuthology.orchestra.run.smithi043.stdout:/usr/bin/ceph: stderr
2024-05-27T06:57:57.936+0000 7f5a4c400700 1 -- 172.21.15.43:0/3180488194 >> [v2:172.21.15.43:3300/0,v1:172.21.15.43:6789/0] conn(0x7f5a44107da0 msgr2=0x7f5a4419fed0 secure :-1 s=STATE_CONNECTION_ESTABLISHED l=1).mark_down
2024-05-27T06:57:58.615 INFO:teuthology.orchestra.run.smithi043.stdout:/usr/bin/ceph: stderr
2024-05-27T06:57:57.936+0000 7f5a4c400700 1 --2- 172.21.15.43:0/3180488194 >> [v2:172.21.15.43:3300/0,v1:172.21.15.43:6789/0] conn(0x7f5a44107da0 0x7f5a4419fed0 secure :-1 s=READY pgs=73 cs=0 l=1 rev1=1 crypto rx=0x7f5a38003f50 tx=0x7f5a38011a30 comp rx=0 tx=0).stop
2024-05-27T06:57:58.615 INFO:teuthology.orchestra.run.smithi043.stdout:/usr/bin/ceph: stderr
2024-05-27T06:57:57.937+0000 7f5a4c400700 1 -- 172.21.15.43:0/3180488194 shutdown_connections
2024-05-27T06:57:58.615 INFO:teuthology.orchestra.run.smithi043.stdout:/usr/bin/ceph: stderr
2024-05-27T06:57:57.937+0000 7f5a4c400700 1 --2- 172.21.15.43:0/3180488194 >> [v2:172.21.15.43:6800/1809594794,v1:172.21.15.43:6801/1809594794] conn(0x7f5a2c03e510 0x7f5a2c040a20 unknown :-1 s=CLOSED pgs=8 cs=0 l=1 rev1=1 crypto rx=0 tx=0 comp rx=0 tx=0).stop
2024-05-27T06:57:58.615 INFO:teuthology.orchestra.run.smithi043.stdout:/usr/bin/ceph: stderr
2024-05-27T06:57:57.937+0000 7f5a4c400700 1 --2- 172.21.15.43:0/3180488194 >> [v2:172.21.15.43:3300/0,v1:172.21.15.43:6789/0] conn(0x7f5a44107da0 0x7f5a4419fed0 unknown :-1 s=CLOSED pgs=73 cs=0 l=1 rev1=1 crypto rx=0 tx=0 comp rx=0 tx=0).stop
2024-05-27T06:57:58.616 INFO:teuthology.orchestra.run.smithi043.stdout:/usr/bin/ceph: stderr
2024-05-27T06:57:57.937+0000 7f5a4c400700 1 -- 172.21.15.43:0/3180488194 >> 172.21.15.43:0/3180488194 conn(0x7f5a44103720 msgr2=0x7f5a44103fb0 unknown :-1 s=STATE_NONE l=0).mark_down
2024-05-27T06:57:58.616 INFO:teuthology.orchestra.run.smithi043.stdout:/usr/bin/ceph: stderr
2024-05-27T06:57:57.937+0000 7f5a4c400700 1 -- 172.21.15.43:0/3180488194 shutdown_connections
2024-05-27T06:57:58.616 INFO:teuthology.orchestra.run.smithi043.stdout:/usr/bin/ceph: stderr
2024-05-27T06:57:57.937+0000 7f5a4c400700 1 -- 172.21.15.43:0/3180488194 wait complete.
2024-05-27T06:57:58.616 INFO:teuthology.orchestra.run.smithi043.stdout:Fetching dashboard port number...
2024-05-27T06:58:00.303 INFO:journalctl@ceph.mon.a.smithi043.stdout:May 27 06:58:00 smithi043 ceph-mon[31531]: mgrmap e13: x(active, since 6s)
2024-05-27T06:58:00.304 INFO:journalctl@ceph.mon.a.smithi043.stdout:May 27 06:58:00 smithi043 ceph-mon[31531]: from='client.? 172.21.15.43:0/507373847' entity='client.admin' cmd=[{"prefix": "config get", "who": "mgr", "key": "mgr/dashboard/ssl_server_port"}]: dispatch
2024-05-27T06:58:00.667 INFO:teuthology.orchestra.run.smithi043.stdout:/usr/bin/ceph: stdout 8443
2024-05-27T06:58:00.667 INFO:teuthology.orchestra.run.smithi043.stdout:/usr/bin/ceph: stderr
2024-05-27T06:57:59.548+0000 7f6442000700 1 Processor -- start
2024-05-27T06:58:00.667 INFO:teuthology.orchestra.run.smithi043.stdout:/usr/bin/ceph: stderr
2024-05-27T06:57:59.549+0000 7f6442000700 1 -- start start
2024-05-27T06:58:00.667 INFO:teuthology.orchestra.run.smithi043.stdout:/usr/bin/ceph: stderr
2024-05-27T06:57:59.549+0000 7f6442000700 1 --2- >> [v2:172.21.15.43:3300/0,v1:172.21.15.43:6789/0] conn(0x7f643c07ecf0 0x7f643c07d1c0 unknown :-1 s=NONE pgs=0 cs=0 l=0 rev1=0 crypto rx=0 tx=0 comp rx=0 tx=0).connect
2024-05-27T06:58:00.667 INFO:teuthology.orchestra.run.smithi043.stdout:/usr/bin/ceph: stderr
2024-05-27T06:57:59.549+0000 7f6442000700 1 -- --> [v2:172.21.15.43:3300/0,v1:172.21.15.43:6789/0] -- mon_getmap magic: 0 -- 0x7f643c07d700 con 0x7f643c07ecf0
2024-05-27T06:58:00.668 INFO:teuthology.orchestra.run.smithi043.stdout:/usr/bin/ceph: stderr
2024-05-27T06:57:59.550+0000 7f6440c00700 1 --2- >> [v2:172.21.15.43:3300/0,v1:172.21.15.43:6789/0] conn(0x7f643c07ecf0 0x7f643c07d1c0 unknown :-1 s=BANNER_CONNECTING pgs=0 cs=0 l=0 rev1=0 crypto rx=0 tx=0 comp rx=0 tx=0)._handle_peer_banner_payload supported=3 required=0
2024-05-27T06:58:00.668 INFO:teuthology.orchestra.run.smithi043.stdout:/usr/bin/ceph: stderr
2024-05-27T06:57:59.550+0000 7f6440c00700 1 --2- >> [v2:172.21.15.43:3300/0,v1:172.21.15.43:6789/0] conn(0x7f643c07ecf0 0x7f643c07d1c0 unknown :-1 s=HELLO_CONNECTING pgs=0 cs=0 l=0 rev1=1 crypto rx=0 tx=0 comp rx=0 tx=0).handle_hello peer v2:172.21.15.43:3300/0 says I am v2:172.21.15.43:33334/0 (socket says 172.21.15.43:33334)
2024-05-27T06:58:00.668 INFO:teuthology.orchestra.run.smithi043.stdout:/usr/bin/ceph: stderr
2024-05-27T06:57:59.550+0000 7f6440c00700 1 -- 172.21.15.43:0/1671896759 learned_addr learned my addr 172.21.15.43:0/1671896759 (peer_addr_for_me v2:172.21.15.43:0/0)
2024-05-27T06:58:00.668 INFO:teuthology.orchestra.run.smithi043.stdout:/usr/bin/ceph: stderr
2024-05-27T06:57:59.550+0000 7f6440c00700 1 -- 172.21.15.43:0/1671896759 --> [v2:172.21.15.43:3300/0,v1:172.21.15.43:6789/0] -- mon_subscribe({config=0+,monmap=0+}) -- 0x7f643c07d880 con 0x7f643c07ecf0
2024-05-27T06:58:00.668 INFO:teuthology.orchestra.run.smithi043.stdout:/usr/bin/ceph: stderr
2024-05-27T06:57:59.550+0000 7f6440c00700 1 --2- 172.21.15.43:0/1671896759 >> [v2:172.21.15.43:3300/0,v1:172.21.15.43:6789/0] conn(0x7f643c07ecf0 0x7f643c07d1c0 secure :-1 s=READY pgs=74 cs=0 l=1 rev1=1 crypto rx=0x7f642c0098a0 tx=0x7f642c009bb0 comp rx=0 tx=0).ready entity=mon.0 client_cookie=fc56f5a870dc112e server_cookie=0 in_seq=0 out_seq=0
2024-05-27T06:58:00.669 INFO:teuthology.orchestra.run.smithi043.stdout:/usr/bin/ceph: stderr
2024-05-27T06:57:59.551+0000 7f643be00700 1 -- 172.21.15.43:0/1671896759 <== mon.0 v2:172.21.15.43:3300/0 1 ==== mon_map magic: 0 ==== 205+0+0 (secure 0 0 0) 0x7f642c004160 con 0x7f643c07ecf0
2024-05-27T06:58:00.669 INFO:teuthology.orchestra.run.smithi043.stdout:/usr/bin/ceph: stderr
2024-05-27T06:57:59.551+0000 7f643be00700 1 -- 172.21.15.43:0/1671896759 <== mon.0 v2:172.21.15.43:3300/0 2 ==== config(25 keys) ==== 1063+0+0 (secure 0 0 0) 0x7f642c004300 con 0x7f643c07ecf0
2024-05-27T06:58:00.670 INFO:teuthology.orchestra.run.smithi043.stdout:/usr/bin/ceph: stderr
2024-05-27T06:57:59.551+0000 7f643be00700 1 -- 172.21.15.43:0/1671896759 <== mon.0 v2:172.21.15.43:3300/0 3 ==== mon_map magic: 0 ==== 205+0+0 (secure 0 0 0) 0x7f642c011960 con 0x7f643c07ecf0
2024-05-27T06:58:00.670 INFO:teuthology.orchestra.run.smithi043.stdout:/usr/bin/ceph: stderr
2024-05-27T06:57:59.552+0000 7f6442000700 1 -- 172.21.15.43:0/1671896759 >> [v2:172.21.15.43:3300/0,v1:172.21.15.43:6789/0] conn(0x7f643c07ecf0 msgr2=0x7f643c07d1c0 secure :-1 s=STATE_CONNECTION_ESTABLISHED l=1).mark_down
2024-05-27T06:58:00.670 INFO:teuthology.orchestra.run.smithi043.stdout:/usr/bin/ceph: stderr
2024-05-27T06:57:59.552+0000 7f6442000700 1 --2- 172.21.15.43:0/1671896759 >> [v2:172.21.15.43:3300/0,v1:172.21.15.43:6789/0] conn(0x7f643c07ecf0 0x7f643c07d1c0 secure :-1 s=READY pgs=74 cs=0 l=1 rev1=1 crypto rx=0x7f642c0098a0 tx=0x7f642c009bb0 comp rx=0 tx=0).stop
2024-05-27T06:58:00.670 INFO:teuthology.orchestra.run.smithi043.stdout:/usr/bin/ceph: stderr
2024-05-27T06:57:59.552+0000 7f6442000700 1 -- 172.21.15.43:0/1671896759 shutdown_connections
2024-05-27T06:58:00.670 INFO:teuthology.orchestra.run.smithi043.stdout:/usr/bin/ceph: stderr
2024-05-27T06:57:59.552+0000 7f6442000700 1 --2- 172.21.15.43:0/1671896759 >> [v2:172.21.15.43:3300/0,v1:172.21.15.43:6789/0] conn(0x7f643c07ecf0 0x7f643c07d1c0 unknown :-1 s=CLOSED pgs=74 cs=0 l=1 rev1=1 crypto rx=0 tx=0 comp rx=0 tx=0).stop
2024-05-27T06:58:00.670 INFO:teuthology.orchestra.run.smithi043.stdout:/usr/bin/ceph: stderr
2024-05-27T06:57:59.552+0000 7f6442000700 1 -- 172.21.15.43:0/1671896759 >> 172.21.15.43:0/1671896759 conn(0x7f643c104f00 msgr2=0x7f643c107390 unknown :-1 s=STATE_NONE l=0).mark_down
2024-05-27T06:58:00.670 INFO:teuthology.orchestra.run.smithi043.stdout:/usr/bin/ceph: stderr
2024-05-27T06:57:59.552+0000 7f6442000700 1 -- 172.21.15.43:0/1671896759 shutdown_connections
2024-05-27T06:58:00.670 INFO:teuthology.orchestra.run.smithi043.stdout:/usr/bin/ceph: stderr
2024-05-27T06:57:59.552+0000 7f6442000700 1 -- 172.21.15.43:0/1671896759 wait complete.
2024-05-27T06:58:00.671 INFO:teuthology.orchestra.run.smithi043.stdout:/usr/bin/ceph: stderr
2024-05-27T06:57:59.553+0000 7f6442000700 1 Processor -- start
2024-05-27T06:58:00.671 INFO:teuthology.orchestra.run.smithi043.stdout:/usr/bin/ceph: stderr
2024-05-27T06:57:59.553+0000 7f6442000700 1 -- start start
2024-05-27T06:58:00.674 INFO:teuthology.orchestra.run.smithi043.stdout:/usr/bin/ceph: stderr
2024-05-27T06:57:59.554+0000 7f6442000700 1 --2- >> [v2:172.21.15.43:3300/0,v1:172.21.15.43:6789/0] conn(0x7f643c07ecf0 0x7f643c19fc80 unknown :-1 s=NONE pgs=0 cs=0 l=1 rev1=0 crypto rx=0 tx=0 comp rx=0 tx=0).connect
2024-05-27T06:58:00.674 INFO:teuthology.orchestra.run.smithi043.stdout:/usr/bin/ceph: stderr
2024-05-27T06:57:59.554+0000 7f6442000700 1 -- --> [v2:172.21.15.43:3300/0,v1:172.21.15.43:6789/0] -- mon_getmap magic: 0 -- 0x7f643c10fe00 con 0x7f643c07ecf0
2024-05-27T06:58:00.674 INFO:teuthology.orchestra.run.smithi043.stdout:/usr/bin/ceph: stderr
2024-05-27T06:57:59.554+0000 7f6440c00700 1 --2- >> [v2:172.21.15.43:3300/0,v1:172.21.15.43:6789/0] conn(0x7f643c07ecf0 0x7f643c19fc80 unknown :-1 s=BANNER_CONNECTING pgs=0 cs=0 l=1 rev1=0 crypto rx=0 tx=0 comp rx=0 tx=0)._handle_peer_banner_payload supported=3 required=0
2024-05-27T06:58:00.674 INFO:teuthology.orchestra.run.smithi043.stdout:/usr/bin/ceph: stderr
2024-05-27T06:57:59.554+0000 7f6440c00700 1 --2- >> [v2:172.21.15.43:3300/0,v1:172.21.15.43:6789/0] conn(0x7f643c07ecf0 0x7f643c19fc80 unknown :-1 s=HELLO_CONNECTING pgs=0 cs=0 l=1 rev1=1 crypto rx=0 tx=0 comp rx=0 tx=0).handle_hello peer v2:172.21.15.43:3300/0 says I am v2:172.21.15.43:33340/0 (socket says 172.21.15.43:33340)
2024-05-27T06:58:00.674 INFO:teuthology.orchestra.run.smithi043.stdout:/usr/bin/ceph: stderr
2024-05-27T06:57:59.554+0000 7f6440c00700 1 -- 172.21.15.43:0/507373847 learned_addr learned my addr 172.21.15.43:0/507373847 (peer_addr_for_me v2:172.21.15.43:0/0)
2024-05-27T06:58:00.674 INFO:teuthology.orchestra.run.smithi043.stdout:/usr/bin/ceph: stderr
2024-05-27T06:57:59.554+0000 7f6440c00700 1 -- 172.21.15.43:0/507373847 --> [v2:172.21.15.43:3300/0,v1:172.21.15.43:6789/0] -- mon_subscribe({config=0+,monmap=0+}) -- 0x7f643c1a01c0 con 0x7f643c07ecf0
2024-05-27T06:58:00.675 INFO:teuthology.orchestra.run.smithi043.stdout:/usr/bin/ceph: stderr
2024-05-27T06:57:59.555+0000 7f6440c00700 1 --2- 172.21.15.43:0/507373847 >> [v2:172.21.15.43:3300/0,v1:172.21.15.43:6789/0] conn(0x7f643c07ecf0 0x7f643c19fc80 secure :-1 s=READY pgs=75 cs=0 l=1 rev1=1 crypto rx=0x7f642c011670 tx=0x7f642c011a30 comp rx=0 tx=0).ready entity=mon.0 client_cookie=0 server_cookie=0 in_seq=0 out_seq=0
2024-05-27T06:58:00.675 INFO:teuthology.orchestra.run.smithi043.stdout:/usr/bin/ceph: stderr
2024-05-27T06:57:59.555+0000 7f643a000700 1 -- 172.21.15.43:0/507373847 <== mon.0 v2:172.21.15.43:3300/0 1 ==== mon_map magic: 0 ==== 205+0+0 (secure 0 0 0) 0x7f642c01f070 con 0x7f643c07ecf0
2024-05-27T06:58:00.675 INFO:teuthology.orchestra.run.smithi043.stdout:/usr/bin/ceph: stderr
2024-05-27T06:57:59.555+0000 7f643a000700 1 -- 172.21.15.43:0/507373847 <== mon.0 v2:172.21.15.43:3300/0 2 ==== config(25 keys) ==== 1063+0+0 (secure 0 0 0) 0x7f642c003b20 con 0x7f643c07ecf0
2024-05-27T06:58:00.675 INFO:teuthology.orchestra.run.smithi043.stdout:/usr/bin/ceph: stderr
2024-05-27T06:57:59.555+0000 7f643a000700 1 -- 172.21.15.43:0/507373847 <== mon.0 v2:172.21.15.43:3300/0 3 ==== mon_map magic: 0 ==== 205+0+0 (secure 0 0 0) 0x7f642c019580 con 0x7f643c07ecf0
2024-05-27T06:58:00.675 INFO:teuthology.orchestra.run.smithi043.stdout:/usr/bin/ceph: stderr
2024-05-27T06:57:59.555+0000 7f6442000700 1 -- 172.21.15.43:0/507373847 --> [v2:172.21.15.43:3300/0,v1:172.21.15.43:6789/0] -- mon_subscribe({mgrmap=0+}) -- 0x7f643c1a0450 con 0x7f643c07ecf0
2024-05-27T06:58:00.675 INFO:teuthology.orchestra.run.smithi043.stdout:/usr/bin/ceph: stderr
2024-05-27T06:57:59.555+0000 7f6442000700 1 -- 172.21.15.43:0/507373847 --> [v2:172.21.15.43:3300/0,v1:172.21.15.43:6789/0] -- mon_subscribe({osdmap=0}) -- 0x7f643c1a3060 con 0x7f643c07ecf0
2024-05-27T06:58:00.675 INFO:teuthology.orchestra.run.smithi043.stdout:/usr/bin/ceph: stderr
2024-05-27T06:57:59.556+0000 7f6442000700 1 -- 172.21.15.43:0/507373847 --> [v2:172.21.15.43:3300/0,v1:172.21.15.43:6789/0] -- mon_command({"prefix": "get_command_descriptions"} v 0) -- 0x7f643c064e10 con 0x7f643c07ecf0
2024-05-27T06:58:00.675 INFO:teuthology.orchestra.run.smithi043.stdout:/usr/bin/ceph: stderr
2024-05-27T06:57:59.557+0000 7f643a000700 1 -- 172.21.15.43:0/507373847 <== mon.0 v2:172.21.15.43:3300/0 4 ==== mgrmap(e 13) ==== 50278+0+0 (secure 0 0 0) 0x7f642c022070 con 0x7f643c07ecf0
2024-05-27T06:58:00.675 INFO:teuthology.orchestra.run.smithi043.stdout:/usr/bin/ceph: stderr
2024-05-27T06:57:59.557+0000 7f643a000700 1 --2- 172.21.15.43:0/507373847 >> [v2:172.21.15.43:6800/1809594794,v1:172.21.15.43:6801/1809594794] conn(0x7f642003e5c0 0x7f6420040ad0 unknown :-1 s=NONE pgs=0 cs=0 l=1 rev1=0 crypto rx=0 tx=0 comp rx=0 tx=0).connect
2024-05-27T06:58:00.675 INFO:teuthology.orchestra.run.smithi043.stdout:/usr/bin/ceph: stderr
2024-05-27T06:57:59.557+0000 7f643a000700 1 -- 172.21.15.43:0/507373847 <== mon.0 v2:172.21.15.43:3300/0 5 ==== osd_map(3..3 src has 1..3) ==== 1155+0+0 (secure 0 0 0) 0x7f642c053ce0 con 0x7f643c07ecf0
2024-05-27T06:58:00.675 INFO:teuthology.orchestra.run.smithi043.stdout:/usr/bin/ceph: stderr
2024-05-27T06:57:59.558+0000 7f6433e00700 1 --2- 172.21.15.43:0/507373847 >> [v2:172.21.15.43:6800/1809594794,v1:172.21.15.43:6801/1809594794] conn(0x7f642003e5c0 0x7f6420040ad0 unknown :-1 s=BANNER_CONNECTING pgs=0 cs=0 l=1 rev1=0 crypto rx=0 tx=0 comp rx=0 tx=0)._handle_peer_banner_payload supported=3 required=0
2024-05-27T06:58:00.675 INFO:teuthology.orchestra.run.smithi043.stdout:/usr/bin/ceph: stderr
2024-05-27T06:57:59.558+0000 7f6433e00700 1 --2- 172.21.15.43:0/507373847 >> [v2:172.21.15.43:6800/1809594794,v1:172.21.15.43:6801/1809594794] conn(0x7f642003e5c0 0x7f6420040ad0 secure :-1 s=READY pgs=9 cs=0 l=1 rev1=1 crypto rx=0x7f6424006fd0 tx=0x7f6424006e40 comp rx=0 tx=0).ready entity=mgr.14152 client_cookie=0 server_cookie=0 in_seq=0 out_seq=0
2024-05-27T06:58:00.675 INFO:teuthology.orchestra.run.smithi043.stdout:/usr/bin/ceph: stderr
2024-05-27T06:57:59.563+0000 7f643a000700 1 -- 172.21.15.43:0/507373847 <== mon.0 v2:172.21.15.43:3300/0 6 ==== mon_command_ack([{"prefix": "get_command_descriptions"}]=0 v0) ==== 72+0+191963 (secure 0 0 0) 0x7f642c01ba80 con 0x7f643c07ecf0
2024-05-27T06:58:00.676 INFO:teuthology.orchestra.run.smithi043.stdout:/usr/bin/ceph: stderr
2024-05-27T06:57:59.803+0000 7f6442000700 1 -- 172.21.15.43:0/507373847 --> [v2:172.21.15.43:3300/0,v1:172.21.15.43:6789/0] -- mon_command({"prefix": "config get", "who": "mgr", "key": "mgr/dashboard/ssl_server_port"} v 0) -- 0x7f643c1a3350 con 0x7f643c07ecf0
2024-05-27T06:58:00.676 INFO:teuthology.orchestra.run.smithi043.stdout:/usr/bin/ceph: stderr
2024-05-27T06:57:59.804+0000 7f643a000700 1 -- 172.21.15.43:0/507373847 <== mon.0 v2:172.21.15.43:3300/0 7 ==== mon_command_ack([{"prefix": "config get", "who": "mgr", "key": "mgr/dashboard/ssl_server_port"}]=0 v8) ==== 112+0+5 (secure 0 0 0) 0x7f642c02ca40 con 0x7f643c07ecf0
2024-05-27T06:58:00.676 INFO:teuthology.orchestra.run.smithi043.stdout:/usr/bin/ceph: stderr
2024-05-27T06:57:59.807+0000 7f6442000700 1 -- 172.21.15.43:0/507373847 >> [v2:172.21.15.43:6800/1809594794,v1:172.21.15.43:6801/1809594794] conn(0x7f642003e5c0 msgr2=0x7f6420040ad0 secure :-1 s=STATE_CONNECTION_ESTABLISHED l=1).mark_down
2024-05-27T06:58:00.676 INFO:teuthology.orchestra.run.smithi043.stdout:/usr/bin/ceph: stderr
2024-05-27T06:57:59.807+0000 7f6442000700 1 --2- 172.21.15.43:0/507373847 >> [v2:172.21.15.43:6800/1809594794,v1:172.21.15.43:6801/1809594794] conn(0x7f642003e5c0 0x7f6420040ad0 secure :-1 s=READY pgs=9 cs=0 l=1 rev1=1 crypto rx=0x7f6424006fd0 tx=0x7f6424006e40 comp rx=0 tx=0).stop
2024-05-27T06:58:00.676 INFO:teuthology.orchestra.run.smithi043.stdout:/usr/bin/ceph: stderr
2024-05-27T06:57:59.807+0000 7f6442000700 1 -- 172.21.15.43:0/507373847 >> [v2:172.21.15.43:3300/0,v1:172.21.15.43:6789/0] conn(0x7f643c07ecf0 msgr2=0x7f643c19fc80 secure :-1 s=STATE_CONNECTION_ESTABLISHED l=1).mark_down
2024-05-27T06:58:00.676 INFO:teuthology.orchestra.run.smithi043.stdout:/usr/bin/ceph: stderr
2024-05-27T06:57:59.807+0000 7f6442000700 1 --2- 172.21.15.43:0/507373847 >> [v2:172.21.15.43:3300/0,v1:172.21.15.43:6789/0] conn(0x7f643c07ecf0 0x7f643c19fc80 secure :-1 s=READY pgs=75 cs=0 l=1 rev1=1 crypto rx=0x7f642c011670 tx=0x7f642c011a30 comp rx=0 tx=0).stop
2024-05-27T06:58:00.676 INFO:teuthology.orchestra.run.smithi043.stdout:/usr/bin/ceph: stderr
2024-05-27T06:57:59.807+0000 7f6442000700 1 -- 172.21.15.43:0/507373847 shutdown_connections
2024-05-27T06:58:00.676 INFO:teuthology.orchestra.run.smithi043.stdout:/usr/bin/ceph: stderr
2024-05-27T06:57:59.807+0000 7f6442000700 1 --2- 172.21.15.43:0/507373847 >> [v2:172.21.15.43:6800/1809594794,v1:172.21.15.43:6801/1809594794] conn(0x7f642003e5c0 0x7f6420040ad0 unknown :-1 s=CLOSED pgs=9 cs=0 l=1 rev1=1 crypto rx=0 tx=0 comp rx=0 tx=0).stop
2024-05-27T06:58:00.676 INFO:teuthology.orchestra.run.smithi043.stdout:/usr/bin/ceph: stderr
2024-05-27T06:57:59.807+0000 7f6442000700 1 --2- 172.21.15.43:0/507373847 >> [v2:172.21.15.43:3300/0,v1:172.21.15.43:6789/0] conn(0x7f643c07ecf0 0x7f643c19fc80 unknown :-1 s=CLOSED pgs=75 cs=0 l=1 rev1=1 crypto rx=0 tx=0 comp rx=0 tx=0).stop
2024-05-27T06:58:00.676 INFO:teuthology.orchestra.run.smithi043.stdout:/usr/bin/ceph: stderr
2024-05-27T06:57:59.807+0000 7f6442000700 1 -- 172.21.15.43:0/507373847 >> 172.21.15.43:0/507373847 conn(0x7f643c104f00 msgr2=0x7f643c105790 unknown :-1 s=STATE_NONE l=0).mark_down
2024-05-27T06:58:00.676 INFO:teuthology.orchestra.run.smithi043.stdout:/usr/bin/ceph: stderr
2024-05-27T06:57:59.807+0000 7f6442000700 1 -- 172.21.15.43:0/507373847 shutdown_connections
2024-05-27T06:58:00.676 INFO:teuthology.orchestra.run.smithi043.stdout:/usr/bin/ceph: stderr
2024-05-27T06:57:59.808+0000 7f6442000700 1 -- 172.21.15.43:0/507373847 wait complete.
2024-05-27T06:58:00.713 INFO:teuthology.orchestra.run.smithi043.stdout:Non-zero exit code 1 from systemctl is-enabled firewalld.service
2024-05-27T06:58:00.713 INFO:teuthology.orchestra.run.smithi043.stdout:systemctl: stdout disabled
2024-05-27T06:58:00.740 INFO:teuthology.orchestra.run.smithi043.stdout:Non-zero exit code 3 from systemctl is-active firewalld.service
2024-05-27T06:58:00.740 INFO:teuthology.orchestra.run.smithi043.stdout:systemctl: stdout inactive
2024-05-27T06:58:00.740 INFO:teuthology.orchestra.run.smithi043.stdout:firewalld.service is not enabled
2024-05-27T06:58:00.740 INFO:teuthology.orchestra.run.smithi043.stdout:Not possible to open ports <[8443]>. firewalld.service is not available
2024-05-27T06:58:00.748 INFO:teuthology.orchestra.run.smithi043.stdout:Ceph Dashboard is now available at:
2024-05-27T06:58:00.748 INFO:teuthology.orchestra.run.smithi043.stdout:
2024-05-27T06:58:00.748 INFO:teuthology.orchestra.run.smithi043.stdout: URL: https://smithi043.front.sepia.ceph.com:8443/
2024-05-27T06:58:00.748 INFO:teuthology.orchestra.run.smithi043.stdout: User: admin
2024-05-27T06:58:00.748 INFO:teuthology.orchestra.run.smithi043.stdout: Password: 2jlrzt7h1a
2024-05-27T06:58:00.748 INFO:teuthology.orchestra.run.smithi043.stdout:
2024-05-27T06:58:00.749 INFO:teuthology.orchestra.run.smithi043.stdout:Saving cluster configuration to /var/lib/ceph/1bb64d42-1bf6-11ef-bc9b-c7b262605968/config directory
2024-05-27T06:58:00.751 INFO:teuthology.orchestra.run.smithi043.stdout:Enabling autotune for osd_memory_target
2024-05-27T06:58:02.344 INFO:teuthology.orchestra.run.smithi043.stdout:/usr/bin/ceph: stderr
2024-05-27T06:58:01.486+0000 7fd312e00700 1 Processor -- start
2024-05-27T06:58:02.344 INFO:teuthology.orchestra.run.smithi043.stdout:/usr/bin/ceph: stderr
2024-05-27T06:58:01.486+0000 7fd312e00700 1 -- start start
2024-05-27T06:58:02.345 INFO:teuthology.orchestra.run.smithi043.stdout:/usr/bin/ceph: stderr
2024-05-27T06:58:01.486+0000 7fd312e00700 1 --2- >> [v2:172.21.15.43:3300/0,v1:172.21.15.43:6789/0] conn(0x7fd30c10bc10 0x7fd30c10c020 unknown :-1 s=NONE pgs=0 cs=0 l=0 rev1=0 crypto rx=0 tx=0 comp rx=0 tx=0).connect
2024-05-27T06:58:02.345 INFO:teuthology.orchestra.run.smithi043.stdout:/usr/bin/ceph: stderr
2024-05-27T06:58:01.486+0000 7fd312e00700 1 -- --> [v2:172.21.15.43:3300/0,v1:172.21.15.43:6789/0] -- mon_getmap magic: 0 -- 0x7fd30c10c610 con 0x7fd30c10bc10
2024-05-27T06:58:02.345 INFO:teuthology.orchestra.run.smithi043.stdout:/usr/bin/ceph: stderr
2024-05-27T06:58:01.487+0000 7fd30be00700 1 --2- >> [v2:172.21.15.43:3300/0,v1:172.21.15.43:6789/0] conn(0x7fd30c10bc10 0x7fd30c10c020 unknown :-1 s=BANNER_CONNECTING pgs=0 cs=0 l=0 rev1=0 crypto rx=0 tx=0 comp rx=0 tx=0)._handle_peer_banner_payload supported=3 required=0
2024-05-27T06:58:02.345 INFO:teuthology.orchestra.run.smithi043.stdout:/usr/bin/ceph: stderr
2024-05-27T06:58:01.487+0000 7fd30be00700 1 --2- >> [v2:172.21.15.43:3300/0,v1:172.21.15.43:6789/0] conn(0x7fd30c10bc10 0x7fd30c10c020 unknown :-1 s=HELLO_CONNECTING pgs=0 cs=0 l=0 rev1=1 crypto rx=0 tx=0 comp rx=0 tx=0).handle_hello peer v2:172.21.15.43:3300/0 says I am v2:172.21.15.43:33356/0 (socket says 172.21.15.43:33356)
2024-05-27T06:58:02.345 INFO:teuthology.orchestra.run.smithi043.stdout:/usr/bin/ceph: stderr
2024-05-27T06:58:01.487+0000 7fd30be00700 1 -- 172.21.15.43:0/60528882 learned_addr learned my addr 172.21.15.43:0/60528882 (peer_addr_for_me v2:172.21.15.43:0/0)
2024-05-27T06:58:02.346 INFO:teuthology.orchestra.run.smithi043.stdout:/usr/bin/ceph: stderr
2024-05-27T06:58:01.487+0000 7fd30be00700 1 -- 172.21.15.43:0/60528882 --> [v2:172.21.15.43:3300/0,v1:172.21.15.43:6789/0] -- mon_subscribe({config=0+,monmap=0+}) -- 0x7fd30c10cd40 con 0x7fd30c10bc10
2024-05-27T06:58:02.346 INFO:teuthology.orchestra.run.smithi043.stdout:/usr/bin/ceph: stderr
2024-05-27T06:58:01.488+0000 7fd30be00700 1 --2- 172.21.15.43:0/60528882 >> [v2:172.21.15.43:3300/0,v1:172.21.15.43:6789/0] conn(0x7fd30c10bc10 0x7fd30c10c020 secure :-1 s=READY pgs=76 cs=0 l=1 rev1=1 crypto rx=0x7fd2fc0098a0 tx=0x7fd2fc009bb0 comp rx=0 tx=0).ready entity=mon.0 client_cookie=2efc3c50a7caa9c server_cookie=0 in_seq=0 out_seq=0
2024-05-27T06:58:02.346 INFO:teuthology.orchestra.run.smithi043.stdout:/usr/bin/ceph: stderr
2024-05-27T06:58:01.488+0000 7fd30aa00700 1 -- 172.21.15.43:0/60528882 <== mon.0 v2:172.21.15.43:3300/0 1 ==== mon_map magic: 0 ==== 205+0+0 (secure 0 0 0) 0x7fd2fc004160 con 0x7fd30c10bc10
2024-05-27T06:58:02.346 INFO:teuthology.orchestra.run.smithi043.stdout:/usr/bin/ceph: stderr
2024-05-27T06:58:01.488+0000 7fd30aa00700 1 -- 172.21.15.43:0/60528882 <== mon.0 v2:172.21.15.43:3300/0 2 ==== config(25 keys) ==== 1063+0+0 (secure 0 0 0) 0x7fd2fc004300 con 0x7fd30c10bc10
2024-05-27T06:58:02.346 INFO:teuthology.orchestra.run.smithi043.stdout:/usr/bin/ceph: stderr
2024-05-27T06:58:01.488+0000 7fd30aa00700 1 -- 172.21.15.43:0/60528882 <== mon.0 v2:172.21.15.43:3300/0 3 ==== mon_map magic: 0 ==== 205+0+0 (secure 0 0 0) 0x7fd2fc011960 con 0x7fd30c10bc10
2024-05-27T06:58:02.348 INFO:teuthology.orchestra.run.smithi043.stdout:/usr/bin/ceph: stderr
2024-05-27T06:58:01.489+0000 7fd312e00700 1 -- 172.21.15.43:0/60528882 >> [v2:172.21.15.43:3300/0,v1:172.21.15.43:6789/0] conn(0x7fd30c10bc10 msgr2=0x7fd30c10c020 secure :-1 s=STATE_CONNECTION_ESTABLISHED l=1).mark_down
2024-05-27T06:58:02.348 INFO:teuthology.orchestra.run.smithi043.stdout:/usr/bin/ceph: stderr
2024-05-27T06:58:01.489+0000 7fd312e00700 1 --2- 172.21.15.43:0/60528882 >> [v2:172.21.15.43:3300/0,v1:172.21.15.43:6789/0] conn(0x7fd30c10bc10 0x7fd30c10c020 secure :-1 s=READY pgs=76 cs=0 l=1 rev1=1 crypto rx=0x7fd2fc0098a0 tx=0x7fd2fc009bb0 comp rx=0 tx=0).stop
2024-05-27T06:58:02.348 INFO:teuthology.orchestra.run.smithi043.stdout:/usr/bin/ceph: stderr
2024-05-27T06:58:01.489+0000 7fd312e00700 1 -- 172.21.15.43:0/60528882 shutdown_connections
2024-05-27T06:58:02.348 INFO:teuthology.orchestra.run.smithi043.stdout:/usr/bin/ceph: stderr
2024-05-27T06:58:01.489+0000 7fd312e00700 1 --2- 172.21.15.43:0/60528882 >> [v2:172.21.15.43:3300/0,v1:172.21.15.43:6789/0] conn(0x7fd30c10bc10 0x7fd30c10c020 unknown :-1 s=CLOSED pgs=76 cs=0 l=1 rev1=1 crypto rx=0 tx=0 comp rx=0 tx=0).stop
2024-05-27T06:58:02.348 INFO:teuthology.orchestra.run.smithi043.stdout:/usr/bin/ceph: stderr
2024-05-27T06:58:01.489+0000 7fd312e00700 1 -- 172.21.15.43:0/60528882 >> 172.21.15.43:0/60528882 conn(0x7fd30c07f130 msgr2=0x7fd30c109ce0 unknown :-1 s=STATE_NONE l=0).mark_down
2024-05-27T06:58:02.349 INFO:teuthology.orchestra.run.smithi043.stdout:/usr/bin/ceph: stderr
2024-05-27T06:58:01.489+0000 7fd312e00700 1 -- 172.21.15.43:0/60528882 shutdown_connections
2024-05-27T06:58:02.349 INFO:teuthology.orchestra.run.smithi043.stdout:/usr/bin/ceph: stderr
2024-05-27T06:58:01.489+0000 7fd312e00700 1 -- 172.21.15.43:0/60528882 wait complete.
2024-05-27T06:58:02.349 INFO:teuthology.orchestra.run.smithi043.stdout:/usr/bin/ceph: stderr
