2024-05-27T07:06:14.296 INFO:teuthology.orchestra.run.smithi012.stdout:/usr/bin/ceph: stderr
2024-05-27T07:06:13.404+0000 7f9e8fe00700 1 --2- 172.21.15.12:0/2327780450 >> [v2:172.21.15.12:3300/0,v1:172.21.15.12:6789/0] conn(0x7f9e9007ed70 0x7f9e9007d1f0 secure :-1 s=READY pgs=39 cs=0 l=1 rev1=1 crypto rx=0x7f9e800098a0 tx=0x7f9e80009bb0 comp rx=0 tx=0).ready entity=mon.0 client_cookie=ea672bba8d36d5fc server_cookie=0 in_seq=0 out_seq=0
2024-05-27T07:06:14.297 INFO:teuthology.orchestra.run.smithi012.stdout:/usr/bin/ceph: stderr
2024-05-27T07:06:13.404+0000 7f9e8ea00700 1 -- 172.21.15.12:0/2327780450 <== mon.0 v2:172.21.15.12:3300/0 1 ==== mon_map magic: 0 ==== 205+0+0 (secure 0 0 0) 0x7f9e80004160 con 0x7f9e9007ed70
2024-05-27T07:06:14.297 INFO:teuthology.orchestra.run.smithi012.stdout:/usr/bin/ceph: stderr
2024-05-27T07:06:13.404+0000 7f9e8ea00700 1 -- 172.21.15.12:0/2327780450 <== mon.0 v2:172.21.15.12:3300/0 2 ==== config(25 keys) ==== 1032+0+0 (secure 0 0 0) 0x7f9e80004300 con 0x7f9e9007ed70
2024-05-27T07:06:14.297 INFO:teuthology.orchestra.run.smithi012.stdout:/usr/bin/ceph: stderr
2024-05-27T07:06:13.404+0000 7f9e8ea00700 1 -- 172.21.15.12:0/2327780450 <== mon.0 v2:172.21.15.12:3300/0 3 ==== mon_map magic: 0 ==== 205+0+0 (secure 0 0 0) 0x7f9e800119e0 con 0x7f9e9007ed70
2024-05-27T07:06:14.297 INFO:teuthology.orchestra.run.smithi012.stdout:/usr/bin/ceph: stderr
2024-05-27T07:06:13.405+0000 7f9e97200700 1 -- 172.21.15.12:0/2327780450 >> [v2:172.21.15.12:3300/0,v1:172.21.15.12:6789/0] conn(0x7f9e9007ed70 msgr2=0x7f9e9007d1f0 secure :-1 s=STATE_CONNECTION_ESTABLISHED l=1).mark_down
2024-05-27T07:06:14.297 INFO:teuthology.orchestra.run.smithi012.stdout:/usr/bin/ceph: stderr
2024-05-27T07:06:13.405+0000 7f9e97200700 1 --2- 172.21.15.12:0/2327780450 >> [v2:172.21.15.12:3300/0,v1:172.21.15.12:6789/0] conn(0x7f9e9007ed70 0x7f9e9007d1f0 secure :-1 s=READY pgs=39 cs=0 l=1 rev1=1 crypto rx=0x7f9e800098a0 tx=0x7f9e80009bb0 comp rx=0 tx=0).stop
2024-05-27T07:06:14.297 INFO:teuthology.orchestra.run.smithi012.stdout:/usr/bin/ceph: stderr
2024-05-27T07:06:13.405+0000 7f9e97200700 1 -- 172.21.15.12:0/2327780450 shutdown_connections
2024-05-27T07:06:14.297 INFO:teuthology.orchestra.run.smithi012.stdout:/usr/bin/ceph: stderr
2024-05-27T07:06:13.405+0000 7f9e97200700 1 --2- 172.21.15.12:0/2327780450 >> [v2:172.21.15.12:3300/0,v1:172.21.15.12:6789/0] conn(0x7f9e9007ed70 0x7f9e9007d1f0 unknown :-1 s=CLOSED pgs=39 cs=0 l=1 rev1=1 crypto rx=0 tx=0 comp rx=0 tx=0).stop
2024-05-27T07:06:14.297 INFO:teuthology.orchestra.run.smithi012.stdout:/usr/bin/ceph: stderr
2024-05-27T07:06:13.405+0000 7f9e97200700 1 -- 172.21.15.12:0/2327780450 >> 172.21.15.12:0/2327780450 conn(0x7f9e90105020 msgr2=0x7f9e901074b0 unknown :-1 s=STATE_NONE l=0).mark_down
2024-05-27T07:06:14.297 INFO:teuthology.orchestra.run.smithi012.stdout:/usr/bin/ceph: stderr
2024-05-27T07:06:13.405+0000 7f9e97200700 1 -- 172.21.15.12:0/2327780450 shutdown_connections
2024-05-27T07:06:14.297 INFO:teuthology.orchestra.run.smithi012.stdout:/usr/bin/ceph: stderr
2024-05-27T07:06:13.405+0000 7f9e97200700 1 -- 172.21.15.12:0/2327780450 wait complete.
2024-05-27T07:06:14.297 INFO:teuthology.orchestra.run.smithi012.stdout:/usr/bin/ceph: stderr
2024-05-27T07:06:13.406+0000 7f9e97200700 1 Processor -- start
2024-05-27T07:06:14.297 INFO:teuthology.orchestra.run.smithi012.stdout:/usr/bin/ceph: stderr
2024-05-27T07:06:13.406+0000 7f9e97200700 1 -- start start
2024-05-27T07:06:14.297 INFO:teuthology.orchestra.run.smithi012.stdout:/usr/bin/ceph: stderr
2024-05-27T07:06:13.407+0000 7f9e97200700 1 --2- >> [v2:172.21.15.12:3300/0,v1:172.21.15.12:6789/0] conn(0x7f9e9007ed70 0x7f9e9019fe30 unknown :-1 s=NONE pgs=0 cs=0 l=1 rev1=0 crypto rx=0 tx=0 comp rx=0 tx=0).connect
2024-05-27T07:06:14.298 INFO:teuthology.orchestra.run.smithi012.stdout:/usr/bin/ceph: stderr
2024-05-27T07:06:13.407+0000 7f9e97200700 1 -- --> [v2:172.21.15.12:3300/0,v1:172.21.15.12:6789/0] -- mon_getmap magic: 0 -- 0x7f9e9010ff40 con 0x7f9e9007ed70
2024-05-27T07:06:14.298 INFO:teuthology.orchestra.run.smithi012.stdout:/usr/bin/ceph: stderr
2024-05-27T07:06:13.407+0000 7f9e8fe00700 1 --2- >> [v2:172.21.15.12:3300/0,v1:172.21.15.12:6789/0] conn(0x7f9e9007ed70 0x7f9e9019fe30 unknown :-1 s=BANNER_CONNECTING pgs=0 cs=0 l=1 rev1=0 crypto rx=0 tx=0 comp rx=0 tx=0)._handle_peer_banner_payload supported=3 required=0
2024-05-27T07:06:14.301 INFO:teuthology.orchestra.run.smithi012.stdout:/usr/bin/ceph: stderr
2024-05-27T07:06:13.407+0000 7f9e8fe00700 1 --2- >> [v2:172.21.15.12:3300/0,v1:172.21.15.12:6789/0] conn(0x7f9e9007ed70 0x7f9e9019fe30 unknown :-1 s=HELLO_CONNECTING pgs=0 cs=0 l=1 rev1=1 crypto rx=0 tx=0 comp rx=0 tx=0).handle_hello peer v2:172.21.15.12:3300/0 says I am v2:172.21.15.12:43818/0 (socket says 172.21.15.12:43818)
2024-05-27T07:06:14.301 INFO:teuthology.orchestra.run.smithi012.stdout:/usr/bin/ceph: stderr
2024-05-27T07:06:13.407+0000 7f9e8fe00700 1 -- 172.21.15.12:0/1973935715 learned_addr learned my addr 172.21.15.12:0/1973935715 (peer_addr_for_me v2:172.21.15.12:0/0)
2024-05-27T07:06:14.301 INFO:teuthology.orchestra.run.smithi012.stdout:/usr/bin/ceph: stderr
2024-05-27T07:06:13.408+0000 7f9e8fe00700 1 -- 172.21.15.12:0/1973935715 --> [v2:172.21.15.12:3300/0,v1:172.21.15.12:6789/0] -- mon_subscribe({config=0+,monmap=0+}) -- 0x7f9e901a0370 con 0x7f9e9007ed70
2024-05-27T07:06:14.301 INFO:teuthology.orchestra.run.smithi012.stdout:/usr/bin/ceph: stderr
2024-05-27T07:06:13.408+0000 7f9e8fe00700 1 --2- 172.21.15.12:0/1973935715 >> [v2:172.21.15.12:3300/0,v1:172.21.15.12:6789/0] conn(0x7f9e9007ed70 0x7f9e9019fe30 secure :-1 s=READY pgs=40 cs=0 l=1 rev1=1 crypto rx=0x7f9e800119b0 tx=0x7f9e80011a90 comp rx=0 tx=0).ready entity=mon.0 client_cookie=0 server_cookie=0 in_seq=0 out_seq=0
2024-05-27T07:06:14.301 INFO:teuthology.orchestra.run.smithi012.stdout:/usr/bin/ceph: stderr
2024-05-27T07:06:13.408+0000 7f9e8cc00700 1 -- 172.21.15.12:0/1973935715 <== mon.0 v2:172.21.15.12:3300/0 1 ==== mon_map magic: 0 ==== 205+0+0 (secure 0 0 0) 0x7f9e80003af0 con 0x7f9e9007ed70
2024-05-27T07:06:14.301 INFO:teuthology.orchestra.run.smithi012.stdout:/usr/bin/ceph: stderr
2024-05-27T07:06:13.408+0000 7f9e8cc00700 1 -- 172.21.15.12:0/1973935715 <== mon.0 v2:172.21.15.12:3300/0 2 ==== config(25 keys) ==== 1032+0+0 (secure 0 0 0) 0x7f9e8001a8a0 con 0x7f9e9007ed70
2024-05-27T07:06:14.301 INFO:teuthology.orchestra.run.smithi012.stdout:/usr/bin/ceph: stderr
2024-05-27T07:06:13.408+0000 7f9e8cc00700 1 -- 172.21.15.12:0/1973935715 <== mon.0 v2:172.21.15.12:3300/0 3 ==== mon_map magic: 0 ==== 205+0+0 (secure 0 0 0) 0x7f9e80024830 con 0x7f9e9007ed70
2024-05-27T07:06:14.301 INFO:teuthology.orchestra.run.smithi012.stdout:/usr/bin/ceph: stderr
2024-05-27T07:06:13.408+0000 7f9e97200700 1 -- 172.21.15.12:0/1973935715 --> [v2:172.21.15.12:3300/0,v1:172.21.15.12:6789/0] -- mon_subscribe({mgrmap=0+}) -- 0x7f9e901a0600 con 0x7f9e9007ed70
2024-05-27T07:06:14.301 INFO:teuthology.orchestra.run.smithi012.stdout:/usr/bin/ceph: stderr
2024-05-27T07:06:13.408+0000 7f9e97200700 1 -- 172.21.15.12:0/1973935715 --> [v2:172.21.15.12:3300/0,v1:172.21.15.12:6789/0] -- mon_subscribe({osdmap=0}) -- 0x7f9e901a3210 con 0x7f9e9007ed70
2024-05-27T07:06:14.302 INFO:teuthology.orchestra.run.smithi012.stdout:/usr/bin/ceph: stderr
2024-05-27T07:06:13.409+0000 7f9e97200700 1 -- 172.21.15.12:0/1973935715 --> [v2:172.21.15.12:3300/0,v1:172.21.15.12:6789/0] -- mon_command({"prefix": "get_command_descriptions"} v 0) -- 0x7f9e90064e10 con 0x7f9e9007ed70
2024-05-27T07:06:14.302 INFO:teuthology.orchestra.run.smithi012.stdout:/usr/bin/ceph: stderr
2024-05-27T07:06:13.410+0000 7f9e8cc00700 1 -- 172.21.15.12:0/1973935715 <== mon.0 v2:172.21.15.12:3300/0 4 ==== mgrmap(e 8) ==== 50222+0+0 (secure 0 0 0) 0x7f9e80022020 con 0x7f9e9007ed70
2024-05-27T07:06:14.302 INFO:teuthology.orchestra.run.smithi012.stdout:/usr/bin/ceph: stderr
2024-05-27T07:06:13.411+0000 7f9e8cc00700 1 --2- 172.21.15.12:0/1973935715 >> [v2:172.21.15.12:6800/2115905110,v1:172.21.15.12:6801/2115905110] conn(0x7f9e7403e530 0x7f9e74040a40 unknown :-1 s=NONE pgs=0 cs=0 l=1 rev1=0 crypto rx=0 tx=0 comp rx=0 tx=0).connect
2024-05-27T07:06:14.302 INFO:teuthology.orchestra.run.smithi012.stdout:/usr/bin/ceph: stderr
2024-05-27T07:06:13.411+0000 7f9e8cc00700 1 -- 172.21.15.12:0/1973935715 <== mon.0 v2:172.21.15.12:3300/0 5 ==== osd_map(2..2 src has 1..2) ==== 940+0+0 (secure 0 0 0) 0x7f9e80053a20 con 0x7f9e9007ed70
2024-05-27T07:06:14.302 INFO:teuthology.orchestra.run.smithi012.stdout:/usr/bin/ceph: stderr
2024-05-27T07:06:13.411+0000 7f9e8f400700 1 --2- 172.21.15.12:0/1973935715 >> [v2:172.21.15.12:6800/2115905110,v1:172.21.15.12:6801/2115905110] conn(0x7f9e7403e530 0x7f9e74040a40 unknown :-1 s=BANNER_CONNECTING pgs=0 cs=0 l=1 rev1=0 crypto rx=0 tx=0 comp rx=0 tx=0)._handle_peer_banner_payload supported=3 required=0
2024-05-27T07:06:14.302 INFO:teuthology.orchestra.run.smithi012.stdout:/usr/bin/ceph: stderr
2024-05-27T07:06:13.411+0000 7f9e8f400700 1 --2- 172.21.15.12:0/1973935715 >> [v2:172.21.15.12:6800/2115905110,v1:172.21.15.12:6801/2115905110] conn(0x7f9e7403e530 0x7f9e74040a40 secure :-1 s=READY pgs=8 cs=0 l=1 rev1=1 crypto rx=0x7f9e7c006fd0 tx=0x7f9e7c006e40 comp rx=0 tx=0).ready entity=mgr.14120 client_cookie=0 server_cookie=0 in_seq=0 out_seq=0
2024-05-27T07:06:14.302 INFO:teuthology.orchestra.run.smithi012.stdout:/usr/bin/ceph: stderr
2024-05-27T07:06:13.416+0000 7f9e8cc00700 1 -- 172.21.15.12:0/1973935715 <== mon.0 v2:172.21.15.12:3300/0 6 ==== mon_command_ack([{"prefix": "get_command_descriptions"}]=0 v0) ==== 72+0+191963 (secure 0 0 0) 0x7f9e800212c0 con 0x7f9e9007ed70
2024-05-27T07:06:14.302 INFO:teuthology.orchestra.run.smithi012.stdout:/usr/bin/ceph: stderr
2024-05-27T07:06:13.651+0000 7f9e97200700 1 -- 172.21.15.12:0/1973935715 --> [v2:172.21.15.12:6800/2115905110,v1:172.21.15.12:6801/2115905110] -- mgr_command(tid 0: {"prefix": "cephadm set-user", "user": "root", "target": ["mon-mgr", ""]}) -- 0x7f9e901a33e0 con 0x7f9e7403e530
2024-05-27T07:06:14.302 INFO:teuthology.orchestra.run.smithi012.stdout:/usr/bin/ceph: stderr
2024-05-27T07:06:13.653+0000 7f9e8cc00700 1 -- 172.21.15.12:0/1973935715 <== mgr.14120 v2:172.21.15.12:6800/2115905110 1 ==== mgr_command_reply(tid 0: 0 ) ==== 8+0+16 (secure 0 0 0) 0x7f9e901a33e0 con 0x7f9e7403e530
2024-05-27T07:06:14.302 INFO:teuthology.orchestra.run.smithi012.stdout:/usr/bin/ceph: stderr
2024-05-27T07:06:13.657+0000 7f9e97200700 1 -- 172.21.15.12:0/1973935715 >> [v2:172.21.15.12:6800/2115905110,v1:172.21.15.12:6801/2115905110] conn(0x7f9e7403e530 msgr2=0x7f9e74040a40 secure :-1 s=STATE_CONNECTION_ESTABLISHED l=1).mark_down
2024-05-27T07:06:14.302 INFO:teuthology.orchestra.run.smithi012.stdout:/usr/bin/ceph: stderr
2024-05-27T07:06:13.657+0000 7f9e97200700 1 --2- 172.21.15.12:0/1973935715 >> [v2:172.21.15.12:6800/2115905110,v1:172.21.15.12:6801/2115905110] conn(0x7f9e7403e530 0x7f9e74040a40 secure :-1 s=READY pgs=8 cs=0 l=1 rev1=1 crypto rx=0x7f9e7c006fd0 tx=0x7f9e7c006e40 comp rx=0 tx=0).stop
2024-05-27T07:06:14.302 INFO:teuthology.orchestra.run.smithi012.stdout:/usr/bin/ceph: stderr
2024-05-27T07:06:13.657+0000 7f9e97200700 1 -- 172.21.15.12:0/1973935715 >> [v2:172.21.15.12:3300/0,v1:172.21.15.12:6789/0] conn(0x7f9e9007ed70 msgr2=0x7f9e9019fe30 secure :-1 s=STATE_CONNECTION_ESTABLISHED l=1).mark_down
2024-05-27T07:06:14.303 INFO:teuthology.orchestra.run.smithi012.stdout:/usr/bin/ceph: stderr
2024-05-27T07:06:13.657+0000 7f9e97200700 1 --2- 172.21.15.12:0/1973935715 >> [v2:172.21.15.12:3300/0,v1:172.21.15.12:6789/0] conn(0x7f9e9007ed70 0x7f9e9019fe30 secure :-1 s=READY pgs=40 cs=0 l=1 rev1=1 crypto rx=0x7f9e800119b0 tx=0x7f9e80011a90 comp rx=0 tx=0).stop
2024-05-27T07:06:14.303 INFO:teuthology.orchestra.run.smithi012.stdout:/usr/bin/ceph: stderr
2024-05-27T07:06:13.657+0000 7f9e97200700 1 -- 172.21.15.12:0/1973935715 shutdown_connections
2024-05-27T07:06:14.303 INFO:teuthology.orchestra.run.smithi012.stdout:/usr/bin/ceph: stderr
2024-05-27T07:06:13.657+0000 7f9e97200700 1 --2- 172.21.15.12:0/1973935715 >> [v2:172.21.15.12:6800/2115905110,v1:172.21.15.12:6801/2115905110] conn(0x7f9e7403e530 0x7f9e74040a40 unknown :-1 s=CLOSED pgs=8 cs=0 l=1 rev1=1 crypto rx=0 tx=0 comp rx=0 tx=0).stop
2024-05-27T07:06:14.303 INFO:teuthology.orchestra.run.smithi012.stdout:/usr/bin/ceph: stderr
2024-05-27T07:06:13.657+0000 7f9e97200700 1 --2- 172.21.15.12:0/1973935715 >> [v2:172.21.15.12:3300/0,v1:172.21.15.12:6789/0] conn(0x7f9e9007ed70 0x7f9e9019fe30 unknown :-1 s=CLOSED pgs=40 cs=0 l=1 rev1=1 crypto rx=0 tx=0 comp rx=0 tx=0).stop
2024-05-27T07:06:14.303 INFO:teuthology.orchestra.run.smithi012.stdout:/usr/bin/ceph: stderr
2024-05-27T07:06:13.657+0000 7f9e97200700 1 -- 172.21.15.12:0/1973935715 >> 172.21.15.12:0/1973935715 conn(0x7f9e90105020 msgr2=0x7f9e90105880 unknown :-1 s=STATE_NONE l=0).mark_down
2024-05-27T07:06:14.303 INFO:teuthology.orchestra.run.smithi012.stdout:/usr/bin/ceph: stderr
2024-05-27T07:06:13.657+0000 7f9e97200700 1 -- 172.21.15.12:0/1973935715 shutdown_connections
2024-05-27T07:06:14.304 INFO:teuthology.orchestra.run.smithi012.stdout:/usr/bin/ceph: stderr
2024-05-27T07:06:13.658+0000 7f9e97200700 1 -- 172.21.15.12:0/1973935715 wait complete.
2024-05-27T07:06:14.304 INFO:teuthology.orchestra.run.smithi012.stdout:Generating ssh key...
2024-05-27T07:06:14.590 INFO:journalctl@ceph.mon.a.smithi012.stdout:May 27 07:06:14 smithi012 ceph-mon[31473]: from='client.14134 -' entity='client.admin' cmd=[{"prefix": "cephadm set-user", "user": "root", "target": ["mon-mgr", ""]}]: dispatch
2024-05-27T07:06:15.581 INFO:journalctl@ceph.mgr.x.smithi012.stdout:May 27 07:06:15 smithi012 ceph-55c251ba-1bf7-11ef-bc9b-c7b262605968-mgr-x[31714]: Generating public/private rsa key pair.
2024-05-27T07:06:15.581 INFO:journalctl@ceph.mgr.x.smithi012.stdout:May 27 07:06:15 smithi012 ceph-55c251ba-1bf7-11ef-bc9b-c7b262605968-mgr-x[31714]: Your identification has been saved in /tmp/tmptjxblvk4/key.
2024-05-27T07:06:15.581 INFO:journalctl@ceph.mgr.x.smithi012.stdout:May 27 07:06:15 smithi012 ceph-55c251ba-1bf7-11ef-bc9b-c7b262605968-mgr-x[31714]: Your public key has been saved in /tmp/tmptjxblvk4/key.pub.
2024-05-27T07:06:15.581 INFO:journalctl@ceph.mgr.x.smithi012.stdout:May 27 07:06:15 smithi012 ceph-55c251ba-1bf7-11ef-bc9b-c7b262605968-mgr-x[31714]: The key fingerprint is:
2024-05-27T07:06:15.581 INFO:journalctl@ceph.mgr.x.smithi012.stdout:May 27 07:06:15 smithi012 ceph-55c251ba-1bf7-11ef-bc9b-c7b262605968-mgr-x[31714]: SHA256:jHQHwteRjQIqKbE2LajmZcE8QoIltYDpDqFWjGMMJO0 ceph-55c251ba-1bf7-11ef-bc9b-c7b262605968
2024-05-27T07:06:15.581 INFO:journalctl@ceph.mgr.x.smithi012.stdout:May 27 07:06:15 smithi012 ceph-55c251ba-1bf7-11ef-bc9b-c7b262605968-mgr-x[31714]: The key's randomart image is:
2024-05-27T07:06:15.581 INFO:journalctl@ceph.mgr.x.smithi012.stdout:May 27 07:06:15 smithi012 ceph-55c251ba-1bf7-11ef-bc9b-c7b262605968-mgr-x[31714]: +---[RSA 3072]----+
2024-05-27T07:06:15.581 INFO:journalctl@ceph.mgr.x.smithi012.stdout:May 27 07:06:15 smithi012 ceph-55c251ba-1bf7-11ef-bc9b-c7b262605968-mgr-x[31714]: |&B= .o....= |
2024-05-27T07:06:15.581 INFO:journalctl@ceph.mgr.x.smithi012.stdout:May 27 07:06:15 smithi012 ceph-55c251ba-1bf7-11ef-bc9b-c7b262605968-mgr-x[31714]: |XX== ...o.+ . |
2024-05-27T07:06:15.581 INFO:journalctl@ceph.mgr.x.smithi012.stdout:May 27 07:06:15 smithi012 ceph-55c251ba-1bf7-11ef-bc9b-c7b262605968-mgr-x[31714]: |BB**. ..... |
2024-05-27T07:06:15.581 INFO:journalctl@ceph.mgr.x.smithi012.stdout:May 27 07:06:15 smithi012 ceph-55c251ba-1bf7-11ef-bc9b-c7b262605968-mgr-x[31714]: |=+E.o. + . |
2024-05-27T07:06:15.582 INFO:journalctl@ceph.mgr.x.smithi012.stdout:May 27 07:06:15 smithi012 ceph-55c251ba-1bf7-11ef-bc9b-c7b262605968-mgr-x[31714]: |=. o . S |
2024-05-27T07:06:15.582 INFO:journalctl@ceph.mgr.x.smithi012.stdout:May 27 07:06:15 smithi012 ceph-55c251ba-1bf7-11ef-bc9b-c7b262605968-mgr-x[31714]: |o.o |
2024-05-27T07:06:15.582 INFO:journalctl@ceph.mgr.x.smithi012.stdout:May 27 07:06:15 smithi012 ceph-55c251ba-1bf7-11ef-bc9b-c7b262605968-mgr-x[31714]: | . |
2024-05-27T07:06:15.582 INFO:journalctl@ceph.mgr.x.smithi012.stdout:May 27 07:06:15 smithi012 ceph-55c251ba-1bf7-11ef-bc9b-c7b262605968-mgr-x[31714]: | |
2024-05-27T07:06:15.582 INFO:journalctl@ceph.mgr.x.smithi012.stdout:May 27 07:06:15 smithi012 ceph-55c251ba-1bf7-11ef-bc9b-c7b262605968-mgr-x[31714]: | |
2024-05-27T07:06:15.582 INFO:journalctl@ceph.mgr.x.smithi012.stdout:May 27 07:06:15 smithi012 ceph-55c251ba-1bf7-11ef-bc9b-c7b262605968-mgr-x[31714]: +----[SHA256]-----+
2024-05-27T07:06:16.303 INFO:teuthology.orchestra.run.smithi012.stdout:/usr/bin/ceph: stderr
2024-05-27T07:06:15.045+0000 7f09b3400700 1 Processor -- start
2024-05-27T07:06:16.304 INFO:teuthology.orchestra.run.smithi012.stdout:/usr/bin/ceph: stderr
2024-05-27T07:06:15.045+0000 7f09b3400700 1 -- start start
2024-05-27T07:06:16.304 INFO:teuthology.orchestra.run.smithi012.stdout:/usr/bin/ceph: stderr
2024-05-27T07:06:15.046+0000 7f09b3400700 1 --2- >> [v2:172.21.15.12:3300/0,v1:172.21.15.12:6789/0] conn(0x7f09ac07f7b0 0x7f09ac07dc80 unknown :-1 s=NONE pgs=0 cs=0 l=0 rev1=0 crypto rx=0 tx=0 comp rx=0 tx=0).connect
2024-05-27T07:06:16.305 INFO:teuthology.orchestra.run.smithi012.stdout:/usr/bin/ceph: stderr
2024-05-27T07:06:15.046+0000 7f09b3400700 1 -- --> [v2:172.21.15.12:3300/0,v1:172.21.15.12:6789/0] -- mon_getmap magic: 0 -- 0x7f09ac07e1c0 con 0x7f09ac07f7b0
2024-05-27T07:06:16.305 INFO:teuthology.orchestra.run.smithi012.stdout:/usr/bin/ceph: stderr
2024-05-27T07:06:15.046+0000 7f09b0a00700 1 --2- >> [v2:172.21.15.12:3300/0,v1:172.21.15.12:6789/0] conn(0x7f09ac07f7b0 0x7f09ac07dc80 unknown :-1 s=BANNER_CONNECTING pgs=0 cs=0 l=0 rev1=0 crypto rx=0 tx=0 comp rx=0 tx=0)._handle_peer_banner_payload supported=3 required=0
2024-05-27T07:06:16.305 INFO:teuthology.orchestra.run.smithi012.stdout:/usr/bin/ceph: stderr
2024-05-27T07:06:15.046+0000 7f09b0a00700 1 --2- >> [v2:172.21.15.12:3300/0,v1:172.21.15.12:6789/0] conn(0x7f09ac07f7b0 0x7f09ac07dc80 unknown :-1 s=HELLO_CONNECTING pgs=0 cs=0 l=0 rev1=1 crypto rx=0 tx=0 comp rx=0 tx=0).handle_hello peer v2:172.21.15.12:3300/0 says I am v2:172.21.15.12:43824/0 (socket says 172.21.15.12:43824)
2024-05-27T07:06:16.305 INFO:teuthology.orchestra.run.smithi012.stdout:/usr/bin/ceph: stderr
2024-05-27T07:06:15.046+0000 7f09b0a00700 1 -- 172.21.15.12:0/3040570534 learned_addr learned my addr 172.21.15.12:0/3040570534 (peer_addr_for_me v2:172.21.15.12:0/0)
2024-05-27T07:06:16.306 INFO:teuthology.orchestra.run.smithi012.stdout:/usr/bin/ceph: stderr
2024-05-27T07:06:15.047+0000 7f09b0a00700 1 -- 172.21.15.12:0/3040570534 --> [v2:172.21.15.12:3300/0,v1:172.21.15.12:6789/0] -- mon_subscribe({config=0+,monmap=0+}) -- 0x7f09ac07e340 con 0x7f09ac07f7b0
2024-05-27T07:06:16.307 INFO:teuthology.orchestra.run.smithi012.stdout:/usr/bin/ceph: stderr
2024-05-27T07:06:15.047+0000 7f09b0a00700 1 --2- 172.21.15.12:0/3040570534 >> [v2:172.21.15.12:3300/0,v1:172.21.15.12:6789/0] conn(0x7f09ac07f7b0 0x7f09ac07dc80 secure :-1 s=READY pgs=41 cs=0 l=1 rev1=1 crypto rx=0x7f09a00098a0 tx=0x7f09a0009bb0 comp rx=0 tx=0).ready entity=mon.0 client_cookie=dc051bd6b6bc8353 server_cookie=0 in_seq=0 out_seq=0
2024-05-27T07:06:16.307 INFO:teuthology.orchestra.run.smithi012.stdout:/usr/bin/ceph: stderr
2024-05-27T07:06:15.048+0000 7f09ab400700 1 -- 172.21.15.12:0/3040570534 <== mon.0 v2:172.21.15.12:3300/0 1 ==== mon_map magic: 0 ==== 205+0+0 (secure 0 0 0) 0x7f09a0004160 con 0x7f09ac07f7b0
2024-05-27T07:06:16.307 INFO:teuthology.orchestra.run.smithi012.stdout:/usr/bin/ceph: stderr
2024-05-27T07:06:15.048+0000 7f09ab400700 1 -- 172.21.15.12:0/3040570534 <== mon.0 v2:172.21.15.12:3300/0 2 ==== config(25 keys) ==== 1032+0+0 (secure 0 0 0) 0x7f09a0004300 con 0x7f09ac07f7b0
2024-05-27T07:06:16.307 INFO:teuthology.orchestra.run.smithi012.stdout:/usr/bin/ceph: stderr
2024-05-27T07:06:15.048+0000 7f09ab400700 1 -- 172.21.15.12:0/3040570534 <== mon.0 v2:172.21.15.12:3300/0 3 ==== mon_map magic: 0 ==== 205+0+0 (secure 0 0 0) 0x7f09a00119e0 con 0x7f09ac07f7b0
2024-05-27T07:06:16.307 INFO:teuthology.orchestra.run.smithi012.stdout:/usr/bin/ceph: stderr
2024-05-27T07:06:15.049+0000 7f09b3400700 1 -- 172.21.15.12:0/3040570534 >> [v2:172.21.15.12:3300/0,v1:172.21.15.12:6789/0] conn(0x7f09ac07f7b0 msgr2=0x7f09ac07dc80 secure :-1 s=STATE_CONNECTION_ESTABLISHED l=1).mark_down
2024-05-27T07:06:16.307 INFO:teuthology.orchestra.run.smithi012.stdout:/usr/bin/ceph: stderr
2024-05-27T07:06:15.049+0000 7f09b3400700 1 --2- 172.21.15.12:0/3040570534 >> [v2:172.21.15.12:3300/0,v1:172.21.15.12:6789/0] conn(0x7f09ac07f7b0 0x7f09ac07dc80 secure :-1 s=READY pgs=41 cs=0 l=1 rev1=1 crypto rx=0x7f09a00098a0 tx=0x7f09a0009bb0 comp rx=0 tx=0).stop
2024-05-27T07:06:16.307 INFO:teuthology.orchestra.run.smithi012.stdout:/usr/bin/ceph: stderr
2024-05-27T07:06:15.049+0000 7f09b3400700 1 -- 172.21.15.12:0/3040570534 shutdown_connections
2024-05-27T07:06:16.307 INFO:teuthology.orchestra.run.smithi012.stdout:/usr/bin/ceph: stderr
2024-05-27T07:06:15.049+0000 7f09b3400700 1 --2- 172.21.15.12:0/3040570534 >> [v2:172.21.15.12:3300/0,v1:172.21.15.12:6789/0] conn(0x7f09ac07f7b0 0x7f09ac07dc80 unknown :-1 s=CLOSED pgs=41 cs=0 l=1 rev1=1 crypto rx=0 tx=0 comp rx=0 tx=0).stop
2024-05-27T07:06:16.307 INFO:teuthology.orchestra.run.smithi012.stdout:/usr/bin/ceph: stderr
2024-05-27T07:06:15.049+0000 7f09b3400700 1 -- 172.21.15.12:0/3040570534 >> 172.21.15.12:0/3040570534 conn(0x7f09ac1050c0 msgr2=0x7f09ac107510 unknown :-1 s=STATE_NONE l=0).mark_down
2024-05-27T07:06:16.307 INFO:teuthology.orchestra.run.smithi012.stdout:/usr/bin/ceph: stderr
2024-05-27T07:06:15.049+0000 7f09b3400700 1 -- 172.21.15.12:0/3040570534 shutdown_connections
2024-05-27T07:06:16.307 INFO:teuthology.orchestra.run.smithi012.stdout:/usr/bin/ceph: stderr
2024-05-27T07:06:15.049+0000 7f09b3400700 1 -- 172.21.15.12:0/3040570534 wait complete.
2024-05-27T07:06:16.307 INFO:teuthology.orchestra.run.smithi012.stdout:/usr/bin/ceph: stderr
2024-05-27T07:06:15.050+0000 7f09b3400700 1 Processor -- start
2024-05-27T07:06:16.307 INFO:teuthology.orchestra.run.smithi012.stdout:/usr/bin/ceph: stderr
2024-05-27T07:06:15.050+0000 7f09b3400700 1 -- start start
2024-05-27T07:06:16.310 INFO:teuthology.orchestra.run.smithi012.stdout:/usr/bin/ceph: stderr
2024-05-27T07:06:15.051+0000 7f09b3400700 1 --2- >> [v2:172.21.15.12:3300/0,v1:172.21.15.12:6789/0] conn(0x7f09ac07f7b0 0x7f09ac19fe60 unknown :-1 s=NONE pgs=0 cs=0 l=1 rev1=0 crypto rx=0 tx=0 comp rx=0 tx=0).connect
2024-05-27T07:06:16.310 INFO:teuthology.orchestra.run.smithi012.stdout:/usr/bin/ceph: stderr
2024-05-27T07:06:15.051+0000 7f09b3400700 1 -- --> [v2:172.21.15.12:3300/0,v1:172.21.15.12:6789/0] -- mon_getmap magic: 0 -- 0x7f09ac10fee0 con 0x7f09ac07f7b0
2024-05-27T07:06:16.310 INFO:teuthology.orchestra.run.smithi012.stdout:/usr/bin/ceph: stderr
2024-05-27T07:06:15.051+0000 7f09b0a00700 1 --2- >> [v2:172.21.15.12:3300/0,v1:172.21.15.12:6789/0] conn(0x7f09ac07f7b0 0x7f09ac19fe60 unknown :-1 s=BANNER_CONNECTING pgs=0 cs=0 l=1 rev1=0 crypto rx=0 tx=0 comp rx=0 tx=0)._handle_peer_banner_payload supported=3 required=0
2024-05-27T07:06:16.310 INFO:teuthology.orchestra.run.smithi012.stdout:/usr/bin/ceph: stderr
2024-05-27T07:06:15.051+0000 7f09b0a00700 1 --2- >> [v2:172.21.15.12:3300/0,v1:172.21.15.12:6789/0] conn(0x7f09ac07f7b0 0x7f09ac19fe60 unknown :-1 s=HELLO_CONNECTING pgs=0 cs=0 l=1 rev1=1 crypto rx=0 tx=0 comp rx=0 tx=0).handle_hello peer v2:172.21.15.12:3300/0 says I am v2:172.21.15.12:43830/0 (socket says 172.21.15.12:43830)
2024-05-27T07:06:16.310 INFO:teuthology.orchestra.run.smithi012.stdout:/usr/bin/ceph: stderr
2024-05-27T07:06:15.051+0000 7f09b0a00700 1 -- 172.21.15.12:0/3148559575 learned_addr learned my addr 172.21.15.12:0/3148559575 (peer_addr_for_me v2:172.21.15.12:0/0)
2024-05-27T07:06:16.310 INFO:teuthology.orchestra.run.smithi012.stdout:/usr/bin/ceph: stderr
2024-05-27T07:06:15.051+0000 7f09b0a00700 1 -- 172.21.15.12:0/3148559575 --> [v2:172.21.15.12:3300/0,v1:172.21.15.12:6789/0] -- mon_subscribe({config=0+,monmap=0+}) -- 0x7f09ac1a03a0 con 0x7f09ac07f7b0
2024-05-27T07:06:16.310 INFO:teuthology.orchestra.run.smithi012.stdout:/usr/bin/ceph: stderr
2024-05-27T07:06:15.052+0000 7f09b0a00700 1 --2- 172.21.15.12:0/3148559575 >> [v2:172.21.15.12:3300/0,v1:172.21.15.12:6789/0] conn(0x7f09ac07f7b0 0x7f09ac19fe60 secure :-1 s=READY pgs=42 cs=0 l=1 rev1=1 crypto rx=0x7f09a00119b0 tx=0x7f09a0011a90 comp rx=0 tx=0).ready entity=mon.0 client_cookie=0 server_cookie=0 in_seq=0 out_seq=0
2024-05-27T07:06:16.310 INFO:teuthology.orchestra.run.smithi012.stdout:/usr/bin/ceph: stderr
2024-05-27T07:06:15.052+0000 7f09a9600700 1 -- 172.21.15.12:0/3148559575 <== mon.0 v2:172.21.15.12:3300/0 1 ==== mon_map magic: 0 ==== 205+0+0 (secure 0 0 0) 0x7f09a0003af0 con 0x7f09ac07f7b0
2024-05-27T07:06:16.310 INFO:teuthology.orchestra.run.smithi012.stdout:/usr/bin/ceph: stderr
2024-05-27T07:06:15.052+0000 7f09a9600700 1 -- 172.21.15.12:0/3148559575 <== mon.0 v2:172.21.15.12:3300/0 2 ==== config(25 keys) ==== 1032+0+0 (secure 0 0 0) 0x7f09a001a8a0 con 0x7f09ac07f7b0
2024-05-27T07:06:16.310 INFO:teuthology.orchestra.run.smithi012.stdout:/usr/bin/ceph: stderr
2024-05-27T07:06:15.052+0000 7f09a9600700 1 -- 172.21.15.12:0/3148559575 <== mon.0 v2:172.21.15.12:3300/0 3 ==== mon_map magic: 0 ==== 205+0+0 (secure 0 0 0) 0x7f09a0024830 con 0x7f09ac07f7b0
2024-05-27T07:06:16.311 INFO:teuthology.orchestra.run.smithi012.stdout:/usr/bin/ceph: stderr
2024-05-27T07:06:15.052+0000 7f09b3400700 1 -- 172.21.15.12:0/3148559575 --> [v2:172.21.15.12:3300/0,v1:172.21.15.12:6789/0] -- mon_subscribe({mgrmap=0+}) -- 0x7f09ac1a0630 con 0x7f09ac07f7b0
2024-05-27T07:06:16.311 INFO:teuthology.orchestra.run.smithi012.stdout:/usr/bin/ceph: stderr
2024-05-27T07:06:15.052+0000 7f09b3400700 1 -- 172.21.15.12:0/3148559575 --> [v2:172.21.15.12:3300/0,v1:172.21.15.12:6789/0] -- mon_subscribe({osdmap=0}) -- 0x7f09ac1a3240 con 0x7f09ac07f7b0
2024-05-27T07:06:16.311 INFO:teuthology.orchestra.run.smithi012.stdout:/usr/bin/ceph: stderr
2024-05-27T07:06:15.053+0000 7f09a9600700 1 -- 172.21.15.12:0/3148559575 <== mon.0 v2:172.21.15.12:3300/0 4 ==== mgrmap(e 8) ==== 50222+0+0 (secure 0 0 0) 0x7f09a0022020 con 0x7f09ac07f7b0
2024-05-27T07:06:16.311 INFO:teuthology.orchestra.run.smithi012.stdout:/usr/bin/ceph: stderr
2024-05-27T07:06:15.053+0000 7f09b3400700 1 -- 172.21.15.12:0/3148559575 --> [v2:172.21.15.12:3300/0,v1:172.21.15.12:6789/0] -- mon_command({"prefix": "get_command_descriptions"} v 0) -- 0x7f09ac064e10 con 0x7f09ac07f7b0
2024-05-27T07:06:16.311 INFO:teuthology.orchestra.run.smithi012.stdout:/usr/bin/ceph: stderr
2024-05-27T07:06:15.054+0000 7f09a9600700 1 --2- 172.21.15.12:0/3148559575 >> [v2:172.21.15.12:6800/2115905110,v1:172.21.15.12:6801/2115905110] conn(0x7f099403e530 0x7f0994040a40 unknown :-1 s=NONE pgs=0 cs=0 l=1 rev1=0 crypto rx=0 tx=0 comp rx=0 tx=0).connect
2024-05-27T07:06:16.311 INFO:teuthology.orchestra.run.smithi012.stdout:/usr/bin/ceph: stderr
2024-05-27T07:06:15.054+0000 7f09a9600700 1 -- 172.21.15.12:0/3148559575 <== mon.0 v2:172.21.15.12:3300/0 5 ==== osd_map(2..2 src has 1..2) ==== 940+0+0 (secure 0 0 0) 0x7f09a0053a30 con 0x7f09ac07f7b0
2024-05-27T07:06:16.311 INFO:teuthology.orchestra.run.smithi012.stdout:/usr/bin/ceph: stderr
2024-05-27T07:06:15.054+0000 7f09abe00700 1 --2- 172.21.15.12:0/3148559575 >> [v2:172.21.15.12:6800/2115905110,v1:172.21.15.12:6801/2115905110] conn(0x7f099403e530 0x7f0994040a40 unknown :-1 s=BANNER_CONNECTING pgs=0 cs=0 l=1 rev1=0 crypto rx=0 tx=0 comp rx=0 tx=0)._handle_peer_banner_payload supported=3 required=0
2024-05-27T07:06:16.311 INFO:teuthology.orchestra.run.smithi012.stdout:/usr/bin/ceph: stderr
2024-05-27T07:06:15.055+0000 7f09abe00700 1 --2- 172.21.15.12:0/3148559575 >> [v2:172.21.15.12:6800/2115905110,v1:172.21.15.12:6801/2115905110] conn(0x7f099403e530 0x7f0994040a40 secure :-1 s=READY pgs=9 cs=0 l=1 rev1=1 crypto rx=0x7f0998006fd0 tx=0x7f0998006e40 comp rx=0 tx=0).ready entity=mgr.14120 client_cookie=0 server_cookie=0 in_seq=0 out_seq=0
2024-05-27T07:06:16.311 INFO:teuthology.orchestra.run.smithi012.stdout:/usr/bin/ceph: stderr
2024-05-27T07:06:15.060+0000 7f09a9600700 1 -- 172.21.15.12:0/3148559575 <== mon.0 v2:172.21.15.12:3300/0 6 ==== mon_command_ack([{"prefix": "get_command_descriptions"}]=0 v0) ==== 72+0+191963 (secure 0 0 0) 0x7f09a0053300 con 0x7f09ac07f7b0
2024-05-27T07:06:16.311 INFO:teuthology.orchestra.run.smithi012.stdout:/usr/bin/ceph: stderr
2024-05-27T07:06:15.298+0000 7f09b3400700 1 -- 172.21.15.12:0/3148559575 --> [v2:172.21.15.12:6800/2115905110,v1:172.21.15.12:6801/2115905110] -- mgr_command(tid 0: {"prefix": "cephadm generate-key", "target": ["mon-mgr", ""]}) -- 0x7f09ac1070b0 con 0x7f099403e530
2024-05-27T07:06:16.311 INFO:teuthology.orchestra.run.smithi012.stdout:/usr/bin/ceph: stderr
2024-05-27T07:06:15.504+0000 7f09a9600700 1 -- 172.21.15.12:0/3148559575 <== mgr.14120 v2:172.21.15.12:6800/2115905110 1 ==== mgr_command_reply(tid 0: 0 ) ==== 8+0+0 (secure 0 0 0) 0x7f09ac1070b0 con 0x7f099403e530
2024-05-27T07:06:16.311 INFO:teuthology.orchestra.run.smithi012.stdout:/usr/bin/ceph: stderr
2024-05-27T07:06:15.507+0000 7f09b3400700 1 -- 172.21.15.12:0/3148559575 >> [v2:172.21.15.12:6800/2115905110,v1:172.21.15.12:6801/2115905110] conn(0x7f099403e530 msgr2=0x7f0994040a40 secure :-1 s=STATE_CONNECTION_ESTABLISHED l=1).mark_down
2024-05-27T07:06:16.313 INFO:teuthology.orchestra.run.smithi012.stdout:/usr/bin/ceph: stderr
2024-05-27T07:06:15.507+0000 7f09b3400700 1 --2- 172.21.15.12:0/3148559575 >> [v2:172.21.15.12:6800/2115905110,v1:172.21.15.12:6801/2115905110] conn(0x7f099403e530 0x7f0994040a40 secure :-1 s=READY pgs=9 cs=0 l=1 rev1=1 crypto rx=0x7f0998006fd0 tx=0x7f0998006e40 comp rx=0 tx=0).stop
2024-05-27T07:06:16.313 INFO:teuthology.orchestra.run.smithi012.stdout:/usr/bin/ceph: stderr
2024-05-27T07:06:15.507+0000 7f09b3400700 1 -- 172.21.15.12:0/3148559575 >> [v2:172.21.15.12:3300/0,v1:172.21.15.12:6789/0] conn(0x7f09ac07f7b0 msgr2=0x7f09ac19fe60 secure :-1 s=STATE_CONNECTION_ESTABLISHED l=1).mark_down
2024-05-27T07:06:16.313 INFO:teuthology.orchestra.run.smithi012.stdout:/usr/bin/ceph: stderr
2024-05-27T07:06:15.507+0000 7f09b3400700 1 --2- 172.21.15.12:0/3148559575 >> [v2:172.21.15.12:3300/0,v1:172.21.15.12:6789/0] conn(0x7f09ac07f7b0 0x7f09ac19fe60 secure :-1 s=READY pgs=42 cs=0 l=1 rev1=1 crypto rx=0x7f09a00119b0 tx=0x7f09a0011a90 comp rx=0 tx=0).stop
2024-05-27T07:06:16.313 INFO:teuthology.orchestra.run.smithi012.stdout:/usr/bin/ceph: stderr
2024-05-27T07:06:15.507+0000 7f09b3400700 1 -- 172.21.15.12:0/3148559575 shutdown_connections
2024-05-27T07:06:16.313 INFO:teuthology.orchestra.run.smithi012.stdout:/usr/bin/ceph: stderr
2024-05-27T07:06:15.507+0000 7f09b3400700 1 --2- 172.21.15.12:0/3148559575 >> [v2:172.21.15.12:6800/2115905110,v1:172.21.15.12:6801/2115905110] conn(0x7f099403e530 0x7f0994040a40 unknown :-1 s=CLOSED pgs=9 cs=0 l=1 rev1=1 crypto rx=0 tx=0 comp rx=0 tx=0).stop
2024-05-27T07:06:16.313 INFO:teuthology.orchestra.run.smithi012.stdout:/usr/bin/ceph: stderr
2024-05-27T07:06:15.507+0000 7f09b3400700 1 --2- 172.21.15.12:0/3148559575 >> [v2:172.21.15.12:3300/0,v1:172.21.15.12:6789/0] conn(0x7f09ac07f7b0 0x7f09ac19fe60 unknown :-1 s=CLOSED pgs=42 cs=0 l=1 rev1=1 crypto rx=0 tx=0 comp rx=0 tx=0).stop
2024-05-27T07:06:16.313 INFO:teuthology.orchestra.run.smithi012.stdout:/usr/bin/ceph: stderr
2024-05-27T07:06:15.507+0000 7f09b3400700 1 -- 172.21.15.12:0/3148559575 >> 172.21.15.12:0/3148559575 conn(0x7f09ac1050c0 msgr2=0x7f09ac1069a0 unknown :-1 s=STATE_NONE l=0).mark_down
2024-05-27T07:06:16.313 INFO:teuthology.orchestra.run.smithi012.stdout:/usr/bin/ceph: stderr
2024-05-27T07:06:15.508+0000 7f09b3400700 1 -- 172.21.15.12:0/3148559575 shutdown_connections
2024-05-27T07:06:16.313 INFO:teuthology.orchestra.run.smithi012.stdout:/usr/bin/ceph: stderr
2024-05-27T07:06:15.508+0000 7f09b3400700 1 -- 172.21.15.12:0/3148559575 wait complete.
2024-05-27T07:06:16.594 INFO:journalctl@ceph.mon.a.smithi012.stdout:May 27 07:06:16 smithi012 ceph-mon[31473]: from='client.14136 -' entity='client.admin' cmd=[{"prefix": "cephadm generate-key", "target": ["mon-mgr", ""]}]: dispatch
2024-05-27T07:06:16.594 INFO:journalctl@ceph.mon.a.smithi012.stdout:May 27 07:06:16 smithi012 ceph-mon[31473]: Generating ssh key...
2024-05-27T07:06:16.595 INFO:journalctl@ceph.mon.a.smithi012.stdout:May 27 07:06:16 smithi012 ceph-mon[31473]: from='mgr.14120 172.21.15.12:0/2875108797' entity='mgr.x'
2024-05-27T07:06:16.595 INFO:journalctl@ceph.mon.a.smithi012.stdout:May 27 07:06:16 smithi012 ceph-mon[31473]: from='mgr.14120 172.21.15.12:0/2875108797' entity='mgr.x'
2024-05-27T07:06:17.869 INFO:teuthology.orchestra.run.smithi012.stdout:/usr/bin/ceph: stdout ssh-rsa AAAAB3NzaC1yc2EAAAADAQABAAABgQDNfXOIZ3wIXptZ5rxwG8OXj5zV6rcoORkVPZ7X6IQy4SK5ZluRcNOTwxkVCX8wS76ouPZwAZRdDrQXI5i5Le+1W9NJ16tgqzTl7+HL/UnumwIoqGvWLhoO0YADToKgQL5GNK6zngdNBSMLNah2p+WPCWKPgCskgG31q96WLfdjRwY2FC2pUcrpy4X9OxfXJXI+itv1r03DnQOxKP4mwC8P4S+jTpLkThViiLkrtJUfFFaY9ogkCRAS3ksZ0mgrjuRc9HgwY3yY05TNZZcw8qP3pdmnjC4RxkH3xcIFAmAnib1VaP5LXseiivyIbuldSGMH4T292i13c9sw3dIuvPoEx5vdk75YF3W0zCbuMYcxSurjpYGIs3GtvRm2xJpbE5BcLpvD/iFLGHOvGxoymMtXlWMKxbhDW+vVlXKucqZZnww6FKA3bJ+VtfpOXaJ9ns0yk3XfCkD1a7IWAyBaekpNLAPyxXNDkOuQNPsLNxRGYkfB3S16csLU9uhOuYdgIHc= ceph-55c251ba-1bf7-11ef-bc9b-c7b262605968
2024-05-27T07:06:17.869 INFO:teuthology.orchestra.run.smithi012.stdout:/usr/bin/ceph: stderr
2024-05-27T07:06:17.009+0000 7f6693e00700 1 Processor -- start
2024-05-27T07:06:17.869 INFO:teuthology.orchestra.run.smithi012.stdout:/usr/bin/ceph: stderr
2024-05-27T07:06:17.010+0000 7f6693e00700 1 -- start start
2024-05-27T07:06:17.869 INFO:teuthology.orchestra.run.smithi012.stdout:/usr/bin/ceph: stderr
2024-05-27T07:06:17.010+0000 7f6693e00700 1 --2- >> [v2:172.21.15.12:3300/0,v1:172.21.15.12:6789/0] conn(0x7f66941106e0 0x7f6694112b00 unknown :-1 s=NONE pgs=0 cs=0 l=0 rev1=0 crypto rx=0 tx=0 comp rx=0 tx=0).connect
2024-05-27T07:06:17.869 INFO:teuthology.orchestra.run.smithi012.stdout:/usr/bin/ceph: stderr
2024-05-27T07:06:17.010+0000 7f6693e00700 1 -- --> [v2:172.21.15.12:3300/0,v1:172.21.15.12:6789/0] -- mon_getmap magic: 0 -- 0x7f6694113040 con 0x7f66941106e0
2024-05-27T07:06:17.870 INFO:teuthology.orchestra.run.smithi012.stdout:/usr/bin/ceph: stderr
2024-05-27T07:06:17.011+0000 7f6692a00700 1 --2- >> [v2:172.21.15.12:3300/0,v1:172.21.15.12:6789/0] conn(0x7f66941106e0 0x7f6694112b00 unknown :-1 s=BANNER_CONNECTING pgs=0 cs=0 l=0 rev1=0 crypto rx=0 tx=0 comp rx=0 tx=0)._handle_peer_banner_payload supported=3 required=0
2024-05-27T07:06:17.870 INFO:teuthology.orchestra.run.smithi012.stdout:/usr/bin/ceph: stderr
2024-05-27T07:06:17.011+0000 7f6692a00700 1 --2- >> [v2:172.21.15.12:3300/0,v1:172.21.15.12:6789/0] conn(0x7f66941106e0 0x7f6694112b00 unknown :-1 s=HELLO_CONNECTING pgs=0 cs=0 l=0 rev1=1 crypto rx=0 tx=0 comp rx=0 tx=0).handle_hello peer v2:172.21.15.12:3300/0 says I am v2:172.21.15.12:43832/0 (socket says 172.21.15.12:43832)
2024-05-27T07:06:17.870 INFO:teuthology.orchestra.run.smithi012.stdout:/usr/bin/ceph: stderr
2024-05-27T07:06:17.011+0000 7f6692a00700 1 -- 172.21.15.12:0/2070770699 learned_addr learned my addr 172.21.15.12:0/2070770699 (peer_addr_for_me v2:172.21.15.12:0/0)
2024-05-27T07:06:17.870 INFO:teuthology.orchestra.run.smithi012.stdout:/usr/bin/ceph: stderr
2024-05-27T07:06:17.011+0000 7f6692a00700 1 -- 172.21.15.12:0/2070770699 --> [v2:172.21.15.12:3300/0,v1:172.21.15.12:6789/0] -- mon_subscribe({config=0+,monmap=0+}) -- 0x7f66941131c0 con 0x7f66941106e0
2024-05-27T07:06:17.870 INFO:teuthology.orchestra.run.smithi012.stdout:/usr/bin/ceph: stderr
2024-05-27T07:06:17.011+0000 7f6692a00700 1 --2- 172.21.15.12:0/2070770699 >> [v2:172.21.15.12:3300/0,v1:172.21.15.12:6789/0] conn(0x7f66941106e0 0x7f6694112b00 secure :-1 s=READY pgs=43 cs=0 l=1 rev1=1 crypto rx=0x7f66840098a0 tx=0x7f6684009bb0 comp rx=0 tx=0).ready entity=mon.0 client_cookie=78a8c1d3bbf9474b server_cookie=0 in_seq=0 out_seq=0
2024-05-27T07:06:17.870 INFO:teuthology.orchestra.run.smithi012.stdout:/usr/bin/ceph: stderr
2024-05-27T07:06:17.012+0000 7f6691600700 1 -- 172.21.15.12:0/2070770699 <== mon.0 v2:172.21.15.12:3300/0 1 ==== mon_map magic: 0 ==== 205+0+0 (secure 0 0 0) 0x7f6684004160 con 0x7f66941106e0
2024-05-27T07:06:17.870 INFO:teuthology.orchestra.run.smithi012.stdout:/usr/bin/ceph: stderr
2024-05-27T07:06:17.012+0000 7f6691600700 1 -- 172.21.15.12:0/2070770699 <== mon.0 v2:172.21.15.12:3300/0 2 ==== config(25 keys) ==== 1032+0+0 (secure 0 0 0) 0x7f6684004300 con 0x7f66941106e0
2024-05-27T07:06:17.870 INFO:teuthology.orchestra.run.smithi012.stdout:/usr/bin/ceph: stderr
2024-05-27T07:06:17.012+0000 7f6691600700 1 -- 172.21.15.12:0/2070770699 <== mon.0 v2:172.21.15.12:3300/0 3 ==== mon_map magic: 0 ==== 205+0+0 (secure 0 0 0) 0x7f66840119e0 con 0x7f66941106e0
2024-05-27T07:06:17.870 INFO:teuthology.orchestra.run.smithi012.stdout:/usr/bin/ceph: stderr
2024-05-27T07:06:17.013+0000 7f6693e00700 1 -- 172.21.15.12:0/2070770699 >> [v2:172.21.15.12:3300/0,v1:172.21.15.12:6789/0] conn(0x7f66941106e0 msgr2=0x7f6694112b00 secure :-1 s=STATE_CONNECTION_ESTABLISHED l=1).mark_down
2024-05-27T07:06:17.871 INFO:teuthology.orchestra.run.smithi012.stdout:/usr/bin/ceph: stderr
2024-05-27T07:06:17.013+0000 7f6693e00700 1 --2- 172.21.15.12:0/2070770699 >> [v2:172.21.15.12:3300/0,v1:172.21.15.12:6789/0] conn(0x7f66941106e0 0x7f6694112b00 secure :-1 s=READY pgs=43 cs=0 l=1 rev1=1 crypto rx=0x7f66840098a0 tx=0x7f6684009bb0 comp rx=0 tx=0).stop
2024-05-27T07:06:17.871 INFO:teuthology.orchestra.run.smithi012.stdout:/usr/bin/ceph: stderr
2024-05-27T07:06:17.013+0000 7f6693e00700 1 -- 172.21.15.12:0/2070770699 shutdown_connections
2024-05-27T07:06:17.871 INFO:teuthology.orchestra.run.smithi012.stdout:/usr/bin/ceph: stderr
2024-05-27T07:06:17.013+0000 7f6693e00700 1 --2- 172.21.15.12:0/2070770699 >> [v2:172.21.15.12:3300/0,v1:172.21.15.12:6789/0] conn(0x7f66941106e0 0x7f6694112b00 unknown :-1 s=CLOSED pgs=43 cs=0 l=1 rev1=1 crypto rx=0 tx=0 comp rx=0 tx=0).stop
2024-05-27T07:06:17.871 INFO:teuthology.orchestra.run.smithi012.stdout:/usr/bin/ceph: stderr
2024-05-27T07:06:17.013+0000 7f6693e00700 1 -- 172.21.15.12:0/2070770699 >> 172.21.15.12:0/2070770699 conn(0x7f669407ef80 msgr2=0x7f66940813a0 unknown :-1 s=STATE_NONE l=0).mark_down
2024-05-27T07:06:17.871 INFO:teuthology.orchestra.run.smithi012.stdout:/usr/bin/ceph: stderr
2024-05-27T07:06:17.013+0000 7f6693e00700 1 -- 172.21.15.12:0/2070770699 shutdown_connections
2024-05-27T07:06:17.871 INFO:teuthology.orchestra.run.smithi012.stdout:/usr/bin/ceph: stderr
2024-05-27T07:06:17.013+0000 7f6693e00700 1 -- 172.21.15.12:0/2070770699 wait complete.
2024-05-27T07:06:17.871 INFO:teuthology.orchestra.run.smithi012.stdout:/usr/bin/ceph: stderr
2024-05-27T07:06:17.014+0000 7f6693e00700 1 Processor -- start
2024-05-27T07:06:17.871 INFO:teuthology.orchestra.run.smithi012.stdout:/usr/bin/ceph: stderr
2024-05-27T07:06:17.014+0000 7f6693e00700 1 -- start start
2024-05-27T07:06:17.871 INFO:teuthology.orchestra.run.smithi012.stdout:/usr/bin/ceph: stderr
2024-05-27T07:06:17.015+0000 7f6693e00700 1 --2- >> [v2:172.21.15.12:3300/0,v1:172.21.15.12:6789/0] conn(0x7f66941106e0 0x7f66941a4060 unknown :-1 s=NONE pgs=0 cs=0 l=1 rev1=0 crypto rx=0 tx=0 comp rx=0 tx=0).connect
2024-05-27T07:06:17.871 INFO:teuthology.orchestra.run.smithi012.stdout:/usr/bin/ceph: stderr
2024-05-27T07:06:17.015+0000 7f6693e00700 1 -- --> [v2:172.21.15.12:3300/0,v1:172.21.15.12:6789/0] -- mon_getmap magic: 0 -- 0x7f6694114130 con 0x7f66941106e0
2024-05-27T07:06:17.871 INFO:teuthology.orchestra.run.smithi012.stdout:/usr/bin/ceph: stderr
2024-05-27T07:06:17.015+0000 7f6692a00700 1 --2- >> [v2:172.21.15.12:3300/0,v1:172.21.15.12:6789/0] conn(0x7f66941106e0 0x7f66941a4060 unknown :-1 s=BANNER_CONNECTING pgs=0 cs=0 l=1 rev1=0 crypto rx=0 tx=0 comp rx=0 tx=0)._handle_peer_banner_payload supported=3 required=0
2024-05-27T07:06:17.871 INFO:teuthology.orchestra.run.smithi012.stdout:/usr/bin/ceph: stderr
2024-05-27T07:06:17.015+0000 7f6692a00700 1 --2- >> [v2:172.21.15.12:3300/0,v1:172.21.15.12:6789/0] conn(0x7f66941106e0 0x7f66941a4060 unknown :-1 s=HELLO_CONNECTING pgs=0 cs=0 l=1 rev1=1 crypto rx=0 tx=0 comp rx=0 tx=0).handle_hello peer v2:172.21.15.12:3300/0 says I am v2:172.21.15.12:43838/0 (socket says 172.21.15.12:43838)
2024-05-27T07:06:17.871 INFO:teuthology.orchestra.run.smithi012.stdout:/usr/bin/ceph: stderr
2024-05-27T07:06:17.015+0000 7f6692a00700 1 -- 172.21.15.12:0/4076505138 learned_addr learned my addr 172.21.15.12:0/4076505138 (peer_addr_for_me v2:172.21.15.12:0/0)
2024-05-27T07:06:17.872 INFO:teuthology.orchestra.run.smithi012.stdout:/usr/bin/ceph: stderr
2024-05-27T07:06:17.016+0000 7f6692a00700 1 -- 172.21.15.12:0/4076505138 --> [v2:172.21.15.12:3300/0,v1:172.21.15.12:6789/0] -- mon_subscribe({config=0+,monmap=0+}) -- 0x7f66941a45a0 con 0x7f66941106e0
2024-05-27T07:06:17.872 INFO:teuthology.orchestra.run.smithi012.stdout:/usr/bin/ceph: stderr
2024-05-27T07:06:17.016+0000 7f6692a00700 1 --2- 172.21.15.12:0/4076505138 >> [v2:172.21.15.12:3300/0,v1:172.21.15.12:6789/0] conn(0x7f66941106e0 0x7f66941a4060 secure :-1 s=READY pgs=44 cs=0 l=1 rev1=1 crypto rx=0x7f66840119b0 tx=0x7f6684011a90 comp rx=0 tx=0).ready entity=mon.0 client_cookie=0 server_cookie=0 in_seq=0 out_seq=0
2024-05-27T07:06:17.872 INFO:teuthology.orchestra.run.smithi012.stdout:/usr/bin/ceph: stderr
2024-05-27T07:06:17.016+0000 7f668b400700 1 -- 172.21.15.12:0/4076505138 <== mon.0 v2:172.21.15.12:3300/0 1 ==== mon_map magic: 0 ==== 205+0+0 (secure 0 0 0) 0x7f6684003af0 con 0x7f66941106e0
2024-05-27T07:06:17.872 INFO:teuthology.orchestra.run.smithi012.stdout:/usr/bin/ceph: stderr
2024-05-27T07:06:17.016+0000 7f668b400700 1 -- 172.21.15.12:0/4076505138 <== mon.0 v2:172.21.15.12:3300/0 2 ==== config(25 keys) ==== 1032+0+0 (secure 0 0 0) 0x7f668401a8a0 con 0x7f66941106e0
2024-05-27T07:06:17.872 INFO:teuthology.orchestra.run.smithi012.stdout:/usr/bin/ceph: stderr
2024-05-27T07:06:17.016+0000 7f6693e00700 1 -- 172.21.15.12:0/4076505138 --> [v2:172.21.15.12:3300/0,v1:172.21.15.12:6789/0] -- mon_subscribe({mgrmap=0+}) -- 0x7f66941a4830 con 0x7f66941106e0
2024-05-27T07:06:17.872 INFO:teuthology.orchestra.run.smithi012.stdout:/usr/bin/ceph: stderr
2024-05-27T07:06:17.016+0000 7f668b400700 1 -- 172.21.15.12:0/4076505138 <== mon.0 v2:172.21.15.12:3300/0 3 ==== mon_map magic: 0 ==== 205+0+0 (secure 0 0 0) 0x7f6684024830 con 0x7f66941106e0
2024-05-27T07:06:17.872 INFO:teuthology.orchestra.run.smithi012.stdout:/usr/bin/ceph: stderr
2024-05-27T07:06:17.016+0000 7f6693e00700 1 -- 172.21.15.12:0/4076505138 --> [v2:172.21.15.12:3300/0,v1:172.21.15.12:6789/0] -- mon_subscribe({osdmap=0}) -- 0x7f66941a7440 con 0x7f66941106e0
2024-05-27T07:06:17.872 INFO:teuthology.orchestra.run.smithi012.stdout:/usr/bin/ceph: stderr
2024-05-27T07:06:17.018+0000 7f6693e00700 1 -- 172.21.15.12:0/4076505138 --> [v2:172.21.15.12:3300/0,v1:172.21.15.12:6789/0] -- mon_command({"prefix": "get_command_descriptions"} v 0) -- 0x7f6694064e10 con 0x7f66941106e0
2024-05-27T07:06:17.872 INFO:teuthology.orchestra.run.smithi012.stdout:/usr/bin/ceph: stderr
2024-05-27T07:06:17.018+0000 7f668b400700 1 -- 172.21.15.12:0/4076505138 <== mon.0 v2:172.21.15.12:3300/0 4 ==== mgrmap(e 8) ==== 50222+0+0 (secure 0 0 0) 0x7f6684022020 con 0x7f66941106e0
2024-05-27T07:06:17.872 INFO:teuthology.orchestra.run.smithi012.stdout:/usr/bin/ceph: stderr
2024-05-27T07:06:17.018+0000 7f668b400700 1 --2- 172.21.15.12:0/4076505138 >> [v2:172.21.15.12:6800/2115905110,v1:172.21.15.12:6801/2115905110] conn(0x7f667803e530 0x7f6678040a40 unknown :-1 s=NONE pgs=0 cs=0 l=1 rev1=0 crypto rx=0 tx=0 comp rx=0 tx=0).connect
2024-05-27T07:06:17.872 INFO:teuthology.orchestra.run.smithi012.stdout:/usr/bin/ceph: stderr
2024-05-27T07:06:17.018+0000 7f668b400700 1 -- 172.21.15.12:0/4076505138 <== mon.0 v2:172.21.15.12:3300/0 5 ==== osd_map(2..2 src has 1..2) ==== 940+0+0 (secure 0 0 0) 0x7f66840539b0 con 0x7f66941106e0
2024-05-27T07:06:17.872 INFO:teuthology.orchestra.run.smithi012.stdout:/usr/bin/ceph: stderr
2024-05-27T07:06:17.019+0000 7f6692000700 1 --2- 172.21.15.12:0/4076505138 >> [v2:172.21.15.12:6800/2115905110,v1:172.21.15.12:6801/2115905110] conn(0x7f667803e530 0x7f6678040a40 unknown :-1 s=BANNER_CONNECTING pgs=0 cs=0 l=1 rev1=0 crypto rx=0 tx=0 comp rx=0 tx=0)._handle_peer_banner_payload supported=3 required=0
2024-05-27T07:06:17.873 INFO:teuthology.orchestra.run.smithi012.stdout:/usr/bin/ceph: stderr
2024-05-27T07:06:17.020+0000 7f6692000700 1 --2- 172.21.15.12:0/4076505138 >> [v2:172.21.15.12:6800/2115905110,v1:172.21.15.12:6801/2115905110] conn(0x7f667803e530 0x7f6678040a40 secure :-1 s=READY pgs=10 cs=0 l=1 rev1=1 crypto rx=0x7f6680006fd0 tx=0x7f6680006e40 comp rx=0 tx=0).ready entity=mgr.14120 client_cookie=0 server_cookie=0 in_seq=0 out_seq=0
2024-05-27T07:06:17.873 INFO:teuthology.orchestra.run.smithi012.stdout:/usr/bin/ceph: stderr
2024-05-27T07:06:17.025+0000 7f668b400700 1 -- 172.21.15.12:0/4076505138 <== mon.0 v2:172.21.15.12:3300/0 6 ==== mon_command_ack([{"prefix": "get_command_descriptions"}]=0 v0) ==== 72+0+191963 (secure 0 0 0) 0x7f6684053280 con 0x7f66941106e0
2024-05-27T07:06:17.873 INFO:teuthology.orchestra.run.smithi012.stdout:/usr/bin/ceph: stderr
2024-05-27T07:06:17.264+0000 7f6693e00700 1 -- 172.21.15.12:0/4076505138 --> [v2:172.21.15.12:6800/2115905110,v1:172.21.15.12:6801/2115905110] -- mgr_command(tid 0: {"prefix": "cephadm get-pub-key", "target": ["mon-mgr", ""]}) -- 0x7f6694080ed0 con 0x7f667803e530
2024-05-27T07:06:17.873 INFO:teuthology.orchestra.run.smithi012.stdout:/usr/bin/ceph: stderr
2024-05-27T07:06:17.266+0000 7f668b400700 1 -- 172.21.15.12:0/4076505138 <== mgr.14120 v2:172.21.15.12:6800/2115905110 1 ==== mgr_command_reply(tid 0: 0 ) ==== 8+0+595 (secure 0 0 0) 0x7f6694080ed0 con 0x7f667803e530
2024-05-27T07:06:17.873 INFO:teuthology.orchestra.run.smithi012.stdout:/usr/bin/ceph: stderr
2024-05-27T07:06:17.269+0000 7f6693e00700 1 -- 172.21.15.12:0/4076505138 >> [v2:172.21.15.12:6800/2115905110,v1:172.21.15.12:6801/2115905110] conn(0x7f667803e530 msgr2=0x7f6678040a40 secure :-1 s=STATE_CONNECTION_ESTABLISHED l=1).mark_down
2024-05-27T07:06:17.873 INFO:teuthology.orchestra.run.smithi012.stdout:/usr/bin/ceph: stderr
2024-05-27T07:06:17.269+0000 7f6693e00700 1 --2- 172.21.15.12:0/4076505138 >> [v2:172.21.15.12:6800/2115905110,v1:172.21.15.12:6801/2115905110] conn(0x7f667803e530 0x7f6678040a40 secure :-1 s=READY pgs=10 cs=0 l=1 rev1=1 crypto rx=0x7f6680006fd0 tx=0x7f6680006e40 comp rx=0 tx=0).stop
2024-05-27T07:06:17.873 INFO:teuthology.orchestra.run.smithi012.stdout:/usr/bin/ceph: stderr
2024-05-27T07:06:17.269+0000 7f6693e00700 1 -- 172.21.15.12:0/4076505138 >> [v2:172.21.15.12:3300/0,v1:172.21.15.12:6789/0] conn(0x7f66941106e0 msgr2=0x7f66941a4060 secure :-1 s=STATE_CONNECTION_ESTABLISHED l=1).mark_down
2024-05-27T07:06:17.873 INFO:teuthology.orchestra.run.smithi012.stdout:/usr/bin/ceph: stderr
2024-05-27T07:06:17.269+0000 7f6693e00700 1 --2- 172.21.15.12:0/4076505138 >> [v2:172.21.15.12:3300/0,v1:172.21.15.12:6789/0] conn(0x7f66941106e0 0x7f66941a4060 secure :-1 s=READY pgs=44 cs=0 l=1 rev1=1 crypto rx=0x7f66840119b0 tx=0x7f6684011a90 comp rx=0 tx=0).stop
2024-05-27T07:06:17.873 INFO:teuthology.orchestra.run.smithi012.stdout:/usr/bin/ceph: stderr
2024-05-27T07:06:17.270+0000 7f6693e00700 1 -- 172.21.15.12:0/4076505138 shutdown_connections
2024-05-27T07:06:17.873 INFO:teuthology.orchestra.run.smithi012.stdout:/usr/bin/ceph: stderr
2024-05-27T07:06:17.270+0000 7f6693e00700 1 --2- 172.21.15.12:0/4076505138 >> [v2:172.21.15.12:6800/2115905110,v1:172.21.15.12:6801/2115905110] conn(0x7f667803e530 0x7f6678040a40 unknown :-1 s=CLOSED pgs=10 cs=0 l=1 rev1=1 crypto rx=0 tx=0 comp rx=0 tx=0).stop
2024-05-27T07:06:17.873 INFO:teuthology.orchestra.run.smithi012.stdout:/usr/bin/ceph: stderr
2024-05-27T07:06:17.270+0000 7f6693e00700 1 --2- 172.21.15.12:0/4076505138 >> [v2:172.21.15.12:3300/0,v1:172.21.15.12:6789/0] conn(0x7f66941106e0 0x7f66941a4060 unknown :-1 s=CLOSED pgs=44 cs=0 l=1 rev1=1 crypto rx=0 tx=0 comp rx=0 tx=0).stop
2024-05-27T07:06:17.873 INFO:teuthology.orchestra.run.smithi012.stdout:/usr/bin/ceph: stderr
2024-05-27T07:06:17.270+0000 7f6693e00700 1 -- 172.21.15.12:0/4076505138 >> 172.21.15.12:0/4076505138 conn(0x7f669407ef80 msgr2=0x7f66940807c0 unknown :-1 s=STATE_NONE l=0).mark_down
2024-05-27T07:06:17.873 INFO:teuthology.orchestra.run.smithi012.stdout:/usr/bin/ceph: stderr
2024-05-27T07:06:17.270+0000 7f6693e00700 1 -- 172.21.15.12:0/4076505138 shutdown_connections
2024-05-27T07:06:17.874 INFO:teuthology.orchestra.run.smithi012.stdout:/usr/bin/ceph: stderr
2024-05-27T07:06:17.270+0000 7f6693e00700 1 -- 172.21.15.12:0/4076505138 wait complete.
2024-05-27T07:06:17.874 INFO:teuthology.orchestra.run.smithi012.stdout:Wrote public SSH key to /home/ubuntu/cephtest/ceph.pub
2024-05-27T07:06:17.874 INFO:teuthology.orchestra.run.smithi012.stdout:Adding key to root@localhost authorized_keys...
2024-05-27T07:06:17.874 INFO:teuthology.orchestra.run.smithi012.stdout:Adding host smithi012...
2024-05-27T07:06:18.146 INFO:journalctl@ceph.mon.a.smithi012.stdout:May 27 07:06:17 smithi012 ceph-mon[31473]: from='client.14138 -' entity='client.admin' cmd=[{"prefix": "cephadm get-pub-key", "target": ["mon-mgr", ""]}]: dispatch
2024-05-27T07:06:19.052 INFO:journalctl@ceph.mon.a.smithi012.stdout:May 27 07:06:18 smithi012 ceph-mon[31473]: from='client.14140 -' entity='client.admin' cmd=[{"prefix": "orch host add", "hostname": "smithi012", "addr": "172.21.15.12", "target": ["mon-mgr", ""]}]: dispatch
2024-05-27T07:06:21.062 INFO:journalctl@ceph.mon.a.smithi012.stdout:May 27 07:06:20 smithi012 ceph-mon[31473]: Deploying cephadm binary to smithi012
2024-05-27T07:06:25.750 INFO:teuthology.orchestra.run.smithi012.stdout:/usr/bin/ceph: stdout Added host 'smithi012' with addr '172.21.15.12'
