2024-05-27T07:14:30.549+0000 7f9f1e7fc700 1 --2- 172.21.15.52:0/2108714421 >> [v2:172.21.15.52:6800/3513075805,v1:172.21.15.52:6801/3513075805] conn(0x7f9f18053a10 0x7f9f14043f70 unknown :-1 s=BANNER_CONNECTING pgs=0 cs=0 l=1 rev1=0 crypto rx=0 tx=0 comp rx=0 tx=0)._handle_peer_banner_payload supported=3 required=0
2024-05-27T07:14:31.019 INFO:teuthology.orchestra.run.smithi052.stdout:/usr/bin/ceph: stderr
2024-05-27T07:14:30.550+0000 7f9f1e7fc700 1 --2- 172.21.15.52:0/2108714421 >> [v2:172.21.15.52:6800/3513075805,v1:172.21.15.52:6801/3513075805] conn(0x7f9f18053a10 0x7f9f14043f70 secure :-1 s=READY pgs=1 cs=0 l=1 rev1=1 crypto rx=0x7f9f10003a10 tx=0x7f9f100092b0 comp rx=0 tx=0).ready entity=mgr.14152 client_cookie=0 server_cookie=0 in_seq=0 out_seq=0
2024-05-27T07:14:31.019 INFO:teuthology.orchestra.run.smithi052.stdout:/usr/bin/ceph: stderr
2024-05-27T07:14:30.551+0000 7f9f24ff9700 1 -- 172.21.15.52:0/2108714421 <== mgr.14152 v2:172.21.15.52:6800/3513075805 1 ==== command_reply(tid 0: 0 ) ==== 8+0+9564 (secure 0 0 0) 0x7f9f1800bd30 con 0x7f9f18053a10
2024-05-27T07:14:31.020 INFO:teuthology.orchestra.run.smithi052.stdout:/usr/bin/ceph: stderr
2024-05-27T07:14:30.559+0000 7f9f2d723700 1 -- 172.21.15.52:0/2108714421 --> [v2:172.21.15.52:6800/3513075805,v1:172.21.15.52:6801/3513075805] -- command(tid 1: {"prefix": "mgr_status"}) -- 0x7f9f28064e10 con 0x7f9f18053a10
2024-05-27T07:14:31.020 INFO:teuthology.orchestra.run.smithi052.stdout:/usr/bin/ceph: stderr
2024-05-27T07:14:30.560+0000 7f9f24ff9700 1 -- 172.21.15.52:0/2108714421 <== mgr.14152 v2:172.21.15.52:6800/3513075805 2 ==== command_reply(tid 1: 0 ) ==== 8+0+52 (secure 0 0 0) 0x7f9f28064e10 con 0x7f9f18053a10
2024-05-27T07:14:31.020 INFO:teuthology.orchestra.run.smithi052.stdout:/usr/bin/ceph: stderr
2024-05-27T07:14:30.560+0000 7f9f2d723700 1 -- 172.21.15.52:0/2108714421 >> [v2:172.21.15.52:6800/3513075805,v1:172.21.15.52:6801/3513075805] conn(0x7f9f18053a10 msgr2=0x7f9f14043f70 secure :-1 s=STATE_CONNECTION_ESTABLISHED l=1).mark_down
2024-05-27T07:14:31.020 INFO:teuthology.orchestra.run.smithi052.stdout:/usr/bin/ceph: stderr
2024-05-27T07:14:30.560+0000 7f9f2d723700 1 --2- 172.21.15.52:0/2108714421 >> [v2:172.21.15.52:6800/3513075805,v1:172.21.15.52:6801/3513075805] conn(0x7f9f18053a10 0x7f9f14043f70 secure :-1 s=READY pgs=1 cs=0 l=1 rev1=1 crypto rx=0x7f9f10003a10 tx=0x7f9f100092b0 comp rx=0 tx=0).stop
2024-05-27T07:14:31.020 INFO:teuthology.orchestra.run.smithi052.stdout:/usr/bin/ceph: stderr
2024-05-27T07:14:30.560+0000 7f9f2d723700 1 -- 172.21.15.52:0/2108714421 >> [v2:172.21.15.52:3300/0,v1:172.21.15.52:6789/0] conn(0x7f9f2810a020 msgr2=0x7f9f2819ce00 secure :-1 s=STATE_CONNECTION_ESTABLISHED l=1).mark_down
2024-05-27T07:14:31.020 INFO:teuthology.orchestra.run.smithi052.stdout:/usr/bin/ceph: stderr
2024-05-27T07:14:30.560+0000 7f9f2d723700 1 --2- 172.21.15.52:0/2108714421 >> [v2:172.21.15.52:3300/0,v1:172.21.15.52:6789/0] conn(0x7f9f2810a020 0x7f9f2819ce00 secure :-1 s=READY pgs=62 cs=0 l=1 rev1=1 crypto rx=0x7f9f180119f0 tx=0x7f9f18011ad0 comp rx=0 tx=0).stop
2024-05-27T07:14:31.020 INFO:teuthology.orchestra.run.smithi052.stdout:/usr/bin/ceph: stderr
2024-05-27T07:14:30.560+0000 7f9f2d723700 1 -- 172.21.15.52:0/2108714421 shutdown_connections
2024-05-27T07:14:31.020 INFO:teuthology.orchestra.run.smithi052.stdout:/usr/bin/ceph: stderr
2024-05-27T07:14:30.560+0000 7f9f2d723700 1 --2- 172.21.15.52:0/2108714421 >> [v2:172.21.15.52:6800/3513075805,v1:172.21.15.52:6801/3513075805] conn(0x7f9f18053a10 0x7f9f14043f70 unknown :-1 s=CLOSED pgs=1 cs=0 l=1 rev1=1 crypto rx=0 tx=0 comp rx=0 tx=0).stop
2024-05-27T07:14:31.020 INFO:teuthology.orchestra.run.smithi052.stdout:/usr/bin/ceph: stderr
2024-05-27T07:14:30.560+0000 7f9f2d723700 1 --2- 172.21.15.52:0/2108714421 >> [v2:172.21.15.52:3300/0,v1:172.21.15.52:6789/0] conn(0x7f9f2810a020 0x7f9f2819ce00 unknown :-1 s=CLOSED pgs=62 cs=0 l=1 rev1=1 crypto rx=0 tx=0 comp rx=0 tx=0).stop
2024-05-27T07:14:31.020 INFO:teuthology.orchestra.run.smithi052.stdout:/usr/bin/ceph: stderr
2024-05-27T07:14:30.560+0000 7f9f2d723700 1 --2- 172.21.15.52:0/2108714421 >> [v2:172.21.15.52:6800/1631683163,v1:172.21.15.52:6801/1631683163] conn(0x7f9f1403e470 0x7f9f14040980 unknown :-1 s=CLOSED pgs=0 cs=0 l=1 rev1=0 crypto rx=0 tx=0 comp rx=0 tx=0).stop
2024-05-27T07:14:31.020 INFO:teuthology.orchestra.run.smithi052.stdout:/usr/bin/ceph: stderr
2024-05-27T07:14:30.560+0000 7f9f2d723700 1 -- 172.21.15.52:0/2108714421 >> 172.21.15.52:0/2108714421 conn(0x7f9f281038e0 msgr2=0x7f9f28104110 unknown :-1 s=STATE_NONE l=0).mark_down
2024-05-27T07:14:31.020 INFO:teuthology.orchestra.run.smithi052.stdout:/usr/bin/ceph: stderr
2024-05-27T07:14:30.560+0000 7f9f2d723700 1 -- 172.21.15.52:0/2108714421 shutdown_connections
2024-05-27T07:14:31.020 INFO:teuthology.orchestra.run.smithi052.stdout:/usr/bin/ceph: stderr
2024-05-27T07:14:30.560+0000 7f9f2d723700 1 -- 172.21.15.52:0/2108714421 wait complete.
2024-05-27T07:14:31.021 INFO:teuthology.orchestra.run.smithi052.stdout:mgr epoch 9 is available
2024-05-27T07:14:31.021 INFO:teuthology.orchestra.run.smithi052.stdout:Generating a dashboard self-signed certificate...
2024-05-27T07:14:31.980 INFO:journalctl@ceph.mon.a.smithi052.stdout:May 27 07:14:31 smithi052 ceph-mon[31955]: from='client.14156 -' entity='client.admin' cmd=[{"prefix": "get_command_descriptions"}]: dispatch
2024-05-27T07:14:31.980 INFO:journalctl@ceph.mon.a.smithi052.stdout:May 27 07:14:31 smithi052 ceph-mon[31955]: from='client.14156 -' entity='client.admin' cmd=[{"prefix": "mgr_status"}]: dispatch
2024-05-27T07:14:31.980 INFO:journalctl@ceph.mon.a.smithi052.stdout:May 27 07:14:31 smithi052 ceph-mon[31955]: from='mgr.14152 172.21.15.52:0/1451096593' entity='mgr.x'
2024-05-27T07:14:32.647 INFO:journalctl@ceph.mon.a.smithi052.stdout:May 27 07:14:32 smithi052 ceph-mon[31955]: [27/May/2024:07:14:31] ENGINE Bus STARTING
2024-05-27T07:14:32.647 INFO:journalctl@ceph.mon.a.smithi052.stdout:May 27 07:14:32 smithi052 ceph-mon[31955]: mgrmap e12: x(active, since 2s)
2024-05-27T07:14:32.647 INFO:journalctl@ceph.mon.a.smithi052.stdout:May 27 07:14:32 smithi052 ceph-mon[31955]: [27/May/2024:07:14:31] ENGINE Serving on http://172.21.15.52:8765
2024-05-27T07:14:32.647 INFO:journalctl@ceph.mon.a.smithi052.stdout:May 27 07:14:32 smithi052 ceph-mon[31955]: [27/May/2024:07:14:31] ENGINE Serving on https://172.21.15.52:7150
2024-05-27T07:14:32.647 INFO:journalctl@ceph.mon.a.smithi052.stdout:May 27 07:14:32 smithi052 ceph-mon[31955]: [27/May/2024:07:14:31] ENGINE Bus STARTED
2024-05-27T07:14:32.647 INFO:journalctl@ceph.mon.a.smithi052.stdout:May 27 07:14:32 smithi052 ceph-mon[31955]: from='client.14164 -' entity='client.admin' cmd=[{"prefix": "dashboard create-self-signed-cert", "target": ["mon-mgr", ""]}]: dispatch
2024-05-27T07:14:32.648 INFO:journalctl@ceph.mon.a.smithi052.stdout:May 27 07:14:32 smithi052 ceph-mon[31955]: from='mgr.14152 172.21.15.52:0/1451096593' entity='mgr.x'
2024-05-27T07:14:32.648 INFO:journalctl@ceph.mon.a.smithi052.stdout:May 27 07:14:32 smithi052 ceph-mon[31955]: from='mgr.14152 172.21.15.52:0/1451096593' entity='mgr.x'
2024-05-27T07:14:32.654 INFO:teuthology.orchestra.run.smithi052.stdout:/usr/bin/ceph: stdout Self-signed certificate created
2024-05-27T07:14:32.654 INFO:teuthology.orchestra.run.smithi052.stdout:/usr/bin/ceph: stderr
2024-05-27T07:14:31.785+0000 7f6cf9116700 1 Processor -- start
2024-05-27T07:14:32.654 INFO:teuthology.orchestra.run.smithi052.stdout:/usr/bin/ceph: stderr
2024-05-27T07:14:31.785+0000 7f6cf9116700 1 -- start start
2024-05-27T07:14:32.654 INFO:teuthology.orchestra.run.smithi052.stdout:/usr/bin/ceph: stderr
2024-05-27T07:14:31.785+0000 7f6cf9116700 1 --2- >> [v2:172.21.15.52:3300/0,v1:172.21.15.52:6789/0] conn(0x7f6cf407ccd0 0x7f6cf410c6b0 unknown :-1 s=NONE pgs=0 cs=0 l=0 rev1=0 crypto rx=0 tx=0 comp rx=0 tx=0).connect
2024-05-27T07:14:32.654 INFO:teuthology.orchestra.run.smithi052.stdout:/usr/bin/ceph: stderr
2024-05-27T07:14:31.785+0000 7f6cf9116700 1 -- --> [v2:172.21.15.52:3300/0,v1:172.21.15.52:6789/0] -- mon_getmap magic: 0 -- 0x7f6cf410ccc0 con 0x7f6cf407ccd0
2024-05-27T07:14:32.654 INFO:teuthology.orchestra.run.smithi052.stdout:/usr/bin/ceph: stderr
2024-05-27T07:14:31.785+0000 7f6cf2d9d700 1 --2- >> [v2:172.21.15.52:3300/0,v1:172.21.15.52:6789/0] conn(0x7f6cf407ccd0 0x7f6cf410c6b0 unknown :-1 s=BANNER_CONNECTING pgs=0 cs=0 l=0 rev1=0 crypto rx=0 tx=0 comp rx=0 tx=0)._handle_peer_banner_payload supported=3 required=0
2024-05-27T07:14:32.654 INFO:teuthology.orchestra.run.smithi052.stdout:/usr/bin/ceph: stderr
2024-05-27T07:14:31.785+0000 7f6cf2d9d700 1 --2- >> [v2:172.21.15.52:3300/0,v1:172.21.15.52:6789/0] conn(0x7f6cf407ccd0 0x7f6cf410c6b0 unknown :-1 s=HELLO_CONNECTING pgs=0 cs=0 l=0 rev1=1 crypto rx=0 tx=0 comp rx=0 tx=0).handle_hello peer v2:172.21.15.52:3300/0 says I am v2:172.21.15.52:51558/0 (socket says 172.21.15.52:51558)
2024-05-27T07:14:32.654 INFO:teuthology.orchestra.run.smithi052.stdout:/usr/bin/ceph: stderr
2024-05-27T07:14:31.785+0000 7f6cf2d9d700 1 -- 172.21.15.52:0/2325665904 learned_addr learned my addr 172.21.15.52:0/2325665904 (peer_addr_for_me v2:172.21.15.52:0/0)
2024-05-27T07:14:32.654 INFO:teuthology.orchestra.run.smithi052.stdout:/usr/bin/ceph: stderr
2024-05-27T07:14:31.786+0000 7f6cf2d9d700 1 -- 172.21.15.52:0/2325665904 --> [v2:172.21.15.52:3300/0,v1:172.21.15.52:6789/0] -- mon_subscribe({config=0+,monmap=0+}) -- 0x7f6cf410ce40 con 0x7f6cf407ccd0
2024-05-27T07:14:32.654 INFO:teuthology.orchestra.run.smithi052.stdout:/usr/bin/ceph: stderr
2024-05-27T07:14:31.786+0000 7f6cf2d9d700 1 --2- 172.21.15.52:0/2325665904 >> [v2:172.21.15.52:3300/0,v1:172.21.15.52:6789/0] conn(0x7f6cf407ccd0 0x7f6cf410c6b0 secure :-1 s=READY pgs=70 cs=0 l=1 rev1=1 crypto rx=0x7f6ce40098a0 tx=0x7f6ce4009bb0 comp rx=0 tx=0).ready entity=mon.0 client_cookie=4e92eb5ee4eafda8 server_cookie=0 in_seq=0 out_seq=0
2024-05-27T07:14:32.654 INFO:teuthology.orchestra.run.smithi052.stdout:/usr/bin/ceph: stderr
2024-05-27T07:14:31.786+0000 7f6cf1d9b700 1 -- 172.21.15.52:0/2325665904 <== mon.0 v2:172.21.15.52:3300/0 1 ==== mon_map magic: 0 ==== 205+0+0 (secure 0 0 0) 0x7f6ce4004160 con 0x7f6cf407ccd0
2024-05-27T07:14:32.655 INFO:teuthology.orchestra.run.smithi052.stdout:/usr/bin/ceph: stderr
2024-05-27T07:14:31.786+0000 7f6cf1d9b700 1 -- 172.21.15.52:0/2325665904 <== mon.0 v2:172.21.15.52:3300/0 2 ==== config(26 keys) ==== 1101+0+0 (secure 0 0 0) 0x7f6ce4004300 con 0x7f6cf407ccd0
2024-05-27T07:14:32.655 INFO:teuthology.orchestra.run.smithi052.stdout:/usr/bin/ceph: stderr
2024-05-27T07:14:31.786+0000 7f6cf1d9b700 1 -- 172.21.15.52:0/2325665904 <== mon.0 v2:172.21.15.52:3300/0 3 ==== mon_map magic: 0 ==== 205+0+0 (secure 0 0 0) 0x7f6ce4011a20 con 0x7f6cf407ccd0
2024-05-27T07:14:32.655 INFO:teuthology.orchestra.run.smithi052.stdout:/usr/bin/ceph: stderr
2024-05-27T07:14:31.787+0000 7f6cf9116700 1 -- 172.21.15.52:0/2325665904 >> [v2:172.21.15.52:3300/0,v1:172.21.15.52:6789/0] conn(0x7f6cf407ccd0 msgr2=0x7f6cf410c6b0 secure :-1 s=STATE_CONNECTION_ESTABLISHED l=1).mark_down
2024-05-27T07:14:32.655 INFO:teuthology.orchestra.run.smithi052.stdout:/usr/bin/ceph: stderr
2024-05-27T07:14:31.787+0000 7f6cf9116700 1 --2- 172.21.15.52:0/2325665904 >> [v2:172.21.15.52:3300/0,v1:172.21.15.52:6789/0] conn(0x7f6cf407ccd0 0x7f6cf410c6b0 secure :-1 s=READY pgs=70 cs=0 l=1 rev1=1 crypto rx=0x7f6ce40098a0 tx=0x7f6ce4009bb0 comp rx=0 tx=0).stop
2024-05-27T07:14:32.655 INFO:teuthology.orchestra.run.smithi052.stdout:/usr/bin/ceph: stderr
2024-05-27T07:14:31.787+0000 7f6cf9116700 1 -- 172.21.15.52:0/2325665904 shutdown_connections
2024-05-27T07:14:32.655 INFO:teuthology.orchestra.run.smithi052.stdout:/usr/bin/ceph: stderr
2024-05-27T07:14:31.787+0000 7f6cf9116700 1 --2- 172.21.15.52:0/2325665904 >> [v2:172.21.15.52:3300/0,v1:172.21.15.52:6789/0] conn(0x7f6cf407ccd0 0x7f6cf410c6b0 unknown :-1 s=CLOSED pgs=70 cs=0 l=1 rev1=1 crypto rx=0 tx=0 comp rx=0 tx=0).stop
2024-05-27T07:14:32.655 INFO:teuthology.orchestra.run.smithi052.stdout:/usr/bin/ceph: stderr
2024-05-27T07:14:31.787+0000 7f6cf9116700 1 -- 172.21.15.52:0/2325665904 >> 172.21.15.52:0/2325665904 conn(0x7f6cf41040e0 msgr2=0x7f6cf4106570 unknown :-1 s=STATE_NONE l=0).mark_down
2024-05-27T07:14:32.655 INFO:teuthology.orchestra.run.smithi052.stdout:/usr/bin/ceph: stderr
2024-05-27T07:14:31.787+0000 7f6cf9116700 1 -- 172.21.15.52:0/2325665904 shutdown_connections
2024-05-27T07:14:32.655 INFO:teuthology.orchestra.run.smithi052.stdout:/usr/bin/ceph: stderr
2024-05-27T07:14:31.787+0000 7f6cf9116700 1 -- 172.21.15.52:0/2325665904 wait complete.
2024-05-27T07:14:32.655 INFO:teuthology.orchestra.run.smithi052.stdout:/usr/bin/ceph: stderr
2024-05-27T07:14:31.788+0000 7f6cf9116700 1 Processor -- start
2024-05-27T07:14:32.655 INFO:teuthology.orchestra.run.smithi052.stdout:/usr/bin/ceph: stderr
2024-05-27T07:14:31.788+0000 7f6cf9116700 1 -- start start
2024-05-27T07:14:32.655 INFO:teuthology.orchestra.run.smithi052.stdout:/usr/bin/ceph: stderr
2024-05-27T07:14:31.788+0000 7f6cf9116700 1 --2- >> [v2:172.21.15.52:3300/0,v1:172.21.15.52:6789/0] conn(0x7f6cf407ccd0 0x7f6cf4109e20 unknown :-1 s=NONE pgs=0 cs=0 l=1 rev1=0 crypto rx=0 tx=0 comp rx=0 tx=0).connect
2024-05-27T07:14:32.655 INFO:teuthology.orchestra.run.smithi052.stdout:/usr/bin/ceph: stderr
2024-05-27T07:14:31.788+0000 7f6cf9116700 1 -- --> [v2:172.21.15.52:3300/0,v1:172.21.15.52:6789/0] -- mon_getmap magic: 0 -- 0x7f6cf410df00 con 0x7f6cf407ccd0
2024-05-27T07:14:32.656 INFO:teuthology.orchestra.run.smithi052.stdout:/usr/bin/ceph: stderr
2024-05-27T07:14:31.788+0000 7f6cf2d9d700 1 --2- >> [v2:172.21.15.52:3300/0,v1:172.21.15.52:6789/0] conn(0x7f6cf407ccd0 0x7f6cf4109e20 unknown :-1 s=BANNER_CONNECTING pgs=0 cs=0 l=1 rev1=0 crypto rx=0 tx=0 comp rx=0 tx=0)._handle_peer_banner_payload supported=3 required=0
2024-05-27T07:14:32.656 INFO:teuthology.orchestra.run.smithi052.stdout:/usr/bin/ceph: stderr
2024-05-27T07:14:31.788+0000 7f6cf2d9d700 1 --2- >> [v2:172.21.15.52:3300/0,v1:172.21.15.52:6789/0] conn(0x7f6cf407ccd0 0x7f6cf4109e20 unknown :-1 s=HELLO_CONNECTING pgs=0 cs=0 l=1 rev1=1 crypto rx=0 tx=0 comp rx=0 tx=0).handle_hello peer v2:172.21.15.52:3300/0 says I am v2:172.21.15.52:51572/0 (socket says 172.21.15.52:51572)
2024-05-27T07:14:32.656 INFO:teuthology.orchestra.run.smithi052.stdout:/usr/bin/ceph: stderr
2024-05-27T07:14:31.788+0000 7f6cf2d9d700 1 -- 172.21.15.52:0/1723799528 learned_addr learned my addr 172.21.15.52:0/1723799528 (peer_addr_for_me v2:172.21.15.52:0/0)
2024-05-27T07:14:32.656 INFO:teuthology.orchestra.run.smithi052.stdout:/usr/bin/ceph: stderr
2024-05-27T07:14:31.789+0000 7f6cf2d9d700 1 -- 172.21.15.52:0/1723799528 --> [v2:172.21.15.52:3300/0,v1:172.21.15.52:6789/0] -- mon_subscribe({config=0+,monmap=0+}) -- 0x7f6cf410a360 con 0x7f6cf407ccd0
2024-05-27T07:14:32.656 INFO:teuthology.orchestra.run.smithi052.stdout:/usr/bin/ceph: stderr
2024-05-27T07:14:31.789+0000 7f6cf2d9d700 1 --2- 172.21.15.52:0/1723799528 >> [v2:172.21.15.52:3300/0,v1:172.21.15.52:6789/0] conn(0x7f6cf407ccd0 0x7f6cf4109e20 secure :-1 s=READY pgs=71 cs=0 l=1 rev1=1 crypto rx=0x7f6ce40119f0 tx=0x7f6ce4011ad0 comp rx=0 tx=0).ready entity=mon.0 client_cookie=0 server_cookie=0 in_seq=0 out_seq=0
2024-05-27T07:14:32.656 INFO:teuthology.orchestra.run.smithi052.stdout:/usr/bin/ceph: stderr
2024-05-27T07:14:31.789+0000 7f6cdbfff700 1 -- 172.21.15.52:0/1723799528 <== mon.0 v2:172.21.15.52:3300/0 1 ==== mon_map magic: 0 ==== 205+0+0 (secure 0 0 0) 0x7f6ce40039e0 con 0x7f6cf407ccd0
2024-05-27T07:14:32.656 INFO:teuthology.orchestra.run.smithi052.stdout:/usr/bin/ceph: stderr
2024-05-27T07:14:31.789+0000 7f6cdbfff700 1 -- 172.21.15.52:0/1723799528 <== mon.0 v2:172.21.15.52:3300/0 2 ==== config(26 keys) ==== 1101+0+0 (secure 0 0 0) 0x7f6ce401b8f0 con 0x7f6cf407ccd0
2024-05-27T07:14:32.656 INFO:teuthology.orchestra.run.smithi052.stdout:/usr/bin/ceph: stderr
2024-05-27T07:14:31.789+0000 7f6cdbfff700 1 -- 172.21.15.52:0/1723799528 <== mon.0 v2:172.21.15.52:3300/0 3 ==== mon_map magic: 0 ==== 205+0+0 (secure 0 0 0) 0x7f6ce40237a0 con 0x7f6cf407ccd0
2024-05-27T07:14:32.656 INFO:teuthology.orchestra.run.smithi052.stdout:/usr/bin/ceph: stderr
2024-05-27T07:14:31.789+0000 7f6cf9116700 1 -- 172.21.15.52:0/1723799528 --> [v2:172.21.15.52:3300/0,v1:172.21.15.52:6789/0] -- mon_subscribe({mgrmap=0+}) -- 0x7f6cf41085b0 con 0x7f6cf407ccd0
2024-05-27T07:14:32.656 INFO:teuthology.orchestra.run.smithi052.stdout:/usr/bin/ceph: stderr
2024-05-27T07:14:31.789+0000 7f6cf9116700 1 -- 172.21.15.52:0/1723799528 --> [v2:172.21.15.52:3300/0,v1:172.21.15.52:6789/0] -- mon_subscribe({osdmap=0}) -- 0x7f6cf4108a90 con 0x7f6cf407ccd0
2024-05-27T07:14:32.656 INFO:teuthology.orchestra.run.smithi052.stdout:/usr/bin/ceph: stderr
2024-05-27T07:14:31.790+0000 7f6cdbfff700 1 -- 172.21.15.52:0/1723799528 <== mon.0 v2:172.21.15.52:3300/0 4 ==== mgrmap(e 12) ==== 50235+0+0 (secure 0 0 0) 0x7f6ce40193d0 con 0x7f6cf407ccd0
2024-05-27T07:14:32.656 INFO:teuthology.orchestra.run.smithi052.stdout:/usr/bin/ceph: stderr
2024-05-27T07:14:31.790+0000 7f6cf9116700 1 -- 172.21.15.52:0/1723799528 --> [v2:172.21.15.52:3300/0,v1:172.21.15.52:6789/0] -- mon_command({"prefix": "get_command_descriptions"} v 0) -- 0x7f6cf4064e10 con 0x7f6cf407ccd0
2024-05-27T07:14:32.656 INFO:teuthology.orchestra.run.smithi052.stdout:/usr/bin/ceph: stderr
2024-05-27T07:14:31.791+0000 7f6cdbfff700 1 --2- 172.21.15.52:0/1723799528 >> [v2:172.21.15.52:6800/3513075805,v1:172.21.15.52:6801/3513075805] conn(0x7f6cdc03e470 0x7f6cdc040980 unknown :-1 s=NONE pgs=0 cs=0 l=1 rev1=0 crypto rx=0 tx=0 comp rx=0 tx=0).connect
2024-05-27T07:14:32.657 INFO:teuthology.orchestra.run.smithi052.stdout:/usr/bin/ceph: stderr
2024-05-27T07:14:31.791+0000 7f6cdbfff700 1 -- 172.21.15.52:0/1723799528 <== mon.0 v2:172.21.15.52:3300/0 5 ==== osd_map(3..3 src has 1..3) ==== 1155+0+0 (secure 0 0 0) 0x7f6ce4054020 con 0x7f6cf407ccd0
2024-05-27T07:14:32.657 INFO:teuthology.orchestra.run.smithi052.stdout:/usr/bin/ceph: stderr
2024-05-27T07:14:31.791+0000 7f6cf259c700 1 --2- 172.21.15.52:0/1723799528 >> [v2:172.21.15.52:6800/3513075805,v1:172.21.15.52:6801/3513075805] conn(0x7f6cdc03e470 0x7f6cdc040980 unknown :-1 s=BANNER_CONNECTING pgs=0 cs=0 l=1 rev1=0 crypto rx=0 tx=0 comp rx=0 tx=0)._handle_peer_banner_payload supported=3 required=0
2024-05-27T07:14:32.657 INFO:teuthology.orchestra.run.smithi052.stdout:/usr/bin/ceph: stderr
2024-05-27T07:14:31.791+0000 7f6cf259c700 1 --2- 172.21.15.52:0/1723799528 >> [v2:172.21.15.52:6800/3513075805,v1:172.21.15.52:6801/3513075805] conn(0x7f6cdc03e470 0x7f6cdc040980 secure :-1 s=READY pgs=7 cs=0 l=1 rev1=1 crypto rx=0x7f6ce8006fd0 tx=0x7f6ce8006e40 comp rx=0 tx=0).ready entity=mgr.14152 client_cookie=0 server_cookie=0 in_seq=0 out_seq=0
2024-05-27T07:14:32.657 INFO:teuthology.orchestra.run.smithi052.stdout:/usr/bin/ceph: stderr
2024-05-27T07:14:31.796+0000 7f6cdbfff700 1 -- 172.21.15.52:0/1723799528 <== mon.0 v2:172.21.15.52:3300/0 6 ==== mon_command_ack([{"prefix": "get_command_descriptions"}]=0 v0) ==== 72+0+191963 (secure 0 0 0) 0x7f6ce401f030 con 0x7f6cf407ccd0
2024-05-27T07:14:32.657 INFO:teuthology.orchestra.run.smithi052.stdout:/usr/bin/ceph: stderr
2024-05-27T07:14:32.027+0000 7f6cf9116700 1 -- 172.21.15.52:0/1723799528 --> [v2:172.21.15.52:6800/3513075805,v1:172.21.15.52:6801/3513075805] -- mgr_command(tid 0: {"prefix": "dashboard create-self-signed-cert", "target": ["mon-mgr", ""]}) -- 0x7f6cf41091c0 con 0x7f6cdc03e470
2024-05-27T07:14:32.657 INFO:teuthology.orchestra.run.smithi052.stdout:/usr/bin/ceph: stderr
2024-05-27T07:14:32.097+0000 7f6cdbfff700 1 -- 172.21.15.52:0/1723799528 <== mgr.14152 v2:172.21.15.52:6800/3513075805 1 ==== mgr_command_reply(tid 0: 0 ) ==== 8+0+32 (secure 0 0 0) 0x7f6cf41091c0 con 0x7f6cdc03e470
2024-05-27T07:14:32.657 INFO:teuthology.orchestra.run.smithi052.stdout:/usr/bin/ceph: stderr
2024-05-27T07:14:32.101+0000 7f6cf9116700 1 -- 172.21.15.52:0/1723799528 >> [v2:172.21.15.52:6800/3513075805,v1:172.21.15.52:6801/3513075805] conn(0x7f6cdc03e470 msgr2=0x7f6cdc040980 secure :-1 s=STATE_CONNECTION_ESTABLISHED l=1).mark_down
2024-05-27T07:14:32.657 INFO:teuthology.orchestra.run.smithi052.stdout:/usr/bin/ceph: stderr
2024-05-27T07:14:32.101+0000 7f6cf9116700 1 --2- 172.21.15.52:0/1723799528 >> [v2:172.21.15.52:6800/3513075805,v1:172.21.15.52:6801/3513075805] conn(0x7f6cdc03e470 0x7f6cdc040980 secure :-1 s=READY pgs=7 cs=0 l=1 rev1=1 crypto rx=0x7f6ce8006fd0 tx=0x7f6ce8006e40 comp rx=0 tx=0).stop
2024-05-27T07:14:32.657 INFO:teuthology.orchestra.run.smithi052.stdout:/usr/bin/ceph: stderr
2024-05-27T07:14:32.101+0000 7f6cf9116700 1 -- 172.21.15.52:0/1723799528 >> [v2:172.21.15.52:3300/0,v1:172.21.15.52:6789/0] conn(0x7f6cf407ccd0 msgr2=0x7f6cf4109e20 secure :-1 s=STATE_CONNECTION_ESTABLISHED l=1).mark_down
2024-05-27T07:14:32.657 INFO:teuthology.orchestra.run.smithi052.stdout:/usr/bin/ceph: stderr
2024-05-27T07:14:32.101+0000 7f6cf9116700 1 --2- 172.21.15.52:0/1723799528 >> [v2:172.21.15.52:3300/0,v1:172.21.15.52:6789/0] conn(0x7f6cf407ccd0 0x7f6cf4109e20 secure :-1 s=READY pgs=71 cs=0 l=1 rev1=1 crypto rx=0x7f6ce40119f0 tx=0x7f6ce4011ad0 comp rx=0 tx=0).stop
2024-05-27T07:14:32.657 INFO:teuthology.orchestra.run.smithi052.stdout:/usr/bin/ceph: stderr
2024-05-27T07:14:32.101+0000 7f6cf9116700 1 -- 172.21.15.52:0/1723799528 shutdown_connections
2024-05-27T07:14:32.657 INFO:teuthology.orchestra.run.smithi052.stdout:/usr/bin/ceph: stderr
2024-05-27T07:14:32.101+0000 7f6cf9116700 1 --2- 172.21.15.52:0/1723799528 >> [v2:172.21.15.52:6800/3513075805,v1:172.21.15.52:6801/3513075805] conn(0x7f6cdc03e470 0x7f6cdc040980 unknown :-1 s=CLOSED pgs=7 cs=0 l=1 rev1=1 crypto rx=0 tx=0 comp rx=0 tx=0).stop
2024-05-27T07:14:32.657 INFO:teuthology.orchestra.run.smithi052.stdout:/usr/bin/ceph: stderr
2024-05-27T07:14:32.101+0000 7f6cf9116700 1 --2- 172.21.15.52:0/1723799528 >> [v2:172.21.15.52:3300/0,v1:172.21.15.52:6789/0] conn(0x7f6cf407ccd0 0x7f6cf4109e20 unknown :-1 s=CLOSED pgs=71 cs=0 l=1 rev1=1 crypto rx=0 tx=0 comp rx=0 tx=0).stop
2024-05-27T07:14:32.658 INFO:teuthology.orchestra.run.smithi052.stdout:/usr/bin/ceph: stderr
2024-05-27T07:14:32.101+0000 7f6cf9116700 1 -- 172.21.15.52:0/1723799528 >> 172.21.15.52:0/1723799528 conn(0x7f6cf41040e0 msgr2=0x7f6cf41049e0 unknown :-1 s=STATE_NONE l=0).mark_down
2024-05-27T07:14:32.658 INFO:teuthology.orchestra.run.smithi052.stdout:/usr/bin/ceph: stderr
2024-05-27T07:14:32.101+0000 7f6cf9116700 1 -- 172.21.15.52:0/1723799528 shutdown_connections
2024-05-27T07:14:32.658 INFO:teuthology.orchestra.run.smithi052.stdout:/usr/bin/ceph: stderr
2024-05-27T07:14:32.101+0000 7f6cf9116700 1 -- 172.21.15.52:0/1723799528 wait complete.
2024-05-27T07:14:32.658 INFO:teuthology.orchestra.run.smithi052.stdout:Creating initial admin user...
2024-05-27T07:14:33.882 INFO:journalctl@ceph.mon.a.smithi052.stdout:May 27 07:14:33 smithi052 ceph-mon[31955]: from='mgr.14152 172.21.15.52:0/1451096593' entity='mgr.x'
2024-05-27T07:14:33.882 INFO:journalctl@ceph.mon.a.smithi052.stdout:May 27 07:14:33 smithi052 ceph-mon[31955]: from='mgr.14152 172.21.15.52:0/1451096593' entity='mgr.x'
2024-05-27T07:14:34.793 INFO:teuthology.orchestra.run.smithi052.stdout:/usr/bin/ceph: stdout {"username": "admin", "password": "$2b$12$nxsED0wcNwGTf84a7X1.ZeIBvsFSms.Euheu/b7UTd9gA4Ji4m3fW", "roles": ["administrator"], "name": null, "email": null, "lastUpdate": 1716794073, "enabled": true, "pwdExpirationDate": null, "pwdUpdateRequired": true}
2024-05-27T07:14:34.794 INFO:teuthology.orchestra.run.smithi052.stdout:/usr/bin/ceph: stderr
2024-05-27T07:14:33.129+0000 7f79d9fc0700 1 Processor -- start
2024-05-27T07:14:34.794 INFO:teuthology.orchestra.run.smithi052.stdout:/usr/bin/ceph: stderr
2024-05-27T07:14:33.129+0000 7f79d9fc0700 1 -- start start
2024-05-27T07:14:34.794 INFO:teuthology.orchestra.run.smithi052.stdout:/usr/bin/ceph: stderr
2024-05-27T07:14:33.129+0000 7f79d9fc0700 1 --2- >> [v2:172.21.15.52:3300/0,v1:172.21.15.52:6789/0] conn(0x7f79d407cc90 0x7f79d410c6f0 unknown :-1 s=NONE pgs=0 cs=0 l=0 rev1=0 crypto rx=0 tx=0 comp rx=0 tx=0).connect
2024-05-27T07:14:34.794 INFO:teuthology.orchestra.run.smithi052.stdout:/usr/bin/ceph: stderr
2024-05-27T07:14:33.129+0000 7f79d9fc0700 1 -- --> [v2:172.21.15.52:3300/0,v1:172.21.15.52:6789/0] -- mon_getmap magic: 0 -- 0x7f79d410ccc0 con 0x7f79d407cc90
2024-05-27T07:14:34.794 INFO:teuthology.orchestra.run.smithi052.stdout:/usr/bin/ceph: stderr
2024-05-27T07:14:33.130+0000 7f79d37fe700 1 --2- >> [v2:172.21.15.52:3300/0,v1:172.21.15.52:6789/0] conn(0x7f79d407cc90 0x7f79d410c6f0 unknown :-1 s=BANNER_CONNECTING pgs=0 cs=0 l=0 rev1=0 crypto rx=0 tx=0 comp rx=0 tx=0)._handle_peer_banner_payload supported=3 required=0
2024-05-27T07:14:34.794 INFO:teuthology.orchestra.run.smithi052.stdout:/usr/bin/ceph: stderr
2024-05-27T07:14:33.130+0000 7f79d37fe700 1 --2- >> [v2:172.21.15.52:3300/0,v1:172.21.15.52:6789/0] conn(0x7f79d407cc90 0x7f79d410c6f0 unknown :-1 s=HELLO_CONNECTING pgs=0 cs=0 l=0 rev1=1 crypto rx=0 tx=0 comp rx=0 tx=0).handle_hello peer v2:172.21.15.52:3300/0 says I am v2:172.21.15.52:51584/0 (socket says 172.21.15.52:51584)
2024-05-27T07:14:34.794 INFO:teuthology.orchestra.run.smithi052.stdout:/usr/bin/ceph: stderr
2024-05-27T07:14:33.130+0000 7f79d37fe700 1 -- 172.21.15.52:0/3155928861 learned_addr learned my addr 172.21.15.52:0/3155928861 (peer_addr_for_me v2:172.21.15.52:0/0)
2024-05-27T07:14:34.794 INFO:teuthology.orchestra.run.smithi052.stdout:/usr/bin/ceph: stderr
2024-05-27T07:14:33.130+0000 7f79d37fe700 1 -- 172.21.15.52:0/3155928861 --> [v2:172.21.15.52:3300/0,v1:172.21.15.52:6789/0] -- mon_subscribe({config=0+,monmap=0+}) -- 0x7f79d410ce40 con 0x7f79d407cc90
2024-05-27T07:14:34.794 INFO:teuthology.orchestra.run.smithi052.stdout:/usr/bin/ceph: stderr
2024-05-27T07:14:33.130+0000 7f79d37fe700 1 --2- 172.21.15.52:0/3155928861 >> [v2:172.21.15.52:3300/0,v1:172.21.15.52:6789/0] conn(0x7f79d407cc90 0x7f79d410c6f0 secure :-1 s=READY pgs=72 cs=0 l=1 rev1=1 crypto rx=0x7f79c40098a0 tx=0x7f79c4009bb0 comp rx=0 tx=0).ready entity=mon.0 client_cookie=55e833b0a793a13c server_cookie=0 in_seq=0 out_seq=0
2024-05-27T07:14:34.794 INFO:teuthology.orchestra.run.smithi052.stdout:/usr/bin/ceph: stderr
2024-05-27T07:14:33.130+0000 7f79d27fc700 1 -- 172.21.15.52:0/3155928861 <== mon.0 v2:172.21.15.52:3300/0 1 ==== mon_map magic: 0 ==== 205+0+0 (secure 0 0 0) 0x7f79c4004160 con 0x7f79d407cc90
2024-05-27T07:14:34.794 INFO:teuthology.orchestra.run.smithi052.stdout:/usr/bin/ceph: stderr
2024-05-27T07:14:33.130+0000 7f79d27fc700 1 -- 172.21.15.52:0/3155928861 <== mon.0 v2:172.21.15.52:3300/0 2 ==== config(26 keys) ==== 1101+0+0 (secure 0 0 0) 0x7f79c4004300 con 0x7f79d407cc90
2024-05-27T07:14:34.795 INFO:teuthology.orchestra.run.smithi052.stdout:/usr/bin/ceph: stderr
2024-05-27T07:14:33.130+0000 7f79d27fc700 1 -- 172.21.15.52:0/3155928861 <== mon.0 v2:172.21.15.52:3300/0 3 ==== mon_map magic: 0 ==== 205+0+0 (secure 0 0 0) 0x7f79c4011a20 con 0x7f79d407cc90
2024-05-27T07:14:34.795 INFO:teuthology.orchestra.run.smithi052.stdout:/usr/bin/ceph: stderr
2024-05-27T07:14:33.131+0000 7f79d9fc0700 1 -- 172.21.15.52:0/3155928861 >> [v2:172.21.15.52:3300/0,v1:172.21.15.52:6789/0] conn(0x7f79d407cc90 msgr2=0x7f79d410c6f0 secure :-1 s=STATE_CONNECTION_ESTABLISHED l=1).mark_down
2024-05-27T07:14:34.795 INFO:teuthology.orchestra.run.smithi052.stdout:/usr/bin/ceph: stderr
2024-05-27T07:14:33.131+0000 7f79d9fc0700 1 --2- 172.21.15.52:0/3155928861 >> [v2:172.21.15.52:3300/0,v1:172.21.15.52:6789/0] conn(0x7f79d407cc90 0x7f79d410c6f0 secure :-1 s=READY pgs=72 cs=0 l=1 rev1=1 crypto rx=0x7f79c40098a0 tx=0x7f79c4009bb0 comp rx=0 tx=0).stop
2024-05-27T07:14:34.795 INFO:teuthology.orchestra.run.smithi052.stdout:/usr/bin/ceph: stderr
2024-05-27T07:14:33.131+0000 7f79d9fc0700 1 -- 172.21.15.52:0/3155928861 shutdown_connections
2024-05-27T07:14:34.795 INFO:teuthology.orchestra.run.smithi052.stdout:/usr/bin/ceph: stderr
2024-05-27T07:14:33.131+0000 7f79d9fc0700 1 --2- 172.21.15.52:0/3155928861 >> [v2:172.21.15.52:3300/0,v1:172.21.15.52:6789/0] conn(0x7f79d407cc90 0x7f79d410c6f0 unknown :-1 s=CLOSED pgs=72 cs=0 l=1 rev1=1 crypto rx=0 tx=0 comp rx=0 tx=0).stop
2024-05-27T07:14:34.795 INFO:teuthology.orchestra.run.smithi052.stdout:/usr/bin/ceph: stderr
2024-05-27T07:14:33.131+0000 7f79d9fc0700 1 -- 172.21.15.52:0/3155928861 >> 172.21.15.52:0/3155928861 conn(0x7f79d41040e0 msgr2=0x7f79d4106570 unknown :-1 s=STATE_NONE l=0).mark_down
2024-05-27T07:14:34.795 INFO:teuthology.orchestra.run.smithi052.stdout:/usr/bin/ceph: stderr
2024-05-27T07:14:33.131+0000 7f79d9fc0700 1 -- 172.21.15.52:0/3155928861 shutdown_connections
2024-05-27T07:14:34.795 INFO:teuthology.orchestra.run.smithi052.stdout:/usr/bin/ceph: stderr
2024-05-27T07:14:33.131+0000 7f79d9fc0700 1 -- 172.21.15.52:0/3155928861 wait complete.
2024-05-27T07:14:34.795 INFO:teuthology.orchestra.run.smithi052.stdout:/usr/bin/ceph: stderr
2024-05-27T07:14:33.132+0000 7f79d9fc0700 1 Processor -- start
2024-05-27T07:14:34.795 INFO:teuthology.orchestra.run.smithi052.stdout:/usr/bin/ceph: stderr
2024-05-27T07:14:33.132+0000 7f79d9fc0700 1 -- start start
2024-05-27T07:14:34.795 INFO:teuthology.orchestra.run.smithi052.stdout:/usr/bin/ceph: stderr
2024-05-27T07:14:33.132+0000 7f79d9fc0700 1 --2- >> [v2:172.21.15.52:3300/0,v1:172.21.15.52:6789/0] conn(0x7f79d407cc90 0x7f79d419dea0 unknown :-1 s=NONE pgs=0 cs=0 l=1 rev1=0 crypto rx=0 tx=0 comp rx=0 tx=0).connect
2024-05-27T07:14:34.795 INFO:teuthology.orchestra.run.smithi052.stdout:/usr/bin/ceph: stderr
2024-05-27T07:14:33.132+0000 7f79d9fc0700 1 -- --> [v2:172.21.15.52:3300/0,v1:172.21.15.52:6789/0] -- mon_getmap magic: 0 -- 0x7f79d410df00 con 0x7f79d407cc90
2024-05-27T07:14:34.795 INFO:teuthology.orchestra.run.smithi052.stdout:/usr/bin/ceph: stderr
2024-05-27T07:14:33.133+0000 7f79d37fe700 1 --2- >> [v2:172.21.15.52:3300/0,v1:172.21.15.52:6789/0] conn(0x7f79d407cc90 0x7f79d419dea0 unknown :-1 s=BANNER_CONNECTING pgs=0 cs=0 l=1 rev1=0 crypto rx=0 tx=0 comp rx=0 tx=0)._handle_peer_banner_payload supported=3 required=0
2024-05-27T07:14:34.796 INFO:teuthology.orchestra.run.smithi052.stdout:/usr/bin/ceph: stderr
2024-05-27T07:14:33.133+0000 7f79d37fe700 1 --2- >> [v2:172.21.15.52:3300/0,v1:172.21.15.52:6789/0] conn(0x7f79d407cc90 0x7f79d419dea0 unknown :-1 s=HELLO_CONNECTING pgs=0 cs=0 l=1 rev1=1 crypto rx=0 tx=0 comp rx=0 tx=0).handle_hello peer v2:172.21.15.52:3300/0 says I am v2:172.21.15.52:51590/0 (socket says 172.21.15.52:51590)
2024-05-27T07:14:34.796 INFO:teuthology.orchestra.run.smithi052.stdout:/usr/bin/ceph: stderr
2024-05-27T07:14:33.133+0000 7f79d37fe700 1 -- 172.21.15.52:0/2619990183 learned_addr learned my addr 172.21.15.52:0/2619990183 (peer_addr_for_me v2:172.21.15.52:0/0)
2024-05-27T07:14:34.796 INFO:teuthology.orchestra.run.smithi052.stdout:/usr/bin/ceph: stderr
2024-05-27T07:14:33.133+0000 7f79d37fe700 1 -- 172.21.15.52:0/2619990183 --> [v2:172.21.15.52:3300/0,v1:172.21.15.52:6789/0] -- mon_subscribe({config=0+,monmap=0+}) -- 0x7f79d419e3e0 con 0x7f79d407cc90
2024-05-27T07:14:34.796 INFO:teuthology.orchestra.run.smithi052.stdout:/usr/bin/ceph: stderr
2024-05-27T07:14:33.133+0000 7f79d37fe700 1 --2- 172.21.15.52:0/2619990183 >> [v2:172.21.15.52:3300/0,v1:172.21.15.52:6789/0] conn(0x7f79d407cc90 0x7f79d419dea0 secure :-1 s=READY pgs=73 cs=0 l=1 rev1=1 crypto rx=0x7f79c4004660 tx=0x7f79c4011aa0 comp rx=0 tx=0).ready entity=mon.0 client_cookie=0 server_cookie=0 in_seq=0 out_seq=0
2024-05-27T07:14:34.796 INFO:teuthology.orchestra.run.smithi052.stdout:/usr/bin/ceph: stderr
2024-05-27T07:14:33.133+0000 7f79d0ff9700 1 -- 172.21.15.52:0/2619990183 <== mon.0 v2:172.21.15.52:3300/0 1 ==== mon_map magic: 0 ==== 205+0+0 (secure 0 0 0) 0x7f79c4003aa0 con 0x7f79d407cc90
2024-05-27T07:14:34.796 INFO:teuthology.orchestra.run.smithi052.stdout:/usr/bin/ceph: stderr
2024-05-27T07:14:33.133+0000 7f79d0ff9700 1 -- 172.21.15.52:0/2619990183 <== mon.0 v2:172.21.15.52:3300/0 2 ==== config(26 keys) ==== 1101+0+0 (secure 0 0 0) 0x7f79c401b8f0 con 0x7f79d407cc90
2024-05-27T07:14:34.796 INFO:teuthology.orchestra.run.smithi052.stdout:/usr/bin/ceph: stderr
2024-05-27T07:14:33.133+0000 7f79d9fc0700 1 -- 172.21.15.52:0/2619990183 --> [v2:172.21.15.52:3300/0,v1:172.21.15.52:6789/0] -- mon_subscribe({mgrmap=0+}) -- 0x7f79d419e670 con 0x7f79d407cc90
2024-05-27T07:14:34.796 INFO:teuthology.orchestra.run.smithi052.stdout:/usr/bin/ceph: stderr
2024-05-27T07:14:33.134+0000 7f79d0ff9700 1 -- 172.21.15.52:0/2619990183 <== mon.0 v2:172.21.15.52:3300/0 3 ==== mon_map magic: 0 ==== 205+0+0 (secure 0 0 0) 0x7f79c4023900 con 0x7f79d407cc90
2024-05-27T07:14:34.796 INFO:teuthology.orchestra.run.smithi052.stdout:/usr/bin/ceph: stderr
2024-05-27T07:14:33.134+0000 7f79d9fc0700 1 -- 172.21.15.52:0/2619990183 --> [v2:172.21.15.52:3300/0,v1:172.21.15.52:6789/0] -- mon_subscribe({osdmap=0}) -- 0x7f79d41a1280 con 0x7f79d407cc90
2024-05-27T07:14:34.796 INFO:teuthology.orchestra.run.smithi052.stdout:/usr/bin/ceph: stderr
2024-05-27T07:14:33.134+0000 7f79d0ff9700 1 -- 172.21.15.52:0/2619990183 <== mon.0 v2:172.21.15.52:3300/0 4 ==== mgrmap(e 12) ==== 50235+0+0 (secure 0 0 0) 0x7f79c4023b70 con 0x7f79d407cc90
2024-05-27T07:14:34.796 INFO:teuthology.orchestra.run.smithi052.stdout:/usr/bin/ceph: stderr
2024-05-27T07:14:33.135+0000 7f79d0ff9700 1 --2- 172.21.15.52:0/2619990183 >> [v2:172.21.15.52:6800/3513075805,v1:172.21.15.52:6801/3513075805] conn(0x7f79bc03e520 0x7f79bc040a30 unknown :-1 s=NONE pgs=0 cs=0 l=1 rev1=0 crypto rx=0 tx=0 comp rx=0 tx=0).connect
2024-05-27T07:14:34.796 INFO:teuthology.orchestra.run.smithi052.stdout:/usr/bin/ceph: stderr
2024-05-27T07:14:33.135+0000 7f79d0ff9700 1 -- 172.21.15.52:0/2619990183 <== mon.0 v2:172.21.15.52:3300/0 5 ==== osd_map(3..3 src has 1..3) ==== 1155+0+0 (secure 0 0 0) 0x7f79c4054e90 con 0x7f79d407cc90
2024-05-27T07:14:34.797 INFO:teuthology.orchestra.run.smithi052.stdout:/usr/bin/ceph: stderr
2024-05-27T07:14:33.135+0000 7f79d9fc0700 1 -- 172.21.15.52:0/2619990183 --> [v2:172.21.15.52:3300/0,v1:172.21.15.52:6789/0] -- mon_command({"prefix": "get_command_descriptions"} v 0) -- 0x7f79d4064e10 con 0x7f79d407cc90
2024-05-27T07:14:34.797 INFO:teuthology.orchestra.run.smithi052.stdout:/usr/bin/ceph: stderr
2024-05-27T07:14:33.135+0000 7f79d2ffd700 1 --2- 172.21.15.52:0/2619990183 >> [v2:172.21.15.52:6800/3513075805,v1:172.21.15.52:6801/3513075805] conn(0x7f79bc03e520 0x7f79bc040a30 unknown :-1 s=BANNER_CONNECTING pgs=0 cs=0 l=1 rev1=0 crypto rx=0 tx=0 comp rx=0 tx=0)._handle_peer_banner_payload supported=3 required=0
2024-05-27T07:14:34.797 INFO:teuthology.orchestra.run.smithi052.stdout:/usr/bin/ceph: stderr
2024-05-27T07:14:33.135+0000 7f79d2ffd700 1 --2- 172.21.15.52:0/2619990183 >> [v2:172.21.15.52:6800/3513075805,v1:172.21.15.52:6801/3513075805] conn(0x7f79bc03e520 0x7f79bc040a30 secure :-1 s=READY pgs=8 cs=0 l=1 rev1=1 crypto rx=0x7f79c8006fd0 tx=0x7f79c8006e40 comp rx=0 tx=0).ready entity=mgr.14152 client_cookie=0 server_cookie=0 in_seq=0 out_seq=0
2024-05-27T07:14:34.797 INFO:teuthology.orchestra.run.smithi052.stdout:/usr/bin/ceph: stderr
2024-05-27T07:14:33.140+0000 7f79d0ff9700 1 -- 172.21.15.52:0/2619990183 <== mon.0 v2:172.21.15.52:3300/0 6 ==== mon_command_ack([{"prefix": "get_command_descriptions"}]=0 v0) ==== 72+0+191963 (secure 0 0 0) 0x7f79c401f030 con 0x7f79d407cc90
2024-05-27T07:14:34.797 INFO:teuthology.orchestra.run.smithi052.stdout:/usr/bin/ceph: stderr
2024-05-27T07:14:33.378+0000 7f79d9fc0700 1 -- 172.21.15.52:0/2619990183 --> [v2:172.21.15.52:6800/3513075805,v1:172.21.15.52:6801/3513075805] -- mgr_command(tid 0: {"prefix": "dashboard ac-user-create", "username": "admin", "rolename": "administrator", "force_password": true, "pwd_update_required": true, "target": ["mon-mgr", ""]}) -- 0x7f79d41050f0 con 0x7f79bc03e520
2024-05-27T07:14:34.797 INFO:teuthology.orchestra.run.smithi052.stdout:/usr/bin/ceph: stderr
2024-05-27T07:14:33.625+0000 7f79d0ff9700 1 -- 172.21.15.52:0/2619990183 <== mgr.14152 v2:172.21.15.52:6800/3513075805 1 ==== mgr_command_reply(tid 0: 0 ) ==== 8+0+252 (secure 0 0 0) 0x7f79d41050f0 con 0x7f79bc03e520
2024-05-27T07:14:34.797 INFO:teuthology.orchestra.run.smithi052.stdout:/usr/bin/ceph: stderr
2024-05-27T07:14:33.627+0000 7f79d9fc0700 1 -- 172.21.15.52:0/2619990183 >> [v2:172.21.15.52:6800/3513075805,v1:172.21.15.52:6801/3513075805] conn(0x7f79bc03e520 msgr2=0x7f79bc040a30 secure :-1 s=STATE_CONNECTION_ESTABLISHED l=1).mark_down
2024-05-27T07:14:34.797 INFO:teuthology.orchestra.run.smithi052.stdout:/usr/bin/ceph: stderr
2024-05-27T07:14:33.627+0000 7f79d9fc0700 1 --2- 172.21.15.52:0/2619990183 >> [v2:172.21.15.52:6800/3513075805,v1:172.21.15.52:6801/3513075805] conn(0x7f79bc03e520 0x7f79bc040a30 secure :-1 s=READY pgs=8 cs=0 l=1 rev1=1 crypto rx=0x7f79c8006fd0 tx=0x7f79c8006e40 comp rx=0 tx=0).stop
2024-05-27T07:14:34.797 INFO:teuthology.orchestra.run.smithi052.stdout:/usr/bin/ceph: stderr
2024-05-27T07:14:33.627+0000 7f79d9fc0700 1 -- 172.21.15.52:0/2619990183 >> [v2:172.21.15.52:3300/0,v1:172.21.15.52:6789/0] conn(0x7f79d407cc90 msgr2=0x7f79d419dea0 secure :-1 s=STATE_CONNECTION_ESTABLISHED l=1).mark_down
2024-05-27T07:14:34.797 INFO:teuthology.orchestra.run.smithi052.stdout:/usr/bin/ceph: stderr
2024-05-27T07:14:33.627+0000 7f79d9fc0700 1 --2- 172.21.15.52:0/2619990183 >> [v2:172.21.15.52:3300/0,v1:172.21.15.52:6789/0] conn(0x7f79d407cc90 0x7f79d419dea0 secure :-1 s=READY pgs=73 cs=0 l=1 rev1=1 crypto rx=0x7f79c4004660 tx=0x7f79c4011aa0 comp rx=0 tx=0).stop
2024-05-27T07:14:34.797 INFO:teuthology.orchestra.run.smithi052.stdout:/usr/bin/ceph: stderr
2024-05-27T07:14:33.627+0000 7f79d9fc0700 1 -- 172.21.15.52:0/2619990183 shutdown_connections
2024-05-27T07:14:34.797 INFO:teuthology.orchestra.run.smithi052.stdout:/usr/bin/ceph: stderr
2024-05-27T07:14:33.627+0000 7f79d9fc0700 1 --2- 172.21.15.52:0/2619990183 >> [v2:172.21.15.52:6800/3513075805,v1:172.21.15.52:6801/3513075805] conn(0x7f79bc03e520 0x7f79bc040a30 unknown :-1 s=CLOSED pgs=8 cs=0 l=1 rev1=1 crypto rx=0 tx=0 comp rx=0 tx=0).stop
2024-05-27T07:14:34.798 INFO:teuthology.orchestra.run.smithi052.stdout:/usr/bin/ceph: stderr
2024-05-27T07:14:33.627+0000 7f79d9fc0700 1 --2- 172.21.15.52:0/2619990183 >> [v2:172.21.15.52:3300/0,v1:172.21.15.52:6789/0] conn(0x7f79d407cc90 0x7f79d419dea0 unknown :-1 s=CLOSED pgs=73 cs=0 l=1 rev1=1 crypto rx=0 tx=0 comp rx=0 tx=0).stop
2024-05-27T07:14:34.798 INFO:teuthology.orchestra.run.smithi052.stdout:/usr/bin/ceph: stderr
2024-05-27T07:14:33.627+0000 7f79d9fc0700 1 -- 172.21.15.52:0/2619990183 >> 172.21.15.52:0/2619990183 conn(0x7f79d41040e0 msgr2=0x7f79d41049e0 unknown :-1 s=STATE_NONE l=0).mark_down
2024-05-27T07:14:34.798 INFO:teuthology.orchestra.run.smithi052.stdout:/usr/bin/ceph: stderr
2024-05-27T07:14:33.627+0000 7f79d9fc0700 1 -- 172.21.15.52:0/2619990183 shutdown_connections
2024-05-27T07:14:34.798 INFO:teuthology.orchestra.run.smithi052.stdout:/usr/bin/ceph: stderr
2024-05-27T07:14:33.627+0000 7f79d9fc0700 1 -- 172.21.15.52:0/2619990183 wait complete.
2024-05-27T07:14:34.798 INFO:teuthology.orchestra.run.smithi052.stdout:Fetching dashboard port number...
2024-05-27T07:14:34.895 INFO:journalctl@ceph.mon.a.smithi052.stdout:May 27 07:14:34 smithi052 ceph-mon[31955]: from='client.14166 -' entity='client.admin' cmd=[{"prefix": "dashboard ac-user-create", "username": "admin", "rolename": "administrator", "force_password": true, "pwd_update_required": true, "target": ["mon-mgr", ""]}]: dispatch
2024-05-27T07:14:36.009 INFO:journalctl@ceph.mon.a.smithi052.stdout:May 27 07:14:35 smithi052 ceph-mon[31955]: from='client.? 172.21.15.52:0/2564227453' entity='client.admin' cmd=[{"prefix": "config get", "who": "mgr", "key": "mgr/dashboard/ssl_server_port"}]: dispatch
2024-05-27T07:14:36.017 INFO:teuthology.orchestra.run.smithi052.stdout:/usr/bin/ceph: stdout 8443
2024-05-27T07:14:36.017 INFO:teuthology.orchestra.run.smithi052.stdout:/usr/bin/ceph: stderr
2024-05-27T07:14:35.249+0000 7f2edd8b0700 1 Processor -- start
2024-05-27T07:14:36.017 INFO:teuthology.orchestra.run.smithi052.stdout:/usr/bin/ceph: stderr
2024-05-27T07:14:35.249+0000 7f2edd8b0700 1 -- start start
2024-05-27T07:14:36.017 INFO:teuthology.orchestra.run.smithi052.stdout:/usr/bin/ceph: stderr
2024-05-27T07:14:35.249+0000 7f2edd8b0700 1 --2- >> [v2:172.21.15.52:3300/0,v1:172.21.15.52:6789/0] conn(0x7f2ed807ccb0 0x7f2ed810c6d0 unknown :-1 s=NONE pgs=0 cs=0 l=0 rev1=0 crypto rx=0 tx=0 comp rx=0 tx=0).connect
2024-05-27T07:14:36.017 INFO:teuthology.orchestra.run.smithi052.stdout:/usr/bin/ceph: stderr
2024-05-27T07:14:35.249+0000 7f2edd8b0700 1 -- --> [v2:172.21.15.52:3300/0,v1:172.21.15.52:6789/0] -- mon_getmap magic: 0 -- 0x7f2ed810ccc0 con 0x7f2ed807ccb0
2024-05-27T07:14:36.017 INFO:teuthology.orchestra.run.smithi052.stdout:/usr/bin/ceph: stderr
2024-05-27T07:14:35.250+0000 7f2ed6ffd700 1 --2- >> [v2:172.21.15.52:3300/0,v1:172.21.15.52:6789/0] conn(0x7f2ed807ccb0 0x7f2ed810c6d0 unknown :-1 s=BANNER_CONNECTING pgs=0 cs=0 l=0 rev1=0 crypto rx=0 tx=0 comp rx=0 tx=0)._handle_peer_banner_payload supported=3 required=0
2024-05-27T07:14:36.017 INFO:teuthology.orchestra.run.smithi052.stdout:/usr/bin/ceph: stderr
2024-05-27T07:14:35.250+0000 7f2ed6ffd700 1 --2- >> [v2:172.21.15.52:3300/0,v1:172.21.15.52:6789/0] conn(0x7f2ed807ccb0 0x7f2ed810c6d0 unknown :-1 s=HELLO_CONNECTING pgs=0 cs=0 l=0 rev1=1 crypto rx=0 tx=0 comp rx=0 tx=0).handle_hello peer v2:172.21.15.52:3300/0 says I am v2:172.21.15.52:51606/0 (socket says 172.21.15.52:51606)
2024-05-27T07:14:36.017 INFO:teuthology.orchestra.run.smithi052.stdout:/usr/bin/ceph: stderr
2024-05-27T07:14:35.250+0000 7f2ed6ffd700 1 -- 172.21.15.52:0/4185216735 learned_addr learned my addr 172.21.15.52:0/4185216735 (peer_addr_for_me v2:172.21.15.52:0/0)
2024-05-27T07:14:36.017 INFO:teuthology.orchestra.run.smithi052.stdout:/usr/bin/ceph: stderr
2024-05-27T07:14:35.250+0000 7f2ed6ffd700 1 -- 172.21.15.52:0/4185216735 --> [v2:172.21.15.52:3300/0,v1:172.21.15.52:6789/0] -- mon_subscribe({config=0+,monmap=0+}) -- 0x7f2ed810ce40 con 0x7f2ed807ccb0
2024-05-27T07:14:36.017 INFO:teuthology.orchestra.run.smithi052.stdout:/usr/bin/ceph: stderr
2024-05-27T07:14:35.250+0000 7f2ed6ffd700 1 --2- 172.21.15.52:0/4185216735 >> [v2:172.21.15.52:3300/0,v1:172.21.15.52:6789/0] conn(0x7f2ed807ccb0 0x7f2ed810c6d0 secure :-1 s=READY pgs=74 cs=0 l=1 rev1=1 crypto rx=0x7f2ec8009e80 tx=0x7f2ec800b330 comp rx=0 tx=0).ready entity=mon.0 client_cookie=e3f6f74fc5f4e773 server_cookie=0 in_seq=0 out_seq=0
2024-05-27T07:14:36.018 INFO:teuthology.orchestra.run.smithi052.stdout:/usr/bin/ceph: stderr
2024-05-27T07:14:35.250+0000 7f2ed5ffb700 1 -- 172.21.15.52:0/4185216735 <== mon.0 v2:172.21.15.52:3300/0 1 ==== mon_map magic: 0 ==== 205+0+0 (secure 0 0 0) 0x7f2ec8017070 con 0x7f2ed807ccb0
2024-05-27T07:14:36.018 INFO:teuthology.orchestra.run.smithi052.stdout:/usr/bin/ceph: stderr
2024-05-27T07:14:35.250+0000 7f2ed5ffb700 1 -- 172.21.15.52:0/4185216735 <== mon.0 v2:172.21.15.52:3300/0 2 ==== config(26 keys) ==== 1101+0+0 (secure 0 0 0) 0x7f2ec800b8c0 con 0x7f2ed807ccb0
2024-05-27T07:14:36.018 INFO:teuthology.orchestra.run.smithi052.stdout:/usr/bin/ceph: stderr
2024-05-27T07:14:35.250+0000 7f2ed5ffb700 1 -- 172.21.15.52:0/4185216735 <== mon.0 v2:172.21.15.52:3300/0 3 ==== mon_map magic: 0 ==== 205+0+0 (secure 0 0 0) 0x7f2ec8004490 con 0x7f2ed807ccb0
2024-05-27T07:14:36.018 INFO:teuthology.orchestra.run.smithi052.stdout:/usr/bin/ceph: stderr
2024-05-27T07:14:35.251+0000 7f2edd8b0700 1 -- 172.21.15.52:0/4185216735 >> [v2:172.21.15.52:3300/0,v1:172.21.15.52:6789/0] conn(0x7f2ed807ccb0 msgr2=0x7f2ed810c6d0 secure :-1 s=STATE_CONNECTION_ESTABLISHED l=1).mark_down
2024-05-27T07:14:36.018 INFO:teuthology.orchestra.run.smithi052.stdout:/usr/bin/ceph: stderr
2024-05-27T07:14:35.251+0000 7f2edd8b0700 1 --2- 172.21.15.52:0/4185216735 >> [v2:172.21.15.52:3300/0,v1:172.21.15.52:6789/0] conn(0x7f2ed807ccb0 0x7f2ed810c6d0 secure :-1 s=READY pgs=74 cs=0 l=1 rev1=1 crypto rx=0x7f2ec8009e80 tx=0x7f2ec800b330 comp rx=0 tx=0).stop
2024-05-27T07:14:36.018 INFO:teuthology.orchestra.run.smithi052.stdout:/usr/bin/ceph: stderr
2024-05-27T07:14:35.251+0000 7f2edd8b0700 1 -- 172.21.15.52:0/4185216735 shutdown_connections
2024-05-27T07:14:36.018 INFO:teuthology.orchestra.run.smithi052.stdout:/usr/bin/ceph: stderr
2024-05-27T07:14:35.251+0000 7f2edd8b0700 1 --2- 172.21.15.52:0/4185216735 >> [v2:172.21.15.52:3300/0,v1:172.21.15.52:6789/0] conn(0x7f2ed807ccb0 0x7f2ed810c6d0 unknown :-1 s=CLOSED pgs=74 cs=0 l=1 rev1=1 crypto rx=0 tx=0 comp rx=0 tx=0).stop
2024-05-27T07:14:36.018 INFO:teuthology.orchestra.run.smithi052.stdout:/usr/bin/ceph: stderr
2024-05-27T07:14:35.251+0000 7f2edd8b0700 1 -- 172.21.15.52:0/4185216735 >> 172.21.15.52:0/4185216735 conn(0x7f2ed81040e0 msgr2=0x7f2ed8106570 unknown :-1 s=STATE_NONE l=0).mark_down
2024-05-27T07:14:36.018 INFO:teuthology.orchestra.run.smithi052.stdout:/usr/bin/ceph: stderr
2024-05-27T07:14:35.251+0000 7f2edd8b0700 1 -- 172.21.15.52:0/4185216735 shutdown_connections
2024-05-27T07:14:36.018 INFO:teuthology.orchestra.run.smithi052.stdout:/usr/bin/ceph: stderr
2024-05-27T07:14:35.251+0000 7f2edd8b0700 1 -- 172.21.15.52:0/4185216735 wait complete.
2024-05-27T07:14:36.018 INFO:teuthology.orchestra.run.smithi052.stdout:/usr/bin/ceph: stderr
2024-05-27T07:14:35.252+0000 7f2edd8b0700 1 Processor -- start
2024-05-27T07:14:36.018 INFO:teuthology.orchestra.run.smithi052.stdout:/usr/bin/ceph: stderr
2024-05-27T07:14:35.252+0000 7f2edd8b0700 1 -- start start
2024-05-27T07:14:36.018 INFO:teuthology.orchestra.run.smithi052.stdout:/usr/bin/ceph: stderr
2024-05-27T07:14:35.252+0000 7f2edd8b0700 1 --2- >> [v2:172.21.15.52:3300/0,v1:172.21.15.52:6789/0] conn(0x7f2ed807ccb0 0x7f2ed819df50 unknown :-1 s=NONE pgs=0 cs=0 l=1 rev1=0 crypto rx=0 tx=0 comp rx=0 tx=0).connect
2024-05-27T07:14:36.018 INFO:teuthology.orchestra.run.smithi052.stdout:/usr/bin/ceph: stderr
2024-05-27T07:14:35.252+0000 7f2edd8b0700 1 -- --> [v2:172.21.15.52:3300/0,v1:172.21.15.52:6789/0] -- mon_getmap magic: 0 -- 0x7f2ed810df00 con 0x7f2ed807ccb0
2024-05-27T07:14:36.019 INFO:teuthology.orchestra.run.smithi052.stdout:/usr/bin/ceph: stderr
2024-05-27T07:14:35.253+0000 7f2ed6ffd700 1 --2- >> [v2:172.21.15.52:3300/0,v1:172.21.15.52:6789/0] conn(0x7f2ed807ccb0 0x7f2ed819df50 unknown :-1 s=BANNER_CONNECTING pgs=0 cs=0 l=1 rev1=0 crypto rx=0 tx=0 comp rx=0 tx=0)._handle_peer_banner_payload supported=3 required=0
2024-05-27T07:14:36.019 INFO:teuthology.orchestra.run.smithi052.stdout:/usr/bin/ceph: stderr
2024-05-27T07:14:35.253+0000 7f2ed6ffd700 1 --2- >> [v2:172.21.15.52:3300/0,v1:172.21.15.52:6789/0] conn(0x7f2ed807ccb0 0x7f2ed819df50 unknown :-1 s=HELLO_CONNECTING pgs=0 cs=0 l=1 rev1=1 crypto rx=0 tx=0 comp rx=0 tx=0).handle_hello peer v2:172.21.15.52:3300/0 says I am v2:172.21.15.52:51614/0 (socket says 172.21.15.52:51614)
2024-05-27T07:14:36.019 INFO:teuthology.orchestra.run.smithi052.stdout:/usr/bin/ceph: stderr
2024-05-27T07:14:35.253+0000 7f2ed6ffd700 1 -- 172.21.15.52:0/2564227453 learned_addr learned my addr 172.21.15.52:0/2564227453 (peer_addr_for_me v2:172.21.15.52:0/0)
2024-05-27T07:14:36.019 INFO:teuthology.orchestra.run.smithi052.stdout:/usr/bin/ceph: stderr
2024-05-27T07:14:35.253+0000 7f2ed6ffd700 1 -- 172.21.15.52:0/2564227453 --> [v2:172.21.15.52:3300/0,v1:172.21.15.52:6789/0] -- mon_subscribe({config=0+,monmap=0+}) -- 0x7f2ed819e490 con 0x7f2ed807ccb0
2024-05-27T07:14:36.019 INFO:teuthology.orchestra.run.smithi052.stdout:/usr/bin/ceph: stderr
2024-05-27T07:14:35.253+0000 7f2ed6ffd700 1 --2- 172.21.15.52:0/2564227453 >> [v2:172.21.15.52:3300/0,v1:172.21.15.52:6789/0] conn(0x7f2ed807ccb0 0x7f2ed819df50 secure :-1 s=READY pgs=75 cs=0 l=1 rev1=1 crypto rx=0x7f2ec800bca0 tx=0x7f2ec800bd80 comp rx=0 tx=0).ready entity=mon.0 client_cookie=0 server_cookie=0 in_seq=0 out_seq=0
2024-05-27T07:14:36.019 INFO:teuthology.orchestra.run.smithi052.stdout:/usr/bin/ceph: stderr
2024-05-27T07:14:35.253+0000 7f2edc8ae700 1 -- 172.21.15.52:0/2564227453 <== mon.0 v2:172.21.15.52:3300/0 1 ==== mon_map magic: 0 ==== 205+0+0 (secure 0 0 0) 0x7f2ec8020020 con 0x7f2ed807ccb0
2024-05-27T07:14:36.019 INFO:teuthology.orchestra.run.smithi052.stdout:/usr/bin/ceph: stderr
2024-05-27T07:14:35.253+0000 7f2edc8ae700 1 -- 172.21.15.52:0/2564227453 <== mon.0 v2:172.21.15.52:3300/0 2 ==== config(26 keys) ==== 1101+0+0 (secure 0 0 0) 0x7f2ec8003b50 con 0x7f2ed807ccb0
2024-05-27T07:14:36.019 INFO:teuthology.orchestra.run.smithi052.stdout:/usr/bin/ceph: stderr
2024-05-27T07:14:35.253+0000 7f2edc8ae700 1 -- 172.21.15.52:0/2564227453 <== mon.0 v2:172.21.15.52:3300/0 3 ==== mon_map magic: 0 ==== 205+0+0 (secure 0 0 0) 0x7f2ec8017040 con 0x7f2ed807ccb0
2024-05-27T07:14:36.019 INFO:teuthology.orchestra.run.smithi052.stdout:/usr/bin/ceph: stderr
2024-05-27T07:14:35.253+0000 7f2edd8b0700 1 -- 172.21.15.52:0/2564227453 --> [v2:172.21.15.52:3300/0,v1:172.21.15.52:6789/0] -- mon_subscribe({mgrmap=0+}) -- 0x7f2ed819e720 con 0x7f2ed807ccb0
2024-05-27T07:14:36.019 INFO:teuthology.orchestra.run.smithi052.stdout:/usr/bin/ceph: stderr
2024-05-27T07:14:35.253+0000 7f2edd8b0700 1 -- 172.21.15.52:0/2564227453 --> [v2:172.21.15.52:3300/0,v1:172.21.15.52:6789/0] -- mon_subscribe({osdmap=0}) -- 0x7f2ed81a1330 con 0x7f2ed807ccb0
2024-05-27T07:14:36.019 INFO:teuthology.orchestra.run.smithi052.stdout:/usr/bin/ceph: stderr
2024-05-27T07:14:35.254+0000 7f2edc8ae700 1 -- 172.21.15.52:0/2564227453 <== mon.0 v2:172.21.15.52:3300/0 4 ==== mgrmap(e 12) ==== 50235+0+0 (secure 0 0 0) 0x7f2ec8023020 con 0x7f2ed807ccb0
2024-05-27T07:14:36.019 INFO:teuthology.orchestra.run.smithi052.stdout:/usr/bin/ceph: stderr
2024-05-27T07:14:35.254+0000 7f2edd8b0700 1 -- 172.21.15.52:0/2564227453 --> [v2:172.21.15.52:3300/0,v1:172.21.15.52:6789/0] -- mon_command({"prefix": "get_command_descriptions"} v 0) -- 0x7f2ed8064e10 con 0x7f2ed807ccb0
2024-05-27T07:14:36.020 INFO:teuthology.orchestra.run.smithi052.stdout:/usr/bin/ceph: stderr
