2024-05-27T07:14:04.010+0000 7fa5ae7fc700 1 -- 172.21.15.52:0/3530731868 <== mon.0 v2:172.21.15.52:3300/0 4 ==== mgrmap(e 7) ==== 50116+0+0 (secure 0 0 0) 0x7fa5a0023020 con 0x7fa5b0109bf0
2024-05-27T07:14:04.971 INFO:teuthology.orchestra.run.smithi052.stdout:/usr/bin/ceph: stderr
2024-05-27T07:14:04.010+0000 7fa5ae7fc700 1 --2- 172.21.15.52:0/3530731868 >> [v2:172.21.15.52:6800/1631683163,v1:172.21.15.52:6801/1631683163] conn(0x7fa59803e310 0x7fa598040820 unknown :-1 s=NONE pgs=0 cs=0 l=1 rev1=0 crypto rx=0 tx=0 comp rx=0 tx=0).connect
2024-05-27T07:14:04.971 INFO:teuthology.orchestra.run.smithi052.stdout:/usr/bin/ceph: stderr
2024-05-27T07:14:04.010+0000 7fa5ae7fc700 1 -- 172.21.15.52:0/3530731868 <== mon.0 v2:172.21.15.52:3300/0 5 ==== osd_map(2..2 src has 1..2) ==== 940+0+0 (secure 0 0 0) 0x7fa5a000f050 con 0x7fa5b0109bf0
2024-05-27T07:14:04.971 INFO:teuthology.orchestra.run.smithi052.stdout:/usr/bin/ceph: stderr
2024-05-27T07:14:04.011+0000 7fa5b4e41700 1 --2- 172.21.15.52:0/3530731868 >> [v2:172.21.15.52:6800/1631683163,v1:172.21.15.52:6801/1631683163] conn(0x7fa59803e310 0x7fa598040820 unknown :-1 s=BANNER_CONNECTING pgs=0 cs=0 l=1 rev1=0 crypto rx=0 tx=0 comp rx=0 tx=0)._handle_peer_banner_payload supported=3 required=0
2024-05-27T07:14:04.971 INFO:teuthology.orchestra.run.smithi052.stdout:/usr/bin/ceph: stderr
2024-05-27T07:14:04.011+0000 7fa5b4e41700 1 --2- 172.21.15.52:0/3530731868 >> [v2:172.21.15.52:6800/1631683163,v1:172.21.15.52:6801/1631683163] conn(0x7fa59803e310 0x7fa598040820 secure :-1 s=READY pgs=7 cs=0 l=1 rev1=1 crypto rx=0x7fa5a4006fd0 tx=0x7fa5a4006e40 comp rx=0 tx=0).ready entity=mgr.14120 client_cookie=0 server_cookie=0 in_seq=0 out_seq=0
2024-05-27T07:14:04.971 INFO:teuthology.orchestra.run.smithi052.stdout:/usr/bin/ceph: stderr
2024-05-27T07:14:04.016+0000 7fa5ae7fc700 1 -- 172.21.15.52:0/3530731868 <== mon.0 v2:172.21.15.52:3300/0 6 ==== mon_command_ack([{"prefix": "get_command_descriptions"}]=0 v0) ==== 72+0+191963 (secure 0 0 0) 0x7fa5a002a020 con 0x7fa5b0109bf0
2024-05-27T07:14:04.972 INFO:teuthology.orchestra.run.smithi052.stdout:/usr/bin/ceph: stderr
2024-05-27T07:14:04.021+0000 7fa5ae7fc700 1 -- 172.21.15.52:0/3530731868 <== mon.0 v2:172.21.15.52:3300/0 7 ==== mgrmap(e 8) ==== 50222+0+0 (secure 0 0 0) 0x7fa5a0024ca0 con 0x7fa5b0109bf0
2024-05-27T07:14:04.972 INFO:teuthology.orchestra.run.smithi052.stdout:/usr/bin/ceph: stderr
2024-05-27T07:14:04.247+0000 7fa5b78a6700 1 -- 172.21.15.52:0/3530731868 --> [v2:172.21.15.52:6800/1631683163,v1:172.21.15.52:6801/1631683163] -- mgr_command(tid 0: {"prefix": "orch set backend", "module_name": "cephadm", "target": ["mon-mgr", ""]}) -- 0x7fa5b01061a0 con 0x7fa59803e310
2024-05-27T07:14:04.972 INFO:teuthology.orchestra.run.smithi052.stdout:/usr/bin/ceph: stderr
2024-05-27T07:14:04.253+0000 7fa5ae7fc700 1 -- 172.21.15.52:0/3530731868 <== mgr.14120 v2:172.21.15.52:6800/1631683163 1 ==== mgr_command_reply(tid 0: 0 ) ==== 8+0+0 (secure 0 0 0) 0x7fa5b01061a0 con 0x7fa59803e310
2024-05-27T07:14:04.972 INFO:teuthology.orchestra.run.smithi052.stdout:/usr/bin/ceph: stderr
2024-05-27T07:14:04.255+0000 7fa5b78a6700 1 -- 172.21.15.52:0/3530731868 >> [v2:172.21.15.52:6800/1631683163,v1:172.21.15.52:6801/1631683163] conn(0x7fa59803e310 msgr2=0x7fa598040820 secure :-1 s=STATE_CONNECTION_ESTABLISHED l=1).mark_down
2024-05-27T07:14:04.972 INFO:teuthology.orchestra.run.smithi052.stdout:/usr/bin/ceph: stderr
2024-05-27T07:14:04.255+0000 7fa5b78a6700 1 --2- 172.21.15.52:0/3530731868 >> [v2:172.21.15.52:6800/1631683163,v1:172.21.15.52:6801/1631683163] conn(0x7fa59803e310 0x7fa598040820 secure :-1 s=READY pgs=7 cs=0 l=1 rev1=1 crypto rx=0x7fa5a4006fd0 tx=0x7fa5a4006e40 comp rx=0 tx=0).stop
2024-05-27T07:14:04.972 INFO:teuthology.orchestra.run.smithi052.stdout:/usr/bin/ceph: stderr
2024-05-27T07:14:04.255+0000 7fa5b78a6700 1 -- 172.21.15.52:0/3530731868 >> [v2:172.21.15.52:3300/0,v1:172.21.15.52:6789/0] conn(0x7fa5b0109bf0 msgr2=0x7fa5b019df60 secure :-1 s=STATE_CONNECTION_ESTABLISHED l=1).mark_down
2024-05-27T07:14:04.972 INFO:teuthology.orchestra.run.smithi052.stdout:/usr/bin/ceph: stderr
2024-05-27T07:14:04.255+0000 7fa5b78a6700 1 --2- 172.21.15.52:0/3530731868 >> [v2:172.21.15.52:3300/0,v1:172.21.15.52:6789/0] conn(0x7fa5b0109bf0 0x7fa5b019df60 secure :-1 s=READY pgs=38 cs=0 l=1 rev1=1 crypto rx=0x7fa5a0009fd0 tx=0x7fa5a000bd50 comp rx=0 tx=0).stop
2024-05-27T07:14:04.972 INFO:teuthology.orchestra.run.smithi052.stdout:/usr/bin/ceph: stderr
2024-05-27T07:14:04.256+0000 7fa5b78a6700 1 -- 172.21.15.52:0/3530731868 shutdown_connections
2024-05-27T07:14:04.972 INFO:teuthology.orchestra.run.smithi052.stdout:/usr/bin/ceph: stderr
2024-05-27T07:14:04.256+0000 7fa5b78a6700 1 --2- 172.21.15.52:0/3530731868 >> [v2:172.21.15.52:6800/1631683163,v1:172.21.15.52:6801/1631683163] conn(0x7fa59803e310 0x7fa598040820 unknown :-1 s=CLOSED pgs=7 cs=0 l=1 rev1=1 crypto rx=0 tx=0 comp rx=0 tx=0).stop
2024-05-27T07:14:04.972 INFO:teuthology.orchestra.run.smithi052.stdout:/usr/bin/ceph: stderr
2024-05-27T07:14:04.256+0000 7fa5b78a6700 1 --2- 172.21.15.52:0/3530731868 >> [v2:172.21.15.52:3300/0,v1:172.21.15.52:6789/0] conn(0x7fa5b0109bf0 0x7fa5b019df60 unknown :-1 s=CLOSED pgs=38 cs=0 l=1 rev1=1 crypto rx=0 tx=0 comp rx=0 tx=0).stop
2024-05-27T07:14:04.972 INFO:teuthology.orchestra.run.smithi052.stdout:/usr/bin/ceph: stderr
2024-05-27T07:14:04.256+0000 7fa5b78a6700 1 -- 172.21.15.52:0/3530731868 >> 172.21.15.52:0/3530731868 conn(0x7fa5b0105210 msgr2=0x7fa5b0105a90 unknown :-1 s=STATE_NONE l=0).mark_down
2024-05-27T07:14:04.972 INFO:teuthology.orchestra.run.smithi052.stdout:/usr/bin/ceph: stderr
2024-05-27T07:14:04.256+0000 7fa5b78a6700 1 -- 172.21.15.52:0/3530731868 shutdown_connections
2024-05-27T07:14:04.973 INFO:teuthology.orchestra.run.smithi052.stdout:/usr/bin/ceph: stderr
2024-05-27T07:14:04.256+0000 7fa5b78a6700 1 -- 172.21.15.52:0/3530731868 wait complete.
2024-05-27T07:14:05.230 INFO:journalctl@ceph.mon.a.smithi052.stdout:May 27 07:14:05 smithi052 ceph-mon[31955]: [27/May/2024:07:14:03] ENGINE Serving on https://172.21.15.52:7150
2024-05-27T07:14:05.230 INFO:journalctl@ceph.mon.a.smithi052.stdout:May 27 07:14:05 smithi052 ceph-mon[31955]: [27/May/2024:07:14:03] ENGINE Bus STARTED
2024-05-27T07:14:05.230 INFO:journalctl@ceph.mon.a.smithi052.stdout:May 27 07:14:05 smithi052 ceph-mon[31955]: mgrmap e8: x(active, since 2s)
2024-05-27T07:14:05.230 INFO:journalctl@ceph.mon.a.smithi052.stdout:May 27 07:14:05 smithi052 ceph-mon[31955]: from='client.14132 -' entity='client.admin' cmd=[{"prefix": "orch set backend", "module_name": "cephadm", "target": ["mon-mgr", ""]}]: dispatch
2024-05-27T07:14:05.230 INFO:journalctl@ceph.mon.a.smithi052.stdout:May 27 07:14:05 smithi052 ceph-mon[31955]: from='mgr.14120 172.21.15.52:0/2490234989' entity='mgr.x'
2024-05-27T07:14:05.230 INFO:journalctl@ceph.mon.a.smithi052.stdout:May 27 07:14:05 smithi052 ceph-mon[31955]: from='mgr.14120 172.21.15.52:0/2490234989' entity='mgr.x' cmd=[{"prefix": "config dump", "format": "json"}]: dispatch
2024-05-27T07:14:06.164 INFO:teuthology.orchestra.run.smithi052.stdout:/usr/bin/ceph: stdout value unchanged
2024-05-27T07:14:06.164 INFO:teuthology.orchestra.run.smithi052.stdout:/usr/bin/ceph: stderr
2024-05-27T07:14:05.386+0000 7fb7483fd700 1 Processor -- start
2024-05-27T07:14:06.164 INFO:teuthology.orchestra.run.smithi052.stdout:/usr/bin/ceph: stderr
2024-05-27T07:14:05.386+0000 7fb7483fd700 1 -- start start
2024-05-27T07:14:06.164 INFO:teuthology.orchestra.run.smithi052.stdout:/usr/bin/ceph: stderr
2024-05-27T07:14:05.386+0000 7fb7483fd700 1 --2- >> [v2:172.21.15.52:3300/0,v1:172.21.15.52:6789/0] conn(0x7fb74007d6c0 0x7fb74010c760 unknown :-1 s=NONE pgs=0 cs=0 l=0 rev1=0 crypto rx=0 tx=0 comp rx=0 tx=0).connect
2024-05-27T07:14:06.164 INFO:teuthology.orchestra.run.smithi052.stdout:/usr/bin/ceph: stderr
2024-05-27T07:14:05.386+0000 7fb7483fd700 1 -- --> [v2:172.21.15.52:3300/0,v1:172.21.15.52:6789/0] -- mon_getmap magic: 0 -- 0x7fb74010cd30 con 0x7fb74007d6c0
2024-05-27T07:14:06.164 INFO:teuthology.orchestra.run.smithi052.stdout:/usr/bin/ceph: stderr
2024-05-27T07:14:05.386+0000 7fb746199700 1 --2- >> [v2:172.21.15.52:3300/0,v1:172.21.15.52:6789/0] conn(0x7fb74007d6c0 0x7fb74010c760 unknown :-1 s=BANNER_CONNECTING pgs=0 cs=0 l=0 rev1=0 crypto rx=0 tx=0 comp rx=0 tx=0)._handle_peer_banner_payload supported=3 required=0
2024-05-27T07:14:06.164 INFO:teuthology.orchestra.run.smithi052.stdout:/usr/bin/ceph: stderr
2024-05-27T07:14:05.387+0000 7fb746199700 1 --2- >> [v2:172.21.15.52:3300/0,v1:172.21.15.52:6789/0] conn(0x7fb74007d6c0 0x7fb74010c760 unknown :-1 s=HELLO_CONNECTING pgs=0 cs=0 l=0 rev1=1 crypto rx=0 tx=0 comp rx=0 tx=0).handle_hello peer v2:172.21.15.52:3300/0 says I am v2:172.21.15.52:42504/0 (socket says 172.21.15.52:42504)
2024-05-27T07:14:06.164 INFO:teuthology.orchestra.run.smithi052.stdout:/usr/bin/ceph: stderr
2024-05-27T07:14:05.387+0000 7fb746199700 1 -- 172.21.15.52:0/933818250 learned_addr learned my addr 172.21.15.52:0/933818250 (peer_addr_for_me v2:172.21.15.52:0/0)
2024-05-27T07:14:06.164 INFO:teuthology.orchestra.run.smithi052.stdout:/usr/bin/ceph: stderr
2024-05-27T07:14:05.387+0000 7fb746199700 1 -- 172.21.15.52:0/933818250 --> [v2:172.21.15.52:3300/0,v1:172.21.15.52:6789/0] -- mon_subscribe({config=0+,monmap=0+}) -- 0x7fb74010ceb0 con 0x7fb74007d6c0
2024-05-27T07:14:06.165 INFO:teuthology.orchestra.run.smithi052.stdout:/usr/bin/ceph: stderr
2024-05-27T07:14:05.387+0000 7fb746199700 1 --2- 172.21.15.52:0/933818250 >> [v2:172.21.15.52:3300/0,v1:172.21.15.52:6789/0] conn(0x7fb74007d6c0 0x7fb74010c760 secure :-1 s=READY pgs=39 cs=0 l=1 rev1=1 crypto rx=0x7fb73c0098a0 tx=0x7fb73c009bb0 comp rx=0 tx=0).ready entity=mon.0 client_cookie=72a4872b54bd199 server_cookie=0 in_seq=0 out_seq=0
2024-05-27T07:14:06.165 INFO:teuthology.orchestra.run.smithi052.stdout:/usr/bin/ceph: stderr
2024-05-27T07:14:05.387+0000 7fb745197700 1 -- 172.21.15.52:0/933818250 <== mon.0 v2:172.21.15.52:3300/0 1 ==== mon_map magic: 0 ==== 205+0+0 (secure 0 0 0) 0x7fb73c004160 con 0x7fb74007d6c0
2024-05-27T07:14:06.165 INFO:teuthology.orchestra.run.smithi052.stdout:/usr/bin/ceph: stderr
2024-05-27T07:14:05.387+0000 7fb745197700 1 -- 172.21.15.52:0/933818250 <== mon.0 v2:172.21.15.52:3300/0 2 ==== config(26 keys) ==== 1070+0+0 (secure 0 0 0) 0x7fb73c004300 con 0x7fb74007d6c0
2024-05-27T07:14:06.165 INFO:teuthology.orchestra.run.smithi052.stdout:/usr/bin/ceph: stderr
2024-05-27T07:14:05.387+0000 7fb745197700 1 -- 172.21.15.52:0/933818250 <== mon.0 v2:172.21.15.52:3300/0 3 ==== mon_map magic: 0 ==== 205+0+0 (secure 0 0 0) 0x7fb73c011af0 con 0x7fb74007d6c0
2024-05-27T07:14:06.165 INFO:teuthology.orchestra.run.smithi052.stdout:/usr/bin/ceph: stderr
2024-05-27T07:14:05.388+0000 7fb7483fd700 1 -- 172.21.15.52:0/933818250 >> [v2:172.21.15.52:3300/0,v1:172.21.15.52:6789/0] conn(0x7fb74007d6c0 msgr2=0x7fb74010c760 secure :-1 s=STATE_CONNECTION_ESTABLISHED l=1).mark_down
2024-05-27T07:14:06.165 INFO:teuthology.orchestra.run.smithi052.stdout:/usr/bin/ceph: stderr
2024-05-27T07:14:05.388+0000 7fb7483fd700 1 --2- 172.21.15.52:0/933818250 >> [v2:172.21.15.52:3300/0,v1:172.21.15.52:6789/0] conn(0x7fb74007d6c0 0x7fb74010c760 secure :-1 s=READY pgs=39 cs=0 l=1 rev1=1 crypto rx=0x7fb73c0098a0 tx=0x7fb73c009bb0 comp rx=0 tx=0).stop
2024-05-27T07:14:06.165 INFO:teuthology.orchestra.run.smithi052.stdout:/usr/bin/ceph: stderr
2024-05-27T07:14:05.388+0000 7fb7483fd700 1 -- 172.21.15.52:0/933818250 shutdown_connections
2024-05-27T07:14:06.165 INFO:teuthology.orchestra.run.smithi052.stdout:/usr/bin/ceph: stderr
2024-05-27T07:14:05.388+0000 7fb7483fd700 1 --2- 172.21.15.52:0/933818250 >> [v2:172.21.15.52:3300/0,v1:172.21.15.52:6789/0] conn(0x7fb74007d6c0 0x7fb74010c760 unknown :-1 s=CLOSED pgs=39 cs=0 l=1 rev1=1 crypto rx=0 tx=0 comp rx=0 tx=0).stop
2024-05-27T07:14:06.165 INFO:teuthology.orchestra.run.smithi052.stdout:/usr/bin/ceph: stderr
2024-05-27T07:14:05.388+0000 7fb7483fd700 1 -- 172.21.15.52:0/933818250 >> 172.21.15.52:0/933818250 conn(0x7fb740104150 msgr2=0x7fb7401065e0 unknown :-1 s=STATE_NONE l=0).mark_down
2024-05-27T07:14:06.165 INFO:teuthology.orchestra.run.smithi052.stdout:/usr/bin/ceph: stderr
2024-05-27T07:14:05.388+0000 7fb7483fd700 1 -- 172.21.15.52:0/933818250 shutdown_connections
2024-05-27T07:14:06.165 INFO:teuthology.orchestra.run.smithi052.stdout:/usr/bin/ceph: stderr
2024-05-27T07:14:05.388+0000 7fb7483fd700 1 -- 172.21.15.52:0/933818250 wait complete.
2024-05-27T07:14:06.165 INFO:teuthology.orchestra.run.smithi052.stdout:/usr/bin/ceph: stderr
2024-05-27T07:14:05.389+0000 7fb7483fd700 1 Processor -- start
2024-05-27T07:14:06.166 INFO:teuthology.orchestra.run.smithi052.stdout:/usr/bin/ceph: stderr
2024-05-27T07:14:05.389+0000 7fb7483fd700 1 -- start start
2024-05-27T07:14:06.166 INFO:teuthology.orchestra.run.smithi052.stdout:/usr/bin/ceph: stderr
2024-05-27T07:14:05.389+0000 7fb7483fd700 1 --2- >> [v2:172.21.15.52:3300/0,v1:172.21.15.52:6789/0] conn(0x7fb74007d6c0 0x7fb74019df30 unknown :-1 s=NONE pgs=0 cs=0 l=1 rev1=0 crypto rx=0 tx=0 comp rx=0 tx=0).connect
2024-05-27T07:14:06.166 INFO:teuthology.orchestra.run.smithi052.stdout:/usr/bin/ceph: stderr
2024-05-27T07:14:05.389+0000 7fb7483fd700 1 -- --> [v2:172.21.15.52:3300/0,v1:172.21.15.52:6789/0] -- mon_getmap magic: 0 -- 0x7fb74010df30 con 0x7fb74007d6c0
2024-05-27T07:14:06.166 INFO:teuthology.orchestra.run.smithi052.stdout:/usr/bin/ceph: stderr
2024-05-27T07:14:05.389+0000 7fb746199700 1 --2- >> [v2:172.21.15.52:3300/0,v1:172.21.15.52:6789/0] conn(0x7fb74007d6c0 0x7fb74019df30 unknown :-1 s=BANNER_CONNECTING pgs=0 cs=0 l=1 rev1=0 crypto rx=0 tx=0 comp rx=0 tx=0)._handle_peer_banner_payload supported=3 required=0
2024-05-27T07:14:06.166 INFO:teuthology.orchestra.run.smithi052.stdout:/usr/bin/ceph: stderr
2024-05-27T07:14:05.389+0000 7fb746199700 1 --2- >> [v2:172.21.15.52:3300/0,v1:172.21.15.52:6789/0] conn(0x7fb74007d6c0 0x7fb74019df30 unknown :-1 s=HELLO_CONNECTING pgs=0 cs=0 l=1 rev1=1 crypto rx=0 tx=0 comp rx=0 tx=0).handle_hello peer v2:172.21.15.52:3300/0 says I am v2:172.21.15.52:42520/0 (socket says 172.21.15.52:42520)
2024-05-27T07:14:06.166 INFO:teuthology.orchestra.run.smithi052.stdout:/usr/bin/ceph: stderr
2024-05-27T07:14:05.389+0000 7fb746199700 1 -- 172.21.15.52:0/277498176 learned_addr learned my addr 172.21.15.52:0/277498176 (peer_addr_for_me v2:172.21.15.52:0/0)
2024-05-27T07:14:06.166 INFO:teuthology.orchestra.run.smithi052.stdout:/usr/bin/ceph: stderr
2024-05-27T07:14:05.390+0000 7fb746199700 1 -- 172.21.15.52:0/277498176 --> [v2:172.21.15.52:3300/0,v1:172.21.15.52:6789/0] -- mon_subscribe({config=0+,monmap=0+}) -- 0x7fb74019e470 con 0x7fb74007d6c0
2024-05-27T07:14:06.166 INFO:teuthology.orchestra.run.smithi052.stdout:/usr/bin/ceph: stderr
2024-05-27T07:14:05.390+0000 7fb746199700 1 --2- 172.21.15.52:0/277498176 >> [v2:172.21.15.52:3300/0,v1:172.21.15.52:6789/0] conn(0x7fb74007d6c0 0x7fb74019df30 secure :-1 s=READY pgs=40 cs=0 l=1 rev1=1 crypto rx=0x7fb73c009fb0 tx=0x7fb73c011940 comp rx=0 tx=0).ready entity=mon.0 client_cookie=0 server_cookie=0 in_seq=0 out_seq=0
2024-05-27T07:14:06.166 INFO:teuthology.orchestra.run.smithi052.stdout:/usr/bin/ceph: stderr
2024-05-27T07:14:05.390+0000 7fb7377fe700 1 -- 172.21.15.52:0/277498176 <== mon.0 v2:172.21.15.52:3300/0 1 ==== mon_map magic: 0 ==== 205+0+0 (secure 0 0 0) 0x7fb73c0036a0 con 0x7fb74007d6c0
2024-05-27T07:14:06.166 INFO:teuthology.orchestra.run.smithi052.stdout:/usr/bin/ceph: stderr
2024-05-27T07:14:05.390+0000 7fb7377fe700 1 -- 172.21.15.52:0/277498176 <== mon.0 v2:172.21.15.52:3300/0 2 ==== config(26 keys) ==== 1070+0+0 (secure 0 0 0) 0x7fb73c01a430 con 0x7fb74007d6c0
2024-05-27T07:14:06.166 INFO:teuthology.orchestra.run.smithi052.stdout:/usr/bin/ceph: stderr
2024-05-27T07:14:05.390+0000 7fb7483fd700 1 -- 172.21.15.52:0/277498176 --> [v2:172.21.15.52:3300/0,v1:172.21.15.52:6789/0] -- mon_subscribe({mgrmap=0+}) -- 0x7fb74019e700 con 0x7fb74007d6c0
2024-05-27T07:14:06.166 INFO:teuthology.orchestra.run.smithi052.stdout:/usr/bin/ceph: stderr
2024-05-27T07:14:05.390+0000 7fb7377fe700 1 -- 172.21.15.52:0/277498176 <== mon.0 v2:172.21.15.52:3300/0 3 ==== mon_map magic: 0 ==== 205+0+0 (secure 0 0 0) 0x7fb73c019550 con 0x7fb74007d6c0
2024-05-27T07:14:06.167 INFO:teuthology.orchestra.run.smithi052.stdout:/usr/bin/ceph: stderr
2024-05-27T07:14:05.390+0000 7fb7483fd700 1 -- 172.21.15.52:0/277498176 --> [v2:172.21.15.52:3300/0,v1:172.21.15.52:6789/0] -- mon_subscribe({osdmap=0}) -- 0x7fb7401a1310 con 0x7fb74007d6c0
2024-05-27T07:14:06.167 INFO:teuthology.orchestra.run.smithi052.stdout:/usr/bin/ceph: stderr
2024-05-27T07:14:05.391+0000 7fb7377fe700 1 -- 172.21.15.52:0/277498176 <== mon.0 v2:172.21.15.52:3300/0 4 ==== mgrmap(e 8) ==== 50222+0+0 (secure 0 0 0) 0x7fb73c019850 con 0x7fb74007d6c0
2024-05-27T07:14:06.167 INFO:teuthology.orchestra.run.smithi052.stdout:/usr/bin/ceph: stderr
2024-05-27T07:14:05.391+0000 7fb7483fd700 1 -- 172.21.15.52:0/277498176 --> [v2:172.21.15.52:3300/0,v1:172.21.15.52:6789/0] -- mon_command({"prefix": "get_command_descriptions"} v 0) -- 0x7fb740064e10 con 0x7fb74007d6c0
2024-05-27T07:14:06.167 INFO:teuthology.orchestra.run.smithi052.stdout:/usr/bin/ceph: stderr
2024-05-27T07:14:05.391+0000 7fb7377fe700 1 --2- 172.21.15.52:0/277498176 >> [v2:172.21.15.52:6800/1631683163,v1:172.21.15.52:6801/1631683163] conn(0x7fb72c03e420 0x7fb72c040930 unknown :-1 s=NONE pgs=0 cs=0 l=1 rev1=0 crypto rx=0 tx=0 comp rx=0 tx=0).connect
2024-05-27T07:14:06.167 INFO:teuthology.orchestra.run.smithi052.stdout:/usr/bin/ceph: stderr
2024-05-27T07:14:05.391+0000 7fb7377fe700 1 -- 172.21.15.52:0/277498176 <== mon.0 v2:172.21.15.52:3300/0 5 ==== osd_map(2..2 src has 1..2) ==== 940+0+0 (secure 0 0 0) 0x7fb73c053880 con 0x7fb74007d6c0
2024-05-27T07:14:06.167 INFO:teuthology.orchestra.run.smithi052.stdout:/usr/bin/ceph: stderr
2024-05-27T07:14:05.392+0000 7fb745998700 1 --2- 172.21.15.52:0/277498176 >> [v2:172.21.15.52:6800/1631683163,v1:172.21.15.52:6801/1631683163] conn(0x7fb72c03e420 0x7fb72c040930 unknown :-1 s=BANNER_CONNECTING pgs=0 cs=0 l=1 rev1=0 crypto rx=0 tx=0 comp rx=0 tx=0)._handle_peer_banner_payload supported=3 required=0
2024-05-27T07:14:06.167 INFO:teuthology.orchestra.run.smithi052.stdout:/usr/bin/ceph: stderr
2024-05-27T07:14:05.392+0000 7fb745998700 1 --2- 172.21.15.52:0/277498176 >> [v2:172.21.15.52:6800/1631683163,v1:172.21.15.52:6801/1631683163] conn(0x7fb72c03e420 0x7fb72c040930 secure :-1 s=READY pgs=8 cs=0 l=1 rev1=1 crypto rx=0x7fb730006fd0 tx=0x7fb730006e40 comp rx=0 tx=0).ready entity=mgr.14120 client_cookie=0 server_cookie=0 in_seq=0 out_seq=0
2024-05-27T07:14:06.167 INFO:teuthology.orchestra.run.smithi052.stdout:/usr/bin/ceph: stderr
2024-05-27T07:14:05.397+0000 7fb7377fe700 1 -- 172.21.15.52:0/277498176 <== mon.0 v2:172.21.15.52:3300/0 6 ==== mon_command_ack([{"prefix": "get_command_descriptions"}]=0 v0) ==== 72+0+191963 (secure 0 0 0) 0x7fb73c01a5e0 con 0x7fb74007d6c0
2024-05-27T07:14:06.167 INFO:teuthology.orchestra.run.smithi052.stdout:/usr/bin/ceph: stderr
2024-05-27T07:14:05.613+0000 7fb7483fd700 1 -- 172.21.15.52:0/277498176 --> [v2:172.21.15.52:6800/1631683163,v1:172.21.15.52:6801/1631683163] -- mgr_command(tid 0: {"prefix": "cephadm set-user", "user": "root", "target": ["mon-mgr", ""]}) -- 0x7fb7401051e0 con 0x7fb72c03e420
2024-05-27T07:14:06.167 INFO:teuthology.orchestra.run.smithi052.stdout:/usr/bin/ceph: stderr
2024-05-27T07:14:05.614+0000 7fb7377fe700 1 -- 172.21.15.52:0/277498176 <== mgr.14120 v2:172.21.15.52:6800/1631683163 1 ==== mgr_command_reply(tid 0: 0 ) ==== 8+0+16 (secure 0 0 0) 0x7fb7401051e0 con 0x7fb72c03e420
2024-05-27T07:14:06.167 INFO:teuthology.orchestra.run.smithi052.stdout:/usr/bin/ceph: stderr
2024-05-27T07:14:05.617+0000 7fb7483fd700 1 -- 172.21.15.52:0/277498176 >> [v2:172.21.15.52:6800/1631683163,v1:172.21.15.52:6801/1631683163] conn(0x7fb72c03e420 msgr2=0x7fb72c040930 secure :-1 s=STATE_CONNECTION_ESTABLISHED l=1).mark_down
2024-05-27T07:14:06.167 INFO:teuthology.orchestra.run.smithi052.stdout:/usr/bin/ceph: stderr
2024-05-27T07:14:05.617+0000 7fb7483fd700 1 --2- 172.21.15.52:0/277498176 >> [v2:172.21.15.52:6800/1631683163,v1:172.21.15.52:6801/1631683163] conn(0x7fb72c03e420 0x7fb72c040930 secure :-1 s=READY pgs=8 cs=0 l=1 rev1=1 crypto rx=0x7fb730006fd0 tx=0x7fb730006e40 comp rx=0 tx=0).stop
2024-05-27T07:14:06.167 INFO:teuthology.orchestra.run.smithi052.stdout:/usr/bin/ceph: stderr
2024-05-27T07:14:05.617+0000 7fb7483fd700 1 -- 172.21.15.52:0/277498176 >> [v2:172.21.15.52:3300/0,v1:172.21.15.52:6789/0] conn(0x7fb74007d6c0 msgr2=0x7fb74019df30 secure :-1 s=STATE_CONNECTION_ESTABLISHED l=1).mark_down
2024-05-27T07:14:06.167 INFO:teuthology.orchestra.run.smithi052.stdout:/usr/bin/ceph: stderr
2024-05-27T07:14:05.617+0000 7fb7483fd700 1 --2- 172.21.15.52:0/277498176 >> [v2:172.21.15.52:3300/0,v1:172.21.15.52:6789/0] conn(0x7fb74007d6c0 0x7fb74019df30 secure :-1 s=READY pgs=40 cs=0 l=1 rev1=1 crypto rx=0x7fb73c009fb0 tx=0x7fb73c011940 comp rx=0 tx=0).stop
2024-05-27T07:14:06.168 INFO:teuthology.orchestra.run.smithi052.stdout:/usr/bin/ceph: stderr
2024-05-27T07:14:05.617+0000 7fb7483fd700 1 -- 172.21.15.52:0/277498176 shutdown_connections
2024-05-27T07:14:06.168 INFO:teuthology.orchestra.run.smithi052.stdout:/usr/bin/ceph: stderr
2024-05-27T07:14:05.617+0000 7fb7483fd700 1 --2- 172.21.15.52:0/277498176 >> [v2:172.21.15.52:6800/1631683163,v1:172.21.15.52:6801/1631683163] conn(0x7fb72c03e420 0x7fb72c040930 unknown :-1 s=CLOSED pgs=8 cs=0 l=1 rev1=1 crypto rx=0 tx=0 comp rx=0 tx=0).stop
2024-05-27T07:14:06.168 INFO:teuthology.orchestra.run.smithi052.stdout:/usr/bin/ceph: stderr
2024-05-27T07:14:05.617+0000 7fb7483fd700 1 --2- 172.21.15.52:0/277498176 >> [v2:172.21.15.52:3300/0,v1:172.21.15.52:6789/0] conn(0x7fb74007d6c0 0x7fb74019df30 unknown :-1 s=CLOSED pgs=40 cs=0 l=1 rev1=1 crypto rx=0 tx=0 comp rx=0 tx=0).stop
2024-05-27T07:14:06.168 INFO:teuthology.orchestra.run.smithi052.stdout:/usr/bin/ceph: stderr
2024-05-27T07:14:05.617+0000 7fb7483fd700 1 -- 172.21.15.52:0/277498176 >> 172.21.15.52:0/277498176 conn(0x7fb740104150 msgr2=0x7fb740104ab0 unknown :-1 s=STATE_NONE l=0).mark_down
2024-05-27T07:14:06.168 INFO:teuthology.orchestra.run.smithi052.stdout:/usr/bin/ceph: stderr
2024-05-27T07:14:05.617+0000 7fb7483fd700 1 -- 172.21.15.52:0/277498176 shutdown_connections
2024-05-27T07:14:06.168 INFO:teuthology.orchestra.run.smithi052.stdout:/usr/bin/ceph: stderr
2024-05-27T07:14:05.617+0000 7fb7483fd700 1 -- 172.21.15.52:0/277498176 wait complete.
2024-05-27T07:14:06.168 INFO:teuthology.orchestra.run.smithi052.stdout:Generating ssh key...
2024-05-27T07:14:06.980 INFO:journalctl@ceph.mon.a.smithi052.stdout:May 27 07:14:06 smithi052 ceph-mon[31955]: from='client.14134 -' entity='client.admin' cmd=[{"prefix": "cephadm set-user", "user": "root", "target": ["mon-mgr", ""]}]: dispatch
2024-05-27T07:14:07.329 INFO:journalctl@ceph.mgr.x.smithi052.stdout:May 27 07:14:07 smithi052 ceph-73df2636-1bf8-11ef-bc9b-c7b262605968-mgr-x[32184]: Generating public/private rsa key pair.
2024-05-27T07:14:07.329 INFO:journalctl@ceph.mgr.x.smithi052.stdout:May 27 07:14:07 smithi052 ceph-73df2636-1bf8-11ef-bc9b-c7b262605968-mgr-x[32184]: Your identification has been saved in /tmp/tmp7f0ouu57/key.
2024-05-27T07:14:07.329 INFO:journalctl@ceph.mgr.x.smithi052.stdout:May 27 07:14:07 smithi052 ceph-73df2636-1bf8-11ef-bc9b-c7b262605968-mgr-x[32184]: Your public key has been saved in /tmp/tmp7f0ouu57/key.pub.
2024-05-27T07:14:07.330 INFO:journalctl@ceph.mgr.x.smithi052.stdout:May 27 07:14:07 smithi052 ceph-73df2636-1bf8-11ef-bc9b-c7b262605968-mgr-x[32184]: The key fingerprint is:
2024-05-27T07:14:07.330 INFO:journalctl@ceph.mgr.x.smithi052.stdout:May 27 07:14:07 smithi052 ceph-73df2636-1bf8-11ef-bc9b-c7b262605968-mgr-x[32184]: SHA256:E3BrGl2Hen2SM7kEGgY8eBybqpi60N46ZGqPfw5AsDw ceph-73df2636-1bf8-11ef-bc9b-c7b262605968
2024-05-27T07:14:07.330 INFO:journalctl@ceph.mgr.x.smithi052.stdout:May 27 07:14:07 smithi052 ceph-73df2636-1bf8-11ef-bc9b-c7b262605968-mgr-x[32184]: The key's randomart image is:
2024-05-27T07:14:07.330 INFO:journalctl@ceph.mgr.x.smithi052.stdout:May 27 07:14:07 smithi052 ceph-73df2636-1bf8-11ef-bc9b-c7b262605968-mgr-x[32184]: +---[RSA 3072]----+
2024-05-27T07:14:07.330 INFO:journalctl@ceph.mgr.x.smithi052.stdout:May 27 07:14:07 smithi052 ceph-73df2636-1bf8-11ef-bc9b-c7b262605968-mgr-x[32184]: |. ++o. ... |
2024-05-27T07:14:07.330 INFO:journalctl@ceph.mgr.x.smithi052.stdout:May 27 07:14:07 smithi052 ceph-73df2636-1bf8-11ef-bc9b-c7b262605968-mgr-x[32184]: |o. . =*ooo. |
2024-05-27T07:14:07.330 INFO:journalctl@ceph.mgr.x.smithi052.stdout:May 27 07:14:07 smithi052 ceph-73df2636-1bf8-11ef-bc9b-c7b262605968-mgr-x[32184]: |.E .+o=+ o o |
2024-05-27T07:14:07.330 INFO:journalctl@ceph.mgr.x.smithi052.stdout:May 27 07:14:07 smithi052 ceph-73df2636-1bf8-11ef-bc9b-c7b262605968-mgr-x[32184]: |. . . +o.. O . |
2024-05-27T07:14:07.330 INFO:journalctl@ceph.mgr.x.smithi052.stdout:May 27 07:14:07 smithi052 ceph-73df2636-1bf8-11ef-bc9b-c7b262605968-mgr-x[32184]: | . . . S. . * |
2024-05-27T07:14:07.330 INFO:journalctl@ceph.mgr.x.smithi052.stdout:May 27 07:14:07 smithi052 ceph-73df2636-1bf8-11ef-bc9b-c7b262605968-mgr-x[32184]: | ++. . . |
2024-05-27T07:14:07.330 INFO:journalctl@ceph.mgr.x.smithi052.stdout:May 27 07:14:07 smithi052 ceph-73df2636-1bf8-11ef-bc9b-c7b262605968-mgr-x[32184]: |++o. |
2024-05-27T07:14:07.330 INFO:journalctl@ceph.mgr.x.smithi052.stdout:May 27 07:14:07 smithi052 ceph-73df2636-1bf8-11ef-bc9b-c7b262605968-mgr-x[32184]: |+oo... |
2024-05-27T07:14:07.331 INFO:journalctl@ceph.mgr.x.smithi052.stdout:May 27 07:14:07 smithi052 ceph-73df2636-1bf8-11ef-bc9b-c7b262605968-mgr-x[32184]: |+o==+. |
2024-05-27T07:14:07.331 INFO:journalctl@ceph.mgr.x.smithi052.stdout:May 27 07:14:07 smithi052 ceph-73df2636-1bf8-11ef-bc9b-c7b262605968-mgr-x[32184]: +----[SHA256]-----+
2024-05-27T07:14:07.615 INFO:teuthology.orchestra.run.smithi052.stdout:/usr/bin/ceph: stderr
2024-05-27T07:14:06.592+0000 7f3fcff77700 1 Processor -- start
2024-05-27T07:14:07.621 INFO:teuthology.orchestra.run.smithi052.stdout:/usr/bin/ceph: stderr
2024-05-27T07:14:06.592+0000 7f3fcff77700 1 -- start start
2024-05-27T07:14:07.621 INFO:teuthology.orchestra.run.smithi052.stdout:/usr/bin/ceph: stderr
2024-05-27T07:14:06.593+0000 7f3fcff77700 1 --2- >> [v2:172.21.15.52:3300/0,v1:172.21.15.52:6789/0] conn(0x7f3fc810b100 0x7f3fc810b510 unknown :-1 s=NONE pgs=0 cs=0 l=0 rev1=0 crypto rx=0 tx=0 comp rx=0 tx=0).connect
2024-05-27T07:14:07.621 INFO:teuthology.orchestra.run.smithi052.stdout:/usr/bin/ceph: stderr
2024-05-27T07:14:06.593+0000 7f3fcff77700 1 -- --> [v2:172.21.15.52:3300/0,v1:172.21.15.52:6789/0] -- mon_getmap magic: 0 -- 0x7f3fc810bae0 con 0x7f3fc810b100
2024-05-27T07:14:07.621 INFO:teuthology.orchestra.run.smithi052.stdout:/usr/bin/ceph: stderr
2024-05-27T07:14:06.593+0000 7f3fcdd13700 1 --2- >> [v2:172.21.15.52:3300/0,v1:172.21.15.52:6789/0] conn(0x7f3fc810b100 0x7f3fc810b510 unknown :-1 s=BANNER_CONNECTING pgs=0 cs=0 l=0 rev1=0 crypto rx=0 tx=0 comp rx=0 tx=0)._handle_peer_banner_payload supported=3 required=0
2024-05-27T07:14:07.621 INFO:teuthology.orchestra.run.smithi052.stdout:/usr/bin/ceph: stderr
2024-05-27T07:14:06.593+0000 7f3fcdd13700 1 --2- >> [v2:172.21.15.52:3300/0,v1:172.21.15.52:6789/0] conn(0x7f3fc810b100 0x7f3fc810b510 unknown :-1 s=HELLO_CONNECTING pgs=0 cs=0 l=0 rev1=1 crypto rx=0 tx=0 comp rx=0 tx=0).handle_hello peer v2:172.21.15.52:3300/0 says I am v2:172.21.15.52:42536/0 (socket says 172.21.15.52:42536)
2024-05-27T07:14:07.622 INFO:teuthology.orchestra.run.smithi052.stdout:/usr/bin/ceph: stderr
2024-05-27T07:14:06.593+0000 7f3fcdd13700 1 -- 172.21.15.52:0/2030640962 learned_addr learned my addr 172.21.15.52:0/2030640962 (peer_addr_for_me v2:172.21.15.52:0/0)
2024-05-27T07:14:07.622 INFO:teuthology.orchestra.run.smithi052.stdout:/usr/bin/ceph: stderr
2024-05-27T07:14:06.593+0000 7f3fcdd13700 1 -- 172.21.15.52:0/2030640962 --> [v2:172.21.15.52:3300/0,v1:172.21.15.52:6789/0] -- mon_subscribe({config=0+,monmap=0+}) -- 0x7f3fc810bc60 con 0x7f3fc810b100
2024-05-27T07:14:07.622 INFO:teuthology.orchestra.run.smithi052.stdout:/usr/bin/ceph: stderr
2024-05-27T07:14:06.593+0000 7f3fcdd13700 1 --2- 172.21.15.52:0/2030640962 >> [v2:172.21.15.52:3300/0,v1:172.21.15.52:6789/0] conn(0x7f3fc810b100 0x7f3fc810b510 secure :-1 s=READY pgs=41 cs=0 l=1 rev1=1 crypto rx=0x7f3fc40098a0 tx=0x7f3fc4009bb0 comp rx=0 tx=0).ready entity=mon.0 client_cookie=32ced02b844f267d server_cookie=0 in_seq=0 out_seq=0
2024-05-27T07:14:07.622 INFO:teuthology.orchestra.run.smithi052.stdout:/usr/bin/ceph: stderr
2024-05-27T07:14:06.594+0000 7f3fccd11700 1 -- 172.21.15.52:0/2030640962 <== mon.0 v2:172.21.15.52:3300/0 1 ==== mon_map magic: 0 ==== 205+0+0 (secure 0 0 0) 0x7f3fc4004160 con 0x7f3fc810b100
2024-05-27T07:14:07.622 INFO:teuthology.orchestra.run.smithi052.stdout:/usr/bin/ceph: stderr
2024-05-27T07:14:06.594+0000 7f3fccd11700 1 -- 172.21.15.52:0/2030640962 <== mon.0 v2:172.21.15.52:3300/0 2 ==== config(26 keys) ==== 1070+0+0 (secure 0 0 0) 0x7f3fc4004300 con 0x7f3fc810b100
2024-05-27T07:14:07.622 INFO:teuthology.orchestra.run.smithi052.stdout:/usr/bin/ceph: stderr
2024-05-27T07:14:06.594+0000 7f3fccd11700 1 -- 172.21.15.52:0/2030640962 <== mon.0 v2:172.21.15.52:3300/0 3 ==== mon_map magic: 0 ==== 205+0+0 (secure 0 0 0) 0x7f3fc4011af0 con 0x7f3fc810b100
2024-05-27T07:14:07.622 INFO:teuthology.orchestra.run.smithi052.stdout:/usr/bin/ceph: stderr
2024-05-27T07:14:06.594+0000 7f3fcff77700 1 -- 172.21.15.52:0/2030640962 >> [v2:172.21.15.52:3300/0,v1:172.21.15.52:6789/0] conn(0x7f3fc810b100 msgr2=0x7f3fc810b510 secure :-1 s=STATE_CONNECTION_ESTABLISHED l=1).mark_down
2024-05-27T07:14:07.622 INFO:teuthology.orchestra.run.smithi052.stdout:/usr/bin/ceph: stderr
2024-05-27T07:14:06.594+0000 7f3fcff77700 1 --2- 172.21.15.52:0/2030640962 >> [v2:172.21.15.52:3300/0,v1:172.21.15.52:6789/0] conn(0x7f3fc810b100 0x7f3fc810b510 secure :-1 s=READY pgs=41 cs=0 l=1 rev1=1 crypto rx=0x7f3fc40098a0 tx=0x7f3fc4009bb0 comp rx=0 tx=0).stop
2024-05-27T07:14:07.622 INFO:teuthology.orchestra.run.smithi052.stdout:/usr/bin/ceph: stderr
2024-05-27T07:14:06.595+0000 7f3fcff77700 1 -- 172.21.15.52:0/2030640962 shutdown_connections
2024-05-27T07:14:07.622 INFO:teuthology.orchestra.run.smithi052.stdout:/usr/bin/ceph: stderr
2024-05-27T07:14:06.595+0000 7f3fcff77700 1 --2- 172.21.15.52:0/2030640962 >> [v2:172.21.15.52:3300/0,v1:172.21.15.52:6789/0] conn(0x7f3fc810b100 0x7f3fc810b510 unknown :-1 s=CLOSED pgs=41 cs=0 l=1 rev1=1 crypto rx=0 tx=0 comp rx=0 tx=0).stop
2024-05-27T07:14:07.622 INFO:teuthology.orchestra.run.smithi052.stdout:/usr/bin/ceph: stderr
2024-05-27T07:14:06.595+0000 7f3fcff77700 1 -- 172.21.15.52:0/2030640962 >> 172.21.15.52:0/2030640962 conn(0x7f3fc8103860 msgr2=0x7f3fc8105cf0 unknown :-1 s=STATE_NONE l=0).mark_down
2024-05-27T07:14:07.622 INFO:teuthology.orchestra.run.smithi052.stdout:/usr/bin/ceph: stderr
2024-05-27T07:14:06.595+0000 7f3fcff77700 1 -- 172.21.15.52:0/2030640962 shutdown_connections
2024-05-27T07:14:07.623 INFO:teuthology.orchestra.run.smithi052.stdout:/usr/bin/ceph: stderr
2024-05-27T07:14:06.595+0000 7f3fcff77700 1 -- 172.21.15.52:0/2030640962 wait complete.
2024-05-27T07:14:07.623 INFO:teuthology.orchestra.run.smithi052.stdout:/usr/bin/ceph: stderr
2024-05-27T07:14:06.595+0000 7f3fcff77700 1 Processor -- start
2024-05-27T07:14:07.623 INFO:teuthology.orchestra.run.smithi052.stdout:/usr/bin/ceph: stderr
2024-05-27T07:14:06.595+0000 7f3fcff77700 1 -- start start
2024-05-27T07:14:07.623 INFO:teuthology.orchestra.run.smithi052.stdout:/usr/bin/ceph: stderr
2024-05-27T07:14:06.596+0000 7f3fcff77700 1 --2- >> [v2:172.21.15.52:3300/0,v1:172.21.15.52:6789/0] conn(0x7f3fc810b100 0x7f3fc810a5f0 unknown :-1 s=NONE pgs=0 cs=0 l=1 rev1=0 crypto rx=0 tx=0 comp rx=0 tx=0).connect
2024-05-27T07:14:07.623 INFO:teuthology.orchestra.run.smithi052.stdout:/usr/bin/ceph: stderr
2024-05-27T07:14:06.596+0000 7f3fcff77700 1 -- --> [v2:172.21.15.52:3300/0,v1:172.21.15.52:6789/0] -- mon_getmap magic: 0 -- 0x7f3fc81089b0 con 0x7f3fc810b100
2024-05-27T07:14:07.623 INFO:teuthology.orchestra.run.smithi052.stdout:/usr/bin/ceph: stderr
2024-05-27T07:14:06.596+0000 7f3fcdd13700 1 --2- >> [v2:172.21.15.52:3300/0,v1:172.21.15.52:6789/0] conn(0x7f3fc810b100 0x7f3fc810a5f0 unknown :-1 s=BANNER_CONNECTING pgs=0 cs=0 l=1 rev1=0 crypto rx=0 tx=0 comp rx=0 tx=0)._handle_peer_banner_payload supported=3 required=0
2024-05-27T07:14:07.623 INFO:teuthology.orchestra.run.smithi052.stdout:/usr/bin/ceph: stderr
2024-05-27T07:14:06.596+0000 7f3fcdd13700 1 --2- >> [v2:172.21.15.52:3300/0,v1:172.21.15.52:6789/0] conn(0x7f3fc810b100 0x7f3fc810a5f0 unknown :-1 s=HELLO_CONNECTING pgs=0 cs=0 l=1 rev1=1 crypto rx=0 tx=0 comp rx=0 tx=0).handle_hello peer v2:172.21.15.52:3300/0 says I am v2:172.21.15.52:42538/0 (socket says 172.21.15.52:42538)
2024-05-27T07:14:07.623 INFO:teuthology.orchestra.run.smithi052.stdout:/usr/bin/ceph: stderr
2024-05-27T07:14:06.596+0000 7f3fcdd13700 1 -- 172.21.15.52:0/43727912 learned_addr learned my addr 172.21.15.52:0/43727912 (peer_addr_for_me v2:172.21.15.52:0/0)
2024-05-27T07:14:07.623 INFO:teuthology.orchestra.run.smithi052.stdout:/usr/bin/ceph: stderr
2024-05-27T07:14:06.596+0000 7f3fcdd13700 1 -- 172.21.15.52:0/43727912 --> [v2:172.21.15.52:3300/0,v1:172.21.15.52:6789/0] -- mon_subscribe({config=0+,monmap=0+}) -- 0x7f3fc810ab30 con 0x7f3fc810b100
2024-05-27T07:14:07.623 INFO:teuthology.orchestra.run.smithi052.stdout:/usr/bin/ceph: stderr
2024-05-27T07:14:06.596+0000 7f3fcdd13700 1 --2- 172.21.15.52:0/43727912 >> [v2:172.21.15.52:3300/0,v1:172.21.15.52:6789/0] conn(0x7f3fc810b100 0x7f3fc810a5f0 secure :-1 s=READY pgs=42 cs=0 l=1 rev1=1 crypto rx=0x7f3fc40117b0 tx=0x7f3fc4011b70 comp rx=0 tx=0).ready entity=mon.0 client_cookie=0 server_cookie=0 in_seq=0 out_seq=0
2024-05-27T07:14:07.623 INFO:teuthology.orchestra.run.smithi052.stdout:/usr/bin/ceph: stderr
2024-05-27T07:14:06.596+0000 7f3fbeffd700 1 -- 172.21.15.52:0/43727912 <== mon.0 v2:172.21.15.52:3300/0 1 ==== mon_map magic: 0 ==== 205+0+0 (secure 0 0 0) 0x7f3fc4003af0 con 0x7f3fc810b100
2024-05-27T07:14:07.623 INFO:teuthology.orchestra.run.smithi052.stdout:/usr/bin/ceph: stderr
2024-05-27T07:14:06.596+0000 7f3fbeffd700 1 -- 172.21.15.52:0/43727912 <== mon.0 v2:172.21.15.52:3300/0 2 ==== config(26 keys) ==== 1070+0+0 (secure 0 0 0) 0x7f3fc4020070 con 0x7f3fc810b100
2024-05-27T07:14:07.623 INFO:teuthology.orchestra.run.smithi052.stdout:/usr/bin/ceph: stderr
2024-05-27T07:14:06.596+0000 7f3fcff77700 1 -- 172.21.15.52:0/43727912 --> [v2:172.21.15.52:3300/0,v1:172.21.15.52:6789/0] -- mon_subscribe({mgrmap=0+}) -- 0x7f3fc8108d80 con 0x7f3fc810b100
2024-05-27T07:14:07.624 INFO:teuthology.orchestra.run.smithi052.stdout:/usr/bin/ceph: stderr
2024-05-27T07:14:06.597+0000 7f3fbeffd700 1 -- 172.21.15.52:0/43727912 <== mon.0 v2:172.21.15.52:3300/0 3 ==== mon_map magic: 0 ==== 205+0+0 (secure 0 0 0) 0x7f3fc4019550 con 0x7f3fc810b100
2024-05-27T07:14:07.624 INFO:teuthology.orchestra.run.smithi052.stdout:/usr/bin/ceph: stderr
2024-05-27T07:14:06.597+0000 7f3fcff77700 1 -- 172.21.15.52:0/43727912 --> [v2:172.21.15.52:3300/0,v1:172.21.15.52:6789/0] -- mon_subscribe({osdmap=0}) -- 0x7f3fc8109260 con 0x7f3fc810b100
2024-05-27T07:14:07.624 INFO:teuthology.orchestra.run.smithi052.stdout:/usr/bin/ceph: stderr
2024-05-27T07:14:06.597+0000 7f3fcff77700 1 -- 172.21.15.52:0/43727912 --> [v2:172.21.15.52:3300/0,v1:172.21.15.52:6789/0] -- mon_command({"prefix": "get_command_descriptions"} v 0) -- 0x7f3fc8064e10 con 0x7f3fc810b100
2024-05-27T07:14:07.624 INFO:teuthology.orchestra.run.smithi052.stdout:/usr/bin/ceph: stderr
2024-05-27T07:14:06.598+0000 7f3fbeffd700 1 -- 172.21.15.52:0/43727912 <== mon.0 v2:172.21.15.52:3300/0 4 ==== mgrmap(e 8) ==== 50222+0+0 (secure 0 0 0) 0x7f3fc40197c0 con 0x7f3fc810b100
2024-05-27T07:14:07.624 INFO:teuthology.orchestra.run.smithi052.stdout:/usr/bin/ceph: stderr
2024-05-27T07:14:06.598+0000 7f3fbeffd700 1 --2- 172.21.15.52:0/43727912 >> [v2:172.21.15.52:6800/1631683163,v1:172.21.15.52:6801/1631683163] conn(0x7f3fb403e4c0 0x7f3fb40409d0 unknown :-1 s=NONE pgs=0 cs=0 l=1 rev1=0 crypto rx=0 tx=0 comp rx=0 tx=0).connect
2024-05-27T07:14:07.624 INFO:teuthology.orchestra.run.smithi052.stdout:/usr/bin/ceph: stderr
2024-05-27T07:14:06.598+0000 7f3fbeffd700 1 -- 172.21.15.52:0/43727912 <== mon.0 v2:172.21.15.52:3300/0 5 ==== osd_map(2..2 src has 1..2) ==== 940+0+0 (secure 0 0 0) 0x7f3fc40539b0 con 0x7f3fc810b100
2024-05-27T07:14:07.624 INFO:teuthology.orchestra.run.smithi052.stdout:/usr/bin/ceph: stderr
2024-05-27T07:14:06.598+0000 7f3fcd512700 1 --2- 172.21.15.52:0/43727912 >> [v2:172.21.15.52:6800/1631683163,v1:172.21.15.52:6801/1631683163] conn(0x7f3fb403e4c0 0x7f3fb40409d0 unknown :-1 s=BANNER_CONNECTING pgs=0 cs=0 l=1 rev1=0 crypto rx=0 tx=0 comp rx=0 tx=0)._handle_peer_banner_payload supported=3 required=0
2024-05-27T07:14:07.624 INFO:teuthology.orchestra.run.smithi052.stdout:/usr/bin/ceph: stderr
2024-05-27T07:14:06.598+0000 7f3fcd512700 1 --2- 172.21.15.52:0/43727912 >> [v2:172.21.15.52:6800/1631683163,v1:172.21.15.52:6801/1631683163] conn(0x7f3fb403e4c0 0x7f3fb40409d0 secure :-1 s=READY pgs=9 cs=0 l=1 rev1=1 crypto rx=0x7f3fb8006fd0 tx=0x7f3fb8006e40 comp rx=0 tx=0).ready entity=mgr.14120 client_cookie=0 server_cookie=0 in_seq=0 out_seq=0
2024-05-27T07:14:07.624 INFO:teuthology.orchestra.run.smithi052.stdout:/usr/bin/ceph: stderr
2024-05-27T07:14:06.603+0000 7f3fbeffd700 1 -- 172.21.15.52:0/43727912 <== mon.0 v2:172.21.15.52:3300/0 6 ==== mon_command_ack([{"prefix": "get_command_descriptions"}]=0 v0) ==== 72+0+191963 (secure 0 0 0) 0x7f3fc402ade0 con 0x7f3fc810b100
2024-05-27T07:14:07.624 INFO:teuthology.orchestra.run.smithi052.stdout:/usr/bin/ceph: stderr
2024-05-27T07:14:06.819+0000 7f3fcff77700 1 -- 172.21.15.52:0/43727912 --> [v2:172.21.15.52:6800/1631683163,v1:172.21.15.52:6801/1631683163] -- mgr_command(tid 0: {"prefix": "cephadm generate-key", "target": ["mon-mgr", ""]}) -- 0x7f3fc8109a70 con 0x7f3fb403e4c0
2024-05-27T07:14:07.624 INFO:teuthology.orchestra.run.smithi052.stdout:/usr/bin/ceph: stderr
2024-05-27T07:14:07.038+0000 7f3fbeffd700 1 -- 172.21.15.52:0/43727912 <== mgr.14120 v2:172.21.15.52:6800/1631683163 1 ==== mgr_command_reply(tid 0: 0 ) ==== 8+0+0 (secure 0 0 0) 0x7f3fc8109a70 con 0x7f3fb403e4c0
2024-05-27T07:14:07.624 INFO:teuthology.orchestra.run.smithi052.stdout:/usr/bin/ceph: stderr
2024-05-27T07:14:07.041+0000 7f3fcff77700 1 -- 172.21.15.52:0/43727912 >> [v2:172.21.15.52:6800/1631683163,v1:172.21.15.52:6801/1631683163] conn(0x7f3fb403e4c0 msgr2=0x7f3fb40409d0 secure :-1 s=STATE_CONNECTION_ESTABLISHED l=1).mark_down
2024-05-27T07:14:07.624 INFO:teuthology.orchestra.run.smithi052.stdout:/usr/bin/ceph: stderr
2024-05-27T07:14:07.041+0000 7f3fcff77700 1 --2- 172.21.15.52:0/43727912 >> [v2:172.21.15.52:6800/1631683163,v1:172.21.15.52:6801/1631683163] conn(0x7f3fb403e4c0 0x7f3fb40409d0 secure :-1 s=READY pgs=9 cs=0 l=1 rev1=1 crypto rx=0x7f3fb8006fd0 tx=0x7f3fb8006e40 comp rx=0 tx=0).stop
2024-05-27T07:14:07.625 INFO:teuthology.orchestra.run.smithi052.stdout:/usr/bin/ceph: stderr
2024-05-27T07:14:07.041+0000 7f3fcff77700 1 -- 172.21.15.52:0/43727912 >> [v2:172.21.15.52:3300/0,v1:172.21.15.52:6789/0] conn(0x7f3fc810b100 msgr2=0x7f3fc810a5f0 secure :-1 s=STATE_CONNECTION_ESTABLISHED l=1).mark_down
2024-05-27T07:14:07.625 INFO:teuthology.orchestra.run.smithi052.stdout:/usr/bin/ceph: stderr
2024-05-27T07:14:07.041+0000 7f3fcff77700 1 --2- 172.21.15.52:0/43727912 >> [v2:172.21.15.52:3300/0,v1:172.21.15.52:6789/0] conn(0x7f3fc810b100 0x7f3fc810a5f0 secure :-1 s=READY pgs=42 cs=0 l=1 rev1=1 crypto rx=0x7f3fc40117b0 tx=0x7f3fc4011b70 comp rx=0 tx=0).stop
2024-05-27T07:14:07.625 INFO:teuthology.orchestra.run.smithi052.stdout:/usr/bin/ceph: stderr
2024-05-27T07:14:07.041+0000 7f3fcff77700 1 -- 172.21.15.52:0/43727912 shutdown_connections
2024-05-27T07:14:07.625 INFO:teuthology.orchestra.run.smithi052.stdout:/usr/bin/ceph: stderr
2024-05-27T07:14:07.041+0000 7f3fcff77700 1 --2- 172.21.15.52:0/43727912 >> [v2:172.21.15.52:6800/1631683163,v1:172.21.15.52:6801/1631683163] conn(0x7f3fb403e4c0 0x7f3fb40409d0 unknown :-1 s=CLOSED pgs=9 cs=0 l=1 rev1=1 crypto rx=0 tx=0 comp rx=0 tx=0).stop
2024-05-27T07:14:07.625 INFO:teuthology.orchestra.run.smithi052.stdout:/usr/bin/ceph: stderr
2024-05-27T07:14:07.041+0000 7f3fcff77700 1 --2- 172.21.15.52:0/43727912 >> [v2:172.21.15.52:3300/0,v1:172.21.15.52:6789/0] conn(0x7f3fc810b100 0x7f3fc810a5f0 unknown :-1 s=CLOSED pgs=42 cs=0 l=1 rev1=1 crypto rx=0 tx=0 comp rx=0 tx=0).stop
2024-05-27T07:14:07.625 INFO:teuthology.orchestra.run.smithi052.stdout:/usr/bin/ceph: stderr
2024-05-27T07:14:07.041+0000 7f3fcff77700 1 -- 172.21.15.52:0/43727912 >> 172.21.15.52:0/43727912 conn(0x7f3fc8103860 msgr2=0x7f3fc8104240 unknown :-1 s=STATE_NONE l=0).mark_down
2024-05-27T07:14:07.625 INFO:teuthology.orchestra.run.smithi052.stdout:/usr/bin/ceph: stderr
2024-05-27T07:14:07.041+0000 7f3fcff77700 1 -- 172.21.15.52:0/43727912 shutdown_connections
2024-05-27T07:14:07.625 INFO:teuthology.orchestra.run.smithi052.stdout:/usr/bin/ceph: stderr
2024-05-27T07:14:07.041+0000 7f3fcff77700 1 -- 172.21.15.52:0/43727912 wait complete.
2024-05-27T07:14:08.230 INFO:journalctl@ceph.mon.a.smithi052.stdout:May 27 07:14:08 smithi052 ceph-mon[31955]: from='client.14136 -' entity='client.admin' cmd=[{"prefix": "cephadm generate-key", "target": ["mon-mgr", ""]}]: dispatch
2024-05-27T07:14:08.230 INFO:journalctl@ceph.mon.a.smithi052.stdout:May 27 07:14:08 smithi052 ceph-mon[31955]: Generating ssh key...
2024-05-27T07:14:08.230 INFO:journalctl@ceph.mon.a.smithi052.stdout:May 27 07:14:08 smithi052 ceph-mon[31955]: from='mgr.14120 172.21.15.52:0/2490234989' entity='mgr.x'
2024-05-27T07:14:08.230 INFO:journalctl@ceph.mon.a.smithi052.stdout:May 27 07:14:08 smithi052 ceph-mon[31955]: from='mgr.14120 172.21.15.52:0/2490234989' entity='mgr.x'
2024-05-27T07:14:08.835 INFO:teuthology.orchestra.run.smithi052.stdout:/usr/bin/ceph: stdout ssh-rsa AAAAB3NzaC1yc2EAAAADAQABAAABgQC8tboI03nnOKokdr00wKB0FvrqUHx08zkT/k0G/NBfqsAHGFHhJ3WHSvjyWs4J/6wdrcn7I/JdgB9WHq9Up6JGMwlkkyeu9e5fgMTv5QrrXYyNATTqZCZUMlJuiyBbkYLg49LVJiL8K2asXGcfiGYi3kFBvJf4gvfhJ8vqeVDSUpjAezyqZr/1HlV0MHPufOyl5irX2pxE2l/j6tBzu6Zk1ZMg63PqeX77ul/Tp0HSWVCvt19VGKUEXy9o2pYecB5BNGZEhtxO+1MCMLDomNcrRsGlpgxyj1JH7lVk3lBY/Xv4rMX6i2RJYj3XLFjdKmFSWFjlskRBsVcxRBjgC7vsnVpeabmvktcHTw+1di5HnJws0eBFY1OFWYUxQ2ICjOUP6SfpxAhbjKXFIMecFNGEvC9EdGSNBXIePJRYslarfbPuuxln18VF/rwNskWXxhut1aRWJqRD3baIAsVAIPoYx8GoN37YGEt6oXWBndiYespoelTAeRJu6RiepzpRwFk= ceph-73df2636-1bf8-11ef-bc9b-c7b262605968
2024-05-27T07:14:08.835 INFO:teuthology.orchestra.run.smithi052.stdout:/usr/bin/ceph: stderr
2024-05-27T07:14:08.060+0000 7fa1779f3700 1 Processor -- start
2024-05-27T07:14:08.835 INFO:teuthology.orchestra.run.smithi052.stdout:/usr/bin/ceph: stderr
2024-05-27T07:14:08.060+0000 7fa1779f3700 1 -- start start
2024-05-27T07:14:08.835 INFO:teuthology.orchestra.run.smithi052.stdout:/usr/bin/ceph: stderr
2024-05-27T07:14:08.060+0000 7fa1779f3700 1 --2- >> [v2:172.21.15.52:3300/0,v1:172.21.15.52:6789/0] conn(0x7fa170108af0 0x7fa170108f00 unknown :-1 s=NONE pgs=0 cs=0 l=0 rev1=0 crypto rx=0 tx=0 comp rx=0 tx=0).connect
2024-05-27T07:14:08.835 INFO:teuthology.orchestra.run.smithi052.stdout:/usr/bin/ceph: stderr
2024-05-27T07:14:08.060+0000 7fa1779f3700 1 -- --> [v2:172.21.15.52:3300/0,v1:172.21.15.52:6789/0] -- mon_getmap magic: 0 -- 0x7fa1701094f0 con 0x7fa170108af0
2024-05-27T07:14:08.835 INFO:teuthology.orchestra.run.smithi052.stdout:/usr/bin/ceph: stderr
2024-05-27T07:14:08.061+0000 7fa17578f700 1 --2- >> [v2:172.21.15.52:3300/0,v1:172.21.15.52:6789/0] conn(0x7fa170108af0 0x7fa170108f00 unknown :-1 s=BANNER_CONNECTING pgs=0 cs=0 l=0 rev1=0 crypto rx=0 tx=0 comp rx=0 tx=0)._handle_peer_banner_payload supported=3 required=0
2024-05-27T07:14:08.835 INFO:teuthology.orchestra.run.smithi052.stdout:/usr/bin/ceph: stderr
2024-05-27T07:14:08.061+0000 7fa17578f700 1 --2- >> [v2:172.21.15.52:3300/0,v1:172.21.15.52:6789/0] conn(0x7fa170108af0 0x7fa170108f00 unknown :-1 s=HELLO_CONNECTING pgs=0 cs=0 l=0 rev1=1 crypto rx=0 tx=0 comp rx=0 tx=0).handle_hello peer v2:172.21.15.52:3300/0 says I am v2:172.21.15.52:42542/0 (socket says 172.21.15.52:42542)
2024-05-27T07:14:08.835 INFO:teuthology.orchestra.run.smithi052.stdout:/usr/bin/ceph: stderr
2024-05-27T07:14:08.061+0000 7fa17578f700 1 -- 172.21.15.52:0/849640172 learned_addr learned my addr 172.21.15.52:0/849640172 (peer_addr_for_me v2:172.21.15.52:0/0)
2024-05-27T07:14:08.836 INFO:teuthology.orchestra.run.smithi052.stdout:/usr/bin/ceph: stderr
2024-05-27T07:14:08.061+0000 7fa17578f700 1 -- 172.21.15.52:0/849640172 --> [v2:172.21.15.52:3300/0,v1:172.21.15.52:6789/0] -- mon_subscribe({config=0+,monmap=0+}) -- 0x7fa170109c20 con 0x7fa170108af0
2024-05-27T07:14:08.836 INFO:teuthology.orchestra.run.smithi052.stdout:/usr/bin/ceph: stderr
2024-05-27T07:14:08.061+0000 7fa17578f700 1 --2- 172.21.15.52:0/849640172 >> [v2:172.21.15.52:3300/0,v1:172.21.15.52:6789/0] conn(0x7fa170108af0 0x7fa170108f00 secure :-1 s=READY pgs=43 cs=0 l=1 rev1=1 crypto rx=0x7fa160009e80 tx=0x7fa16000b330 comp rx=0 tx=0).ready entity=mon.0 client_cookie=c0e94c8f25a2b1f server_cookie=0 in_seq=0 out_seq=0
2024-05-27T07:14:08.836 INFO:teuthology.orchestra.run.smithi052.stdout:/usr/bin/ceph: stderr
2024-05-27T07:14:08.061+0000 7fa16ffff700 1 -- 172.21.15.52:0/849640172 <== mon.0 v2:172.21.15.52:3300/0 1 ==== mon_map magic: 0 ==== 205+0+0 (secure 0 0 0) 0x7fa160017070 con 0x7fa170108af0
2024-05-27T07:14:08.836 INFO:teuthology.orchestra.run.smithi052.stdout:/usr/bin/ceph: stderr
2024-05-27T07:14:08.061+0000 7fa16ffff700 1 -- 172.21.15.52:0/849640172 <== mon.0 v2:172.21.15.52:3300/0 2 ==== config(26 keys) ==== 1070+0+0 (secure 0 0 0) 0x7fa16000b8c0 con 0x7fa170108af0
2024-05-27T07:14:08.836 INFO:teuthology.orchestra.run.smithi052.stdout:/usr/bin/ceph: stderr
2024-05-27T07:14:08.061+0000 7fa16ffff700 1 -- 172.21.15.52:0/849640172 <== mon.0 v2:172.21.15.52:3300/0 3 ==== mon_map magic: 0 ==== 205+0+0 (secure 0 0 0) 0x7fa160004490 con 0x7fa170108af0
2024-05-27T07:14:08.836 INFO:teuthology.orchestra.run.smithi052.stdout:/usr/bin/ceph: stderr
2024-05-27T07:14:08.062+0000 7fa1779f3700 1 -- 172.21.15.52:0/849640172 >> [v2:172.21.15.52:3300/0,v1:172.21.15.52:6789/0] conn(0x7fa170108af0 msgr2=0x7fa170108f00 secure :-1 s=STATE_CONNECTION_ESTABLISHED l=1).mark_down
2024-05-27T07:14:08.836 INFO:teuthology.orchestra.run.smithi052.stdout:/usr/bin/ceph: stderr
2024-05-27T07:14:08.062+0000 7fa1779f3700 1 --2- 172.21.15.52:0/849640172 >> [v2:172.21.15.52:3300/0,v1:172.21.15.52:6789/0] conn(0x7fa170108af0 0x7fa170108f00 secure :-1 s=READY pgs=43 cs=0 l=1 rev1=1 crypto rx=0x7fa160009e80 tx=0x7fa16000b330 comp rx=0 tx=0).stop
2024-05-27T07:14:08.836 INFO:teuthology.orchestra.run.smithi052.stdout:/usr/bin/ceph: stderr
2024-05-27T07:14:08.062+0000 7fa1779f3700 1 -- 172.21.15.52:0/849640172 shutdown_connections
2024-05-27T07:14:08.836 INFO:teuthology.orchestra.run.smithi052.stdout:/usr/bin/ceph: stderr
2024-05-27T07:14:08.062+0000 7fa1779f3700 1 --2- 172.21.15.52:0/849640172 >> [v2:172.21.15.52:3300/0,v1:172.21.15.52:6789/0] conn(0x7fa170108af0 0x7fa170108f00 unknown :-1 s=CLOSED pgs=43 cs=0 l=1 rev1=1 crypto rx=0 tx=0 comp rx=0 tx=0).stop
2024-05-27T07:14:08.836 INFO:teuthology.orchestra.run.smithi052.stdout:/usr/bin/ceph: stderr
2024-05-27T07:14:08.062+0000 7fa1779f3700 1 -- 172.21.15.52:0/849640172 >> 172.21.15.52:0/849640172 conn(0x7fa170104150 msgr2=0x7fa1701065e0 unknown :-1 s=STATE_NONE l=0).mark_down
2024-05-27T07:14:08.836 INFO:teuthology.orchestra.run.smithi052.stdout:/usr/bin/ceph: stderr
2024-05-27T07:14:08.062+0000 7fa1779f3700 1 -- 172.21.15.52:0/849640172 shutdown_connections
2024-05-27T07:14:08.836 INFO:teuthology.orchestra.run.smithi052.stdout:/usr/bin/ceph: stderr
2024-05-27T07:14:08.062+0000 7fa1779f3700 1 -- 172.21.15.52:0/849640172 wait complete.
2024-05-27T07:14:08.836 INFO:teuthology.orchestra.run.smithi052.stdout:/usr/bin/ceph: stderr
2024-05-27T07:14:08.063+0000 7fa1779f3700 1 Processor -- start
2024-05-27T07:14:08.837 INFO:teuthology.orchestra.run.smithi052.stdout:/usr/bin/ceph: stderr
2024-05-27T07:14:08.063+0000 7fa1779f3700 1 -- start start
2024-05-27T07:14:08.837 INFO:teuthology.orchestra.run.smithi052.stdout:/usr/bin/ceph: stderr
2024-05-27T07:14:08.063+0000 7fa1779f3700 1 --2- >> [v2:172.21.15.52:3300/0,v1:172.21.15.52:6789/0] conn(0x7fa170108af0 0x7fa17019dfa0 unknown :-1 s=NONE pgs=0 cs=0 l=1 rev1=0 crypto rx=0 tx=0 comp rx=0 tx=0).connect
2024-05-27T07:14:08.837 INFO:teuthology.orchestra.run.smithi052.stdout:/usr/bin/ceph: stderr
2024-05-27T07:14:08.063+0000 7fa1779f3700 1 -- --> [v2:172.21.15.52:3300/0,v1:172.21.15.52:6789/0] -- mon_getmap magic: 0 -- 0x7fa17010cfd0 con 0x7fa170108af0
2024-05-27T07:14:08.837 INFO:teuthology.orchestra.run.smithi052.stdout:/usr/bin/ceph: stderr
2024-05-27T07:14:08.063+0000 7fa17578f700 1 --2- >> [v2:172.21.15.52:3300/0,v1:172.21.15.52:6789/0] conn(0x7fa170108af0 0x7fa17019dfa0 unknown :-1 s=BANNER_CONNECTING pgs=0 cs=0 l=1 rev1=0 crypto rx=0 tx=0 comp rx=0 tx=0)._handle_peer_banner_payload supported=3 required=0
2024-05-27T07:14:08.837 INFO:teuthology.orchestra.run.smithi052.stdout:/usr/bin/ceph: stderr
2024-05-27T07:14:08.063+0000 7fa17578f700 1 --2- >> [v2:172.21.15.52:3300/0,v1:172.21.15.52:6789/0] conn(0x7fa170108af0 0x7fa17019dfa0 unknown :-1 s=HELLO_CONNECTING pgs=0 cs=0 l=1 rev1=1 crypto rx=0 tx=0 comp rx=0 tx=0).handle_hello peer v2:172.21.15.52:3300/0 says I am v2:172.21.15.52:42558/0 (socket says 172.21.15.52:42558)
2024-05-27T07:14:08.837 INFO:teuthology.orchestra.run.smithi052.stdout:/usr/bin/ceph: stderr
2024-05-27T07:14:08.063+0000 7fa17578f700 1 -- 172.21.15.52:0/2802178844 learned_addr learned my addr 172.21.15.52:0/2802178844 (peer_addr_for_me v2:172.21.15.52:0/0)
2024-05-27T07:14:08.837 INFO:teuthology.orchestra.run.smithi052.stdout:/usr/bin/ceph: stderr
