2024-05-27T07:18:07.203 INFO:teuthology.orchestra.run.smithi063.stdout:/usr/bin/ceph: stderr
2024-05-27T07:18:06.168+0000 7f824de00700 1 -- 172.21.15.63:0/4177750005 --> [v2:172.21.15.63:3300/0,v1:172.21.15.63:6789/0] -- mon_subscribe({config=0+,monmap=0+}) -- 0x7f82481133d0 con 0x7f82481107e0
2024-05-27T07:18:07.203 INFO:teuthology.orchestra.run.smithi063.stdout:/usr/bin/ceph: stderr
2024-05-27T07:18:06.168+0000 7f824de00700 1 --2- 172.21.15.63:0/4177750005 >> [v2:172.21.15.63:3300/0,v1:172.21.15.63:6789/0] conn(0x7f82481107e0 0x7f8248112c40 secure :-1 s=READY pgs=70 cs=0 l=1 rev1=1 crypto rx=0x7f823c0098a0 tx=0x7f823c009bb0 comp rx=0 tx=0).ready entity=mon.0 client_cookie=3dc14d23445a3968 server_cookie=0 in_seq=0 out_seq=0
2024-05-27T07:18:07.204 INFO:teuthology.orchestra.run.smithi063.stdout:/usr/bin/ceph: stderr
2024-05-27T07:18:06.169+0000 7f824ca00700 1 -- 172.21.15.63:0/4177750005 <== mon.0 v2:172.21.15.63:3300/0 1 ==== mon_map magic: 0 ==== 205+0+0 (secure 0 0 0) 0x7f823c004160 con 0x7f82481107e0
2024-05-27T07:18:07.204 INFO:teuthology.orchestra.run.smithi063.stdout:/usr/bin/ceph: stderr
2024-05-27T07:18:06.169+0000 7f824ca00700 1 -- 172.21.15.63:0/4177750005 <== mon.0 v2:172.21.15.63:3300/0 2 ==== config(25 keys) ==== 1063+0+0 (secure 0 0 0) 0x7f823c004300 con 0x7f82481107e0
2024-05-27T07:18:07.204 INFO:teuthology.orchestra.run.smithi063.stdout:/usr/bin/ceph: stderr
2024-05-27T07:18:06.169+0000 7f824ca00700 1 -- 172.21.15.63:0/4177750005 <== mon.0 v2:172.21.15.63:3300/0 3 ==== mon_map magic: 0 ==== 205+0+0 (secure 0 0 0) 0x7f823c011960 con 0x7f82481107e0
2024-05-27T07:18:07.204 INFO:teuthology.orchestra.run.smithi063.stdout:/usr/bin/ceph: stderr
2024-05-27T07:18:06.169+0000 7f8250800700 1 -- 172.21.15.63:0/4177750005 >> [v2:172.21.15.63:3300/0,v1:172.21.15.63:6789/0] conn(0x7f82481107e0 msgr2=0x7f8248112c40 secure :-1 s=STATE_CONNECTION_ESTABLISHED l=1).mark_down
2024-05-27T07:18:07.204 INFO:teuthology.orchestra.run.smithi063.stdout:/usr/bin/ceph: stderr
2024-05-27T07:18:06.169+0000 7f8250800700 1 --2- 172.21.15.63:0/4177750005 >> [v2:172.21.15.63:3300/0,v1:172.21.15.63:6789/0] conn(0x7f82481107e0 0x7f8248112c40 secure :-1 s=READY pgs=70 cs=0 l=1 rev1=1 crypto rx=0x7f823c0098a0 tx=0x7f823c009bb0 comp rx=0 tx=0).stop
2024-05-27T07:18:07.204 INFO:teuthology.orchestra.run.smithi063.stdout:/usr/bin/ceph: stderr
2024-05-27T07:18:06.170+0000 7f8250800700 1 -- 172.21.15.63:0/4177750005 shutdown_connections
2024-05-27T07:18:07.204 INFO:teuthology.orchestra.run.smithi063.stdout:/usr/bin/ceph: stderr
2024-05-27T07:18:06.170+0000 7f8250800700 1 --2- 172.21.15.63:0/4177750005 >> [v2:172.21.15.63:3300/0,v1:172.21.15.63:6789/0] conn(0x7f82481107e0 0x7f8248112c40 unknown :-1 s=CLOSED pgs=70 cs=0 l=1 rev1=1 crypto rx=0 tx=0 comp rx=0 tx=0).stop
2024-05-27T07:18:07.204 INFO:teuthology.orchestra.run.smithi063.stdout:/usr/bin/ceph: stderr
2024-05-27T07:18:06.170+0000 7f8250800700 1 -- 172.21.15.63:0/4177750005 >> 172.21.15.63:0/4177750005 conn(0x7f824807f0f0 msgr2=0x7f82480815a0 unknown :-1 s=STATE_NONE l=0).mark_down
2024-05-27T07:18:07.204 INFO:teuthology.orchestra.run.smithi063.stdout:/usr/bin/ceph: stderr
2024-05-27T07:18:06.170+0000 7f8250800700 1 -- 172.21.15.63:0/4177750005 shutdown_connections
2024-05-27T07:18:07.204 INFO:teuthology.orchestra.run.smithi063.stdout:/usr/bin/ceph: stderr
2024-05-27T07:18:06.170+0000 7f8250800700 1 -- 172.21.15.63:0/4177750005 wait complete.
2024-05-27T07:18:07.205 INFO:teuthology.orchestra.run.smithi063.stdout:/usr/bin/ceph: stderr
2024-05-27T07:18:06.171+0000 7f8250800700 1 Processor -- start
2024-05-27T07:18:07.205 INFO:teuthology.orchestra.run.smithi063.stdout:/usr/bin/ceph: stderr
2024-05-27T07:18:06.171+0000 7f8250800700 1 -- start start
2024-05-27T07:18:07.205 INFO:teuthology.orchestra.run.smithi063.stdout:/usr/bin/ceph: stderr
2024-05-27T07:18:06.172+0000 7f8250800700 1 --2- >> [v2:172.21.15.63:3300/0,v1:172.21.15.63:6789/0] conn(0x7f82481107e0 0x7f82481a4300 unknown :-1 s=NONE pgs=0 cs=0 l=1 rev1=0 crypto rx=0 tx=0 comp rx=0 tx=0).connect
2024-05-27T07:18:07.205 INFO:teuthology.orchestra.run.smithi063.stdout:/usr/bin/ceph: stderr
2024-05-27T07:18:06.172+0000 7f8250800700 1 -- --> [v2:172.21.15.63:3300/0,v1:172.21.15.63:6789/0] -- mon_getmap magic: 0 -- 0x7f8248114430 con 0x7f82481107e0
2024-05-27T07:18:07.205 INFO:teuthology.orchestra.run.smithi063.stdout:/usr/bin/ceph: stderr
2024-05-27T07:18:06.172+0000 7f824de00700 1 --2- >> [v2:172.21.15.63:3300/0,v1:172.21.15.63:6789/0] conn(0x7f82481107e0 0x7f82481a4300 unknown :-1 s=BANNER_CONNECTING pgs=0 cs=0 l=1 rev1=0 crypto rx=0 tx=0 comp rx=0 tx=0)._handle_peer_banner_payload supported=3 required=0
2024-05-27T07:18:07.205 INFO:teuthology.orchestra.run.smithi063.stdout:/usr/bin/ceph: stderr
2024-05-27T07:18:06.172+0000 7f824de00700 1 --2- >> [v2:172.21.15.63:3300/0,v1:172.21.15.63:6789/0] conn(0x7f82481107e0 0x7f82481a4300 unknown :-1 s=HELLO_CONNECTING pgs=0 cs=0 l=1 rev1=1 crypto rx=0 tx=0 comp rx=0 tx=0).handle_hello peer v2:172.21.15.63:3300/0 says I am v2:172.21.15.63:38836/0 (socket says 172.21.15.63:38836)
2024-05-27T07:18:07.205 INFO:teuthology.orchestra.run.smithi063.stdout:/usr/bin/ceph: stderr
2024-05-27T07:18:06.172+0000 7f824de00700 1 -- 172.21.15.63:0/2816447805 learned_addr learned my addr 172.21.15.63:0/2816447805 (peer_addr_for_me v2:172.21.15.63:0/0)
2024-05-27T07:18:07.205 INFO:teuthology.orchestra.run.smithi063.stdout:/usr/bin/ceph: stderr
2024-05-27T07:18:06.172+0000 7f824de00700 1 -- 172.21.15.63:0/2816447805 --> [v2:172.21.15.63:3300/0,v1:172.21.15.63:6789/0] -- mon_subscribe({config=0+,monmap=0+}) -- 0x7f82481a4840 con 0x7f82481107e0
2024-05-27T07:18:07.205 INFO:teuthology.orchestra.run.smithi063.stdout:/usr/bin/ceph: stderr
2024-05-27T07:18:06.173+0000 7f824de00700 1 --2- 172.21.15.63:0/2816447805 >> [v2:172.21.15.63:3300/0,v1:172.21.15.63:6789/0] conn(0x7f82481107e0 0x7f82481a4300 secure :-1 s=READY pgs=71 cs=0 l=1 rev1=1 crypto rx=0x7f823c011670 tx=0x7f823c011a30 comp rx=0 tx=0).ready entity=mon.0 client_cookie=0 server_cookie=0 in_seq=0 out_seq=0
2024-05-27T07:18:07.205 INFO:teuthology.orchestra.run.smithi063.stdout:/usr/bin/ceph: stderr
2024-05-27T07:18:06.173+0000 7f8242a00700 1 -- 172.21.15.63:0/2816447805 <== mon.0 v2:172.21.15.63:3300/0 1 ==== mon_map magic: 0 ==== 205+0+0 (secure 0 0 0) 0x7f823c003a60 con 0x7f82481107e0
2024-05-27T07:18:07.205 INFO:teuthology.orchestra.run.smithi063.stdout:/usr/bin/ceph: stderr
2024-05-27T07:18:06.173+0000 7f8242a00700 1 -- 172.21.15.63:0/2816447805 <== mon.0 v2:172.21.15.63:3300/0 2 ==== config(25 keys) ==== 1063+0+0 (secure 0 0 0) 0x7f823c01b8d0 con 0x7f82481107e0
2024-05-27T07:18:07.205 INFO:teuthology.orchestra.run.smithi063.stdout:/usr/bin/ceph: stderr
2024-05-27T07:18:06.173+0000 7f8242a00700 1 -- 172.21.15.63:0/2816447805 <== mon.0 v2:172.21.15.63:3300/0 3 ==== mon_map magic: 0 ==== 205+0+0 (secure 0 0 0) 0x7f823c023790 con 0x7f82481107e0
2024-05-27T07:18:07.206 INFO:teuthology.orchestra.run.smithi063.stdout:/usr/bin/ceph: stderr
2024-05-27T07:18:06.173+0000 7f8250800700 1 -- 172.21.15.63:0/2816447805 --> [v2:172.21.15.63:3300/0,v1:172.21.15.63:6789/0] -- mon_subscribe({mgrmap=0+}) -- 0x7f82481a4ad0 con 0x7f82481107e0
2024-05-27T07:18:07.206 INFO:teuthology.orchestra.run.smithi063.stdout:/usr/bin/ceph: stderr
2024-05-27T07:18:06.174+0000 7f8250800700 1 -- 172.21.15.63:0/2816447805 --> [v2:172.21.15.63:3300/0,v1:172.21.15.63:6789/0] -- mon_subscribe({osdmap=0}) -- 0x7f82481a76e0 con 0x7f82481107e0
2024-05-27T07:18:07.206 INFO:teuthology.orchestra.run.smithi063.stdout:/usr/bin/ceph: stderr
2024-05-27T07:18:06.175+0000 7f8250800700 1 -- 172.21.15.63:0/2816447805 --> [v2:172.21.15.63:3300/0,v1:172.21.15.63:6789/0] -- mon_command({"prefix": "get_command_descriptions"} v 0) -- 0x7f8248064e10 con 0x7f82481107e0
2024-05-27T07:18:07.206 INFO:teuthology.orchestra.run.smithi063.stdout:/usr/bin/ceph: stderr
2024-05-27T07:18:06.175+0000 7f8242a00700 1 -- 172.21.15.63:0/2816447805 <== mon.0 v2:172.21.15.63:3300/0 4 ==== mgrmap(e 12) ==== 50235+0+0 (secure 0 0 0) 0x7f823c01b440 con 0x7f82481107e0
2024-05-27T07:18:07.206 INFO:teuthology.orchestra.run.smithi063.stdout:/usr/bin/ceph: stderr
2024-05-27T07:18:06.176+0000 7f8242a00700 1 --2- 172.21.15.63:0/2816447805 >> [v2:172.21.15.63:6800/675305989,v1:172.21.15.63:6801/675305989] conn(0x7f823003e5e0 0x7f8230040af0 unknown :-1 s=NONE pgs=0 cs=0 l=1 rev1=0 crypto rx=0 tx=0 comp rx=0 tx=0).connect
2024-05-27T07:18:07.206 INFO:teuthology.orchestra.run.smithi063.stdout:/usr/bin/ceph: stderr
2024-05-27T07:18:06.176+0000 7f8242a00700 1 -- 172.21.15.63:0/2816447805 <== mon.0 v2:172.21.15.63:3300/0 5 ==== osd_map(3..3 src has 1..3) ==== 1155+0+0 (secure 0 0 0) 0x7f823c054100 con 0x7f82481107e0
2024-05-27T07:18:07.206 INFO:teuthology.orchestra.run.smithi063.stdout:/usr/bin/ceph: stderr
2024-05-27T07:18:06.176+0000 7f824d400700 1 --2- 172.21.15.63:0/2816447805 >> [v2:172.21.15.63:6800/675305989,v1:172.21.15.63:6801/675305989] conn(0x7f823003e5e0 0x7f8230040af0 unknown :-1 s=BANNER_CONNECTING pgs=0 cs=0 l=1 rev1=0 crypto rx=0 tx=0 comp rx=0 tx=0)._handle_peer_banner_payload supported=3 required=0
2024-05-27T07:18:07.206 INFO:teuthology.orchestra.run.smithi063.stdout:/usr/bin/ceph: stderr
2024-05-27T07:18:06.177+0000 7f824d400700 1 --2- 172.21.15.63:0/2816447805 >> [v2:172.21.15.63:6800/675305989,v1:172.21.15.63:6801/675305989] conn(0x7f823003e5e0 0x7f8230040af0 secure :-1 s=READY pgs=7 cs=0 l=1 rev1=1 crypto rx=0x7f8238006fd0 tx=0x7f8238006e40 comp rx=0 tx=0).ready entity=mgr.14152 client_cookie=0 server_cookie=0 in_seq=0 out_seq=0
2024-05-27T07:18:07.206 INFO:teuthology.orchestra.run.smithi063.stdout:/usr/bin/ceph: stderr
2024-05-27T07:18:06.183+0000 7f8242a00700 1 -- 172.21.15.63:0/2816447805 <== mon.0 v2:172.21.15.63:3300/0 6 ==== mon_command_ack([{"prefix": "get_command_descriptions"}]=0 v0) ==== 72+0+191963 (secure 0 0 0) 0x7f823c01f030 con 0x7f82481107e0
2024-05-27T07:18:07.206 INFO:teuthology.orchestra.run.smithi063.stdout:/usr/bin/ceph: stderr
2024-05-27T07:18:06.429+0000 7f8250800700 1 -- 172.21.15.63:0/2816447805 --> [v2:172.21.15.63:6800/675305989,v1:172.21.15.63:6801/675305989] -- mgr_command(tid 0: {"prefix": "dashboard create-self-signed-cert", "target": ["mon-mgr", ""]}) -- 0x7f8248080060 con 0x7f823003e5e0
2024-05-27T07:18:07.206 INFO:teuthology.orchestra.run.smithi063.stdout:/usr/bin/ceph: stderr
2024-05-27T07:18:06.577+0000 7f8242a00700 1 -- 172.21.15.63:0/2816447805 <== mgr.14152 v2:172.21.15.63:6800/675305989 1 ==== mgr_command_reply(tid 0: 0 ) ==== 8+0+32 (secure 0 0 0) 0x7f8248080060 con 0x7f823003e5e0
2024-05-27T07:18:07.206 INFO:teuthology.orchestra.run.smithi063.stdout:/usr/bin/ceph: stderr
2024-05-27T07:18:06.581+0000 7f8250800700 1 -- 172.21.15.63:0/2816447805 >> [v2:172.21.15.63:6800/675305989,v1:172.21.15.63:6801/675305989] conn(0x7f823003e5e0 msgr2=0x7f8230040af0 secure :-1 s=STATE_CONNECTION_ESTABLISHED l=1).mark_down
2024-05-27T07:18:07.207 INFO:teuthology.orchestra.run.smithi063.stdout:/usr/bin/ceph: stderr
2024-05-27T07:18:06.581+0000 7f8250800700 1 --2- 172.21.15.63:0/2816447805 >> [v2:172.21.15.63:6800/675305989,v1:172.21.15.63:6801/675305989] conn(0x7f823003e5e0 0x7f8230040af0 secure :-1 s=READY pgs=7 cs=0 l=1 rev1=1 crypto rx=0x7f8238006fd0 tx=0x7f8238006e40 comp rx=0 tx=0).stop
2024-05-27T07:18:07.207 INFO:teuthology.orchestra.run.smithi063.stdout:/usr/bin/ceph: stderr
2024-05-27T07:18:06.581+0000 7f8250800700 1 -- 172.21.15.63:0/2816447805 >> [v2:172.21.15.63:3300/0,v1:172.21.15.63:6789/0] conn(0x7f82481107e0 msgr2=0x7f82481a4300 secure :-1 s=STATE_CONNECTION_ESTABLISHED l=1).mark_down
2024-05-27T07:18:07.207 INFO:teuthology.orchestra.run.smithi063.stdout:/usr/bin/ceph: stderr
2024-05-27T07:18:06.581+0000 7f8250800700 1 --2- 172.21.15.63:0/2816447805 >> [v2:172.21.15.63:3300/0,v1:172.21.15.63:6789/0] conn(0x7f82481107e0 0x7f82481a4300 secure :-1 s=READY pgs=71 cs=0 l=1 rev1=1 crypto rx=0x7f823c011670 tx=0x7f823c011a30 comp rx=0 tx=0).stop
2024-05-27T07:18:07.207 INFO:teuthology.orchestra.run.smithi063.stdout:/usr/bin/ceph: stderr
2024-05-27T07:18:06.581+0000 7f8250800700 1 -- 172.21.15.63:0/2816447805 shutdown_connections
2024-05-27T07:18:07.207 INFO:teuthology.orchestra.run.smithi063.stdout:/usr/bin/ceph: stderr
2024-05-27T07:18:06.582+0000 7f8250800700 1 --2- 172.21.15.63:0/2816447805 >> [v2:172.21.15.63:6800/675305989,v1:172.21.15.63:6801/675305989] conn(0x7f823003e5e0 0x7f8230040af0 unknown :-1 s=CLOSED pgs=7 cs=0 l=1 rev1=1 crypto rx=0 tx=0 comp rx=0 tx=0).stop
2024-05-27T07:18:07.207 INFO:teuthology.orchestra.run.smithi063.stdout:/usr/bin/ceph: stderr
2024-05-27T07:18:06.582+0000 7f8250800700 1 --2- 172.21.15.63:0/2816447805 >> [v2:172.21.15.63:3300/0,v1:172.21.15.63:6789/0] conn(0x7f82481107e0 0x7f82481a4300 unknown :-1 s=CLOSED pgs=71 cs=0 l=1 rev1=1 crypto rx=0 tx=0 comp rx=0 tx=0).stop
2024-05-27T07:18:07.207 INFO:teuthology.orchestra.run.smithi063.stdout:/usr/bin/ceph: stderr
2024-05-27T07:18:06.582+0000 7f8250800700 1 -- 172.21.15.63:0/2816447805 >> 172.21.15.63:0/2816447805 conn(0x7f824807f0f0 msgr2=0x7f824807f950 unknown :-1 s=STATE_NONE l=0).mark_down
2024-05-27T07:18:07.207 INFO:teuthology.orchestra.run.smithi063.stdout:/usr/bin/ceph: stderr
2024-05-27T07:18:06.582+0000 7f8250800700 1 -- 172.21.15.63:0/2816447805 shutdown_connections
2024-05-27T07:18:07.207 INFO:teuthology.orchestra.run.smithi063.stdout:/usr/bin/ceph: stderr
2024-05-27T07:18:06.582+0000 7f8250800700 1 -- 172.21.15.63:0/2816447805 wait complete.
2024-05-27T07:18:07.207 INFO:teuthology.orchestra.run.smithi063.stdout:Creating initial admin user...
2024-05-27T07:18:07.879 INFO:journalctl@ceph.mon.a.smithi063.stdout:May 27 07:18:07 smithi063 ceph-mon[31613]: from='client.14164 -' entity='client.admin' cmd=[{"prefix": "dashboard create-self-signed-cert", "target": ["mon-mgr", ""]}]: dispatch
2024-05-27T07:18:09.136 INFO:teuthology.orchestra.run.smithi063.stdout:/usr/bin/ceph: stdout {"username": "admin", "password": "$2b$12$Ab.k4ptp7k/8/U2cwfVTa.TJT.y9GUAFqHZEABL71nJi9e93usdMG", "roles": ["administrator"], "name": null, "email": null, "lastUpdate": 1716794288, "enabled": true, "pwdExpirationDate": null, "pwdUpdateRequired": true}
2024-05-27T07:18:09.136 INFO:teuthology.orchestra.run.smithi063.stdout:/usr/bin/ceph: stderr
2024-05-27T07:18:07.888+0000 7f280cc00700 1 Processor -- start
2024-05-27T07:18:09.136 INFO:teuthology.orchestra.run.smithi063.stdout:/usr/bin/ceph: stderr
2024-05-27T07:18:07.888+0000 7f280cc00700 1 -- start start
2024-05-27T07:18:09.136 INFO:teuthology.orchestra.run.smithi063.stdout:/usr/bin/ceph: stderr
2024-05-27T07:18:07.889+0000 7f280cc00700 1 --2- >> [v2:172.21.15.63:3300/0,v1:172.21.15.63:6789/0] conn(0x7f280810a560 0x7f280810c980 unknown :-1 s=NONE pgs=0 cs=0 l=0 rev1=0 crypto rx=0 tx=0 comp rx=0 tx=0).connect
2024-05-27T07:18:09.136 INFO:teuthology.orchestra.run.smithi063.stdout:/usr/bin/ceph: stderr
2024-05-27T07:18:07.889+0000 7f280cc00700 1 -- --> [v2:172.21.15.63:3300/0,v1:172.21.15.63:6789/0] -- mon_getmap magic: 0 -- 0x7f280807ce70 con 0x7f280810a560
2024-05-27T07:18:09.136 INFO:teuthology.orchestra.run.smithi063.stdout:/usr/bin/ceph: stderr
2024-05-27T07:18:07.889+0000 7f2805e00700 1 --2- >> [v2:172.21.15.63:3300/0,v1:172.21.15.63:6789/0] conn(0x7f280810a560 0x7f280810c980 unknown :-1 s=BANNER_CONNECTING pgs=0 cs=0 l=0 rev1=0 crypto rx=0 tx=0 comp rx=0 tx=0)._handle_peer_banner_payload supported=3 required=0
2024-05-27T07:18:09.136 INFO:teuthology.orchestra.run.smithi063.stdout:/usr/bin/ceph: stderr
2024-05-27T07:18:07.890+0000 7f2805e00700 1 --2- >> [v2:172.21.15.63:3300/0,v1:172.21.15.63:6789/0] conn(0x7f280810a560 0x7f280810c980 unknown :-1 s=HELLO_CONNECTING pgs=0 cs=0 l=0 rev1=1 crypto rx=0 tx=0 comp rx=0 tx=0).handle_hello peer v2:172.21.15.63:3300/0 says I am v2:172.21.15.63:38842/0 (socket says 172.21.15.63:38842)
2024-05-27T07:18:09.136 INFO:teuthology.orchestra.run.smithi063.stdout:/usr/bin/ceph: stderr
2024-05-27T07:18:07.890+0000 7f2805e00700 1 -- 172.21.15.63:0/2139372385 learned_addr learned my addr 172.21.15.63:0/2139372385 (peer_addr_for_me v2:172.21.15.63:0/0)
2024-05-27T07:18:09.136 INFO:teuthology.orchestra.run.smithi063.stdout:/usr/bin/ceph: stderr
2024-05-27T07:18:07.890+0000 7f2805e00700 1 -- 172.21.15.63:0/2139372385 --> [v2:172.21.15.63:3300/0,v1:172.21.15.63:6789/0] -- mon_subscribe({config=0+,monmap=0+}) -- 0x7f280810cec0 con 0x7f280810a560
2024-05-27T07:18:09.136 INFO:teuthology.orchestra.run.smithi063.stdout:/usr/bin/ceph: stderr
2024-05-27T07:18:07.890+0000 7f2805e00700 1 --2- 172.21.15.63:0/2139372385 >> [v2:172.21.15.63:3300/0,v1:172.21.15.63:6789/0] conn(0x7f280810a560 0x7f280810c980 secure :-1 s=READY pgs=72 cs=0 l=1 rev1=1 crypto rx=0x7f27f80098a0 tx=0x7f27f8009bb0 comp rx=0 tx=0).ready entity=mon.0 client_cookie=4e18ba2dba6c705b server_cookie=0 in_seq=0 out_seq=0
2024-05-27T07:18:09.137 INFO:teuthology.orchestra.run.smithi063.stdout:/usr/bin/ceph: stderr
2024-05-27T07:18:07.891+0000 7f2804a00700 1 -- 172.21.15.63:0/2139372385 <== mon.0 v2:172.21.15.63:3300/0 1 ==== mon_map magic: 0 ==== 205+0+0 (secure 0 0 0) 0x7f27f8004160 con 0x7f280810a560
2024-05-27T07:18:09.137 INFO:teuthology.orchestra.run.smithi063.stdout:/usr/bin/ceph: stderr
2024-05-27T07:18:07.891+0000 7f2804a00700 1 -- 172.21.15.63:0/2139372385 <== mon.0 v2:172.21.15.63:3300/0 2 ==== config(25 keys) ==== 1063+0+0 (secure 0 0 0) 0x7f27f8004300 con 0x7f280810a560
2024-05-27T07:18:09.137 INFO:teuthology.orchestra.run.smithi063.stdout:/usr/bin/ceph: stderr
2024-05-27T07:18:07.891+0000 7f2804a00700 1 -- 172.21.15.63:0/2139372385 <== mon.0 v2:172.21.15.63:3300/0 3 ==== mon_map magic: 0 ==== 205+0+0 (secure 0 0 0) 0x7f27f8011960 con 0x7f280810a560
2024-05-27T07:18:09.137 INFO:teuthology.orchestra.run.smithi063.stdout:/usr/bin/ceph: stderr
2024-05-27T07:18:07.892+0000 7f280cc00700 1 -- 172.21.15.63:0/2139372385 >> [v2:172.21.15.63:3300/0,v1:172.21.15.63:6789/0] conn(0x7f280810a560 msgr2=0x7f280810c980 secure :-1 s=STATE_CONNECTION_ESTABLISHED l=1).mark_down
2024-05-27T07:18:09.137 INFO:teuthology.orchestra.run.smithi063.stdout:/usr/bin/ceph: stderr
2024-05-27T07:18:07.892+0000 7f280cc00700 1 --2- 172.21.15.63:0/2139372385 >> [v2:172.21.15.63:3300/0,v1:172.21.15.63:6789/0] conn(0x7f280810a560 0x7f280810c980 secure :-1 s=READY pgs=72 cs=0 l=1 rev1=1 crypto rx=0x7f27f80098a0 tx=0x7f27f8009bb0 comp rx=0 tx=0).stop
2024-05-27T07:18:09.137 INFO:teuthology.orchestra.run.smithi063.stdout:/usr/bin/ceph: stderr
2024-05-27T07:18:07.892+0000 7f280cc00700 1 -- 172.21.15.63:0/2139372385 shutdown_connections
2024-05-27T07:18:09.137 INFO:teuthology.orchestra.run.smithi063.stdout:/usr/bin/ceph: stderr
2024-05-27T07:18:07.892+0000 7f280cc00700 1 --2- 172.21.15.63:0/2139372385 >> [v2:172.21.15.63:3300/0,v1:172.21.15.63:6789/0] conn(0x7f280810a560 0x7f280810c980 unknown :-1 s=CLOSED pgs=72 cs=0 l=1 rev1=1 crypto rx=0 tx=0 comp rx=0 tx=0).stop
2024-05-27T07:18:09.137 INFO:teuthology.orchestra.run.smithi063.stdout:/usr/bin/ceph: stderr
2024-05-27T07:18:07.892+0000 7f280cc00700 1 -- 172.21.15.63:0/2139372385 >> 172.21.15.63:0/2139372385 conn(0x7f2808104060 msgr2=0x7f28081064b0 unknown :-1 s=STATE_NONE l=0).mark_down
2024-05-27T07:18:09.137 INFO:teuthology.orchestra.run.smithi063.stdout:/usr/bin/ceph: stderr
2024-05-27T07:18:07.892+0000 7f280cc00700 1 -- 172.21.15.63:0/2139372385 shutdown_connections
2024-05-27T07:18:09.137 INFO:teuthology.orchestra.run.smithi063.stdout:/usr/bin/ceph: stderr
2024-05-27T07:18:07.892+0000 7f280cc00700 1 -- 172.21.15.63:0/2139372385 wait complete.
2024-05-27T07:18:09.137 INFO:teuthology.orchestra.run.smithi063.stdout:/usr/bin/ceph: stderr
2024-05-27T07:18:07.894+0000 7f280cc00700 1 Processor -- start
2024-05-27T07:18:09.137 INFO:teuthology.orchestra.run.smithi063.stdout:/usr/bin/ceph: stderr
2024-05-27T07:18:07.894+0000 7f280cc00700 1 -- start start
2024-05-27T07:18:09.137 INFO:teuthology.orchestra.run.smithi063.stdout:/usr/bin/ceph: stderr
2024-05-27T07:18:07.895+0000 7f280cc00700 1 --2- >> [v2:172.21.15.63:3300/0,v1:172.21.15.63:6789/0] conn(0x7f280810a560 0x7f280819dd60 unknown :-1 s=NONE pgs=0 cs=0 l=1 rev1=0 crypto rx=0 tx=0 comp rx=0 tx=0).connect
2024-05-27T07:18:09.137 INFO:teuthology.orchestra.run.smithi063.stdout:/usr/bin/ceph: stderr
2024-05-27T07:18:07.895+0000 7f280cc00700 1 -- --> [v2:172.21.15.63:3300/0,v1:172.21.15.63:6789/0] -- mon_getmap magic: 0 -- 0x7f280810de60 con 0x7f280810a560
2024-05-27T07:18:09.137 INFO:teuthology.orchestra.run.smithi063.stdout:/usr/bin/ceph: stderr
2024-05-27T07:18:07.895+0000 7f2805e00700 1 --2- >> [v2:172.21.15.63:3300/0,v1:172.21.15.63:6789/0] conn(0x7f280810a560 0x7f280819dd60 unknown :-1 s=BANNER_CONNECTING pgs=0 cs=0 l=1 rev1=0 crypto rx=0 tx=0 comp rx=0 tx=0)._handle_peer_banner_payload supported=3 required=0
2024-05-27T07:18:09.138 INFO:teuthology.orchestra.run.smithi063.stdout:/usr/bin/ceph: stderr
2024-05-27T07:18:07.895+0000 7f2805e00700 1 --2- >> [v2:172.21.15.63:3300/0,v1:172.21.15.63:6789/0] conn(0x7f280810a560 0x7f280819dd60 unknown :-1 s=HELLO_CONNECTING pgs=0 cs=0 l=1 rev1=1 crypto rx=0 tx=0 comp rx=0 tx=0).handle_hello peer v2:172.21.15.63:3300/0 says I am v2:172.21.15.63:38854/0 (socket says 172.21.15.63:38854)
2024-05-27T07:18:09.138 INFO:teuthology.orchestra.run.smithi063.stdout:/usr/bin/ceph: stderr
2024-05-27T07:18:07.895+0000 7f2805e00700 1 -- 172.21.15.63:0/589922521 learned_addr learned my addr 172.21.15.63:0/589922521 (peer_addr_for_me v2:172.21.15.63:0/0)
2024-05-27T07:18:09.138 INFO:teuthology.orchestra.run.smithi063.stdout:/usr/bin/ceph: stderr
2024-05-27T07:18:07.896+0000 7f2805e00700 1 -- 172.21.15.63:0/589922521 --> [v2:172.21.15.63:3300/0,v1:172.21.15.63:6789/0] -- mon_subscribe({config=0+,monmap=0+}) -- 0x7f280819e2a0 con 0x7f280810a560
2024-05-27T07:18:09.138 INFO:teuthology.orchestra.run.smithi063.stdout:/usr/bin/ceph: stderr
2024-05-27T07:18:07.896+0000 7f2805e00700 1 --2- 172.21.15.63:0/589922521 >> [v2:172.21.15.63:3300/0,v1:172.21.15.63:6789/0] conn(0x7f280810a560 0x7f280819dd60 secure :-1 s=READY pgs=73 cs=0 l=1 rev1=1 crypto rx=0x7f27f8011670 tx=0x7f27f8011a30 comp rx=0 tx=0).ready entity=mon.0 client_cookie=0 server_cookie=0 in_seq=0 out_seq=0
2024-05-27T07:18:09.138 INFO:teuthology.orchestra.run.smithi063.stdout:/usr/bin/ceph: stderr
2024-05-27T07:18:07.896+0000 7f27fea00700 1 -- 172.21.15.63:0/589922521 <== mon.0 v2:172.21.15.63:3300/0 1 ==== mon_map magic: 0 ==== 205+0+0 (secure 0 0 0) 0x7f27f8003a60 con 0x7f280810a560
2024-05-27T07:18:09.138 INFO:teuthology.orchestra.run.smithi063.stdout:/usr/bin/ceph: stderr
2024-05-27T07:18:07.896+0000 7f27fea00700 1 -- 172.21.15.63:0/589922521 <== mon.0 v2:172.21.15.63:3300/0 2 ==== config(25 keys) ==== 1063+0+0 (secure 0 0 0) 0x7f27f801b8d0 con 0x7f280810a560
2024-05-27T07:18:09.138 INFO:teuthology.orchestra.run.smithi063.stdout:/usr/bin/ceph: stderr
2024-05-27T07:18:07.896+0000 7f27fea00700 1 -- 172.21.15.63:0/589922521 <== mon.0 v2:172.21.15.63:3300/0 3 ==== mon_map magic: 0 ==== 205+0+0 (secure 0 0 0) 0x7f27f8023790 con 0x7f280810a560
2024-05-27T07:18:09.138 INFO:teuthology.orchestra.run.smithi063.stdout:/usr/bin/ceph: stderr
2024-05-27T07:18:07.896+0000 7f280cc00700 1 -- 172.21.15.63:0/589922521 --> [v2:172.21.15.63:3300/0,v1:172.21.15.63:6789/0] -- mon_subscribe({mgrmap=0+}) -- 0x7f280819e530 con 0x7f280810a560
2024-05-27T07:18:09.138 INFO:teuthology.orchestra.run.smithi063.stdout:/usr/bin/ceph: stderr
2024-05-27T07:18:07.897+0000 7f280cc00700 1 -- 172.21.15.63:0/589922521 --> [v2:172.21.15.63:3300/0,v1:172.21.15.63:6789/0] -- mon_subscribe({osdmap=0}) -- 0x7f28081a1130 con 0x7f280810a560
2024-05-27T07:18:09.138 INFO:teuthology.orchestra.run.smithi063.stdout:/usr/bin/ceph: stderr
2024-05-27T07:18:07.898+0000 7f27fea00700 1 -- 172.21.15.63:0/589922521 <== mon.0 v2:172.21.15.63:3300/0 4 ==== mgrmap(e 12) ==== 50235+0+0 (secure 0 0 0) 0x7f27f801b440 con 0x7f280810a560
2024-05-27T07:18:09.138 INFO:teuthology.orchestra.run.smithi063.stdout:/usr/bin/ceph: stderr
2024-05-27T07:18:07.898+0000 7f280cc00700 1 -- 172.21.15.63:0/589922521 --> [v2:172.21.15.63:3300/0,v1:172.21.15.63:6789/0] -- mon_command({"prefix": "get_command_descriptions"} v 0) -- 0x7f2808064e10 con 0x7f280810a560
2024-05-27T07:18:09.138 INFO:teuthology.orchestra.run.smithi063.stdout:/usr/bin/ceph: stderr
2024-05-27T07:18:07.899+0000 7f27fea00700 1 --2- 172.21.15.63:0/589922521 >> [v2:172.21.15.63:6800/675305989,v1:172.21.15.63:6801/675305989] conn(0x7f27ec03e5e0 0x7f27ec040af0 unknown :-1 s=NONE pgs=0 cs=0 l=1 rev1=0 crypto rx=0 tx=0 comp rx=0 tx=0).connect
2024-05-27T07:18:09.139 INFO:teuthology.orchestra.run.smithi063.stdout:/usr/bin/ceph: stderr
2024-05-27T07:18:07.899+0000 7f27fea00700 1 -- 172.21.15.63:0/589922521 <== mon.0 v2:172.21.15.63:3300/0 5 ==== osd_map(3..3 src has 1..3) ==== 1155+0+0 (secure 0 0 0) 0x7f27f8054050 con 0x7f280810a560
2024-05-27T07:18:09.139 INFO:teuthology.orchestra.run.smithi063.stdout:/usr/bin/ceph: stderr
2024-05-27T07:18:07.899+0000 7f2805400700 1 --2- 172.21.15.63:0/589922521 >> [v2:172.21.15.63:6800/675305989,v1:172.21.15.63:6801/675305989] conn(0x7f27ec03e5e0 0x7f27ec040af0 unknown :-1 s=BANNER_CONNECTING pgs=0 cs=0 l=1 rev1=0 crypto rx=0 tx=0 comp rx=0 tx=0)._handle_peer_banner_payload supported=3 required=0
2024-05-27T07:18:09.139 INFO:teuthology.orchestra.run.smithi063.stdout:/usr/bin/ceph: stderr
2024-05-27T07:18:07.900+0000 7f2805400700 1 --2- 172.21.15.63:0/589922521 >> [v2:172.21.15.63:6800/675305989,v1:172.21.15.63:6801/675305989] conn(0x7f27ec03e5e0 0x7f27ec040af0 secure :-1 s=READY pgs=8 cs=0 l=1 rev1=1 crypto rx=0x7f27f4006fd0 tx=0x7f27f4006e40 comp rx=0 tx=0).ready entity=mgr.14152 client_cookie=0 server_cookie=0 in_seq=0 out_seq=0
2024-05-27T07:18:09.139 INFO:teuthology.orchestra.run.smithi063.stdout:/usr/bin/ceph: stderr
2024-05-27T07:18:07.905+0000 7f27fea00700 1 -- 172.21.15.63:0/589922521 <== mon.0 v2:172.21.15.63:3300/0 6 ==== mon_command_ack([{"prefix": "get_command_descriptions"}]=0 v0) ==== 72+0+191963 (secure 0 0 0) 0x7f27f801f030 con 0x7f280810a560
2024-05-27T07:18:09.139 INFO:teuthology.orchestra.run.smithi063.stdout:/usr/bin/ceph: stderr
2024-05-27T07:18:08.163+0000 7f280cc00700 1 -- 172.21.15.63:0/589922521 --> [v2:172.21.15.63:6800/675305989,v1:172.21.15.63:6801/675305989] -- mgr_command(tid 0: {"prefix": "dashboard ac-user-create", "username": "admin", "rolename": "administrator", "force_password": true, "pwd_update_required": true, "target": ["mon-mgr", ""]}) -- 0x7f28081a13c0 con 0x7f27ec03e5e0
2024-05-27T07:18:09.139 INFO:teuthology.orchestra.run.smithi063.stdout:/usr/bin/ceph: stderr
2024-05-27T07:18:08.446+0000 7f27fea00700 1 -- 172.21.15.63:0/589922521 <== mgr.14152 v2:172.21.15.63:6800/675305989 1 ==== mgr_command_reply(tid 0: 0 ) ==== 8+0+252 (secure 0 0 0) 0x7f28081a13c0 con 0x7f27ec03e5e0
2024-05-27T07:18:09.139 INFO:teuthology.orchestra.run.smithi063.stdout:/usr/bin/ceph: stderr
2024-05-27T07:18:08.449+0000 7f280cc00700 1 -- 172.21.15.63:0/589922521 >> [v2:172.21.15.63:6800/675305989,v1:172.21.15.63:6801/675305989] conn(0x7f27ec03e5e0 msgr2=0x7f27ec040af0 secure :-1 s=STATE_CONNECTION_ESTABLISHED l=1).mark_down
2024-05-27T07:18:09.139 INFO:teuthology.orchestra.run.smithi063.stdout:/usr/bin/ceph: stderr
2024-05-27T07:18:08.449+0000 7f280cc00700 1 --2- 172.21.15.63:0/589922521 >> [v2:172.21.15.63:6800/675305989,v1:172.21.15.63:6801/675305989] conn(0x7f27ec03e5e0 0x7f27ec040af0 secure :-1 s=READY pgs=8 cs=0 l=1 rev1=1 crypto rx=0x7f27f4006fd0 tx=0x7f27f4006e40 comp rx=0 tx=0).stop
2024-05-27T07:18:09.139 INFO:teuthology.orchestra.run.smithi063.stdout:/usr/bin/ceph: stderr
2024-05-27T07:18:08.449+0000 7f280cc00700 1 -- 172.21.15.63:0/589922521 >> [v2:172.21.15.63:3300/0,v1:172.21.15.63:6789/0] conn(0x7f280810a560 msgr2=0x7f280819dd60 secure :-1 s=STATE_CONNECTION_ESTABLISHED l=1).mark_down
2024-05-27T07:18:09.139 INFO:teuthology.orchestra.run.smithi063.stdout:/usr/bin/ceph: stderr
2024-05-27T07:18:08.449+0000 7f280cc00700 1 --2- 172.21.15.63:0/589922521 >> [v2:172.21.15.63:3300/0,v1:172.21.15.63:6789/0] conn(0x7f280810a560 0x7f280819dd60 secure :-1 s=READY pgs=73 cs=0 l=1 rev1=1 crypto rx=0x7f27f8011670 tx=0x7f27f8011a30 comp rx=0 tx=0).stop
2024-05-27T07:18:09.139 INFO:teuthology.orchestra.run.smithi063.stdout:/usr/bin/ceph: stderr
2024-05-27T07:18:08.449+0000 7f280cc00700 1 -- 172.21.15.63:0/589922521 shutdown_connections
2024-05-27T07:18:09.139 INFO:teuthology.orchestra.run.smithi063.stdout:/usr/bin/ceph: stderr
2024-05-27T07:18:08.449+0000 7f280cc00700 1 --2- 172.21.15.63:0/589922521 >> [v2:172.21.15.63:6800/675305989,v1:172.21.15.63:6801/675305989] conn(0x7f27ec03e5e0 0x7f27ec040af0 unknown :-1 s=CLOSED pgs=8 cs=0 l=1 rev1=1 crypto rx=0 tx=0 comp rx=0 tx=0).stop
2024-05-27T07:18:09.139 INFO:teuthology.orchestra.run.smithi063.stdout:/usr/bin/ceph: stderr
2024-05-27T07:18:08.449+0000 7f280cc00700 1 --2- 172.21.15.63:0/589922521 >> [v2:172.21.15.63:3300/0,v1:172.21.15.63:6789/0] conn(0x7f280810a560 0x7f280819dd60 unknown :-1 s=CLOSED pgs=73 cs=0 l=1 rev1=1 crypto rx=0 tx=0 comp rx=0 tx=0).stop
2024-05-27T07:18:09.139 INFO:teuthology.orchestra.run.smithi063.stdout:/usr/bin/ceph: stderr
2024-05-27T07:18:08.449+0000 7f280cc00700 1 -- 172.21.15.63:0/589922521 >> 172.21.15.63:0/589922521 conn(0x7f2808104060 msgr2=0x7f2808105930 unknown :-1 s=STATE_NONE l=0).mark_down
2024-05-27T07:18:09.140 INFO:teuthology.orchestra.run.smithi063.stdout:/usr/bin/ceph: stderr
2024-05-27T07:18:08.449+0000 7f280cc00700 1 -- 172.21.15.63:0/589922521 shutdown_connections
2024-05-27T07:18:09.140 INFO:teuthology.orchestra.run.smithi063.stdout:/usr/bin/ceph: stderr
2024-05-27T07:18:08.450+0000 7f280cc00700 1 -- 172.21.15.63:0/589922521 wait complete.
2024-05-27T07:18:09.140 INFO:teuthology.orchestra.run.smithi063.stdout:Fetching dashboard port number...
2024-05-27T07:18:09.704 INFO:journalctl@ceph.mon.a.smithi063.stdout:May 27 07:18:09 smithi063 ceph-mon[31613]: from='client.14166 -' entity='client.admin' cmd=[{"prefix": "dashboard ac-user-create", "username": "admin", "rolename": "administrator", "force_password": true, "pwd_update_required": true, "target": ["mon-mgr", ""]}]: dispatch
2024-05-27T07:18:09.704 INFO:journalctl@ceph.mon.a.smithi063.stdout:May 27 07:18:09 smithi063 ceph-mon[31613]: from='mgr.14152 172.21.15.63:0/3968546523' entity='mgr.x'
2024-05-27T07:18:09.704 INFO:journalctl@ceph.mon.a.smithi063.stdout:May 27 07:18:09 smithi063 ceph-mon[31613]: from='mgr.14152 172.21.15.63:0/3968546523' entity='mgr.x'
2024-05-27T07:18:10.706 INFO:journalctl@ceph.mon.a.smithi063.stdout:May 27 07:18:10 smithi063 ceph-mon[31613]: from='client.? 172.21.15.63:0/2297294080' entity='client.admin' cmd=[{"prefix": "config get", "who": "mgr", "key": "mgr/dashboard/ssl_server_port"}]: dispatch
2024-05-27T07:18:11.515 INFO:teuthology.orchestra.run.smithi063.stdout:/usr/bin/ceph: stdout 8443
2024-05-27T07:18:11.515 INFO:teuthology.orchestra.run.smithi063.stdout:/usr/bin/ceph: stderr
2024-05-27T07:18:09.848+0000 7f59f7400700 1 Processor -- start
2024-05-27T07:18:11.515 INFO:teuthology.orchestra.run.smithi063.stdout:/usr/bin/ceph: stderr
2024-05-27T07:18:09.848+0000 7f59f7400700 1 -- start start
2024-05-27T07:18:11.515 INFO:teuthology.orchestra.run.smithi063.stdout:/usr/bin/ceph: stderr
2024-05-27T07:18:09.848+0000 7f59f7400700 1 --2- >> [v2:172.21.15.63:3300/0,v1:172.21.15.63:6789/0] conn(0x7f59f01107e0 0x7f59f0112c40 unknown :-1 s=NONE pgs=0 cs=0 l=0 rev1=0 crypto rx=0 tx=0 comp rx=0 tx=0).connect
2024-05-27T07:18:11.517 INFO:teuthology.orchestra.run.smithi063.stdout:/usr/bin/ceph: stderr
2024-05-27T07:18:09.848+0000 7f59f7400700 1 -- --> [v2:172.21.15.63:3300/0,v1:172.21.15.63:6789/0] -- mon_getmap magic: 0 -- 0x7f59f0113250 con 0x7f59f01107e0
2024-05-27T07:18:11.517 INFO:teuthology.orchestra.run.smithi063.stdout:/usr/bin/ceph: stderr
2024-05-27T07:18:09.848+0000 7f59f4a00700 1 --2- >> [v2:172.21.15.63:3300/0,v1:172.21.15.63:6789/0] conn(0x7f59f01107e0 0x7f59f0112c40 unknown :-1 s=BANNER_CONNECTING pgs=0 cs=0 l=0 rev1=0 crypto rx=0 tx=0 comp rx=0 tx=0)._handle_peer_banner_payload supported=3 required=0
2024-05-27T07:18:11.517 INFO:teuthology.orchestra.run.smithi063.stdout:/usr/bin/ceph: stderr
2024-05-27T07:18:09.848+0000 7f59f4a00700 1 --2- >> [v2:172.21.15.63:3300/0,v1:172.21.15.63:6789/0] conn(0x7f59f01107e0 0x7f59f0112c40 unknown :-1 s=HELLO_CONNECTING pgs=0 cs=0 l=0 rev1=1 crypto rx=0 tx=0 comp rx=0 tx=0).handle_hello peer v2:172.21.15.63:3300/0 says I am v2:172.21.15.63:52174/0 (socket says 172.21.15.63:52174)
2024-05-27T07:18:11.517 INFO:teuthology.orchestra.run.smithi063.stdout:/usr/bin/ceph: stderr
2024-05-27T07:18:09.849+0000 7f59f4a00700 1 -- 172.21.15.63:0/1192577944 learned_addr learned my addr 172.21.15.63:0/1192577944 (peer_addr_for_me v2:172.21.15.63:0/0)
2024-05-27T07:18:11.517 INFO:teuthology.orchestra.run.smithi063.stdout:/usr/bin/ceph: stderr
2024-05-27T07:18:09.849+0000 7f59f4a00700 1 -- 172.21.15.63:0/1192577944 --> [v2:172.21.15.63:3300/0,v1:172.21.15.63:6789/0] -- mon_subscribe({config=0+,monmap=0+}) -- 0x7f59f01133d0 con 0x7f59f01107e0
2024-05-27T07:18:11.517 INFO:teuthology.orchestra.run.smithi063.stdout:/usr/bin/ceph: stderr
2024-05-27T07:18:09.849+0000 7f59f4a00700 1 --2- 172.21.15.63:0/1192577944 >> [v2:172.21.15.63:3300/0,v1:172.21.15.63:6789/0] conn(0x7f59f01107e0 0x7f59f0112c40 secure :-1 s=READY pgs=74 cs=0 l=1 rev1=1 crypto rx=0x7f59e40098a0 tx=0x7f59e4009bb0 comp rx=0 tx=0).ready entity=mon.0 client_cookie=9a810fabb455f5bf server_cookie=0 in_seq=0 out_seq=0
2024-05-27T07:18:11.517 INFO:teuthology.orchestra.run.smithi063.stdout:/usr/bin/ceph: stderr
2024-05-27T07:18:09.850+0000 7f59ef400700 1 -- 172.21.15.63:0/1192577944 <== mon.0 v2:172.21.15.63:3300/0 1 ==== mon_map magic: 0 ==== 205+0+0 (secure 0 0 0) 0x7f59e4004160 con 0x7f59f01107e0
2024-05-27T07:18:11.517 INFO:teuthology.orchestra.run.smithi063.stdout:/usr/bin/ceph: stderr
2024-05-27T07:18:09.850+0000 7f59ef400700 1 -- 172.21.15.63:0/1192577944 <== mon.0 v2:172.21.15.63:3300/0 2 ==== config(25 keys) ==== 1063+0+0 (secure 0 0 0) 0x7f59e4004300 con 0x7f59f01107e0
2024-05-27T07:18:11.518 INFO:teuthology.orchestra.run.smithi063.stdout:/usr/bin/ceph: stderr
2024-05-27T07:18:09.850+0000 7f59ef400700 1 -- 172.21.15.63:0/1192577944 <== mon.0 v2:172.21.15.63:3300/0 3 ==== mon_map magic: 0 ==== 205+0+0 (secure 0 0 0) 0x7f59e4011960 con 0x7f59f01107e0
2024-05-27T07:18:11.518 INFO:teuthology.orchestra.run.smithi063.stdout:/usr/bin/ceph: stderr
2024-05-27T07:18:09.850+0000 7f59f7400700 1 -- 172.21.15.63:0/1192577944 >> [v2:172.21.15.63:3300/0,v1:172.21.15.63:6789/0] conn(0x7f59f01107e0 msgr2=0x7f59f0112c40 secure :-1 s=STATE_CONNECTION_ESTABLISHED l=1).mark_down
2024-05-27T07:18:11.518 INFO:teuthology.orchestra.run.smithi063.stdout:/usr/bin/ceph: stderr
2024-05-27T07:18:09.850+0000 7f59f7400700 1 --2- 172.21.15.63:0/1192577944 >> [v2:172.21.15.63:3300/0,v1:172.21.15.63:6789/0] conn(0x7f59f01107e0 0x7f59f0112c40 secure :-1 s=READY pgs=74 cs=0 l=1 rev1=1 crypto rx=0x7f59e40098a0 tx=0x7f59e4009bb0 comp rx=0 tx=0).stop
2024-05-27T07:18:11.518 INFO:teuthology.orchestra.run.smithi063.stdout:/usr/bin/ceph: stderr
2024-05-27T07:18:09.851+0000 7f59f7400700 1 -- 172.21.15.63:0/1192577944 shutdown_connections
2024-05-27T07:18:11.518 INFO:teuthology.orchestra.run.smithi063.stdout:/usr/bin/ceph: stderr
2024-05-27T07:18:09.851+0000 7f59f7400700 1 --2- 172.21.15.63:0/1192577944 >> [v2:172.21.15.63:3300/0,v1:172.21.15.63:6789/0] conn(0x7f59f01107e0 0x7f59f0112c40 unknown :-1 s=CLOSED pgs=74 cs=0 l=1 rev1=1 crypto rx=0 tx=0 comp rx=0 tx=0).stop
2024-05-27T07:18:11.522 INFO:teuthology.orchestra.run.smithi063.stdout:/usr/bin/ceph: stderr
2024-05-27T07:18:09.851+0000 7f59f7400700 1 -- 172.21.15.63:0/1192577944 >> 172.21.15.63:0/1192577944 conn(0x7f59f007f0f0 msgr2=0x7f59f00815a0 unknown :-1 s=STATE_NONE l=0).mark_down
2024-05-27T07:18:11.522 INFO:teuthology.orchestra.run.smithi063.stdout:/usr/bin/ceph: stderr
2024-05-27T07:18:09.851+0000 7f59f7400700 1 -- 172.21.15.63:0/1192577944 shutdown_connections
2024-05-27T07:18:11.522 INFO:teuthology.orchestra.run.smithi063.stdout:/usr/bin/ceph: stderr
2024-05-27T07:18:09.851+0000 7f59f7400700 1 -- 172.21.15.63:0/1192577944 wait complete.
2024-05-27T07:18:11.522 INFO:teuthology.orchestra.run.smithi063.stdout:/usr/bin/ceph: stderr
2024-05-27T07:18:09.852+0000 7f59f7400700 1 Processor -- start
2024-05-27T07:18:11.522 INFO:teuthology.orchestra.run.smithi063.stdout:/usr/bin/ceph: stderr
2024-05-27T07:18:09.852+0000 7f59f7400700 1 -- start start
2024-05-27T07:18:11.522 INFO:teuthology.orchestra.run.smithi063.stdout:/usr/bin/ceph: stderr
2024-05-27T07:18:09.852+0000 7f59f7400700 1 --2- >> [v2:172.21.15.63:3300/0,v1:172.21.15.63:6789/0] conn(0x7f59f01107e0 0x7f59f01a4300 unknown :-1 s=NONE pgs=0 cs=0 l=1 rev1=0 crypto rx=0 tx=0 comp rx=0 tx=0).connect
2024-05-27T07:18:11.522 INFO:teuthology.orchestra.run.smithi063.stdout:/usr/bin/ceph: stderr
2024-05-27T07:18:09.852+0000 7f59f7400700 1 -- --> [v2:172.21.15.63:3300/0,v1:172.21.15.63:6789/0] -- mon_getmap magic: 0 -- 0x7f59f0114430 con 0x7f59f01107e0
2024-05-27T07:18:11.522 INFO:teuthology.orchestra.run.smithi063.stdout:/usr/bin/ceph: stderr
2024-05-27T07:18:09.853+0000 7f59f4a00700 1 --2- >> [v2:172.21.15.63:3300/0,v1:172.21.15.63:6789/0] conn(0x7f59f01107e0 0x7f59f01a4300 unknown :-1 s=BANNER_CONNECTING pgs=0 cs=0 l=1 rev1=0 crypto rx=0 tx=0 comp rx=0 tx=0)._handle_peer_banner_payload supported=3 required=0
2024-05-27T07:18:11.522 INFO:teuthology.orchestra.run.smithi063.stdout:/usr/bin/ceph: stderr
2024-05-27T07:18:09.853+0000 7f59f4a00700 1 --2- >> [v2:172.21.15.63:3300/0,v1:172.21.15.63:6789/0] conn(0x7f59f01107e0 0x7f59f01a4300 unknown :-1 s=HELLO_CONNECTING pgs=0 cs=0 l=1 rev1=1 crypto rx=0 tx=0 comp rx=0 tx=0).handle_hello peer v2:172.21.15.63:3300/0 says I am v2:172.21.15.63:52190/0 (socket says 172.21.15.63:52190)
2024-05-27T07:18:11.522 INFO:teuthology.orchestra.run.smithi063.stdout:/usr/bin/ceph: stderr
2024-05-27T07:18:09.853+0000 7f59f4a00700 1 -- 172.21.15.63:0/2297294080 learned_addr learned my addr 172.21.15.63:0/2297294080 (peer_addr_for_me v2:172.21.15.63:0/0)
2024-05-27T07:18:11.522 INFO:teuthology.orchestra.run.smithi063.stdout:/usr/bin/ceph: stderr
2024-05-27T07:18:09.853+0000 7f59f4a00700 1 -- 172.21.15.63:0/2297294080 --> [v2:172.21.15.63:3300/0,v1:172.21.15.63:6789/0] -- mon_subscribe({config=0+,monmap=0+}) -- 0x7f59f01a4840 con 0x7f59f01107e0
2024-05-27T07:18:11.523 INFO:teuthology.orchestra.run.smithi063.stdout:/usr/bin/ceph: stderr
2024-05-27T07:18:09.853+0000 7f59f4a00700 1 --2- 172.21.15.63:0/2297294080 >> [v2:172.21.15.63:3300/0,v1:172.21.15.63:6789/0] conn(0x7f59f01107e0 0x7f59f01a4300 secure :-1 s=READY pgs=75 cs=0 l=1 rev1=1 crypto rx=0x7f59e4011670 tx=0x7f59e4011a30 comp rx=0 tx=0).ready entity=mon.0 client_cookie=0 server_cookie=0 in_seq=0 out_seq=0
2024-05-27T07:18:11.523 INFO:teuthology.orchestra.run.smithi063.stdout:/usr/bin/ceph: stderr
2024-05-27T07:18:09.854+0000 7f59ed600700 1 -- 172.21.15.63:0/2297294080 <== mon.0 v2:172.21.15.63:3300/0 1 ==== mon_map magic: 0 ==== 205+0+0 (secure 0 0 0) 0x7f59e4003a60 con 0x7f59f01107e0
2024-05-27T07:18:11.523 INFO:teuthology.orchestra.run.smithi063.stdout:/usr/bin/ceph: stderr
2024-05-27T07:18:09.854+0000 7f59ed600700 1 -- 172.21.15.63:0/2297294080 <== mon.0 v2:172.21.15.63:3300/0 2 ==== config(25 keys) ==== 1063+0+0 (secure 0 0 0) 0x7f59e401b8d0 con 0x7f59f01107e0
2024-05-27T07:18:11.523 INFO:teuthology.orchestra.run.smithi063.stdout:/usr/bin/ceph: stderr
2024-05-27T07:18:09.854+0000 7f59ed600700 1 -- 172.21.15.63:0/2297294080 <== mon.0 v2:172.21.15.63:3300/0 3 ==== mon_map magic: 0 ==== 205+0+0 (secure 0 0 0) 0x7f59e4023790 con 0x7f59f01107e0
2024-05-27T07:18:11.523 INFO:teuthology.orchestra.run.smithi063.stdout:/usr/bin/ceph: stderr
2024-05-27T07:18:09.854+0000 7f59f7400700 1 -- 172.21.15.63:0/2297294080 --> [v2:172.21.15.63:3300/0,v1:172.21.15.63:6789/0] -- mon_subscribe({mgrmap=0+}) -- 0x7f59f01a4ad0 con 0x7f59f01107e0
2024-05-27T07:18:11.523 INFO:teuthology.orchestra.run.smithi063.stdout:/usr/bin/ceph: stderr
2024-05-27T07:18:09.854+0000 7f59f7400700 1 -- 172.21.15.63:0/2297294080 --> [v2:172.21.15.63:3300/0,v1:172.21.15.63:6789/0] -- mon_subscribe({osdmap=0}) -- 0x7f59f01a76e0 con 0x7f59f01107e0
2024-05-27T07:18:11.523 INFO:teuthology.orchestra.run.smithi063.stdout:/usr/bin/ceph: stderr
2024-05-27T07:18:09.855+0000 7f59f7400700 1 -- 172.21.15.63:0/2297294080 --> [v2:172.21.15.63:3300/0,v1:172.21.15.63:6789/0] -- mon_command({"prefix": "get_command_descriptions"} v 0) -- 0x7f59f0064e10 con 0x7f59f01107e0
2024-05-27T07:18:11.523 INFO:teuthology.orchestra.run.smithi063.stdout:/usr/bin/ceph: stderr
2024-05-27T07:18:09.855+0000 7f59ed600700 1 -- 172.21.15.63:0/2297294080 <== mon.0 v2:172.21.15.63:3300/0 4 ==== mgrmap(e 12) ==== 50235+0+0 (secure 0 0 0) 0x7f59e401b440 con 0x7f59f01107e0
2024-05-27T07:18:11.523 INFO:teuthology.orchestra.run.smithi063.stdout:/usr/bin/ceph: stderr
2024-05-27T07:18:09.856+0000 7f59ed600700 1 --2- 172.21.15.63:0/2297294080 >> [v2:172.21.15.63:6800/675305989,v1:172.21.15.63:6801/675305989] conn(0x7f59d803e5e0 0x7f59d8040af0 unknown :-1 s=NONE pgs=0 cs=0 l=1 rev1=0 crypto rx=0 tx=0 comp rx=0 tx=0).connect
2024-05-27T07:18:11.523 INFO:teuthology.orchestra.run.smithi063.stdout:/usr/bin/ceph: stderr
2024-05-27T07:18:09.856+0000 7f59ed600700 1 -- 172.21.15.63:0/2297294080 <== mon.0 v2:172.21.15.63:3300/0 5 ==== osd_map(3..3 src has 1..3) ==== 1155+0+0 (secure 0 0 0) 0x7f59e40541b0 con 0x7f59f01107e0
2024-05-27T07:18:11.523 INFO:teuthology.orchestra.run.smithi063.stdout:/usr/bin/ceph: stderr
2024-05-27T07:18:09.856+0000 7f59efe00700 1 --2- 172.21.15.63:0/2297294080 >> [v2:172.21.15.63:6800/675305989,v1:172.21.15.63:6801/675305989] conn(0x7f59d803e5e0 0x7f59d8040af0 unknown :-1 s=BANNER_CONNECTING pgs=0 cs=0 l=1 rev1=0 crypto rx=0 tx=0 comp rx=0 tx=0)._handle_peer_banner_payload supported=3 required=0
2024-05-27T07:18:11.523 INFO:teuthology.orchestra.run.smithi063.stdout:/usr/bin/ceph: stderr
2024-05-27T07:18:09.856+0000 7f59efe00700 1 --2- 172.21.15.63:0/2297294080 >> [v2:172.21.15.63:6800/675305989,v1:172.21.15.63:6801/675305989] conn(0x7f59d803e5e0 0x7f59d8040af0 secure :-1 s=READY pgs=9 cs=0 l=1 rev1=1 crypto rx=0x7f59dc006fd0 tx=0x7f59dc006e40 comp rx=0 tx=0).ready entity=mgr.14152 client_cookie=0 server_cookie=0 in_seq=0 out_seq=0
2024-05-27T07:18:11.524 INFO:teuthology.orchestra.run.smithi063.stdout:/usr/bin/ceph: stderr
2024-05-27T07:18:09.861+0000 7f59ed600700 1 -- 172.21.15.63:0/2297294080 <== mon.0 v2:172.21.15.63:3300/0 6 ==== mon_command_ack([{"prefix": "get_command_descriptions"}]=0 v0) ==== 72+0+191963 (secure 0 0 0) 0x7f59e401f030 con 0x7f59f01107e0
2024-05-27T07:18:11.524 INFO:teuthology.orchestra.run.smithi063.stdout:/usr/bin/ceph: stderr
2024-05-27T07:18:10.089+0000 7f59f7400700 1 -- 172.21.15.63:0/2297294080 --> [v2:172.21.15.63:3300/0,v1:172.21.15.63:6789/0] -- mon_command({"prefix": "config get", "who": "mgr", "key": "mgr/dashboard/ssl_server_port"} v 0) -- 0x7f59f01a78b0 con 0x7f59f01107e0
2024-05-27T07:18:11.524 INFO:teuthology.orchestra.run.smithi063.stdout:/usr/bin/ceph: stderr
2024-05-27T07:18:10.090+0000 7f59ed600700 1 -- 172.21.15.63:0/2297294080 <== mon.0 v2:172.21.15.63:3300/0 7 ==== mon_command_ack([{"prefix": "config get", "who": "mgr", "key": "mgr/dashboard/ssl_server_port"}]=0 v8) ==== 112+0+5 (secure 0 0 0) 0x7f59e4016260 con 0x7f59f01107e0
2024-05-27T07:18:11.524 INFO:teuthology.orchestra.run.smithi063.stdout:/usr/bin/ceph: stderr
2024-05-27T07:18:10.093+0000 7f59f7400700 1 -- 172.21.15.63:0/2297294080 >> [v2:172.21.15.63:6800/675305989,v1:172.21.15.63:6801/675305989] conn(0x7f59d803e5e0 msgr2=0x7f59d8040af0 secure :-1 s=STATE_CONNECTION_ESTABLISHED l=1).mark_down
2024-05-27T07:18:11.524 INFO:teuthology.orchestra.run.smithi063.stdout:/usr/bin/ceph: stderr
2024-05-27T07:18:10.093+0000 7f59f7400700 1 --2- 172.21.15.63:0/2297294080 >> [v2:172.21.15.63:6800/675305989,v1:172.21.15.63:6801/675305989] conn(0x7f59d803e5e0 0x7f59d8040af0 secure :-1 s=READY pgs=9 cs=0 l=1 rev1=1 crypto rx=0x7f59dc006fd0 tx=0x7f59dc006e40 comp rx=0 tx=0).stop
2024-05-27T07:18:11.524 INFO:teuthology.orchestra.run.smithi063.stdout:/usr/bin/ceph: stderr
2024-05-27T07:18:10.094+0000 7f59f7400700 1 -- 172.21.15.63:0/2297294080 >> [v2:172.21.15.63:3300/0,v1:172.21.15.63:6789/0] conn(0x7f59f01107e0 msgr2=0x7f59f01a4300 secure :-1 s=STATE_CONNECTION_ESTABLISHED l=1).mark_down
2024-05-27T07:18:11.524 INFO:teuthology.orchestra.run.smithi063.stdout:/usr/bin/ceph: stderr
2024-05-27T07:18:10.094+0000 7f59f7400700 1 --2- 172.21.15.63:0/2297294080 >> [v2:172.21.15.63:3300/0,v1:172.21.15.63:6789/0] conn(0x7f59f01107e0 0x7f59f01a4300 secure :-1 s=READY pgs=75 cs=0 l=1 rev1=1 crypto rx=0x7f59e4011670 tx=0x7f59e4011a30 comp rx=0 tx=0).stop
2024-05-27T07:18:11.524 INFO:teuthology.orchestra.run.smithi063.stdout:/usr/bin/ceph: stderr
2024-05-27T07:18:10.094+0000 7f59f7400700 1 -- 172.21.15.63:0/2297294080 shutdown_connections
2024-05-27T07:18:11.524 INFO:teuthology.orchestra.run.smithi063.stdout:/usr/bin/ceph: stderr
2024-05-27T07:18:10.094+0000 7f59f7400700 1 --2- 172.21.15.63:0/2297294080 >> [v2:172.21.15.63:6800/675305989,v1:172.21.15.63:6801/675305989] conn(0x7f59d803e5e0 0x7f59d8040af0 unknown :-1 s=CLOSED pgs=9 cs=0 l=1 rev1=1 crypto rx=0 tx=0 comp rx=0 tx=0).stop
2024-05-27T07:18:11.524 INFO:teuthology.orchestra.run.smithi063.stdout:/usr/bin/ceph: stderr
2024-05-27T07:18:10.094+0000 7f59f7400700 1 --2- 172.21.15.63:0/2297294080 >> [v2:172.21.15.63:3300/0,v1:172.21.15.63:6789/0] conn(0x7f59f01107e0 0x7f59f01a4300 unknown :-1 s=CLOSED pgs=75 cs=0 l=1 rev1=1 crypto rx=0 tx=0 comp rx=0 tx=0).stop
2024-05-27T07:18:11.524 INFO:teuthology.orchestra.run.smithi063.stdout:/usr/bin/ceph: stderr
2024-05-27T07:18:10.094+0000 7f59f7400700 1 -- 172.21.15.63:0/2297294080 >> 172.21.15.63:0/2297294080 conn(0x7f59f007f0f0 msgr2=0x7f59f007f950 unknown :-1 s=STATE_NONE l=0).mark_down
2024-05-27T07:18:11.524 INFO:teuthology.orchestra.run.smithi063.stdout:/usr/bin/ceph: stderr
2024-05-27T07:18:10.094+0000 7f59f7400700 1 -- 172.21.15.63:0/2297294080 shutdown_connections
2024-05-27T07:18:11.525 INFO:teuthology.orchestra.run.smithi063.stdout:/usr/bin/ceph: stderr
2024-05-27T07:18:10.094+0000 7f59f7400700 1 -- 172.21.15.63:0/2297294080 wait complete.
2024-05-27T07:18:11.549 INFO:teuthology.orchestra.run.smithi063.stdout:Non-zero exit code 1 from systemctl is-enabled firewalld.service
2024-05-27T07:18:11.549 INFO:teuthology.orchestra.run.smithi063.stdout:systemctl: stdout disabled
2024-05-27T07:18:11.572 INFO:teuthology.orchestra.run.smithi063.stdout:Non-zero exit code 3 from systemctl is-active firewalld.service
2024-05-27T07:18:11.572 INFO:teuthology.orchestra.run.smithi063.stdout:systemctl: stdout inactive
2024-05-27T07:18:11.573 INFO:teuthology.orchestra.run.smithi063.stdout:firewalld.service is not enabled
2024-05-27T07:18:11.573 INFO:teuthology.orchestra.run.smithi063.stdout:Not possible to open ports <[8443]>. firewalld.service is not available
2024-05-27T07:18:11.581 INFO:teuthology.orchestra.run.smithi063.stdout:Ceph Dashboard is now available at:
2024-05-27T07:18:11.581 INFO:teuthology.orchestra.run.smithi063.stdout:
2024-05-27T07:18:11.581 INFO:teuthology.orchestra.run.smithi063.stdout: URL: https://smithi063.front.sepia.ceph.com:8443/
2024-05-27T07:18:11.581 INFO:teuthology.orchestra.run.smithi063.stdout: User: admin
2024-05-27T07:18:11.582 INFO:teuthology.orchestra.run.smithi063.stdout: Password: fnzryn7mt0
2024-05-27T07:18:11.582 INFO:teuthology.orchestra.run.smithi063.stdout:
2024-05-27T07:18:11.582 INFO:teuthology.orchestra.run.smithi063.stdout:Saving cluster configuration to /var/lib/ceph/e24014b4-1bf8-11ef-bc9b-c7b262605968/config directory
2024-05-27T07:18:11.584 INFO:teuthology.orchestra.run.smithi063.stdout:Enabling autotune for osd_memory_target
2024-05-27T07:18:11.705 INFO:journalctl@ceph.mon.a.smithi063.stdout:May 27 07:18:11 smithi063 ceph-mon[31613]: mgrmap e13: x(active, since 6s)
2024-05-27T07:18:13.238 INFO:teuthology.orchestra.run.smithi063.stdout:/usr/bin/ceph: stderr
2024-05-27T07:18:12.294+0000 7ff2ea600700 1 Processor -- start
2024-05-27T07:18:13.238 INFO:teuthology.orchestra.run.smithi063.stdout:/usr/bin/ceph: stderr
2024-05-27T07:18:12.295+0000 7ff2ea600700 1 -- start start
2024-05-27T07:18:13.238 INFO:teuthology.orchestra.run.smithi063.stdout:/usr/bin/ceph: stderr
2024-05-27T07:18:12.295+0000 7ff2ea600700 1 --2- >> [v2:172.21.15.63:3300/0,v1:172.21.15.63:6789/0] conn(0x7ff2e407ee60 0x7ff2e407d290 unknown :-1 s=NONE pgs=0 cs=0 l=0 rev1=0 crypto rx=0 tx=0 comp rx=0 tx=0).connect
2024-05-27T07:18:13.238 INFO:teuthology.orchestra.run.smithi063.stdout:/usr/bin/ceph: stderr
2024-05-27T07:18:12.295+0000 7ff2ea600700 1 -- --> [v2:172.21.15.63:3300/0,v1:172.21.15.63:6789/0] -- mon_getmap magic: 0 -- 0x7ff2e407d860 con 0x7ff2e407ee60
2024-05-27T07:18:13.238 INFO:teuthology.orchestra.run.smithi063.stdout:/usr/bin/ceph: stderr
2024-05-27T07:18:12.296+0000 7ff2e9200700 1 --2- >> [v2:172.21.15.63:3300/0,v1:172.21.15.63:6789/0] conn(0x7ff2e407ee60 0x7ff2e407d290 unknown :-1 s=BANNER_CONNECTING pgs=0 cs=0 l=0 rev1=0 crypto rx=0 tx=0 comp rx=0 tx=0)._handle_peer_banner_payload supported=3 required=0
2024-05-27T07:18:13.238 INFO:teuthology.orchestra.run.smithi063.stdout:/usr/bin/ceph: stderr
2024-05-27T07:18:12.296+0000 7ff2e9200700 1 --2- >> [v2:172.21.15.63:3300/0,v1:172.21.15.63:6789/0] conn(0x7ff2e407ee60 0x7ff2e407d290 unknown :-1 s=HELLO_CONNECTING pgs=0 cs=0 l=0 rev1=1 crypto rx=0 tx=0 comp rx=0 tx=0).handle_hello peer v2:172.21.15.63:3300/0 says I am v2:172.21.15.63:52196/0 (socket says 172.21.15.63:52196)
2024-05-27T07:18:13.238 INFO:teuthology.orchestra.run.smithi063.stdout:/usr/bin/ceph: stderr
2024-05-27T07:18:12.296+0000 7ff2e9200700 1 -- 172.21.15.63:0/37465919 learned_addr learned my addr 172.21.15.63:0/37465919 (peer_addr_for_me v2:172.21.15.63:0/0)
2024-05-27T07:18:13.238 INFO:teuthology.orchestra.run.smithi063.stdout:/usr/bin/ceph: stderr
