2024-05-27T07:30:10.801+0000 7fe003a00700 1 -- 172.21.15.90:0/2725908605 >> 172.21.15.90:0/2725908605 conn(0x7fdffc105070 msgr2=0x7fdffc105940 unknown :-1 s=STATE_NONE l=0).mark_down
2024-05-27T07:30:11.462 INFO:teuthology.orchestra.run.smithi090.stdout:/usr/bin/ceph: stderr
2024-05-27T07:30:10.801+0000 7fe003a00700 1 -- 172.21.15.90:0/2725908605 shutdown_connections
2024-05-27T07:30:11.463 INFO:teuthology.orchestra.run.smithi090.stdout:/usr/bin/ceph: stderr
2024-05-27T07:30:10.801+0000 7fe003a00700 1 -- 172.21.15.90:0/2725908605 wait complete.
2024-05-27T07:30:11.463 INFO:teuthology.orchestra.run.smithi090.stdout:mgr is available
2024-05-27T07:30:11.704 INFO:journalctl@ceph.mon.a.smithi090.stdout:May 27 07:30:11 smithi090 ceph-mon[31429]: mgrmap e4: x(active, since 2s)
2024-05-27T07:30:11.704 INFO:journalctl@ceph.mon.a.smithi090.stdout:May 27 07:30:11 smithi090 ceph-mon[31429]: from='client.? 172.21.15.90:0/2725908605' entity='client.admin' cmd=[{"prefix": "status", "format": "json-pretty"}]: dispatch
2024-05-27T07:30:12.704 INFO:journalctl@ceph.mon.a.smithi090.stdout:May 27 07:30:12 smithi090 ceph-mon[31429]: from='client.? 172.21.15.90:0/66829865' entity='client.admin' cmd=[{"prefix": "config assimilate-conf"}]: dispatch
2024-05-27T07:30:13.086 INFO:teuthology.orchestra.run.smithi090.stdout:/usr/bin/ceph: stdout
2024-05-27T07:30:13.086 INFO:teuthology.orchestra.run.smithi090.stdout:/usr/bin/ceph: stdout [global]
2024-05-27T07:30:13.086 INFO:teuthology.orchestra.run.smithi090.stdout:/usr/bin/ceph: stdout fsid = b0214938-1bfa-11ef-bc9b-c7b262605968
2024-05-27T07:30:13.087 INFO:teuthology.orchestra.run.smithi090.stdout:/usr/bin/ceph: stdout mon_cluster_log_file_level = debug
2024-05-27T07:30:13.087 INFO:teuthology.orchestra.run.smithi090.stdout:/usr/bin/ceph: stdout mon_osd_allow_pg_remap = true
2024-05-27T07:30:13.087 INFO:teuthology.orchestra.run.smithi090.stdout:/usr/bin/ceph: stdout mon_osd_allow_primary_affinity = true
2024-05-27T07:30:13.087 INFO:teuthology.orchestra.run.smithi090.stdout:/usr/bin/ceph: stdout mon_warn_on_no_sortbitwise = false
2024-05-27T07:30:13.087 INFO:teuthology.orchestra.run.smithi090.stdout:/usr/bin/ceph: stdout osd_crush_chooseleaf_type = 0
2024-05-27T07:30:13.089 INFO:teuthology.orchestra.run.smithi090.stdout:/usr/bin/ceph: stdout
2024-05-27T07:30:13.089 INFO:teuthology.orchestra.run.smithi090.stdout:/usr/bin/ceph: stdout [mgr]
2024-05-27T07:30:13.089 INFO:teuthology.orchestra.run.smithi090.stdout:/usr/bin/ceph: stdout mgr/telemetry/nag = false
2024-05-27T07:30:13.089 INFO:teuthology.orchestra.run.smithi090.stdout:/usr/bin/ceph: stdout
2024-05-27T07:30:13.089 INFO:teuthology.orchestra.run.smithi090.stdout:/usr/bin/ceph: stdout [osd]
2024-05-27T07:30:13.089 INFO:teuthology.orchestra.run.smithi090.stdout:/usr/bin/ceph: stdout mon_osd_backfillfull_ratio = 0.85
2024-05-27T07:30:13.089 INFO:teuthology.orchestra.run.smithi090.stdout:/usr/bin/ceph: stdout mon_osd_full_ratio = 0.9
2024-05-27T07:30:13.089 INFO:teuthology.orchestra.run.smithi090.stdout:/usr/bin/ceph: stdout mon_osd_nearfull_ratio = 0.8
2024-05-27T07:30:13.089 INFO:teuthology.orchestra.run.smithi090.stdout:/usr/bin/ceph: stdout osd_map_max_advance = 10
2024-05-27T07:30:13.089 INFO:teuthology.orchestra.run.smithi090.stdout:/usr/bin/ceph: stdout osd_sloppy_crc = true
2024-05-27T07:30:13.092 INFO:teuthology.orchestra.run.smithi090.stdout:/usr/bin/ceph: stderr
2024-05-27T07:30:12.151+0000 7f260ec00700 1 Processor -- start
2024-05-27T07:30:13.092 INFO:teuthology.orchestra.run.smithi090.stdout:/usr/bin/ceph: stderr
2024-05-27T07:30:12.151+0000 7f260ec00700 1 -- start start
2024-05-27T07:30:13.092 INFO:teuthology.orchestra.run.smithi090.stdout:/usr/bin/ceph: stderr
2024-05-27T07:30:12.152+0000 7f260ec00700 1 --2- >> [v2:172.21.15.90:3300/0,v1:172.21.15.90:6789/0] conn(0x7f260810ba90 0x7f260810bea0 unknown :-1 s=NONE pgs=0 cs=0 l=0 rev1=0 crypto rx=0 tx=0 comp rx=0 tx=0).connect
2024-05-27T07:30:13.092 INFO:teuthology.orchestra.run.smithi090.stdout:/usr/bin/ceph: stderr
2024-05-27T07:30:12.152+0000 7f260ec00700 1 -- --> [v2:172.21.15.90:3300/0,v1:172.21.15.90:6789/0] -- mon_getmap magic: 0 -- 0x7f260810c490 con 0x7f260810ba90
2024-05-27T07:30:13.092 INFO:teuthology.orchestra.run.smithi090.stdout:/usr/bin/ceph: stderr
2024-05-27T07:30:12.152+0000 7f260d800700 1 --2- >> [v2:172.21.15.90:3300/0,v1:172.21.15.90:6789/0] conn(0x7f260810ba90 0x7f260810bea0 unknown :-1 s=BANNER_CONNECTING pgs=0 cs=0 l=0 rev1=0 crypto rx=0 tx=0 comp rx=0 tx=0)._handle_peer_banner_payload supported=3 required=0
2024-05-27T07:30:13.092 INFO:teuthology.orchestra.run.smithi090.stdout:/usr/bin/ceph: stderr
2024-05-27T07:30:12.152+0000 7f260d800700 1 --2- >> [v2:172.21.15.90:3300/0,v1:172.21.15.90:6789/0] conn(0x7f260810ba90 0x7f260810bea0 unknown :-1 s=HELLO_CONNECTING pgs=0 cs=0 l=0 rev1=1 crypto rx=0 tx=0 comp rx=0 tx=0).handle_hello peer v2:172.21.15.90:3300/0 says I am v2:172.21.15.90:38882/0 (socket says 172.21.15.90:38882)
2024-05-27T07:30:13.092 INFO:teuthology.orchestra.run.smithi090.stdout:/usr/bin/ceph: stderr
2024-05-27T07:30:12.152+0000 7f260d800700 1 -- 172.21.15.90:0/3150896827 learned_addr learned my addr 172.21.15.90:0/3150896827 (peer_addr_for_me v2:172.21.15.90:0/0)
2024-05-27T07:30:13.092 INFO:teuthology.orchestra.run.smithi090.stdout:/usr/bin/ceph: stderr
2024-05-27T07:30:12.153+0000 7f260d800700 1 -- 172.21.15.90:0/3150896827 --> [v2:172.21.15.90:3300/0,v1:172.21.15.90:6789/0] -- mon_subscribe({config=0+,monmap=0+}) -- 0x7f260810cc60 con 0x7f260810ba90
2024-05-27T07:30:13.092 INFO:teuthology.orchestra.run.smithi090.stdout:/usr/bin/ceph: stderr
2024-05-27T07:30:12.153+0000 7f260d800700 1 --2- 172.21.15.90:0/3150896827 >> [v2:172.21.15.90:3300/0,v1:172.21.15.90:6789/0] conn(0x7f260810ba90 0x7f260810bea0 secure :-1 s=READY pgs=20 cs=0 l=1 rev1=1 crypto rx=0x7f25fc0098a0 tx=0x7f25fc009bb0 comp rx=0 tx=0).ready entity=mon.0 client_cookie=90ee526cd913fab7 server_cookie=0 in_seq=0 out_seq=0
2024-05-27T07:30:13.093 INFO:teuthology.orchestra.run.smithi090.stdout:/usr/bin/ceph: stderr
2024-05-27T07:30:12.154+0000 7f2607e00700 1 -- 172.21.15.90:0/3150896827 <== mon.0 v2:172.21.15.90:3300/0 1 ==== mon_map magic: 0 ==== 205+0+0 (secure 0 0 0) 0x7f25fc004160 con 0x7f260810ba90
2024-05-27T07:30:13.093 INFO:teuthology.orchestra.run.smithi090.stdout:/usr/bin/ceph: stderr
2024-05-27T07:30:12.154+0000 7f2607e00700 1 -- 172.21.15.90:0/3150896827 <== mon.0 v2:172.21.15.90:3300/0 2 ==== config(25 keys) ==== 1032+0+0 (secure 0 0 0) 0x7f25fc004300 con 0x7f260810ba90
2024-05-27T07:30:13.093 INFO:teuthology.orchestra.run.smithi090.stdout:/usr/bin/ceph: stderr
2024-05-27T07:30:12.154+0000 7f2607e00700 1 -- 172.21.15.90:0/3150896827 <== mon.0 v2:172.21.15.90:3300/0 3 ==== mon_map magic: 0 ==== 205+0+0 (secure 0 0 0) 0x7f25fc0119e0 con 0x7f260810ba90
2024-05-27T07:30:13.093 INFO:teuthology.orchestra.run.smithi090.stdout:/usr/bin/ceph: stderr
2024-05-27T07:30:12.154+0000 7f260ec00700 1 -- 172.21.15.90:0/3150896827 >> [v2:172.21.15.90:3300/0,v1:172.21.15.90:6789/0] conn(0x7f260810ba90 msgr2=0x7f260810bea0 secure :-1 s=STATE_CONNECTION_ESTABLISHED l=1).mark_down
2024-05-27T07:30:13.093 INFO:teuthology.orchestra.run.smithi090.stdout:/usr/bin/ceph: stderr
2024-05-27T07:30:12.154+0000 7f260ec00700 1 --2- 172.21.15.90:0/3150896827 >> [v2:172.21.15.90:3300/0,v1:172.21.15.90:6789/0] conn(0x7f260810ba90 0x7f260810bea0 secure :-1 s=READY pgs=20 cs=0 l=1 rev1=1 crypto rx=0x7f25fc0098a0 tx=0x7f25fc009bb0 comp rx=0 tx=0).stop
2024-05-27T07:30:13.093 INFO:teuthology.orchestra.run.smithi090.stdout:/usr/bin/ceph: stderr
2024-05-27T07:30:12.155+0000 7f260ec00700 1 -- 172.21.15.90:0/3150896827 shutdown_connections
2024-05-27T07:30:13.093 INFO:teuthology.orchestra.run.smithi090.stdout:/usr/bin/ceph: stderr
2024-05-27T07:30:12.155+0000 7f260ec00700 1 --2- 172.21.15.90:0/3150896827 >> [v2:172.21.15.90:3300/0,v1:172.21.15.90:6789/0] conn(0x7f260810ba90 0x7f260810bea0 unknown :-1 s=CLOSED pgs=20 cs=0 l=1 rev1=1 crypto rx=0 tx=0 comp rx=0 tx=0).stop
2024-05-27T07:30:13.093 INFO:teuthology.orchestra.run.smithi090.stdout:/usr/bin/ceph: stderr
2024-05-27T07:30:12.155+0000 7f260ec00700 1 -- 172.21.15.90:0/3150896827 >> 172.21.15.90:0/3150896827 conn(0x7f26081074c0 msgr2=0x7f26081098e0 unknown :-1 s=STATE_NONE l=0).mark_down
2024-05-27T07:30:13.093 INFO:teuthology.orchestra.run.smithi090.stdout:/usr/bin/ceph: stderr
2024-05-27T07:30:12.155+0000 7f260ec00700 1 -- 172.21.15.90:0/3150896827 shutdown_connections
2024-05-27T07:30:13.093 INFO:teuthology.orchestra.run.smithi090.stdout:/usr/bin/ceph: stderr
2024-05-27T07:30:12.155+0000 7f260ec00700 1 -- 172.21.15.90:0/3150896827 wait complete.
2024-05-27T07:30:13.093 INFO:teuthology.orchestra.run.smithi090.stdout:/usr/bin/ceph: stderr
2024-05-27T07:30:12.156+0000 7f260ec00700 1 Processor -- start
2024-05-27T07:30:13.093 INFO:teuthology.orchestra.run.smithi090.stdout:/usr/bin/ceph: stderr
2024-05-27T07:30:12.156+0000 7f260ec00700 1 -- start start
2024-05-27T07:30:13.093 INFO:teuthology.orchestra.run.smithi090.stdout:/usr/bin/ceph: stderr
2024-05-27T07:30:12.157+0000 7f260ec00700 1 --2- >> [v2:172.21.15.90:3300/0,v1:172.21.15.90:6789/0] conn(0x7f260810ba90 0x7f260819fe30 unknown :-1 s=NONE pgs=0 cs=0 l=1 rev1=0 crypto rx=0 tx=0 comp rx=0 tx=0).connect
2024-05-27T07:30:13.093 INFO:teuthology.orchestra.run.smithi090.stdout:/usr/bin/ceph: stderr
2024-05-27T07:30:12.157+0000 7f260ec00700 1 -- --> [v2:172.21.15.90:3300/0,v1:172.21.15.90:6789/0] -- mon_getmap magic: 0 -- 0x7f2608110010 con 0x7f260810ba90
2024-05-27T07:30:13.097 INFO:teuthology.orchestra.run.smithi090.stdout:/usr/bin/ceph: stderr
2024-05-27T07:30:12.157+0000 7f260d800700 1 --2- >> [v2:172.21.15.90:3300/0,v1:172.21.15.90:6789/0] conn(0x7f260810ba90 0x7f260819fe30 unknown :-1 s=BANNER_CONNECTING pgs=0 cs=0 l=1 rev1=0 crypto rx=0 tx=0 comp rx=0 tx=0)._handle_peer_banner_payload supported=3 required=0
2024-05-27T07:30:13.097 INFO:teuthology.orchestra.run.smithi090.stdout:/usr/bin/ceph: stderr
2024-05-27T07:30:12.157+0000 7f260d800700 1 --2- >> [v2:172.21.15.90:3300/0,v1:172.21.15.90:6789/0] conn(0x7f260810ba90 0x7f260819fe30 unknown :-1 s=HELLO_CONNECTING pgs=0 cs=0 l=1 rev1=1 crypto rx=0 tx=0 comp rx=0 tx=0).handle_hello peer v2:172.21.15.90:3300/0 says I am v2:172.21.15.90:38884/0 (socket says 172.21.15.90:38884)
2024-05-27T07:30:13.097 INFO:teuthology.orchestra.run.smithi090.stdout:/usr/bin/ceph: stderr
2024-05-27T07:30:12.157+0000 7f260d800700 1 -- 172.21.15.90:0/66829865 learned_addr learned my addr 172.21.15.90:0/66829865 (peer_addr_for_me v2:172.21.15.90:0/0)
2024-05-27T07:30:13.097 INFO:teuthology.orchestra.run.smithi090.stdout:/usr/bin/ceph: stderr
2024-05-27T07:30:12.157+0000 7f260d800700 1 -- 172.21.15.90:0/66829865 --> [v2:172.21.15.90:3300/0,v1:172.21.15.90:6789/0] -- mon_subscribe({config=0+,monmap=0+}) -- 0x7f26081a0370 con 0x7f260810ba90
2024-05-27T07:30:13.097 INFO:teuthology.orchestra.run.smithi090.stdout:/usr/bin/ceph: stderr
2024-05-27T07:30:12.158+0000 7f260d800700 1 --2- 172.21.15.90:0/66829865 >> [v2:172.21.15.90:3300/0,v1:172.21.15.90:6789/0] conn(0x7f260810ba90 0x7f260819fe30 secure :-1 s=READY pgs=21 cs=0 l=1 rev1=1 crypto rx=0x7f25fc009fb0 tx=0x7f25fc011a60 comp rx=0 tx=0).ready entity=mon.0 client_cookie=0 server_cookie=0 in_seq=0 out_seq=0
2024-05-27T07:30:13.097 INFO:teuthology.orchestra.run.smithi090.stdout:/usr/bin/ceph: stderr
2024-05-27T07:30:12.158+0000 7f2606000700 1 -- 172.21.15.90:0/66829865 <== mon.0 v2:172.21.15.90:3300/0 1 ==== mon_map magic: 0 ==== 205+0+0 (secure 0 0 0) 0x7f25fc0038b0 con 0x7f260810ba90
2024-05-27T07:30:13.097 INFO:teuthology.orchestra.run.smithi090.stdout:/usr/bin/ceph: stderr
2024-05-27T07:30:12.158+0000 7f2606000700 1 -- 172.21.15.90:0/66829865 <== mon.0 v2:172.21.15.90:3300/0 2 ==== config(25 keys) ==== 1032+0+0 (secure 0 0 0) 0x7f25fc003a50 con 0x7f260810ba90
2024-05-27T07:30:13.097 INFO:teuthology.orchestra.run.smithi090.stdout:/usr/bin/ceph: stderr
2024-05-27T07:30:12.158+0000 7f2606000700 1 -- 172.21.15.90:0/66829865 <== mon.0 v2:172.21.15.90:3300/0 3 ==== mon_map magic: 0 ==== 205+0+0 (secure 0 0 0) 0x7f25fc019550 con 0x7f260810ba90
2024-05-27T07:30:13.097 INFO:teuthology.orchestra.run.smithi090.stdout:/usr/bin/ceph: stderr
2024-05-27T07:30:12.158+0000 7f260ec00700 1 -- 172.21.15.90:0/66829865 --> [v2:172.21.15.90:3300/0,v1:172.21.15.90:6789/0] -- mon_subscribe({mgrmap=0+}) -- 0x7f26081a0600 con 0x7f260810ba90
2024-05-27T07:30:13.097 INFO:teuthology.orchestra.run.smithi090.stdout:/usr/bin/ceph: stderr
2024-05-27T07:30:12.158+0000 7f260ec00700 1 -- 172.21.15.90:0/66829865 --> [v2:172.21.15.90:3300/0,v1:172.21.15.90:6789/0] -- mon_subscribe({osdmap=0}) -- 0x7f26081a3210 con 0x7f260810ba90
2024-05-27T07:30:13.097 INFO:teuthology.orchestra.run.smithi090.stdout:/usr/bin/ceph: stderr
2024-05-27T07:30:12.159+0000 7f260ec00700 1 -- 172.21.15.90:0/66829865 --> [v2:172.21.15.90:3300/0,v1:172.21.15.90:6789/0] -- mon_command({"prefix": "get_command_descriptions"} v 0) -- 0x7f2608064e10 con 0x7f260810ba90
2024-05-27T07:30:13.098 INFO:teuthology.orchestra.run.smithi090.stdout:/usr/bin/ceph: stderr
2024-05-27T07:30:12.159+0000 7f2606000700 1 -- 172.21.15.90:0/66829865 <== mon.0 v2:172.21.15.90:3300/0 4 ==== mgrmap(e 4) ==== 50211+0+0 (secure 0 0 0) 0x7f25fc01a430 con 0x7f260810ba90
2024-05-27T07:30:13.098 INFO:teuthology.orchestra.run.smithi090.stdout:/usr/bin/ceph: stderr
2024-05-27T07:30:12.160+0000 7f2606000700 1 --2- 172.21.15.90:0/66829865 >> [v2:172.21.15.90:6800/410158065,v1:172.21.15.90:6801/410158065] conn(0x7f25f003e420 0x7f25f0040930 unknown :-1 s=NONE pgs=0 cs=0 l=1 rev1=0 crypto rx=0 tx=0 comp rx=0 tx=0).connect
2024-05-27T07:30:13.098 INFO:teuthology.orchestra.run.smithi090.stdout:/usr/bin/ceph: stderr
2024-05-27T07:30:12.160+0000 7f2606000700 1 -- 172.21.15.90:0/66829865 <== mon.0 v2:172.21.15.90:3300/0 5 ==== osd_map(1..1 src has 1..1) ==== 725+0+0 (secure 0 0 0) 0x7f25fc053aa0 con 0x7f260810ba90
2024-05-27T07:30:13.098 INFO:teuthology.orchestra.run.smithi090.stdout:/usr/bin/ceph: stderr
2024-05-27T07:30:12.160+0000 7f260ce00700 1 --2- 172.21.15.90:0/66829865 >> [v2:172.21.15.90:6800/410158065,v1:172.21.15.90:6801/410158065] conn(0x7f25f003e420 0x7f25f0040930 unknown :-1 s=BANNER_CONNECTING pgs=0 cs=0 l=1 rev1=0 crypto rx=0 tx=0 comp rx=0 tx=0)._handle_peer_banner_payload supported=3 required=0
2024-05-27T07:30:13.098 INFO:teuthology.orchestra.run.smithi090.stdout:/usr/bin/ceph: stderr
2024-05-27T07:30:12.161+0000 7f260ce00700 1 --2- 172.21.15.90:0/66829865 >> [v2:172.21.15.90:6800/410158065,v1:172.21.15.90:6801/410158065] conn(0x7f25f003e420 0x7f25f0040930 secure :-1 s=READY pgs=7 cs=0 l=1 rev1=1 crypto rx=0x7f25f4006fd0 tx=0x7f25f4006e40 comp rx=0 tx=0).ready entity=mgr.14100 client_cookie=0 server_cookie=0 in_seq=0 out_seq=0
2024-05-27T07:30:13.098 INFO:teuthology.orchestra.run.smithi090.stdout:/usr/bin/ceph: stderr
2024-05-27T07:30:12.166+0000 7f2606000700 1 -- 172.21.15.90:0/66829865 <== mon.0 v2:172.21.15.90:3300/0 6 ==== mon_command_ack([{"prefix": "get_command_descriptions"}]=0 v0) ==== 72+0+191963 (secure 0 0 0) 0x7f25fc0534c0 con 0x7f260810ba90
2024-05-27T07:30:13.098 INFO:teuthology.orchestra.run.smithi090.stdout:/usr/bin/ceph: stderr
2024-05-27T07:30:12.393+0000 7f260ec00700 1 -- 172.21.15.90:0/66829865 --> [v2:172.21.15.90:3300/0,v1:172.21.15.90:6789/0] -- mon_command({"prefix": "config assimilate-conf"} v 0) -- 0x7f26081a4a10 con 0x7f260810ba90
2024-05-27T07:30:13.098 INFO:teuthology.orchestra.run.smithi090.stdout:/usr/bin/ceph: stderr
2024-05-27T07:30:12.396+0000 7f2606000700 1 -- 172.21.15.90:0/66829865 <== mon.0 v2:172.21.15.90:3300/0 7 ==== mon_command_ack([{"prefix": "config assimilate-conf"}]=0 v3) ==== 70+0+409 (secure 0 0 0) 0x7f25fc0196f0 con 0x7f260810ba90
2024-05-27T07:30:13.098 INFO:teuthology.orchestra.run.smithi090.stdout:/usr/bin/ceph: stderr
2024-05-27T07:30:12.398+0000 7f260ec00700 1 -- 172.21.15.90:0/66829865 >> [v2:172.21.15.90:6800/410158065,v1:172.21.15.90:6801/410158065] conn(0x7f25f003e420 msgr2=0x7f25f0040930 secure :-1 s=STATE_CONNECTION_ESTABLISHED l=1).mark_down
2024-05-27T07:30:13.098 INFO:teuthology.orchestra.run.smithi090.stdout:/usr/bin/ceph: stderr
2024-05-27T07:30:12.398+0000 7f260ec00700 1 --2- 172.21.15.90:0/66829865 >> [v2:172.21.15.90:6800/410158065,v1:172.21.15.90:6801/410158065] conn(0x7f25f003e420 0x7f25f0040930 secure :-1 s=READY pgs=7 cs=0 l=1 rev1=1 crypto rx=0x7f25f4006fd0 tx=0x7f25f4006e40 comp rx=0 tx=0).stop
2024-05-27T07:30:13.098 INFO:teuthology.orchestra.run.smithi090.stdout:/usr/bin/ceph: stderr
2024-05-27T07:30:12.399+0000 7f260ec00700 1 -- 172.21.15.90:0/66829865 >> [v2:172.21.15.90:3300/0,v1:172.21.15.90:6789/0] conn(0x7f260810ba90 msgr2=0x7f260819fe30 secure :-1 s=STATE_CONNECTION_ESTABLISHED l=1).mark_down
2024-05-27T07:30:13.098 INFO:teuthology.orchestra.run.smithi090.stdout:/usr/bin/ceph: stderr
2024-05-27T07:30:12.399+0000 7f260ec00700 1 --2- 172.21.15.90:0/66829865 >> [v2:172.21.15.90:3300/0,v1:172.21.15.90:6789/0] conn(0x7f260810ba90 0x7f260819fe30 secure :-1 s=READY pgs=21 cs=0 l=1 rev1=1 crypto rx=0x7f25fc009fb0 tx=0x7f25fc011a60 comp rx=0 tx=0).stop
2024-05-27T07:30:13.099 INFO:teuthology.orchestra.run.smithi090.stdout:/usr/bin/ceph: stderr
2024-05-27T07:30:12.399+0000 7f260ec00700 1 -- 172.21.15.90:0/66829865 shutdown_connections
2024-05-27T07:30:13.099 INFO:teuthology.orchestra.run.smithi090.stdout:/usr/bin/ceph: stderr
2024-05-27T07:30:12.399+0000 7f260ec00700 1 --2- 172.21.15.90:0/66829865 >> [v2:172.21.15.90:6800/410158065,v1:172.21.15.90:6801/410158065] conn(0x7f25f003e420 0x7f25f0040930 unknown :-1 s=CLOSED pgs=7 cs=0 l=1 rev1=1 crypto rx=0 tx=0 comp rx=0 tx=0).stop
2024-05-27T07:30:13.099 INFO:teuthology.orchestra.run.smithi090.stdout:/usr/bin/ceph: stderr
2024-05-27T07:30:12.399+0000 7f260ec00700 1 --2- 172.21.15.90:0/66829865 >> [v2:172.21.15.90:3300/0,v1:172.21.15.90:6789/0] conn(0x7f260810ba90 0x7f260819fe30 unknown :-1 s=CLOSED pgs=21 cs=0 l=1 rev1=1 crypto rx=0 tx=0 comp rx=0 tx=0).stop
2024-05-27T07:30:13.099 INFO:teuthology.orchestra.run.smithi090.stdout:/usr/bin/ceph: stderr
2024-05-27T07:30:12.399+0000 7f260ec00700 1 -- 172.21.15.90:0/66829865 >> 172.21.15.90:0/66829865 conn(0x7f26081074c0 msgr2=0x7f2608108d70 unknown :-1 s=STATE_NONE l=0).mark_down
2024-05-27T07:30:13.099 INFO:teuthology.orchestra.run.smithi090.stdout:/usr/bin/ceph: stderr
2024-05-27T07:30:12.399+0000 7f260ec00700 1 -- 172.21.15.90:0/66829865 shutdown_connections
2024-05-27T07:30:13.099 INFO:teuthology.orchestra.run.smithi090.stdout:/usr/bin/ceph: stderr
2024-05-27T07:30:12.399+0000 7f260ec00700 1 -- 172.21.15.90:0/66829865 wait complete.
2024-05-27T07:30:13.099 INFO:teuthology.orchestra.run.smithi090.stdout:Enabling cephadm module...
2024-05-27T07:30:14.454 INFO:journalctl@ceph.mon.a.smithi090.stdout:May 27 07:30:14 smithi090 ceph-mon[31429]: from='client.? 172.21.15.90:0/3716559051' entity='client.admin' cmd=[{"prefix": "mgr module enable", "module": "cephadm"}]: dispatch
2024-05-27T07:30:14.454 INFO:journalctl@ceph.mgr.x.smithi090.stdout:May 27 07:30:14 smithi090 ceph-b0214938-1bfa-11ef-bc9b-c7b262605968-mgr-x[31657]: ignoring --setuser ceph since I am not root
2024-05-27T07:30:14.454 INFO:journalctl@ceph.mgr.x.smithi090.stdout:May 27 07:30:14 smithi090 ceph-b0214938-1bfa-11ef-bc9b-c7b262605968-mgr-x[31657]: ignoring --setgroup ceph since I am not root
2024-05-27T07:30:14.734 INFO:journalctl@ceph.mgr.x.smithi090.stdout:May 27 07:30:14 smithi090 ceph-b0214938-1bfa-11ef-bc9b-c7b262605968-mgr-x[31657]:
2024-05-27T07:30:14.471+0000 7fd1de4d1200 -1 mgr[py] Module balancer has missing NOTIFY_TYPES member
2024-05-27T07:30:14.734 INFO:journalctl@ceph.mgr.x.smithi090.stdout:May 27 07:30:14 smithi090 ceph-b0214938-1bfa-11ef-bc9b-c7b262605968-mgr-x[31657]:
2024-05-27T07:30:14.741+0000 7fd1de4d1200 -1 mgr[py] Module orchestrator has missing NOTIFY_TYPES member
2024-05-27T07:30:14.764 INFO:teuthology.orchestra.run.smithi090.stdout:/usr/bin/ceph: stderr
2024-05-27T07:30:13.737+0000 7f0296400700 1 Processor -- start
2024-05-27T07:30:14.765 INFO:teuthology.orchestra.run.smithi090.stdout:/usr/bin/ceph: stderr
2024-05-27T07:30:13.737+0000 7f0296400700 1 -- start start
2024-05-27T07:30:14.765 INFO:teuthology.orchestra.run.smithi090.stdout:/usr/bin/ceph: stderr
2024-05-27T07:30:13.737+0000 7f0296400700 1 --2- >> [v2:172.21.15.90:3300/0,v1:172.21.15.90:6789/0] conn(0x7f029010bc50 0x7f029010c060 unknown :-1 s=NONE pgs=0 cs=0 l=0 rev1=0 crypto rx=0 tx=0 comp rx=0 tx=0).connect
2024-05-27T07:30:14.765 INFO:teuthology.orchestra.run.smithi090.stdout:/usr/bin/ceph: stderr
2024-05-27T07:30:13.737+0000 7f0296400700 1 -- --> [v2:172.21.15.90:3300/0,v1:172.21.15.90:6789/0] -- mon_getmap magic: 0 -- 0x7f029010c650 con 0x7f029010bc50
2024-05-27T07:30:14.765 INFO:teuthology.orchestra.run.smithi090.stdout:/usr/bin/ceph: stderr
2024-05-27T07:30:13.738+0000 7f028f400700 1 --2- >> [v2:172.21.15.90:3300/0,v1:172.21.15.90:6789/0] conn(0x7f029010bc50 0x7f029010c060 unknown :-1 s=BANNER_CONNECTING pgs=0 cs=0 l=0 rev1=0 crypto rx=0 tx=0 comp rx=0 tx=0)._handle_peer_banner_payload supported=3 required=0
2024-05-27T07:30:14.766 INFO:teuthology.orchestra.run.smithi090.stdout:/usr/bin/ceph: stderr
2024-05-27T07:30:13.738+0000 7f028f400700 1 --2- >> [v2:172.21.15.90:3300/0,v1:172.21.15.90:6789/0] conn(0x7f029010bc50 0x7f029010c060 unknown :-1 s=HELLO_CONNECTING pgs=0 cs=0 l=0 rev1=1 crypto rx=0 tx=0 comp rx=0 tx=0).handle_hello peer v2:172.21.15.90:3300/0 says I am v2:172.21.15.90:38892/0 (socket says 172.21.15.90:38892)
2024-05-27T07:30:14.766 INFO:teuthology.orchestra.run.smithi090.stdout:/usr/bin/ceph: stderr
2024-05-27T07:30:13.738+0000 7f028f400700 1 -- 172.21.15.90:0/2381890069 learned_addr learned my addr 172.21.15.90:0/2381890069 (peer_addr_for_me v2:172.21.15.90:0/0)
2024-05-27T07:30:14.766 INFO:teuthology.orchestra.run.smithi090.stdout:/usr/bin/ceph: stderr
2024-05-27T07:30:13.738+0000 7f028f400700 1 -- 172.21.15.90:0/2381890069 --> [v2:172.21.15.90:3300/0,v1:172.21.15.90:6789/0] -- mon_subscribe({config=0+,monmap=0+}) -- 0x7f029010cdd0 con 0x7f029010bc50
2024-05-27T07:30:14.766 INFO:teuthology.orchestra.run.smithi090.stdout:/usr/bin/ceph: stderr
2024-05-27T07:30:13.739+0000 7f028f400700 1 --2- 172.21.15.90:0/2381890069 >> [v2:172.21.15.90:3300/0,v1:172.21.15.90:6789/0] conn(0x7f029010bc50 0x7f029010c060 secure :-1 s=READY pgs=22 cs=0 l=1 rev1=1 crypto rx=0x7f02800098a0 tx=0x7f0280009bb0 comp rx=0 tx=0).ready entity=mon.0 client_cookie=aa9af3381b42b260 server_cookie=0 in_seq=0 out_seq=0
2024-05-27T07:30:14.766 INFO:teuthology.orchestra.run.smithi090.stdout:/usr/bin/ceph: stderr
2024-05-27T07:30:13.739+0000 7f028ea00700 1 -- 172.21.15.90:0/2381890069 <== mon.0 v2:172.21.15.90:3300/0 1 ==== mon_map magic: 0 ==== 205+0+0 (secure 0 0 0) 0x7f0280004160 con 0x7f029010bc50
2024-05-27T07:30:14.767 INFO:teuthology.orchestra.run.smithi090.stdout:/usr/bin/ceph: stderr
2024-05-27T07:30:13.739+0000 7f028ea00700 1 -- 172.21.15.90:0/2381890069 <== mon.0 v2:172.21.15.90:3300/0 2 ==== config(25 keys) ==== 1032+0+0 (secure 0 0 0) 0x7f0280004300 con 0x7f029010bc50
2024-05-27T07:30:14.767 INFO:teuthology.orchestra.run.smithi090.stdout:/usr/bin/ceph: stderr
2024-05-27T07:30:13.739+0000 7f028ea00700 1 -- 172.21.15.90:0/2381890069 <== mon.0 v2:172.21.15.90:3300/0 3 ==== mon_map magic: 0 ==== 205+0+0 (secure 0 0 0) 0x7f02800119e0 con 0x7f029010bc50
2024-05-27T07:30:14.767 INFO:teuthology.orchestra.run.smithi090.stdout:/usr/bin/ceph: stderr
2024-05-27T07:30:13.740+0000 7f0296400700 1 -- 172.21.15.90:0/2381890069 >> [v2:172.21.15.90:3300/0,v1:172.21.15.90:6789/0] conn(0x7f029010bc50 msgr2=0x7f029010c060 secure :-1 s=STATE_CONNECTION_ESTABLISHED l=1).mark_down
2024-05-27T07:30:14.767 INFO:teuthology.orchestra.run.smithi090.stdout:/usr/bin/ceph: stderr
2024-05-27T07:30:13.740+0000 7f0296400700 1 --2- 172.21.15.90:0/2381890069 >> [v2:172.21.15.90:3300/0,v1:172.21.15.90:6789/0] conn(0x7f029010bc50 0x7f029010c060 secure :-1 s=READY pgs=22 cs=0 l=1 rev1=1 crypto rx=0x7f02800098a0 tx=0x7f0280009bb0 comp rx=0 tx=0).stop
2024-05-27T07:30:14.767 INFO:teuthology.orchestra.run.smithi090.stdout:/usr/bin/ceph: stderr
2024-05-27T07:30:13.740+0000 7f0296400700 1 -- 172.21.15.90:0/2381890069 shutdown_connections
2024-05-27T07:30:14.768 INFO:teuthology.orchestra.run.smithi090.stdout:/usr/bin/ceph: stderr
2024-05-27T07:30:13.740+0000 7f0296400700 1 --2- 172.21.15.90:0/2381890069 >> [v2:172.21.15.90:3300/0,v1:172.21.15.90:6789/0] conn(0x7f029010bc50 0x7f029010c060 unknown :-1 s=CLOSED pgs=22 cs=0 l=1 rev1=1 crypto rx=0 tx=0 comp rx=0 tx=0).stop
2024-05-27T07:30:14.768 INFO:teuthology.orchestra.run.smithi090.stdout:/usr/bin/ceph: stderr
2024-05-27T07:30:13.740+0000 7f0296400700 1 -- 172.21.15.90:0/2381890069 >> 172.21.15.90:0/2381890069 conn(0x7f029007f0e0 msgr2=0x7f0290109d60 unknown :-1 s=STATE_NONE l=0).mark_down
2024-05-27T07:30:14.769 INFO:teuthology.orchestra.run.smithi090.stdout:/usr/bin/ceph: stderr
2024-05-27T07:30:13.740+0000 7f0296400700 1 -- 172.21.15.90:0/2381890069 shutdown_connections
2024-05-27T07:30:14.769 INFO:teuthology.orchestra.run.smithi090.stdout:/usr/bin/ceph: stderr
2024-05-27T07:30:13.740+0000 7f0296400700 1 -- 172.21.15.90:0/2381890069 wait complete.
2024-05-27T07:30:14.769 INFO:teuthology.orchestra.run.smithi090.stdout:/usr/bin/ceph: stderr
2024-05-27T07:30:13.741+0000 7f0296400700 1 Processor -- start
2024-05-27T07:30:14.769 INFO:teuthology.orchestra.run.smithi090.stdout:/usr/bin/ceph: stderr
2024-05-27T07:30:13.742+0000 7f0296400700 1 -- start start
2024-05-27T07:30:14.769 INFO:teuthology.orchestra.run.smithi090.stdout:/usr/bin/ceph: stderr
2024-05-27T07:30:13.742+0000 7f0296400700 1 --2- >> [v2:172.21.15.90:3300/0,v1:172.21.15.90:6789/0] conn(0x7f029010bc50 0x7f029019ffa0 unknown :-1 s=NONE pgs=0 cs=0 l=1 rev1=0 crypto rx=0 tx=0 comp rx=0 tx=0).connect
2024-05-27T07:30:14.769 INFO:teuthology.orchestra.run.smithi090.stdout:/usr/bin/ceph: stderr
2024-05-27T07:30:13.742+0000 7f0296400700 1 -- --> [v2:172.21.15.90:3300/0,v1:172.21.15.90:6789/0] -- mon_getmap magic: 0 -- 0x7f0290110180 con 0x7f029010bc50
2024-05-27T07:30:14.769 INFO:teuthology.orchestra.run.smithi090.stdout:/usr/bin/ceph: stderr
2024-05-27T07:30:13.742+0000 7f028f400700 1 --2- >> [v2:172.21.15.90:3300/0,v1:172.21.15.90:6789/0] conn(0x7f029010bc50 0x7f029019ffa0 unknown :-1 s=BANNER_CONNECTING pgs=0 cs=0 l=1 rev1=0 crypto rx=0 tx=0 comp rx=0 tx=0)._handle_peer_banner_payload supported=3 required=0
2024-05-27T07:30:14.769 INFO:teuthology.orchestra.run.smithi090.stdout:/usr/bin/ceph: stderr
2024-05-27T07:30:13.742+0000 7f028f400700 1 --2- >> [v2:172.21.15.90:3300/0,v1:172.21.15.90:6789/0] conn(0x7f029010bc50 0x7f029019ffa0 unknown :-1 s=HELLO_CONNECTING pgs=0 cs=0 l=1 rev1=1 crypto rx=0 tx=0 comp rx=0 tx=0).handle_hello peer v2:172.21.15.90:3300/0 says I am v2:172.21.15.90:38898/0 (socket says 172.21.15.90:38898)
2024-05-27T07:30:14.769 INFO:teuthology.orchestra.run.smithi090.stdout:/usr/bin/ceph: stderr
2024-05-27T07:30:13.742+0000 7f028f400700 1 -- 172.21.15.90:0/3716559051 learned_addr learned my addr 172.21.15.90:0/3716559051 (peer_addr_for_me v2:172.21.15.90:0/0)
2024-05-27T07:30:14.771 INFO:teuthology.orchestra.run.smithi090.stdout:/usr/bin/ceph: stderr
2024-05-27T07:30:13.743+0000 7f028f400700 1 -- 172.21.15.90:0/3716559051 --> [v2:172.21.15.90:3300/0,v1:172.21.15.90:6789/0] -- mon_subscribe({config=0+,monmap=0+}) -- 0x7f02901a04e0 con 0x7f029010bc50
2024-05-27T07:30:14.771 INFO:teuthology.orchestra.run.smithi090.stdout:/usr/bin/ceph: stderr
2024-05-27T07:30:13.743+0000 7f028f400700 1 --2- 172.21.15.90:0/3716559051 >> [v2:172.21.15.90:3300/0,v1:172.21.15.90:6789/0] conn(0x7f029010bc50 0x7f029019ffa0 secure :-1 s=READY pgs=23 cs=0 l=1 rev1=1 crypto rx=0x7f0280009fb0 tx=0x7f0280011a60 comp rx=0 tx=0).ready entity=mon.0 client_cookie=0 server_cookie=0 in_seq=0 out_seq=0
2024-05-27T07:30:14.771 INFO:teuthology.orchestra.run.smithi090.stdout:/usr/bin/ceph: stderr
2024-05-27T07:30:13.743+0000 7f028cc00700 1 -- 172.21.15.90:0/3716559051 <== mon.0 v2:172.21.15.90:3300/0 1 ==== mon_map magic: 0 ==== 205+0+0 (secure 0 0 0) 0x7f02800038b0 con 0x7f029010bc50
2024-05-27T07:30:14.771 INFO:teuthology.orchestra.run.smithi090.stdout:/usr/bin/ceph: stderr
2024-05-27T07:30:13.743+0000 7f028cc00700 1 -- 172.21.15.90:0/3716559051 <== mon.0 v2:172.21.15.90:3300/0 2 ==== config(25 keys) ==== 1032+0+0 (secure 0 0 0) 0x7f0280003a50 con 0x7f029010bc50
2024-05-27T07:30:14.771 INFO:teuthology.orchestra.run.smithi090.stdout:/usr/bin/ceph: stderr
2024-05-27T07:30:13.743+0000 7f028cc00700 1 -- 172.21.15.90:0/3716559051 <== mon.0 v2:172.21.15.90:3300/0 3 ==== mon_map magic: 0 ==== 205+0+0 (secure 0 0 0) 0x7f028001a5c0 con 0x7f029010bc50
2024-05-27T07:30:14.771 INFO:teuthology.orchestra.run.smithi090.stdout:/usr/bin/ceph: stderr
2024-05-27T07:30:13.743+0000 7f0296400700 1 -- 172.21.15.90:0/3716559051 --> [v2:172.21.15.90:3300/0,v1:172.21.15.90:6789/0] -- mon_subscribe({mgrmap=0+}) -- 0x7f02901a0770 con 0x7f029010bc50
2024-05-27T07:30:14.771 INFO:teuthology.orchestra.run.smithi090.stdout:/usr/bin/ceph: stderr
2024-05-27T07:30:13.743+0000 7f0296400700 1 -- 172.21.15.90:0/3716559051 --> [v2:172.21.15.90:3300/0,v1:172.21.15.90:6789/0] -- mon_subscribe({osdmap=0}) -- 0x7f02901a3380 con 0x7f029010bc50
2024-05-27T07:30:14.771 INFO:teuthology.orchestra.run.smithi090.stdout:/usr/bin/ceph: stderr
2024-05-27T07:30:13.745+0000 7f0296400700 1 -- 172.21.15.90:0/3716559051 --> [v2:172.21.15.90:3300/0,v1:172.21.15.90:6789/0] -- mon_command({"prefix": "get_command_descriptions"} v 0) -- 0x7f0290064e10 con 0x7f029010bc50
2024-05-27T07:30:14.771 INFO:teuthology.orchestra.run.smithi090.stdout:/usr/bin/ceph: stderr
2024-05-27T07:30:13.745+0000 7f028cc00700 1 -- 172.21.15.90:0/3716559051 <== mon.0 v2:172.21.15.90:3300/0 4 ==== mgrmap(e 4) ==== 50211+0+0 (secure 0 0 0) 0x7f0280024a60 con 0x7f029010bc50
2024-05-27T07:30:14.771 INFO:teuthology.orchestra.run.smithi090.stdout:/usr/bin/ceph: stderr
2024-05-27T07:30:13.745+0000 7f028cc00700 1 --2- 172.21.15.90:0/3716559051 >> [v2:172.21.15.90:6800/410158065,v1:172.21.15.90:6801/410158065] conn(0x7f027403e3d0 0x7f02740408e0 unknown :-1 s=NONE pgs=0 cs=0 l=1 rev1=0 crypto rx=0 tx=0 comp rx=0 tx=0).connect
2024-05-27T07:30:14.773 INFO:teuthology.orchestra.run.smithi090.stdout:/usr/bin/ceph: stderr
2024-05-27T07:30:13.745+0000 7f028cc00700 1 -- 172.21.15.90:0/3716559051 <== mon.0 v2:172.21.15.90:3300/0 5 ==== osd_map(1..1 src has 1..1) ==== 725+0+0 (secure 0 0 0) 0x7f0280053b60 con 0x7f029010bc50
2024-05-27T07:30:14.773 INFO:teuthology.orchestra.run.smithi090.stdout:/usr/bin/ceph: stderr
2024-05-27T07:30:13.746+0000 7f0286a00700 1 --2- 172.21.15.90:0/3716559051 >> [v2:172.21.15.90:6800/410158065,v1:172.21.15.90:6801/410158065] conn(0x7f027403e3d0 0x7f02740408e0 unknown :-1 s=BANNER_CONNECTING pgs=0 cs=0 l=1 rev1=0 crypto rx=0 tx=0 comp rx=0 tx=0)._handle_peer_banner_payload supported=3 required=0
2024-05-27T07:30:14.773 INFO:teuthology.orchestra.run.smithi090.stdout:/usr/bin/ceph: stderr
2024-05-27T07:30:13.746+0000 7f0286a00700 1 --2- 172.21.15.90:0/3716559051 >> [v2:172.21.15.90:6800/410158065,v1:172.21.15.90:6801/410158065] conn(0x7f027403e3d0 0x7f02740408e0 secure :-1 s=READY pgs=8 cs=0 l=1 rev1=1 crypto rx=0x7f027800ad30 tx=0x7f02780093f0 comp rx=0 tx=0).ready entity=mgr.14100 client_cookie=0 server_cookie=0 in_seq=0 out_seq=0
2024-05-27T07:30:14.773 INFO:teuthology.orchestra.run.smithi090.stdout:/usr/bin/ceph: stderr
2024-05-27T07:30:13.751+0000 7f028cc00700 1 -- 172.21.15.90:0/3716559051 <== mon.0 v2:172.21.15.90:3300/0 6 ==== mon_command_ack([{"prefix": "get_command_descriptions"}]=0 v0) ==== 72+0+191963 (secure 0 0 0) 0x7f028002c350 con 0x7f029010bc50
2024-05-27T07:30:14.773 INFO:teuthology.orchestra.run.smithi090.stdout:/usr/bin/ceph: stderr
2024-05-27T07:30:14.037+0000 7f0296400700 1 -- 172.21.15.90:0/3716559051 --> [v2:172.21.15.90:3300/0,v1:172.21.15.90:6789/0] -- mon_command({"prefix": "mgr module enable", "module": "cephadm"} v 0) -- 0x7f02901a3690 con 0x7f029010bc50
2024-05-27T07:30:14.773 INFO:teuthology.orchestra.run.smithi090.stdout:/usr/bin/ceph: stderr
2024-05-27T07:30:14.091+0000 7f028cc00700 1 -- 172.21.15.90:0/3716559051 <== mon.0 v2:172.21.15.90:3300/0 7 ==== mon_command_ack([{"prefix": "mgr module enable", "module": "cephadm"}]=0 v5) ==== 86+0+0 (secure 0 0 0) 0x7f0280053500 con 0x7f029010bc50
2024-05-27T07:30:14.773 INFO:teuthology.orchestra.run.smithi090.stdout:/usr/bin/ceph: stderr
2024-05-27T07:30:14.095+0000 7f0296400700 1 -- 172.21.15.90:0/3716559051 >> [v2:172.21.15.90:6800/410158065,v1:172.21.15.90:6801/410158065] conn(0x7f027403e3d0 msgr2=0x7f02740408e0 secure :-1 s=STATE_CONNECTION_ESTABLISHED l=1).mark_down
2024-05-27T07:30:14.773 INFO:teuthology.orchestra.run.smithi090.stdout:/usr/bin/ceph: stderr
2024-05-27T07:30:14.095+0000 7f0296400700 1 --2- 172.21.15.90:0/3716559051 >> [v2:172.21.15.90:6800/410158065,v1:172.21.15.90:6801/410158065] conn(0x7f027403e3d0 0x7f02740408e0 secure :-1 s=READY pgs=8 cs=0 l=1 rev1=1 crypto rx=0x7f027800ad30 tx=0x7f02780093f0 comp rx=0 tx=0).stop
2024-05-27T07:30:14.773 INFO:teuthology.orchestra.run.smithi090.stdout:/usr/bin/ceph: stderr
2024-05-27T07:30:14.095+0000 7f0296400700 1 -- 172.21.15.90:0/3716559051 >> [v2:172.21.15.90:3300/0,v1:172.21.15.90:6789/0] conn(0x7f029010bc50 msgr2=0x7f029019ffa0 secure :-1 s=STATE_CONNECTION_ESTABLISHED l=1).mark_down
2024-05-27T07:30:14.773 INFO:teuthology.orchestra.run.smithi090.stdout:/usr/bin/ceph: stderr
2024-05-27T07:30:14.096+0000 7f0296400700 1 --2- 172.21.15.90:0/3716559051 >> [v2:172.21.15.90:3300/0,v1:172.21.15.90:6789/0] conn(0x7f029010bc50 0x7f029019ffa0 secure :-1 s=READY pgs=23 cs=0 l=1 rev1=1 crypto rx=0x7f0280009fb0 tx=0x7f0280011a60 comp rx=0 tx=0).stop
2024-05-27T07:30:14.774 INFO:teuthology.orchestra.run.smithi090.stdout:/usr/bin/ceph: stderr
2024-05-27T07:30:14.096+0000 7f0296400700 1 -- 172.21.15.90:0/3716559051 shutdown_connections
2024-05-27T07:30:14.774 INFO:teuthology.orchestra.run.smithi090.stdout:/usr/bin/ceph: stderr
2024-05-27T07:30:14.096+0000 7f0296400700 1 --2- 172.21.15.90:0/3716559051 >> [v2:172.21.15.90:6800/410158065,v1:172.21.15.90:6801/410158065] conn(0x7f027403e3d0 0x7f02740408e0 unknown :-1 s=CLOSED pgs=8 cs=0 l=1 rev1=1 crypto rx=0 tx=0 comp rx=0 tx=0).stop
2024-05-27T07:30:14.774 INFO:teuthology.orchestra.run.smithi090.stdout:/usr/bin/ceph: stderr
2024-05-27T07:30:14.096+0000 7f0296400700 1 --2- 172.21.15.90:0/3716559051 >> [v2:172.21.15.90:3300/0,v1:172.21.15.90:6789/0] conn(0x7f029010bc50 0x7f029019ffa0 unknown :-1 s=CLOSED pgs=23 cs=0 l=1 rev1=1 crypto rx=0 tx=0 comp rx=0 tx=0).stop
2024-05-27T07:30:14.774 INFO:teuthology.orchestra.run.smithi090.stdout:/usr/bin/ceph: stderr
2024-05-27T07:30:14.096+0000 7f0296400700 1 -- 172.21.15.90:0/3716559051 >> 172.21.15.90:0/3716559051 conn(0x7f029007f0e0 msgr2=0x7f02901091a0 unknown :-1 s=STATE_NONE l=0).mark_down
2024-05-27T07:30:14.775 INFO:teuthology.orchestra.run.smithi090.stdout:/usr/bin/ceph: stderr
2024-05-27T07:30:14.097+0000 7f0296400700 1 -- 172.21.15.90:0/3716559051 shutdown_connections
2024-05-27T07:30:14.775 INFO:teuthology.orchestra.run.smithi090.stdout:/usr/bin/ceph: stderr
2024-05-27T07:30:14.097+0000 7f0296400700 1 -- 172.21.15.90:0/3716559051 wait complete.
2024-05-27T07:30:15.091 INFO:journalctl@ceph.mgr.x.smithi090.stdout:May 27 07:30:14 smithi090 ceph-b0214938-1bfa-11ef-bc9b-c7b262605968-mgr-x[31657]:
2024-05-27T07:30:14.884+0000 7fd1de4d1200 -1 mgr[py] Module snap_schedule has missing NOTIFY_TYPES member
2024-05-27T07:30:15.408 INFO:journalctl@ceph.mgr.x.smithi090.stdout:May 27 07:30:15 smithi090 ceph-b0214938-1bfa-11ef-bc9b-c7b262605968-mgr-x[31657]:
2024-05-27T07:30:15.292+0000 7fd1de4d1200 -1 mgr[py] Module progress has missing NOTIFY_TYPES member
2024-05-27T07:30:15.408 INFO:journalctl@ceph.mon.a.smithi090.stdout:May 27 07:30:15 smithi090 ceph-mon[31429]: from='client.? 172.21.15.90:0/3716559051' entity='client.admin' cmd='[{"prefix": "mgr module enable", "module": "cephadm"}]': finished
2024-05-27T07:30:15.408 INFO:journalctl@ceph.mon.a.smithi090.stdout:May 27 07:30:15 smithi090 ceph-mon[31429]: mgrmap e5: x(active, since 5s)
2024-05-27T07:30:15.664 INFO:journalctl@ceph.mgr.x.smithi090.stdout:May 27 07:30:15 smithi090 ceph-b0214938-1bfa-11ef-bc9b-c7b262605968-mgr-x[31657]:
2024-05-27T07:30:15.415+0000 7fd1de4d1200 -1 mgr[py] Module influx has missing NOTIFY_TYPES member
2024-05-27T07:30:16.388 INFO:journalctl@ceph.mon.a.smithi090.stdout:May 27 07:30:16 smithi090 ceph-mon[31429]: from='client.? 172.21.15.90:0/2781024371' entity='client.admin' cmd=[{"prefix": "mgr stat"}]: dispatch
2024-05-27T07:30:16.404 INFO:teuthology.orchestra.run.smithi090.stdout:/usr/bin/ceph: stdout {
2024-05-27T07:30:16.404 INFO:teuthology.orchestra.run.smithi090.stdout:/usr/bin/ceph: stdout "epoch": 5,
2024-05-27T07:30:16.404 INFO:teuthology.orchestra.run.smithi090.stdout:/usr/bin/ceph: stdout "available": true,
2024-05-27T07:30:16.404 INFO:teuthology.orchestra.run.smithi090.stdout:/usr/bin/ceph: stdout "active_name": "x",
2024-05-27T07:30:16.404 INFO:teuthology.orchestra.run.smithi090.stdout:/usr/bin/ceph: stdout "num_standby": 0
2024-05-27T07:30:16.404 INFO:teuthology.orchestra.run.smithi090.stdout:/usr/bin/ceph: stdout }
2024-05-27T07:30:16.404 INFO:teuthology.orchestra.run.smithi090.stdout:/usr/bin/ceph: stderr
2024-05-27T07:30:15.463+0000 7f24ffe00700 1 Processor -- start
2024-05-27T07:30:16.404 INFO:teuthology.orchestra.run.smithi090.stdout:/usr/bin/ceph: stderr
2024-05-27T07:30:15.463+0000 7f24ffe00700 1 -- start start
2024-05-27T07:30:16.404 INFO:teuthology.orchestra.run.smithi090.stdout:/usr/bin/ceph: stderr
2024-05-27T07:30:15.464+0000 7f24ffe00700 1 --2- >> [v2:172.21.15.90:3300/0,v1:172.21.15.90:6789/0] conn(0x7f250010a350 0x7f250010c770 unknown :-1 s=NONE pgs=0 cs=0 l=0 rev1=0 crypto rx=0 tx=0 comp rx=0 tx=0).connect
2024-05-27T07:30:16.405 INFO:teuthology.orchestra.run.smithi090.stdout:/usr/bin/ceph: stderr
2024-05-27T07:30:15.464+0000 7f24ffe00700 1 -- --> [v2:172.21.15.90:3300/0,v1:172.21.15.90:6789/0] -- mon_getmap magic: 0 -- 0x7f250007ce80 con 0x7f250010a350
2024-05-27T07:30:16.405 INFO:teuthology.orchestra.run.smithi090.stdout:/usr/bin/ceph: stderr
2024-05-27T07:30:15.464+0000 7f24fea00700 1 --2- >> [v2:172.21.15.90:3300/0,v1:172.21.15.90:6789/0] conn(0x7f250010a350 0x7f250010c770 unknown :-1 s=BANNER_CONNECTING pgs=0 cs=0 l=0 rev1=0 crypto rx=0 tx=0 comp rx=0 tx=0)._handle_peer_banner_payload supported=3 required=0
2024-05-27T07:30:16.405 INFO:teuthology.orchestra.run.smithi090.stdout:/usr/bin/ceph: stderr
2024-05-27T07:30:15.464+0000 7f24fea00700 1 --2- >> [v2:172.21.15.90:3300/0,v1:172.21.15.90:6789/0] conn(0x7f250010a350 0x7f250010c770 unknown :-1 s=HELLO_CONNECTING pgs=0 cs=0 l=0 rev1=1 crypto rx=0 tx=0 comp rx=0 tx=0).handle_hello peer v2:172.21.15.90:3300/0 says I am v2:172.21.15.90:38936/0 (socket says 172.21.15.90:38936)
2024-05-27T07:30:16.405 INFO:teuthology.orchestra.run.smithi090.stdout:/usr/bin/ceph: stderr
2024-05-27T07:30:15.464+0000 7f24fea00700 1 -- 172.21.15.90:0/4192553887 learned_addr learned my addr 172.21.15.90:0/4192553887 (peer_addr_for_me v2:172.21.15.90:0/0)
2024-05-27T07:30:16.405 INFO:teuthology.orchestra.run.smithi090.stdout:/usr/bin/ceph: stderr
2024-05-27T07:30:15.465+0000 7f24fea00700 1 -- 172.21.15.90:0/4192553887 --> [v2:172.21.15.90:3300/0,v1:172.21.15.90:6789/0] -- mon_subscribe({config=0+,monmap=0+}) -- 0x7f250010ccb0 con 0x7f250010a350
2024-05-27T07:30:16.405 INFO:teuthology.orchestra.run.smithi090.stdout:/usr/bin/ceph: stderr
2024-05-27T07:30:15.465+0000 7f24fea00700 1 --2- 172.21.15.90:0/4192553887 >> [v2:172.21.15.90:3300/0,v1:172.21.15.90:6789/0] conn(0x7f250010a350 0x7f250010c770 secure :-1 s=READY pgs=26 cs=0 l=1 rev1=1 crypto rx=0x7f24f00098a0 tx=0x7f24f0009bb0 comp rx=0 tx=0).ready entity=mon.0 client_cookie=b9ee5832b60ae70 server_cookie=0 in_seq=0 out_seq=0
2024-05-27T07:30:16.405 INFO:teuthology.orchestra.run.smithi090.stdout:/usr/bin/ceph: stderr
2024-05-27T07:30:15.465+0000 7f24fd600700 1 -- 172.21.15.90:0/4192553887 <== mon.0 v2:172.21.15.90:3300/0 1 ==== mon_map magic: 0 ==== 205+0+0 (secure 0 0 0) 0x7f24f0004160 con 0x7f250010a350
2024-05-27T07:30:16.405 INFO:teuthology.orchestra.run.smithi090.stdout:/usr/bin/ceph: stderr
2024-05-27T07:30:15.465+0000 7f24fd600700 1 -- 172.21.15.90:0/4192553887 <== mon.0 v2:172.21.15.90:3300/0 2 ==== config(25 keys) ==== 1032+0+0 (secure 0 0 0) 0x7f24f0004300 con 0x7f250010a350
2024-05-27T07:30:16.405 INFO:teuthology.orchestra.run.smithi090.stdout:/usr/bin/ceph: stderr
2024-05-27T07:30:15.465+0000 7f24fd600700 1 -- 172.21.15.90:0/4192553887 <== mon.0 v2:172.21.15.90:3300/0 3 ==== mon_map magic: 0 ==== 205+0+0 (secure 0 0 0) 0x7f24f00119e0 con 0x7f250010a350
2024-05-27T07:30:16.405 INFO:teuthology.orchestra.run.smithi090.stdout:/usr/bin/ceph: stderr
2024-05-27T07:30:15.466+0000 7f24ffe00700 1 -- 172.21.15.90:0/4192553887 >> [v2:172.21.15.90:3300/0,v1:172.21.15.90:6789/0] conn(0x7f250010a350 msgr2=0x7f250010c770 secure :-1 s=STATE_CONNECTION_ESTABLISHED l=1).mark_down
2024-05-27T07:30:16.405 INFO:teuthology.orchestra.run.smithi090.stdout:/usr/bin/ceph: stderr
2024-05-27T07:30:15.466+0000 7f24ffe00700 1 --2- 172.21.15.90:0/4192553887 >> [v2:172.21.15.90:3300/0,v1:172.21.15.90:6789/0] conn(0x7f250010a350 0x7f250010c770 secure :-1 s=READY pgs=26 cs=0 l=1 rev1=1 crypto rx=0x7f24f00098a0 tx=0x7f24f0009bb0 comp rx=0 tx=0).stop
2024-05-27T07:30:16.406 INFO:teuthology.orchestra.run.smithi090.stdout:/usr/bin/ceph: stderr
2024-05-27T07:30:15.466+0000 7f24ffe00700 1 -- 172.21.15.90:0/4192553887 shutdown_connections
2024-05-27T07:30:16.406 INFO:teuthology.orchestra.run.smithi090.stdout:/usr/bin/ceph: stderr
2024-05-27T07:30:15.466+0000 7f24ffe00700 1 --2- 172.21.15.90:0/4192553887 >> [v2:172.21.15.90:3300/0,v1:172.21.15.90:6789/0] conn(0x7f250010a350 0x7f250010c770 unknown :-1 s=CLOSED pgs=26 cs=0 l=1 rev1=1 crypto rx=0 tx=0 comp rx=0 tx=0).stop
2024-05-27T07:30:16.406 INFO:teuthology.orchestra.run.smithi090.stdout:/usr/bin/ceph: stderr
2024-05-27T07:30:15.466+0000 7f24ffe00700 1 -- 172.21.15.90:0/4192553887 >> 172.21.15.90:0/4192553887 conn(0x7f2500103d90 msgr2=0x7f2500106260 unknown :-1 s=STATE_NONE l=0).mark_down
2024-05-27T07:30:16.406 INFO:teuthology.orchestra.run.smithi090.stdout:/usr/bin/ceph: stderr
2024-05-27T07:30:15.466+0000 7f24ffe00700 1 -- 172.21.15.90:0/4192553887 shutdown_connections
2024-05-27T07:30:16.406 INFO:teuthology.orchestra.run.smithi090.stdout:/usr/bin/ceph: stderr
2024-05-27T07:30:15.466+0000 7f24ffe00700 1 -- 172.21.15.90:0/4192553887 wait complete.
2024-05-27T07:30:16.406 INFO:teuthology.orchestra.run.smithi090.stdout:/usr/bin/ceph: stderr
2024-05-27T07:30:15.467+0000 7f24ffe00700 1 Processor -- start
2024-05-27T07:30:16.406 INFO:teuthology.orchestra.run.smithi090.stdout:/usr/bin/ceph: stderr
2024-05-27T07:30:15.468+0000 7f24ffe00700 1 -- start start
2024-05-27T07:30:16.406 INFO:teuthology.orchestra.run.smithi090.stdout:/usr/bin/ceph: stderr
2024-05-27T07:30:15.468+0000 7f24ffe00700 1 --2- >> [v2:172.21.15.90:3300/0,v1:172.21.15.90:6789/0] conn(0x7f250010a350 0x7f250019dbb0 unknown :-1 s=NONE pgs=0 cs=0 l=1 rev1=0 crypto rx=0 tx=0 comp rx=0 tx=0).connect
2024-05-27T07:30:16.406 INFO:teuthology.orchestra.run.smithi090.stdout:/usr/bin/ceph: stderr
2024-05-27T07:30:15.468+0000 7f24ffe00700 1 -- --> [v2:172.21.15.90:3300/0,v1:172.21.15.90:6789/0] -- mon_getmap magic: 0 -- 0x7f250010dc10 con 0x7f250010a350
2024-05-27T07:30:16.406 INFO:teuthology.orchestra.run.smithi090.stdout:/usr/bin/ceph: stderr
2024-05-27T07:30:15.468+0000 7f24fea00700 1 --2- >> [v2:172.21.15.90:3300/0,v1:172.21.15.90:6789/0] conn(0x7f250010a350 0x7f250019dbb0 unknown :-1 s=BANNER_CONNECTING pgs=0 cs=0 l=1 rev1=0 crypto rx=0 tx=0 comp rx=0 tx=0)._handle_peer_banner_payload supported=3 required=0
2024-05-27T07:30:16.406 INFO:teuthology.orchestra.run.smithi090.stdout:/usr/bin/ceph: stderr
2024-05-27T07:30:15.468+0000 7f24fea00700 1 --2- >> [v2:172.21.15.90:3300/0,v1:172.21.15.90:6789/0] conn(0x7f250010a350 0x7f250019dbb0 unknown :-1 s=HELLO_CONNECTING pgs=0 cs=0 l=1 rev1=1 crypto rx=0 tx=0 comp rx=0 tx=0).handle_hello peer v2:172.21.15.90:3300/0 says I am v2:172.21.15.90:38948/0 (socket says 172.21.15.90:38948)
2024-05-27T07:30:16.406 INFO:teuthology.orchestra.run.smithi090.stdout:/usr/bin/ceph: stderr
2024-05-27T07:30:15.468+0000 7f24fea00700 1 -- 172.21.15.90:0/2781024371 learned_addr learned my addr 172.21.15.90:0/2781024371 (peer_addr_for_me v2:172.21.15.90:0/0)
2024-05-27T07:30:16.407 INFO:teuthology.orchestra.run.smithi090.stdout:/usr/bin/ceph: stderr
2024-05-27T07:30:15.468+0000 7f24fea00700 1 -- 172.21.15.90:0/2781024371 --> [v2:172.21.15.90:3300/0,v1:172.21.15.90:6789/0] -- mon_subscribe({config=0+,monmap=0+}) -- 0x7f250019e0f0 con 0x7f250010a350
2024-05-27T07:30:16.407 INFO:teuthology.orchestra.run.smithi090.stdout:/usr/bin/ceph: stderr
2024-05-27T07:30:15.469+0000 7f24fea00700 1 --2- 172.21.15.90:0/2781024371 >> [v2:172.21.15.90:3300/0,v1:172.21.15.90:6789/0] conn(0x7f250010a350 0x7f250019dbb0 secure :-1 s=READY pgs=27 cs=0 l=1 rev1=1 crypto rx=0x7f24f00119b0 tx=0x7f24f0011a90 comp rx=0 tx=0).ready entity=mon.0 client_cookie=0 server_cookie=0 in_seq=0 out_seq=0
2024-05-27T07:30:16.407 INFO:teuthology.orchestra.run.smithi090.stdout:/usr/bin/ceph: stderr
2024-05-27T07:30:15.469+0000 7f24f7400700 1 -- 172.21.15.90:0/2781024371 <== mon.0 v2:172.21.15.90:3300/0 1 ==== mon_map magic: 0 ==== 205+0+0 (secure 0 0 0) 0x7f24f0003af0 con 0x7f250010a350
2024-05-27T07:30:16.407 INFO:teuthology.orchestra.run.smithi090.stdout:/usr/bin/ceph: stderr
2024-05-27T07:30:15.469+0000 7f24f7400700 1 -- 172.21.15.90:0/2781024371 <== mon.0 v2:172.21.15.90:3300/0 2 ==== config(25 keys) ==== 1032+0+0 (secure 0 0 0) 0x7f24f001a8a0 con 0x7f250010a350
2024-05-27T07:30:16.407 INFO:teuthology.orchestra.run.smithi090.stdout:/usr/bin/ceph: stderr
2024-05-27T07:30:15.469+0000 7f24ffe00700 1 -- 172.21.15.90:0/2781024371 --> [v2:172.21.15.90:3300/0,v1:172.21.15.90:6789/0] -- mon_subscribe({mgrmap=0+}) -- 0x7f250019e380 con 0x7f250010a350
2024-05-27T07:30:16.407 INFO:teuthology.orchestra.run.smithi090.stdout:/usr/bin/ceph: stderr
2024-05-27T07:30:15.469+0000 7f24f7400700 1 -- 172.21.15.90:0/2781024371 <== mon.0 v2:172.21.15.90:3300/0 3 ==== mon_map magic: 0 ==== 205+0+0 (secure 0 0 0) 0x7f24f0024830 con 0x7f250010a350
2024-05-27T07:30:16.407 INFO:teuthology.orchestra.run.smithi090.stdout:/usr/bin/ceph: stderr
2024-05-27T07:30:15.469+0000 7f24ffe00700 1 -- 172.21.15.90:0/2781024371 --> [v2:172.21.15.90:3300/0,v1:172.21.15.90:6789/0] -- mon_subscribe({osdmap=0}) -- 0x7f25001a0f90 con 0x7f250010a350
2024-05-27T07:30:16.407 INFO:teuthology.orchestra.run.smithi090.stdout:/usr/bin/ceph: stderr
2024-05-27T07:30:15.470+0000 7f24ffe00700 1 -- 172.21.15.90:0/2781024371 --> [v2:172.21.15.90:3300/0,v1:172.21.15.90:6789/0] -- mon_command({"prefix": "get_command_descriptions"} v 0) -- 0x7f2500064e10 con 0x7f250010a350
2024-05-27T07:30:16.407 INFO:teuthology.orchestra.run.smithi090.stdout:/usr/bin/ceph: stderr
2024-05-27T07:30:15.471+0000 7f24f7400700 1 -- 172.21.15.90:0/2781024371 <== mon.0 v2:172.21.15.90:3300/0 4 ==== mgrmap(e 5) ==== 50222+0+0 (secure 0 0 0) 0x7f24f0022020 con 0x7f250010a350
2024-05-27T07:30:16.407 INFO:teuthology.orchestra.run.smithi090.stdout:/usr/bin/ceph: stderr
2024-05-27T07:30:15.471+0000 7f24f7400700 1 --2- 172.21.15.90:0/2781024371 >> [v2:172.21.15.90:6800/410158065,v1:172.21.15.90:6801/410158065] conn(0x7f24e403e4c0 0x7f24e40409d0 unknown :-1 s=NONE pgs=0 cs=0 l=1 rev1=0 crypto rx=0 tx=0 comp rx=0 tx=0).connect
2024-05-27T07:30:16.407 INFO:teuthology.orchestra.run.smithi090.stdout:/usr/bin/ceph: stderr
2024-05-27T07:30:15.471+0000 7f24f7400700 1 -- 172.21.15.90:0/2781024371 <== mon.0 v2:172.21.15.90:3300/0 5 ==== osd_map(1..1 src has 1..1) ==== 725+0+0 (secure 0 0 0) 0x7f24f0053690 con 0x7f250010a350
2024-05-27T07:30:16.408 INFO:teuthology.orchestra.run.smithi090.stdout:/usr/bin/ceph: stderr
2024-05-27T07:30:15.471+0000 7f24fe000700 1 -- 172.21.15.90:0/2781024371 >> [v2:172.21.15.90:6800/410158065,v1:172.21.15.90:6801/410158065] conn(0x7f24e403e4c0 msgr2=0x7f24e40409d0 unknown :-1 s=STATE_CONNECTING_RE l=1).process reconnect failed to v2:172.21.15.90:6800/410158065
2024-05-27T07:30:16.408 INFO:teuthology.orchestra.run.smithi090.stdout:/usr/bin/ceph: stderr
2024-05-27T07:30:15.471+0000 7f24fe000700 1 --2- 172.21.15.90:0/2781024371 >> [v2:172.21.15.90:6800/410158065,v1:172.21.15.90:6801/410158065] conn(0x7f24e403e4c0 0x7f24e40409d0 unknown :-1 s=START_CONNECT pgs=0 cs=0 l=1 rev1=0 crypto rx=0 tx=0 comp rx=0 tx=0)._fault waiting 0.200000
2024-05-27T07:30:16.408 INFO:teuthology.orchestra.run.smithi090.stdout:/usr/bin/ceph: stderr
2024-05-27T07:30:15.477+0000 7f24f7400700 1 -- 172.21.15.90:0/2781024371 <== mon.0 v2:172.21.15.90:3300/0 6 ==== mon_command_ack([{"prefix": "get_command_descriptions"}]=0 v0) ==== 72+0+191963 (secure 0 0 0) 0x7f24f00533f0 con 0x7f250010a350
2024-05-27T07:30:16.408 INFO:teuthology.orchestra.run.smithi090.stdout:/usr/bin/ceph: stderr
2024-05-27T07:30:15.672+0000 7f24fe000700 1 -- 172.21.15.90:0/2781024371 >> [v2:172.21.15.90:6800/410158065,v1:172.21.15.90:6801/410158065] conn(0x7f24e403e4c0 msgr2=0x7f24e40409d0 unknown :-1 s=STATE_CONNECTING_RE l=1).process reconnect failed to v2:172.21.15.90:6800/410158065
2024-05-27T07:30:16.408 INFO:teuthology.orchestra.run.smithi090.stdout:/usr/bin/ceph: stderr
2024-05-27T07:30:15.672+0000 7f24fe000700 1 --2- 172.21.15.90:0/2781024371 >> [v2:172.21.15.90:6800/410158065,v1:172.21.15.90:6801/410158065] conn(0x7f24e403e4c0 0x7f24e40409d0 unknown :-1 s=START_CONNECT pgs=0 cs=0 l=1 rev1=0 crypto rx=0 tx=0 comp rx=0 tx=0)._fault waiting 0.400000
2024-05-27T07:30:16.408 INFO:teuthology.orchestra.run.smithi090.stdout:/usr/bin/ceph: stderr
