2024-05-27T07:30:59.182+0000 7f4e61e00700 1 --2- 172.21.15.90:0/474466369 >> [v2:172.21.15.90:3300/0,v1:172.21.15.90:6789/0] conn(0x7f4e5c07ee50 0x7f4e5c1a0070 unknown :-1 s=CLOSED pgs=62 cs=0 l=1 rev1=1 crypto rx=0 tx=0 comp rx=0 tx=0).stop
2024-05-27T07:30:59.841 INFO:teuthology.orchestra.run.smithi090.stdout:/usr/bin/ceph: stderr
2024-05-27T07:30:59.182+0000 7f4e61e00700 1 --2- 172.21.15.90:0/474466369 >> [v2:172.21.15.90:6800/2742579272,v1:172.21.15.90:6801/2742579272] conn(0x7f4e4003e4c0 0x7f4e400409d0 unknown :-1 s=CLOSED pgs=0 cs=0 l=1 rev1=0 crypto rx=0 tx=0 comp rx=0 tx=0).stop
2024-05-27T07:30:59.841 INFO:teuthology.orchestra.run.smithi090.stdout:/usr/bin/ceph: stderr
2024-05-27T07:30:59.182+0000 7f4e61e00700 1 -- 172.21.15.90:0/474466369 >> 172.21.15.90:0/474466369 conn(0x7f4e5c1050c0 msgr2=0x7f4e5c105990 unknown :-1 s=STATE_NONE l=0).mark_down
2024-05-27T07:30:59.841 INFO:teuthology.orchestra.run.smithi090.stdout:/usr/bin/ceph: stderr
2024-05-27T07:30:59.182+0000 7f4e61e00700 1 -- 172.21.15.90:0/474466369 shutdown_connections
2024-05-27T07:30:59.841 INFO:teuthology.orchestra.run.smithi090.stdout:/usr/bin/ceph: stderr
2024-05-27T07:30:59.182+0000 7f4e61e00700 1 -- 172.21.15.90:0/474466369 wait complete.
2024-05-27T07:30:59.841 INFO:teuthology.orchestra.run.smithi090.stdout:mgr epoch 9 is available
2024-05-27T07:30:59.841 INFO:teuthology.orchestra.run.smithi090.stdout:Generating a dashboard self-signed certificate...
2024-05-27T07:31:00.403 INFO:journalctl@ceph.mon.a.smithi090.stdout:May 27 07:31:00 smithi090 ceph-mon[31429]: [27/May/2024:07:30:58] ENGINE Serving on https://172.21.15.90:7150
2024-05-27T07:31:00.403 INFO:journalctl@ceph.mon.a.smithi090.stdout:May 27 07:31:00 smithi090 ceph-mon[31429]: [27/May/2024:07:30:59] ENGINE Serving on http://172.21.15.90:8765
2024-05-27T07:31:00.403 INFO:journalctl@ceph.mon.a.smithi090.stdout:May 27 07:31:00 smithi090 ceph-mon[31429]: [27/May/2024:07:30:59] ENGINE Bus STARTED
2024-05-27T07:31:00.404 INFO:journalctl@ceph.mon.a.smithi090.stdout:May 27 07:31:00 smithi090 ceph-mon[31429]: from='client.14156 -' entity='client.admin' cmd=[{"prefix": "get_command_descriptions"}]: dispatch
2024-05-27T07:31:00.404 INFO:journalctl@ceph.mon.a.smithi090.stdout:May 27 07:31:00 smithi090 ceph-mon[31429]: from='client.14156 -' entity='client.admin' cmd=[{"prefix": "mgr_status"}]: dispatch
2024-05-27T07:31:01.399 INFO:journalctl@ceph.mon.a.smithi090.stdout:May 27 07:31:01 smithi090 ceph-mon[31429]: mgrmap e12: x(active, since 2s)
2024-05-27T07:31:02.098 INFO:teuthology.orchestra.run.smithi090.stdout:/usr/bin/ceph: stdout Self-signed certificate created
2024-05-27T07:31:02.099 INFO:teuthology.orchestra.run.smithi090.stdout:/usr/bin/ceph: stderr
2024-05-27T07:31:01.091+0000 7f88ede00700 1 Processor -- start
2024-05-27T07:31:02.099 INFO:teuthology.orchestra.run.smithi090.stdout:/usr/bin/ceph: stderr
2024-05-27T07:31:01.091+0000 7f88ede00700 1 -- start start
2024-05-27T07:31:02.099 INFO:teuthology.orchestra.run.smithi090.stdout:/usr/bin/ceph: stderr
2024-05-27T07:31:01.091+0000 7f88ede00700 1 --2- >> [v2:172.21.15.90:3300/0,v1:172.21.15.90:6789/0] conn(0x7f88e8109a30 0x7f88e8109e40 unknown :-1 s=NONE pgs=0 cs=0 l=0 rev1=0 crypto rx=0 tx=0 comp rx=0 tx=0).connect
2024-05-27T07:31:02.099 INFO:teuthology.orchestra.run.smithi090.stdout:/usr/bin/ceph: stderr
2024-05-27T07:31:01.091+0000 7f88ede00700 1 -- --> [v2:172.21.15.90:3300/0,v1:172.21.15.90:6789/0] -- mon_getmap magic: 0 -- 0x7f88e810a430 con 0x7f88e8109a30
2024-05-27T07:31:02.099 INFO:teuthology.orchestra.run.smithi090.stdout:/usr/bin/ceph: stderr
2024-05-27T07:31:01.092+0000 7f88e6a00700 1 --2- >> [v2:172.21.15.90:3300/0,v1:172.21.15.90:6789/0] conn(0x7f88e8109a30 0x7f88e8109e40 unknown :-1 s=BANNER_CONNECTING pgs=0 cs=0 l=0 rev1=0 crypto rx=0 tx=0 comp rx=0 tx=0)._handle_peer_banner_payload supported=3 required=0
2024-05-27T07:31:02.099 INFO:teuthology.orchestra.run.smithi090.stdout:/usr/bin/ceph: stderr
2024-05-27T07:31:01.092+0000 7f88e6a00700 1 --2- >> [v2:172.21.15.90:3300/0,v1:172.21.15.90:6789/0] conn(0x7f88e8109a30 0x7f88e8109e40 unknown :-1 s=HELLO_CONNECTING pgs=0 cs=0 l=0 rev1=1 crypto rx=0 tx=0 comp rx=0 tx=0).handle_hello peer v2:172.21.15.90:3300/0 says I am v2:172.21.15.90:39668/0 (socket says 172.21.15.90:39668)
2024-05-27T07:31:02.099 INFO:teuthology.orchestra.run.smithi090.stdout:/usr/bin/ceph: stderr
2024-05-27T07:31:01.092+0000 7f88e6a00700 1 -- 172.21.15.90:0/609335876 learned_addr learned my addr 172.21.15.90:0/609335876 (peer_addr_for_me v2:172.21.15.90:0/0)
2024-05-27T07:31:02.099 INFO:teuthology.orchestra.run.smithi090.stdout:/usr/bin/ceph: stderr
2024-05-27T07:31:01.092+0000 7f88e6a00700 1 -- 172.21.15.90:0/609335876 --> [v2:172.21.15.90:3300/0,v1:172.21.15.90:6789/0] -- mon_subscribe({config=0+,monmap=0+}) -- 0x7f88e810ac00 con 0x7f88e8109a30
2024-05-27T07:31:02.100 INFO:teuthology.orchestra.run.smithi090.stdout:/usr/bin/ceph: stderr
2024-05-27T07:31:01.093+0000 7f88e6a00700 1 --2- 172.21.15.90:0/609335876 >> [v2:172.21.15.90:3300/0,v1:172.21.15.90:6789/0] conn(0x7f88e8109a30 0x7f88e8109e40 secure :-1 s=READY pgs=70 cs=0 l=1 rev1=1 crypto rx=0x7f88d80098a0 tx=0x7f88d8009bb0 comp rx=0 tx=0).ready entity=mon.0 client_cookie=4de8409a5e3312ac server_cookie=0 in_seq=0 out_seq=0
2024-05-27T07:31:02.100 INFO:teuthology.orchestra.run.smithi090.stdout:/usr/bin/ceph: stderr
2024-05-27T07:31:01.093+0000 7f88e5600700 1 -- 172.21.15.90:0/609335876 <== mon.0 v2:172.21.15.90:3300/0 1 ==== mon_map magic: 0 ==== 205+0+0 (secure 0 0 0) 0x7f88d8004160 con 0x7f88e8109a30
2024-05-27T07:31:02.100 INFO:teuthology.orchestra.run.smithi090.stdout:/usr/bin/ceph: stderr
2024-05-27T07:31:01.093+0000 7f88e5600700 1 -- 172.21.15.90:0/609335876 <== mon.0 v2:172.21.15.90:3300/0 2 ==== config(25 keys) ==== 1063+0+0 (secure 0 0 0) 0x7f88d8004300 con 0x7f88e8109a30
2024-05-27T07:31:02.100 INFO:teuthology.orchestra.run.smithi090.stdout:/usr/bin/ceph: stderr
2024-05-27T07:31:01.093+0000 7f88e5600700 1 -- 172.21.15.90:0/609335876 <== mon.0 v2:172.21.15.90:3300/0 3 ==== mon_map magic: 0 ==== 205+0+0 (secure 0 0 0) 0x7f88d8011960 con 0x7f88e8109a30
2024-05-27T07:31:02.100 INFO:teuthology.orchestra.run.smithi090.stdout:/usr/bin/ceph: stderr
2024-05-27T07:31:01.094+0000 7f88ede00700 1 -- 172.21.15.90:0/609335876 >> [v2:172.21.15.90:3300/0,v1:172.21.15.90:6789/0] conn(0x7f88e8109a30 msgr2=0x7f88e8109e40 secure :-1 s=STATE_CONNECTION_ESTABLISHED l=1).mark_down
2024-05-27T07:31:02.100 INFO:teuthology.orchestra.run.smithi090.stdout:/usr/bin/ceph: stderr
2024-05-27T07:31:01.094+0000 7f88ede00700 1 --2- 172.21.15.90:0/609335876 >> [v2:172.21.15.90:3300/0,v1:172.21.15.90:6789/0] conn(0x7f88e8109a30 0x7f88e8109e40 secure :-1 s=READY pgs=70 cs=0 l=1 rev1=1 crypto rx=0x7f88d80098a0 tx=0x7f88d8009bb0 comp rx=0 tx=0).stop
2024-05-27T07:31:02.101 INFO:teuthology.orchestra.run.smithi090.stdout:/usr/bin/ceph: stderr
2024-05-27T07:31:01.094+0000 7f88ede00700 1 -- 172.21.15.90:0/609335876 shutdown_connections
2024-05-27T07:31:02.101 INFO:teuthology.orchestra.run.smithi090.stdout:/usr/bin/ceph: stderr
2024-05-27T07:31:01.094+0000 7f88ede00700 1 --2- 172.21.15.90:0/609335876 >> [v2:172.21.15.90:3300/0,v1:172.21.15.90:6789/0] conn(0x7f88e8109a30 0x7f88e8109e40 unknown :-1 s=CLOSED pgs=70 cs=0 l=1 rev1=1 crypto rx=0 tx=0 comp rx=0 tx=0).stop
2024-05-27T07:31:02.101 INFO:teuthology.orchestra.run.smithi090.stdout:/usr/bin/ceph: stderr
2024-05-27T07:31:01.094+0000 7f88ede00700 1 -- 172.21.15.90:0/609335876 >> 172.21.15.90:0/609335876 conn(0x7f88e8105090 msgr2=0x7f88e8107520 unknown :-1 s=STATE_NONE l=0).mark_down
2024-05-27T07:31:02.101 INFO:teuthology.orchestra.run.smithi090.stdout:/usr/bin/ceph: stderr
2024-05-27T07:31:01.094+0000 7f88ede00700 1 -- 172.21.15.90:0/609335876 shutdown_connections
2024-05-27T07:31:02.101 INFO:teuthology.orchestra.run.smithi090.stdout:/usr/bin/ceph: stderr
2024-05-27T07:31:01.094+0000 7f88ede00700 1 -- 172.21.15.90:0/609335876 wait complete.
2024-05-27T07:31:02.101 INFO:teuthology.orchestra.run.smithi090.stdout:/usr/bin/ceph: stderr
2024-05-27T07:31:01.095+0000 7f88ede00700 1 Processor -- start
2024-05-27T07:31:02.101 INFO:teuthology.orchestra.run.smithi090.stdout:/usr/bin/ceph: stderr
2024-05-27T07:31:01.095+0000 7f88ede00700 1 -- start start
2024-05-27T07:31:02.101 INFO:teuthology.orchestra.run.smithi090.stdout:/usr/bin/ceph: stderr
2024-05-27T07:31:01.096+0000 7f88ede00700 1 --2- >> [v2:172.21.15.90:3300/0,v1:172.21.15.90:6789/0] conn(0x7f88e8109a30 0x7f88e819dd80 unknown :-1 s=NONE pgs=0 cs=0 l=1 rev1=0 crypto rx=0 tx=0 comp rx=0 tx=0).connect
2024-05-27T07:31:02.101 INFO:teuthology.orchestra.run.smithi090.stdout:/usr/bin/ceph: stderr
2024-05-27T07:31:01.096+0000 7f88ede00700 1 -- --> [v2:172.21.15.90:3300/0,v1:172.21.15.90:6789/0] -- mon_getmap magic: 0 -- 0x7f88e810dfb0 con 0x7f88e8109a30
2024-05-27T07:31:02.101 INFO:teuthology.orchestra.run.smithi090.stdout:/usr/bin/ceph: stderr
2024-05-27T07:31:01.096+0000 7f88e6a00700 1 --2- >> [v2:172.21.15.90:3300/0,v1:172.21.15.90:6789/0] conn(0x7f88e8109a30 0x7f88e819dd80 unknown :-1 s=BANNER_CONNECTING pgs=0 cs=0 l=1 rev1=0 crypto rx=0 tx=0 comp rx=0 tx=0)._handle_peer_banner_payload supported=3 required=0
2024-05-27T07:31:02.101 INFO:teuthology.orchestra.run.smithi090.stdout:/usr/bin/ceph: stderr
2024-05-27T07:31:01.096+0000 7f88e6a00700 1 --2- >> [v2:172.21.15.90:3300/0,v1:172.21.15.90:6789/0] conn(0x7f88e8109a30 0x7f88e819dd80 unknown :-1 s=HELLO_CONNECTING pgs=0 cs=0 l=1 rev1=1 crypto rx=0 tx=0 comp rx=0 tx=0).handle_hello peer v2:172.21.15.90:3300/0 says I am v2:172.21.15.90:39678/0 (socket says 172.21.15.90:39678)
2024-05-27T07:31:02.102 INFO:teuthology.orchestra.run.smithi090.stdout:/usr/bin/ceph: stderr
2024-05-27T07:31:01.096+0000 7f88e6a00700 1 -- 172.21.15.90:0/1381168819 learned_addr learned my addr 172.21.15.90:0/1381168819 (peer_addr_for_me v2:172.21.15.90:0/0)
2024-05-27T07:31:02.102 INFO:teuthology.orchestra.run.smithi090.stdout:/usr/bin/ceph: stderr
2024-05-27T07:31:01.096+0000 7f88e6a00700 1 -- 172.21.15.90:0/1381168819 --> [v2:172.21.15.90:3300/0,v1:172.21.15.90:6789/0] -- mon_subscribe({config=0+,monmap=0+}) -- 0x7f88e819e2c0 con 0x7f88e8109a30
2024-05-27T07:31:02.102 INFO:teuthology.orchestra.run.smithi090.stdout:/usr/bin/ceph: stderr
2024-05-27T07:31:01.097+0000 7f88e6a00700 1 --2- 172.21.15.90:0/1381168819 >> [v2:172.21.15.90:3300/0,v1:172.21.15.90:6789/0] conn(0x7f88e8109a30 0x7f88e819dd80 secure :-1 s=READY pgs=71 cs=0 l=1 rev1=1 crypto rx=0x7f88d8011980 tx=0x7f88d8011a60 comp rx=0 tx=0).ready entity=mon.0 client_cookie=0 server_cookie=0 in_seq=0 out_seq=0
2024-05-27T07:31:02.102 INFO:teuthology.orchestra.run.smithi090.stdout:/usr/bin/ceph: stderr
2024-05-27T07:31:01.097+0000 7f88eca00700 1 -- 172.21.15.90:0/1381168819 <== mon.0 v2:172.21.15.90:3300/0 1 ==== mon_map magic: 0 ==== 205+0+0 (secure 0 0 0) 0x7f88d801f070 con 0x7f88e8109a30
2024-05-27T07:31:02.102 INFO:teuthology.orchestra.run.smithi090.stdout:/usr/bin/ceph: stderr
2024-05-27T07:31:01.097+0000 7f88eca00700 1 -- 172.21.15.90:0/1381168819 <== mon.0 v2:172.21.15.90:3300/0 2 ==== config(25 keys) ==== 1063+0+0 (secure 0 0 0) 0x7f88d8003aa0 con 0x7f88e8109a30
2024-05-27T07:31:02.102 INFO:teuthology.orchestra.run.smithi090.stdout:/usr/bin/ceph: stderr
2024-05-27T07:31:01.097+0000 7f88eca00700 1 -- 172.21.15.90:0/1381168819 <== mon.0 v2:172.21.15.90:3300/0 3 ==== mon_map magic: 0 ==== 205+0+0 (secure 0 0 0) 0x7f88d8019560 con 0x7f88e8109a30
2024-05-27T07:31:02.102 INFO:teuthology.orchestra.run.smithi090.stdout:/usr/bin/ceph: stderr
2024-05-27T07:31:01.097+0000 7f88ede00700 1 -- 172.21.15.90:0/1381168819 --> [v2:172.21.15.90:3300/0,v1:172.21.15.90:6789/0] -- mon_subscribe({mgrmap=0+}) -- 0x7f88e819e550 con 0x7f88e8109a30
2024-05-27T07:31:02.102 INFO:teuthology.orchestra.run.smithi090.stdout:/usr/bin/ceph: stderr
2024-05-27T07:31:01.097+0000 7f88ede00700 1 -- 172.21.15.90:0/1381168819 --> [v2:172.21.15.90:3300/0,v1:172.21.15.90:6789/0] -- mon_subscribe({osdmap=0}) -- 0x7f88e81a1160 con 0x7f88e8109a30
2024-05-27T07:31:02.102 INFO:teuthology.orchestra.run.smithi090.stdout:/usr/bin/ceph: stderr
2024-05-27T07:31:01.098+0000 7f88ede00700 1 -- 172.21.15.90:0/1381168819 --> [v2:172.21.15.90:3300/0,v1:172.21.15.90:6789/0] -- mon_command({"prefix": "get_command_descriptions"} v 0) -- 0x7f88e8064e10 con 0x7f88e8109a30
2024-05-27T07:31:02.102 INFO:teuthology.orchestra.run.smithi090.stdout:/usr/bin/ceph: stderr
2024-05-27T07:31:01.099+0000 7f88eca00700 1 -- 172.21.15.90:0/1381168819 <== mon.0 v2:172.21.15.90:3300/0 4 ==== mgrmap(e 12) ==== 50235+0+0 (secure 0 0 0) 0x7f88d8022070 con 0x7f88e8109a30
2024-05-27T07:31:02.102 INFO:teuthology.orchestra.run.smithi090.stdout:/usr/bin/ceph: stderr
2024-05-27T07:31:01.099+0000 7f88eca00700 1 --2- 172.21.15.90:0/1381168819 >> [v2:172.21.15.90:6800/2854405112,v1:172.21.15.90:6801/2854405112] conn(0x7f88cc03e510 0x7f88cc040a20 unknown :-1 s=NONE pgs=0 cs=0 l=1 rev1=0 crypto rx=0 tx=0 comp rx=0 tx=0).connect
2024-05-27T07:31:02.102 INFO:teuthology.orchestra.run.smithi090.stdout:/usr/bin/ceph: stderr
2024-05-27T07:31:01.099+0000 7f88eca00700 1 -- 172.21.15.90:0/1381168819 <== mon.0 v2:172.21.15.90:3300/0 5 ==== osd_map(3..3 src has 1..3) ==== 1155+0+0 (secure 0 0 0) 0x7f88d8053a90 con 0x7f88e8109a30
2024-05-27T07:31:02.103 INFO:teuthology.orchestra.run.smithi090.stdout:/usr/bin/ceph: stderr
2024-05-27T07:31:01.099+0000 7f88e6000700 1 --2- 172.21.15.90:0/1381168819 >> [v2:172.21.15.90:6800/2854405112,v1:172.21.15.90:6801/2854405112] conn(0x7f88cc03e510 0x7f88cc040a20 unknown :-1 s=BANNER_CONNECTING pgs=0 cs=0 l=1 rev1=0 crypto rx=0 tx=0 comp rx=0 tx=0)._handle_peer_banner_payload supported=3 required=0
2024-05-27T07:31:02.103 INFO:teuthology.orchestra.run.smithi090.stdout:/usr/bin/ceph: stderr
2024-05-27T07:31:01.100+0000 7f88e6000700 1 --2- 172.21.15.90:0/1381168819 >> [v2:172.21.15.90:6800/2854405112,v1:172.21.15.90:6801/2854405112] conn(0x7f88cc03e510 0x7f88cc040a20 secure :-1 s=READY pgs=7 cs=0 l=1 rev1=1 crypto rx=0x7f88d4006fd0 tx=0x7f88d4006e40 comp rx=0 tx=0).ready entity=mgr.14152 client_cookie=0 server_cookie=0 in_seq=0 out_seq=0
2024-05-27T07:31:02.103 INFO:teuthology.orchestra.run.smithi090.stdout:/usr/bin/ceph: stderr
2024-05-27T07:31:01.105+0000 7f88eca00700 1 -- 172.21.15.90:0/1381168819 <== mon.0 v2:172.21.15.90:3300/0 6 ==== mon_command_ack([{"prefix": "get_command_descriptions"}]=0 v0) ==== 72+0+191963 (secure 0 0 0) 0x7f88d8023e50 con 0x7f88e8109a30
2024-05-27T07:31:02.103 INFO:teuthology.orchestra.run.smithi090.stdout:/usr/bin/ceph: stderr
2024-05-27T07:31:01.345+0000 7f88ede00700 1 -- 172.21.15.90:0/1381168819 --> [v2:172.21.15.90:6800/2854405112,v1:172.21.15.90:6801/2854405112] -- mgr_command(tid 0: {"prefix": "dashboard create-self-signed-cert", "target": ["mon-mgr", ""]}) -- 0x7f88e81a1330 con 0x7f88cc03e510
2024-05-27T07:31:02.103 INFO:teuthology.orchestra.run.smithi090.stdout:/usr/bin/ceph: stderr
2024-05-27T07:31:01.455+0000 7f88eca00700 1 -- 172.21.15.90:0/1381168819 <== mgr.14152 v2:172.21.15.90:6800/2854405112 1 ==== mgr_command_reply(tid 0: 0 ) ==== 8+0+32 (secure 0 0 0) 0x7f88e81a1330 con 0x7f88cc03e510
2024-05-27T07:31:02.104 INFO:teuthology.orchestra.run.smithi090.stdout:/usr/bin/ceph: stderr
2024-05-27T07:31:01.458+0000 7f88ede00700 1 -- 172.21.15.90:0/1381168819 >> [v2:172.21.15.90:6800/2854405112,v1:172.21.15.90:6801/2854405112] conn(0x7f88cc03e510 msgr2=0x7f88cc040a20 secure :-1 s=STATE_CONNECTION_ESTABLISHED l=1).mark_down
2024-05-27T07:31:02.104 INFO:teuthology.orchestra.run.smithi090.stdout:/usr/bin/ceph: stderr
2024-05-27T07:31:01.458+0000 7f88ede00700 1 --2- 172.21.15.90:0/1381168819 >> [v2:172.21.15.90:6800/2854405112,v1:172.21.15.90:6801/2854405112] conn(0x7f88cc03e510 0x7f88cc040a20 secure :-1 s=READY pgs=7 cs=0 l=1 rev1=1 crypto rx=0x7f88d4006fd0 tx=0x7f88d4006e40 comp rx=0 tx=0).stop
2024-05-27T07:31:02.104 INFO:teuthology.orchestra.run.smithi090.stdout:/usr/bin/ceph: stderr
2024-05-27T07:31:01.458+0000 7f88ede00700 1 -- 172.21.15.90:0/1381168819 >> [v2:172.21.15.90:3300/0,v1:172.21.15.90:6789/0] conn(0x7f88e8109a30 msgr2=0x7f88e819dd80 secure :-1 s=STATE_CONNECTION_ESTABLISHED l=1).mark_down
2024-05-27T07:31:02.104 INFO:teuthology.orchestra.run.smithi090.stdout:/usr/bin/ceph: stderr
2024-05-27T07:31:01.458+0000 7f88ede00700 1 --2- 172.21.15.90:0/1381168819 >> [v2:172.21.15.90:3300/0,v1:172.21.15.90:6789/0] conn(0x7f88e8109a30 0x7f88e819dd80 secure :-1 s=READY pgs=71 cs=0 l=1 rev1=1 crypto rx=0x7f88d8011980 tx=0x7f88d8011a60 comp rx=0 tx=0).stop
2024-05-27T07:31:02.104 INFO:teuthology.orchestra.run.smithi090.stdout:/usr/bin/ceph: stderr
2024-05-27T07:31:01.459+0000 7f88ede00700 1 -- 172.21.15.90:0/1381168819 shutdown_connections
2024-05-27T07:31:02.104 INFO:teuthology.orchestra.run.smithi090.stdout:/usr/bin/ceph: stderr
2024-05-27T07:31:01.459+0000 7f88ede00700 1 --2- 172.21.15.90:0/1381168819 >> [v2:172.21.15.90:6800/2854405112,v1:172.21.15.90:6801/2854405112] conn(0x7f88cc03e510 0x7f88cc040a20 unknown :-1 s=CLOSED pgs=7 cs=0 l=1 rev1=1 crypto rx=0 tx=0 comp rx=0 tx=0).stop
2024-05-27T07:31:02.104 INFO:teuthology.orchestra.run.smithi090.stdout:/usr/bin/ceph: stderr
2024-05-27T07:31:01.459+0000 7f88ede00700 1 --2- 172.21.15.90:0/1381168819 >> [v2:172.21.15.90:3300/0,v1:172.21.15.90:6789/0] conn(0x7f88e8109a30 0x7f88e819dd80 unknown :-1 s=CLOSED pgs=71 cs=0 l=1 rev1=1 crypto rx=0 tx=0 comp rx=0 tx=0).stop
2024-05-27T07:31:02.104 INFO:teuthology.orchestra.run.smithi090.stdout:/usr/bin/ceph: stderr
2024-05-27T07:31:01.459+0000 7f88ede00700 1 -- 172.21.15.90:0/1381168819 >> 172.21.15.90:0/1381168819 conn(0x7f88e8105090 msgr2=0x7f88e8105950 unknown :-1 s=STATE_NONE l=0).mark_down
2024-05-27T07:31:02.104 INFO:teuthology.orchestra.run.smithi090.stdout:/usr/bin/ceph: stderr
2024-05-27T07:31:01.459+0000 7f88ede00700 1 -- 172.21.15.90:0/1381168819 shutdown_connections
2024-05-27T07:31:02.104 INFO:teuthology.orchestra.run.smithi090.stdout:/usr/bin/ceph: stderr
2024-05-27T07:31:01.459+0000 7f88ede00700 1 -- 172.21.15.90:0/1381168819 wait complete.
2024-05-27T07:31:02.104 INFO:teuthology.orchestra.run.smithi090.stdout:Creating initial admin user...
2024-05-27T07:31:02.704 INFO:journalctl@ceph.mon.a.smithi090.stdout:May 27 07:31:02 smithi090 ceph-mon[31429]: from='client.14164 -' entity='client.admin' cmd=[{"prefix": "dashboard create-self-signed-cert", "target": ["mon-mgr", ""]}]: dispatch
2024-05-27T07:31:02.705 INFO:journalctl@ceph.mon.a.smithi090.stdout:May 27 07:31:02 smithi090 ceph-mon[31429]: from='mgr.14152 172.21.15.90:0/65769219' entity='mgr.x'
2024-05-27T07:31:02.705 INFO:journalctl@ceph.mon.a.smithi090.stdout:May 27 07:31:02 smithi090 ceph-mon[31429]: from='mgr.14152 172.21.15.90:0/65769219' entity='mgr.x'
2024-05-27T07:31:02.705 INFO:journalctl@ceph.mon.a.smithi090.stdout:May 27 07:31:02 smithi090 ceph-mon[31429]: from='mgr.14152 172.21.15.90:0/65769219' entity='mgr.x'
2024-05-27T07:31:03.940 INFO:teuthology.orchestra.run.smithi090.stdout:/usr/bin/ceph: stdout {"username": "admin", "password": "$2b$12$0gLRSZeveFyVnDfWYwXSWO6arUPXxS4itCkPQ75xyWiBIek3WZ55e", "roles": ["administrator"], "name": null, "email": null, "lastUpdate": 1716795063, "enabled": true, "pwdExpirationDate": null, "pwdUpdateRequired": true}
2024-05-27T07:31:03.941 INFO:teuthology.orchestra.run.smithi090.stdout:/usr/bin/ceph: stderr
2024-05-27T07:31:02.720+0000 7f616e400700 1 Processor -- start
2024-05-27T07:31:03.941 INFO:teuthology.orchestra.run.smithi090.stdout:/usr/bin/ceph: stderr
2024-05-27T07:31:02.721+0000 7f616e400700 1 -- start start
2024-05-27T07:31:03.941 INFO:teuthology.orchestra.run.smithi090.stdout:/usr/bin/ceph: stderr
2024-05-27T07:31:02.721+0000 7f616e400700 1 --2- >> [v2:172.21.15.90:3300/0,v1:172.21.15.90:6789/0] conn(0x7f616810a4e0 0x7f616810c900 unknown :-1 s=NONE pgs=0 cs=0 l=0 rev1=0 crypto rx=0 tx=0 comp rx=0 tx=0).connect
2024-05-27T07:31:03.941 INFO:teuthology.orchestra.run.smithi090.stdout:/usr/bin/ceph: stderr
2024-05-27T07:31:02.721+0000 7f616e400700 1 -- --> [v2:172.21.15.90:3300/0,v1:172.21.15.90:6789/0] -- mon_getmap magic: 0 -- 0x7f616807ce80 con 0x7f616810a4e0
2024-05-27T07:31:03.941 INFO:teuthology.orchestra.run.smithi090.stdout:/usr/bin/ceph: stderr
2024-05-27T07:31:02.721+0000 7f6167400700 1 --2- >> [v2:172.21.15.90:3300/0,v1:172.21.15.90:6789/0] conn(0x7f616810a4e0 0x7f616810c900 unknown :-1 s=BANNER_CONNECTING pgs=0 cs=0 l=0 rev1=0 crypto rx=0 tx=0 comp rx=0 tx=0)._handle_peer_banner_payload supported=3 required=0
2024-05-27T07:31:03.941 INFO:teuthology.orchestra.run.smithi090.stdout:/usr/bin/ceph: stderr
2024-05-27T07:31:02.722+0000 7f6167400700 1 --2- >> [v2:172.21.15.90:3300/0,v1:172.21.15.90:6789/0] conn(0x7f616810a4e0 0x7f616810c900 unknown :-1 s=HELLO_CONNECTING pgs=0 cs=0 l=0 rev1=1 crypto rx=0 tx=0 comp rx=0 tx=0).handle_hello peer v2:172.21.15.90:3300/0 says I am v2:172.21.15.90:39680/0 (socket says 172.21.15.90:39680)
2024-05-27T07:31:03.942 INFO:teuthology.orchestra.run.smithi090.stdout:/usr/bin/ceph: stderr
2024-05-27T07:31:02.722+0000 7f6167400700 1 -- 172.21.15.90:0/1644527534 learned_addr learned my addr 172.21.15.90:0/1644527534 (peer_addr_for_me v2:172.21.15.90:0/0)
2024-05-27T07:31:03.942 INFO:teuthology.orchestra.run.smithi090.stdout:/usr/bin/ceph: stderr
2024-05-27T07:31:02.722+0000 7f6167400700 1 -- 172.21.15.90:0/1644527534 --> [v2:172.21.15.90:3300/0,v1:172.21.15.90:6789/0] -- mon_subscribe({config=0+,monmap=0+}) -- 0x7f616810ce40 con 0x7f616810a4e0
2024-05-27T07:31:03.942 INFO:teuthology.orchestra.run.smithi090.stdout:/usr/bin/ceph: stderr
2024-05-27T07:31:02.722+0000 7f6167400700 1 --2- 172.21.15.90:0/1644527534 >> [v2:172.21.15.90:3300/0,v1:172.21.15.90:6789/0] conn(0x7f616810a4e0 0x7f616810c900 secure :-1 s=READY pgs=72 cs=0 l=1 rev1=1 crypto rx=0x7f61580098a0 tx=0x7f6158009bb0 comp rx=0 tx=0).ready entity=mon.0 client_cookie=56dff471b6d45eaa server_cookie=0 in_seq=0 out_seq=0
2024-05-27T07:31:03.942 INFO:teuthology.orchestra.run.smithi090.stdout:/usr/bin/ceph: stderr
2024-05-27T07:31:02.723+0000 7f6166000700 1 -- 172.21.15.90:0/1644527534 <== mon.0 v2:172.21.15.90:3300/0 1 ==== mon_map magic: 0 ==== 205+0+0 (secure 0 0 0) 0x7f6158004160 con 0x7f616810a4e0
2024-05-27T07:31:03.942 INFO:teuthology.orchestra.run.smithi090.stdout:/usr/bin/ceph: stderr
2024-05-27T07:31:02.723+0000 7f6166000700 1 -- 172.21.15.90:0/1644527534 <== mon.0 v2:172.21.15.90:3300/0 2 ==== config(25 keys) ==== 1063+0+0 (secure 0 0 0) 0x7f6158004300 con 0x7f616810a4e0
2024-05-27T07:31:03.942 INFO:teuthology.orchestra.run.smithi090.stdout:/usr/bin/ceph: stderr
2024-05-27T07:31:02.723+0000 7f6166000700 1 -- 172.21.15.90:0/1644527534 <== mon.0 v2:172.21.15.90:3300/0 3 ==== mon_map magic: 0 ==== 205+0+0 (secure 0 0 0) 0x7f6158011960 con 0x7f616810a4e0
2024-05-27T07:31:03.942 INFO:teuthology.orchestra.run.smithi090.stdout:/usr/bin/ceph: stderr
2024-05-27T07:31:02.724+0000 7f616e400700 1 -- 172.21.15.90:0/1644527534 >> [v2:172.21.15.90:3300/0,v1:172.21.15.90:6789/0] conn(0x7f616810a4e0 msgr2=0x7f616810c900 secure :-1 s=STATE_CONNECTION_ESTABLISHED l=1).mark_down
2024-05-27T07:31:03.943 INFO:teuthology.orchestra.run.smithi090.stdout:/usr/bin/ceph: stderr
2024-05-27T07:31:02.724+0000 7f616e400700 1 --2- 172.21.15.90:0/1644527534 >> [v2:172.21.15.90:3300/0,v1:172.21.15.90:6789/0] conn(0x7f616810a4e0 0x7f616810c900 secure :-1 s=READY pgs=72 cs=0 l=1 rev1=1 crypto rx=0x7f61580098a0 tx=0x7f6158009bb0 comp rx=0 tx=0).stop
2024-05-27T07:31:03.943 INFO:teuthology.orchestra.run.smithi090.stdout:/usr/bin/ceph: stderr
2024-05-27T07:31:02.724+0000 7f616e400700 1 -- 172.21.15.90:0/1644527534 shutdown_connections
2024-05-27T07:31:03.943 INFO:teuthology.orchestra.run.smithi090.stdout:/usr/bin/ceph: stderr
2024-05-27T07:31:02.724+0000 7f616e400700 1 --2- 172.21.15.90:0/1644527534 >> [v2:172.21.15.90:3300/0,v1:172.21.15.90:6789/0] conn(0x7f616810a4e0 0x7f616810c900 unknown :-1 s=CLOSED pgs=72 cs=0 l=1 rev1=1 crypto rx=0 tx=0 comp rx=0 tx=0).stop
2024-05-27T07:31:03.943 INFO:teuthology.orchestra.run.smithi090.stdout:/usr/bin/ceph: stderr
2024-05-27T07:31:02.724+0000 7f616e400700 1 -- 172.21.15.90:0/1644527534 >> 172.21.15.90:0/1644527534 conn(0x7f6168103f60 msgr2=0x7f61681063f0 unknown :-1 s=STATE_NONE l=0).mark_down
2024-05-27T07:31:03.943 INFO:teuthology.orchestra.run.smithi090.stdout:/usr/bin/ceph: stderr
2024-05-27T07:31:02.724+0000 7f616e400700 1 -- 172.21.15.90:0/1644527534 shutdown_connections
2024-05-27T07:31:03.943 INFO:teuthology.orchestra.run.smithi090.stdout:/usr/bin/ceph: stderr
2024-05-27T07:31:02.724+0000 7f616e400700 1 -- 172.21.15.90:0/1644527534 wait complete.
2024-05-27T07:31:03.944 INFO:teuthology.orchestra.run.smithi090.stdout:/usr/bin/ceph: stderr
2024-05-27T07:31:02.725+0000 7f616e400700 1 Processor -- start
2024-05-27T07:31:03.944 INFO:teuthology.orchestra.run.smithi090.stdout:/usr/bin/ceph: stderr
2024-05-27T07:31:02.726+0000 7f616e400700 1 -- start start
2024-05-27T07:31:03.944 INFO:teuthology.orchestra.run.smithi090.stdout:/usr/bin/ceph: stderr
2024-05-27T07:31:02.726+0000 7f616e400700 1 --2- >> [v2:172.21.15.90:3300/0,v1:172.21.15.90:6789/0] conn(0x7f616810a4e0 0x7f6168109c60 unknown :-1 s=NONE pgs=0 cs=0 l=1 rev1=0 crypto rx=0 tx=0 comp rx=0 tx=0).connect
2024-05-27T07:31:03.944 INFO:teuthology.orchestra.run.smithi090.stdout:/usr/bin/ceph: stderr
2024-05-27T07:31:02.726+0000 7f616e400700 1 -- --> [v2:172.21.15.90:3300/0,v1:172.21.15.90:6789/0] -- mon_getmap magic: 0 -- 0x7f616810dde0 con 0x7f616810a4e0
2024-05-27T07:31:03.945 INFO:teuthology.orchestra.run.smithi090.stdout:/usr/bin/ceph: stderr
2024-05-27T07:31:02.726+0000 7f6167400700 1 --2- >> [v2:172.21.15.90:3300/0,v1:172.21.15.90:6789/0] conn(0x7f616810a4e0 0x7f6168109c60 unknown :-1 s=BANNER_CONNECTING pgs=0 cs=0 l=1 rev1=0 crypto rx=0 tx=0 comp rx=0 tx=0)._handle_peer_banner_payload supported=3 required=0
2024-05-27T07:31:03.945 INFO:teuthology.orchestra.run.smithi090.stdout:/usr/bin/ceph: stderr
2024-05-27T07:31:02.726+0000 7f6167400700 1 --2- >> [v2:172.21.15.90:3300/0,v1:172.21.15.90:6789/0] conn(0x7f616810a4e0 0x7f6168109c60 unknown :-1 s=HELLO_CONNECTING pgs=0 cs=0 l=1 rev1=1 crypto rx=0 tx=0 comp rx=0 tx=0).handle_hello peer v2:172.21.15.90:3300/0 says I am v2:172.21.15.90:39686/0 (socket says 172.21.15.90:39686)
2024-05-27T07:31:03.945 INFO:teuthology.orchestra.run.smithi090.stdout:/usr/bin/ceph: stderr
2024-05-27T07:31:02.726+0000 7f6167400700 1 -- 172.21.15.90:0/3549879653 learned_addr learned my addr 172.21.15.90:0/3549879653 (peer_addr_for_me v2:172.21.15.90:0/0)
2024-05-27T07:31:03.945 INFO:teuthology.orchestra.run.smithi090.stdout:/usr/bin/ceph: stderr
2024-05-27T07:31:02.727+0000 7f6167400700 1 -- 172.21.15.90:0/3549879653 --> [v2:172.21.15.90:3300/0,v1:172.21.15.90:6789/0] -- mon_subscribe({config=0+,monmap=0+}) -- 0x7f616810a1a0 con 0x7f616810a4e0
2024-05-27T07:31:03.945 INFO:teuthology.orchestra.run.smithi090.stdout:/usr/bin/ceph: stderr
2024-05-27T07:31:02.727+0000 7f6167400700 1 --2- 172.21.15.90:0/3549879653 >> [v2:172.21.15.90:3300/0,v1:172.21.15.90:6789/0] conn(0x7f616810a4e0 0x7f6168109c60 secure :-1 s=READY pgs=73 cs=0 l=1 rev1=1 crypto rx=0x7f6158011670 tx=0x7f6158011a30 comp rx=0 tx=0).ready entity=mon.0 client_cookie=0 server_cookie=0 in_seq=0 out_seq=0
2024-05-27T07:31:03.945 INFO:teuthology.orchestra.run.smithi090.stdout:/usr/bin/ceph: stderr
2024-05-27T07:31:02.727+0000 7f615fe00700 1 -- 172.21.15.90:0/3549879653 <== mon.0 v2:172.21.15.90:3300/0 1 ==== mon_map magic: 0 ==== 205+0+0 (secure 0 0 0) 0x7f615801f070 con 0x7f616810a4e0
2024-05-27T07:31:03.945 INFO:teuthology.orchestra.run.smithi090.stdout:/usr/bin/ceph: stderr
2024-05-27T07:31:02.727+0000 7f615fe00700 1 -- 172.21.15.90:0/3549879653 <== mon.0 v2:172.21.15.90:3300/0 2 ==== config(25 keys) ==== 1063+0+0 (secure 0 0 0) 0x7f6158003b20 con 0x7f616810a4e0
2024-05-27T07:31:03.946 INFO:teuthology.orchestra.run.smithi090.stdout:/usr/bin/ceph: stderr
2024-05-27T07:31:02.728+0000 7f616e400700 1 -- 172.21.15.90:0/3549879653 --> [v2:172.21.15.90:3300/0,v1:172.21.15.90:6789/0] -- mon_subscribe({mgrmap=0+}) -- 0x7f61681083f0 con 0x7f616810a4e0
2024-05-27T07:31:03.946 INFO:teuthology.orchestra.run.smithi090.stdout:/usr/bin/ceph: stderr
2024-05-27T07:31:02.728+0000 7f616e400700 1 -- 172.21.15.90:0/3549879653 --> [v2:172.21.15.90:3300/0,v1:172.21.15.90:6789/0] -- mon_subscribe({osdmap=0}) -- 0x7f61681088d0 con 0x7f616810a4e0
2024-05-27T07:31:03.946 INFO:teuthology.orchestra.run.smithi090.stdout:/usr/bin/ceph: stderr
2024-05-27T07:31:02.728+0000 7f615fe00700 1 -- 172.21.15.90:0/3549879653 <== mon.0 v2:172.21.15.90:3300/0 3 ==== mon_map magic: 0 ==== 205+0+0 (secure 0 0 0) 0x7f6158019580 con 0x7f616810a4e0
2024-05-27T07:31:03.946 INFO:teuthology.orchestra.run.smithi090.stdout:/usr/bin/ceph: stderr
2024-05-27T07:31:02.729+0000 7f615fe00700 1 -- 172.21.15.90:0/3549879653 <== mon.0 v2:172.21.15.90:3300/0 4 ==== mgrmap(e 12) ==== 50235+0+0 (secure 0 0 0) 0x7f6158022070 con 0x7f616810a4e0
2024-05-27T07:31:03.946 INFO:teuthology.orchestra.run.smithi090.stdout:/usr/bin/ceph: stderr
2024-05-27T07:31:02.730+0000 7f615fe00700 1 --2- 172.21.15.90:0/3549879653 >> [v2:172.21.15.90:6800/2854405112,v1:172.21.15.90:6801/2854405112] conn(0x7f614c03e520 0x7f614c040a30 unknown :-1 s=NONE pgs=0 cs=0 l=1 rev1=0 crypto rx=0 tx=0 comp rx=0 tx=0).connect
2024-05-27T07:31:03.946 INFO:teuthology.orchestra.run.smithi090.stdout:/usr/bin/ceph: stderr
2024-05-27T07:31:02.730+0000 7f615fe00700 1 -- 172.21.15.90:0/3549879653 <== mon.0 v2:172.21.15.90:3300/0 5 ==== osd_map(3..3 src has 1..3) ==== 1155+0+0 (secure 0 0 0) 0x7f6158054ad0 con 0x7f616810a4e0
2024-05-27T07:31:03.946 INFO:teuthology.orchestra.run.smithi090.stdout:/usr/bin/ceph: stderr
2024-05-27T07:31:02.730+0000 7f616e400700 1 -- 172.21.15.90:0/3549879653 --> [v2:172.21.15.90:3300/0,v1:172.21.15.90:6789/0] -- mon_command({"prefix": "get_command_descriptions"} v 0) -- 0x7f6148005360 con 0x7f616810a4e0
2024-05-27T07:31:03.947 INFO:teuthology.orchestra.run.smithi090.stdout:/usr/bin/ceph: stderr
2024-05-27T07:31:02.730+0000 7f6166a00700 1 --2- 172.21.15.90:0/3549879653 >> [v2:172.21.15.90:6800/2854405112,v1:172.21.15.90:6801/2854405112] conn(0x7f614c03e520 0x7f614c040a30 unknown :-1 s=BANNER_CONNECTING pgs=0 cs=0 l=1 rev1=0 crypto rx=0 tx=0 comp rx=0 tx=0)._handle_peer_banner_payload supported=3 required=0
2024-05-27T07:31:03.947 INFO:teuthology.orchestra.run.smithi090.stdout:/usr/bin/ceph: stderr
2024-05-27T07:31:02.731+0000 7f6166a00700 1 --2- 172.21.15.90:0/3549879653 >> [v2:172.21.15.90:6800/2854405112,v1:172.21.15.90:6801/2854405112] conn(0x7f614c03e520 0x7f614c040a30 secure :-1 s=READY pgs=8 cs=0 l=1 rev1=1 crypto rx=0x7f6154006fd0 tx=0x7f6154006e40 comp rx=0 tx=0).ready entity=mgr.14152 client_cookie=0 server_cookie=0 in_seq=0 out_seq=0
2024-05-27T07:31:03.947 INFO:teuthology.orchestra.run.smithi090.stdout:/usr/bin/ceph: stderr
2024-05-27T07:31:02.739+0000 7f615fe00700 1 -- 172.21.15.90:0/3549879653 <== mon.0 v2:172.21.15.90:3300/0 6 ==== mon_command_ack([{"prefix": "get_command_descriptions"}]=0 v0) ==== 72+0+191963 (secure 0 0 0) 0x7f61580172b0 con 0x7f616810a4e0
2024-05-27T07:31:03.947 INFO:teuthology.orchestra.run.smithi090.stdout:/usr/bin/ceph: stderr
2024-05-27T07:31:02.992+0000 7f616e400700 1 -- 172.21.15.90:0/3549879653 --> [v2:172.21.15.90:6800/2854405112,v1:172.21.15.90:6801/2854405112] -- mgr_command(tid 0: {"prefix": "dashboard ac-user-create", "username": "admin", "rolename": "administrator", "force_password": true, "pwd_update_required": true, "target": ["mon-mgr", ""]}) -- 0x7f6148002430 con 0x7f614c03e520
2024-05-27T07:31:03.947 INFO:teuthology.orchestra.run.smithi090.stdout:/usr/bin/ceph: stderr
2024-05-27T07:31:03.232+0000 7f615fe00700 1 -- 172.21.15.90:0/3549879653 <== mgr.14152 v2:172.21.15.90:6800/2854405112 1 ==== mgr_command_reply(tid 0: 0 ) ==== 8+0+252 (secure 0 0 0) 0x7f6148002430 con 0x7f614c03e520
2024-05-27T07:31:03.947 INFO:teuthology.orchestra.run.smithi090.stdout:/usr/bin/ceph: stderr
2024-05-27T07:31:03.236+0000 7f616e400700 1 -- 172.21.15.90:0/3549879653 >> [v2:172.21.15.90:6800/2854405112,v1:172.21.15.90:6801/2854405112] conn(0x7f614c03e520 msgr2=0x7f614c040a30 secure :-1 s=STATE_CONNECTION_ESTABLISHED l=1).mark_down
2024-05-27T07:31:03.947 INFO:teuthology.orchestra.run.smithi090.stdout:/usr/bin/ceph: stderr
2024-05-27T07:31:03.236+0000 7f616e400700 1 --2- 172.21.15.90:0/3549879653 >> [v2:172.21.15.90:6800/2854405112,v1:172.21.15.90:6801/2854405112] conn(0x7f614c03e520 0x7f614c040a30 secure :-1 s=READY pgs=8 cs=0 l=1 rev1=1 crypto rx=0x7f6154006fd0 tx=0x7f6154006e40 comp rx=0 tx=0).stop
2024-05-27T07:31:03.948 INFO:teuthology.orchestra.run.smithi090.stdout:/usr/bin/ceph: stderr
2024-05-27T07:31:03.236+0000 7f616e400700 1 -- 172.21.15.90:0/3549879653 >> [v2:172.21.15.90:3300/0,v1:172.21.15.90:6789/0] conn(0x7f616810a4e0 msgr2=0x7f6168109c60 secure :-1 s=STATE_CONNECTION_ESTABLISHED l=1).mark_down
2024-05-27T07:31:03.948 INFO:teuthology.orchestra.run.smithi090.stdout:/usr/bin/ceph: stderr
2024-05-27T07:31:03.236+0000 7f616e400700 1 --2- 172.21.15.90:0/3549879653 >> [v2:172.21.15.90:3300/0,v1:172.21.15.90:6789/0] conn(0x7f616810a4e0 0x7f6168109c60 secure :-1 s=READY pgs=73 cs=0 l=1 rev1=1 crypto rx=0x7f6158011670 tx=0x7f6158011a30 comp rx=0 tx=0).stop
2024-05-27T07:31:03.948 INFO:teuthology.orchestra.run.smithi090.stdout:/usr/bin/ceph: stderr
2024-05-27T07:31:03.236+0000 7f616e400700 1 -- 172.21.15.90:0/3549879653 shutdown_connections
2024-05-27T07:31:03.948 INFO:teuthology.orchestra.run.smithi090.stdout:/usr/bin/ceph: stderr
2024-05-27T07:31:03.236+0000 7f616e400700 1 --2- 172.21.15.90:0/3549879653 >> [v2:172.21.15.90:6800/2854405112,v1:172.21.15.90:6801/2854405112] conn(0x7f614c03e520 0x7f614c040a30 unknown :-1 s=CLOSED pgs=8 cs=0 l=1 rev1=1 crypto rx=0 tx=0 comp rx=0 tx=0).stop
2024-05-27T07:31:03.948 INFO:teuthology.orchestra.run.smithi090.stdout:/usr/bin/ceph: stderr
2024-05-27T07:31:03.236+0000 7f616e400700 1 --2- 172.21.15.90:0/3549879653 >> [v2:172.21.15.90:3300/0,v1:172.21.15.90:6789/0] conn(0x7f616810a4e0 0x7f6168109c60 unknown :-1 s=CLOSED pgs=73 cs=0 l=1 rev1=1 crypto rx=0 tx=0 comp rx=0 tx=0).stop
2024-05-27T07:31:03.949 INFO:teuthology.orchestra.run.smithi090.stdout:/usr/bin/ceph: stderr
2024-05-27T07:31:03.236+0000 7f616e400700 1 -- 172.21.15.90:0/3549879653 >> 172.21.15.90:0/3549879653 conn(0x7f6168103f60 msgr2=0x7f6168104820 unknown :-1 s=STATE_NONE l=0).mark_down
2024-05-27T07:31:03.949 INFO:teuthology.orchestra.run.smithi090.stdout:/usr/bin/ceph: stderr
2024-05-27T07:31:03.237+0000 7f616e400700 1 -- 172.21.15.90:0/3549879653 shutdown_connections
2024-05-27T07:31:03.949 INFO:teuthology.orchestra.run.smithi090.stdout:/usr/bin/ceph: stderr
2024-05-27T07:31:03.237+0000 7f616e400700 1 -- 172.21.15.90:0/3549879653 wait complete.
2024-05-27T07:31:03.949 INFO:teuthology.orchestra.run.smithi090.stdout:Fetching dashboard port number...
2024-05-27T07:31:04.581 INFO:journalctl@ceph.mon.a.smithi090.stdout:May 27 07:31:04 smithi090 ceph-mon[31429]: from='client.14166 -' entity='client.admin' cmd=[{"prefix": "dashboard ac-user-create", "username": "admin", "rolename": "administrator", "force_password": true, "pwd_update_required": true, "target": ["mon-mgr", ""]}]: dispatch
2024-05-27T07:31:04.581 INFO:journalctl@ceph.mon.a.smithi090.stdout:May 27 07:31:04 smithi090 ceph-mon[31429]: from='mgr.14152 172.21.15.90:0/65769219' entity='mgr.x'
2024-05-27T07:31:04.581 INFO:journalctl@ceph.mon.a.smithi090.stdout:May 27 07:31:04 smithi090 ceph-mon[31429]: from='mgr.14152 172.21.15.90:0/65769219' entity='mgr.x'
2024-05-27T07:31:05.704 INFO:journalctl@ceph.mon.a.smithi090.stdout:May 27 07:31:05 smithi090 ceph-mon[31429]: mgrmap e13: x(active, since 6s)
2024-05-27T07:31:05.705 INFO:journalctl@ceph.mon.a.smithi090.stdout:May 27 07:31:05 smithi090 ceph-mon[31429]: from='client.? 172.21.15.90:0/685249433' entity='client.admin' cmd=[{"prefix": "config get", "who": "mgr", "key": "mgr/dashboard/ssl_server_port"}]: dispatch
2024-05-27T07:31:06.446 INFO:teuthology.orchestra.run.smithi090.stdout:/usr/bin/ceph: stdout 8443
2024-05-27T07:31:06.451 INFO:teuthology.orchestra.run.smithi090.stdout:/usr/bin/ceph: stderr
2024-05-27T07:31:04.589+0000 7f5103000700 1 Processor -- start
2024-05-27T07:31:06.451 INFO:teuthology.orchestra.run.smithi090.stdout:/usr/bin/ceph: stderr
2024-05-27T07:31:04.589+0000 7f5103000700 1 -- start start
2024-05-27T07:31:06.451 INFO:teuthology.orchestra.run.smithi090.stdout:/usr/bin/ceph: stderr
2024-05-27T07:31:04.589+0000 7f5103000700 1 --2- >> [v2:172.21.15.90:3300/0,v1:172.21.15.90:6789/0] conn(0x7f50fc07ee30 0x7f50fc07d260 unknown :-1 s=NONE pgs=0 cs=0 l=0 rev1=0 crypto rx=0 tx=0 comp rx=0 tx=0).connect
2024-05-27T07:31:06.451 INFO:teuthology.orchestra.run.smithi090.stdout:/usr/bin/ceph: stderr
2024-05-27T07:31:04.589+0000 7f5103000700 1 -- --> [v2:172.21.15.90:3300/0,v1:172.21.15.90:6789/0] -- mon_getmap magic: 0 -- 0x7f50fc07d830 con 0x7f50fc07ee30
2024-05-27T07:31:06.451 INFO:teuthology.orchestra.run.smithi090.stdout:/usr/bin/ceph: stderr
2024-05-27T07:31:04.590+0000 7f50fbe00700 1 --2- >> [v2:172.21.15.90:3300/0,v1:172.21.15.90:6789/0] conn(0x7f50fc07ee30 0x7f50fc07d260 unknown :-1 s=BANNER_CONNECTING pgs=0 cs=0 l=0 rev1=0 crypto rx=0 tx=0 comp rx=0 tx=0)._handle_peer_banner_payload supported=3 required=0
2024-05-27T07:31:06.451 INFO:teuthology.orchestra.run.smithi090.stdout:/usr/bin/ceph: stderr
2024-05-27T07:31:04.590+0000 7f50fbe00700 1 --2- >> [v2:172.21.15.90:3300/0,v1:172.21.15.90:6789/0] conn(0x7f50fc07ee30 0x7f50fc07d260 unknown :-1 s=HELLO_CONNECTING pgs=0 cs=0 l=0 rev1=1 crypto rx=0 tx=0 comp rx=0 tx=0).handle_hello peer v2:172.21.15.90:3300/0 says I am v2:172.21.15.90:39694/0 (socket says 172.21.15.90:39694)
2024-05-27T07:31:06.451 INFO:teuthology.orchestra.run.smithi090.stdout:/usr/bin/ceph: stderr
2024-05-27T07:31:04.590+0000 7f50fbe00700 1 -- 172.21.15.90:0/3621026932 learned_addr learned my addr 172.21.15.90:0/3621026932 (peer_addr_for_me v2:172.21.15.90:0/0)
2024-05-27T07:31:06.452 INFO:teuthology.orchestra.run.smithi090.stdout:/usr/bin/ceph: stderr
2024-05-27T07:31:04.590+0000 7f50fbe00700 1 -- 172.21.15.90:0/3621026932 --> [v2:172.21.15.90:3300/0,v1:172.21.15.90:6789/0] -- mon_subscribe({config=0+,monmap=0+}) -- 0x7f50fc07d9b0 con 0x7f50fc07ee30
2024-05-27T07:31:06.452 INFO:teuthology.orchestra.run.smithi090.stdout:/usr/bin/ceph: stderr
2024-05-27T07:31:04.591+0000 7f50fbe00700 1 --2- 172.21.15.90:0/3621026932 >> [v2:172.21.15.90:3300/0,v1:172.21.15.90:6789/0] conn(0x7f50fc07ee30 0x7f50fc07d260 secure :-1 s=READY pgs=74 cs=0 l=1 rev1=1 crypto rx=0x7f50ec0098a0 tx=0x7f50ec009bb0 comp rx=0 tx=0).ready entity=mon.0 client_cookie=1016bf154a5b8edf server_cookie=0 in_seq=0 out_seq=0
2024-05-27T07:31:06.452 INFO:teuthology.orchestra.run.smithi090.stdout:/usr/bin/ceph: stderr
2024-05-27T07:31:04.591+0000 7f50faa00700 1 -- 172.21.15.90:0/3621026932 <== mon.0 v2:172.21.15.90:3300/0 1 ==== mon_map magic: 0 ==== 205+0+0 (secure 0 0 0) 0x7f50ec004160 con 0x7f50fc07ee30
2024-05-27T07:31:06.452 INFO:teuthology.orchestra.run.smithi090.stdout:/usr/bin/ceph: stderr
2024-05-27T07:31:04.591+0000 7f50faa00700 1 -- 172.21.15.90:0/3621026932 <== mon.0 v2:172.21.15.90:3300/0 2 ==== config(25 keys) ==== 1063+0+0 (secure 0 0 0) 0x7f50ec004300 con 0x7f50fc07ee30
2024-05-27T07:31:06.452 INFO:teuthology.orchestra.run.smithi090.stdout:/usr/bin/ceph: stderr
2024-05-27T07:31:04.591+0000 7f50faa00700 1 -- 172.21.15.90:0/3621026932 <== mon.0 v2:172.21.15.90:3300/0 3 ==== mon_map magic: 0 ==== 205+0+0 (secure 0 0 0) 0x7f50ec011960 con 0x7f50fc07ee30
2024-05-27T07:31:06.452 INFO:teuthology.orchestra.run.smithi090.stdout:/usr/bin/ceph: stderr
2024-05-27T07:31:04.592+0000 7f5103000700 1 -- 172.21.15.90:0/3621026932 >> [v2:172.21.15.90:3300/0,v1:172.21.15.90:6789/0] conn(0x7f50fc07ee30 msgr2=0x7f50fc07d260 secure :-1 s=STATE_CONNECTION_ESTABLISHED l=1).mark_down
2024-05-27T07:31:06.452 INFO:teuthology.orchestra.run.smithi090.stdout:/usr/bin/ceph: stderr
2024-05-27T07:31:04.592+0000 7f5103000700 1 --2- 172.21.15.90:0/3621026932 >> [v2:172.21.15.90:3300/0,v1:172.21.15.90:6789/0] conn(0x7f50fc07ee30 0x7f50fc07d260 secure :-1 s=READY pgs=74 cs=0 l=1 rev1=1 crypto rx=0x7f50ec0098a0 tx=0x7f50ec009bb0 comp rx=0 tx=0).stop
2024-05-27T07:31:06.452 INFO:teuthology.orchestra.run.smithi090.stdout:/usr/bin/ceph: stderr
2024-05-27T07:31:04.592+0000 7f5103000700 1 -- 172.21.15.90:0/3621026932 shutdown_connections
2024-05-27T07:31:06.452 INFO:teuthology.orchestra.run.smithi090.stdout:/usr/bin/ceph: stderr
2024-05-27T07:31:04.592+0000 7f5103000700 1 --2- 172.21.15.90:0/3621026932 >> [v2:172.21.15.90:3300/0,v1:172.21.15.90:6789/0] conn(0x7f50fc07ee30 0x7f50fc07d260 unknown :-1 s=CLOSED pgs=74 cs=0 l=1 rev1=1 crypto rx=0 tx=0 comp rx=0 tx=0).stop
2024-05-27T07:31:06.452 INFO:teuthology.orchestra.run.smithi090.stdout:/usr/bin/ceph: stderr
2024-05-27T07:31:04.592+0000 7f5103000700 1 -- 172.21.15.90:0/3621026932 >> 172.21.15.90:0/3621026932 conn(0x7f50fc1050b0 msgr2=0x7f50fc107540 unknown :-1 s=STATE_NONE l=0).mark_down
2024-05-27T07:31:06.452 INFO:teuthology.orchestra.run.smithi090.stdout:/usr/bin/ceph: stderr
2024-05-27T07:31:04.592+0000 7f5103000700 1 -- 172.21.15.90:0/3621026932 shutdown_connections
2024-05-27T07:31:06.452 INFO:teuthology.orchestra.run.smithi090.stdout:/usr/bin/ceph: stderr
2024-05-27T07:31:04.592+0000 7f5103000700 1 -- 172.21.15.90:0/3621026932 wait complete.
2024-05-27T07:31:06.453 INFO:teuthology.orchestra.run.smithi090.stdout:/usr/bin/ceph: stderr
2024-05-27T07:31:04.593+0000 7f5103000700 1 Processor -- start
2024-05-27T07:31:06.453 INFO:teuthology.orchestra.run.smithi090.stdout:/usr/bin/ceph: stderr
2024-05-27T07:31:04.593+0000 7f5103000700 1 -- start start
2024-05-27T07:31:06.453 INFO:teuthology.orchestra.run.smithi090.stdout:/usr/bin/ceph: stderr
2024-05-27T07:31:04.594+0000 7f5103000700 1 --2- >> [v2:172.21.15.90:3300/0,v1:172.21.15.90:6789/0] conn(0x7f50fc07ee30 0x7f50fc19ffc0 unknown :-1 s=NONE pgs=0 cs=0 l=1 rev1=0 crypto rx=0 tx=0 comp rx=0 tx=0).connect
2024-05-27T07:31:06.453 INFO:teuthology.orchestra.run.smithi090.stdout:/usr/bin/ceph: stderr
2024-05-27T07:31:04.594+0000 7f5103000700 1 -- --> [v2:172.21.15.90:3300/0,v1:172.21.15.90:6789/0] -- mon_getmap magic: 0 -- 0x7f50fc110050 con 0x7f50fc07ee30
2024-05-27T07:31:06.453 INFO:teuthology.orchestra.run.smithi090.stdout:/usr/bin/ceph: stderr
2024-05-27T07:31:04.594+0000 7f50fbe00700 1 --2- >> [v2:172.21.15.90:3300/0,v1:172.21.15.90:6789/0] conn(0x7f50fc07ee30 0x7f50fc19ffc0 unknown :-1 s=BANNER_CONNECTING pgs=0 cs=0 l=1 rev1=0 crypto rx=0 tx=0 comp rx=0 tx=0)._handle_peer_banner_payload supported=3 required=0
2024-05-27T07:31:06.453 INFO:teuthology.orchestra.run.smithi090.stdout:/usr/bin/ceph: stderr
2024-05-27T07:31:04.594+0000 7f50fbe00700 1 --2- >> [v2:172.21.15.90:3300/0,v1:172.21.15.90:6789/0] conn(0x7f50fc07ee30 0x7f50fc19ffc0 unknown :-1 s=HELLO_CONNECTING pgs=0 cs=0 l=1 rev1=1 crypto rx=0 tx=0 comp rx=0 tx=0).handle_hello peer v2:172.21.15.90:3300/0 says I am v2:172.21.15.90:39700/0 (socket says 172.21.15.90:39700)
2024-05-27T07:31:06.453 INFO:teuthology.orchestra.run.smithi090.stdout:/usr/bin/ceph: stderr
2024-05-27T07:31:04.594+0000 7f50fbe00700 1 -- 172.21.15.90:0/685249433 learned_addr learned my addr 172.21.15.90:0/685249433 (peer_addr_for_me v2:172.21.15.90:0/0)
2024-05-27T07:31:06.453 INFO:teuthology.orchestra.run.smithi090.stdout:/usr/bin/ceph: stderr
2024-05-27T07:31:04.594+0000 7f50fbe00700 1 -- 172.21.15.90:0/685249433 --> [v2:172.21.15.90:3300/0,v1:172.21.15.90:6789/0] -- mon_subscribe({config=0+,monmap=0+}) -- 0x7f50fc1a0500 con 0x7f50fc07ee30
2024-05-27T07:31:06.453 INFO:teuthology.orchestra.run.smithi090.stdout:/usr/bin/ceph: stderr
2024-05-27T07:31:04.595+0000 7f50fbe00700 1 --2- 172.21.15.90:0/685249433 >> [v2:172.21.15.90:3300/0,v1:172.21.15.90:6789/0] conn(0x7f50fc07ee30 0x7f50fc19ffc0 secure :-1 s=READY pgs=75 cs=0 l=1 rev1=1 crypto rx=0x7f50ec011670 tx=0x7f50ec011a30 comp rx=0 tx=0).ready entity=mon.0 client_cookie=0 server_cookie=0 in_seq=0 out_seq=0
2024-05-27T07:31:06.453 INFO:teuthology.orchestra.run.smithi090.stdout:/usr/bin/ceph: stderr
2024-05-27T07:31:04.595+0000 7f50f8c00700 1 -- 172.21.15.90:0/685249433 <== mon.0 v2:172.21.15.90:3300/0 1 ==== mon_map magic: 0 ==== 205+0+0 (secure 0 0 0) 0x7f50ec01f070 con 0x7f50fc07ee30
2024-05-27T07:31:06.453 INFO:teuthology.orchestra.run.smithi090.stdout:/usr/bin/ceph: stderr
2024-05-27T07:31:04.595+0000 7f50f8c00700 1 -- 172.21.15.90:0/685249433 <== mon.0 v2:172.21.15.90:3300/0 2 ==== config(25 keys) ==== 1063+0+0 (secure 0 0 0) 0x7f50ec003b20 con 0x7f50fc07ee30
2024-05-27T07:31:06.453 INFO:teuthology.orchestra.run.smithi090.stdout:/usr/bin/ceph: stderr
2024-05-27T07:31:04.595+0000 7f5103000700 1 -- 172.21.15.90:0/685249433 --> [v2:172.21.15.90:3300/0,v1:172.21.15.90:6789/0] -- mon_subscribe({mgrmap=0+}) -- 0x7f50fc1a0790 con 0x7f50fc07ee30
2024-05-27T07:31:06.453 INFO:teuthology.orchestra.run.smithi090.stdout:/usr/bin/ceph: stderr
2024-05-27T07:31:04.595+0000 7f50f8c00700 1 -- 172.21.15.90:0/685249433 <== mon.0 v2:172.21.15.90:3300/0 3 ==== mon_map magic: 0 ==== 205+0+0 (secure 0 0 0) 0x7f50ec019580 con 0x7f50fc07ee30
2024-05-27T07:31:06.454 INFO:teuthology.orchestra.run.smithi090.stdout:/usr/bin/ceph: stderr
2024-05-27T07:31:04.595+0000 7f5103000700 1 -- 172.21.15.90:0/685249433 --> [v2:172.21.15.90:3300/0,v1:172.21.15.90:6789/0] -- mon_subscribe({osdmap=0}) -- 0x7f50fc1a33a0 con 0x7f50fc07ee30
2024-05-27T07:31:06.454 INFO:teuthology.orchestra.run.smithi090.stdout:/usr/bin/ceph: stderr
2024-05-27T07:31:04.596+0000 7f5103000700 1 -- 172.21.15.90:0/685249433 --> [v2:172.21.15.90:3300/0,v1:172.21.15.90:6789/0] -- mon_command({"prefix": "get_command_descriptions"} v 0) -- 0x7f50fc064e10 con 0x7f50fc07ee30
2024-05-27T07:31:06.454 INFO:teuthology.orchestra.run.smithi090.stdout:/usr/bin/ceph: stderr
2024-05-27T07:31:04.596+0000 7f50f8c00700 1 -- 172.21.15.90:0/685249433 <== mon.0 v2:172.21.15.90:3300/0 4 ==== mgrmap(e 13) ==== 50278+0+0 (secure 0 0 0) 0x7f50ec022070 con 0x7f50fc07ee30
2024-05-27T07:31:06.454 INFO:teuthology.orchestra.run.smithi090.stdout:/usr/bin/ceph: stderr
2024-05-27T07:31:04.597+0000 7f50f8c00700 1 --2- 172.21.15.90:0/685249433 >> [v2:172.21.15.90:6800/2854405112,v1:172.21.15.90:6801/2854405112] conn(0x7f50e003e5c0 0x7f50e0040ad0 unknown :-1 s=NONE pgs=0 cs=0 l=1 rev1=0 crypto rx=0 tx=0 comp rx=0 tx=0).connect
2024-05-27T07:31:06.454 INFO:teuthology.orchestra.run.smithi090.stdout:/usr/bin/ceph: stderr
2024-05-27T07:31:04.597+0000 7f50f8c00700 1 -- 172.21.15.90:0/685249433 <== mon.0 v2:172.21.15.90:3300/0 5 ==== osd_map(3..3 src has 1..3) ==== 1155+0+0 (secure 0 0 0) 0x7f50ec053c00 con 0x7f50fc07ee30
2024-05-27T07:31:06.454 INFO:teuthology.orchestra.run.smithi090.stdout:/usr/bin/ceph: stderr
2024-05-27T07:31:04.597+0000 7f50fb400700 1 --2- 172.21.15.90:0/685249433 >> [v2:172.21.15.90:6800/2854405112,v1:172.21.15.90:6801/2854405112] conn(0x7f50e003e5c0 0x7f50e0040ad0 unknown :-1 s=BANNER_CONNECTING pgs=0 cs=0 l=1 rev1=0 crypto rx=0 tx=0 comp rx=0 tx=0)._handle_peer_banner_payload supported=3 required=0
2024-05-27T07:31:06.454 INFO:teuthology.orchestra.run.smithi090.stdout:/usr/bin/ceph: stderr
2024-05-27T07:31:04.598+0000 7f50fb400700 1 --2- 172.21.15.90:0/685249433 >> [v2:172.21.15.90:6800/2854405112,v1:172.21.15.90:6801/2854405112] conn(0x7f50e003e5c0 0x7f50e0040ad0 secure :-1 s=READY pgs=9 cs=0 l=1 rev1=1 crypto rx=0x7f50e8006fd0 tx=0x7f50e8006e40 comp rx=0 tx=0).ready entity=mgr.14152 client_cookie=0 server_cookie=0 in_seq=0 out_seq=0
2024-05-27T07:31:06.454 INFO:teuthology.orchestra.run.smithi090.stdout:/usr/bin/ceph: stderr
2024-05-27T07:31:04.603+0000 7f50f8c00700 1 -- 172.21.15.90:0/685249433 <== mon.0 v2:172.21.15.90:3300/0 6 ==== mon_command_ack([{"prefix": "get_command_descriptions"}]=0 v0) ==== 72+0+191963 (secure 0 0 0) 0x7f50ec02cd00 con 0x7f50fc07ee30
2024-05-27T07:31:06.454 INFO:teuthology.orchestra.run.smithi090.stdout:/usr/bin/ceph: stderr
2024-05-27T07:31:04.829+0000 7f5103000700 1 -- 172.21.15.90:0/685249433 --> [v2:172.21.15.90:3300/0,v1:172.21.15.90:6789/0] -- mon_command({"prefix": "config get", "who": "mgr", "key": "mgr/dashboard/ssl_server_port"} v 0) -- 0x7f50fc1a3570 con 0x7f50fc07ee30
2024-05-27T07:31:06.454 INFO:teuthology.orchestra.run.smithi090.stdout:/usr/bin/ceph: stderr
2024-05-27T07:31:04.830+0000 7f50f8c00700 1 -- 172.21.15.90:0/685249433 <== mon.0 v2:172.21.15.90:3300/0 7 ==== mon_command_ack([{"prefix": "config get", "who": "mgr", "key": "mgr/dashboard/ssl_server_port"}]=0 v8) ==== 112+0+5 (secure 0 0 0) 0x7f50ec01ba80 con 0x7f50fc07ee30
2024-05-27T07:31:06.454 INFO:teuthology.orchestra.run.smithi090.stdout:/usr/bin/ceph: stderr
2024-05-27T07:31:04.832+0000 7f5103000700 1 -- 172.21.15.90:0/685249433 >> [v2:172.21.15.90:6800/2854405112,v1:172.21.15.90:6801/2854405112] conn(0x7f50e003e5c0 msgr2=0x7f50e0040ad0 secure :-1 s=STATE_CONNECTION_ESTABLISHED l=1).mark_down
2024-05-27T07:31:06.454 INFO:teuthology.orchestra.run.smithi090.stdout:/usr/bin/ceph: stderr
2024-05-27T07:31:04.832+0000 7f5103000700 1 --2- 172.21.15.90:0/685249433 >> [v2:172.21.15.90:6800/2854405112,v1:172.21.15.90:6801/2854405112] conn(0x7f50e003e5c0 0x7f50e0040ad0 secure :-1 s=READY pgs=9 cs=0 l=1 rev1=1 crypto rx=0x7f50e8006fd0 tx=0x7f50e8006e40 comp rx=0 tx=0).stop
2024-05-27T07:31:06.454 INFO:teuthology.orchestra.run.smithi090.stdout:/usr/bin/ceph: stderr
2024-05-27T07:31:04.832+0000 7f5103000700 1 -- 172.21.15.90:0/685249433 >> [v2:172.21.15.90:3300/0,v1:172.21.15.90:6789/0] conn(0x7f50fc07ee30 msgr2=0x7f50fc19ffc0 secure :-1 s=STATE_CONNECTION_ESTABLISHED l=1).mark_down
2024-05-27T07:31:06.455 INFO:teuthology.orchestra.run.smithi090.stdout:/usr/bin/ceph: stderr
