2024-05-27T07:28:44.925 INFO:teuthology.orchestra.run.smithi114.stdout:/usr/bin/ceph: stderr
2024-05-27T07:28:44.285+0000 7fdf1100a700 1 -- 172.21.15.114:0/3003742563 shutdown_connections
2024-05-27T07:28:44.925 INFO:teuthology.orchestra.run.smithi114.stdout:/usr/bin/ceph: stderr
2024-05-27T07:28:44.285+0000 7fdf1100a700 1 --2- 172.21.15.114:0/3003742563 >> [v2:172.21.15.114:6800/2291864634,v1:172.21.15.114:6801/2291864634] conn(0x7fdefc053ad0 0x7fdef4044000 unknown :-1 s=CLOSED pgs=4 cs=0 l=1 rev1=1 crypto rx=0 tx=0 comp rx=0 tx=0).stop
2024-05-27T07:28:44.925 INFO:teuthology.orchestra.run.smithi114.stdout:/usr/bin/ceph: stderr
2024-05-27T07:28:44.285+0000 7fdf1100a700 1 --2- 172.21.15.114:0/3003742563 >> [v2:172.21.15.114:3300/0,v1:172.21.15.114:6789/0] conn(0x7fdf0c10a0a0 0x7fdf0c1a0190 unknown :-1 s=CLOSED pgs=62 cs=0 l=1 rev1=1 crypto rx=0 tx=0 comp rx=0 tx=0).stop
2024-05-27T07:28:44.925 INFO:teuthology.orchestra.run.smithi114.stdout:/usr/bin/ceph: stderr
2024-05-27T07:28:44.285+0000 7fdf1100a700 1 --2- 172.21.15.114:0/3003742563 >> [v2:172.21.15.114:6800/752776783,v1:172.21.15.114:6801/752776783] conn(0x7fdef403e520 0x7fdef4040a30 unknown :-1 s=CLOSED pgs=0 cs=0 l=1 rev1=0 crypto rx=0 tx=0 comp rx=0 tx=0).stop
2024-05-27T07:28:44.926 INFO:teuthology.orchestra.run.smithi114.stdout:/usr/bin/ceph: stderr
2024-05-27T07:28:44.285+0000 7fdf1100a700 1 -- 172.21.15.114:0/3003742563 >> 172.21.15.114:0/3003742563 conn(0x7fdf0c1038b0 msgr2=0x7fdf0c104220 unknown :-1 s=STATE_NONE l=0).mark_down
2024-05-27T07:28:44.926 INFO:teuthology.orchestra.run.smithi114.stdout:/usr/bin/ceph: stderr
2024-05-27T07:28:44.285+0000 7fdf1100a700 1 -- 172.21.15.114:0/3003742563 shutdown_connections
2024-05-27T07:28:44.926 INFO:teuthology.orchestra.run.smithi114.stdout:/usr/bin/ceph: stderr
2024-05-27T07:28:44.285+0000 7fdf1100a700 1 -- 172.21.15.114:0/3003742563 wait complete.
2024-05-27T07:28:44.926 INFO:teuthology.orchestra.run.smithi114.stdout:mgr epoch 9 is available
2024-05-27T07:28:44.926 INFO:teuthology.orchestra.run.smithi114.stdout:Generating a dashboard self-signed certificate...
2024-05-27T07:28:45.574 INFO:journalctl@ceph.mon.a.smithi114.stdout:May 27 07:28:45 smithi114 ceph-mon[32038]: [27/May/2024:07:28:44] ENGINE Bus STARTING
2024-05-27T07:28:45.574 INFO:journalctl@ceph.mon.a.smithi114.stdout:May 27 07:28:45 smithi114 ceph-mon[32038]: from='client.14156 -' entity='client.admin' cmd=[{"prefix": "get_command_descriptions"}]: dispatch
2024-05-27T07:28:45.574 INFO:journalctl@ceph.mon.a.smithi114.stdout:May 27 07:28:45 smithi114 ceph-mon[32038]: from='client.14156 -' entity='client.admin' cmd=[{"prefix": "mgr_status"}]: dispatch
2024-05-27T07:28:45.574 INFO:journalctl@ceph.mon.a.smithi114.stdout:May 27 07:28:45 smithi114 ceph-mon[32038]: [27/May/2024:07:28:44] ENGINE Serving on https://172.21.15.114:7150
2024-05-27T07:28:45.574 INFO:journalctl@ceph.mon.a.smithi114.stdout:May 27 07:28:45 smithi114 ceph-mon[32038]: [27/May/2024:07:28:44] ENGINE Serving on http://172.21.15.114:8765
2024-05-27T07:28:45.574 INFO:journalctl@ceph.mon.a.smithi114.stdout:May 27 07:28:45 smithi114 ceph-mon[32038]: [27/May/2024:07:28:44] ENGINE Bus STARTED
2024-05-27T07:28:45.574 INFO:journalctl@ceph.mon.a.smithi114.stdout:May 27 07:28:45 smithi114 ceph-mon[32038]: from='mgr.14152 172.21.15.114:0/457860227' entity='mgr.x'
2024-05-27T07:28:46.644 INFO:journalctl@ceph.mon.a.smithi114.stdout:May 27 07:28:46 smithi114 ceph-mon[32038]: mgrmap e12: x(active, since 2s)
2024-05-27T07:28:46.644 INFO:journalctl@ceph.mon.a.smithi114.stdout:May 27 07:28:46 smithi114 ceph-mon[32038]: from='client.14164 -' entity='client.admin' cmd=[{"prefix": "dashboard create-self-signed-cert", "target": ["mon-mgr", ""]}]: dispatch
2024-05-27T07:28:46.644 INFO:journalctl@ceph.mon.a.smithi114.stdout:May 27 07:28:46 smithi114 ceph-mon[32038]: from='mgr.14152 172.21.15.114:0/457860227' entity='mgr.x'
2024-05-27T07:28:46.644 INFO:journalctl@ceph.mon.a.smithi114.stdout:May 27 07:28:46 smithi114 ceph-mon[32038]: from='mgr.14152 172.21.15.114:0/457860227' entity='mgr.x'
2024-05-27T07:28:46.651 INFO:teuthology.orchestra.run.smithi114.stdout:/usr/bin/ceph: stdout Self-signed certificate created
2024-05-27T07:28:46.651 INFO:teuthology.orchestra.run.smithi114.stdout:/usr/bin/ceph: stderr
2024-05-27T07:28:45.697+0000 7f3cbc1c8700 1 Processor -- start
2024-05-27T07:28:46.651 INFO:teuthology.orchestra.run.smithi114.stdout:/usr/bin/ceph: stderr
2024-05-27T07:28:45.697+0000 7f3cbc1c8700 1 -- start start
2024-05-27T07:28:46.651 INFO:teuthology.orchestra.run.smithi114.stdout:/usr/bin/ceph: stderr
2024-05-27T07:28:45.698+0000 7f3cbc1c8700 1 --2- >> [v2:172.21.15.114:3300/0,v1:172.21.15.114:6789/0] conn(0x7f3cb407d720 0x7f3cb410c710 unknown :-1 s=NONE pgs=0 cs=0 l=0 rev1=0 crypto rx=0 tx=0 comp rx=0 tx=0).connect
2024-05-27T07:28:46.651 INFO:teuthology.orchestra.run.smithi114.stdout:/usr/bin/ceph: stderr
2024-05-27T07:28:45.698+0000 7f3cbc1c8700 1 -- --> [v2:172.21.15.114:3300/0,v1:172.21.15.114:6789/0] -- mon_getmap magic: 0 -- 0x7f3cb410cd20 con 0x7f3cb407d720
2024-05-27T07:28:46.651 INFO:teuthology.orchestra.run.smithi114.stdout:/usr/bin/ceph: stderr
2024-05-27T07:28:45.698+0000 7f3cb9f64700 1 --2- >> [v2:172.21.15.114:3300/0,v1:172.21.15.114:6789/0] conn(0x7f3cb407d720 0x7f3cb410c710 unknown :-1 s=BANNER_CONNECTING pgs=0 cs=0 l=0 rev1=0 crypto rx=0 tx=0 comp rx=0 tx=0)._handle_peer_banner_payload supported=3 required=0
2024-05-27T07:28:46.652 INFO:teuthology.orchestra.run.smithi114.stdout:/usr/bin/ceph: stderr
2024-05-27T07:28:45.698+0000 7f3cb9f64700 1 --2- >> [v2:172.21.15.114:3300/0,v1:172.21.15.114:6789/0] conn(0x7f3cb407d720 0x7f3cb410c710 unknown :-1 s=HELLO_CONNECTING pgs=0 cs=0 l=0 rev1=1 crypto rx=0 tx=0 comp rx=0 tx=0).handle_hello peer v2:172.21.15.114:3300/0 says I am v2:172.21.15.114:34902/0 (socket says 172.21.15.114:34902)
2024-05-27T07:28:46.652 INFO:teuthology.orchestra.run.smithi114.stdout:/usr/bin/ceph: stderr
2024-05-27T07:28:45.698+0000 7f3cb9f64700 1 -- 172.21.15.114:0/4170388207 learned_addr learned my addr 172.21.15.114:0/4170388207 (peer_addr_for_me v2:172.21.15.114:0/0)
2024-05-27T07:28:46.652 INFO:teuthology.orchestra.run.smithi114.stdout:/usr/bin/ceph: stderr
2024-05-27T07:28:45.698+0000 7f3cb9f64700 1 -- 172.21.15.114:0/4170388207 --> [v2:172.21.15.114:3300/0,v1:172.21.15.114:6789/0] -- mon_subscribe({config=0+,monmap=0+}) -- 0x7f3cb410cea0 con 0x7f3cb407d720
2024-05-27T07:28:46.652 INFO:teuthology.orchestra.run.smithi114.stdout:/usr/bin/ceph: stderr
2024-05-27T07:28:45.698+0000 7f3cb9f64700 1 --2- 172.21.15.114:0/4170388207 >> [v2:172.21.15.114:3300/0,v1:172.21.15.114:6789/0] conn(0x7f3cb407d720 0x7f3cb410c710 secure :-1 s=READY pgs=70 cs=0 l=1 rev1=1 crypto rx=0x7f3cb00098a0 tx=0x7f3cb0009bb0 comp rx=0 tx=0).ready entity=mon.0 client_cookie=7e24be9a4429f1cc server_cookie=0 in_seq=0 out_seq=0
2024-05-27T07:28:46.652 INFO:teuthology.orchestra.run.smithi114.stdout:/usr/bin/ceph: stderr
2024-05-27T07:28:45.699+0000 7f3cb8f62700 1 -- 172.21.15.114:0/4170388207 <== mon.0 v2:172.21.15.114:3300/0 1 ==== mon_map magic: 0 ==== 205+0+0 (secure 0 0 0) 0x7f3cb0004160 con 0x7f3cb407d720
2024-05-27T07:28:46.652 INFO:teuthology.orchestra.run.smithi114.stdout:/usr/bin/ceph: stderr
2024-05-27T07:28:45.699+0000 7f3cb8f62700 1 -- 172.21.15.114:0/4170388207 <== mon.0 v2:172.21.15.114:3300/0 2 ==== config(26 keys) ==== 1101+0+0 (secure 0 0 0) 0x7f3cb0004300 con 0x7f3cb407d720
2024-05-27T07:28:46.652 INFO:teuthology.orchestra.run.smithi114.stdout:/usr/bin/ceph: stderr
2024-05-27T07:28:45.699+0000 7f3cb8f62700 1 -- 172.21.15.114:0/4170388207 <== mon.0 v2:172.21.15.114:3300/0 3 ==== mon_map magic: 0 ==== 205+0+0 (secure 0 0 0) 0x7f3cb0011a20 con 0x7f3cb407d720
2024-05-27T07:28:46.652 INFO:teuthology.orchestra.run.smithi114.stdout:/usr/bin/ceph: stderr
2024-05-27T07:28:45.700+0000 7f3cbc1c8700 1 -- 172.21.15.114:0/4170388207 >> [v2:172.21.15.114:3300/0,v1:172.21.15.114:6789/0] conn(0x7f3cb407d720 msgr2=0x7f3cb410c710 secure :-1 s=STATE_CONNECTION_ESTABLISHED l=1).mark_down
2024-05-27T07:28:46.652 INFO:teuthology.orchestra.run.smithi114.stdout:/usr/bin/ceph: stderr
2024-05-27T07:28:45.700+0000 7f3cbc1c8700 1 --2- 172.21.15.114:0/4170388207 >> [v2:172.21.15.114:3300/0,v1:172.21.15.114:6789/0] conn(0x7f3cb407d720 0x7f3cb410c710 secure :-1 s=READY pgs=70 cs=0 l=1 rev1=1 crypto rx=0x7f3cb00098a0 tx=0x7f3cb0009bb0 comp rx=0 tx=0).stop
2024-05-27T07:28:46.652 INFO:teuthology.orchestra.run.smithi114.stdout:/usr/bin/ceph: stderr
2024-05-27T07:28:45.700+0000 7f3cbc1c8700 1 -- 172.21.15.114:0/4170388207 shutdown_connections
2024-05-27T07:28:46.652 INFO:teuthology.orchestra.run.smithi114.stdout:/usr/bin/ceph: stderr
2024-05-27T07:28:45.700+0000 7f3cbc1c8700 1 --2- 172.21.15.114:0/4170388207 >> [v2:172.21.15.114:3300/0,v1:172.21.15.114:6789/0] conn(0x7f3cb407d720 0x7f3cb410c710 unknown :-1 s=CLOSED pgs=70 cs=0 l=1 rev1=1 crypto rx=0 tx=0 comp rx=0 tx=0).stop
2024-05-27T07:28:46.652 INFO:teuthology.orchestra.run.smithi114.stdout:/usr/bin/ceph: stderr
2024-05-27T07:28:45.700+0000 7f3cbc1c8700 1 -- 172.21.15.114:0/4170388207 >> 172.21.15.114:0/4170388207 conn(0x7f3cb4104160 msgr2=0x7f3cb41065d0 unknown :-1 s=STATE_NONE l=0).mark_down
2024-05-27T07:28:46.652 INFO:teuthology.orchestra.run.smithi114.stdout:/usr/bin/ceph: stderr
2024-05-27T07:28:45.700+0000 7f3cbc1c8700 1 -- 172.21.15.114:0/4170388207 shutdown_connections
2024-05-27T07:28:46.653 INFO:teuthology.orchestra.run.smithi114.stdout:/usr/bin/ceph: stderr
2024-05-27T07:28:45.700+0000 7f3cbc1c8700 1 -- 172.21.15.114:0/4170388207 wait complete.
2024-05-27T07:28:46.653 INFO:teuthology.orchestra.run.smithi114.stdout:/usr/bin/ceph: stderr
2024-05-27T07:28:45.700+0000 7f3cbc1c8700 1 Processor -- start
2024-05-27T07:28:46.653 INFO:teuthology.orchestra.run.smithi114.stdout:/usr/bin/ceph: stderr
2024-05-27T07:28:45.701+0000 7f3cbc1c8700 1 -- start start
2024-05-27T07:28:46.653 INFO:teuthology.orchestra.run.smithi114.stdout:/usr/bin/ceph: stderr
2024-05-27T07:28:45.701+0000 7f3cbc1c8700 1 --2- >> [v2:172.21.15.114:3300/0,v1:172.21.15.114:6789/0] conn(0x7f3cb407d720 0x7f3cb4109e80 unknown :-1 s=NONE pgs=0 cs=0 l=1 rev1=0 crypto rx=0 tx=0 comp rx=0 tx=0).connect
2024-05-27T07:28:46.653 INFO:teuthology.orchestra.run.smithi114.stdout:/usr/bin/ceph: stderr
2024-05-27T07:28:45.701+0000 7f3cbc1c8700 1 -- --> [v2:172.21.15.114:3300/0,v1:172.21.15.114:6789/0] -- mon_getmap magic: 0 -- 0x7f3cb410df60 con 0x7f3cb407d720
2024-05-27T07:28:46.653 INFO:teuthology.orchestra.run.smithi114.stdout:/usr/bin/ceph: stderr
2024-05-27T07:28:45.701+0000 7f3cb9f64700 1 --2- >> [v2:172.21.15.114:3300/0,v1:172.21.15.114:6789/0] conn(0x7f3cb407d720 0x7f3cb4109e80 unknown :-1 s=BANNER_CONNECTING pgs=0 cs=0 l=1 rev1=0 crypto rx=0 tx=0 comp rx=0 tx=0)._handle_peer_banner_payload supported=3 required=0
2024-05-27T07:28:46.653 INFO:teuthology.orchestra.run.smithi114.stdout:/usr/bin/ceph: stderr
2024-05-27T07:28:45.701+0000 7f3cb9f64700 1 --2- >> [v2:172.21.15.114:3300/0,v1:172.21.15.114:6789/0] conn(0x7f3cb407d720 0x7f3cb4109e80 unknown :-1 s=HELLO_CONNECTING pgs=0 cs=0 l=1 rev1=1 crypto rx=0 tx=0 comp rx=0 tx=0).handle_hello peer v2:172.21.15.114:3300/0 says I am v2:172.21.15.114:34912/0 (socket says 172.21.15.114:34912)
2024-05-27T07:28:46.653 INFO:teuthology.orchestra.run.smithi114.stdout:/usr/bin/ceph: stderr
2024-05-27T07:28:45.701+0000 7f3cb9f64700 1 -- 172.21.15.114:0/1683110396 learned_addr learned my addr 172.21.15.114:0/1683110396 (peer_addr_for_me v2:172.21.15.114:0/0)
2024-05-27T07:28:46.653 INFO:teuthology.orchestra.run.smithi114.stdout:/usr/bin/ceph: stderr
2024-05-27T07:28:45.701+0000 7f3cb9f64700 1 -- 172.21.15.114:0/1683110396 --> [v2:172.21.15.114:3300/0,v1:172.21.15.114:6789/0] -- mon_subscribe({config=0+,monmap=0+}) -- 0x7f3cb410a3c0 con 0x7f3cb407d720
2024-05-27T07:28:46.653 INFO:teuthology.orchestra.run.smithi114.stdout:/usr/bin/ceph: stderr
2024-05-27T07:28:45.701+0000 7f3cb9f64700 1 --2- 172.21.15.114:0/1683110396 >> [v2:172.21.15.114:3300/0,v1:172.21.15.114:6789/0] conn(0x7f3cb407d720 0x7f3cb4109e80 secure :-1 s=READY pgs=71 cs=0 l=1 rev1=1 crypto rx=0x7f3cb0004660 tx=0x7f3cb0011aa0 comp rx=0 tx=0).ready entity=mon.0 client_cookie=0 server_cookie=0 in_seq=0 out_seq=0
2024-05-27T07:28:46.653 INFO:teuthology.orchestra.run.smithi114.stdout:/usr/bin/ceph: stderr
2024-05-27T07:28:45.701+0000 7f3caaffd700 1 -- 172.21.15.114:0/1683110396 <== mon.0 v2:172.21.15.114:3300/0 1 ==== mon_map magic: 0 ==== 205+0+0 (secure 0 0 0) 0x7f3cb0003a60 con 0x7f3cb407d720
2024-05-27T07:28:46.653 INFO:teuthology.orchestra.run.smithi114.stdout:/usr/bin/ceph: stderr
2024-05-27T07:28:45.702+0000 7f3caaffd700 1 -- 172.21.15.114:0/1683110396 <== mon.0 v2:172.21.15.114:3300/0 2 ==== config(26 keys) ==== 1101+0+0 (secure 0 0 0) 0x7f3cb001b8f0 con 0x7f3cb407d720
2024-05-27T07:28:46.653 INFO:teuthology.orchestra.run.smithi114.stdout:/usr/bin/ceph: stderr
2024-05-27T07:28:45.702+0000 7f3cbc1c8700 1 -- 172.21.15.114:0/1683110396 --> [v2:172.21.15.114:3300/0,v1:172.21.15.114:6789/0] -- mon_subscribe({mgrmap=0+}) -- 0x7f3cb4108610 con 0x7f3cb407d720
2024-05-27T07:28:46.653 INFO:teuthology.orchestra.run.smithi114.stdout:/usr/bin/ceph: stderr
2024-05-27T07:28:45.702+0000 7f3caaffd700 1 -- 172.21.15.114:0/1683110396 <== mon.0 v2:172.21.15.114:3300/0 3 ==== mon_map magic: 0 ==== 205+0+0 (secure 0 0 0) 0x7f3cb0023890 con 0x7f3cb407d720
2024-05-27T07:28:46.654 INFO:teuthology.orchestra.run.smithi114.stdout:/usr/bin/ceph: stderr
2024-05-27T07:28:45.702+0000 7f3cbc1c8700 1 -- 172.21.15.114:0/1683110396 --> [v2:172.21.15.114:3300/0,v1:172.21.15.114:6789/0] -- mon_subscribe({osdmap=0}) -- 0x7f3cb4108af0 con 0x7f3cb407d720
2024-05-27T07:28:46.654 INFO:teuthology.orchestra.run.smithi114.stdout:/usr/bin/ceph: stderr
2024-05-27T07:28:45.703+0000 7f3caaffd700 1 -- 172.21.15.114:0/1683110396 <== mon.0 v2:172.21.15.114:3300/0 4 ==== mgrmap(e 12) ==== 50235+0+0 (secure 0 0 0) 0x7f3cb002c3f0 con 0x7f3cb407d720
2024-05-27T07:28:46.654 INFO:teuthology.orchestra.run.smithi114.stdout:/usr/bin/ceph: stderr
2024-05-27T07:28:45.703+0000 7f3cbc1c8700 1 -- 172.21.15.114:0/1683110396 --> [v2:172.21.15.114:3300/0,v1:172.21.15.114:6789/0] -- mon_command({"prefix": "get_command_descriptions"} v 0) -- 0x7f3cb4064e10 con 0x7f3cb407d720
2024-05-27T07:28:46.654 INFO:teuthology.orchestra.run.smithi114.stdout:/usr/bin/ceph: stderr
2024-05-27T07:28:45.703+0000 7f3caaffd700 1 --2- 172.21.15.114:0/1683110396 >> [v2:172.21.15.114:6800/2291864634,v1:172.21.15.114:6801/2291864634] conn(0x7f3ca003e470 0x7f3ca0040980 unknown :-1 s=NONE pgs=0 cs=0 l=1 rev1=0 crypto rx=0 tx=0 comp rx=0 tx=0).connect
2024-05-27T07:28:46.654 INFO:teuthology.orchestra.run.smithi114.stdout:/usr/bin/ceph: stderr
2024-05-27T07:28:45.703+0000 7f3caaffd700 1 -- 172.21.15.114:0/1683110396 <== mon.0 v2:172.21.15.114:3300/0 5 ==== osd_map(3..3 src has 1..3) ==== 1155+0+0 (secure 0 0 0) 0x7f3cb0054090 con 0x7f3cb407d720
2024-05-27T07:28:46.654 INFO:teuthology.orchestra.run.smithi114.stdout:/usr/bin/ceph: stderr
2024-05-27T07:28:45.703+0000 7f3cb9763700 1 --2- 172.21.15.114:0/1683110396 >> [v2:172.21.15.114:6800/2291864634,v1:172.21.15.114:6801/2291864634] conn(0x7f3ca003e470 0x7f3ca0040980 unknown :-1 s=BANNER_CONNECTING pgs=0 cs=0 l=1 rev1=0 crypto rx=0 tx=0 comp rx=0 tx=0)._handle_peer_banner_payload supported=3 required=0
2024-05-27T07:28:46.654 INFO:teuthology.orchestra.run.smithi114.stdout:/usr/bin/ceph: stderr
2024-05-27T07:28:45.704+0000 7f3cb9763700 1 --2- 172.21.15.114:0/1683110396 >> [v2:172.21.15.114:6800/2291864634,v1:172.21.15.114:6801/2291864634] conn(0x7f3ca003e470 0x7f3ca0040980 secure :-1 s=READY pgs=7 cs=0 l=1 rev1=1 crypto rx=0x7f3ca4006fd0 tx=0x7f3ca4006e40 comp rx=0 tx=0).ready entity=mgr.14152 client_cookie=0 server_cookie=0 in_seq=0 out_seq=0
2024-05-27T07:28:46.654 INFO:teuthology.orchestra.run.smithi114.stdout:/usr/bin/ceph: stderr
2024-05-27T07:28:45.709+0000 7f3caaffd700 1 -- 172.21.15.114:0/1683110396 <== mon.0 v2:172.21.15.114:3300/0 6 ==== mon_command_ack([{"prefix": "get_command_descriptions"}]=0 v0) ==== 72+0+191963 (secure 0 0 0) 0x7f3cb001f030 con 0x7f3cb407d720
2024-05-27T07:28:46.654 INFO:teuthology.orchestra.run.smithi114.stdout:/usr/bin/ceph: stderr
2024-05-27T07:28:45.930+0000 7f3cbc1c8700 1 -- 172.21.15.114:0/1683110396 --> [v2:172.21.15.114:6800/2291864634,v1:172.21.15.114:6801/2291864634] -- mgr_command(tid 0: {"prefix": "dashboard create-self-signed-cert", "target": ["mon-mgr", ""]}) -- 0x7f3cb4109220 con 0x7f3ca003e470
2024-05-27T07:28:46.654 INFO:teuthology.orchestra.run.smithi114.stdout:/usr/bin/ceph: stderr
2024-05-27T07:28:46.037+0000 7f3caaffd700 1 -- 172.21.15.114:0/1683110396 <== mgr.14152 v2:172.21.15.114:6800/2291864634 1 ==== mgr_command_reply(tid 0: 0 ) ==== 8+0+32 (secure 0 0 0) 0x7f3cb4109220 con 0x7f3ca003e470
2024-05-27T07:28:46.654 INFO:teuthology.orchestra.run.smithi114.stdout:/usr/bin/ceph: stderr
2024-05-27T07:28:46.039+0000 7f3cbc1c8700 1 -- 172.21.15.114:0/1683110396 >> [v2:172.21.15.114:6800/2291864634,v1:172.21.15.114:6801/2291864634] conn(0x7f3ca003e470 msgr2=0x7f3ca0040980 secure :-1 s=STATE_CONNECTION_ESTABLISHED l=1).mark_down
2024-05-27T07:28:46.654 INFO:teuthology.orchestra.run.smithi114.stdout:/usr/bin/ceph: stderr
2024-05-27T07:28:46.039+0000 7f3cbc1c8700 1 --2- 172.21.15.114:0/1683110396 >> [v2:172.21.15.114:6800/2291864634,v1:172.21.15.114:6801/2291864634] conn(0x7f3ca003e470 0x7f3ca0040980 secure :-1 s=READY pgs=7 cs=0 l=1 rev1=1 crypto rx=0x7f3ca4006fd0 tx=0x7f3ca4006e40 comp rx=0 tx=0).stop
2024-05-27T07:28:46.655 INFO:teuthology.orchestra.run.smithi114.stdout:/usr/bin/ceph: stderr
2024-05-27T07:28:46.039+0000 7f3cbc1c8700 1 -- 172.21.15.114:0/1683110396 >> [v2:172.21.15.114:3300/0,v1:172.21.15.114:6789/0] conn(0x7f3cb407d720 msgr2=0x7f3cb4109e80 secure :-1 s=STATE_CONNECTION_ESTABLISHED l=1).mark_down
2024-05-27T07:28:46.655 INFO:teuthology.orchestra.run.smithi114.stdout:/usr/bin/ceph: stderr
2024-05-27T07:28:46.039+0000 7f3cbc1c8700 1 --2- 172.21.15.114:0/1683110396 >> [v2:172.21.15.114:3300/0,v1:172.21.15.114:6789/0] conn(0x7f3cb407d720 0x7f3cb4109e80 secure :-1 s=READY pgs=71 cs=0 l=1 rev1=1 crypto rx=0x7f3cb0004660 tx=0x7f3cb0011aa0 comp rx=0 tx=0).stop
2024-05-27T07:28:46.655 INFO:teuthology.orchestra.run.smithi114.stdout:/usr/bin/ceph: stderr
2024-05-27T07:28:46.039+0000 7f3cbc1c8700 1 -- 172.21.15.114:0/1683110396 shutdown_connections
2024-05-27T07:28:46.655 INFO:teuthology.orchestra.run.smithi114.stdout:/usr/bin/ceph: stderr
2024-05-27T07:28:46.039+0000 7f3cbc1c8700 1 --2- 172.21.15.114:0/1683110396 >> [v2:172.21.15.114:6800/2291864634,v1:172.21.15.114:6801/2291864634] conn(0x7f3ca003e470 0x7f3ca0040980 unknown :-1 s=CLOSED pgs=7 cs=0 l=1 rev1=1 crypto rx=0 tx=0 comp rx=0 tx=0).stop
2024-05-27T07:28:46.655 INFO:teuthology.orchestra.run.smithi114.stdout:/usr/bin/ceph: stderr
2024-05-27T07:28:46.039+0000 7f3cbc1c8700 1 --2- 172.21.15.114:0/1683110396 >> [v2:172.21.15.114:3300/0,v1:172.21.15.114:6789/0] conn(0x7f3cb407d720 0x7f3cb4109e80 unknown :-1 s=CLOSED pgs=71 cs=0 l=1 rev1=1 crypto rx=0 tx=0 comp rx=0 tx=0).stop
2024-05-27T07:28:46.655 INFO:teuthology.orchestra.run.smithi114.stdout:/usr/bin/ceph: stderr
2024-05-27T07:28:46.039+0000 7f3cbc1c8700 1 -- 172.21.15.114:0/1683110396 >> 172.21.15.114:0/1683110396 conn(0x7f3cb4104160 msgr2=0x7f3cb4104a00 unknown :-1 s=STATE_NONE l=0).mark_down
2024-05-27T07:28:46.655 INFO:teuthology.orchestra.run.smithi114.stdout:/usr/bin/ceph: stderr
2024-05-27T07:28:46.039+0000 7f3cbc1c8700 1 -- 172.21.15.114:0/1683110396 shutdown_connections
2024-05-27T07:28:46.655 INFO:teuthology.orchestra.run.smithi114.stdout:/usr/bin/ceph: stderr
2024-05-27T07:28:46.039+0000 7f3cbc1c8700 1 -- 172.21.15.114:0/1683110396 wait complete.
2024-05-27T07:28:46.655 INFO:teuthology.orchestra.run.smithi114.stdout:Creating initial admin user...
2024-05-27T07:28:48.046 INFO:journalctl@ceph.mon.a.smithi114.stdout:May 27 07:28:47 smithi114 ceph-mon[32038]: from='mgr.14152 172.21.15.114:0/457860227' entity='mgr.x'
2024-05-27T07:28:48.046 INFO:journalctl@ceph.mon.a.smithi114.stdout:May 27 07:28:47 smithi114 ceph-mon[32038]: from='mgr.14152 172.21.15.114:0/457860227' entity='mgr.x'
2024-05-27T07:28:48.270 INFO:teuthology.orchestra.run.smithi114.stdout:/usr/bin/ceph: stdout {"username": "admin", "password": "$2b$12$op3DxnSmRClx3eMyriz0vehSQWCnEm4PB5YLungqeIajhIY9FTz7y", "roles": ["administrator"], "name": null, "email": null, "lastUpdate": 1716794927, "enabled": true, "pwdExpirationDate": null, "pwdUpdateRequired": true}
2024-05-27T07:28:48.271 INFO:teuthology.orchestra.run.smithi114.stdout:/usr/bin/ceph: stderr
2024-05-27T07:28:47.130+0000 7fbd0f154700 1 Processor -- start
2024-05-27T07:28:48.271 INFO:teuthology.orchestra.run.smithi114.stdout:/usr/bin/ceph: stderr
2024-05-27T07:28:47.130+0000 7fbd0f154700 1 -- start start
2024-05-27T07:28:48.271 INFO:teuthology.orchestra.run.smithi114.stdout:/usr/bin/ceph: stderr
2024-05-27T07:28:47.131+0000 7fbd0f154700 1 --2- >> [v2:172.21.15.114:3300/0,v1:172.21.15.114:6789/0] conn(0x7fbd08108aa0 0x7fbd08108eb0 unknown :-1 s=NONE pgs=0 cs=0 l=0 rev1=0 crypto rx=0 tx=0 comp rx=0 tx=0).connect
2024-05-27T07:28:48.271 INFO:teuthology.orchestra.run.smithi114.stdout:/usr/bin/ceph: stderr
2024-05-27T07:28:47.131+0000 7fbd0f154700 1 -- --> [v2:172.21.15.114:3300/0,v1:172.21.15.114:6789/0] -- mon_getmap magic: 0 -- 0x7fbd081094a0 con 0x7fbd08108aa0
2024-05-27T07:28:48.271 INFO:teuthology.orchestra.run.smithi114.stdout:/usr/bin/ceph: stderr
2024-05-27T07:28:47.131+0000 7fbd0cef0700 1 --2- >> [v2:172.21.15.114:3300/0,v1:172.21.15.114:6789/0] conn(0x7fbd08108aa0 0x7fbd08108eb0 unknown :-1 s=BANNER_CONNECTING pgs=0 cs=0 l=0 rev1=0 crypto rx=0 tx=0 comp rx=0 tx=0)._handle_peer_banner_payload supported=3 required=0
2024-05-27T07:28:48.271 INFO:teuthology.orchestra.run.smithi114.stdout:/usr/bin/ceph: stderr
2024-05-27T07:28:47.131+0000 7fbd0cef0700 1 --2- >> [v2:172.21.15.114:3300/0,v1:172.21.15.114:6789/0] conn(0x7fbd08108aa0 0x7fbd08108eb0 unknown :-1 s=HELLO_CONNECTING pgs=0 cs=0 l=0 rev1=1 crypto rx=0 tx=0 comp rx=0 tx=0).handle_hello peer v2:172.21.15.114:3300/0 says I am v2:172.21.15.114:34918/0 (socket says 172.21.15.114:34918)
2024-05-27T07:28:48.272 INFO:teuthology.orchestra.run.smithi114.stdout:/usr/bin/ceph: stderr
2024-05-27T07:28:47.131+0000 7fbd0cef0700 1 -- 172.21.15.114:0/880902708 learned_addr learned my addr 172.21.15.114:0/880902708 (peer_addr_for_me v2:172.21.15.114:0/0)
2024-05-27T07:28:48.272 INFO:teuthology.orchestra.run.smithi114.stdout:/usr/bin/ceph: stderr
2024-05-27T07:28:47.131+0000 7fbd0cef0700 1 -- 172.21.15.114:0/880902708 --> [v2:172.21.15.114:3300/0,v1:172.21.15.114:6789/0] -- mon_subscribe({config=0+,monmap=0+}) -- 0x7fbd08109bd0 con 0x7fbd08108aa0
2024-05-27T07:28:48.272 INFO:teuthology.orchestra.run.smithi114.stdout:/usr/bin/ceph: stderr
2024-05-27T07:28:47.131+0000 7fbd0cef0700 1 --2- 172.21.15.114:0/880902708 >> [v2:172.21.15.114:3300/0,v1:172.21.15.114:6789/0] conn(0x7fbd08108aa0 0x7fbd08108eb0 secure :-1 s=READY pgs=72 cs=0 l=1 rev1=1 crypto rx=0x7fbcfc0098a0 tx=0x7fbcfc009bb0 comp rx=0 tx=0).ready entity=mon.0 client_cookie=dcecc07a82f1c603 server_cookie=0 in_seq=0 out_seq=0
2024-05-27T07:28:48.272 INFO:teuthology.orchestra.run.smithi114.stdout:/usr/bin/ceph: stderr
2024-05-27T07:28:47.131+0000 7fbd077fe700 1 -- 172.21.15.114:0/880902708 <== mon.0 v2:172.21.15.114:3300/0 1 ==== mon_map magic: 0 ==== 205+0+0 (secure 0 0 0) 0x7fbcfc004160 con 0x7fbd08108aa0
2024-05-27T07:28:48.272 INFO:teuthology.orchestra.run.smithi114.stdout:/usr/bin/ceph: stderr
2024-05-27T07:28:47.131+0000 7fbd077fe700 1 -- 172.21.15.114:0/880902708 <== mon.0 v2:172.21.15.114:3300/0 2 ==== config(26 keys) ==== 1101+0+0 (secure 0 0 0) 0x7fbcfc004300 con 0x7fbd08108aa0
2024-05-27T07:28:48.272 INFO:teuthology.orchestra.run.smithi114.stdout:/usr/bin/ceph: stderr
2024-05-27T07:28:47.131+0000 7fbd077fe700 1 -- 172.21.15.114:0/880902708 <== mon.0 v2:172.21.15.114:3300/0 3 ==== mon_map magic: 0 ==== 205+0+0 (secure 0 0 0) 0x7fbcfc011a20 con 0x7fbd08108aa0
2024-05-27T07:28:48.273 INFO:teuthology.orchestra.run.smithi114.stdout:/usr/bin/ceph: stderr
2024-05-27T07:28:47.132+0000 7fbd0f154700 1 -- 172.21.15.114:0/880902708 >> [v2:172.21.15.114:3300/0,v1:172.21.15.114:6789/0] conn(0x7fbd08108aa0 msgr2=0x7fbd08108eb0 secure :-1 s=STATE_CONNECTION_ESTABLISHED l=1).mark_down
2024-05-27T07:28:48.273 INFO:teuthology.orchestra.run.smithi114.stdout:/usr/bin/ceph: stderr
2024-05-27T07:28:47.132+0000 7fbd0f154700 1 --2- 172.21.15.114:0/880902708 >> [v2:172.21.15.114:3300/0,v1:172.21.15.114:6789/0] conn(0x7fbd08108aa0 0x7fbd08108eb0 secure :-1 s=READY pgs=72 cs=0 l=1 rev1=1 crypto rx=0x7fbcfc0098a0 tx=0x7fbcfc009bb0 comp rx=0 tx=0).stop
2024-05-27T07:28:48.273 INFO:teuthology.orchestra.run.smithi114.stdout:/usr/bin/ceph: stderr
2024-05-27T07:28:47.132+0000 7fbd0f154700 1 -- 172.21.15.114:0/880902708 shutdown_connections
2024-05-27T07:28:48.273 INFO:teuthology.orchestra.run.smithi114.stdout:/usr/bin/ceph: stderr
2024-05-27T07:28:47.132+0000 7fbd0f154700 1 --2- 172.21.15.114:0/880902708 >> [v2:172.21.15.114:3300/0,v1:172.21.15.114:6789/0] conn(0x7fbd08108aa0 0x7fbd08108eb0 unknown :-1 s=CLOSED pgs=72 cs=0 l=1 rev1=1 crypto rx=0 tx=0 comp rx=0 tx=0).stop
2024-05-27T07:28:48.273 INFO:teuthology.orchestra.run.smithi114.stdout:/usr/bin/ceph: stderr
2024-05-27T07:28:47.132+0000 7fbd0f154700 1 -- 172.21.15.114:0/880902708 >> 172.21.15.114:0/880902708 conn(0x7fbd08104120 msgr2=0x7fbd08106590 unknown :-1 s=STATE_NONE l=0).mark_down
2024-05-27T07:28:48.273 INFO:teuthology.orchestra.run.smithi114.stdout:/usr/bin/ceph: stderr
2024-05-27T07:28:47.132+0000 7fbd0f154700 1 -- 172.21.15.114:0/880902708 shutdown_connections
2024-05-27T07:28:48.274 INFO:teuthology.orchestra.run.smithi114.stdout:/usr/bin/ceph: stderr
2024-05-27T07:28:47.132+0000 7fbd0f154700 1 -- 172.21.15.114:0/880902708 wait complete.
2024-05-27T07:28:48.274 INFO:teuthology.orchestra.run.smithi114.stdout:/usr/bin/ceph: stderr
2024-05-27T07:28:47.133+0000 7fbd0f154700 1 Processor -- start
2024-05-27T07:28:48.274 INFO:teuthology.orchestra.run.smithi114.stdout:/usr/bin/ceph: stderr
2024-05-27T07:28:47.133+0000 7fbd0f154700 1 -- start start
2024-05-27T07:28:48.274 INFO:teuthology.orchestra.run.smithi114.stdout:/usr/bin/ceph: stderr
2024-05-27T07:28:47.133+0000 7fbd0f154700 1 --2- >> [v2:172.21.15.114:3300/0,v1:172.21.15.114:6789/0] conn(0x7fbd08108aa0 0x7fbd08106300 unknown :-1 s=NONE pgs=0 cs=0 l=1 rev1=0 crypto rx=0 tx=0 comp rx=0 tx=0).connect
2024-05-27T07:28:48.274 INFO:teuthology.orchestra.run.smithi114.stdout:/usr/bin/ceph: stderr
2024-05-27T07:28:47.133+0000 7fbd0f154700 1 -- --> [v2:172.21.15.114:3300/0,v1:172.21.15.114:6789/0] -- mon_getmap magic: 0 -- 0x7fbd0810cf80 con 0x7fbd08108aa0
2024-05-27T07:28:48.274 INFO:teuthology.orchestra.run.smithi114.stdout:/usr/bin/ceph: stderr
2024-05-27T07:28:47.133+0000 7fbd0cef0700 1 --2- >> [v2:172.21.15.114:3300/0,v1:172.21.15.114:6789/0] conn(0x7fbd08108aa0 0x7fbd08106300 unknown :-1 s=BANNER_CONNECTING pgs=0 cs=0 l=1 rev1=0 crypto rx=0 tx=0 comp rx=0 tx=0)._handle_peer_banner_payload supported=3 required=0
2024-05-27T07:28:48.275 INFO:teuthology.orchestra.run.smithi114.stdout:/usr/bin/ceph: stderr
2024-05-27T07:28:47.133+0000 7fbd0cef0700 1 --2- >> [v2:172.21.15.114:3300/0,v1:172.21.15.114:6789/0] conn(0x7fbd08108aa0 0x7fbd08106300 unknown :-1 s=HELLO_CONNECTING pgs=0 cs=0 l=1 rev1=1 crypto rx=0 tx=0 comp rx=0 tx=0).handle_hello peer v2:172.21.15.114:3300/0 says I am v2:172.21.15.114:34920/0 (socket says 172.21.15.114:34920)
2024-05-27T07:28:48.275 INFO:teuthology.orchestra.run.smithi114.stdout:/usr/bin/ceph: stderr
2024-05-27T07:28:47.133+0000 7fbd0cef0700 1 -- 172.21.15.114:0/3375322612 learned_addr learned my addr 172.21.15.114:0/3375322612 (peer_addr_for_me v2:172.21.15.114:0/0)
2024-05-27T07:28:48.275 INFO:teuthology.orchestra.run.smithi114.stdout:/usr/bin/ceph: stderr
2024-05-27T07:28:47.134+0000 7fbd0cef0700 1 -- 172.21.15.114:0/3375322612 --> [v2:172.21.15.114:3300/0,v1:172.21.15.114:6789/0] -- mon_subscribe({config=0+,monmap=0+}) -- 0x7fbd08106840 con 0x7fbd08108aa0
2024-05-27T07:28:48.275 INFO:teuthology.orchestra.run.smithi114.stdout:/usr/bin/ceph: stderr
2024-05-27T07:28:47.134+0000 7fbd0cef0700 1 --2- 172.21.15.114:0/3375322612 >> [v2:172.21.15.114:3300/0,v1:172.21.15.114:6789/0] conn(0x7fbd08108aa0 0x7fbd08106300 secure :-1 s=READY pgs=73 cs=0 l=1 rev1=1 crypto rx=0x7fbcfc011a20 tx=0x7fbcfc011b00 comp rx=0 tx=0).ready entity=mon.0 client_cookie=0 server_cookie=0 in_seq=0 out_seq=0
2024-05-27T07:28:48.275 INFO:teuthology.orchestra.run.smithi114.stdout:/usr/bin/ceph: stderr
2024-05-27T07:28:47.134+0000 7fbd05ffb700 1 -- 172.21.15.114:0/3375322612 <== mon.0 v2:172.21.15.114:3300/0 1 ==== mon_map magic: 0 ==== 205+0+0 (secure 0 0 0) 0x7fbcfc0039c0 con 0x7fbd08108aa0
2024-05-27T07:28:48.275 INFO:teuthology.orchestra.run.smithi114.stdout:/usr/bin/ceph: stderr
2024-05-27T07:28:47.134+0000 7fbd05ffb700 1 -- 172.21.15.114:0/3375322612 <== mon.0 v2:172.21.15.114:3300/0 2 ==== config(26 keys) ==== 1101+0+0 (secure 0 0 0) 0x7fbcfc003b60 con 0x7fbd08108aa0
2024-05-27T07:28:48.276 INFO:teuthology.orchestra.run.smithi114.stdout:/usr/bin/ceph: stderr
2024-05-27T07:28:47.134+0000 7fbd0f154700 1 -- 172.21.15.114:0/3375322612 --> [v2:172.21.15.114:3300/0,v1:172.21.15.114:6789/0] -- mon_subscribe({mgrmap=0+}) -- 0x7fbd08104a90 con 0x7fbd08108aa0
2024-05-27T07:28:48.276 INFO:teuthology.orchestra.run.smithi114.stdout:/usr/bin/ceph: stderr
2024-05-27T07:28:47.134+0000 7fbd05ffb700 1 -- 172.21.15.114:0/3375322612 <== mon.0 v2:172.21.15.114:3300/0 3 ==== mon_map magic: 0 ==== 205+0+0 (secure 0 0 0) 0x7fbcfc019700 con 0x7fbd08108aa0
2024-05-27T07:28:48.276 INFO:teuthology.orchestra.run.smithi114.stdout:/usr/bin/ceph: stderr
2024-05-27T07:28:47.134+0000 7fbd0f154700 1 -- 172.21.15.114:0/3375322612 --> [v2:172.21.15.114:3300/0,v1:172.21.15.114:6789/0] -- mon_subscribe({osdmap=0}) -- 0x7fbd08104f70 con 0x7fbd08108aa0
2024-05-27T07:28:48.276 INFO:teuthology.orchestra.run.smithi114.stdout:/usr/bin/ceph: stderr
2024-05-27T07:28:47.136+0000 7fbd05ffb700 1 -- 172.21.15.114:0/3375322612 <== mon.0 v2:172.21.15.114:3300/0 4 ==== mgrmap(e 12) ==== 50235+0+0 (secure 0 0 0) 0x7fbcfc0199b0 con 0x7fbd08108aa0
2024-05-27T07:28:48.276 INFO:teuthology.orchestra.run.smithi114.stdout:/usr/bin/ceph: stderr
2024-05-27T07:28:47.136+0000 7fbd0f154700 1 -- 172.21.15.114:0/3375322612 --> [v2:172.21.15.114:3300/0,v1:172.21.15.114:6789/0] -- mon_command({"prefix": "get_command_descriptions"} v 0) -- 0x7fbd08064e10 con 0x7fbd08108aa0
2024-05-27T07:28:48.276 INFO:teuthology.orchestra.run.smithi114.stdout:/usr/bin/ceph: stderr
2024-05-27T07:28:47.136+0000 7fbd05ffb700 1 --2- 172.21.15.114:0/3375322612 >> [v2:172.21.15.114:6800/2291864634,v1:172.21.15.114:6801/2291864634] conn(0x7fbcf803e4d0 0x7fbcf80409e0 unknown :-1 s=NONE pgs=0 cs=0 l=1 rev1=0 crypto rx=0 tx=0 comp rx=0 tx=0).connect
2024-05-27T07:28:48.277 INFO:teuthology.orchestra.run.smithi114.stdout:/usr/bin/ceph: stderr
2024-05-27T07:28:47.136+0000 7fbd05ffb700 1 -- 172.21.15.114:0/3375322612 <== mon.0 v2:172.21.15.114:3300/0 5 ==== osd_map(3..3 src has 1..3) ==== 1155+0+0 (secure 0 0 0) 0x7fbcfc053e70 con 0x7fbd08108aa0
2024-05-27T07:28:48.277 INFO:teuthology.orchestra.run.smithi114.stdout:/usr/bin/ceph: stderr
2024-05-27T07:28:47.136+0000 7fbd07fff700 1 --2- 172.21.15.114:0/3375322612 >> [v2:172.21.15.114:6800/2291864634,v1:172.21.15.114:6801/2291864634] conn(0x7fbcf803e4d0 0x7fbcf80409e0 unknown :-1 s=BANNER_CONNECTING pgs=0 cs=0 l=1 rev1=0 crypto rx=0 tx=0 comp rx=0 tx=0)._handle_peer_banner_payload supported=3 required=0
2024-05-27T07:28:48.277 INFO:teuthology.orchestra.run.smithi114.stdout:/usr/bin/ceph: stderr
2024-05-27T07:28:47.136+0000 7fbd07fff700 1 --2- 172.21.15.114:0/3375322612 >> [v2:172.21.15.114:6800/2291864634,v1:172.21.15.114:6801/2291864634] conn(0x7fbcf803e4d0 0x7fbcf80409e0 secure :-1 s=READY pgs=8 cs=0 l=1 rev1=1 crypto rx=0x7fbcf4006fd0 tx=0x7fbcf4006e40 comp rx=0 tx=0).ready entity=mgr.14152 client_cookie=0 server_cookie=0 in_seq=0 out_seq=0
2024-05-27T07:28:48.277 INFO:teuthology.orchestra.run.smithi114.stdout:/usr/bin/ceph: stderr
2024-05-27T07:28:47.141+0000 7fbd05ffb700 1 -- 172.21.15.114:0/3375322612 <== mon.0 v2:172.21.15.114:3300/0 6 ==== mon_command_ack([{"prefix": "get_command_descriptions"}]=0 v0) ==== 72+0+191963 (secure 0 0 0) 0x7fbcfc020e20 con 0x7fbd08108aa0
2024-05-27T07:28:48.277 INFO:teuthology.orchestra.run.smithi114.stdout:/usr/bin/ceph: stderr
2024-05-27T07:28:47.379+0000 7fbd0f154700 1 -- 172.21.15.114:0/3375322612 --> [v2:172.21.15.114:6800/2291864634,v1:172.21.15.114:6801/2291864634] -- mgr_command(tid 0: {"prefix": "dashboard ac-user-create", "username": "admin", "rolename": "administrator", "force_password": true, "pwd_update_required": true, "target": ["mon-mgr", ""]}) -- 0x7fbd081970b0 con 0x7fbcf803e4d0
2024-05-27T07:28:48.277 INFO:teuthology.orchestra.run.smithi114.stdout:/usr/bin/ceph: stderr
2024-05-27T07:28:47.604+0000 7fbd05ffb700 1 -- 172.21.15.114:0/3375322612 <== mgr.14152 v2:172.21.15.114:6800/2291864634 1 ==== mgr_command_reply(tid 0: 0 ) ==== 8+0+252 (secure 0 0 0) 0x7fbd081970b0 con 0x7fbcf803e4d0
2024-05-27T07:28:48.278 INFO:teuthology.orchestra.run.smithi114.stdout:/usr/bin/ceph: stderr
2024-05-27T07:28:47.606+0000 7fbd0f154700 1 -- 172.21.15.114:0/3375322612 >> [v2:172.21.15.114:6800/2291864634,v1:172.21.15.114:6801/2291864634] conn(0x7fbcf803e4d0 msgr2=0x7fbcf80409e0 secure :-1 s=STATE_CONNECTION_ESTABLISHED l=1).mark_down
2024-05-27T07:28:48.278 INFO:teuthology.orchestra.run.smithi114.stdout:/usr/bin/ceph: stderr
2024-05-27T07:28:47.606+0000 7fbd0f154700 1 --2- 172.21.15.114:0/3375322612 >> [v2:172.21.15.114:6800/2291864634,v1:172.21.15.114:6801/2291864634] conn(0x7fbcf803e4d0 0x7fbcf80409e0 secure :-1 s=READY pgs=8 cs=0 l=1 rev1=1 crypto rx=0x7fbcf4006fd0 tx=0x7fbcf4006e40 comp rx=0 tx=0).stop
2024-05-27T07:28:48.278 INFO:teuthology.orchestra.run.smithi114.stdout:/usr/bin/ceph: stderr
2024-05-27T07:28:47.606+0000 7fbd0f154700 1 -- 172.21.15.114:0/3375322612 >> [v2:172.21.15.114:3300/0,v1:172.21.15.114:6789/0] conn(0x7fbd08108aa0 msgr2=0x7fbd08106300 secure :-1 s=STATE_CONNECTION_ESTABLISHED l=1).mark_down
2024-05-27T07:28:48.278 INFO:teuthology.orchestra.run.smithi114.stdout:/usr/bin/ceph: stderr
2024-05-27T07:28:47.606+0000 7fbd0f154700 1 --2- 172.21.15.114:0/3375322612 >> [v2:172.21.15.114:3300/0,v1:172.21.15.114:6789/0] conn(0x7fbd08108aa0 0x7fbd08106300 secure :-1 s=READY pgs=73 cs=0 l=1 rev1=1 crypto rx=0x7fbcfc011a20 tx=0x7fbcfc011b00 comp rx=0 tx=0).stop
2024-05-27T07:28:48.278 INFO:teuthology.orchestra.run.smithi114.stdout:/usr/bin/ceph: stderr
2024-05-27T07:28:47.607+0000 7fbd0f154700 1 -- 172.21.15.114:0/3375322612 shutdown_connections
2024-05-27T07:28:48.278 INFO:teuthology.orchestra.run.smithi114.stdout:/usr/bin/ceph: stderr
2024-05-27T07:28:47.607+0000 7fbd0f154700 1 --2- 172.21.15.114:0/3375322612 >> [v2:172.21.15.114:6800/2291864634,v1:172.21.15.114:6801/2291864634] conn(0x7fbcf803e4d0 0x7fbcf80409e0 unknown :-1 s=CLOSED pgs=8 cs=0 l=1 rev1=1 crypto rx=0 tx=0 comp rx=0 tx=0).stop
2024-05-27T07:28:48.279 INFO:teuthology.orchestra.run.smithi114.stdout:/usr/bin/ceph: stderr
2024-05-27T07:28:47.607+0000 7fbd0f154700 1 --2- 172.21.15.114:0/3375322612 >> [v2:172.21.15.114:3300/0,v1:172.21.15.114:6789/0] conn(0x7fbd08108aa0 0x7fbd08106300 unknown :-1 s=CLOSED pgs=73 cs=0 l=1 rev1=1 crypto rx=0 tx=0 comp rx=0 tx=0).stop
2024-05-27T07:28:48.279 INFO:teuthology.orchestra.run.smithi114.stdout:/usr/bin/ceph: stderr
2024-05-27T07:28:47.607+0000 7fbd0f154700 1 -- 172.21.15.114:0/3375322612 >> 172.21.15.114:0/3375322612 conn(0x7fbd08104120 msgr2=0x7fbd08194520 unknown :-1 s=STATE_NONE l=0).mark_down
2024-05-27T07:28:48.279 INFO:teuthology.orchestra.run.smithi114.stdout:/usr/bin/ceph: stderr
2024-05-27T07:28:47.607+0000 7fbd0f154700 1 -- 172.21.15.114:0/3375322612 shutdown_connections
2024-05-27T07:28:48.279 INFO:teuthology.orchestra.run.smithi114.stdout:/usr/bin/ceph: stderr
2024-05-27T07:28:47.607+0000 7fbd0f154700 1 -- 172.21.15.114:0/3375322612 wait complete.
2024-05-27T07:28:48.279 INFO:teuthology.orchestra.run.smithi114.stdout:Fetching dashboard port number...
2024-05-27T07:28:48.795 INFO:journalctl@ceph.mon.a.smithi114.stdout:May 27 07:28:48 smithi114 ceph-mon[32038]: from='client.14166 -' entity='client.admin' cmd=[{"prefix": "dashboard ac-user-create", "username": "admin", "rolename": "administrator", "force_password": true, "pwd_update_required": true, "target": ["mon-mgr", ""]}]: dispatch
2024-05-27T07:28:50.046 INFO:journalctl@ceph.mon.a.smithi114.stdout:May 27 07:28:49 smithi114 ceph-mon[32038]: from='client.? 172.21.15.114:0/399559049' entity='client.admin' cmd=[{"prefix": "config get", "who": "mgr", "key": "mgr/dashboard/ssl_server_port"}]: dispatch
2024-05-27T07:28:50.155 INFO:teuthology.orchestra.run.smithi114.stdout:/usr/bin/ceph: stdout 8443
2024-05-27T07:28:50.155 INFO:teuthology.orchestra.run.smithi114.stdout:/usr/bin/ceph: stderr
2024-05-27T07:28:49.174+0000 7f98eb7e1700 1 Processor -- start
2024-05-27T07:28:50.155 INFO:teuthology.orchestra.run.smithi114.stdout:/usr/bin/ceph: stderr
2024-05-27T07:28:49.174+0000 7f98eb7e1700 1 -- start start
2024-05-27T07:28:50.155 INFO:teuthology.orchestra.run.smithi114.stdout:/usr/bin/ceph: stderr
2024-05-27T07:28:49.174+0000 7f98eb7e1700 1 --2- >> [v2:172.21.15.114:3300/0,v1:172.21.15.114:6789/0] conn(0x7f98e4108af0 0x7f98e4108f00 unknown :-1 s=NONE pgs=0 cs=0 l=0 rev1=0 crypto rx=0 tx=0 comp rx=0 tx=0).connect
2024-05-27T07:28:50.155 INFO:teuthology.orchestra.run.smithi114.stdout:/usr/bin/ceph: stderr
2024-05-27T07:28:49.174+0000 7f98eb7e1700 1 -- --> [v2:172.21.15.114:3300/0,v1:172.21.15.114:6789/0] -- mon_getmap magic: 0 -- 0x7f98e41094f0 con 0x7f98e4108af0
2024-05-27T07:28:50.156 INFO:teuthology.orchestra.run.smithi114.stdout:/usr/bin/ceph: stderr
2024-05-27T07:28:49.174+0000 7f98e957d700 1 --2- >> [v2:172.21.15.114:3300/0,v1:172.21.15.114:6789/0] conn(0x7f98e4108af0 0x7f98e4108f00 unknown :-1 s=BANNER_CONNECTING pgs=0 cs=0 l=0 rev1=0 crypto rx=0 tx=0 comp rx=0 tx=0)._handle_peer_banner_payload supported=3 required=0
2024-05-27T07:28:50.156 INFO:teuthology.orchestra.run.smithi114.stdout:/usr/bin/ceph: stderr
2024-05-27T07:28:49.174+0000 7f98e957d700 1 --2- >> [v2:172.21.15.114:3300/0,v1:172.21.15.114:6789/0] conn(0x7f98e4108af0 0x7f98e4108f00 unknown :-1 s=HELLO_CONNECTING pgs=0 cs=0 l=0 rev1=1 crypto rx=0 tx=0 comp rx=0 tx=0).handle_hello peer v2:172.21.15.114:3300/0 says I am v2:172.21.15.114:34936/0 (socket says 172.21.15.114:34936)
2024-05-27T07:28:50.156 INFO:teuthology.orchestra.run.smithi114.stdout:/usr/bin/ceph: stderr
2024-05-27T07:28:49.174+0000 7f98e957d700 1 -- 172.21.15.114:0/712558726 learned_addr learned my addr 172.21.15.114:0/712558726 (peer_addr_for_me v2:172.21.15.114:0/0)
2024-05-27T07:28:50.156 INFO:teuthology.orchestra.run.smithi114.stdout:/usr/bin/ceph: stderr
2024-05-27T07:28:49.175+0000 7f98e957d700 1 -- 172.21.15.114:0/712558726 --> [v2:172.21.15.114:3300/0,v1:172.21.15.114:6789/0] -- mon_subscribe({config=0+,monmap=0+}) -- 0x7f98e4109c20 con 0x7f98e4108af0
2024-05-27T07:28:50.156 INFO:teuthology.orchestra.run.smithi114.stdout:/usr/bin/ceph: stderr
2024-05-27T07:28:49.175+0000 7f98e957d700 1 --2- 172.21.15.114:0/712558726 >> [v2:172.21.15.114:3300/0,v1:172.21.15.114:6789/0] conn(0x7f98e4108af0 0x7f98e4108f00 secure :-1 s=READY pgs=74 cs=0 l=1 rev1=1 crypto rx=0x7f98e00098a0 tx=0x7f98e0009bb0 comp rx=0 tx=0).ready entity=mon.0 client_cookie=f9fb24d8c6778448 server_cookie=0 in_seq=0 out_seq=0
2024-05-27T07:28:50.156 INFO:teuthology.orchestra.run.smithi114.stdout:/usr/bin/ceph: stderr
2024-05-27T07:28:49.175+0000 7f98dbfff700 1 -- 172.21.15.114:0/712558726 <== mon.0 v2:172.21.15.114:3300/0 1 ==== mon_map magic: 0 ==== 205+0+0 (secure 0 0 0) 0x7f98e0004160 con 0x7f98e4108af0
2024-05-27T07:28:50.156 INFO:teuthology.orchestra.run.smithi114.stdout:/usr/bin/ceph: stderr
2024-05-27T07:28:49.175+0000 7f98dbfff700 1 -- 172.21.15.114:0/712558726 <== mon.0 v2:172.21.15.114:3300/0 2 ==== config(26 keys) ==== 1101+0+0 (secure 0 0 0) 0x7f98e0004300 con 0x7f98e4108af0
2024-05-27T07:28:50.156 INFO:teuthology.orchestra.run.smithi114.stdout:/usr/bin/ceph: stderr
2024-05-27T07:28:49.175+0000 7f98dbfff700 1 -- 172.21.15.114:0/712558726 <== mon.0 v2:172.21.15.114:3300/0 3 ==== mon_map magic: 0 ==== 205+0+0 (secure 0 0 0) 0x7f98e0011a20 con 0x7f98e4108af0
2024-05-27T07:28:50.156 INFO:teuthology.orchestra.run.smithi114.stdout:/usr/bin/ceph: stderr
2024-05-27T07:28:49.176+0000 7f98eb7e1700 1 -- 172.21.15.114:0/712558726 >> [v2:172.21.15.114:3300/0,v1:172.21.15.114:6789/0] conn(0x7f98e4108af0 msgr2=0x7f98e4108f00 secure :-1 s=STATE_CONNECTION_ESTABLISHED l=1).mark_down
2024-05-27T07:28:50.156 INFO:teuthology.orchestra.run.smithi114.stdout:/usr/bin/ceph: stderr
2024-05-27T07:28:49.176+0000 7f98eb7e1700 1 --2- 172.21.15.114:0/712558726 >> [v2:172.21.15.114:3300/0,v1:172.21.15.114:6789/0] conn(0x7f98e4108af0 0x7f98e4108f00 secure :-1 s=READY pgs=74 cs=0 l=1 rev1=1 crypto rx=0x7f98e00098a0 tx=0x7f98e0009bb0 comp rx=0 tx=0).stop
2024-05-27T07:28:50.156 INFO:teuthology.orchestra.run.smithi114.stdout:/usr/bin/ceph: stderr
2024-05-27T07:28:49.176+0000 7f98eb7e1700 1 -- 172.21.15.114:0/712558726 shutdown_connections
2024-05-27T07:28:50.156 INFO:teuthology.orchestra.run.smithi114.stdout:/usr/bin/ceph: stderr
2024-05-27T07:28:49.176+0000 7f98eb7e1700 1 --2- 172.21.15.114:0/712558726 >> [v2:172.21.15.114:3300/0,v1:172.21.15.114:6789/0] conn(0x7f98e4108af0 0x7f98e4108f00 unknown :-1 s=CLOSED pgs=74 cs=0 l=1 rev1=1 crypto rx=0 tx=0 comp rx=0 tx=0).stop
2024-05-27T07:28:50.156 INFO:teuthology.orchestra.run.smithi114.stdout:/usr/bin/ceph: stderr
2024-05-27T07:28:49.176+0000 7f98eb7e1700 1 -- 172.21.15.114:0/712558726 >> 172.21.15.114:0/712558726 conn(0x7f98e41041b0 msgr2=0x7f98e4106600 unknown :-1 s=STATE_NONE l=0).mark_down
2024-05-27T07:28:50.156 INFO:teuthology.orchestra.run.smithi114.stdout:/usr/bin/ceph: stderr
2024-05-27T07:28:49.176+0000 7f98eb7e1700 1 -- 172.21.15.114:0/712558726 shutdown_connections
2024-05-27T07:28:50.157 INFO:teuthology.orchestra.run.smithi114.stdout:/usr/bin/ceph: stderr
2024-05-27T07:28:49.176+0000 7f98eb7e1700 1 -- 172.21.15.114:0/712558726 wait complete.
2024-05-27T07:28:50.157 INFO:teuthology.orchestra.run.smithi114.stdout:/usr/bin/ceph: stderr
2024-05-27T07:28:49.177+0000 7f98eb7e1700 1 Processor -- start
2024-05-27T07:28:50.157 INFO:teuthology.orchestra.run.smithi114.stdout:/usr/bin/ceph: stderr
2024-05-27T07:28:49.177+0000 7f98eb7e1700 1 -- start start
2024-05-27T07:28:50.157 INFO:teuthology.orchestra.run.smithi114.stdout:/usr/bin/ceph: stderr
2024-05-27T07:28:49.177+0000 7f98eb7e1700 1 --2- >> [v2:172.21.15.114:3300/0,v1:172.21.15.114:6789/0] conn(0x7f98e4108af0 0x7f98e419df50 unknown :-1 s=NONE pgs=0 cs=0 l=1 rev1=0 crypto rx=0 tx=0 comp rx=0 tx=0).connect
2024-05-27T07:28:50.157 INFO:teuthology.orchestra.run.smithi114.stdout:/usr/bin/ceph: stderr
2024-05-27T07:28:49.177+0000 7f98eb7e1700 1 -- --> [v2:172.21.15.114:3300/0,v1:172.21.15.114:6789/0] -- mon_getmap magic: 0 -- 0x7f98e410cfd0 con 0x7f98e4108af0
2024-05-27T07:28:50.157 INFO:teuthology.orchestra.run.smithi114.stdout:/usr/bin/ceph: stderr
2024-05-27T07:28:49.177+0000 7f98e957d700 1 --2- >> [v2:172.21.15.114:3300/0,v1:172.21.15.114:6789/0] conn(0x7f98e4108af0 0x7f98e419df50 unknown :-1 s=BANNER_CONNECTING pgs=0 cs=0 l=1 rev1=0 crypto rx=0 tx=0 comp rx=0 tx=0)._handle_peer_banner_payload supported=3 required=0
2024-05-27T07:28:50.157 INFO:teuthology.orchestra.run.smithi114.stdout:/usr/bin/ceph: stderr
2024-05-27T07:28:49.177+0000 7f98e957d700 1 --2- >> [v2:172.21.15.114:3300/0,v1:172.21.15.114:6789/0] conn(0x7f98e4108af0 0x7f98e419df50 unknown :-1 s=HELLO_CONNECTING pgs=0 cs=0 l=1 rev1=1 crypto rx=0 tx=0 comp rx=0 tx=0).handle_hello peer v2:172.21.15.114:3300/0 says I am v2:172.21.15.114:34938/0 (socket says 172.21.15.114:34938)
2024-05-27T07:28:50.157 INFO:teuthology.orchestra.run.smithi114.stdout:/usr/bin/ceph: stderr
2024-05-27T07:28:49.177+0000 7f98e957d700 1 -- 172.21.15.114:0/399559049 learned_addr learned my addr 172.21.15.114:0/399559049 (peer_addr_for_me v2:172.21.15.114:0/0)
2024-05-27T07:28:50.157 INFO:teuthology.orchestra.run.smithi114.stdout:/usr/bin/ceph: stderr
2024-05-27T07:28:49.177+0000 7f98e957d700 1 -- 172.21.15.114:0/399559049 --> [v2:172.21.15.114:3300/0,v1:172.21.15.114:6789/0] -- mon_subscribe({config=0+,monmap=0+}) -- 0x7f98e419e490 con 0x7f98e4108af0
2024-05-27T07:28:50.157 INFO:teuthology.orchestra.run.smithi114.stdout:/usr/bin/ceph: stderr
2024-05-27T07:28:49.177+0000 7f98e957d700 1 --2- 172.21.15.114:0/399559049 >> [v2:172.21.15.114:3300/0,v1:172.21.15.114:6789/0] conn(0x7f98e4108af0 0x7f98e419df50 secure :-1 s=READY pgs=75 cs=0 l=1 rev1=1 crypto rx=0x7f98e0003e70 tx=0x7f98e0011aa0 comp rx=0 tx=0).ready entity=mon.0 client_cookie=0 server_cookie=0 in_seq=0 out_seq=0
2024-05-27T07:28:50.157 INFO:teuthology.orchestra.run.smithi114.stdout:/usr/bin/ceph: stderr
2024-05-27T07:28:49.178+0000 7f98da7fc700 1 -- 172.21.15.114:0/399559049 <== mon.0 v2:172.21.15.114:3300/0 1 ==== mon_map magic: 0 ==== 205+0+0 (secure 0 0 0) 0x7f98e0003af0 con 0x7f98e4108af0
2024-05-27T07:28:50.157 INFO:teuthology.orchestra.run.smithi114.stdout:/usr/bin/ceph: stderr
2024-05-27T07:28:49.178+0000 7f98eb7e1700 1 -- 172.21.15.114:0/399559049 --> [v2:172.21.15.114:3300/0,v1:172.21.15.114:6789/0] -- mon_subscribe({mgrmap=0+}) -- 0x7f98e419e720 con 0x7f98e4108af0
2024-05-27T07:28:50.157 INFO:teuthology.orchestra.run.smithi114.stdout:/usr/bin/ceph: stderr
2024-05-27T07:28:49.178+0000 7f98da7fc700 1 -- 172.21.15.114:0/399559049 <== mon.0 v2:172.21.15.114:3300/0 2 ==== config(26 keys) ==== 1101+0+0 (secure 0 0 0) 0x7f98e001a8e0 con 0x7f98e4108af0
2024-05-27T07:28:50.157 INFO:teuthology.orchestra.run.smithi114.stdout:/usr/bin/ceph: stderr
2024-05-27T07:28:49.178+0000 7f98da7fc700 1 -- 172.21.15.114:0/399559049 <== mon.0 v2:172.21.15.114:3300/0 3 ==== mon_map magic: 0 ==== 205+0+0 (secure 0 0 0) 0x7f98e0024870 con 0x7f98e4108af0
2024-05-27T07:28:50.158 INFO:teuthology.orchestra.run.smithi114.stdout:/usr/bin/ceph: stderr
2024-05-27T07:28:49.178+0000 7f98eb7e1700 1 -- 172.21.15.114:0/399559049 --> [v2:172.21.15.114:3300/0,v1:172.21.15.114:6789/0] -- mon_subscribe({osdmap=0}) -- 0x7f98e41a1330 con 0x7f98e4108af0
2024-05-27T07:28:50.158 INFO:teuthology.orchestra.run.smithi114.stdout:/usr/bin/ceph: stderr
2024-05-27T07:28:49.178+0000 7f98eb7e1700 1 -- 172.21.15.114:0/399559049 --> [v2:172.21.15.114:3300/0,v1:172.21.15.114:6789/0] -- mon_command({"prefix": "get_command_descriptions"} v 0) -- 0x7f98e4064e10 con 0x7f98e4108af0
2024-05-27T07:28:50.158 INFO:teuthology.orchestra.run.smithi114.stdout:/usr/bin/ceph: stderr
2024-05-27T07:28:49.179+0000 7f98da7fc700 1 -- 172.21.15.114:0/399559049 <== mon.0 v2:172.21.15.114:3300/0 4 ==== mgrmap(e 12) ==== 50235+0+0 (secure 0 0 0) 0x7f98e0022020 con 0x7f98e4108af0
2024-05-27T07:28:50.158 INFO:teuthology.orchestra.run.smithi114.stdout:/usr/bin/ceph: stderr
2024-05-27T07:28:49.179+0000 7f98da7fc700 1 --2- 172.21.15.114:0/399559049 >> [v2:172.21.15.114:6800/2291864634,v1:172.21.15.114:6801/2291864634] conn(0x7f98d003e470 0x7f98d0040980 unknown :-1 s=NONE pgs=0 cs=0 l=1 rev1=0 crypto rx=0 tx=0 comp rx=0 tx=0).connect
2024-05-27T07:28:50.158 INFO:teuthology.orchestra.run.smithi114.stdout:/usr/bin/ceph: stderr
2024-05-27T07:28:49.179+0000 7f98da7fc700 1 -- 172.21.15.114:0/399559049 <== mon.0 v2:172.21.15.114:3300/0 5 ==== osd_map(3..3 src has 1..3) ==== 1155+0+0 (secure 0 0 0) 0x7f98e0053a50 con 0x7f98e4108af0
2024-05-27T07:28:50.158 INFO:teuthology.orchestra.run.smithi114.stdout:/usr/bin/ceph: stderr
2024-05-27T07:28:49.179+0000 7f98e8d7c700 1 --2- 172.21.15.114:0/399559049 >> [v2:172.21.15.114:6800/2291864634,v1:172.21.15.114:6801/2291864634] conn(0x7f98d003e470 0x7f98d0040980 unknown :-1 s=BANNER_CONNECTING pgs=0 cs=0 l=1 rev1=0 crypto rx=0 tx=0 comp rx=0 tx=0)._handle_peer_banner_payload supported=3 required=0
2024-05-27T07:28:50.158 INFO:teuthology.orchestra.run.smithi114.stdout:/usr/bin/ceph: stderr
2024-05-27T07:28:49.179+0000 7f98e8d7c700 1 --2- 172.21.15.114:0/399559049 >> [v2:172.21.15.114:6800/2291864634,v1:172.21.15.114:6801/2291864634] conn(0x7f98d003e470 0x7f98d0040980 secure :-1 s=READY pgs=9 cs=0 l=1 rev1=1 crypto rx=0x7f98d4006fd0 tx=0x7f98d4006e40 comp rx=0 tx=0).ready entity=mgr.14152 client_cookie=0 server_cookie=0 in_seq=0 out_seq=0
2024-05-27T07:28:50.158 INFO:teuthology.orchestra.run.smithi114.stdout:/usr/bin/ceph: stderr
2024-05-27T07:28:49.184+0000 7f98da7fc700 1 -- 172.21.15.114:0/399559049 <== mon.0 v2:172.21.15.114:3300/0 6 ==== mon_command_ack([{"prefix": "get_command_descriptions"}]=0 v0) ==== 72+0+191963 (secure 0 0 0) 0x7f98e000e260 con 0x7f98e4108af0
2024-05-27T07:28:50.158 INFO:teuthology.orchestra.run.smithi114.stdout:/usr/bin/ceph: stderr
2024-05-27T07:28:49.388+0000 7f98eb7e1700 1 -- 172.21.15.114:0/399559049 --> [v2:172.21.15.114:3300/0,v1:172.21.15.114:6789/0] -- mon_command({"prefix": "config get", "who": "mgr", "key": "mgr/dashboard/ssl_server_port"} v 0) -- 0x7f98e402e8b0 con 0x7f98e4108af0
2024-05-27T07:28:50.158 INFO:teuthology.orchestra.run.smithi114.stdout:/usr/bin/ceph: stderr
2024-05-27T07:28:49.389+0000 7f98da7fc700 1 -- 172.21.15.114:0/399559049 <== mon.0 v2:172.21.15.114:3300/0 7 ==== mon_command_ack([{"prefix": "config get", "who": "mgr", "key": "mgr/dashboard/ssl_server_port"}]=0 v8) ==== 112+0+5 (secure 0 0 0) 0x7f98e001ad90 con 0x7f98e4108af0
2024-05-27T07:28:50.158 INFO:teuthology.orchestra.run.smithi114.stdout:/usr/bin/ceph: stderr
2024-05-27T07:28:49.391+0000 7f98eb7e1700 1 -- 172.21.15.114:0/399559049 >> [v2:172.21.15.114:6800/2291864634,v1:172.21.15.114:6801/2291864634] conn(0x7f98d003e470 msgr2=0x7f98d0040980 secure :-1 s=STATE_CONNECTION_ESTABLISHED l=1).mark_down
