2024-05-27T09:22:36.316+0000 7fcfbc200700 1 --2- 172.21.15.44:0/3473160758 >> [v2:172.21.15.44:6800/4254617371,v1:172.21.15.44:6801/4254617371] conn(0x7fcf9c03e4c0 0x7fcf9c0409d0 unknown :-1 s=CLOSED pgs=11 cs=0 l=1 rev1=1 crypto rx=0 tx=0 comp rx=0 tx=0).stop
2024-05-27T09:22:37.091 INFO:teuthology.orchestra.run.smithi044.stdout:/usr/bin/ceph: stderr
2024-05-27T09:22:36.316+0000 7fcfbc200700 1 --2- 172.21.15.44:0/3473160758 >> [v2:172.21.15.44:3300/0,v1:172.21.15.44:6789/0] conn(0x7fcfb4109db0 0x7fcfb419e210 unknown :-1 s=CLOSED pgs=46 cs=0 l=1 rev1=1 crypto rx=0 tx=0 comp rx=0 tx=0).stop
2024-05-27T09:22:37.091 INFO:teuthology.orchestra.run.smithi044.stdout:/usr/bin/ceph: stderr
2024-05-27T09:22:36.316+0000 7fcfbc200700 1 -- 172.21.15.44:0/3473160758 >> 172.21.15.44:0/3473160758 conn(0x7fcfb41053d0 msgr2=0x7fcfb4106d30 unknown :-1 s=STATE_NONE l=0).mark_down
2024-05-27T09:22:37.091 INFO:teuthology.orchestra.run.smithi044.stdout:/usr/bin/ceph: stderr
2024-05-27T09:22:36.317+0000 7fcfbc200700 1 -- 172.21.15.44:0/3473160758 shutdown_connections
2024-05-27T09:22:37.091 INFO:teuthology.orchestra.run.smithi044.stdout:/usr/bin/ceph: stderr
2024-05-27T09:22:36.317+0000 7fcfbc200700 1 -- 172.21.15.44:0/3473160758 wait complete.
2024-05-27T09:22:37.091 INFO:teuthology.orchestra.run.smithi044.stdout:Deploying unmanaged mon service...
2024-05-27T09:22:37.391 INFO:journalctl@ceph.mon.a.smithi044.stdout:May 27 09:22:37 smithi044 ceph-mon[31618]: from='mgr.14120 172.21.15.44:0/1004056801' entity='mgr.x'
2024-05-27T09:22:37.392 INFO:journalctl@ceph.mon.a.smithi044.stdout:May 27 09:22:37 smithi044 ceph-mon[31618]: Added host smithi044
2024-05-27T09:22:37.392 INFO:journalctl@ceph.mon.a.smithi044.stdout:May 27 09:22:37 smithi044 ceph-mon[31618]: from='mgr.14120 172.21.15.44:0/1004056801' entity='mgr.x' cmd=[{"prefix": "config dump", "format": "json"}]: dispatch
2024-05-27T09:22:39.289 INFO:teuthology.orchestra.run.smithi044.stdout:/usr/bin/ceph: stdout Scheduled mon update...
2024-05-27T09:22:39.289 INFO:teuthology.orchestra.run.smithi044.stdout:/usr/bin/ceph: stderr
2024-05-27T09:22:37.820+0000 7f26da000700 1 Processor -- start
2024-05-27T09:22:39.289 INFO:teuthology.orchestra.run.smithi044.stdout:/usr/bin/ceph: stderr
2024-05-27T09:22:37.820+0000 7f26da000700 1 -- start start
2024-05-27T09:22:39.289 INFO:teuthology.orchestra.run.smithi044.stdout:/usr/bin/ceph: stderr
2024-05-27T09:22:37.820+0000 7f26da000700 1 --2- >> [v2:172.21.15.44:3300/0,v1:172.21.15.44:6789/0] conn(0x7f26d410be00 0x7f26d410c210 unknown :-1 s=NONE pgs=0 cs=0 l=0 rev1=0 crypto rx=0 tx=0 comp rx=0 tx=0).connect
2024-05-27T09:22:39.289 INFO:teuthology.orchestra.run.smithi044.stdout:/usr/bin/ceph: stderr
2024-05-27T09:22:37.820+0000 7f26da000700 1 -- --> [v2:172.21.15.44:3300/0,v1:172.21.15.44:6789/0] -- mon_getmap magic: 0 -- 0x7f26d410c820 con 0x7f26d410be00
2024-05-27T09:22:39.289 INFO:teuthology.orchestra.run.smithi044.stdout:/usr/bin/ceph: stderr
2024-05-27T09:22:37.821+0000 7f26d3400700 1 --2- >> [v2:172.21.15.44:3300/0,v1:172.21.15.44:6789/0] conn(0x7f26d410be00 0x7f26d410c210 unknown :-1 s=BANNER_CONNECTING pgs=0 cs=0 l=0 rev1=0 crypto rx=0 tx=0 comp rx=0 tx=0)._handle_peer_banner_payload supported=3 required=0
2024-05-27T09:22:39.289 INFO:teuthology.orchestra.run.smithi044.stdout:/usr/bin/ceph: stderr
2024-05-27T09:22:37.821+0000 7f26d3400700 1 --2- >> [v2:172.21.15.44:3300/0,v1:172.21.15.44:6789/0] conn(0x7f26d410be00 0x7f26d410c210 unknown :-1 s=HELLO_CONNECTING pgs=0 cs=0 l=0 rev1=1 crypto rx=0 tx=0 comp rx=0 tx=0).handle_hello peer v2:172.21.15.44:3300/0 says I am v2:172.21.15.44:49356/0 (socket says 172.21.15.44:49356)
2024-05-27T09:22:39.289 INFO:teuthology.orchestra.run.smithi044.stdout:/usr/bin/ceph: stderr
2024-05-27T09:22:37.821+0000 7f26d3400700 1 -- 172.21.15.44:0/1799341801 learned_addr learned my addr 172.21.15.44:0/1799341801 (peer_addr_for_me v2:172.21.15.44:0/0)
2024-05-27T09:22:39.289 INFO:teuthology.orchestra.run.smithi044.stdout:/usr/bin/ceph: stderr
2024-05-27T09:22:37.822+0000 7f26d3400700 1 -- 172.21.15.44:0/1799341801 --> [v2:172.21.15.44:3300/0,v1:172.21.15.44:6789/0] -- mon_subscribe({config=0+,monmap=0+}) -- 0x7f26d410d080 con 0x7f26d410be00
2024-05-27T09:22:39.289 INFO:teuthology.orchestra.run.smithi044.stdout:/usr/bin/ceph: stderr
2024-05-27T09:22:37.822+0000 7f26d3400700 1 --2- 172.21.15.44:0/1799341801 >> [v2:172.21.15.44:3300/0,v1:172.21.15.44:6789/0] conn(0x7f26d410be00 0x7f26d410c210 secure :-1 s=READY pgs=47 cs=0 l=1 rev1=1 crypto rx=0x7f26c40098a0 tx=0x7f26c4009bb0 comp rx=0 tx=0).ready entity=mon.0 client_cookie=a8f4cd7c1bec9457 server_cookie=0 in_seq=0 out_seq=0
2024-05-27T09:22:39.290 INFO:teuthology.orchestra.run.smithi044.stdout:/usr/bin/ceph: stderr
2024-05-27T09:22:37.823+0000 7f26d2000700 1 -- 172.21.15.44:0/1799341801 <== mon.0 v2:172.21.15.44:3300/0 1 ==== mon_map magic: 0 ==== 205+0+0 (secure 0 0 0) 0x7f26c4004160 con 0x7f26d410be00
2024-05-27T09:22:39.290 INFO:teuthology.orchestra.run.smithi044.stdout:/usr/bin/ceph: stderr
2024-05-27T09:22:37.823+0000 7f26d2000700 1 -- 172.21.15.44:0/1799341801 <== mon.0 v2:172.21.15.44:3300/0 2 ==== config(26 keys) ==== 1070+0+0 (secure 0 0 0) 0x7f26c4004300 con 0x7f26d410be00
2024-05-27T09:22:39.290 INFO:teuthology.orchestra.run.smithi044.stdout:/usr/bin/ceph: stderr
2024-05-27T09:22:37.823+0000 7f26d2000700 1 -- 172.21.15.44:0/1799341801 <== mon.0 v2:172.21.15.44:3300/0 3 ==== mon_map magic: 0 ==== 205+0+0 (secure 0 0 0) 0x7f26c4011af0 con 0x7f26d410be00
2024-05-27T09:22:39.290 INFO:teuthology.orchestra.run.smithi044.stdout:/usr/bin/ceph: stderr
2024-05-27T09:22:37.823+0000 7f26da000700 1 -- 172.21.15.44:0/1799341801 >> [v2:172.21.15.44:3300/0,v1:172.21.15.44:6789/0] conn(0x7f26d410be00 msgr2=0x7f26d410c210 secure :-1 s=STATE_CONNECTION_ESTABLISHED l=1).mark_down
2024-05-27T09:22:39.290 INFO:teuthology.orchestra.run.smithi044.stdout:/usr/bin/ceph: stderr
2024-05-27T09:22:37.824+0000 7f26da000700 1 --2- 172.21.15.44:0/1799341801 >> [v2:172.21.15.44:3300/0,v1:172.21.15.44:6789/0] conn(0x7f26d410be00 0x7f26d410c210 secure :-1 s=READY pgs=47 cs=0 l=1 rev1=1 crypto rx=0x7f26c40098a0 tx=0x7f26c4009bb0 comp rx=0 tx=0).stop
2024-05-27T09:22:39.290 INFO:teuthology.orchestra.run.smithi044.stdout:/usr/bin/ceph: stderr
2024-05-27T09:22:37.824+0000 7f26da000700 1 -- 172.21.15.44:0/1799341801 shutdown_connections
2024-05-27T09:22:39.290 INFO:teuthology.orchestra.run.smithi044.stdout:/usr/bin/ceph: stderr
2024-05-27T09:22:37.824+0000 7f26da000700 1 --2- 172.21.15.44:0/1799341801 >> [v2:172.21.15.44:3300/0,v1:172.21.15.44:6789/0] conn(0x7f26d410be00 0x7f26d410c210 unknown :-1 s=CLOSED pgs=47 cs=0 l=1 rev1=1 crypto rx=0 tx=0 comp rx=0 tx=0).stop
2024-05-27T09:22:39.290 INFO:teuthology.orchestra.run.smithi044.stdout:/usr/bin/ceph: stderr
2024-05-27T09:22:37.824+0000 7f26da000700 1 -- 172.21.15.44:0/1799341801 >> 172.21.15.44:0/1799341801 conn(0x7f26d407f480 msgr2=0x7f26d4109f00 unknown :-1 s=STATE_NONE l=0).mark_down
2024-05-27T09:22:39.290 INFO:teuthology.orchestra.run.smithi044.stdout:/usr/bin/ceph: stderr
2024-05-27T09:22:37.824+0000 7f26da000700 1 -- 172.21.15.44:0/1799341801 shutdown_connections
2024-05-27T09:22:39.294 INFO:teuthology.orchestra.run.smithi044.stdout:/usr/bin/ceph: stderr
2024-05-27T09:22:37.824+0000 7f26da000700 1 -- 172.21.15.44:0/1799341801 wait complete.
2024-05-27T09:22:39.294 INFO:teuthology.orchestra.run.smithi044.stdout:/usr/bin/ceph: stderr
2024-05-27T09:22:37.825+0000 7f26da000700 1 Processor -- start
2024-05-27T09:22:39.294 INFO:teuthology.orchestra.run.smithi044.stdout:/usr/bin/ceph: stderr
2024-05-27T09:22:37.825+0000 7f26da000700 1 -- start start
2024-05-27T09:22:39.294 INFO:teuthology.orchestra.run.smithi044.stdout:/usr/bin/ceph: stderr
2024-05-27T09:22:37.826+0000 7f26da000700 1 --2- >> [v2:172.21.15.44:3300/0,v1:172.21.15.44:6789/0] conn(0x7f26d410be00 0x7f26d41a47b0 unknown :-1 s=NONE pgs=0 cs=0 l=1 rev1=0 crypto rx=0 tx=0 comp rx=0 tx=0).connect
2024-05-27T09:22:39.294 INFO:teuthology.orchestra.run.smithi044.stdout:/usr/bin/ceph: stderr
2024-05-27T09:22:37.826+0000 7f26da000700 1 -- --> [v2:172.21.15.44:3300/0,v1:172.21.15.44:6789/0] -- mon_getmap magic: 0 -- 0x7f26d41104c0 con 0x7f26d410be00
2024-05-27T09:22:39.294 INFO:teuthology.orchestra.run.smithi044.stdout:/usr/bin/ceph: stderr
2024-05-27T09:22:37.826+0000 7f26d3400700 1 --2- >> [v2:172.21.15.44:3300/0,v1:172.21.15.44:6789/0] conn(0x7f26d410be00 0x7f26d41a47b0 unknown :-1 s=BANNER_CONNECTING pgs=0 cs=0 l=1 rev1=0 crypto rx=0 tx=0 comp rx=0 tx=0)._handle_peer_banner_payload supported=3 required=0
2024-05-27T09:22:39.294 INFO:teuthology.orchestra.run.smithi044.stdout:/usr/bin/ceph: stderr
2024-05-27T09:22:37.826+0000 7f26d3400700 1 --2- >> [v2:172.21.15.44:3300/0,v1:172.21.15.44:6789/0] conn(0x7f26d410be00 0x7f26d41a47b0 unknown :-1 s=HELLO_CONNECTING pgs=0 cs=0 l=1 rev1=1 crypto rx=0 tx=0 comp rx=0 tx=0).handle_hello peer v2:172.21.15.44:3300/0 says I am v2:172.21.15.44:49370/0 (socket says 172.21.15.44:49370)
2024-05-27T09:22:39.294 INFO:teuthology.orchestra.run.smithi044.stdout:/usr/bin/ceph: stderr
2024-05-27T09:22:37.826+0000 7f26d3400700 1 -- 172.21.15.44:0/3758019993 learned_addr learned my addr 172.21.15.44:0/3758019993 (peer_addr_for_me v2:172.21.15.44:0/0)
2024-05-27T09:22:39.295 INFO:teuthology.orchestra.run.smithi044.stdout:/usr/bin/ceph: stderr
2024-05-27T09:22:37.826+0000 7f26d3400700 1 -- 172.21.15.44:0/3758019993 --> [v2:172.21.15.44:3300/0,v1:172.21.15.44:6789/0] -- mon_subscribe({config=0+,monmap=0+}) -- 0x7f26d41a4cf0 con 0x7f26d410be00
2024-05-27T09:22:39.295 INFO:teuthology.orchestra.run.smithi044.stdout:/usr/bin/ceph: stderr
2024-05-27T09:22:37.827+0000 7f26d3400700 1 --2- 172.21.15.44:0/3758019993 >> [v2:172.21.15.44:3300/0,v1:172.21.15.44:6789/0] conn(0x7f26d410be00 0x7f26d41a47b0 secure :-1 s=READY pgs=48 cs=0 l=1 rev1=1 crypto rx=0x7f26c4015000 tx=0x7f26c4011940 comp rx=0 tx=0).ready entity=mon.0 client_cookie=0 server_cookie=0 in_seq=0 out_seq=0
2024-05-27T09:22:39.295 INFO:teuthology.orchestra.run.smithi044.stdout:/usr/bin/ceph: stderr
2024-05-27T09:22:37.827+0000 7f26cbe00700 1 -- 172.21.15.44:0/3758019993 <== mon.0 v2:172.21.15.44:3300/0 1 ==== mon_map magic: 0 ==== 205+0+0 (secure 0 0 0) 0x7f26c40039e0 con 0x7f26d410be00
2024-05-27T09:22:39.295 INFO:teuthology.orchestra.run.smithi044.stdout:/usr/bin/ceph: stderr
2024-05-27T09:22:37.827+0000 7f26cbe00700 1 -- 172.21.15.44:0/3758019993 <== mon.0 v2:172.21.15.44:3300/0 2 ==== config(26 keys) ==== 1070+0+0 (secure 0 0 0) 0x7f26c4003b80 con 0x7f26d410be00
2024-05-27T09:22:39.295 INFO:teuthology.orchestra.run.smithi044.stdout:/usr/bin/ceph: stderr
2024-05-27T09:22:37.827+0000 7f26cbe00700 1 -- 172.21.15.44:0/3758019993 <== mon.0 v2:172.21.15.44:3300/0 3 ==== mon_map magic: 0 ==== 205+0+0 (secure 0 0 0) 0x7f26c40246e0 con 0x7f26d410be00
2024-05-27T09:22:39.295 INFO:teuthology.orchestra.run.smithi044.stdout:/usr/bin/ceph: stderr
2024-05-27T09:22:37.827+0000 7f26da000700 1 -- 172.21.15.44:0/3758019993 --> [v2:172.21.15.44:3300/0,v1:172.21.15.44:6789/0] -- mon_subscribe({mgrmap=0+}) -- 0x7f26d41a4f80 con 0x7f26d410be00
2024-05-27T09:22:39.295 INFO:teuthology.orchestra.run.smithi044.stdout:/usr/bin/ceph: stderr
2024-05-27T09:22:37.828+0000 7f26da000700 1 -- 172.21.15.44:0/3758019993 --> [v2:172.21.15.44:3300/0,v1:172.21.15.44:6789/0] -- mon_subscribe({osdmap=0}) -- 0x7f26d41a7b90 con 0x7f26d410be00
2024-05-27T09:22:39.295 INFO:teuthology.orchestra.run.smithi044.stdout:/usr/bin/ceph: stderr
2024-05-27T09:22:37.829+0000 7f26da000700 1 -- 172.21.15.44:0/3758019993 --> [v2:172.21.15.44:3300/0,v1:172.21.15.44:6789/0] -- mon_command({"prefix": "get_command_descriptions"} v 0) -- 0x7f26d4064e10 con 0x7f26d410be00
2024-05-27T09:22:39.295 INFO:teuthology.orchestra.run.smithi044.stdout:/usr/bin/ceph: stderr
2024-05-27T09:22:37.830+0000 7f26cbe00700 1 -- 172.21.15.44:0/3758019993 <== mon.0 v2:172.21.15.44:3300/0 4 ==== mgrmap(e 8) ==== 50222+0+0 (secure 0 0 0) 0x7f26c4022020 con 0x7f26d410be00
2024-05-27T09:22:39.295 INFO:teuthology.orchestra.run.smithi044.stdout:/usr/bin/ceph: stderr
2024-05-27T09:22:37.830+0000 7f26cbe00700 1 --2- 172.21.15.44:0/3758019993 >> [v2:172.21.15.44:6800/4254617371,v1:172.21.15.44:6801/4254617371] conn(0x7f26b803e4c0 0x7f26b80409d0 unknown :-1 s=NONE pgs=0 cs=0 l=1 rev1=0 crypto rx=0 tx=0 comp rx=0 tx=0).connect
2024-05-27T09:22:39.295 INFO:teuthology.orchestra.run.smithi044.stdout:/usr/bin/ceph: stderr
2024-05-27T09:22:37.830+0000 7f26cbe00700 1 -- 172.21.15.44:0/3758019993 <== mon.0 v2:172.21.15.44:3300/0 5 ==== osd_map(2..2 src has 1..2) ==== 940+0+0 (secure 0 0 0) 0x7f26c4053ce0 con 0x7f26d410be00
2024-05-27T09:22:39.295 INFO:teuthology.orchestra.run.smithi044.stdout:/usr/bin/ceph: stderr
2024-05-27T09:22:37.831+0000 7f26d2a00700 1 --2- 172.21.15.44:0/3758019993 >> [v2:172.21.15.44:6800/4254617371,v1:172.21.15.44:6801/4254617371] conn(0x7f26b803e4c0 0x7f26b80409d0 unknown :-1 s=BANNER_CONNECTING pgs=0 cs=0 l=1 rev1=0 crypto rx=0 tx=0 comp rx=0 tx=0)._handle_peer_banner_payload supported=3 required=0
2024-05-27T09:22:39.296 INFO:teuthology.orchestra.run.smithi044.stdout:/usr/bin/ceph: stderr
2024-05-27T09:22:37.831+0000 7f26d2a00700 1 --2- 172.21.15.44:0/3758019993 >> [v2:172.21.15.44:6800/4254617371,v1:172.21.15.44:6801/4254617371] conn(0x7f26b803e4c0 0x7f26b80409d0 secure :-1 s=READY pgs=12 cs=0 l=1 rev1=1 crypto rx=0x7f26c0006fd0 tx=0x7f26c0006e40 comp rx=0 tx=0).ready entity=mgr.14120 client_cookie=0 server_cookie=0 in_seq=0 out_seq=0
2024-05-27T09:22:39.296 INFO:teuthology.orchestra.run.smithi044.stdout:/usr/bin/ceph: stderr
2024-05-27T09:22:37.836+0000 7f26cbe00700 1 -- 172.21.15.44:0/3758019993 <== mon.0 v2:172.21.15.44:3300/0 6 ==== mon_command_ack([{"prefix": "get_command_descriptions"}]=0 v0) ==== 72+0+191963 (secure 0 0 0) 0x7f26c402cd60 con 0x7f26d410be00
2024-05-27T09:22:39.296 INFO:teuthology.orchestra.run.smithi044.stdout:/usr/bin/ceph: stderr
2024-05-27T09:22:38.098+0000 7f26da000700 1 -- 172.21.15.44:0/3758019993 --> [v2:172.21.15.44:6800/4254617371,v1:172.21.15.44:6801/4254617371] -- mgr_command(tid 0: {"prefix": "orch apply", "service_type": "mon", "unmanaged": true, "target": ["mon-mgr", ""]}) -- 0x7f26d4082d40 con 0x7f26b803e4c0
2024-05-27T09:22:39.296 INFO:teuthology.orchestra.run.smithi044.stdout:/usr/bin/ceph: stderr
2024-05-27T09:22:38.106+0000 7f26cbe00700 1 -- 172.21.15.44:0/3758019993 <== mgr.14120 v2:172.21.15.44:6800/4254617371 1 ==== mgr_command_reply(tid 0: 0 ) ==== 8+0+24 (secure 0 0 0) 0x7f26d4082d40 con 0x7f26b803e4c0
2024-05-27T09:22:39.296 INFO:teuthology.orchestra.run.smithi044.stdout:/usr/bin/ceph: stderr
2024-05-27T09:22:38.109+0000 7f26da000700 1 -- 172.21.15.44:0/3758019993 >> [v2:172.21.15.44:6800/4254617371,v1:172.21.15.44:6801/4254617371] conn(0x7f26b803e4c0 msgr2=0x7f26b80409d0 secure :-1 s=STATE_CONNECTION_ESTABLISHED l=1).mark_down
2024-05-27T09:22:39.296 INFO:teuthology.orchestra.run.smithi044.stdout:/usr/bin/ceph: stderr
2024-05-27T09:22:38.109+0000 7f26da000700 1 --2- 172.21.15.44:0/3758019993 >> [v2:172.21.15.44:6800/4254617371,v1:172.21.15.44:6801/4254617371] conn(0x7f26b803e4c0 0x7f26b80409d0 secure :-1 s=READY pgs=12 cs=0 l=1 rev1=1 crypto rx=0x7f26c0006fd0 tx=0x7f26c0006e40 comp rx=0 tx=0).stop
2024-05-27T09:22:39.296 INFO:teuthology.orchestra.run.smithi044.stdout:/usr/bin/ceph: stderr
2024-05-27T09:22:38.109+0000 7f26da000700 1 -- 172.21.15.44:0/3758019993 >> [v2:172.21.15.44:3300/0,v1:172.21.15.44:6789/0] conn(0x7f26d410be00 msgr2=0x7f26d41a47b0 secure :-1 s=STATE_CONNECTION_ESTABLISHED l=1).mark_down
2024-05-27T09:22:39.296 INFO:teuthology.orchestra.run.smithi044.stdout:/usr/bin/ceph: stderr
2024-05-27T09:22:38.109+0000 7f26da000700 1 --2- 172.21.15.44:0/3758019993 >> [v2:172.21.15.44:3300/0,v1:172.21.15.44:6789/0] conn(0x7f26d410be00 0x7f26d41a47b0 secure :-1 s=READY pgs=48 cs=0 l=1 rev1=1 crypto rx=0x7f26c4015000 tx=0x7f26c4011940 comp rx=0 tx=0).stop
2024-05-27T09:22:39.296 INFO:teuthology.orchestra.run.smithi044.stdout:/usr/bin/ceph: stderr
2024-05-27T09:22:38.109+0000 7f26da000700 1 -- 172.21.15.44:0/3758019993 shutdown_connections
2024-05-27T09:22:39.296 INFO:teuthology.orchestra.run.smithi044.stdout:/usr/bin/ceph: stderr
2024-05-27T09:22:38.109+0000 7f26da000700 1 --2- 172.21.15.44:0/3758019993 >> [v2:172.21.15.44:6800/4254617371,v1:172.21.15.44:6801/4254617371] conn(0x7f26b803e4c0 0x7f26b80409d0 unknown :-1 s=CLOSED pgs=12 cs=0 l=1 rev1=1 crypto rx=0 tx=0 comp rx=0 tx=0).stop
2024-05-27T09:22:39.296 INFO:teuthology.orchestra.run.smithi044.stdout:/usr/bin/ceph: stderr
2024-05-27T09:22:38.109+0000 7f26da000700 1 --2- 172.21.15.44:0/3758019993 >> [v2:172.21.15.44:3300/0,v1:172.21.15.44:6789/0] conn(0x7f26d410be00 0x7f26d41a47b0 unknown :-1 s=CLOSED pgs=48 cs=0 l=1 rev1=1 crypto rx=0 tx=0 comp rx=0 tx=0).stop
2024-05-27T09:22:39.296 INFO:teuthology.orchestra.run.smithi044.stdout:/usr/bin/ceph: stderr
2024-05-27T09:22:38.109+0000 7f26da000700 1 -- 172.21.15.44:0/3758019993 >> 172.21.15.44:0/3758019993 conn(0x7f26d407f480 msgr2=0x7f26d4109610 unknown :-1 s=STATE_NONE l=0).mark_down
2024-05-27T09:22:39.296 INFO:teuthology.orchestra.run.smithi044.stdout:/usr/bin/ceph: stderr
2024-05-27T09:22:38.110+0000 7f26da000700 1 -- 172.21.15.44:0/3758019993 shutdown_connections
2024-05-27T09:22:39.297 INFO:teuthology.orchestra.run.smithi044.stdout:/usr/bin/ceph: stderr
2024-05-27T09:22:38.110+0000 7f26da000700 1 -- 172.21.15.44:0/3758019993 wait complete.
2024-05-27T09:22:39.297 INFO:teuthology.orchestra.run.smithi044.stdout:Deploying unmanaged mgr service...
2024-05-27T09:22:39.430 INFO:journalctl@ceph.mon.a.smithi044.stdout:May 27 09:22:39 smithi044 ceph-mon[31618]: from='client.14142 -' entity='client.admin' cmd=[{"prefix": "orch apply", "service_type": "mon", "unmanaged": true, "target": ["mon-mgr", ""]}]: dispatch
2024-05-27T09:22:39.430 INFO:journalctl@ceph.mon.a.smithi044.stdout:May 27 09:22:39 smithi044 ceph-mon[31618]: Saving service mon spec with placement count:5
2024-05-27T09:22:39.430 INFO:journalctl@ceph.mon.a.smithi044.stdout:May 27 09:22:39 smithi044 ceph-mon[31618]: from='mgr.14120 172.21.15.44:0/1004056801' entity='mgr.x'
2024-05-27T09:22:41.142 INFO:journalctl@ceph.mon.a.smithi044.stdout:May 27 09:22:40 smithi044 ceph-mon[31618]: from='mgr.14120 172.21.15.44:0/1004056801' entity='mgr.x'
2024-05-27T09:22:41.143 INFO:journalctl@ceph.mon.a.smithi044.stdout:May 27 09:22:40 smithi044 ceph-mon[31618]: pgmap v3: 0 pgs: ; 0 B data, 0 B used, 0 B / 0 B avail
2024-05-27T09:22:41.143 INFO:journalctl@ceph.mon.a.smithi044.stdout:May 27 09:22:40 smithi044 ceph-mon[31618]: from='mgr.14120 172.21.15.44:0/1004056801' entity='mgr.x'
2024-05-27T09:22:41.143 INFO:journalctl@ceph.mon.a.smithi044.stdout:May 27 09:22:40 smithi044 ceph-mon[31618]: from='mgr.14120 172.21.15.44:0/1004056801' entity='mgr.x'
2024-05-27T09:22:41.470 INFO:teuthology.orchestra.run.smithi044.stdout:/usr/bin/ceph: stdout Scheduled mgr update...
2024-05-27T09:22:41.470 INFO:teuthology.orchestra.run.smithi044.stdout:/usr/bin/ceph: stderr
2024-05-27T09:22:40.467+0000 7f0f43c00700 1 Processor -- start
2024-05-27T09:22:41.470 INFO:teuthology.orchestra.run.smithi044.stdout:/usr/bin/ceph: stderr
2024-05-27T09:22:40.468+0000 7f0f43c00700 1 -- start start
2024-05-27T09:22:41.470 INFO:teuthology.orchestra.run.smithi044.stdout:/usr/bin/ceph: stderr
2024-05-27T09:22:40.468+0000 7f0f43c00700 1 --2- >> [v2:172.21.15.44:3300/0,v1:172.21.15.44:6789/0] conn(0x7f0f3c109d30 0x7f0f3c10a140 unknown :-1 s=NONE pgs=0 cs=0 l=0 rev1=0 crypto rx=0 tx=0 comp rx=0 tx=0).connect
2024-05-27T09:22:41.470 INFO:teuthology.orchestra.run.smithi044.stdout:/usr/bin/ceph: stderr
2024-05-27T09:22:40.468+0000 7f0f43c00700 1 -- --> [v2:172.21.15.44:3300/0,v1:172.21.15.44:6789/0] -- mon_getmap magic: 0 -- 0x7f0f3c10a730 con 0x7f0f3c109d30
2024-05-27T09:22:41.470 INFO:teuthology.orchestra.run.smithi044.stdout:/usr/bin/ceph: stderr
2024-05-27T09:22:40.469+0000 7f0f41200700 1 --2- >> [v2:172.21.15.44:3300/0,v1:172.21.15.44:6789/0] conn(0x7f0f3c109d30 0x7f0f3c10a140 unknown :-1 s=BANNER_CONNECTING pgs=0 cs=0 l=0 rev1=0 crypto rx=0 tx=0 comp rx=0 tx=0)._handle_peer_banner_payload supported=3 required=0
2024-05-27T09:22:41.470 INFO:teuthology.orchestra.run.smithi044.stdout:/usr/bin/ceph: stderr
2024-05-27T09:22:40.469+0000 7f0f41200700 1 --2- >> [v2:172.21.15.44:3300/0,v1:172.21.15.44:6789/0] conn(0x7f0f3c109d30 0x7f0f3c10a140 unknown :-1 s=HELLO_CONNECTING pgs=0 cs=0 l=0 rev1=1 crypto rx=0 tx=0 comp rx=0 tx=0).handle_hello peer v2:172.21.15.44:3300/0 says I am v2:172.21.15.44:49380/0 (socket says 172.21.15.44:49380)
2024-05-27T09:22:41.470 INFO:teuthology.orchestra.run.smithi044.stdout:/usr/bin/ceph: stderr
2024-05-27T09:22:40.469+0000 7f0f41200700 1 -- 172.21.15.44:0/875469915 learned_addr learned my addr 172.21.15.44:0/875469915 (peer_addr_for_me v2:172.21.15.44:0/0)
2024-05-27T09:22:41.470 INFO:teuthology.orchestra.run.smithi044.stdout:/usr/bin/ceph: stderr
2024-05-27T09:22:40.469+0000 7f0f41200700 1 -- 172.21.15.44:0/875469915 --> [v2:172.21.15.44:3300/0,v1:172.21.15.44:6789/0] -- mon_subscribe({config=0+,monmap=0+}) -- 0x7f0f3c10af00 con 0x7f0f3c109d30
2024-05-27T09:22:41.470 INFO:teuthology.orchestra.run.smithi044.stdout:/usr/bin/ceph: stderr
2024-05-27T09:22:40.470+0000 7f0f41200700 1 --2- 172.21.15.44:0/875469915 >> [v2:172.21.15.44:3300/0,v1:172.21.15.44:6789/0] conn(0x7f0f3c109d30 0x7f0f3c10a140 secure :-1 s=READY pgs=49 cs=0 l=1 rev1=1 crypto rx=0x7f0f300098a0 tx=0x7f0f30009bb0 comp rx=0 tx=0).ready entity=mon.0 client_cookie=38f3c07cb1f658da server_cookie=0 in_seq=0 out_seq=0
2024-05-27T09:22:41.471 INFO:teuthology.orchestra.run.smithi044.stdout:/usr/bin/ceph: stderr
2024-05-27T09:22:40.470+0000 7f0f3b400700 1 -- 172.21.15.44:0/875469915 <== mon.0 v2:172.21.15.44:3300/0 1 ==== mon_map magic: 0 ==== 205+0+0 (secure 0 0 0) 0x7f0f30004160 con 0x7f0f3c109d30
2024-05-27T09:22:41.471 INFO:teuthology.orchestra.run.smithi044.stdout:/usr/bin/ceph: stderr
2024-05-27T09:22:40.470+0000 7f0f3b400700 1 -- 172.21.15.44:0/875469915 <== mon.0 v2:172.21.15.44:3300/0 2 ==== config(26 keys) ==== 1101+0+0 (secure 0 0 0) 0x7f0f30004300 con 0x7f0f3c109d30
2024-05-27T09:22:41.471 INFO:teuthology.orchestra.run.smithi044.stdout:/usr/bin/ceph: stderr
2024-05-27T09:22:40.470+0000 7f0f3b400700 1 -- 172.21.15.44:0/875469915 <== mon.0 v2:172.21.15.44:3300/0 3 ==== mon_map magic: 0 ==== 205+0+0 (secure 0 0 0) 0x7f0f30011a20 con 0x7f0f3c109d30
2024-05-27T09:22:41.475 INFO:teuthology.orchestra.run.smithi044.stdout:/usr/bin/ceph: stderr
2024-05-27T09:22:40.471+0000 7f0f43c00700 1 -- 172.21.15.44:0/875469915 >> [v2:172.21.15.44:3300/0,v1:172.21.15.44:6789/0] conn(0x7f0f3c109d30 msgr2=0x7f0f3c10a140 secure :-1 s=STATE_CONNECTION_ESTABLISHED l=1).mark_down
2024-05-27T09:22:41.476 INFO:teuthology.orchestra.run.smithi044.stdout:/usr/bin/ceph: stderr
2024-05-27T09:22:40.471+0000 7f0f43c00700 1 --2- 172.21.15.44:0/875469915 >> [v2:172.21.15.44:3300/0,v1:172.21.15.44:6789/0] conn(0x7f0f3c109d30 0x7f0f3c10a140 secure :-1 s=READY pgs=49 cs=0 l=1 rev1=1 crypto rx=0x7f0f300098a0 tx=0x7f0f30009bb0 comp rx=0 tx=0).stop
2024-05-27T09:22:41.476 INFO:teuthology.orchestra.run.smithi044.stdout:/usr/bin/ceph: stderr
2024-05-27T09:22:40.471+0000 7f0f43c00700 1 -- 172.21.15.44:0/875469915 shutdown_connections
2024-05-27T09:22:41.476 INFO:teuthology.orchestra.run.smithi044.stdout:/usr/bin/ceph: stderr
2024-05-27T09:22:40.471+0000 7f0f43c00700 1 --2- 172.21.15.44:0/875469915 >> [v2:172.21.15.44:3300/0,v1:172.21.15.44:6789/0] conn(0x7f0f3c109d30 0x7f0f3c10a140 unknown :-1 s=CLOSED pgs=49 cs=0 l=1 rev1=1 crypto rx=0 tx=0 comp rx=0 tx=0).stop
2024-05-27T09:22:41.476 INFO:teuthology.orchestra.run.smithi044.stdout:/usr/bin/ceph: stderr
2024-05-27T09:22:40.471+0000 7f0f43c00700 1 -- 172.21.15.44:0/875469915 >> 172.21.15.44:0/875469915 conn(0x7f0f3c1053d0 msgr2=0x7f0f3c107820 unknown :-1 s=STATE_NONE l=0).mark_down
2024-05-27T09:22:41.476 INFO:teuthology.orchestra.run.smithi044.stdout:/usr/bin/ceph: stderr
2024-05-27T09:22:40.471+0000 7f0f43c00700 1 -- 172.21.15.44:0/875469915 shutdown_connections
2024-05-27T09:22:41.476 INFO:teuthology.orchestra.run.smithi044.stdout:/usr/bin/ceph: stderr
2024-05-27T09:22:40.471+0000 7f0f43c00700 1 -- 172.21.15.44:0/875469915 wait complete.
2024-05-27T09:22:41.476 INFO:teuthology.orchestra.run.smithi044.stdout:/usr/bin/ceph: stderr
2024-05-27T09:22:40.472+0000 7f0f43c00700 1 Processor -- start
2024-05-27T09:22:41.476 INFO:teuthology.orchestra.run.smithi044.stdout:/usr/bin/ceph: stderr
2024-05-27T09:22:40.473+0000 7f0f43c00700 1 -- start start
2024-05-27T09:22:41.476 INFO:teuthology.orchestra.run.smithi044.stdout:/usr/bin/ceph: stderr
2024-05-27T09:22:40.473+0000 7f0f43c00700 1 --2- >> [v2:172.21.15.44:3300/0,v1:172.21.15.44:6789/0] conn(0x7f0f3c109d30 0x7f0f3c1a0370 unknown :-1 s=NONE pgs=0 cs=0 l=1 rev1=0 crypto rx=0 tx=0 comp rx=0 tx=0).connect
2024-05-27T09:22:41.477 INFO:teuthology.orchestra.run.smithi044.stdout:/usr/bin/ceph: stderr
2024-05-27T09:22:40.473+0000 7f0f43c00700 1 -- --> [v2:172.21.15.44:3300/0,v1:172.21.15.44:6789/0] -- mon_getmap magic: 0 -- 0x7f0f3c10e2b0 con 0x7f0f3c109d30
2024-05-27T09:22:41.477 INFO:teuthology.orchestra.run.smithi044.stdout:/usr/bin/ceph: stderr
2024-05-27T09:22:40.473+0000 7f0f41200700 1 --2- >> [v2:172.21.15.44:3300/0,v1:172.21.15.44:6789/0] conn(0x7f0f3c109d30 0x7f0f3c1a0370 unknown :-1 s=BANNER_CONNECTING pgs=0 cs=0 l=1 rev1=0 crypto rx=0 tx=0 comp rx=0 tx=0)._handle_peer_banner_payload supported=3 required=0
2024-05-27T09:22:41.477 INFO:teuthology.orchestra.run.smithi044.stdout:/usr/bin/ceph: stderr
2024-05-27T09:22:40.473+0000 7f0f41200700 1 --2- >> [v2:172.21.15.44:3300/0,v1:172.21.15.44:6789/0] conn(0x7f0f3c109d30 0x7f0f3c1a0370 unknown :-1 s=HELLO_CONNECTING pgs=0 cs=0 l=1 rev1=1 crypto rx=0 tx=0 comp rx=0 tx=0).handle_hello peer v2:172.21.15.44:3300/0 says I am v2:172.21.15.44:49388/0 (socket says 172.21.15.44:49388)
2024-05-27T09:22:41.477 INFO:teuthology.orchestra.run.smithi044.stdout:/usr/bin/ceph: stderr
2024-05-27T09:22:40.473+0000 7f0f41200700 1 -- 172.21.15.44:0/3997655750 learned_addr learned my addr 172.21.15.44:0/3997655750 (peer_addr_for_me v2:172.21.15.44:0/0)
2024-05-27T09:22:41.477 INFO:teuthology.orchestra.run.smithi044.stdout:/usr/bin/ceph: stderr
2024-05-27T09:22:40.474+0000 7f0f41200700 1 -- 172.21.15.44:0/3997655750 --> [v2:172.21.15.44:3300/0,v1:172.21.15.44:6789/0] -- mon_subscribe({config=0+,monmap=0+}) -- 0x7f0f3c1a08b0 con 0x7f0f3c109d30
2024-05-27T09:22:41.477 INFO:teuthology.orchestra.run.smithi044.stdout:/usr/bin/ceph: stderr
2024-05-27T09:22:40.474+0000 7f0f41200700 1 --2- 172.21.15.44:0/3997655750 >> [v2:172.21.15.44:3300/0,v1:172.21.15.44:6789/0] conn(0x7f0f3c109d30 0x7f0f3c1a0370 secure :-1 s=READY pgs=50 cs=0 l=1 rev1=1 crypto rx=0x7f0f30003e70 tx=0x7f0f30011aa0 comp rx=0 tx=0).ready entity=mon.0 client_cookie=0 server_cookie=0 in_seq=0 out_seq=0
2024-05-27T09:22:41.477 INFO:teuthology.orchestra.run.smithi044.stdout:/usr/bin/ceph: stderr
2024-05-27T09:22:40.474+0000 7f0f39600700 1 -- 172.21.15.44:0/3997655750 <== mon.0 v2:172.21.15.44:3300/0 1 ==== mon_map magic: 0 ==== 205+0+0 (secure 0 0 0) 0x7f0f30003aa0 con 0x7f0f3c109d30
2024-05-27T09:22:41.477 INFO:teuthology.orchestra.run.smithi044.stdout:/usr/bin/ceph: stderr
2024-05-27T09:22:40.474+0000 7f0f39600700 1 -- 172.21.15.44:0/3997655750 <== mon.0 v2:172.21.15.44:3300/0 2 ==== config(26 keys) ==== 1101+0+0 (secure 0 0 0) 0x7f0f3001a8e0 con 0x7f0f3c109d30
2024-05-27T09:22:41.477 INFO:teuthology.orchestra.run.smithi044.stdout:/usr/bin/ceph: stderr
2024-05-27T09:22:40.474+0000 7f0f39600700 1 -- 172.21.15.44:0/3997655750 <== mon.0 v2:172.21.15.44:3300/0 3 ==== mon_map magic: 0 ==== 205+0+0 (secure 0 0 0) 0x7f0f30024870 con 0x7f0f3c109d30
2024-05-27T09:22:41.477 INFO:teuthology.orchestra.run.smithi044.stdout:/usr/bin/ceph: stderr
2024-05-27T09:22:40.475+0000 7f0f43c00700 1 -- 172.21.15.44:0/3997655750 --> [v2:172.21.15.44:3300/0,v1:172.21.15.44:6789/0] -- mon_subscribe({mgrmap=0+}) -- 0x7f0f3c1a0b40 con 0x7f0f3c109d30
2024-05-27T09:22:41.477 INFO:teuthology.orchestra.run.smithi044.stdout:/usr/bin/ceph: stderr
2024-05-27T09:22:40.475+0000 7f0f43c00700 1 -- 172.21.15.44:0/3997655750 --> [v2:172.21.15.44:3300/0,v1:172.21.15.44:6789/0] -- mon_subscribe({osdmap=0}) -- 0x7f0f3c1a3750 con 0x7f0f3c109d30
2024-05-27T09:22:41.478 INFO:teuthology.orchestra.run.smithi044.stdout:/usr/bin/ceph: stderr
2024-05-27T09:22:40.476+0000 7f0f43c00700 1 -- 172.21.15.44:0/3997655750 --> [v2:172.21.15.44:3300/0,v1:172.21.15.44:6789/0] -- mon_command({"prefix": "get_command_descriptions"} v 0) -- 0x7f0f3c064e10 con 0x7f0f3c109d30
2024-05-27T09:22:41.478 INFO:teuthology.orchestra.run.smithi044.stdout:/usr/bin/ceph: stderr
2024-05-27T09:22:40.476+0000 7f0f39600700 1 -- 172.21.15.44:0/3997655750 <== mon.0 v2:172.21.15.44:3300/0 4 ==== mgrmap(e 8) ==== 50222+0+0 (secure 0 0 0) 0x7f0f30022020 con 0x7f0f3c109d30
2024-05-27T09:22:41.478 INFO:teuthology.orchestra.run.smithi044.stdout:/usr/bin/ceph: stderr
2024-05-27T09:22:40.477+0000 7f0f39600700 1 --2- 172.21.15.44:0/3997655750 >> [v2:172.21.15.44:6800/4254617371,v1:172.21.15.44:6801/4254617371] conn(0x7f0f2403e4c0 0x7f0f240409d0 unknown :-1 s=NONE pgs=0 cs=0 l=1 rev1=0 crypto rx=0 tx=0 comp rx=0 tx=0).connect
2024-05-27T09:22:41.478 INFO:teuthology.orchestra.run.smithi044.stdout:/usr/bin/ceph: stderr
2024-05-27T09:22:40.477+0000 7f0f39600700 1 -- 172.21.15.44:0/3997655750 <== mon.0 v2:172.21.15.44:3300/0 5 ==== osd_map(2..2 src has 1..2) ==== 940+0+0 (secure 0 0 0) 0x7f0f30053840 con 0x7f0f3c109d30
2024-05-27T09:22:41.478 INFO:teuthology.orchestra.run.smithi044.stdout:/usr/bin/ceph: stderr
2024-05-27T09:22:40.478+0000 7f0f3be00700 1 --2- 172.21.15.44:0/3997655750 >> [v2:172.21.15.44:6800/4254617371,v1:172.21.15.44:6801/4254617371] conn(0x7f0f2403e4c0 0x7f0f240409d0 unknown :-1 s=BANNER_CONNECTING pgs=0 cs=0 l=1 rev1=0 crypto rx=0 tx=0 comp rx=0 tx=0)._handle_peer_banner_payload supported=3 required=0
2024-05-27T09:22:41.478 INFO:teuthology.orchestra.run.smithi044.stdout:/usr/bin/ceph: stderr
2024-05-27T09:22:40.478+0000 7f0f3be00700 1 --2- 172.21.15.44:0/3997655750 >> [v2:172.21.15.44:6800/4254617371,v1:172.21.15.44:6801/4254617371] conn(0x7f0f2403e4c0 0x7f0f240409d0 secure :-1 s=READY pgs=13 cs=0 l=1 rev1=1 crypto rx=0x7f0f28006fd0 tx=0x7f0f28006e40 comp rx=0 tx=0).ready entity=mgr.14120 client_cookie=0 server_cookie=0 in_seq=0 out_seq=0
2024-05-27T09:22:41.478 INFO:teuthology.orchestra.run.smithi044.stdout:/usr/bin/ceph: stderr
2024-05-27T09:22:40.482+0000 7f0f39600700 1 -- 172.21.15.44:0/3997655750 <== mon.0 v2:172.21.15.44:3300/0 6 ==== mon_command_ack([{"prefix": "get_command_descriptions"}]=0 v0) ==== 72+0+191963 (secure 0 0 0) 0x7f0f300212c0 con 0x7f0f3c109d30
2024-05-27T09:22:41.478 INFO:teuthology.orchestra.run.smithi044.stdout:/usr/bin/ceph: stderr
2024-05-27T09:22:40.746+0000 7f0f43c00700 1 -- 172.21.15.44:0/3997655750 --> [v2:172.21.15.44:6800/4254617371,v1:172.21.15.44:6801/4254617371] -- mgr_command(tid 0: {"prefix": "orch apply", "service_type": "mgr", "unmanaged": true, "target": ["mon-mgr", ""]}) -- 0x7f0f3c1a39e0 con 0x7f0f2403e4c0
2024-05-27T09:22:41.478 INFO:teuthology.orchestra.run.smithi044.stdout:/usr/bin/ceph: stderr
2024-05-27T09:22:40.756+0000 7f0f39600700 1 -- 172.21.15.44:0/3997655750 <== mgr.14120 v2:172.21.15.44:6800/4254617371 1 ==== mgr_command_reply(tid 0: 0 ) ==== 8+0+24 (secure 0 0 0) 0x7f0f3c1a39e0 con 0x7f0f2403e4c0
2024-05-27T09:22:41.478 INFO:teuthology.orchestra.run.smithi044.stdout:/usr/bin/ceph: stderr
2024-05-27T09:22:40.759+0000 7f0f43c00700 1 -- 172.21.15.44:0/3997655750 >> [v2:172.21.15.44:6800/4254617371,v1:172.21.15.44:6801/4254617371] conn(0x7f0f2403e4c0 msgr2=0x7f0f240409d0 secure :-1 s=STATE_CONNECTION_ESTABLISHED l=1).mark_down
2024-05-27T09:22:41.478 INFO:teuthology.orchestra.run.smithi044.stdout:/usr/bin/ceph: stderr
2024-05-27T09:22:40.759+0000 7f0f43c00700 1 --2- 172.21.15.44:0/3997655750 >> [v2:172.21.15.44:6800/4254617371,v1:172.21.15.44:6801/4254617371] conn(0x7f0f2403e4c0 0x7f0f240409d0 secure :-1 s=READY pgs=13 cs=0 l=1 rev1=1 crypto rx=0x7f0f28006fd0 tx=0x7f0f28006e40 comp rx=0 tx=0).stop
2024-05-27T09:22:41.478 INFO:teuthology.orchestra.run.smithi044.stdout:/usr/bin/ceph: stderr
2024-05-27T09:22:40.759+0000 7f0f43c00700 1 -- 172.21.15.44:0/3997655750 >> [v2:172.21.15.44:3300/0,v1:172.21.15.44:6789/0] conn(0x7f0f3c109d30 msgr2=0x7f0f3c1a0370 secure :-1 s=STATE_CONNECTION_ESTABLISHED l=1).mark_down
2024-05-27T09:22:41.479 INFO:teuthology.orchestra.run.smithi044.stdout:/usr/bin/ceph: stderr
2024-05-27T09:22:40.759+0000 7f0f43c00700 1 --2- 172.21.15.44:0/3997655750 >> [v2:172.21.15.44:3300/0,v1:172.21.15.44:6789/0] conn(0x7f0f3c109d30 0x7f0f3c1a0370 secure :-1 s=READY pgs=50 cs=0 l=1 rev1=1 crypto rx=0x7f0f30003e70 tx=0x7f0f30011aa0 comp rx=0 tx=0).stop
2024-05-27T09:22:41.479 INFO:teuthology.orchestra.run.smithi044.stdout:/usr/bin/ceph: stderr
2024-05-27T09:22:40.759+0000 7f0f43c00700 1 -- 172.21.15.44:0/3997655750 shutdown_connections
2024-05-27T09:22:41.479 INFO:teuthology.orchestra.run.smithi044.stdout:/usr/bin/ceph: stderr
2024-05-27T09:22:40.759+0000 7f0f43c00700 1 --2- 172.21.15.44:0/3997655750 >> [v2:172.21.15.44:6800/4254617371,v1:172.21.15.44:6801/4254617371] conn(0x7f0f2403e4c0 0x7f0f240409d0 unknown :-1 s=CLOSED pgs=13 cs=0 l=1 rev1=1 crypto rx=0 tx=0 comp rx=0 tx=0).stop
2024-05-27T09:22:41.479 INFO:teuthology.orchestra.run.smithi044.stdout:/usr/bin/ceph: stderr
2024-05-27T09:22:40.759+0000 7f0f43c00700 1 --2- 172.21.15.44:0/3997655750 >> [v2:172.21.15.44:3300/0,v1:172.21.15.44:6789/0] conn(0x7f0f3c109d30 0x7f0f3c1a0370 unknown :-1 s=CLOSED pgs=50 cs=0 l=1 rev1=1 crypto rx=0 tx=0 comp rx=0 tx=0).stop
2024-05-27T09:22:41.479 INFO:teuthology.orchestra.run.smithi044.stdout:/usr/bin/ceph: stderr
2024-05-27T09:22:40.759+0000 7f0f43c00700 1 -- 172.21.15.44:0/3997655750 >> 172.21.15.44:0/3997655750 conn(0x7f0f3c1053d0 msgr2=0x7f0f3c105c30 unknown :-1 s=STATE_NONE l=0).mark_down
2024-05-27T09:22:41.479 INFO:teuthology.orchestra.run.smithi044.stdout:/usr/bin/ceph: stderr
2024-05-27T09:22:40.759+0000 7f0f43c00700 1 -- 172.21.15.44:0/3997655750 shutdown_connections
2024-05-27T09:22:41.479 INFO:teuthology.orchestra.run.smithi044.stdout:/usr/bin/ceph: stderr
2024-05-27T09:22:40.760+0000 7f0f43c00700 1 -- 172.21.15.44:0/3997655750 wait complete.
2024-05-27T09:22:42.124 INFO:journalctl@ceph.mon.a.smithi044.stdout:May 27 09:22:41 smithi044 ceph-mon[31618]: from='client.14144 -' entity='client.admin' cmd=[{"prefix": "orch apply", "service_type": "mgr", "unmanaged": true, "target": ["mon-mgr", ""]}]: dispatch
2024-05-27T09:22:42.124 INFO:journalctl@ceph.mon.a.smithi044.stdout:May 27 09:22:41 smithi044 ceph-mon[31618]: Saving service mgr spec with placement count:2
2024-05-27T09:22:43.425 INFO:teuthology.orchestra.run.smithi044.stdout:/usr/bin/ceph: stderr
2024-05-27T09:22:42.123+0000 7f5a66c00700 1 Processor -- start
2024-05-27T09:22:43.425 INFO:teuthology.orchestra.run.smithi044.stdout:/usr/bin/ceph: stderr
2024-05-27T09:22:42.123+0000 7f5a66c00700 1 -- start start
2024-05-27T09:22:43.425 INFO:teuthology.orchestra.run.smithi044.stdout:/usr/bin/ceph: stderr
2024-05-27T09:22:42.124+0000 7f5a66c00700 1 --2- >> [v2:172.21.15.44:3300/0,v1:172.21.15.44:6789/0] conn(0x7f5a60109d30 0x7f5a6010a140 unknown :-1 s=NONE pgs=0 cs=0 l=0 rev1=0 crypto rx=0 tx=0 comp rx=0 tx=0).connect
2024-05-27T09:22:43.425 INFO:teuthology.orchestra.run.smithi044.stdout:/usr/bin/ceph: stderr
2024-05-27T09:22:42.124+0000 7f5a66c00700 1 -- --> [v2:172.21.15.44:3300/0,v1:172.21.15.44:6789/0] -- mon_getmap magic: 0 -- 0x7f5a6010a730 con 0x7f5a60109d30
2024-05-27T09:22:43.425 INFO:teuthology.orchestra.run.smithi044.stdout:/usr/bin/ceph: stderr
2024-05-27T09:22:42.124+0000 7f5a5fe00700 1 --2- >> [v2:172.21.15.44:3300/0,v1:172.21.15.44:6789/0] conn(0x7f5a60109d30 0x7f5a6010a140 unknown :-1 s=BANNER_CONNECTING pgs=0 cs=0 l=0 rev1=0 crypto rx=0 tx=0 comp rx=0 tx=0)._handle_peer_banner_payload supported=3 required=0
2024-05-27T09:22:43.425 INFO:teuthology.orchestra.run.smithi044.stdout:/usr/bin/ceph: stderr
2024-05-27T09:22:42.124+0000 7f5a5fe00700 1 --2- >> [v2:172.21.15.44:3300/0,v1:172.21.15.44:6789/0] conn(0x7f5a60109d30 0x7f5a6010a140 unknown :-1 s=HELLO_CONNECTING pgs=0 cs=0 l=0 rev1=1 crypto rx=0 tx=0 comp rx=0 tx=0).handle_hello peer v2:172.21.15.44:3300/0 says I am v2:172.21.15.44:49400/0 (socket says 172.21.15.44:49400)
2024-05-27T09:22:43.425 INFO:teuthology.orchestra.run.smithi044.stdout:/usr/bin/ceph: stderr
2024-05-27T09:22:42.124+0000 7f5a5fe00700 1 -- 172.21.15.44:0/1187877442 learned_addr learned my addr 172.21.15.44:0/1187877442 (peer_addr_for_me v2:172.21.15.44:0/0)
2024-05-27T09:22:43.426 INFO:teuthology.orchestra.run.smithi044.stdout:/usr/bin/ceph: stderr
2024-05-27T09:22:42.125+0000 7f5a5fe00700 1 -- 172.21.15.44:0/1187877442 --> [v2:172.21.15.44:3300/0,v1:172.21.15.44:6789/0] -- mon_subscribe({config=0+,monmap=0+}) -- 0x7f5a6010af00 con 0x7f5a60109d30
2024-05-27T09:22:43.426 INFO:teuthology.orchestra.run.smithi044.stdout:/usr/bin/ceph: stderr
2024-05-27T09:22:42.125+0000 7f5a5fe00700 1 --2- 172.21.15.44:0/1187877442 >> [v2:172.21.15.44:3300/0,v1:172.21.15.44:6789/0] conn(0x7f5a60109d30 0x7f5a6010a140 secure :-1 s=READY pgs=51 cs=0 l=1 rev1=1 crypto rx=0x7f5a500098a0 tx=0x7f5a50009bb0 comp rx=0 tx=0).ready entity=mon.0 client_cookie=a950bfa8c36d5b12 server_cookie=0 in_seq=0 out_seq=0
2024-05-27T09:22:43.426 INFO:teuthology.orchestra.run.smithi044.stdout:/usr/bin/ceph: stderr
2024-05-27T09:22:42.125+0000 7f5a5ea00700 1 -- 172.21.15.44:0/1187877442 <== mon.0 v2:172.21.15.44:3300/0 1 ==== mon_map magic: 0 ==== 205+0+0 (secure 0 0 0) 0x7f5a50004160 con 0x7f5a60109d30
2024-05-27T09:22:43.426 INFO:teuthology.orchestra.run.smithi044.stdout:/usr/bin/ceph: stderr
2024-05-27T09:22:42.126+0000 7f5a5ea00700 1 -- 172.21.15.44:0/1187877442 <== mon.0 v2:172.21.15.44:3300/0 2 ==== config(26 keys) ==== 1101+0+0 (secure 0 0 0) 0x7f5a50004300 con 0x7f5a60109d30
2024-05-27T09:22:43.426 INFO:teuthology.orchestra.run.smithi044.stdout:/usr/bin/ceph: stderr
2024-05-27T09:22:42.126+0000 7f5a5ea00700 1 -- 172.21.15.44:0/1187877442 <== mon.0 v2:172.21.15.44:3300/0 3 ==== mon_map magic: 0 ==== 205+0+0 (secure 0 0 0) 0x7f5a50011a20 con 0x7f5a60109d30
2024-05-27T09:22:43.426 INFO:teuthology.orchestra.run.smithi044.stdout:/usr/bin/ceph: stderr
2024-05-27T09:22:42.126+0000 7f5a66c00700 1 -- 172.21.15.44:0/1187877442 >> [v2:172.21.15.44:3300/0,v1:172.21.15.44:6789/0] conn(0x7f5a60109d30 msgr2=0x7f5a6010a140 secure :-1 s=STATE_CONNECTION_ESTABLISHED l=1).mark_down
2024-05-27T09:22:43.426 INFO:teuthology.orchestra.run.smithi044.stdout:/usr/bin/ceph: stderr
2024-05-27T09:22:42.126+0000 7f5a66c00700 1 --2- 172.21.15.44:0/1187877442 >> [v2:172.21.15.44:3300/0,v1:172.21.15.44:6789/0] conn(0x7f5a60109d30 0x7f5a6010a140 secure :-1 s=READY pgs=51 cs=0 l=1 rev1=1 crypto rx=0x7f5a500098a0 tx=0x7f5a50009bb0 comp rx=0 tx=0).stop
2024-05-27T09:22:43.426 INFO:teuthology.orchestra.run.smithi044.stdout:/usr/bin/ceph: stderr
2024-05-27T09:22:42.126+0000 7f5a66c00700 1 -- 172.21.15.44:0/1187877442 shutdown_connections
2024-05-27T09:22:43.426 INFO:teuthology.orchestra.run.smithi044.stdout:/usr/bin/ceph: stderr
2024-05-27T09:22:42.126+0000 7f5a66c00700 1 --2- 172.21.15.44:0/1187877442 >> [v2:172.21.15.44:3300/0,v1:172.21.15.44:6789/0] conn(0x7f5a60109d30 0x7f5a6010a140 unknown :-1 s=CLOSED pgs=51 cs=0 l=1 rev1=1 crypto rx=0 tx=0 comp rx=0 tx=0).stop
2024-05-27T09:22:43.426 INFO:teuthology.orchestra.run.smithi044.stdout:/usr/bin/ceph: stderr
2024-05-27T09:22:42.126+0000 7f5a66c00700 1 -- 172.21.15.44:0/1187877442 >> 172.21.15.44:0/1187877442 conn(0x7f5a601053d0 msgr2=0x7f5a60107820 unknown :-1 s=STATE_NONE l=0).mark_down
2024-05-27T09:22:43.426 INFO:teuthology.orchestra.run.smithi044.stdout:/usr/bin/ceph: stderr
2024-05-27T09:22:42.127+0000 7f5a66c00700 1 -- 172.21.15.44:0/1187877442 shutdown_connections
2024-05-27T09:22:43.426 INFO:teuthology.orchestra.run.smithi044.stdout:/usr/bin/ceph: stderr
2024-05-27T09:22:42.127+0000 7f5a66c00700 1 -- 172.21.15.44:0/1187877442 wait complete.
2024-05-27T09:22:43.427 INFO:teuthology.orchestra.run.smithi044.stdout:/usr/bin/ceph: stderr
2024-05-27T09:22:42.128+0000 7f5a66c00700 1 Processor -- start
2024-05-27T09:22:43.427 INFO:teuthology.orchestra.run.smithi044.stdout:/usr/bin/ceph: stderr
2024-05-27T09:22:42.128+0000 7f5a66c00700 1 -- start start
2024-05-27T09:22:43.427 INFO:teuthology.orchestra.run.smithi044.stdout:/usr/bin/ceph: stderr
2024-05-27T09:22:42.129+0000 7f5a66c00700 1 --2- >> [v2:172.21.15.44:3300/0,v1:172.21.15.44:6789/0] conn(0x7f5a60109d30 0x7f5a6019e140 unknown :-1 s=NONE pgs=0 cs=0 l=1 rev1=0 crypto rx=0 tx=0 comp rx=0 tx=0).connect
2024-05-27T09:22:43.427 INFO:teuthology.orchestra.run.smithi044.stdout:/usr/bin/ceph: stderr
2024-05-27T09:22:42.129+0000 7f5a66c00700 1 -- --> [v2:172.21.15.44:3300/0,v1:172.21.15.44:6789/0] -- mon_getmap magic: 0 -- 0x7f5a6010e2b0 con 0x7f5a60109d30
2024-05-27T09:22:43.427 INFO:teuthology.orchestra.run.smithi044.stdout:/usr/bin/ceph: stderr
2024-05-27T09:22:42.129+0000 7f5a5fe00700 1 --2- >> [v2:172.21.15.44:3300/0,v1:172.21.15.44:6789/0] conn(0x7f5a60109d30 0x7f5a6019e140 unknown :-1 s=BANNER_CONNECTING pgs=0 cs=0 l=1 rev1=0 crypto rx=0 tx=0 comp rx=0 tx=0)._handle_peer_banner_payload supported=3 required=0
2024-05-27T09:22:43.427 INFO:teuthology.orchestra.run.smithi044.stdout:/usr/bin/ceph: stderr
2024-05-27T09:22:42.129+0000 7f5a5fe00700 1 --2- >> [v2:172.21.15.44:3300/0,v1:172.21.15.44:6789/0] conn(0x7f5a60109d30 0x7f5a6019e140 unknown :-1 s=HELLO_CONNECTING pgs=0 cs=0 l=1 rev1=1 crypto rx=0 tx=0 comp rx=0 tx=0).handle_hello peer v2:172.21.15.44:3300/0 says I am v2:172.21.15.44:49408/0 (socket says 172.21.15.44:49408)
2024-05-27T09:22:43.427 INFO:teuthology.orchestra.run.smithi044.stdout:/usr/bin/ceph: stderr
2024-05-27T09:22:42.129+0000 7f5a5fe00700 1 -- 172.21.15.44:0/4249791438 learned_addr learned my addr 172.21.15.44:0/4249791438 (peer_addr_for_me v2:172.21.15.44:0/0)
2024-05-27T09:22:43.427 INFO:teuthology.orchestra.run.smithi044.stdout:/usr/bin/ceph: stderr
2024-05-27T09:22:42.130+0000 7f5a5fe00700 1 -- 172.21.15.44:0/4249791438 --> [v2:172.21.15.44:3300/0,v1:172.21.15.44:6789/0] -- mon_subscribe({config=0+,monmap=0+}) -- 0x7f5a6019e680 con 0x7f5a60109d30
2024-05-27T09:22:43.427 INFO:teuthology.orchestra.run.smithi044.stdout:/usr/bin/ceph: stderr
2024-05-27T09:22:42.130+0000 7f5a5fe00700 1 --2- 172.21.15.44:0/4249791438 >> [v2:172.21.15.44:3300/0,v1:172.21.15.44:6789/0] conn(0x7f5a60109d30 0x7f5a6019e140 secure :-1 s=READY pgs=52 cs=0 l=1 rev1=1 crypto rx=0x7f5a50003e70 tx=0x7f5a50011aa0 comp rx=0 tx=0).ready entity=mon.0 client_cookie=0 server_cookie=0 in_seq=0 out_seq=0
2024-05-27T09:22:43.427 INFO:teuthology.orchestra.run.smithi044.stdout:/usr/bin/ceph: stderr
2024-05-27T09:22:42.130+0000 7f5a5cc00700 1 -- 172.21.15.44:0/4249791438 <== mon.0 v2:172.21.15.44:3300/0 1 ==== mon_map magic: 0 ==== 205+0+0 (secure 0 0 0) 0x7f5a50003aa0 con 0x7f5a60109d30
2024-05-27T09:22:43.427 INFO:teuthology.orchestra.run.smithi044.stdout:/usr/bin/ceph: stderr
2024-05-27T09:22:42.131+0000 7f5a5cc00700 1 -- 172.21.15.44:0/4249791438 <== mon.0 v2:172.21.15.44:3300/0 2 ==== config(26 keys) ==== 1101+0+0 (secure 0 0 0) 0x7f5a5001a8e0 con 0x7f5a60109d30
2024-05-27T09:22:43.427 INFO:teuthology.orchestra.run.smithi044.stdout:/usr/bin/ceph: stderr
2024-05-27T09:22:42.131+0000 7f5a5cc00700 1 -- 172.21.15.44:0/4249791438 <== mon.0 v2:172.21.15.44:3300/0 3 ==== mon_map magic: 0 ==== 205+0+0 (secure 0 0 0) 0x7f5a50024870 con 0x7f5a60109d30
2024-05-27T09:22:43.427 INFO:teuthology.orchestra.run.smithi044.stdout:/usr/bin/ceph: stderr
2024-05-27T09:22:42.131+0000 7f5a66c00700 1 -- 172.21.15.44:0/4249791438 --> [v2:172.21.15.44:3300/0,v1:172.21.15.44:6789/0] -- mon_subscribe({mgrmap=0+}) -- 0x7f5a6019e910 con 0x7f5a60109d30
2024-05-27T09:22:43.428 INFO:teuthology.orchestra.run.smithi044.stdout:/usr/bin/ceph: stderr
2024-05-27T09:22:42.131+0000 7f5a66c00700 1 -- 172.21.15.44:0/4249791438 --> [v2:172.21.15.44:3300/0,v1:172.21.15.44:6789/0] -- mon_subscribe({osdmap=0}) -- 0x7f5a601a1520 con 0x7f5a60109d30
2024-05-27T09:22:43.428 INFO:teuthology.orchestra.run.smithi044.stdout:/usr/bin/ceph: stderr
2024-05-27T09:22:42.132+0000 7f5a5cc00700 1 -- 172.21.15.44:0/4249791438 <== mon.0 v2:172.21.15.44:3300/0 4 ==== mgrmap(e 8) ==== 50222+0+0 (secure 0 0 0) 0x7f5a50022020 con 0x7f5a60109d30
2024-05-27T09:22:43.428 INFO:teuthology.orchestra.run.smithi044.stdout:/usr/bin/ceph: stderr
2024-05-27T09:22:42.132+0000 7f5a66c00700 1 -- 172.21.15.44:0/4249791438 --> [v2:172.21.15.44:3300/0,v1:172.21.15.44:6789/0] -- mon_command({"prefix": "get_command_descriptions"} v 0) -- 0x7f5a60064e10 con 0x7f5a60109d30
2024-05-27T09:22:43.428 INFO:teuthology.orchestra.run.smithi044.stdout:/usr/bin/ceph: stderr
2024-05-27T09:22:42.133+0000 7f5a5cc00700 1 --2- 172.21.15.44:0/4249791438 >> [v2:172.21.15.44:6800/4254617371,v1:172.21.15.44:6801/4254617371] conn(0x7f5a4403e4c0 0x7f5a440409d0 unknown :-1 s=NONE pgs=0 cs=0 l=1 rev1=0 crypto rx=0 tx=0 comp rx=0 tx=0).connect
2024-05-27T09:22:43.428 INFO:teuthology.orchestra.run.smithi044.stdout:/usr/bin/ceph: stderr
2024-05-27T09:22:42.133+0000 7f5a5cc00700 1 -- 172.21.15.44:0/4249791438 <== mon.0 v2:172.21.15.44:3300/0 5 ==== osd_map(2..2 src has 1..2) ==== 940+0+0 (secure 0 0 0) 0x7f5a500538d0 con 0x7f5a60109d30
2024-05-27T09:22:43.428 INFO:teuthology.orchestra.run.smithi044.stdout:/usr/bin/ceph: stderr
2024-05-27T09:22:42.133+0000 7f5a5f400700 1 --2- 172.21.15.44:0/4249791438 >> [v2:172.21.15.44:6800/4254617371,v1:172.21.15.44:6801/4254617371] conn(0x7f5a4403e4c0 0x7f5a440409d0 unknown :-1 s=BANNER_CONNECTING pgs=0 cs=0 l=1 rev1=0 crypto rx=0 tx=0 comp rx=0 tx=0)._handle_peer_banner_payload supported=3 required=0
2024-05-27T09:22:43.428 INFO:teuthology.orchestra.run.smithi044.stdout:/usr/bin/ceph: stderr
2024-05-27T09:22:42.134+0000 7f5a5f400700 1 --2- 172.21.15.44:0/4249791438 >> [v2:172.21.15.44:6800/4254617371,v1:172.21.15.44:6801/4254617371] conn(0x7f5a4403e4c0 0x7f5a440409d0 secure :-1 s=READY pgs=14 cs=0 l=1 rev1=1 crypto rx=0x7f5a4c006fd0 tx=0x7f5a4c006e40 comp rx=0 tx=0).ready entity=mgr.14120 client_cookie=0 server_cookie=0 in_seq=0 out_seq=0
2024-05-27T09:22:43.428 INFO:teuthology.orchestra.run.smithi044.stdout:/usr/bin/ceph: stderr
2024-05-27T09:22:42.139+0000 7f5a5cc00700 1 -- 172.21.15.44:0/4249791438 <== mon.0 v2:172.21.15.44:3300/0 6 ==== mon_command_ack([{"prefix": "get_command_descriptions"}]=0 v0) ==== 72+0+191963 (secure 0 0 0) 0x7f5a50029df0 con 0x7f5a60109d30
2024-05-27T09:22:43.428 INFO:teuthology.orchestra.run.smithi044.stdout:/usr/bin/ceph: stderr
2024-05-27T09:22:42.389+0000 7f5a66c00700 1 -- 172.21.15.44:0/4249791438 --> [v2:172.21.15.44:3300/0,v1:172.21.15.44:6789/0] -- mon_command([{prefix=config set, name=mgr/cephadm/container_init}] v 0) -- 0x7f5a601a1b20 con 0x7f5a60109d30
2024-05-27T09:22:43.428 INFO:teuthology.orchestra.run.smithi044.stdout:/usr/bin/ceph: stderr
2024-05-27T09:22:42.394+0000 7f5a5cc00700 1 -- 172.21.15.44:0/4249791438 <== mon.0 v2:172.21.15.44:3300/0 7 ==== mon_command_ack([{prefix=config set, name=mgr/cephadm/container_init}]=0 v7)=0 v7) ==== 142+0+0 (secure 0 0 0) 0x7f5a50053220 con 0x7f5a60109d30
2024-05-27T09:22:43.428 INFO:teuthology.orchestra.run.smithi044.stdout:/usr/bin/ceph: stderr
2024-05-27T09:22:42.398+0000 7f5a66c00700 1 -- 172.21.15.44:0/4249791438 >> [v2:172.21.15.44:6800/4254617371,v1:172.21.15.44:6801/4254617371] conn(0x7f5a4403e4c0 msgr2=0x7f5a440409d0 secure :-1 s=STATE_CONNECTION_ESTABLISHED l=1).mark_down
2024-05-27T09:22:43.428 INFO:teuthology.orchestra.run.smithi044.stdout:/usr/bin/ceph: stderr
2024-05-27T09:22:42.398+0000 7f5a66c00700 1 --2- 172.21.15.44:0/4249791438 >> [v2:172.21.15.44:6800/4254617371,v1:172.21.15.44:6801/4254617371] conn(0x7f5a4403e4c0 0x7f5a440409d0 secure :-1 s=READY pgs=14 cs=0 l=1 rev1=1 crypto rx=0x7f5a4c006fd0 tx=0x7f5a4c006e40 comp rx=0 tx=0).stop
2024-05-27T09:22:43.429 INFO:teuthology.orchestra.run.smithi044.stdout:/usr/bin/ceph: stderr
2024-05-27T09:22:42.398+0000 7f5a66c00700 1 -- 172.21.15.44:0/4249791438 >> [v2:172.21.15.44:3300/0,v1:172.21.15.44:6789/0] conn(0x7f5a60109d30 msgr2=0x7f5a6019e140 secure :-1 s=STATE_CONNECTION_ESTABLISHED l=1).mark_down
2024-05-27T09:22:43.429 INFO:teuthology.orchestra.run.smithi044.stdout:/usr/bin/ceph: stderr
2024-05-27T09:22:42.398+0000 7f5a66c00700 1 --2- 172.21.15.44:0/4249791438 >> [v2:172.21.15.44:3300/0,v1:172.21.15.44:6789/0] conn(0x7f5a60109d30 0x7f5a6019e140 secure :-1 s=READY pgs=52 cs=0 l=1 rev1=1 crypto rx=0x7f5a50003e70 tx=0x7f5a50011aa0 comp rx=0 tx=0).stop
2024-05-27T09:22:43.429 INFO:teuthology.orchestra.run.smithi044.stdout:/usr/bin/ceph: stderr
2024-05-27T09:22:42.398+0000 7f5a66c00700 1 -- 172.21.15.44:0/4249791438 shutdown_connections
2024-05-27T09:22:43.429 INFO:teuthology.orchestra.run.smithi044.stdout:/usr/bin/ceph: stderr
2024-05-27T09:22:42.398+0000 7f5a66c00700 1 --2- 172.21.15.44:0/4249791438 >> [v2:172.21.15.44:6800/4254617371,v1:172.21.15.44:6801/4254617371] conn(0x7f5a4403e4c0 0x7f5a440409d0 unknown :-1 s=CLOSED pgs=14 cs=0 l=1 rev1=1 crypto rx=0 tx=0 comp rx=0 tx=0).stop
2024-05-27T09:22:43.429 INFO:teuthology.orchestra.run.smithi044.stdout:/usr/bin/ceph: stderr
2024-05-27T09:22:42.398+0000 7f5a66c00700 1 --2- 172.21.15.44:0/4249791438 >> [v2:172.21.15.44:3300/0,v1:172.21.15.44:6789/0] conn(0x7f5a60109d30 0x7f5a6019e140 unknown :-1 s=CLOSED pgs=52 cs=0 l=1 rev1=1 crypto rx=0 tx=0 comp rx=0 tx=0).stop
2024-05-27T09:22:43.429 INFO:teuthology.orchestra.run.smithi044.stdout:/usr/bin/ceph: stderr
2024-05-27T09:22:42.398+0000 7f5a66c00700 1 -- 172.21.15.44:0/4249791438 >> 172.21.15.44:0/4249791438 conn(0x7f5a601053d0 msgr2=0x7f5a60105bf0 unknown :-1 s=STATE_NONE l=0).mark_down
2024-05-27T09:22:43.429 INFO:teuthology.orchestra.run.smithi044.stdout:/usr/bin/ceph: stderr
