2024-05-27T09:22:13.352+0000 7ff53de00700 1 --2- >> [v2:172.21.15.44:3300/0,v1:172.21.15.44:6789/0] conn(0x7ff540109b40 0x7ff5401a01a0 unknown :-1 s=HELLO_CONNECTING pgs=0 cs=0 l=1 rev1=1 crypto rx=0 tx=0 comp rx=0 tx=0).handle_hello peer v2:172.21.15.44:3300/0 says I am v2:172.21.15.44:54114/0 (socket says 172.21.15.44:54114)
2024-05-27T09:22:21.853 INFO:teuthology.orchestra.run.smithi044.stdout:/usr/bin/ceph: stderr
2024-05-27T09:22:13.352+0000 7ff53de00700 1 -- 172.21.15.44:0/3917946546 learned_addr learned my addr 172.21.15.44:0/3917946546 (peer_addr_for_me v2:172.21.15.44:0/0)
2024-05-27T09:22:21.853 INFO:teuthology.orchestra.run.smithi044.stdout:/usr/bin/ceph: stderr
2024-05-27T09:22:13.353+0000 7ff53de00700 1 -- 172.21.15.44:0/3917946546 --> [v2:172.21.15.44:3300/0,v1:172.21.15.44:6789/0] -- mon_subscribe({config=0+,monmap=0+}) -- 0x7ff5401a06e0 con 0x7ff540109b40
2024-05-27T09:22:21.853 INFO:teuthology.orchestra.run.smithi044.stdout:/usr/bin/ceph: stderr
2024-05-27T09:22:13.353+0000 7ff53de00700 1 --2- 172.21.15.44:0/3917946546 >> [v2:172.21.15.44:3300/0,v1:172.21.15.44:6789/0] conn(0x7ff540109b40 0x7ff5401a01a0 secure :-1 s=READY pgs=29 cs=0 l=1 rev1=1 crypto rx=0x7ff530011890 tx=0x7ff530011970 comp rx=0 tx=0).ready entity=mon.0 client_cookie=0 server_cookie=0 in_seq=0 out_seq=0
2024-05-27T09:22:21.853 INFO:teuthology.orchestra.run.smithi044.stdout:/usr/bin/ceph: stderr
2024-05-27T09:22:13.353+0000 7ff536a00700 1 -- 172.21.15.44:0/3917946546 <== mon.0 v2:172.21.15.44:3300/0 1 ==== mon_map magic: 0 ==== 205+0+0 (secure 0 0 0) 0x7ff5300039e0 con 0x7ff540109b40
2024-05-27T09:22:21.853 INFO:teuthology.orchestra.run.smithi044.stdout:/usr/bin/ceph: stderr
2024-05-27T09:22:13.353+0000 7ff536a00700 1 -- 172.21.15.44:0/3917946546 <== mon.0 v2:172.21.15.44:3300/0 2 ==== config(26 keys) ==== 1070+0+0 (secure 0 0 0) 0x7ff530003b80 con 0x7ff540109b40
2024-05-27T09:22:21.853 INFO:teuthology.orchestra.run.smithi044.stdout:/usr/bin/ceph: stderr
2024-05-27T09:22:13.353+0000 7ff53f200700 1 -- 172.21.15.44:0/3917946546 --> [v2:172.21.15.44:3300/0,v1:172.21.15.44:6789/0] -- mon_subscribe({mgrmap=0+}) -- 0x7ff5401a0970 con 0x7ff540109b40
2024-05-27T09:22:21.853 INFO:teuthology.orchestra.run.smithi044.stdout:/usr/bin/ceph: stderr
2024-05-27T09:22:13.354+0000 7ff536a00700 1 -- 172.21.15.44:0/3917946546 <== mon.0 v2:172.21.15.44:3300/0 3 ==== mon_map magic: 0 ==== 205+0+0 (secure 0 0 0) 0x7ff5300246e0 con 0x7ff540109b40
2024-05-27T09:22:21.854 INFO:teuthology.orchestra.run.smithi044.stdout:/usr/bin/ceph: stderr
2024-05-27T09:22:13.354+0000 7ff53f200700 1 -- 172.21.15.44:0/3917946546 --> [v2:172.21.15.44:3300/0,v1:172.21.15.44:6789/0] -- mon_subscribe({osdmap=0}) -- 0x7ff5401a3580 con 0x7ff540109b40
2024-05-27T09:22:21.854 INFO:teuthology.orchestra.run.smithi044.stdout:/usr/bin/ceph: stderr
2024-05-27T09:22:13.355+0000 7ff536a00700 1 -- 172.21.15.44:0/3917946546 <== mon.0 v2:172.21.15.44:3300/0 4 ==== mgrmap(e 5) ==== 50222+0+0 (secure 0 0 0) 0x7ff530022020 con 0x7ff540109b40
2024-05-27T09:22:21.854 INFO:teuthology.orchestra.run.smithi044.stdout:/usr/bin/ceph: stderr
2024-05-27T09:22:13.356+0000 7ff536a00700 1 --2- 172.21.15.44:0/3917946546 >> [v2:172.21.15.44:6800/2049000735,v1:172.21.15.44:6801/2049000735] conn(0x7ff52403e470 0x7ff524040980 unknown :-1 s=NONE pgs=0 cs=0 l=1 rev1=0 crypto rx=0 tx=0 comp rx=0 tx=0).connect
2024-05-27T09:22:21.854 INFO:teuthology.orchestra.run.smithi044.stdout:/usr/bin/ceph: stderr
2024-05-27T09:22:13.356+0000 7ff536a00700 1 -- 172.21.15.44:0/3917946546 --> [v2:172.21.15.44:6800/2049000735,v1:172.21.15.44:6801/2049000735] -- command(tid 0: {"prefix": "get_command_descriptions"}) -- 0x7ff524041090 con 0x7ff52403e470
2024-05-27T09:22:21.854 INFO:teuthology.orchestra.run.smithi044.stdout:/usr/bin/ceph: stderr
2024-05-27T09:22:13.356+0000 7ff536a00700 1 -- 172.21.15.44:0/3917946546 <== mon.0 v2:172.21.15.44:3300/0 5 ==== osd_map(1..1 src has 1..1) ==== 725+0+0 (secure 0 0 0) 0x7ff530053550 con 0x7ff540109b40
2024-05-27T09:22:21.854 INFO:teuthology.orchestra.run.smithi044.stdout:/usr/bin/ceph: stderr
2024-05-27T09:22:13.356+0000 7ff53d400700 1 -- 172.21.15.44:0/3917946546 >> [v2:172.21.15.44:6800/2049000735,v1:172.21.15.44:6801/2049000735] conn(0x7ff52403e470 msgr2=0x7ff524040980 unknown :-1 s=STATE_CONNECTING_RE l=1).process reconnect failed to v2:172.21.15.44:6800/2049000735
2024-05-27T09:22:21.854 INFO:teuthology.orchestra.run.smithi044.stdout:/usr/bin/ceph: stderr
2024-05-27T09:22:13.356+0000 7ff53d400700 1 --2- 172.21.15.44:0/3917946546 >> [v2:172.21.15.44:6800/2049000735,v1:172.21.15.44:6801/2049000735] conn(0x7ff52403e470 0x7ff524040980 unknown :-1 s=START_CONNECT pgs=0 cs=0 l=1 rev1=0 crypto rx=0 tx=0 comp rx=0 tx=0)._fault waiting 0.200000
2024-05-27T09:22:21.854 INFO:teuthology.orchestra.run.smithi044.stdout:/usr/bin/ceph: stderr
2024-05-27T09:22:13.557+0000 7ff53d400700 1 -- 172.21.15.44:0/3917946546 >> [v2:172.21.15.44:6800/2049000735,v1:172.21.15.44:6801/2049000735] conn(0x7ff52403e470 msgr2=0x7ff524040980 unknown :-1 s=STATE_CONNECTING_RE l=1).process reconnect failed to v2:172.21.15.44:6800/2049000735
2024-05-27T09:22:21.854 INFO:teuthology.orchestra.run.smithi044.stdout:/usr/bin/ceph: stderr
2024-05-27T09:22:13.557+0000 7ff53d400700 1 --2- 172.21.15.44:0/3917946546 >> [v2:172.21.15.44:6800/2049000735,v1:172.21.15.44:6801/2049000735] conn(0x7ff52403e470 0x7ff524040980 unknown :-1 s=START_CONNECT pgs=0 cs=0 l=1 rev1=0 crypto rx=0 tx=0 comp rx=0 tx=0)._fault waiting 0.400000
2024-05-27T09:22:21.854 INFO:teuthology.orchestra.run.smithi044.stdout:/usr/bin/ceph: stderr
2024-05-27T09:22:13.958+0000 7ff53d400700 1 -- 172.21.15.44:0/3917946546 >> [v2:172.21.15.44:6800/2049000735,v1:172.21.15.44:6801/2049000735] conn(0x7ff52403e470 msgr2=0x7ff524040980 unknown :-1 s=STATE_CONNECTING_RE l=1).process reconnect failed to v2:172.21.15.44:6800/2049000735
2024-05-27T09:22:21.854 INFO:teuthology.orchestra.run.smithi044.stdout:/usr/bin/ceph: stderr
2024-05-27T09:22:13.958+0000 7ff53d400700 1 --2- 172.21.15.44:0/3917946546 >> [v2:172.21.15.44:6800/2049000735,v1:172.21.15.44:6801/2049000735] conn(0x7ff52403e470 0x7ff524040980 unknown :-1 s=START_CONNECT pgs=0 cs=0 l=1 rev1=0 crypto rx=0 tx=0 comp rx=0 tx=0)._fault waiting 0.800000
2024-05-27T09:22:21.855 INFO:teuthology.orchestra.run.smithi044.stdout:/usr/bin/ceph: stderr
2024-05-27T09:22:14.759+0000 7ff53d400700 1 -- 172.21.15.44:0/3917946546 >> [v2:172.21.15.44:6800/2049000735,v1:172.21.15.44:6801/2049000735] conn(0x7ff52403e470 msgr2=0x7ff524040980 unknown :-1 s=STATE_CONNECTING_RE l=1).process reconnect failed to v2:172.21.15.44:6800/2049000735
2024-05-27T09:22:21.855 INFO:teuthology.orchestra.run.smithi044.stdout:/usr/bin/ceph: stderr
2024-05-27T09:22:14.759+0000 7ff53d400700 1 --2- 172.21.15.44:0/3917946546 >> [v2:172.21.15.44:6800/2049000735,v1:172.21.15.44:6801/2049000735] conn(0x7ff52403e470 0x7ff524040980 unknown :-1 s=START_CONNECT pgs=0 cs=0 l=1 rev1=0 crypto rx=0 tx=0 comp rx=0 tx=0)._fault waiting 1.600000
2024-05-27T09:22:21.855 INFO:teuthology.orchestra.run.smithi044.stdout:/usr/bin/ceph: stderr
2024-05-27T09:22:16.361+0000 7ff53d400700 1 -- 172.21.15.44:0/3917946546 >> [v2:172.21.15.44:6800/2049000735,v1:172.21.15.44:6801/2049000735] conn(0x7ff52403e470 msgr2=0x7ff524040980 unknown :-1 s=STATE_CONNECTING_RE l=1).process reconnect failed to v2:172.21.15.44:6800/2049000735
2024-05-27T09:22:21.855 INFO:teuthology.orchestra.run.smithi044.stdout:/usr/bin/ceph: stderr
2024-05-27T09:22:16.361+0000 7ff53d400700 1 --2- 172.21.15.44:0/3917946546 >> [v2:172.21.15.44:6800/2049000735,v1:172.21.15.44:6801/2049000735] conn(0x7ff52403e470 0x7ff524040980 unknown :-1 s=START_CONNECT pgs=0 cs=0 l=1 rev1=0 crypto rx=0 tx=0 comp rx=0 tx=0)._fault waiting 3.200000
2024-05-27T09:22:21.855 INFO:teuthology.orchestra.run.smithi044.stdout:/usr/bin/ceph: stderr
2024-05-27T09:22:19.564+0000 7ff53d400700 1 -- 172.21.15.44:0/3917946546 >> [v2:172.21.15.44:6800/2049000735,v1:172.21.15.44:6801/2049000735] conn(0x7ff52403e470 msgr2=0x7ff524040980 unknown :-1 s=STATE_CONNECTING_RE l=1).process reconnect failed to v2:172.21.15.44:6800/2049000735
2024-05-27T09:22:21.855 INFO:teuthology.orchestra.run.smithi044.stdout:/usr/bin/ceph: stderr
2024-05-27T09:22:19.565+0000 7ff53d400700 1 --2- 172.21.15.44:0/3917946546 >> [v2:172.21.15.44:6800/2049000735,v1:172.21.15.44:6801/2049000735] conn(0x7ff52403e470 0x7ff524040980 unknown :-1 s=START_CONNECT pgs=0 cs=0 l=1 rev1=0 crypto rx=0 tx=0 comp rx=0 tx=0)._fault waiting 6.400000
2024-05-27T09:22:21.855 INFO:teuthology.orchestra.run.smithi044.stdout:/usr/bin/ceph: stderr
2024-05-27T09:22:20.134+0000 7ff536a00700 1 -- 172.21.15.44:0/3917946546 <== mon.0 v2:172.21.15.44:3300/0 6 ==== mgrmap(e 6) ==== 49989+0+0 (secure 0 0 0) 0x7ff530024a90 con 0x7ff540109b40
2024-05-27T09:22:21.855 INFO:teuthology.orchestra.run.smithi044.stdout:/usr/bin/ceph: stderr
2024-05-27T09:22:20.135+0000 7ff536a00700 1 -- 172.21.15.44:0/3917946546 >> [v2:172.21.15.44:6800/2049000735,v1:172.21.15.44:6801/2049000735] conn(0x7ff52403e470 msgr2=0x7ff524040980 unknown :-1 s=STATE_CONNECTING l=1).mark_down
2024-05-27T09:22:21.855 INFO:teuthology.orchestra.run.smithi044.stdout:/usr/bin/ceph: stderr
2024-05-27T09:22:20.135+0000 7ff536a00700 1 --2- 172.21.15.44:0/3917946546 >> [v2:172.21.15.44:6800/2049000735,v1:172.21.15.44:6801/2049000735] conn(0x7ff52403e470 0x7ff524040980 unknown :-1 s=START_CONNECT pgs=0 cs=0 l=1 rev1=0 crypto rx=0 tx=0 comp rx=0 tx=0).stop
2024-05-27T09:22:21.855 INFO:teuthology.orchestra.run.smithi044.stdout:/usr/bin/ceph: stderr
2024-05-27T09:22:21.141+0000 7ff536a00700 1 -- 172.21.15.44:0/3917946546 <== mon.0 v2:172.21.15.44:3300/0 7 ==== mgrmap(e 7) ==== 50116+0+0 (secure 0 0 0) 0x7ff530054f30 con 0x7ff540109b40
2024-05-27T09:22:21.855 INFO:teuthology.orchestra.run.smithi044.stdout:/usr/bin/ceph: stderr
2024-05-27T09:22:21.141+0000 7ff536a00700 1 --2- 172.21.15.44:0/3917946546 >> [v2:172.21.15.44:6800/4254617371,v1:172.21.15.44:6801/4254617371] conn(0x7ff524041db0 0x7ff5240441d0 unknown :-1 s=NONE pgs=0 cs=0 l=1 rev1=0 crypto rx=0 tx=0 comp rx=0 tx=0).connect
2024-05-27T09:22:21.855 INFO:teuthology.orchestra.run.smithi044.stdout:/usr/bin/ceph: stderr
2024-05-27T09:22:21.141+0000 7ff536a00700 1 -- 172.21.15.44:0/3917946546 --> [v2:172.21.15.44:6800/4254617371,v1:172.21.15.44:6801/4254617371] -- command(tid 0: {"prefix": "get_command_descriptions"}) -- 0x7ff53002ae70 con 0x7ff524041db0
2024-05-27T09:22:21.856 INFO:teuthology.orchestra.run.smithi044.stdout:/usr/bin/ceph: stderr
2024-05-27T09:22:21.144+0000 7ff53d400700 1 --2- 172.21.15.44:0/3917946546 >> [v2:172.21.15.44:6800/4254617371,v1:172.21.15.44:6801/4254617371] conn(0x7ff524041db0 0x7ff5240441d0 unknown :-1 s=BANNER_CONNECTING pgs=0 cs=0 l=1 rev1=0 crypto rx=0 tx=0 comp rx=0 tx=0)._handle_peer_banner_payload supported=3 required=0
2024-05-27T09:22:21.856 INFO:teuthology.orchestra.run.smithi044.stdout:/usr/bin/ceph: stderr
2024-05-27T09:22:21.147+0000 7ff53d400700 1 --2- 172.21.15.44:0/3917946546 >> [v2:172.21.15.44:6800/4254617371,v1:172.21.15.44:6801/4254617371] conn(0x7ff524041db0 0x7ff5240441d0 secure :-1 s=READY pgs=1 cs=0 l=1 rev1=1 crypto rx=0x7ff52c003a10 tx=0x7ff52c009290 comp rx=0 tx=0).ready entity=mgr.14120 client_cookie=0 server_cookie=0 in_seq=0 out_seq=0
2024-05-27T09:22:21.856 INFO:teuthology.orchestra.run.smithi044.stdout:/usr/bin/ceph: stderr
2024-05-27T09:22:21.149+0000 7ff536a00700 1 -- 172.21.15.44:0/3917946546 <== mgr.14120 v2:172.21.15.44:6800/4254617371 1 ==== command_reply(tid 0: 0 ) ==== 8+0+9564 (secure 0 0 0) 0x7ff53002ae70 con 0x7ff524041db0
2024-05-27T09:22:21.856 INFO:teuthology.orchestra.run.smithi044.stdout:/usr/bin/ceph: stderr
2024-05-27T09:22:21.160+0000 7ff52be00700 1 -- 172.21.15.44:0/3917946546 --> [v2:172.21.15.44:6800/4254617371,v1:172.21.15.44:6801/4254617371] -- command(tid 1: {"prefix": "mgr_status"}) -- 0x7ff540064e10 con 0x7ff524041db0
2024-05-27T09:22:21.856 INFO:teuthology.orchestra.run.smithi044.stdout:/usr/bin/ceph: stderr
2024-05-27T09:22:21.161+0000 7ff536a00700 1 -- 172.21.15.44:0/3917946546 <== mgr.14120 v2:172.21.15.44:6800/4254617371 2 ==== command_reply(tid 1: 0 ) ==== 8+0+51 (secure 0 0 0) 0x7ff540064e10 con 0x7ff524041db0
2024-05-27T09:22:21.856 INFO:teuthology.orchestra.run.smithi044.stdout:/usr/bin/ceph: stderr
2024-05-27T09:22:21.161+0000 7ff52be00700 1 -- 172.21.15.44:0/3917946546 >> [v2:172.21.15.44:6800/4254617371,v1:172.21.15.44:6801/4254617371] conn(0x7ff524041db0 msgr2=0x7ff5240441d0 secure :-1 s=STATE_CONNECTION_ESTABLISHED l=1).mark_down
2024-05-27T09:22:21.856 INFO:teuthology.orchestra.run.smithi044.stdout:/usr/bin/ceph: stderr
2024-05-27T09:22:21.161+0000 7ff52be00700 1 --2- 172.21.15.44:0/3917946546 >> [v2:172.21.15.44:6800/4254617371,v1:172.21.15.44:6801/4254617371] conn(0x7ff524041db0 0x7ff5240441d0 secure :-1 s=READY pgs=1 cs=0 l=1 rev1=1 crypto rx=0x7ff52c003a10 tx=0x7ff52c009290 comp rx=0 tx=0).stop
2024-05-27T09:22:21.856 INFO:teuthology.orchestra.run.smithi044.stdout:/usr/bin/ceph: stderr
2024-05-27T09:22:21.161+0000 7ff52be00700 1 -- 172.21.15.44:0/3917946546 >> [v2:172.21.15.44:3300/0,v1:172.21.15.44:6789/0] conn(0x7ff540109b40 msgr2=0x7ff5401a01a0 secure :-1 s=STATE_CONNECTION_ESTABLISHED l=1).mark_down
2024-05-27T09:22:21.856 INFO:teuthology.orchestra.run.smithi044.stdout:/usr/bin/ceph: stderr
2024-05-27T09:22:21.161+0000 7ff52be00700 1 --2- 172.21.15.44:0/3917946546 >> [v2:172.21.15.44:3300/0,v1:172.21.15.44:6789/0] conn(0x7ff540109b40 0x7ff5401a01a0 secure :-1 s=READY pgs=29 cs=0 l=1 rev1=1 crypto rx=0x7ff530011890 tx=0x7ff530011970 comp rx=0 tx=0).stop
2024-05-27T09:22:21.856 INFO:teuthology.orchestra.run.smithi044.stdout:/usr/bin/ceph: stderr
2024-05-27T09:22:21.161+0000 7ff52be00700 1 -- 172.21.15.44:0/3917946546 shutdown_connections
2024-05-27T09:22:21.856 INFO:teuthology.orchestra.run.smithi044.stdout:/usr/bin/ceph: stderr
2024-05-27T09:22:21.161+0000 7ff52be00700 1 --2- 172.21.15.44:0/3917946546 >> [v2:172.21.15.44:6800/4254617371,v1:172.21.15.44:6801/4254617371] conn(0x7ff524041db0 0x7ff5240441d0 unknown :-1 s=CLOSED pgs=1 cs=0 l=1 rev1=1 crypto rx=0 tx=0 comp rx=0 tx=0).stop
2024-05-27T09:22:21.856 INFO:teuthology.orchestra.run.smithi044.stdout:/usr/bin/ceph: stderr
2024-05-27T09:22:21.161+0000 7ff52be00700 1 --2- 172.21.15.44:0/3917946546 >> [v2:172.21.15.44:3300/0,v1:172.21.15.44:6789/0] conn(0x7ff540109b40 0x7ff5401a01a0 unknown :-1 s=CLOSED pgs=29 cs=0 l=1 rev1=1 crypto rx=0 tx=0 comp rx=0 tx=0).stop
2024-05-27T09:22:21.857 INFO:teuthology.orchestra.run.smithi044.stdout:/usr/bin/ceph: stderr
2024-05-27T09:22:21.161+0000 7ff52be00700 1 --2- 172.21.15.44:0/3917946546 >> [v2:172.21.15.44:6800/2049000735,v1:172.21.15.44:6801/2049000735] conn(0x7ff52403e470 0x7ff524040980 unknown :-1 s=CLOSED pgs=0 cs=0 l=1 rev1=0 crypto rx=0 tx=0 comp rx=0 tx=0).stop
2024-05-27T09:22:21.857 INFO:teuthology.orchestra.run.smithi044.stdout:/usr/bin/ceph: stderr
2024-05-27T09:22:21.161+0000 7ff52be00700 1 -- 172.21.15.44:0/3917946546 >> 172.21.15.44:0/3917946546 conn(0x7ff540105220 msgr2=0x7ff54007d1e0 unknown :-1 s=STATE_NONE l=0).mark_down
2024-05-27T09:22:21.857 INFO:teuthology.orchestra.run.smithi044.stdout:/usr/bin/ceph: stderr
2024-05-27T09:22:21.162+0000 7ff52be00700 1 -- 172.21.15.44:0/3917946546 shutdown_connections
2024-05-27T09:22:21.857 INFO:teuthology.orchestra.run.smithi044.stdout:/usr/bin/ceph: stderr
2024-05-27T09:22:21.162+0000 7ff52be00700 1 -- 172.21.15.44:0/3917946546 wait complete.
2024-05-27T09:22:21.857 INFO:teuthology.orchestra.run.smithi044.stdout:mgr epoch 5 is available
2024-05-27T09:22:21.857 INFO:teuthology.orchestra.run.smithi044.stdout:Setting orchestrator backend to cephadm...
2024-05-27T09:22:22.474 INFO:journalctl@ceph.mon.a.smithi044.stdout:May 27 09:22:22 smithi044 ceph-mon[31618]: from='client.14124 -' entity='client.admin' cmd=[{"prefix": "get_command_descriptions"}]: dispatch
2024-05-27T09:22:22.474 INFO:journalctl@ceph.mon.a.smithi044.stdout:May 27 09:22:22 smithi044 ceph-mon[31618]: from='client.14124 -' entity='client.admin' cmd=[{"prefix": "mgr_status"}]: dispatch
2024-05-27T09:22:22.474 INFO:journalctl@ceph.mon.a.smithi044.stdout:May 27 09:22:22 smithi044 ceph-mon[31618]: from='mgr.14120 172.21.15.44:0/1004056801' entity='mgr.x' cmd=[{"prefix": "config dump", "format": "json"}]: dispatch
2024-05-27T09:22:23.445 INFO:journalctl@ceph.mon.a.smithi044.stdout:May 27 09:22:23 smithi044 ceph-mon[31618]: [27/May/2024:09:22:21] ENGINE Bus STARTING
2024-05-27T09:22:23.445 INFO:journalctl@ceph.mon.a.smithi044.stdout:May 27 09:22:23 smithi044 ceph-mon[31618]: [27/May/2024:09:22:21] ENGINE Serving on http://172.21.15.44:8765
2024-05-27T09:22:23.445 INFO:journalctl@ceph.mon.a.smithi044.stdout:May 27 09:22:23 smithi044 ceph-mon[31618]: [27/May/2024:09:22:22] ENGINE Serving on https://172.21.15.44:7150
2024-05-27T09:22:23.445 INFO:journalctl@ceph.mon.a.smithi044.stdout:May 27 09:22:23 smithi044 ceph-mon[31618]: [27/May/2024:09:22:22] ENGINE Bus STARTED
2024-05-27T09:22:23.445 INFO:journalctl@ceph.mon.a.smithi044.stdout:May 27 09:22:23 smithi044 ceph-mon[31618]: mgrmap e8: x(active, since 2s)
2024-05-27T09:22:23.445 INFO:journalctl@ceph.mon.a.smithi044.stdout:May 27 09:22:23 smithi044 ceph-mon[31618]: from='mgr.14120 172.21.15.44:0/1004056801' entity='mgr.x'
2024-05-27T09:22:23.445 INFO:journalctl@ceph.mon.a.smithi044.stdout:May 27 09:22:23 smithi044 ceph-mon[31618]: from='mgr.14120 172.21.15.44:0/1004056801' entity='mgr.x' cmd=[{"prefix": "config dump", "format": "json"}]: dispatch
2024-05-27T09:22:23.458 INFO:teuthology.orchestra.run.smithi044.stdout:/usr/bin/ceph: stderr
2024-05-27T09:22:22.537+0000 7fed88a00700 1 Processor -- start
2024-05-27T09:22:23.458 INFO:teuthology.orchestra.run.smithi044.stdout:/usr/bin/ceph: stderr
2024-05-27T09:22:22.537+0000 7fed88a00700 1 -- start start
2024-05-27T09:22:23.459 INFO:teuthology.orchestra.run.smithi044.stdout:/usr/bin/ceph: stderr
2024-05-27T09:22:22.538+0000 7fed88a00700 1 --2- >> [v2:172.21.15.44:3300/0,v1:172.21.15.44:6789/0] conn(0x7fed8410bdd0 0x7fed8410c1e0 unknown :-1 s=NONE pgs=0 cs=0 l=0 rev1=0 crypto rx=0 tx=0 comp rx=0 tx=0).connect
2024-05-27T09:22:23.459 INFO:teuthology.orchestra.run.smithi044.stdout:/usr/bin/ceph: stderr
2024-05-27T09:22:22.538+0000 7fed88a00700 1 -- --> [v2:172.21.15.44:3300/0,v1:172.21.15.44:6789/0] -- mon_getmap magic: 0 -- 0x7fed8410c7d0 con 0x7fed8410bdd0
2024-05-27T09:22:23.460 INFO:teuthology.orchestra.run.smithi044.stdout:/usr/bin/ceph: stderr
2024-05-27T09:22:22.538+0000 7fed82800700 1 --2- >> [v2:172.21.15.44:3300/0,v1:172.21.15.44:6789/0] conn(0x7fed8410bdd0 0x7fed8410c1e0 unknown :-1 s=BANNER_CONNECTING pgs=0 cs=0 l=0 rev1=0 crypto rx=0 tx=0 comp rx=0 tx=0)._handle_peer_banner_payload supported=3 required=0
2024-05-27T09:22:23.460 INFO:teuthology.orchestra.run.smithi044.stdout:/usr/bin/ceph: stderr
2024-05-27T09:22:22.539+0000 7fed82800700 1 --2- >> [v2:172.21.15.44:3300/0,v1:172.21.15.44:6789/0] conn(0x7fed8410bdd0 0x7fed8410c1e0 unknown :-1 s=HELLO_CONNECTING pgs=0 cs=0 l=0 rev1=1 crypto rx=0 tx=0 comp rx=0 tx=0).handle_hello peer v2:172.21.15.44:3300/0 says I am v2:172.21.15.44:54200/0 (socket says 172.21.15.44:54200)
2024-05-27T09:22:23.460 INFO:teuthology.orchestra.run.smithi044.stdout:/usr/bin/ceph: stderr
2024-05-27T09:22:22.539+0000 7fed82800700 1 -- 172.21.15.44:0/4053366862 learned_addr learned my addr 172.21.15.44:0/4053366862 (peer_addr_for_me v2:172.21.15.44:0/0)
2024-05-27T09:22:23.460 INFO:teuthology.orchestra.run.smithi044.stdout:/usr/bin/ceph: stderr
2024-05-27T09:22:22.539+0000 7fed82800700 1 -- 172.21.15.44:0/4053366862 --> [v2:172.21.15.44:3300/0,v1:172.21.15.44:6789/0] -- mon_subscribe({config=0+,monmap=0+}) -- 0x7fed8410cf00 con 0x7fed8410bdd0
2024-05-27T09:22:23.460 INFO:teuthology.orchestra.run.smithi044.stdout:/usr/bin/ceph: stderr
2024-05-27T09:22:22.539+0000 7fed82800700 1 --2- 172.21.15.44:0/4053366862 >> [v2:172.21.15.44:3300/0,v1:172.21.15.44:6789/0] conn(0x7fed8410bdd0 0x7fed8410c1e0 secure :-1 s=READY pgs=37 cs=0 l=1 rev1=1 crypto rx=0x7fed740098a0 tx=0x7fed74009bb0 comp rx=0 tx=0).ready entity=mon.0 client_cookie=2ee267736862b547 server_cookie=0 in_seq=0 out_seq=0
2024-05-27T09:22:23.460 INFO:teuthology.orchestra.run.smithi044.stdout:/usr/bin/ceph: stderr
2024-05-27T09:22:22.540+0000 7fed81400700 1 -- 172.21.15.44:0/4053366862 <== mon.0 v2:172.21.15.44:3300/0 1 ==== mon_map magic: 0 ==== 205+0+0 (secure 0 0 0) 0x7fed74004160 con 0x7fed8410bdd0
2024-05-27T09:22:23.462 INFO:teuthology.orchestra.run.smithi044.stdout:/usr/bin/ceph: stderr
2024-05-27T09:22:22.540+0000 7fed81400700 1 -- 172.21.15.44:0/4053366862 <== mon.0 v2:172.21.15.44:3300/0 2 ==== config(26 keys) ==== 1070+0+0 (secure 0 0 0) 0x7fed74004300 con 0x7fed8410bdd0
2024-05-27T09:22:23.462 INFO:teuthology.orchestra.run.smithi044.stdout:/usr/bin/ceph: stderr
2024-05-27T09:22:22.540+0000 7fed81400700 1 -- 172.21.15.44:0/4053366862 <== mon.0 v2:172.21.15.44:3300/0 3 ==== mon_map magic: 0 ==== 205+0+0 (secure 0 0 0) 0x7fed74011af0 con 0x7fed8410bdd0
2024-05-27T09:22:23.462 INFO:teuthology.orchestra.run.smithi044.stdout:/usr/bin/ceph: stderr
2024-05-27T09:22:22.541+0000 7fed88a00700 1 -- 172.21.15.44:0/4053366862 >> [v2:172.21.15.44:3300/0,v1:172.21.15.44:6789/0] conn(0x7fed8410bdd0 msgr2=0x7fed8410c1e0 secure :-1 s=STATE_CONNECTION_ESTABLISHED l=1).mark_down
2024-05-27T09:22:23.462 INFO:teuthology.orchestra.run.smithi044.stdout:/usr/bin/ceph: stderr
2024-05-27T09:22:22.541+0000 7fed88a00700 1 --2- 172.21.15.44:0/4053366862 >> [v2:172.21.15.44:3300/0,v1:172.21.15.44:6789/0] conn(0x7fed8410bdd0 0x7fed8410c1e0 secure :-1 s=READY pgs=37 cs=0 l=1 rev1=1 crypto rx=0x7fed740098a0 tx=0x7fed74009bb0 comp rx=0 tx=0).stop
2024-05-27T09:22:23.462 INFO:teuthology.orchestra.run.smithi044.stdout:/usr/bin/ceph: stderr
2024-05-27T09:22:22.541+0000 7fed88a00700 1 -- 172.21.15.44:0/4053366862 shutdown_connections
2024-05-27T09:22:23.462 INFO:teuthology.orchestra.run.smithi044.stdout:/usr/bin/ceph: stderr
2024-05-27T09:22:22.541+0000 7fed88a00700 1 --2- 172.21.15.44:0/4053366862 >> [v2:172.21.15.44:3300/0,v1:172.21.15.44:6789/0] conn(0x7fed8410bdd0 0x7fed8410c1e0 unknown :-1 s=CLOSED pgs=37 cs=0 l=1 rev1=1 crypto rx=0 tx=0 comp rx=0 tx=0).stop
2024-05-27T09:22:23.462 INFO:teuthology.orchestra.run.smithi044.stdout:/usr/bin/ceph: stderr
2024-05-27T09:22:22.541+0000 7fed88a00700 1 -- 172.21.15.44:0/4053366862 >> 172.21.15.44:0/4053366862 conn(0x7fed841074c0 msgr2=0x7fed841098e0 unknown :-1 s=STATE_NONE l=0).mark_down
2024-05-27T09:22:23.462 INFO:teuthology.orchestra.run.smithi044.stdout:/usr/bin/ceph: stderr
2024-05-27T09:22:22.541+0000 7fed88a00700 1 -- 172.21.15.44:0/4053366862 shutdown_connections
2024-05-27T09:22:23.462 INFO:teuthology.orchestra.run.smithi044.stdout:/usr/bin/ceph: stderr
2024-05-27T09:22:22.541+0000 7fed88a00700 1 -- 172.21.15.44:0/4053366862 wait complete.
2024-05-27T09:22:23.462 INFO:teuthology.orchestra.run.smithi044.stdout:/usr/bin/ceph: stderr
2024-05-27T09:22:22.542+0000 7fed88a00700 1 Processor -- start
2024-05-27T09:22:23.463 INFO:teuthology.orchestra.run.smithi044.stdout:/usr/bin/ceph: stderr
2024-05-27T09:22:22.542+0000 7fed88a00700 1 -- start start
2024-05-27T09:22:23.463 INFO:teuthology.orchestra.run.smithi044.stdout:/usr/bin/ceph: stderr
2024-05-27T09:22:22.543+0000 7fed88a00700 1 --2- >> [v2:172.21.15.44:3300/0,v1:172.21.15.44:6789/0] conn(0x7fed8410bdd0 0x7fed841a01f0 unknown :-1 s=NONE pgs=0 cs=0 l=1 rev1=0 crypto rx=0 tx=0 comp rx=0 tx=0).connect
2024-05-27T09:22:23.463 INFO:teuthology.orchestra.run.smithi044.stdout:/usr/bin/ceph: stderr
2024-05-27T09:22:22.543+0000 7fed88a00700 1 -- --> [v2:172.21.15.44:3300/0,v1:172.21.15.44:6789/0] -- mon_getmap magic: 0 -- 0x7fed841102b0 con 0x7fed8410bdd0
2024-05-27T09:22:23.463 INFO:teuthology.orchestra.run.smithi044.stdout:/usr/bin/ceph: stderr
2024-05-27T09:22:22.543+0000 7fed82800700 1 --2- >> [v2:172.21.15.44:3300/0,v1:172.21.15.44:6789/0] conn(0x7fed8410bdd0 0x7fed841a01f0 unknown :-1 s=BANNER_CONNECTING pgs=0 cs=0 l=1 rev1=0 crypto rx=0 tx=0 comp rx=0 tx=0)._handle_peer_banner_payload supported=3 required=0
2024-05-27T09:22:23.463 INFO:teuthology.orchestra.run.smithi044.stdout:/usr/bin/ceph: stderr
2024-05-27T09:22:22.543+0000 7fed82800700 1 --2- >> [v2:172.21.15.44:3300/0,v1:172.21.15.44:6789/0] conn(0x7fed8410bdd0 0x7fed841a01f0 unknown :-1 s=HELLO_CONNECTING pgs=0 cs=0 l=1 rev1=1 crypto rx=0 tx=0 comp rx=0 tx=0).handle_hello peer v2:172.21.15.44:3300/0 says I am v2:172.21.15.44:54214/0 (socket says 172.21.15.44:54214)
2024-05-27T09:22:23.464 INFO:teuthology.orchestra.run.smithi044.stdout:/usr/bin/ceph: stderr
2024-05-27T09:22:22.543+0000 7fed82800700 1 -- 172.21.15.44:0/911654579 learned_addr learned my addr 172.21.15.44:0/911654579 (peer_addr_for_me v2:172.21.15.44:0/0)
2024-05-27T09:22:23.465 INFO:teuthology.orchestra.run.smithi044.stdout:/usr/bin/ceph: stderr
2024-05-27T09:22:22.543+0000 7fed82800700 1 -- 172.21.15.44:0/911654579 --> [v2:172.21.15.44:3300/0,v1:172.21.15.44:6789/0] -- mon_subscribe({config=0+,monmap=0+}) -- 0x7fed841a0730 con 0x7fed8410bdd0
2024-05-27T09:22:23.465 INFO:teuthology.orchestra.run.smithi044.stdout:/usr/bin/ceph: stderr
2024-05-27T09:22:22.544+0000 7fed82800700 1 --2- 172.21.15.44:0/911654579 >> [v2:172.21.15.44:3300/0,v1:172.21.15.44:6789/0] conn(0x7fed8410bdd0 0x7fed841a01f0 secure :-1 s=READY pgs=38 cs=0 l=1 rev1=1 crypto rx=0x7fed740090e0 tx=0x7fed74011940 comp rx=0 tx=0).ready entity=mon.0 client_cookie=0 server_cookie=0 in_seq=0 out_seq=0
2024-05-27T09:22:23.465 INFO:teuthology.orchestra.run.smithi044.stdout:/usr/bin/ceph: stderr
2024-05-27T09:22:22.544+0000 7fed7b400700 1 -- 172.21.15.44:0/911654579 <== mon.0 v2:172.21.15.44:3300/0 1 ==== mon_map magic: 0 ==== 205+0+0 (secure 0 0 0) 0x7fed740039e0 con 0x7fed8410bdd0
2024-05-27T09:22:23.465 INFO:teuthology.orchestra.run.smithi044.stdout:/usr/bin/ceph: stderr
2024-05-27T09:22:22.544+0000 7fed7b400700 1 -- 172.21.15.44:0/911654579 <== mon.0 v2:172.21.15.44:3300/0 2 ==== config(26 keys) ==== 1070+0+0 (secure 0 0 0) 0x7fed74003b80 con 0x7fed8410bdd0
2024-05-27T09:22:23.465 INFO:teuthology.orchestra.run.smithi044.stdout:/usr/bin/ceph: stderr
2024-05-27T09:22:22.544+0000 7fed7b400700 1 -- 172.21.15.44:0/911654579 <== mon.0 v2:172.21.15.44:3300/0 3 ==== mon_map magic: 0 ==== 205+0+0 (secure 0 0 0) 0x7fed74024690 con 0x7fed8410bdd0
2024-05-27T09:22:23.465 INFO:teuthology.orchestra.run.smithi044.stdout:/usr/bin/ceph: stderr
2024-05-27T09:22:22.544+0000 7fed88a00700 1 -- 172.21.15.44:0/911654579 --> [v2:172.21.15.44:3300/0,v1:172.21.15.44:6789/0] -- mon_subscribe({mgrmap=0+}) -- 0x7fed841a09c0 con 0x7fed8410bdd0
2024-05-27T09:22:23.465 INFO:teuthology.orchestra.run.smithi044.stdout:/usr/bin/ceph: stderr
2024-05-27T09:22:22.544+0000 7fed88a00700 1 -- 172.21.15.44:0/911654579 --> [v2:172.21.15.44:3300/0,v1:172.21.15.44:6789/0] -- mon_subscribe({osdmap=0}) -- 0x7fed841a35d0 con 0x7fed8410bdd0
2024-05-27T09:22:23.465 INFO:teuthology.orchestra.run.smithi044.stdout:/usr/bin/ceph: stderr
2024-05-27T09:22:22.545+0000 7fed88a00700 1 -- 172.21.15.44:0/911654579 --> [v2:172.21.15.44:3300/0,v1:172.21.15.44:6789/0] -- mon_command({"prefix": "get_command_descriptions"} v 0) -- 0x7fed84064e10 con 0x7fed8410bdd0
2024-05-27T09:22:23.465 INFO:teuthology.orchestra.run.smithi044.stdout:/usr/bin/ceph: stderr
2024-05-27T09:22:22.546+0000 7fed7b400700 1 -- 172.21.15.44:0/911654579 <== mon.0 v2:172.21.15.44:3300/0 4 ==== mgrmap(e 8) ==== 50222+0+0 (secure 0 0 0) 0x7fed74022020 con 0x7fed8410bdd0
2024-05-27T09:22:23.465 INFO:teuthology.orchestra.run.smithi044.stdout:/usr/bin/ceph: stderr
2024-05-27T09:22:22.546+0000 7fed7b400700 1 --2- 172.21.15.44:0/911654579 >> [v2:172.21.15.44:6800/4254617371,v1:172.21.15.44:6801/4254617371] conn(0x7fed6803e4c0 0x7fed680409d0 unknown :-1 s=NONE pgs=0 cs=0 l=1 rev1=0 crypto rx=0 tx=0 comp rx=0 tx=0).connect
2024-05-27T09:22:23.465 INFO:teuthology.orchestra.run.smithi044.stdout:/usr/bin/ceph: stderr
2024-05-27T09:22:22.546+0000 7fed7b400700 1 -- 172.21.15.44:0/911654579 <== mon.0 v2:172.21.15.44:3300/0 5 ==== osd_map(2..2 src has 1..2) ==== 940+0+0 (secure 0 0 0) 0x7fed74053720 con 0x7fed8410bdd0
2024-05-27T09:22:23.465 INFO:teuthology.orchestra.run.smithi044.stdout:/usr/bin/ceph: stderr
2024-05-27T09:22:22.546+0000 7fed81e00700 1 --2- 172.21.15.44:0/911654579 >> [v2:172.21.15.44:6800/4254617371,v1:172.21.15.44:6801/4254617371] conn(0x7fed6803e4c0 0x7fed680409d0 unknown :-1 s=BANNER_CONNECTING pgs=0 cs=0 l=1 rev1=0 crypto rx=0 tx=0 comp rx=0 tx=0)._handle_peer_banner_payload supported=3 required=0
2024-05-27T09:22:23.465 INFO:teuthology.orchestra.run.smithi044.stdout:/usr/bin/ceph: stderr
2024-05-27T09:22:22.547+0000 7fed81e00700 1 --2- 172.21.15.44:0/911654579 >> [v2:172.21.15.44:6800/4254617371,v1:172.21.15.44:6801/4254617371] conn(0x7fed6803e4c0 0x7fed680409d0 secure :-1 s=READY pgs=7 cs=0 l=1 rev1=1 crypto rx=0x7fed70006fd0 tx=0x7fed70006e40 comp rx=0 tx=0).ready entity=mgr.14120 client_cookie=0 server_cookie=0 in_seq=0 out_seq=0
2024-05-27T09:22:23.467 INFO:teuthology.orchestra.run.smithi044.stdout:/usr/bin/ceph: stderr
2024-05-27T09:22:22.552+0000 7fed7b400700 1 -- 172.21.15.44:0/911654579 <== mon.0 v2:172.21.15.44:3300/0 6 ==== mon_command_ack([{"prefix": "get_command_descriptions"}]=0 v0) ==== 72+0+191963 (secure 0 0 0) 0x7fed74016260 con 0x7fed8410bdd0
2024-05-27T09:22:23.467 INFO:teuthology.orchestra.run.smithi044.stdout:/usr/bin/ceph: stderr
2024-05-27T09:22:22.811+0000 7fed88a00700 1 -- 172.21.15.44:0/911654579 --> [v2:172.21.15.44:6800/4254617371,v1:172.21.15.44:6801/4254617371] -- mgr_command(tid 0: {"prefix": "orch set backend", "module_name": "cephadm", "target": ["mon-mgr", ""]}) -- 0x7fed841094f0 con 0x7fed6803e4c0
2024-05-27T09:22:23.467 INFO:teuthology.orchestra.run.smithi044.stdout:/usr/bin/ceph: stderr
2024-05-27T09:22:22.824+0000 7fed7b400700 1 -- 172.21.15.44:0/911654579 <== mgr.14120 v2:172.21.15.44:6800/4254617371 1 ==== mgr_command_reply(tid 0: 0 ) ==== 8+0+0 (secure 0 0 0) 0x7fed841094f0 con 0x7fed6803e4c0
2024-05-27T09:22:23.467 INFO:teuthology.orchestra.run.smithi044.stdout:/usr/bin/ceph: stderr
2024-05-27T09:22:22.827+0000 7fed88a00700 1 -- 172.21.15.44:0/911654579 >> [v2:172.21.15.44:6800/4254617371,v1:172.21.15.44:6801/4254617371] conn(0x7fed6803e4c0 msgr2=0x7fed680409d0 secure :-1 s=STATE_CONNECTION_ESTABLISHED l=1).mark_down
2024-05-27T09:22:23.467 INFO:teuthology.orchestra.run.smithi044.stdout:/usr/bin/ceph: stderr
2024-05-27T09:22:22.827+0000 7fed88a00700 1 --2- 172.21.15.44:0/911654579 >> [v2:172.21.15.44:6800/4254617371,v1:172.21.15.44:6801/4254617371] conn(0x7fed6803e4c0 0x7fed680409d0 secure :-1 s=READY pgs=7 cs=0 l=1 rev1=1 crypto rx=0x7fed70006fd0 tx=0x7fed70006e40 comp rx=0 tx=0).stop
2024-05-27T09:22:23.468 INFO:teuthology.orchestra.run.smithi044.stdout:/usr/bin/ceph: stderr
2024-05-27T09:22:22.827+0000 7fed88a00700 1 -- 172.21.15.44:0/911654579 >> [v2:172.21.15.44:3300/0,v1:172.21.15.44:6789/0] conn(0x7fed8410bdd0 msgr2=0x7fed841a01f0 secure :-1 s=STATE_CONNECTION_ESTABLISHED l=1).mark_down
2024-05-27T09:22:23.468 INFO:teuthology.orchestra.run.smithi044.stdout:/usr/bin/ceph: stderr
2024-05-27T09:22:22.827+0000 7fed88a00700 1 --2- 172.21.15.44:0/911654579 >> [v2:172.21.15.44:3300/0,v1:172.21.15.44:6789/0] conn(0x7fed8410bdd0 0x7fed841a01f0 secure :-1 s=READY pgs=38 cs=0 l=1 rev1=1 crypto rx=0x7fed740090e0 tx=0x7fed74011940 comp rx=0 tx=0).stop
2024-05-27T09:22:23.468 INFO:teuthology.orchestra.run.smithi044.stdout:/usr/bin/ceph: stderr
2024-05-27T09:22:22.828+0000 7fed88a00700 1 -- 172.21.15.44:0/911654579 shutdown_connections
2024-05-27T09:22:23.468 INFO:teuthology.orchestra.run.smithi044.stdout:/usr/bin/ceph: stderr
2024-05-27T09:22:22.828+0000 7fed88a00700 1 --2- 172.21.15.44:0/911654579 >> [v2:172.21.15.44:6800/4254617371,v1:172.21.15.44:6801/4254617371] conn(0x7fed6803e4c0 0x7fed680409d0 unknown :-1 s=CLOSED pgs=7 cs=0 l=1 rev1=1 crypto rx=0 tx=0 comp rx=0 tx=0).stop
2024-05-27T09:22:23.468 INFO:teuthology.orchestra.run.smithi044.stdout:/usr/bin/ceph: stderr
2024-05-27T09:22:22.828+0000 7fed88a00700 1 --2- 172.21.15.44:0/911654579 >> [v2:172.21.15.44:3300/0,v1:172.21.15.44:6789/0] conn(0x7fed8410bdd0 0x7fed841a01f0 unknown :-1 s=CLOSED pgs=38 cs=0 l=1 rev1=1 crypto rx=0 tx=0 comp rx=0 tx=0).stop
2024-05-27T09:22:23.468 INFO:teuthology.orchestra.run.smithi044.stdout:/usr/bin/ceph: stderr
2024-05-27T09:22:22.828+0000 7fed88a00700 1 -- 172.21.15.44:0/911654579 >> 172.21.15.44:0/911654579 conn(0x7fed841074c0 msgr2=0x7fed84108da0 unknown :-1 s=STATE_NONE l=0).mark_down
2024-05-27T09:22:23.468 INFO:teuthology.orchestra.run.smithi044.stdout:/usr/bin/ceph: stderr
2024-05-27T09:22:22.828+0000 7fed88a00700 1 -- 172.21.15.44:0/911654579 shutdown_connections
2024-05-27T09:22:23.468 INFO:teuthology.orchestra.run.smithi044.stdout:/usr/bin/ceph: stderr
2024-05-27T09:22:22.828+0000 7fed88a00700 1 -- 172.21.15.44:0/911654579 wait complete.
2024-05-27T09:22:24.474 INFO:journalctl@ceph.mon.a.smithi044.stdout:May 27 09:22:24 smithi044 ceph-mon[31618]: from='client.14132 -' entity='client.admin' cmd=[{"prefix": "orch set backend", "module_name": "cephadm", "target": ["mon-mgr", ""]}]: dispatch
2024-05-27T09:22:25.178 INFO:teuthology.orchestra.run.smithi044.stdout:/usr/bin/ceph: stdout value unchanged
2024-05-27T09:22:25.178 INFO:teuthology.orchestra.run.smithi044.stdout:/usr/bin/ceph: stderr
2024-05-27T09:22:24.272+0000 7f3f36800700 1 Processor -- start
2024-05-27T09:22:25.178 INFO:teuthology.orchestra.run.smithi044.stdout:/usr/bin/ceph: stderr
2024-05-27T09:22:24.272+0000 7f3f36800700 1 -- start start
2024-05-27T09:22:25.178 INFO:teuthology.orchestra.run.smithi044.stdout:/usr/bin/ceph: stderr
2024-05-27T09:22:24.273+0000 7f3f36800700 1 --2- >> [v2:172.21.15.44:3300/0,v1:172.21.15.44:6789/0] conn(0x7f3f3007edf0 0x7f3f3007d220 unknown :-1 s=NONE pgs=0 cs=0 l=0 rev1=0 crypto rx=0 tx=0 comp rx=0 tx=0).connect
2024-05-27T09:22:25.178 INFO:teuthology.orchestra.run.smithi044.stdout:/usr/bin/ceph: stderr
2024-05-27T09:22:24.273+0000 7f3f36800700 1 -- --> [v2:172.21.15.44:3300/0,v1:172.21.15.44:6789/0] -- mon_getmap magic: 0 -- 0x7f3f3007d760 con 0x7f3f3007edf0
2024-05-27T09:22:25.178 INFO:teuthology.orchestra.run.smithi044.stdout:/usr/bin/ceph: stderr
2024-05-27T09:22:24.273+0000 7f3f2f400700 1 --2- >> [v2:172.21.15.44:3300/0,v1:172.21.15.44:6789/0] conn(0x7f3f3007edf0 0x7f3f3007d220 unknown :-1 s=BANNER_CONNECTING pgs=0 cs=0 l=0 rev1=0 crypto rx=0 tx=0 comp rx=0 tx=0)._handle_peer_banner_payload supported=3 required=0
2024-05-27T09:22:25.178 INFO:teuthology.orchestra.run.smithi044.stdout:/usr/bin/ceph: stderr
2024-05-27T09:22:24.273+0000 7f3f2f400700 1 --2- >> [v2:172.21.15.44:3300/0,v1:172.21.15.44:6789/0] conn(0x7f3f3007edf0 0x7f3f3007d220 unknown :-1 s=HELLO_CONNECTING pgs=0 cs=0 l=0 rev1=1 crypto rx=0 tx=0 comp rx=0 tx=0).handle_hello peer v2:172.21.15.44:3300/0 says I am v2:172.21.15.44:53070/0 (socket says 172.21.15.44:53070)
2024-05-27T09:22:25.179 INFO:teuthology.orchestra.run.smithi044.stdout:/usr/bin/ceph: stderr
2024-05-27T09:22:24.273+0000 7f3f2f400700 1 -- 172.21.15.44:0/1876719618 learned_addr learned my addr 172.21.15.44:0/1876719618 (peer_addr_for_me v2:172.21.15.44:0/0)
2024-05-27T09:22:25.179 INFO:teuthology.orchestra.run.smithi044.stdout:/usr/bin/ceph: stderr
2024-05-27T09:22:24.274+0000 7f3f2f400700 1 -- 172.21.15.44:0/1876719618 --> [v2:172.21.15.44:3300/0,v1:172.21.15.44:6789/0] -- mon_subscribe({config=0+,monmap=0+}) -- 0x7f3f3007d8e0 con 0x7f3f3007edf0
2024-05-27T09:22:25.179 INFO:teuthology.orchestra.run.smithi044.stdout:/usr/bin/ceph: stderr
2024-05-27T09:22:24.274+0000 7f3f2f400700 1 --2- 172.21.15.44:0/1876719618 >> [v2:172.21.15.44:3300/0,v1:172.21.15.44:6789/0] conn(0x7f3f3007edf0 0x7f3f3007d220 secure :-1 s=READY pgs=39 cs=0 l=1 rev1=1 crypto rx=0x7f3f200098a0 tx=0x7f3f20009bb0 comp rx=0 tx=0).ready entity=mon.0 client_cookie=457b1fd316e179dc server_cookie=0 in_seq=0 out_seq=0
2024-05-27T09:22:25.179 INFO:teuthology.orchestra.run.smithi044.stdout:/usr/bin/ceph: stderr
2024-05-27T09:22:24.275+0000 7f3f2e000700 1 -- 172.21.15.44:0/1876719618 <== mon.0 v2:172.21.15.44:3300/0 1 ==== mon_map magic: 0 ==== 205+0+0 (secure 0 0 0) 0x7f3f20004160 con 0x7f3f3007edf0
2024-05-27T09:22:25.179 INFO:teuthology.orchestra.run.smithi044.stdout:/usr/bin/ceph: stderr
2024-05-27T09:22:24.275+0000 7f3f2e000700 1 -- 172.21.15.44:0/1876719618 <== mon.0 v2:172.21.15.44:3300/0 2 ==== config(26 keys) ==== 1070+0+0 (secure 0 0 0) 0x7f3f20004300 con 0x7f3f3007edf0
2024-05-27T09:22:25.179 INFO:teuthology.orchestra.run.smithi044.stdout:/usr/bin/ceph: stderr
2024-05-27T09:22:24.275+0000 7f3f2e000700 1 -- 172.21.15.44:0/1876719618 <== mon.0 v2:172.21.15.44:3300/0 3 ==== mon_map magic: 0 ==== 205+0+0 (secure 0 0 0) 0x7f3f20011af0 con 0x7f3f3007edf0
2024-05-27T09:22:25.179 INFO:teuthology.orchestra.run.smithi044.stdout:/usr/bin/ceph: stderr
2024-05-27T09:22:24.276+0000 7f3f36800700 1 -- 172.21.15.44:0/1876719618 >> [v2:172.21.15.44:3300/0,v1:172.21.15.44:6789/0] conn(0x7f3f3007edf0 msgr2=0x7f3f3007d220 secure :-1 s=STATE_CONNECTION_ESTABLISHED l=1).mark_down
2024-05-27T09:22:25.179 INFO:teuthology.orchestra.run.smithi044.stdout:/usr/bin/ceph: stderr
2024-05-27T09:22:24.276+0000 7f3f36800700 1 --2- 172.21.15.44:0/1876719618 >> [v2:172.21.15.44:3300/0,v1:172.21.15.44:6789/0] conn(0x7f3f3007edf0 0x7f3f3007d220 secure :-1 s=READY pgs=39 cs=0 l=1 rev1=1 crypto rx=0x7f3f200098a0 tx=0x7f3f20009bb0 comp rx=0 tx=0).stop
2024-05-27T09:22:25.179 INFO:teuthology.orchestra.run.smithi044.stdout:/usr/bin/ceph: stderr
2024-05-27T09:22:24.276+0000 7f3f36800700 1 -- 172.21.15.44:0/1876719618 shutdown_connections
2024-05-27T09:22:25.179 INFO:teuthology.orchestra.run.smithi044.stdout:/usr/bin/ceph: stderr
2024-05-27T09:22:24.276+0000 7f3f36800700 1 --2- 172.21.15.44:0/1876719618 >> [v2:172.21.15.44:3300/0,v1:172.21.15.44:6789/0] conn(0x7f3f3007edf0 0x7f3f3007d220 unknown :-1 s=CLOSED pgs=39 cs=0 l=1 rev1=1 crypto rx=0 tx=0 comp rx=0 tx=0).stop
2024-05-27T09:22:25.179 INFO:teuthology.orchestra.run.smithi044.stdout:/usr/bin/ceph: stderr
2024-05-27T09:22:24.276+0000 7f3f36800700 1 -- 172.21.15.44:0/1876719618 >> 172.21.15.44:0/1876719618 conn(0x7f3f301053d0 msgr2=0x7f3f30107820 unknown :-1 s=STATE_NONE l=0).mark_down
2024-05-27T09:22:25.179 INFO:teuthology.orchestra.run.smithi044.stdout:/usr/bin/ceph: stderr
2024-05-27T09:22:24.276+0000 7f3f36800700 1 -- 172.21.15.44:0/1876719618 shutdown_connections
2024-05-27T09:22:25.180 INFO:teuthology.orchestra.run.smithi044.stdout:/usr/bin/ceph: stderr
2024-05-27T09:22:24.276+0000 7f3f36800700 1 -- 172.21.15.44:0/1876719618 wait complete.
2024-05-27T09:22:25.180 INFO:teuthology.orchestra.run.smithi044.stdout:/usr/bin/ceph: stderr
2024-05-27T09:22:24.277+0000 7f3f36800700 1 Processor -- start
2024-05-27T09:22:25.180 INFO:teuthology.orchestra.run.smithi044.stdout:/usr/bin/ceph: stderr
2024-05-27T09:22:24.277+0000 7f3f36800700 1 -- start start
2024-05-27T09:22:25.180 INFO:teuthology.orchestra.run.smithi044.stdout:/usr/bin/ceph: stderr
2024-05-27T09:22:24.278+0000 7f3f36800700 1 --2- >> [v2:172.21.15.44:3300/0,v1:172.21.15.44:6789/0] conn(0x7f3f3007edf0 0x7f3f301a0390 unknown :-1 s=NONE pgs=0 cs=0 l=1 rev1=0 crypto rx=0 tx=0 comp rx=0 tx=0).connect
2024-05-27T09:22:25.180 INFO:teuthology.orchestra.run.smithi044.stdout:/usr/bin/ceph: stderr
2024-05-27T09:22:24.278+0000 7f3f36800700 1 -- --> [v2:172.21.15.44:3300/0,v1:172.21.15.44:6789/0] -- mon_getmap magic: 0 -- 0x7f3f30110330 con 0x7f3f3007edf0
2024-05-27T09:22:25.180 INFO:teuthology.orchestra.run.smithi044.stdout:/usr/bin/ceph: stderr
2024-05-27T09:22:24.278+0000 7f3f2f400700 1 --2- >> [v2:172.21.15.44:3300/0,v1:172.21.15.44:6789/0] conn(0x7f3f3007edf0 0x7f3f301a0390 unknown :-1 s=BANNER_CONNECTING pgs=0 cs=0 l=1 rev1=0 crypto rx=0 tx=0 comp rx=0 tx=0)._handle_peer_banner_payload supported=3 required=0
2024-05-27T09:22:25.180 INFO:teuthology.orchestra.run.smithi044.stdout:/usr/bin/ceph: stderr
2024-05-27T09:22:24.278+0000 7f3f2f400700 1 --2- >> [v2:172.21.15.44:3300/0,v1:172.21.15.44:6789/0] conn(0x7f3f3007edf0 0x7f3f301a0390 unknown :-1 s=HELLO_CONNECTING pgs=0 cs=0 l=1 rev1=1 crypto rx=0 tx=0 comp rx=0 tx=0).handle_hello peer v2:172.21.15.44:3300/0 says I am v2:172.21.15.44:53082/0 (socket says 172.21.15.44:53082)
2024-05-27T09:22:25.180 INFO:teuthology.orchestra.run.smithi044.stdout:/usr/bin/ceph: stderr
2024-05-27T09:22:24.278+0000 7f3f2f400700 1 -- 172.21.15.44:0/776989034 learned_addr learned my addr 172.21.15.44:0/776989034 (peer_addr_for_me v2:172.21.15.44:0/0)
2024-05-27T09:22:25.180 INFO:teuthology.orchestra.run.smithi044.stdout:/usr/bin/ceph: stderr
2024-05-27T09:22:24.278+0000 7f3f2f400700 1 -- 172.21.15.44:0/776989034 --> [v2:172.21.15.44:3300/0,v1:172.21.15.44:6789/0] -- mon_subscribe({config=0+,monmap=0+}) -- 0x7f3f301a08d0 con 0x7f3f3007edf0
2024-05-27T09:22:25.180 INFO:teuthology.orchestra.run.smithi044.stdout:/usr/bin/ceph: stderr
2024-05-27T09:22:24.279+0000 7f3f2f400700 1 --2- 172.21.15.44:0/776989034 >> [v2:172.21.15.44:3300/0,v1:172.21.15.44:6789/0] conn(0x7f3f3007edf0 0x7f3f301a0390 secure :-1 s=READY pgs=40 cs=0 l=1 rev1=1 crypto rx=0x7f3f200117b0 tx=0x7f3f20011940 comp rx=0 tx=0).ready entity=mon.0 client_cookie=0 server_cookie=0 in_seq=0 out_seq=0
2024-05-27T09:22:25.180 INFO:teuthology.orchestra.run.smithi044.stdout:/usr/bin/ceph: stderr
2024-05-27T09:22:24.279+0000 7f3f27e00700 1 -- 172.21.15.44:0/776989034 <== mon.0 v2:172.21.15.44:3300/0 1 ==== mon_map magic: 0 ==== 205+0+0 (secure 0 0 0) 0x7f3f200039e0 con 0x7f3f3007edf0
2024-05-27T09:22:25.180 INFO:teuthology.orchestra.run.smithi044.stdout:/usr/bin/ceph: stderr
2024-05-27T09:22:24.279+0000 7f3f27e00700 1 -- 172.21.15.44:0/776989034 <== mon.0 v2:172.21.15.44:3300/0 2 ==== config(26 keys) ==== 1070+0+0 (secure 0 0 0) 0x7f3f20020070 con 0x7f3f3007edf0
2024-05-27T09:22:25.180 INFO:teuthology.orchestra.run.smithi044.stdout:/usr/bin/ceph: stderr
2024-05-27T09:22:24.279+0000 7f3f36800700 1 -- 172.21.15.44:0/776989034 --> [v2:172.21.15.44:3300/0,v1:172.21.15.44:6789/0] -- mon_subscribe({mgrmap=0+}) -- 0x7f3f301a0b60 con 0x7f3f3007edf0
2024-05-27T09:22:25.181 INFO:teuthology.orchestra.run.smithi044.stdout:/usr/bin/ceph: stderr
2024-05-27T09:22:24.279+0000 7f3f27e00700 1 -- 172.21.15.44:0/776989034 <== mon.0 v2:172.21.15.44:3300/0 3 ==== mon_map magic: 0 ==== 205+0+0 (secure 0 0 0) 0x7f3f20019570 con 0x7f3f3007edf0
2024-05-27T09:22:25.181 INFO:teuthology.orchestra.run.smithi044.stdout:/usr/bin/ceph: stderr
2024-05-27T09:22:24.279+0000 7f3f36800700 1 -- 172.21.15.44:0/776989034 --> [v2:172.21.15.44:3300/0,v1:172.21.15.44:6789/0] -- mon_subscribe({osdmap=0}) -- 0x7f3f301a3770 con 0x7f3f3007edf0
2024-05-27T09:22:25.181 INFO:teuthology.orchestra.run.smithi044.stdout:/usr/bin/ceph: stderr
2024-05-27T09:22:24.281+0000 7f3f36800700 1 -- 172.21.15.44:0/776989034 --> [v2:172.21.15.44:3300/0,v1:172.21.15.44:6789/0] -- mon_command({"prefix": "get_command_descriptions"} v 0) -- 0x7f3f30064e10 con 0x7f3f3007edf0
2024-05-27T09:22:25.181 INFO:teuthology.orchestra.run.smithi044.stdout:/usr/bin/ceph: stderr
2024-05-27T09:22:24.281+0000 7f3f27e00700 1 -- 172.21.15.44:0/776989034 <== mon.0 v2:172.21.15.44:3300/0 4 ==== mgrmap(e 8) ==== 50222+0+0 (secure 0 0 0) 0x7f3f20019820 con 0x7f3f3007edf0
2024-05-27T09:22:25.181 INFO:teuthology.orchestra.run.smithi044.stdout:/usr/bin/ceph: stderr
2024-05-27T09:22:24.281+0000 7f3f27e00700 1 --2- 172.21.15.44:0/776989034 >> [v2:172.21.15.44:6800/4254617371,v1:172.21.15.44:6801/4254617371] conn(0x7f3f1403e4c0 0x7f3f140409d0 unknown :-1 s=NONE pgs=0 cs=0 l=1 rev1=0 crypto rx=0 tx=0 comp rx=0 tx=0).connect
2024-05-27T09:22:25.181 INFO:teuthology.orchestra.run.smithi044.stdout:/usr/bin/ceph: stderr
2024-05-27T09:22:24.282+0000 7f3f27e00700 1 -- 172.21.15.44:0/776989034 <== mon.0 v2:172.21.15.44:3300/0 5 ==== osd_map(2..2 src has 1..2) ==== 940+0+0 (secure 0 0 0) 0x7f3f20053b40 con 0x7f3f3007edf0
2024-05-27T09:22:25.181 INFO:teuthology.orchestra.run.smithi044.stdout:/usr/bin/ceph: stderr
2024-05-27T09:22:24.282+0000 7f3f2ea00700 1 --2- 172.21.15.44:0/776989034 >> [v2:172.21.15.44:6800/4254617371,v1:172.21.15.44:6801/4254617371] conn(0x7f3f1403e4c0 0x7f3f140409d0 unknown :-1 s=BANNER_CONNECTING pgs=0 cs=0 l=1 rev1=0 crypto rx=0 tx=0 comp rx=0 tx=0)._handle_peer_banner_payload supported=3 required=0
2024-05-27T09:22:25.181 INFO:teuthology.orchestra.run.smithi044.stdout:/usr/bin/ceph: stderr
2024-05-27T09:22:24.283+0000 7f3f2ea00700 1 --2- 172.21.15.44:0/776989034 >> [v2:172.21.15.44:6800/4254617371,v1:172.21.15.44:6801/4254617371] conn(0x7f3f1403e4c0 0x7f3f140409d0 secure :-1 s=READY pgs=8 cs=0 l=1 rev1=1 crypto rx=0x7f3f1c006fd0 tx=0x7f3f1c006e40 comp rx=0 tx=0).ready entity=mgr.14120 client_cookie=0 server_cookie=0 in_seq=0 out_seq=0
2024-05-27T09:22:25.181 INFO:teuthology.orchestra.run.smithi044.stdout:/usr/bin/ceph: stderr
2024-05-27T09:22:24.291+0000 7f3f27e00700 1 -- 172.21.15.44:0/776989034 <== mon.0 v2:172.21.15.44:3300/0 6 ==== mon_command_ack([{"prefix": "get_command_descriptions"}]=0 v0) ==== 72+0+191963 (secure 0 0 0) 0x7f3f20018d60 con 0x7f3f3007edf0
2024-05-27T09:22:25.181 INFO:teuthology.orchestra.run.smithi044.stdout:/usr/bin/ceph: stderr
2024-05-27T09:22:24.530+0000 7f3f36800700 1 -- 172.21.15.44:0/776989034 --> [v2:172.21.15.44:6800/4254617371,v1:172.21.15.44:6801/4254617371] -- mgr_command(tid 0: {"prefix": "cephadm set-user", "user": "root", "target": ["mon-mgr", ""]}) -- 0x7f3f30106520 con 0x7f3f1403e4c0
2024-05-27T09:22:25.181 INFO:teuthology.orchestra.run.smithi044.stdout:/usr/bin/ceph: stderr
2024-05-27T09:22:24.532+0000 7f3f27e00700 1 -- 172.21.15.44:0/776989034 <== mgr.14120 v2:172.21.15.44:6800/4254617371 1 ==== mgr_command_reply(tid 0: 0 ) ==== 8+0+16 (secure 0 0 0) 0x7f3f30106520 con 0x7f3f1403e4c0
2024-05-27T09:22:25.181 INFO:teuthology.orchestra.run.smithi044.stdout:/usr/bin/ceph: stderr
2024-05-27T09:22:24.535+0000 7f3f36800700 1 -- 172.21.15.44:0/776989034 >> [v2:172.21.15.44:6800/4254617371,v1:172.21.15.44:6801/4254617371] conn(0x7f3f1403e4c0 msgr2=0x7f3f140409d0 secure :-1 s=STATE_CONNECTION_ESTABLISHED l=1).mark_down
2024-05-27T09:22:25.182 INFO:teuthology.orchestra.run.smithi044.stdout:/usr/bin/ceph: stderr
2024-05-27T09:22:24.535+0000 7f3f36800700 1 --2- 172.21.15.44:0/776989034 >> [v2:172.21.15.44:6800/4254617371,v1:172.21.15.44:6801/4254617371] conn(0x7f3f1403e4c0 0x7f3f140409d0 secure :-1 s=READY pgs=8 cs=0 l=1 rev1=1 crypto rx=0x7f3f1c006fd0 tx=0x7f3f1c006e40 comp rx=0 tx=0).stop
2024-05-27T09:22:25.182 INFO:teuthology.orchestra.run.smithi044.stdout:/usr/bin/ceph: stderr
2024-05-27T09:22:24.535+0000 7f3f36800700 1 -- 172.21.15.44:0/776989034 >> [v2:172.21.15.44:3300/0,v1:172.21.15.44:6789/0] conn(0x7f3f3007edf0 msgr2=0x7f3f301a0390 secure :-1 s=STATE_CONNECTION_ESTABLISHED l=1).mark_down
2024-05-27T09:22:25.182 INFO:teuthology.orchestra.run.smithi044.stdout:/usr/bin/ceph: stderr
2024-05-27T09:22:24.535+0000 7f3f36800700 1 --2- 172.21.15.44:0/776989034 >> [v2:172.21.15.44:3300/0,v1:172.21.15.44:6789/0] conn(0x7f3f3007edf0 0x7f3f301a0390 secure :-1 s=READY pgs=40 cs=0 l=1 rev1=1 crypto rx=0x7f3f200117b0 tx=0x7f3f20011940 comp rx=0 tx=0).stop
2024-05-27T09:22:25.182 INFO:teuthology.orchestra.run.smithi044.stdout:/usr/bin/ceph: stderr
2024-05-27T09:22:24.535+0000 7f3f36800700 1 -- 172.21.15.44:0/776989034 shutdown_connections
2024-05-27T09:22:25.182 INFO:teuthology.orchestra.run.smithi044.stdout:/usr/bin/ceph: stderr
2024-05-27T09:22:24.535+0000 7f3f36800700 1 --2- 172.21.15.44:0/776989034 >> [v2:172.21.15.44:6800/4254617371,v1:172.21.15.44:6801/4254617371] conn(0x7f3f1403e4c0 0x7f3f140409d0 unknown :-1 s=CLOSED pgs=8 cs=0 l=1 rev1=1 crypto rx=0 tx=0 comp rx=0 tx=0).stop
2024-05-27T09:22:25.182 INFO:teuthology.orchestra.run.smithi044.stdout:/usr/bin/ceph: stderr
2024-05-27T09:22:24.535+0000 7f3f36800700 1 --2- 172.21.15.44:0/776989034 >> [v2:172.21.15.44:3300/0,v1:172.21.15.44:6789/0] conn(0x7f3f3007edf0 0x7f3f301a0390 unknown :-1 s=CLOSED pgs=40 cs=0 l=1 rev1=1 crypto rx=0 tx=0 comp rx=0 tx=0).stop
2024-05-27T09:22:25.182 INFO:teuthology.orchestra.run.smithi044.stdout:/usr/bin/ceph: stderr
2024-05-27T09:22:24.535+0000 7f3f36800700 1 -- 172.21.15.44:0/776989034 >> 172.21.15.44:0/776989034 conn(0x7f3f301053d0 msgr2=0x7f3f30105d90 unknown :-1 s=STATE_NONE l=0).mark_down
2024-05-27T09:22:25.182 INFO:teuthology.orchestra.run.smithi044.stdout:/usr/bin/ceph: stderr
2024-05-27T09:22:24.535+0000 7f3f36800700 1 -- 172.21.15.44:0/776989034 shutdown_connections
2024-05-27T09:22:25.182 INFO:teuthology.orchestra.run.smithi044.stdout:/usr/bin/ceph: stderr
2024-05-27T09:22:24.536+0000 7f3f36800700 1 -- 172.21.15.44:0/776989034 wait complete.
2024-05-27T09:22:25.182 INFO:teuthology.orchestra.run.smithi044.stdout:Generating ssh key...
2024-05-27T09:22:25.469 INFO:journalctl@ceph.mon.a.smithi044.stdout:May 27 09:22:25 smithi044 ceph-mon[31618]: from='client.14134 -' entity='client.admin' cmd=[{"prefix": "cephadm set-user", "user": "root", "target": ["mon-mgr", ""]}]: dispatch
2024-05-27T09:22:26.724 INFO:journalctl@ceph.mgr.x.smithi044.stdout:May 27 09:22:26 smithi044 ceph-604b015a-1c0a-11ef-bc9b-c7b262605968-mgr-x[31856]: Generating public/private rsa key pair.
2024-05-27T09:22:26.724 INFO:journalctl@ceph.mgr.x.smithi044.stdout:May 27 09:22:26 smithi044 ceph-604b015a-1c0a-11ef-bc9b-c7b262605968-mgr-x[31856]: Your identification has been saved in /tmp/tmpucupzx27/key.
2024-05-27T09:22:26.724 INFO:journalctl@ceph.mgr.x.smithi044.stdout:May 27 09:22:26 smithi044 ceph-604b015a-1c0a-11ef-bc9b-c7b262605968-mgr-x[31856]: Your public key has been saved in /tmp/tmpucupzx27/key.pub.
2024-05-27T09:22:26.724 INFO:journalctl@ceph.mgr.x.smithi044.stdout:May 27 09:22:26 smithi044 ceph-604b015a-1c0a-11ef-bc9b-c7b262605968-mgr-x[31856]: The key fingerprint is:
