2024-05-27T09:35:12.087 INFO:teuthology.orchestra.run.smithi071.stdout:/usr/bin/ceph: stderr
2024-05-27T09:35:11.164+0000 7f27c9a00700 1 --2- >> [v2:172.21.15.71:3300/0,v1:172.21.15.71:6789/0] conn(0x7f27c410a5a0 0x7f27c410c9c0 unknown :-1 s=BANNER_CONNECTING pgs=0 cs=0 l=0 rev1=0 crypto rx=0 tx=0 comp rx=0 tx=0)._handle_peer_banner_payload supported=3 required=0
2024-05-27T09:35:12.087 INFO:teuthology.orchestra.run.smithi071.stdout:/usr/bin/ceph: stderr
2024-05-27T09:35:11.164+0000 7f27c9a00700 1 --2- >> [v2:172.21.15.71:3300/0,v1:172.21.15.71:6789/0] conn(0x7f27c410a5a0 0x7f27c410c9c0 unknown :-1 s=HELLO_CONNECTING pgs=0 cs=0 l=0 rev1=1 crypto rx=0 tx=0 comp rx=0 tx=0).handle_hello peer v2:172.21.15.71:3300/0 says I am v2:172.21.15.71:33400/0 (socket says 172.21.15.71:33400)
2024-05-27T09:35:12.088 INFO:teuthology.orchestra.run.smithi071.stdout:/usr/bin/ceph: stderr
2024-05-27T09:35:11.164+0000 7f27c9a00700 1 -- 172.21.15.71:0/1897783779 learned_addr learned my addr 172.21.15.71:0/1897783779 (peer_addr_for_me v2:172.21.15.71:0/0)
2024-05-27T09:35:12.088 INFO:teuthology.orchestra.run.smithi071.stdout:/usr/bin/ceph: stderr
2024-05-27T09:35:11.165+0000 7f27c9a00700 1 -- 172.21.15.71:0/1897783779 --> [v2:172.21.15.71:3300/0,v1:172.21.15.71:6789/0] -- mon_subscribe({config=0+,monmap=0+}) -- 0x7f27c410cf00 con 0x7f27c410a5a0
2024-05-27T09:35:12.088 INFO:teuthology.orchestra.run.smithi071.stdout:/usr/bin/ceph: stderr
2024-05-27T09:35:11.165+0000 7f27c9a00700 1 --2- 172.21.15.71:0/1897783779 >> [v2:172.21.15.71:3300/0,v1:172.21.15.71:6789/0] conn(0x7f27c410a5a0 0x7f27c410c9c0 secure :-1 s=READY pgs=53 cs=0 l=1 rev1=1 crypto rx=0x7f27b80098a0 tx=0x7f27b8009bb0 comp rx=0 tx=0).ready entity=mon.0 client_cookie=a6f0bf9d73a7b475 server_cookie=0 in_seq=0 out_seq=0
2024-05-27T09:35:12.088 INFO:teuthology.orchestra.run.smithi071.stdout:/usr/bin/ceph: stderr
2024-05-27T09:35:11.166+0000 7f27c3e00700 1 -- 172.21.15.71:0/1897783779 <== mon.0 v2:172.21.15.71:3300/0 1 ==== mon_map magic: 0 ==== 205+0+0 (secure 0 0 0) 0x7f27b8004160 con 0x7f27c410a5a0
2024-05-27T09:35:12.088 INFO:teuthology.orchestra.run.smithi071.stdout:/usr/bin/ceph: stderr
2024-05-27T09:35:11.166+0000 7f27c3e00700 1 -- 172.21.15.71:0/1897783779 <== mon.0 v2:172.21.15.71:3300/0 2 ==== config(26 keys) ==== 1101+0+0 (secure 0 0 0) 0x7f27b8004300 con 0x7f27c410a5a0
2024-05-27T09:35:12.088 INFO:teuthology.orchestra.run.smithi071.stdout:/usr/bin/ceph: stderr
2024-05-27T09:35:11.166+0000 7f27c3e00700 1 -- 172.21.15.71:0/1897783779 <== mon.0 v2:172.21.15.71:3300/0 3 ==== mon_map magic: 0 ==== 205+0+0 (secure 0 0 0) 0x7f27b8011a20 con 0x7f27c410a5a0
2024-05-27T09:35:12.088 INFO:teuthology.orchestra.run.smithi071.stdout:/usr/bin/ceph: stderr
2024-05-27T09:35:11.167+0000 7f27cae00700 1 -- 172.21.15.71:0/1897783779 >> [v2:172.21.15.71:3300/0,v1:172.21.15.71:6789/0] conn(0x7f27c410a5a0 msgr2=0x7f27c410c9c0 secure :-1 s=STATE_CONNECTION_ESTABLISHED l=1).mark_down
2024-05-27T09:35:12.088 INFO:teuthology.orchestra.run.smithi071.stdout:/usr/bin/ceph: stderr
2024-05-27T09:35:11.167+0000 7f27cae00700 1 --2- 172.21.15.71:0/1897783779 >> [v2:172.21.15.71:3300/0,v1:172.21.15.71:6789/0] conn(0x7f27c410a5a0 0x7f27c410c9c0 secure :-1 s=READY pgs=53 cs=0 l=1 rev1=1 crypto rx=0x7f27b80098a0 tx=0x7f27b8009bb0 comp rx=0 tx=0).stop
2024-05-27T09:35:12.088 INFO:teuthology.orchestra.run.smithi071.stdout:/usr/bin/ceph: stderr
2024-05-27T09:35:11.167+0000 7f27cae00700 1 -- 172.21.15.71:0/1897783779 shutdown_connections
2024-05-27T09:35:12.088 INFO:teuthology.orchestra.run.smithi071.stdout:/usr/bin/ceph: stderr
2024-05-27T09:35:11.167+0000 7f27cae00700 1 --2- 172.21.15.71:0/1897783779 >> [v2:172.21.15.71:3300/0,v1:172.21.15.71:6789/0] conn(0x7f27c410a5a0 0x7f27c410c9c0 unknown :-1 s=CLOSED pgs=53 cs=0 l=1 rev1=1 crypto rx=0 tx=0 comp rx=0 tx=0).stop
2024-05-27T09:35:12.088 INFO:teuthology.orchestra.run.smithi071.stdout:/usr/bin/ceph: stderr
2024-05-27T09:35:11.167+0000 7f27cae00700 1 -- 172.21.15.71:0/1897783779 >> 172.21.15.71:0/1897783779 conn(0x7f27c4104000 msgr2=0x7f27c4106470 unknown :-1 s=STATE_NONE l=0).mark_down
2024-05-27T09:35:12.088 INFO:teuthology.orchestra.run.smithi071.stdout:/usr/bin/ceph: stderr
2024-05-27T09:35:11.167+0000 7f27cae00700 1 -- 172.21.15.71:0/1897783779 shutdown_connections
2024-05-27T09:35:12.088 INFO:teuthology.orchestra.run.smithi071.stdout:/usr/bin/ceph: stderr
2024-05-27T09:35:11.167+0000 7f27cae00700 1 -- 172.21.15.71:0/1897783779 wait complete.
2024-05-27T09:35:12.088 INFO:teuthology.orchestra.run.smithi071.stdout:/usr/bin/ceph: stderr
2024-05-27T09:35:11.168+0000 7f27cae00700 1 Processor -- start
2024-05-27T09:35:12.088 INFO:teuthology.orchestra.run.smithi071.stdout:/usr/bin/ceph: stderr
2024-05-27T09:35:11.169+0000 7f27cae00700 1 -- start start
2024-05-27T09:35:12.089 INFO:teuthology.orchestra.run.smithi071.stdout:/usr/bin/ceph: stderr
2024-05-27T09:35:11.169+0000 7f27cae00700 1 --2- >> [v2:172.21.15.71:3300/0,v1:172.21.15.71:6789/0] conn(0x7f27c410a5a0 0x7f27c41a0110 unknown :-1 s=NONE pgs=0 cs=0 l=1 rev1=0 crypto rx=0 tx=0 comp rx=0 tx=0).connect
2024-05-27T09:35:12.089 INFO:teuthology.orchestra.run.smithi071.stdout:/usr/bin/ceph: stderr
2024-05-27T09:35:11.169+0000 7f27cae00700 1 -- --> [v2:172.21.15.71:3300/0,v1:172.21.15.71:6789/0] -- mon_getmap magic: 0 -- 0x7f27c410dea0 con 0x7f27c410a5a0
2024-05-27T09:35:12.089 INFO:teuthology.orchestra.run.smithi071.stdout:/usr/bin/ceph: stderr
2024-05-27T09:35:11.169+0000 7f27c9a00700 1 --2- >> [v2:172.21.15.71:3300/0,v1:172.21.15.71:6789/0] conn(0x7f27c410a5a0 0x7f27c41a0110 unknown :-1 s=BANNER_CONNECTING pgs=0 cs=0 l=1 rev1=0 crypto rx=0 tx=0 comp rx=0 tx=0)._handle_peer_banner_payload supported=3 required=0
2024-05-27T09:35:12.089 INFO:teuthology.orchestra.run.smithi071.stdout:/usr/bin/ceph: stderr
2024-05-27T09:35:11.169+0000 7f27c9a00700 1 --2- >> [v2:172.21.15.71:3300/0,v1:172.21.15.71:6789/0] conn(0x7f27c410a5a0 0x7f27c41a0110 unknown :-1 s=HELLO_CONNECTING pgs=0 cs=0 l=1 rev1=1 crypto rx=0 tx=0 comp rx=0 tx=0).handle_hello peer v2:172.21.15.71:3300/0 says I am v2:172.21.15.71:33410/0 (socket says 172.21.15.71:33410)
2024-05-27T09:35:12.089 INFO:teuthology.orchestra.run.smithi071.stdout:/usr/bin/ceph: stderr
2024-05-27T09:35:11.169+0000 7f27c9a00700 1 -- 172.21.15.71:0/2741460641 learned_addr learned my addr 172.21.15.71:0/2741460641 (peer_addr_for_me v2:172.21.15.71:0/0)
2024-05-27T09:35:12.089 INFO:teuthology.orchestra.run.smithi071.stdout:/usr/bin/ceph: stderr
2024-05-27T09:35:11.170+0000 7f27c9a00700 1 -- 172.21.15.71:0/2741460641 --> [v2:172.21.15.71:3300/0,v1:172.21.15.71:6789/0] -- mon_subscribe({config=0+,monmap=0+}) -- 0x7f27c41a0650 con 0x7f27c410a5a0
2024-05-27T09:35:12.089 INFO:teuthology.orchestra.run.smithi071.stdout:/usr/bin/ceph: stderr
2024-05-27T09:35:11.170+0000 7f27c9a00700 1 --2- 172.21.15.71:0/2741460641 >> [v2:172.21.15.71:3300/0,v1:172.21.15.71:6789/0] conn(0x7f27c410a5a0 0x7f27c41a0110 secure :-1 s=READY pgs=54 cs=0 l=1 rev1=1 crypto rx=0x7f27b8009520 tx=0x7f27b8011aa0 comp rx=0 tx=0).ready entity=mon.0 client_cookie=0 server_cookie=0 in_seq=0 out_seq=0
2024-05-27T09:35:12.089 INFO:teuthology.orchestra.run.smithi071.stdout:/usr/bin/ceph: stderr
2024-05-27T09:35:11.170+0000 7f27c2000700 1 -- 172.21.15.71:0/2741460641 <== mon.0 v2:172.21.15.71:3300/0 1 ==== mon_map magic: 0 ==== 205+0+0 (secure 0 0 0) 0x7f27b80039e0 con 0x7f27c410a5a0
2024-05-27T09:35:12.089 INFO:teuthology.orchestra.run.smithi071.stdout:/usr/bin/ceph: stderr
2024-05-27T09:35:11.170+0000 7f27c2000700 1 -- 172.21.15.71:0/2741460641 <== mon.0 v2:172.21.15.71:3300/0 2 ==== config(26 keys) ==== 1101+0+0 (secure 0 0 0) 0x7f27b801b8f0 con 0x7f27c410a5a0
2024-05-27T09:35:12.089 INFO:teuthology.orchestra.run.smithi071.stdout:/usr/bin/ceph: stderr
2024-05-27T09:35:11.170+0000 7f27c2000700 1 -- 172.21.15.71:0/2741460641 <== mon.0 v2:172.21.15.71:3300/0 3 ==== mon_map magic: 0 ==== 205+0+0 (secure 0 0 0) 0x7f27b80197d0 con 0x7f27c410a5a0
2024-05-27T09:35:12.089 INFO:teuthology.orchestra.run.smithi071.stdout:/usr/bin/ceph: stderr
2024-05-27T09:35:11.170+0000 7f27cae00700 1 -- 172.21.15.71:0/2741460641 --> [v2:172.21.15.71:3300/0,v1:172.21.15.71:6789/0] -- mon_subscribe({mgrmap=0+}) -- 0x7f27c41a08e0 con 0x7f27c410a5a0
2024-05-27T09:35:12.089 INFO:teuthology.orchestra.run.smithi071.stdout:/usr/bin/ceph: stderr
2024-05-27T09:35:11.170+0000 7f27cae00700 1 -- 172.21.15.71:0/2741460641 --> [v2:172.21.15.71:3300/0,v1:172.21.15.71:6789/0] -- mon_subscribe({osdmap=0}) -- 0x7f27c41a34f0 con 0x7f27c410a5a0
2024-05-27T09:35:12.089 INFO:teuthology.orchestra.run.smithi071.stdout:/usr/bin/ceph: stderr
2024-05-27T09:35:11.172+0000 7f27cae00700 1 -- 172.21.15.71:0/2741460641 --> [v2:172.21.15.71:3300/0,v1:172.21.15.71:6789/0] -- mon_command({"prefix": "get_command_descriptions"} v 0) -- 0x7f27c4064e10 con 0x7f27c410a5a0
2024-05-27T09:35:12.089 INFO:teuthology.orchestra.run.smithi071.stdout:/usr/bin/ceph: stderr
2024-05-27T09:35:11.172+0000 7f27c2000700 1 -- 172.21.15.71:0/2741460641 <== mon.0 v2:172.21.15.71:3300/0 4 ==== mgrmap(e 8) ==== 50222+0+0 (secure 0 0 0) 0x7f27b801b440 con 0x7f27c410a5a0
2024-05-27T09:35:12.090 INFO:teuthology.orchestra.run.smithi071.stdout:/usr/bin/ceph: stderr
2024-05-27T09:35:11.172+0000 7f27c2000700 1 --2- 172.21.15.71:0/2741460641 >> [v2:172.21.15.71:6800/1853756508,v1:172.21.15.71:6801/1853756508] conn(0x7f27ac03e4c0 0x7f27ac0409d0 unknown :-1 s=NONE pgs=0 cs=0 l=1 rev1=0 crypto rx=0 tx=0 comp rx=0 tx=0).connect
2024-05-27T09:35:12.090 INFO:teuthology.orchestra.run.smithi071.stdout:/usr/bin/ceph: stderr
2024-05-27T09:35:11.173+0000 7f27c2000700 1 -- 172.21.15.71:0/2741460641 <== mon.0 v2:172.21.15.71:3300/0 5 ==== osd_map(2..2 src has 1..2) ==== 940+0+0 (secure 0 0 0) 0x7f27b8053fe0 con 0x7f27c410a5a0
2024-05-27T09:35:12.090 INFO:teuthology.orchestra.run.smithi071.stdout:/usr/bin/ceph: stderr
2024-05-27T09:35:11.173+0000 7f27c9000700 1 --2- 172.21.15.71:0/2741460641 >> [v2:172.21.15.71:6800/1853756508,v1:172.21.15.71:6801/1853756508] conn(0x7f27ac03e4c0 0x7f27ac0409d0 unknown :-1 s=BANNER_CONNECTING pgs=0 cs=0 l=1 rev1=0 crypto rx=0 tx=0 comp rx=0 tx=0)._handle_peer_banner_payload supported=3 required=0
2024-05-27T09:35:12.090 INFO:teuthology.orchestra.run.smithi071.stdout:/usr/bin/ceph: stderr
2024-05-27T09:35:11.174+0000 7f27c9000700 1 --2- 172.21.15.71:0/2741460641 >> [v2:172.21.15.71:6800/1853756508,v1:172.21.15.71:6801/1853756508] conn(0x7f27ac03e4c0 0x7f27ac0409d0 secure :-1 s=READY pgs=15 cs=0 l=1 rev1=1 crypto rx=0x7f27b0006fd0 tx=0x7f27b0006e40 comp rx=0 tx=0).ready entity=mgr.14120 client_cookie=0 server_cookie=0 in_seq=0 out_seq=0
2024-05-27T09:35:12.090 INFO:teuthology.orchestra.run.smithi071.stdout:/usr/bin/ceph: stderr
2024-05-27T09:35:11.178+0000 7f27c2000700 1 -- 172.21.15.71:0/2741460641 <== mon.0 v2:172.21.15.71:3300/0 6 ==== mon_command_ack([{"prefix": "get_command_descriptions"}]=0 v0) ==== 72+0+191963 (secure 0 0 0) 0x7f27b801f030 con 0x7f27c410a5a0
2024-05-27T09:35:12.090 INFO:teuthology.orchestra.run.smithi071.stdout:/usr/bin/ceph: stderr
2024-05-27T09:35:11.403+0000 7f27cae00700 1 -- 172.21.15.71:0/2741460641 --> [v2:172.21.15.71:3300/0,v1:172.21.15.71:6789/0] -- mon_command([{prefix=config set, name=mgr/dashboard/ssl_server_port}] v 0) -- 0x7f27c402e890 con 0x7f27c410a5a0
2024-05-27T09:35:12.090 INFO:teuthology.orchestra.run.smithi071.stdout:/usr/bin/ceph: stderr
2024-05-27T09:35:11.407+0000 7f27c2000700 1 -- 172.21.15.71:0/2741460641 <== mon.0 v2:172.21.15.71:3300/0 7 ==== mon_command_ack([{prefix=config set, name=mgr/dashboard/ssl_server_port}]=0 v8)=0 v8) ==== 130+0+0 (secure 0 0 0) 0x7f27b8017e90 con 0x7f27c410a5a0
2024-05-27T09:35:12.090 INFO:teuthology.orchestra.run.smithi071.stdout:/usr/bin/ceph: stderr
2024-05-27T09:35:11.410+0000 7f27cae00700 1 -- 172.21.15.71:0/2741460641 >> [v2:172.21.15.71:6800/1853756508,v1:172.21.15.71:6801/1853756508] conn(0x7f27ac03e4c0 msgr2=0x7f27ac0409d0 secure :-1 s=STATE_CONNECTION_ESTABLISHED l=1).mark_down
2024-05-27T09:35:12.090 INFO:teuthology.orchestra.run.smithi071.stdout:/usr/bin/ceph: stderr
2024-05-27T09:35:11.410+0000 7f27cae00700 1 --2- 172.21.15.71:0/2741460641 >> [v2:172.21.15.71:6800/1853756508,v1:172.21.15.71:6801/1853756508] conn(0x7f27ac03e4c0 0x7f27ac0409d0 secure :-1 s=READY pgs=15 cs=0 l=1 rev1=1 crypto rx=0x7f27b0006fd0 tx=0x7f27b0006e40 comp rx=0 tx=0).stop
2024-05-27T09:35:12.090 INFO:teuthology.orchestra.run.smithi071.stdout:/usr/bin/ceph: stderr
2024-05-27T09:35:11.410+0000 7f27cae00700 1 -- 172.21.15.71:0/2741460641 >> [v2:172.21.15.71:3300/0,v1:172.21.15.71:6789/0] conn(0x7f27c410a5a0 msgr2=0x7f27c41a0110 secure :-1 s=STATE_CONNECTION_ESTABLISHED l=1).mark_down
2024-05-27T09:35:12.090 INFO:teuthology.orchestra.run.smithi071.stdout:/usr/bin/ceph: stderr
2024-05-27T09:35:11.410+0000 7f27cae00700 1 --2- 172.21.15.71:0/2741460641 >> [v2:172.21.15.71:3300/0,v1:172.21.15.71:6789/0] conn(0x7f27c410a5a0 0x7f27c41a0110 secure :-1 s=READY pgs=54 cs=0 l=1 rev1=1 crypto rx=0x7f27b8009520 tx=0x7f27b8011aa0 comp rx=0 tx=0).stop
2024-05-27T09:35:12.090 INFO:teuthology.orchestra.run.smithi071.stdout:/usr/bin/ceph: stderr
2024-05-27T09:35:11.410+0000 7f27cae00700 1 -- 172.21.15.71:0/2741460641 shutdown_connections
2024-05-27T09:35:12.090 INFO:teuthology.orchestra.run.smithi071.stdout:/usr/bin/ceph: stderr
2024-05-27T09:35:11.410+0000 7f27cae00700 1 --2- 172.21.15.71:0/2741460641 >> [v2:172.21.15.71:6800/1853756508,v1:172.21.15.71:6801/1853756508] conn(0x7f27ac03e4c0 0x7f27ac0409d0 unknown :-1 s=CLOSED pgs=15 cs=0 l=1 rev1=1 crypto rx=0 tx=0 comp rx=0 tx=0).stop
2024-05-27T09:35:12.091 INFO:teuthology.orchestra.run.smithi071.stdout:/usr/bin/ceph: stderr
2024-05-27T09:35:11.410+0000 7f27cae00700 1 --2- 172.21.15.71:0/2741460641 >> [v2:172.21.15.71:3300/0,v1:172.21.15.71:6789/0] conn(0x7f27c410a5a0 0x7f27c41a0110 unknown :-1 s=CLOSED pgs=54 cs=0 l=1 rev1=1 crypto rx=0 tx=0 comp rx=0 tx=0).stop
2024-05-27T09:35:12.091 INFO:teuthology.orchestra.run.smithi071.stdout:/usr/bin/ceph: stderr
2024-05-27T09:35:11.410+0000 7f27cae00700 1 -- 172.21.15.71:0/2741460641 >> 172.21.15.71:0/2741460641 conn(0x7f27c4104000 msgr2=0x7f27c4108520 unknown :-1 s=STATE_NONE l=0).mark_down
2024-05-27T09:35:12.091 INFO:teuthology.orchestra.run.smithi071.stdout:/usr/bin/ceph: stderr
2024-05-27T09:35:11.411+0000 7f27cae00700 1 -- 172.21.15.71:0/2741460641 shutdown_connections
2024-05-27T09:35:12.091 INFO:teuthology.orchestra.run.smithi071.stdout:/usr/bin/ceph: stderr
2024-05-27T09:35:11.411+0000 7f27cae00700 1 -- 172.21.15.71:0/2741460641 wait complete.
2024-05-27T09:35:12.091 INFO:teuthology.orchestra.run.smithi071.stdout:Enabling the dashboard module...
2024-05-27T09:35:12.667 INFO:journalctl@ceph.mon.a.smithi071.stdout:May 27 09:35:12 smithi071 ceph-mon[31451]: pgmap v5: 0 pgs: ; 0 B data, 0 B used, 0 B / 0 B avail
2024-05-27T09:35:12.667 INFO:journalctl@ceph.mon.a.smithi071.stdout:May 27 09:35:12 smithi071 ceph-mon[31451]: from='client.? 172.21.15.71:0/2741460641' entity='client.admin'
2024-05-27T09:35:13.628 INFO:journalctl@ceph.mon.a.smithi071.stdout:May 27 09:35:13 smithi071 ceph-mon[31451]: from='mgr.14120 172.21.15.71:0/2529026684' entity='mgr.x'
2024-05-27T09:35:13.628 INFO:journalctl@ceph.mon.a.smithi071.stdout:May 27 09:35:13 smithi071 ceph-mon[31451]: from='client.? 172.21.15.71:0/4028462116' entity='client.admin' cmd=[{"prefix": "mgr module enable", "module": "dashboard"}]: dispatch
2024-05-27T09:35:13.883 INFO:journalctl@ceph.mgr.x.smithi071.stdout:May 27 09:35:13 smithi071 ceph-13785e2a-1c0c-11ef-bc9b-c7b262605968-mgr-x[31680]: ignoring --setuser ceph since I am not root
2024-05-27T09:35:13.883 INFO:journalctl@ceph.mgr.x.smithi071.stdout:May 27 09:35:13 smithi071 ceph-13785e2a-1c0c-11ef-bc9b-c7b262605968-mgr-x[31680]: ignoring --setgroup ceph since I am not root
2024-05-27T09:35:13.883 INFO:journalctl@ceph.mgr.x.smithi071.stdout:May 27 09:35:13 smithi071 ceph-13785e2a-1c0c-11ef-bc9b-c7b262605968-mgr-x[31680]:
2024-05-27T09:35:13.868+0000 7f219413f200 -1 mgr[py] Module balancer has missing NOTIFY_TYPES member
2024-05-27T09:35:14.252 INFO:journalctl@ceph.mgr.x.smithi071.stdout:May 27 09:35:14 smithi071 ceph-13785e2a-1c0c-11ef-bc9b-c7b262605968-mgr-x[31680]:
2024-05-27T09:35:14.116+0000 7f219413f200 -1 mgr[py] Module orchestrator has missing NOTIFY_TYPES member
2024-05-27T09:35:14.508 INFO:journalctl@ceph.mon.a.smithi071.stdout:May 27 09:35:14 smithi071 ceph-mon[31451]: from='client.? 172.21.15.71:0/4028462116' entity='client.admin' cmd='[{"prefix": "mgr module enable", "module": "dashboard"}]': finished
2024-05-27T09:35:14.508 INFO:journalctl@ceph.mon.a.smithi071.stdout:May 27 09:35:14 smithi071 ceph-mon[31451]: mgrmap e9: x(active, since 26s)
2024-05-27T09:35:14.508 INFO:journalctl@ceph.mgr.x.smithi071.stdout:May 27 09:35:14 smithi071 ceph-13785e2a-1c0c-11ef-bc9b-c7b262605968-mgr-x[31680]:
2024-05-27T09:35:14.250+0000 7f219413f200 -1 mgr[py] Module snap_schedule has missing NOTIFY_TYPES member
2024-05-27T09:35:15.008 INFO:journalctl@ceph.mgr.x.smithi071.stdout:May 27 09:35:14 smithi071 ceph-13785e2a-1c0c-11ef-bc9b-c7b262605968-mgr-x[31680]:
2024-05-27T09:35:14.653+0000 7f219413f200 -1 mgr[py] Module progress has missing NOTIFY_TYPES member
2024-05-27T09:35:15.008 INFO:journalctl@ceph.mgr.x.smithi071.stdout:May 27 09:35:14 smithi071 ceph-13785e2a-1c0c-11ef-bc9b-c7b262605968-mgr-x[31680]:
2024-05-27T09:35:14.780+0000 7f219413f200 -1 mgr[py] Module influx has missing NOTIFY_TYPES member
2024-05-27T09:35:15.154 INFO:teuthology.orchestra.run.smithi071.stdout:/usr/bin/ceph: stderr
2024-05-27T09:35:12.807+0000 7f0be4e00700 1 Processor -- start
2024-05-27T09:35:15.154 INFO:teuthology.orchestra.run.smithi071.stdout:/usr/bin/ceph: stderr
2024-05-27T09:35:12.807+0000 7f0be4e00700 1 -- start start
2024-05-27T09:35:15.155 INFO:teuthology.orchestra.run.smithi071.stdout:/usr/bin/ceph: stderr
2024-05-27T09:35:12.808+0000 7f0be4e00700 1 --2- >> [v2:172.21.15.71:3300/0,v1:172.21.15.71:6789/0] conn(0x7f0be007edf0 0x7f0be007d220 unknown :-1 s=NONE pgs=0 cs=0 l=0 rev1=0 crypto rx=0 tx=0 comp rx=0 tx=0).connect
2024-05-27T09:35:15.155 INFO:teuthology.orchestra.run.smithi071.stdout:/usr/bin/ceph: stderr
2024-05-27T09:35:12.808+0000 7f0be4e00700 1 -- --> [v2:172.21.15.71:3300/0,v1:172.21.15.71:6789/0] -- mon_getmap magic: 0 -- 0x7f0be007d760 con 0x7f0be007edf0
2024-05-27T09:35:15.155 INFO:teuthology.orchestra.run.smithi071.stdout:/usr/bin/ceph: stderr
2024-05-27T09:35:12.808+0000 7f0bdde00700 1 --2- >> [v2:172.21.15.71:3300/0,v1:172.21.15.71:6789/0] conn(0x7f0be007edf0 0x7f0be007d220 unknown :-1 s=BANNER_CONNECTING pgs=0 cs=0 l=0 rev1=0 crypto rx=0 tx=0 comp rx=0 tx=0)._handle_peer_banner_payload supported=3 required=0
2024-05-27T09:35:15.155 INFO:teuthology.orchestra.run.smithi071.stdout:/usr/bin/ceph: stderr
2024-05-27T09:35:12.808+0000 7f0bdde00700 1 --2- >> [v2:172.21.15.71:3300/0,v1:172.21.15.71:6789/0] conn(0x7f0be007edf0 0x7f0be007d220 unknown :-1 s=HELLO_CONNECTING pgs=0 cs=0 l=0 rev1=1 crypto rx=0 tx=0 comp rx=0 tx=0).handle_hello peer v2:172.21.15.71:3300/0 says I am v2:172.21.15.71:33414/0 (socket says 172.21.15.71:33414)
2024-05-27T09:35:15.155 INFO:teuthology.orchestra.run.smithi071.stdout:/usr/bin/ceph: stderr
2024-05-27T09:35:12.808+0000 7f0bdde00700 1 -- 172.21.15.71:0/3308060491 learned_addr learned my addr 172.21.15.71:0/3308060491 (peer_addr_for_me v2:172.21.15.71:0/0)
2024-05-27T09:35:15.155 INFO:teuthology.orchestra.run.smithi071.stdout:/usr/bin/ceph: stderr
2024-05-27T09:35:12.808+0000 7f0bdde00700 1 -- 172.21.15.71:0/3308060491 --> [v2:172.21.15.71:3300/0,v1:172.21.15.71:6789/0] -- mon_subscribe({config=0+,monmap=0+}) -- 0x7f0be007d8e0 con 0x7f0be007edf0
2024-05-27T09:35:15.155 INFO:teuthology.orchestra.run.smithi071.stdout:/usr/bin/ceph: stderr
2024-05-27T09:35:12.809+0000 7f0bdde00700 1 --2- 172.21.15.71:0/3308060491 >> [v2:172.21.15.71:3300/0,v1:172.21.15.71:6789/0] conn(0x7f0be007edf0 0x7f0be007d220 secure :-1 s=READY pgs=55 cs=0 l=1 rev1=1 crypto rx=0x7f0bd00098a0 tx=0x7f0bd0009bb0 comp rx=0 tx=0).ready entity=mon.0 client_cookie=7e8782b86b11fcdd server_cookie=0 in_seq=0 out_seq=0
2024-05-27T09:35:15.155 INFO:teuthology.orchestra.run.smithi071.stdout:/usr/bin/ceph: stderr
2024-05-27T09:35:12.809+0000 7f0bdca00700 1 -- 172.21.15.71:0/3308060491 <== mon.0 v2:172.21.15.71:3300/0 1 ==== mon_map magic: 0 ==== 205+0+0 (secure 0 0 0) 0x7f0bd0004160 con 0x7f0be007edf0
2024-05-27T09:35:15.160 INFO:teuthology.orchestra.run.smithi071.stdout:/usr/bin/ceph: stderr
2024-05-27T09:35:12.809+0000 7f0bdca00700 1 -- 172.21.15.71:0/3308060491 <== mon.0 v2:172.21.15.71:3300/0 2 ==== config(26 keys) ==== 1101+0+0 (secure 0 0 0) 0x7f0bd0004300 con 0x7f0be007edf0
2024-05-27T09:35:15.160 INFO:teuthology.orchestra.run.smithi071.stdout:/usr/bin/ceph: stderr
2024-05-27T09:35:12.809+0000 7f0bdca00700 1 -- 172.21.15.71:0/3308060491 <== mon.0 v2:172.21.15.71:3300/0 3 ==== mon_map magic: 0 ==== 205+0+0 (secure 0 0 0) 0x7f0bd0011a20 con 0x7f0be007edf0
2024-05-27T09:35:15.160 INFO:teuthology.orchestra.run.smithi071.stdout:/usr/bin/ceph: stderr
2024-05-27T09:35:12.810+0000 7f0be4e00700 1 -- 172.21.15.71:0/3308060491 >> [v2:172.21.15.71:3300/0,v1:172.21.15.71:6789/0] conn(0x7f0be007edf0 msgr2=0x7f0be007d220 secure :-1 s=STATE_CONNECTION_ESTABLISHED l=1).mark_down
2024-05-27T09:35:15.160 INFO:teuthology.orchestra.run.smithi071.stdout:/usr/bin/ceph: stderr
2024-05-27T09:35:12.810+0000 7f0be4e00700 1 --2- 172.21.15.71:0/3308060491 >> [v2:172.21.15.71:3300/0,v1:172.21.15.71:6789/0] conn(0x7f0be007edf0 0x7f0be007d220 secure :-1 s=READY pgs=55 cs=0 l=1 rev1=1 crypto rx=0x7f0bd00098a0 tx=0x7f0bd0009bb0 comp rx=0 tx=0).stop
2024-05-27T09:35:15.161 INFO:teuthology.orchestra.run.smithi071.stdout:/usr/bin/ceph: stderr
2024-05-27T09:35:12.810+0000 7f0be4e00700 1 -- 172.21.15.71:0/3308060491 shutdown_connections
2024-05-27T09:35:15.161 INFO:teuthology.orchestra.run.smithi071.stdout:/usr/bin/ceph: stderr
2024-05-27T09:35:12.810+0000 7f0be4e00700 1 --2- 172.21.15.71:0/3308060491 >> [v2:172.21.15.71:3300/0,v1:172.21.15.71:6789/0] conn(0x7f0be007edf0 0x7f0be007d220 unknown :-1 s=CLOSED pgs=55 cs=0 l=1 rev1=1 crypto rx=0 tx=0 comp rx=0 tx=0).stop
2024-05-27T09:35:15.161 INFO:teuthology.orchestra.run.smithi071.stdout:/usr/bin/ceph: stderr
2024-05-27T09:35:12.810+0000 7f0be4e00700 1 -- 172.21.15.71:0/3308060491 >> 172.21.15.71:0/3308060491 conn(0x7f0be0105240 msgr2=0x7f0be0107710 unknown :-1 s=STATE_NONE l=0).mark_down
2024-05-27T09:35:15.161 INFO:teuthology.orchestra.run.smithi071.stdout:/usr/bin/ceph: stderr
2024-05-27T09:35:12.811+0000 7f0be4e00700 1 -- 172.21.15.71:0/3308060491 shutdown_connections
2024-05-27T09:35:15.161 INFO:teuthology.orchestra.run.smithi071.stdout:/usr/bin/ceph: stderr
2024-05-27T09:35:12.811+0000 7f0be4e00700 1 -- 172.21.15.71:0/3308060491 wait complete.
2024-05-27T09:35:15.161 INFO:teuthology.orchestra.run.smithi071.stdout:/usr/bin/ceph: stderr
2024-05-27T09:35:12.812+0000 7f0be4e00700 1 Processor -- start
2024-05-27T09:35:15.161 INFO:teuthology.orchestra.run.smithi071.stdout:/usr/bin/ceph: stderr
2024-05-27T09:35:12.812+0000 7f0be4e00700 1 -- start start
2024-05-27T09:35:15.161 INFO:teuthology.orchestra.run.smithi071.stdout:/usr/bin/ceph: stderr
2024-05-27T09:35:12.812+0000 7f0be4e00700 1 --2- >> [v2:172.21.15.71:3300/0,v1:172.21.15.71:6789/0] conn(0x7f0be007edf0 0x7f0be01a01e0 unknown :-1 s=NONE pgs=0 cs=0 l=1 rev1=0 crypto rx=0 tx=0 comp rx=0 tx=0).connect
2024-05-27T09:35:15.161 INFO:teuthology.orchestra.run.smithi071.stdout:/usr/bin/ceph: stderr
2024-05-27T09:35:12.812+0000 7f0be4e00700 1 -- --> [v2:172.21.15.71:3300/0,v1:172.21.15.71:6789/0] -- mon_getmap magic: 0 -- 0x7f0be0110240 con 0x7f0be007edf0
2024-05-27T09:35:15.161 INFO:teuthology.orchestra.run.smithi071.stdout:/usr/bin/ceph: stderr
2024-05-27T09:35:12.812+0000 7f0bdde00700 1 --2- >> [v2:172.21.15.71:3300/0,v1:172.21.15.71:6789/0] conn(0x7f0be007edf0 0x7f0be01a01e0 unknown :-1 s=BANNER_CONNECTING pgs=0 cs=0 l=1 rev1=0 crypto rx=0 tx=0 comp rx=0 tx=0)._handle_peer_banner_payload supported=3 required=0
2024-05-27T09:35:15.162 INFO:teuthology.orchestra.run.smithi071.stdout:/usr/bin/ceph: stderr
2024-05-27T09:35:12.812+0000 7f0bdde00700 1 --2- >> [v2:172.21.15.71:3300/0,v1:172.21.15.71:6789/0] conn(0x7f0be007edf0 0x7f0be01a01e0 unknown :-1 s=HELLO_CONNECTING pgs=0 cs=0 l=1 rev1=1 crypto rx=0 tx=0 comp rx=0 tx=0).handle_hello peer v2:172.21.15.71:3300/0 says I am v2:172.21.15.71:33416/0 (socket says 172.21.15.71:33416)
2024-05-27T09:35:15.162 INFO:teuthology.orchestra.run.smithi071.stdout:/usr/bin/ceph: stderr
2024-05-27T09:35:12.812+0000 7f0bdde00700 1 -- 172.21.15.71:0/4028462116 learned_addr learned my addr 172.21.15.71:0/4028462116 (peer_addr_for_me v2:172.21.15.71:0/0)
2024-05-27T09:35:15.162 INFO:teuthology.orchestra.run.smithi071.stdout:/usr/bin/ceph: stderr
2024-05-27T09:35:12.813+0000 7f0bdde00700 1 -- 172.21.15.71:0/4028462116 --> [v2:172.21.15.71:3300/0,v1:172.21.15.71:6789/0] -- mon_subscribe({config=0+,monmap=0+}) -- 0x7f0be01a0720 con 0x7f0be007edf0
2024-05-27T09:35:15.162 INFO:teuthology.orchestra.run.smithi071.stdout:/usr/bin/ceph: stderr
2024-05-27T09:35:12.813+0000 7f0bdde00700 1 --2- 172.21.15.71:0/4028462116 >> [v2:172.21.15.71:3300/0,v1:172.21.15.71:6789/0] conn(0x7f0be007edf0 0x7f0be01a01e0 secure :-1 s=READY pgs=56 cs=0 l=1 rev1=1 crypto rx=0x7f0bd00119f0 tx=0x7f0bd0011ad0 comp rx=0 tx=0).ready entity=mon.0 client_cookie=0 server_cookie=0 in_seq=0 out_seq=0
2024-05-27T09:35:15.162 INFO:teuthology.orchestra.run.smithi071.stdout:/usr/bin/ceph: stderr
2024-05-27T09:35:12.813+0000 7f0bd6a00700 1 -- 172.21.15.71:0/4028462116 <== mon.0 v2:172.21.15.71:3300/0 1 ==== mon_map magic: 0 ==== 205+0+0 (secure 0 0 0) 0x7f0bd00039e0 con 0x7f0be007edf0
2024-05-27T09:35:15.162 INFO:teuthology.orchestra.run.smithi071.stdout:/usr/bin/ceph: stderr
2024-05-27T09:35:12.813+0000 7f0be4e00700 1 -- 172.21.15.71:0/4028462116 --> [v2:172.21.15.71:3300/0,v1:172.21.15.71:6789/0] -- mon_subscribe({mgrmap=0+}) -- 0x7f0be01a09b0 con 0x7f0be007edf0
2024-05-27T09:35:15.162 INFO:teuthology.orchestra.run.smithi071.stdout:/usr/bin/ceph: stderr
2024-05-27T09:35:12.813+0000 7f0be4e00700 1 -- 172.21.15.71:0/4028462116 --> [v2:172.21.15.71:3300/0,v1:172.21.15.71:6789/0] -- mon_subscribe({osdmap=0}) -- 0x7f0be01a35c0 con 0x7f0be007edf0
2024-05-27T09:35:15.162 INFO:teuthology.orchestra.run.smithi071.stdout:/usr/bin/ceph: stderr
2024-05-27T09:35:12.814+0000 7f0bd6a00700 1 -- 172.21.15.71:0/4028462116 <== mon.0 v2:172.21.15.71:3300/0 2 ==== config(26 keys) ==== 1101+0+0 (secure 0 0 0) 0x7f0bd001b8f0 con 0x7f0be007edf0
2024-05-27T09:35:15.162 INFO:teuthology.orchestra.run.smithi071.stdout:/usr/bin/ceph: stderr
2024-05-27T09:35:12.814+0000 7f0bd6a00700 1 -- 172.21.15.71:0/4028462116 <== mon.0 v2:172.21.15.71:3300/0 3 ==== mon_map magic: 0 ==== 205+0+0 (secure 0 0 0) 0x7f0bd00237a0 con 0x7f0be007edf0
2024-05-27T09:35:15.162 INFO:teuthology.orchestra.run.smithi071.stdout:/usr/bin/ceph: stderr
2024-05-27T09:35:12.815+0000 7f0be4e00700 1 -- 172.21.15.71:0/4028462116 --> [v2:172.21.15.71:3300/0,v1:172.21.15.71:6789/0] -- mon_command({"prefix": "get_command_descriptions"} v 0) -- 0x7f0bc0005360 con 0x7f0be007edf0
2024-05-27T09:35:15.162 INFO:teuthology.orchestra.run.smithi071.stdout:/usr/bin/ceph: stderr
2024-05-27T09:35:12.815+0000 7f0bd6a00700 1 -- 172.21.15.71:0/4028462116 <== mon.0 v2:172.21.15.71:3300/0 4 ==== mgrmap(e 8) ==== 50222+0+0 (secure 0 0 0) 0x7f0bd002c3f0 con 0x7f0be007edf0
2024-05-27T09:35:15.163 INFO:teuthology.orchestra.run.smithi071.stdout:/usr/bin/ceph: stderr
2024-05-27T09:35:12.816+0000 7f0bd6a00700 1 --2- 172.21.15.71:0/4028462116 >> [v2:172.21.15.71:6800/1853756508,v1:172.21.15.71:6801/1853756508] conn(0x7f0bc403e470 0x7f0bc4040980 unknown :-1 s=NONE pgs=0 cs=0 l=1 rev1=0 crypto rx=0 tx=0 comp rx=0 tx=0).connect
2024-05-27T09:35:15.163 INFO:teuthology.orchestra.run.smithi071.stdout:/usr/bin/ceph: stderr
2024-05-27T09:35:12.816+0000 7f0bd6a00700 1 -- 172.21.15.71:0/4028462116 <== mon.0 v2:172.21.15.71:3300/0 5 ==== osd_map(2..2 src has 1..2) ==== 940+0+0 (secure 0 0 0) 0x7f0bd0053e20 con 0x7f0be007edf0
2024-05-27T09:35:15.163 INFO:teuthology.orchestra.run.smithi071.stdout:/usr/bin/ceph: stderr
2024-05-27T09:35:12.816+0000 7f0bdd400700 1 --2- 172.21.15.71:0/4028462116 >> [v2:172.21.15.71:6800/1853756508,v1:172.21.15.71:6801/1853756508] conn(0x7f0bc403e470 0x7f0bc4040980 unknown :-1 s=BANNER_CONNECTING pgs=0 cs=0 l=1 rev1=0 crypto rx=0 tx=0 comp rx=0 tx=0)._handle_peer_banner_payload supported=3 required=0
2024-05-27T09:35:15.163 INFO:teuthology.orchestra.run.smithi071.stdout:/usr/bin/ceph: stderr
2024-05-27T09:35:12.817+0000 7f0bdd400700 1 --2- 172.21.15.71:0/4028462116 >> [v2:172.21.15.71:6800/1853756508,v1:172.21.15.71:6801/1853756508] conn(0x7f0bc403e470 0x7f0bc4040980 secure :-1 s=READY pgs=16 cs=0 l=1 rev1=1 crypto rx=0x7f0bcc006fd0 tx=0x7f0bcc006e40 comp rx=0 tx=0).ready entity=mgr.14120 client_cookie=0 server_cookie=0 in_seq=0 out_seq=0
2024-05-27T09:35:15.163 INFO:teuthology.orchestra.run.smithi071.stdout:/usr/bin/ceph: stderr
2024-05-27T09:35:12.822+0000 7f0bd6a00700 1 -- 172.21.15.71:0/4028462116 <== mon.0 v2:172.21.15.71:3300/0 6 ==== mon_command_ack([{"prefix": "get_command_descriptions"}]=0 v0) ==== 72+0+191963 (secure 0 0 0) 0x7f0bd001f030 con 0x7f0be007edf0
2024-05-27T09:35:15.163 INFO:teuthology.orchestra.run.smithi071.stdout:/usr/bin/ceph: stderr
2024-05-27T09:35:13.115+0000 7f0be4e00700 1 -- 172.21.15.71:0/4028462116 --> [v2:172.21.15.71:3300/0,v1:172.21.15.71:6789/0] -- mon_command({"prefix": "mgr module enable", "module": "dashboard"} v 0) -- 0x7f0bc0005650 con 0x7f0be007edf0
2024-05-27T09:35:15.163 INFO:teuthology.orchestra.run.smithi071.stdout:/usr/bin/ceph: stderr
2024-05-27T09:35:13.482+0000 7f0bd6a00700 1 -- 172.21.15.71:0/4028462116 <== mon.0 v2:172.21.15.71:3300/0 7 ==== mon_command_ack([{"prefix": "mgr module enable", "module": "dashboard"}]=0 v9) ==== 88+0+0 (secure 0 0 0) 0x7f0bd00292a0 con 0x7f0be007edf0
2024-05-27T09:35:15.163 INFO:teuthology.orchestra.run.smithi071.stdout:/usr/bin/ceph: stderr
2024-05-27T09:35:13.487+0000 7f0bd6a00700 1 -- 172.21.15.71:0/4028462116 <== mon.0 v2:172.21.15.71:3300/0 8 ==== mgrmap(e 9) ==== 50235+0+0 (secure 0 0 0) 0x7f0bd002ca60 con 0x7f0be007edf0
2024-05-27T09:35:15.163 INFO:teuthology.orchestra.run.smithi071.stdout:/usr/bin/ceph: stderr
2024-05-27T09:35:13.487+0000 7f0be4e00700 1 -- 172.21.15.71:0/4028462116 >> [v2:172.21.15.71:6800/1853756508,v1:172.21.15.71:6801/1853756508] conn(0x7f0bc403e470 msgr2=0x7f0bc4040980 secure :-1 s=STATE_CONNECTION_ESTABLISHED l=1).mark_down
2024-05-27T09:35:15.163 INFO:teuthology.orchestra.run.smithi071.stdout:/usr/bin/ceph: stderr
2024-05-27T09:35:13.487+0000 7f0be4e00700 1 --2- 172.21.15.71:0/4028462116 >> [v2:172.21.15.71:6800/1853756508,v1:172.21.15.71:6801/1853756508] conn(0x7f0bc403e470 0x7f0bc4040980 secure :-1 s=READY pgs=16 cs=0 l=1 rev1=1 crypto rx=0x7f0bcc006fd0 tx=0x7f0bcc006e40 comp rx=0 tx=0).stop
2024-05-27T09:35:15.164 INFO:teuthology.orchestra.run.smithi071.stdout:/usr/bin/ceph: stderr
2024-05-27T09:35:13.487+0000 7f0be4e00700 1 -- 172.21.15.71:0/4028462116 >> [v2:172.21.15.71:3300/0,v1:172.21.15.71:6789/0] conn(0x7f0be007edf0 msgr2=0x7f0be01a01e0 secure :-1 s=STATE_CONNECTION_ESTABLISHED l=1).mark_down
2024-05-27T09:35:15.164 INFO:teuthology.orchestra.run.smithi071.stdout:/usr/bin/ceph: stderr
2024-05-27T09:35:13.487+0000 7f0be4e00700 1 --2- 172.21.15.71:0/4028462116 >> [v2:172.21.15.71:3300/0,v1:172.21.15.71:6789/0] conn(0x7f0be007edf0 0x7f0be01a01e0 secure :-1 s=READY pgs=56 cs=0 l=1 rev1=1 crypto rx=0x7f0bd00119f0 tx=0x7f0bd0011ad0 comp rx=0 tx=0).stop
2024-05-27T09:35:15.164 INFO:teuthology.orchestra.run.smithi071.stdout:/usr/bin/ceph: stderr
2024-05-27T09:35:13.487+0000 7f0be4e00700 1 -- 172.21.15.71:0/4028462116 shutdown_connections
2024-05-27T09:35:15.164 INFO:teuthology.orchestra.run.smithi071.stdout:/usr/bin/ceph: stderr
2024-05-27T09:35:13.487+0000 7f0be4e00700 1 --2- 172.21.15.71:0/4028462116 >> [v2:172.21.15.71:6800/1853756508,v1:172.21.15.71:6801/1853756508] conn(0x7f0bc403e470 0x7f0bc4040980 unknown :-1 s=CLOSED pgs=16 cs=0 l=1 rev1=1 crypto rx=0 tx=0 comp rx=0 tx=0).stop
2024-05-27T09:35:15.164 INFO:teuthology.orchestra.run.smithi071.stdout:/usr/bin/ceph: stderr
2024-05-27T09:35:13.487+0000 7f0be4e00700 1 --2- 172.21.15.71:0/4028462116 >> [v2:172.21.15.71:3300/0,v1:172.21.15.71:6789/0] conn(0x7f0be007edf0 0x7f0be01a01e0 unknown :-1 s=CLOSED pgs=56 cs=0 l=1 rev1=1 crypto rx=0 tx=0 comp rx=0 tx=0).stop
2024-05-27T09:35:15.164 INFO:teuthology.orchestra.run.smithi071.stdout:/usr/bin/ceph: stderr
2024-05-27T09:35:13.487+0000 7f0be4e00700 1 -- 172.21.15.71:0/4028462116 >> 172.21.15.71:0/4028462116 conn(0x7f0be0105240 msgr2=0x7f0be0105ac0 unknown :-1 s=STATE_NONE l=0).mark_down
2024-05-27T09:35:15.164 INFO:teuthology.orchestra.run.smithi071.stdout:/usr/bin/ceph: stderr
2024-05-27T09:35:13.488+0000 7f0be4e00700 1 -- 172.21.15.71:0/4028462116 shutdown_connections
2024-05-27T09:35:15.164 INFO:teuthology.orchestra.run.smithi071.stdout:/usr/bin/ceph: stderr
2024-05-27T09:35:13.488+0000 7f0be4e00700 1 -- 172.21.15.71:0/4028462116 wait complete.
2024-05-27T09:35:16.369 INFO:journalctl@ceph.mon.a.smithi071.stdout:May 27 09:35:16 smithi071 ceph-mon[31451]: from='client.? 172.21.15.71:0/906121590' entity='client.admin' cmd=[{"prefix": "mgr stat"}]: dispatch
2024-05-27T09:35:16.758 INFO:journalctl@ceph.mgr.x.smithi071.stdout:May 27 09:35:16 smithi071 ceph-13785e2a-1c0c-11ef-bc9b-c7b262605968-mgr-x[31680]:
2024-05-27T09:35:16.367+0000 7f219413f200 -1 mgr[py] Module telegraf has missing NOTIFY_TYPES member
2024-05-27T09:35:16.758 INFO:journalctl@ceph.mgr.x.smithi071.stdout:May 27 09:35:16 smithi071 ceph-13785e2a-1c0c-11ef-bc9b-c7b262605968-mgr-x[31680]:
2024-05-27T09:35:16.602+0000 7f219413f200 -1 mgr[py] Module osd_support has missing NOTIFY_TYPES member
2024-05-27T09:35:16.865 INFO:teuthology.orchestra.run.smithi071.stdout:/usr/bin/ceph: stdout {
2024-05-27T09:35:16.865 INFO:teuthology.orchestra.run.smithi071.stdout:/usr/bin/ceph: stdout "epoch": 9,
2024-05-27T09:35:16.865 INFO:teuthology.orchestra.run.smithi071.stdout:/usr/bin/ceph: stdout "available": true,
2024-05-27T09:35:16.865 INFO:teuthology.orchestra.run.smithi071.stdout:/usr/bin/ceph: stdout "active_name": "x",
2024-05-27T09:35:16.865 INFO:teuthology.orchestra.run.smithi071.stdout:/usr/bin/ceph: stdout "num_standby": 0
2024-05-27T09:35:16.865 INFO:teuthology.orchestra.run.smithi071.stdout:/usr/bin/ceph: stdout }
2024-05-27T09:35:16.865 INFO:teuthology.orchestra.run.smithi071.stdout:/usr/bin/ceph: stderr
2024-05-27T09:35:15.798+0000 7ff9a7e00700 1 Processor -- start
2024-05-27T09:35:16.865 INFO:teuthology.orchestra.run.smithi071.stdout:/usr/bin/ceph: stderr
2024-05-27T09:35:15.798+0000 7ff9a7e00700 1 -- start start
2024-05-27T09:35:16.865 INFO:teuthology.orchestra.run.smithi071.stdout:/usr/bin/ceph: stderr
2024-05-27T09:35:15.798+0000 7ff9a7e00700 1 --2- >> [v2:172.21.15.71:3300/0,v1:172.21.15.71:6789/0] conn(0x7ff9a807ee10 0x7ff9a807d240 unknown :-1 s=NONE pgs=0 cs=0 l=0 rev1=0 crypto rx=0 tx=0 comp rx=0 tx=0).connect
2024-05-27T09:35:16.865 INFO:teuthology.orchestra.run.smithi071.stdout:/usr/bin/ceph: stderr
2024-05-27T09:35:15.798+0000 7ff9a7e00700 1 -- --> [v2:172.21.15.71:3300/0,v1:172.21.15.71:6789/0] -- mon_getmap magic: 0 -- 0x7ff9a807d810 con 0x7ff9a807ee10
2024-05-27T09:35:16.866 INFO:teuthology.orchestra.run.smithi071.stdout:/usr/bin/ceph: stderr
2024-05-27T09:35:15.799+0000 7ff9a6a00700 1 --2- >> [v2:172.21.15.71:3300/0,v1:172.21.15.71:6789/0] conn(0x7ff9a807ee10 0x7ff9a807d240 unknown :-1 s=BANNER_CONNECTING pgs=0 cs=0 l=0 rev1=0 crypto rx=0 tx=0 comp rx=0 tx=0)._handle_peer_banner_payload supported=3 required=0
2024-05-27T09:35:16.866 INFO:teuthology.orchestra.run.smithi071.stdout:/usr/bin/ceph: stderr
2024-05-27T09:35:15.799+0000 7ff9a6a00700 1 --2- >> [v2:172.21.15.71:3300/0,v1:172.21.15.71:6789/0] conn(0x7ff9a807ee10 0x7ff9a807d240 unknown :-1 s=HELLO_CONNECTING pgs=0 cs=0 l=0 rev1=1 crypto rx=0 tx=0 comp rx=0 tx=0).handle_hello peer v2:172.21.15.71:3300/0 says I am v2:172.21.15.71:41916/0 (socket says 172.21.15.71:41916)
2024-05-27T09:35:16.866 INFO:teuthology.orchestra.run.smithi071.stdout:/usr/bin/ceph: stderr
2024-05-27T09:35:15.799+0000 7ff9a6a00700 1 -- 172.21.15.71:0/471820478 learned_addr learned my addr 172.21.15.71:0/471820478 (peer_addr_for_me v2:172.21.15.71:0/0)
2024-05-27T09:35:16.866 INFO:teuthology.orchestra.run.smithi071.stdout:/usr/bin/ceph: stderr
2024-05-27T09:35:15.799+0000 7ff9a6a00700 1 -- 172.21.15.71:0/471820478 --> [v2:172.21.15.71:3300/0,v1:172.21.15.71:6789/0] -- mon_subscribe({config=0+,monmap=0+}) -- 0x7ff9a807d990 con 0x7ff9a807ee10
2024-05-27T09:35:16.866 INFO:teuthology.orchestra.run.smithi071.stdout:/usr/bin/ceph: stderr
2024-05-27T09:35:15.800+0000 7ff9a6a00700 1 --2- 172.21.15.71:0/471820478 >> [v2:172.21.15.71:3300/0,v1:172.21.15.71:6789/0] conn(0x7ff9a807ee10 0x7ff9a807d240 secure :-1 s=READY pgs=59 cs=0 l=1 rev1=1 crypto rx=0x7ff9980098a0 tx=0x7ff998009bb0 comp rx=0 tx=0).ready entity=mon.0 client_cookie=1df6c19aee66a831 server_cookie=0 in_seq=0 out_seq=0
2024-05-27T09:35:16.866 INFO:teuthology.orchestra.run.smithi071.stdout:/usr/bin/ceph: stderr
2024-05-27T09:35:15.800+0000 7ff9a5600700 1 -- 172.21.15.71:0/471820478 <== mon.0 v2:172.21.15.71:3300/0 1 ==== mon_map magic: 0 ==== 205+0+0 (secure 0 0 0) 0x7ff998004160 con 0x7ff9a807ee10
2024-05-27T09:35:16.866 INFO:teuthology.orchestra.run.smithi071.stdout:/usr/bin/ceph: stderr
2024-05-27T09:35:15.800+0000 7ff9a5600700 1 -- 172.21.15.71:0/471820478 <== mon.0 v2:172.21.15.71:3300/0 2 ==== config(26 keys) ==== 1101+0+0 (secure 0 0 0) 0x7ff998004300 con 0x7ff9a807ee10
2024-05-27T09:35:16.866 INFO:teuthology.orchestra.run.smithi071.stdout:/usr/bin/ceph: stderr
2024-05-27T09:35:15.800+0000 7ff9a5600700 1 -- 172.21.15.71:0/471820478 <== mon.0 v2:172.21.15.71:3300/0 3 ==== mon_map magic: 0 ==== 205+0+0 (secure 0 0 0) 0x7ff998011a20 con 0x7ff9a807ee10
2024-05-27T09:35:16.866 INFO:teuthology.orchestra.run.smithi071.stdout:/usr/bin/ceph: stderr
2024-05-27T09:35:15.801+0000 7ff9a7e00700 1 -- 172.21.15.71:0/471820478 >> [v2:172.21.15.71:3300/0,v1:172.21.15.71:6789/0] conn(0x7ff9a807ee10 msgr2=0x7ff9a807d240 secure :-1 s=STATE_CONNECTION_ESTABLISHED l=1).mark_down
2024-05-27T09:35:16.866 INFO:teuthology.orchestra.run.smithi071.stdout:/usr/bin/ceph: stderr
2024-05-27T09:35:15.801+0000 7ff9a7e00700 1 --2- 172.21.15.71:0/471820478 >> [v2:172.21.15.71:3300/0,v1:172.21.15.71:6789/0] conn(0x7ff9a807ee10 0x7ff9a807d240 secure :-1 s=READY pgs=59 cs=0 l=1 rev1=1 crypto rx=0x7ff9980098a0 tx=0x7ff998009bb0 comp rx=0 tx=0).stop
2024-05-27T09:35:16.866 INFO:teuthology.orchestra.run.smithi071.stdout:/usr/bin/ceph: stderr
2024-05-27T09:35:15.801+0000 7ff9a7e00700 1 -- 172.21.15.71:0/471820478 shutdown_connections
2024-05-27T09:35:16.866 INFO:teuthology.orchestra.run.smithi071.stdout:/usr/bin/ceph: stderr
2024-05-27T09:35:15.801+0000 7ff9a7e00700 1 --2- 172.21.15.71:0/471820478 >> [v2:172.21.15.71:3300/0,v1:172.21.15.71:6789/0] conn(0x7ff9a807ee10 0x7ff9a807d240 unknown :-1 s=CLOSED pgs=59 cs=0 l=1 rev1=1 crypto rx=0 tx=0 comp rx=0 tx=0).stop
2024-05-27T09:35:16.866 INFO:teuthology.orchestra.run.smithi071.stdout:/usr/bin/ceph: stderr
2024-05-27T09:35:15.801+0000 7ff9a7e00700 1 -- 172.21.15.71:0/471820478 >> 172.21.15.71:0/471820478 conn(0x7ff9a8105110 msgr2=0x7ff9a8107580 unknown :-1 s=STATE_NONE l=0).mark_down
2024-05-27T09:35:16.867 INFO:teuthology.orchestra.run.smithi071.stdout:/usr/bin/ceph: stderr
2024-05-27T09:35:15.801+0000 7ff9a7e00700 1 -- 172.21.15.71:0/471820478 shutdown_connections
2024-05-27T09:35:16.867 INFO:teuthology.orchestra.run.smithi071.stdout:/usr/bin/ceph: stderr
2024-05-27T09:35:15.801+0000 7ff9a7e00700 1 -- 172.21.15.71:0/471820478 wait complete.
2024-05-27T09:35:16.867 INFO:teuthology.orchestra.run.smithi071.stdout:/usr/bin/ceph: stderr
2024-05-27T09:35:15.802+0000 7ff9a7e00700 1 Processor -- start
2024-05-27T09:35:16.867 INFO:teuthology.orchestra.run.smithi071.stdout:/usr/bin/ceph: stderr
2024-05-27T09:35:15.802+0000 7ff9a7e00700 1 -- start start
2024-05-27T09:35:16.867 INFO:teuthology.orchestra.run.smithi071.stdout:/usr/bin/ceph: stderr
2024-05-27T09:35:15.803+0000 7ff9a7e00700 1 --2- >> [v2:172.21.15.71:3300/0,v1:172.21.15.71:6789/0] conn(0x7ff9a807ee10 0x7ff9a81a00f0 unknown :-1 s=NONE pgs=0 cs=0 l=1 rev1=0 crypto rx=0 tx=0 comp rx=0 tx=0).connect
2024-05-27T09:35:16.867 INFO:teuthology.orchestra.run.smithi071.stdout:/usr/bin/ceph: stderr
2024-05-27T09:35:15.803+0000 7ff9a7e00700 1 -- --> [v2:172.21.15.71:3300/0,v1:172.21.15.71:6789/0] -- mon_getmap magic: 0 -- 0x7ff9a81100f0 con 0x7ff9a807ee10
2024-05-27T09:35:16.867 INFO:teuthology.orchestra.run.smithi071.stdout:/usr/bin/ceph: stderr
2024-05-27T09:35:15.803+0000 7ff9a6a00700 1 --2- >> [v2:172.21.15.71:3300/0,v1:172.21.15.71:6789/0] conn(0x7ff9a807ee10 0x7ff9a81a00f0 unknown :-1 s=BANNER_CONNECTING pgs=0 cs=0 l=1 rev1=0 crypto rx=0 tx=0 comp rx=0 tx=0)._handle_peer_banner_payload supported=3 required=0
2024-05-27T09:35:16.867 INFO:teuthology.orchestra.run.smithi071.stdout:/usr/bin/ceph: stderr
2024-05-27T09:35:15.803+0000 7ff9a6a00700 1 --2- >> [v2:172.21.15.71:3300/0,v1:172.21.15.71:6789/0] conn(0x7ff9a807ee10 0x7ff9a81a00f0 unknown :-1 s=HELLO_CONNECTING pgs=0 cs=0 l=1 rev1=1 crypto rx=0 tx=0 comp rx=0 tx=0).handle_hello peer v2:172.21.15.71:3300/0 says I am v2:172.21.15.71:41924/0 (socket says 172.21.15.71:41924)
2024-05-27T09:35:16.867 INFO:teuthology.orchestra.run.smithi071.stdout:/usr/bin/ceph: stderr
2024-05-27T09:35:15.803+0000 7ff9a6a00700 1 -- 172.21.15.71:0/906121590 learned_addr learned my addr 172.21.15.71:0/906121590 (peer_addr_for_me v2:172.21.15.71:0/0)
2024-05-27T09:35:16.867 INFO:teuthology.orchestra.run.smithi071.stdout:/usr/bin/ceph: stderr
2024-05-27T09:35:15.803+0000 7ff9a6a00700 1 -- 172.21.15.71:0/906121590 --> [v2:172.21.15.71:3300/0,v1:172.21.15.71:6789/0] -- mon_subscribe({config=0+,monmap=0+}) -- 0x7ff9a81a0630 con 0x7ff9a807ee10
2024-05-27T09:35:16.867 INFO:teuthology.orchestra.run.smithi071.stdout:/usr/bin/ceph: stderr
2024-05-27T09:35:15.804+0000 7ff9a6a00700 1 --2- 172.21.15.71:0/906121590 >> [v2:172.21.15.71:3300/0,v1:172.21.15.71:6789/0] conn(0x7ff9a807ee10 0x7ff9a81a00f0 secure :-1 s=READY pgs=60 cs=0 l=1 rev1=1 crypto rx=0x7ff998009520 tx=0x7ff998011aa0 comp rx=0 tx=0).ready entity=mon.0 client_cookie=0 server_cookie=0 in_seq=0 out_seq=0
2024-05-27T09:35:16.867 INFO:teuthology.orchestra.run.smithi071.stdout:/usr/bin/ceph: stderr
2024-05-27T09:35:15.804+0000 7ff9aca00700 1 -- 172.21.15.71:0/906121590 <== mon.0 v2:172.21.15.71:3300/0 1 ==== mon_map magic: 0 ==== 205+0+0 (secure 0 0 0) 0x7ff9980039e0 con 0x7ff9a807ee10
2024-05-27T09:35:16.867 INFO:teuthology.orchestra.run.smithi071.stdout:/usr/bin/ceph: stderr
2024-05-27T09:35:15.804+0000 7ff9aca00700 1 -- 172.21.15.71:0/906121590 <== mon.0 v2:172.21.15.71:3300/0 2 ==== config(26 keys) ==== 1101+0+0 (secure 0 0 0) 0x7ff99801b8f0 con 0x7ff9a807ee10
2024-05-27T09:35:16.867 INFO:teuthology.orchestra.run.smithi071.stdout:/usr/bin/ceph: stderr
2024-05-27T09:35:15.804+0000 7ff9aca00700 1 -- 172.21.15.71:0/906121590 <== mon.0 v2:172.21.15.71:3300/0 3 ==== mon_map magic: 0 ==== 205+0+0 (secure 0 0 0) 0x7ff9980197d0 con 0x7ff9a807ee10
2024-05-27T09:35:16.868 INFO:teuthology.orchestra.run.smithi071.stdout:/usr/bin/ceph: stderr
2024-05-27T09:35:15.804+0000 7ff9a7e00700 1 -- 172.21.15.71:0/906121590 --> [v2:172.21.15.71:3300/0,v1:172.21.15.71:6789/0] -- mon_subscribe({mgrmap=0+}) -- 0x7ff9a81a08c0 con 0x7ff9a807ee10
2024-05-27T09:35:16.868 INFO:teuthology.orchestra.run.smithi071.stdout:/usr/bin/ceph: stderr
2024-05-27T09:35:15.804+0000 7ff9a7e00700 1 -- 172.21.15.71:0/906121590 --> [v2:172.21.15.71:3300/0,v1:172.21.15.71:6789/0] -- mon_subscribe({osdmap=0}) -- 0x7ff9a81a34d0 con 0x7ff9a807ee10
2024-05-27T09:35:16.868 INFO:teuthology.orchestra.run.smithi071.stdout:/usr/bin/ceph: stderr
2024-05-27T09:35:15.805+0000 7ff9aca00700 1 -- 172.21.15.71:0/906121590 <== mon.0 v2:172.21.15.71:3300/0 4 ==== mgrmap(e 9) ==== 50235+0+0 (secure 0 0 0) 0x7ff998019a40 con 0x7ff9a807ee10
2024-05-27T09:35:16.868 INFO:teuthology.orchestra.run.smithi071.stdout:/usr/bin/ceph: stderr
2024-05-27T09:35:15.805+0000 7ff9a7e00700 1 -- 172.21.15.71:0/906121590 --> [v2:172.21.15.71:3300/0,v1:172.21.15.71:6789/0] -- mon_command({"prefix": "get_command_descriptions"} v 0) -- 0x7ff9a8064e10 con 0x7ff9a807ee10
2024-05-27T09:35:16.868 INFO:teuthology.orchestra.run.smithi071.stdout:/usr/bin/ceph: stderr
2024-05-27T09:35:15.806+0000 7ff9aca00700 1 --2- 172.21.15.71:0/906121590 >> [v2:172.21.15.71:6800/1853756508,v1:172.21.15.71:6801/1853756508] conn(0x7ff98c03e520 0x7ff98c040a30 unknown :-1 s=NONE pgs=0 cs=0 l=1 rev1=0 crypto rx=0 tx=0 comp rx=0 tx=0).connect
2024-05-27T09:35:16.868 INFO:teuthology.orchestra.run.smithi071.stdout:/usr/bin/ceph: stderr
2024-05-27T09:35:15.806+0000 7ff9aca00700 1 -- 172.21.15.71:0/906121590 <== mon.0 v2:172.21.15.71:3300/0 5 ==== osd_map(2..2 src has 1..2) ==== 940+0+0 (secure 0 0 0) 0x7ff998054050 con 0x7ff9a807ee10
2024-05-27T09:35:16.868 INFO:teuthology.orchestra.run.smithi071.stdout:/usr/bin/ceph: stderr
2024-05-27T09:35:15.806+0000 7ff9a6000700 1 -- 172.21.15.71:0/906121590 >> [v2:172.21.15.71:6800/1853756508,v1:172.21.15.71:6801/1853756508] conn(0x7ff98c03e520 msgr2=0x7ff98c040a30 unknown :-1 s=STATE_CONNECTING_RE l=1).process reconnect failed to v2:172.21.15.71:6800/1853756508
2024-05-27T09:35:16.868 INFO:teuthology.orchestra.run.smithi071.stdout:/usr/bin/ceph: stderr
2024-05-27T09:35:15.806+0000 7ff9a6000700 1 --2- 172.21.15.71:0/906121590 >> [v2:172.21.15.71:6800/1853756508,v1:172.21.15.71:6801/1853756508] conn(0x7ff98c03e520 0x7ff98c040a30 unknown :-1 s=START_CONNECT pgs=0 cs=0 l=1 rev1=0 crypto rx=0 tx=0 comp rx=0 tx=0)._fault waiting 0.200000
2024-05-27T09:35:16.868 INFO:teuthology.orchestra.run.smithi071.stdout:/usr/bin/ceph: stderr
2024-05-27T09:35:15.812+0000 7ff9aca00700 1 -- 172.21.15.71:0/906121590 <== mon.0 v2:172.21.15.71:3300/0 6 ==== mon_command_ack([{"prefix": "get_command_descriptions"}]=0 v0) ==== 72+0+191963 (secure 0 0 0) 0x7ff99801f030 con 0x7ff9a807ee10
2024-05-27T09:35:16.868 INFO:teuthology.orchestra.run.smithi071.stdout:/usr/bin/ceph: stderr
2024-05-27T09:35:16.007+0000 7ff9a6000700 1 -- 172.21.15.71:0/906121590 >> [v2:172.21.15.71:6800/1853756508,v1:172.21.15.71:6801/1853756508] conn(0x7ff98c03e520 msgr2=0x7ff98c040a30 unknown :-1 s=STATE_CONNECTING_RE l=1).process reconnect failed to v2:172.21.15.71:6800/1853756508
2024-05-27T09:35:16.868 INFO:teuthology.orchestra.run.smithi071.stdout:/usr/bin/ceph: stderr
2024-05-27T09:35:16.007+0000 7ff9a6000700 1 --2- 172.21.15.71:0/906121590 >> [v2:172.21.15.71:6800/1853756508,v1:172.21.15.71:6801/1853756508] conn(0x7ff98c03e520 0x7ff98c040a30 unknown :-1 s=START_CONNECT pgs=0 cs=0 l=1 rev1=0 crypto rx=0 tx=0 comp rx=0 tx=0)._fault waiting 0.400000
2024-05-27T09:35:16.868 INFO:teuthology.orchestra.run.smithi071.stdout:/usr/bin/ceph: stderr
2024-05-27T09:35:16.097+0000 7ff9a7e00700 1 -- 172.21.15.71:0/906121590 --> [v2:172.21.15.71:3300/0,v1:172.21.15.71:6789/0] -- mon_command({"prefix": "mgr stat"} v 0) -- 0x7ff9a81a36a0 con 0x7ff9a807ee10
2024-05-27T09:35:16.868 INFO:teuthology.orchestra.run.smithi071.stdout:/usr/bin/ceph: stderr
2024-05-27T09:35:16.098+0000 7ff9aca00700 1 -- 172.21.15.71:0/906121590 <== mon.0 v2:172.21.15.71:3300/0 7 ==== mon_command_ack([{"prefix": "mgr stat"}]=0 v9) ==== 56+0+88 (secure 0 0 0) 0x7ff998016260 con 0x7ff9a807ee10
2024-05-27T09:35:16.869 INFO:teuthology.orchestra.run.smithi071.stdout:/usr/bin/ceph: stderr
2024-05-27T09:35:16.101+0000 7ff9a7e00700 1 -- 172.21.15.71:0/906121590 >> [v2:172.21.15.71:6800/1853756508,v1:172.21.15.71:6801/1853756508] conn(0x7ff98c03e520 msgr2=0x7ff98c040a30 unknown :-1 s=STATE_CONNECTING l=1).mark_down
2024-05-27T09:35:16.869 INFO:teuthology.orchestra.run.smithi071.stdout:/usr/bin/ceph: stderr
2024-05-27T09:35:16.101+0000 7ff9a7e00700 1 --2- 172.21.15.71:0/906121590 >> [v2:172.21.15.71:6800/1853756508,v1:172.21.15.71:6801/1853756508] conn(0x7ff98c03e520 0x7ff98c040a30 unknown :-1 s=START_CONNECT pgs=0 cs=0 l=1 rev1=0 crypto rx=0 tx=0 comp rx=0 tx=0).stop
2024-05-27T09:35:16.869 INFO:teuthology.orchestra.run.smithi071.stdout:/usr/bin/ceph: stderr
2024-05-27T09:35:16.101+0000 7ff9a7e00700 1 -- 172.21.15.71:0/906121590 >> [v2:172.21.15.71:3300/0,v1:172.21.15.71:6789/0] conn(0x7ff9a807ee10 msgr2=0x7ff9a81a00f0 secure :-1 s=STATE_CONNECTION_ESTABLISHED l=1).mark_down
2024-05-27T09:35:16.869 INFO:teuthology.orchestra.run.smithi071.stdout:/usr/bin/ceph: stderr
2024-05-27T09:35:16.101+0000 7ff9a7e00700 1 --2- 172.21.15.71:0/906121590 >> [v2:172.21.15.71:3300/0,v1:172.21.15.71:6789/0] conn(0x7ff9a807ee10 0x7ff9a81a00f0 secure :-1 s=READY pgs=60 cs=0 l=1 rev1=1 crypto rx=0x7ff998009520 tx=0x7ff998011aa0 comp rx=0 tx=0).stop
2024-05-27T09:35:16.869 INFO:teuthology.orchestra.run.smithi071.stdout:/usr/bin/ceph: stderr
2024-05-27T09:35:16.101+0000 7ff9a7e00700 1 -- 172.21.15.71:0/906121590 shutdown_connections
2024-05-27T09:35:16.869 INFO:teuthology.orchestra.run.smithi071.stdout:/usr/bin/ceph: stderr
2024-05-27T09:35:16.101+0000 7ff9a7e00700 1 --2- 172.21.15.71:0/906121590 >> [v2:172.21.15.71:6800/1853756508,v1:172.21.15.71:6801/1853756508] conn(0x7ff98c03e520 0x7ff98c040a30 unknown :-1 s=CLOSED pgs=0 cs=0 l=1 rev1=0 crypto rx=0 tx=0 comp rx=0 tx=0).stop
2024-05-27T09:35:16.869 INFO:teuthology.orchestra.run.smithi071.stdout:/usr/bin/ceph: stderr
2024-05-27T09:35:16.101+0000 7ff9a7e00700 1 --2- 172.21.15.71:0/906121590 >> [v2:172.21.15.71:3300/0,v1:172.21.15.71:6789/0] conn(0x7ff9a807ee10 0x7ff9a81a00f0 unknown :-1 s=CLOSED pgs=60 cs=0 l=1 rev1=1 crypto rx=0 tx=0 comp rx=0 tx=0).stop
2024-05-27T09:35:16.869 INFO:teuthology.orchestra.run.smithi071.stdout:/usr/bin/ceph: stderr
