2022-06-07T18:23:06.349+0000 7f4e87b92700 1 -- 172.21.15.46:0/1639956142 >> [v2:172.21.15.46:3300/0,v1:172.21.15.46:6789/0] conn(0x7f4e800faae0 msgr2=0x7f4e800faf00 secure :-1 s=STATE_CONNECTION_ESTABLISHED l=1).mark_down
2022-06-07T18:23:06.359 INFO:teuthology.orchestra.run.smithi046.stderr:/usr/bin/ceph:
2022-06-07T18:23:06.349+0000 7f4e87b92700 1 --2- 172.21.15.46:0/1639956142 >> [v2:172.21.15.46:3300/0,v1:172.21.15.46:6789/0] conn(0x7f4e800faae0 0x7f4e800faf00 secure :-1 s=READY pgs=58 cs=0 l=1 rev1=1 rx=0x7f4e7c00b5f0 tx=0x7f4e7c006ee0).stop
2022-06-07T18:23:06.360 INFO:teuthology.orchestra.run.smithi046.stderr:/usr/bin/ceph:
2022-06-07T18:23:06.349+0000 7f4e87b92700 1 -- 172.21.15.46:0/1639956142 shutdown_connections
2022-06-07T18:23:06.360 INFO:teuthology.orchestra.run.smithi046.stderr:/usr/bin/ceph:
2022-06-07T18:23:06.349+0000 7f4e87b92700 1 --2- 172.21.15.46:0/1639956142 >> [v2:172.21.15.46:3300/0,v1:172.21.15.46:6789/0] conn(0x7f4e800faae0 0x7f4e800faf00 unknown :-1 s=CLOSED pgs=58 cs=0 l=1 rev1=1 rx=0 tx=0).stop
2022-06-07T18:23:06.360 INFO:teuthology.orchestra.run.smithi046.stderr:/usr/bin/ceph:
2022-06-07T18:23:06.349+0000 7f4e87b92700 1 -- 172.21.15.46:0/1639956142 >> 172.21.15.46:0/1639956142 conn(0x7f4e800f6280 msgr2=0x7f4e800f86a0 unknown :-1 s=STATE_NONE l=0).mark_down
2022-06-07T18:23:06.360 INFO:teuthology.orchestra.run.smithi046.stderr:/usr/bin/ceph:
2022-06-07T18:23:06.349+0000 7f4e87b92700 1 -- 172.21.15.46:0/1639956142 shutdown_connections
2022-06-07T18:23:06.361 INFO:teuthology.orchestra.run.smithi046.stderr:/usr/bin/ceph:
2022-06-07T18:23:06.349+0000 7f4e87b92700 1 -- 172.21.15.46:0/1639956142 wait complete.
2022-06-07T18:23:06.361 INFO:teuthology.orchestra.run.smithi046.stderr:/usr/bin/ceph:
2022-06-07T18:23:06.350+0000 7f4e87b92700 1 Processor -- start
2022-06-07T18:23:06.361 INFO:teuthology.orchestra.run.smithi046.stderr:/usr/bin/ceph:
2022-06-07T18:23:06.350+0000 7f4e87b92700 1 -- start start
2022-06-07T18:23:06.361 INFO:teuthology.orchestra.run.smithi046.stderr:/usr/bin/ceph:
2022-06-07T18:23:06.350+0000 7f4e87b92700 1 --2- >> [v2:172.21.15.46:3300/0,v1:172.21.15.46:6789/0] conn(0x7f4e800faae0 0x7f4e80100e20 unknown :-1 s=NONE pgs=0 cs=0 l=1 rev1=0 rx=0 tx=0).connect
2022-06-07T18:23:06.362 INFO:teuthology.orchestra.run.smithi046.stderr:/usr/bin/ceph:
2022-06-07T18:23:06.350+0000 7f4e87b92700 1 -- --> [v2:172.21.15.46:3300/0,v1:172.21.15.46:6789/0] -- mon_getmap magic: 0 v1 -- 0x7f4e800ff2a0 con 0x7f4e800faae0
2022-06-07T18:23:06.362 INFO:teuthology.orchestra.run.smithi046.stderr:/usr/bin/ceph:
2022-06-07T18:23:06.350+0000 7f4e8592e700 1 --2- >> [v2:172.21.15.46:3300/0,v1:172.21.15.46:6789/0] conn(0x7f4e800faae0 0x7f4e80100e20 unknown :-1 s=BANNER_CONNECTING pgs=0 cs=0 l=1 rev1=0 rx=0 tx=0)._handle_peer_banner_payload supported=1 required=0
2022-06-07T18:23:06.362 INFO:teuthology.orchestra.run.smithi046.stderr:/usr/bin/ceph:
2022-06-07T18:23:06.350+0000 7f4e8592e700 1 --2- >> [v2:172.21.15.46:3300/0,v1:172.21.15.46:6789/0] conn(0x7f4e800faae0 0x7f4e80100e20 unknown :-1 s=HELLO_CONNECTING pgs=0 cs=0 l=1 rev1=1 rx=0 tx=0).handle_hello peer v2:172.21.15.46:3300/0 says I am v2:172.21.15.46:50262/0 (socket says 172.21.15.46:50262)
2022-06-07T18:23:06.362 INFO:teuthology.orchestra.run.smithi046.stderr:/usr/bin/ceph:
2022-06-07T18:23:06.351+0000 7f4e8592e700 1 -- 172.21.15.46:0/3329508081 learned_addr learned my addr 172.21.15.46:0/3329508081 (peer_addr_for_me v2:172.21.15.46:0/0)
2022-06-07T18:23:06.363 INFO:teuthology.orchestra.run.smithi046.stderr:/usr/bin/ceph:
2022-06-07T18:23:06.351+0000 7f4e8592e700 1 -- 172.21.15.46:0/3329508081 --> [v2:172.21.15.46:3300/0,v1:172.21.15.46:6789/0] -- mon_subscribe({config=0+,monmap=0+}) v3 -- 0x7f4e7c00b200 con 0x7f4e800faae0
2022-06-07T18:23:06.363 INFO:teuthology.orchestra.run.smithi046.stderr:/usr/bin/ceph:
2022-06-07T18:23:06.351+0000 7f4e8592e700 1 --2- 172.21.15.46:0/3329508081 >> [v2:172.21.15.46:3300/0,v1:172.21.15.46:6789/0] conn(0x7f4e800faae0 0x7f4e80100e20 secure :-1 s=READY pgs=59 cs=0 l=1 rev1=1 rx=0x7f4e7c00dfe0 tx=0x7f4e7c006ee0).ready entity=mon.0 client_cookie=0 server_cookie=0 in_seq=0 out_seq=0
2022-06-07T18:23:06.363 INFO:teuthology.orchestra.run.smithi046.stderr:/usr/bin/ceph:
2022-06-07T18:23:06.351+0000 7f4e6e7fc700 1 -- 172.21.15.46:0/3329508081 <== mon.0 v2:172.21.15.46:3300/0 1 ==== mon_map magic: 0 v1 ==== 229+0+0 (secure 0 0 0) 0x7f4e7c011df0 con 0x7f4e800faae0
2022-06-07T18:23:06.363 INFO:teuthology.orchestra.run.smithi046.stderr:/usr/bin/ceph:
2022-06-07T18:23:06.351+0000 7f4e6e7fc700 1 -- 172.21.15.46:0/3329508081 <== mon.0 v2:172.21.15.46:3300/0 2 ==== config(25 keys) v1 ==== 1074+0+0 (secure 0 0 0) 0x7f4e7c01b8c0 con 0x7f4e800faae0
2022-06-07T18:23:06.363 INFO:teuthology.orchestra.run.smithi046.stderr:/usr/bin/ceph:
2022-06-07T18:23:06.351+0000 7f4e87b92700 1 -- 172.21.15.46:0/3329508081 --> [v2:172.21.15.46:3300/0,v1:172.21.15.46:6789/0] -- mon_subscribe({mgrmap=0+}) v3 -- 0x7f4e800ff440 con 0x7f4e800faae0
2022-06-07T18:23:06.364 INFO:teuthology.orchestra.run.smithi046.stderr:/usr/bin/ceph:
2022-06-07T18:23:06.351+0000 7f4e6e7fc700 1 -- 172.21.15.46:0/3329508081 <== mon.0 v2:172.21.15.46:3300/0 3 ==== mon_map magic: 0 v1 ==== 229+0+0 (secure 0 0 0) 0x7f4e7c01a840 con 0x7f4e800faae0
2022-06-07T18:23:06.364 INFO:teuthology.orchestra.run.smithi046.stderr:/usr/bin/ceph:
2022-06-07T18:23:06.351+0000 7f4e87b92700 1 -- 172.21.15.46:0/3329508081 --> [v2:172.21.15.46:3300/0,v1:172.21.15.46:6789/0] -- mon_subscribe({osdmap=0}) v3 -- 0x7f4e800ff850 con 0x7f4e800faae0
2022-06-07T18:23:06.364 INFO:teuthology.orchestra.run.smithi046.stderr:/usr/bin/ceph:
2022-06-07T18:23:06.352+0000 7f4e6e7fc700 1 -- 172.21.15.46:0/3329508081 <== mon.0 v2:172.21.15.46:3300/0 4 ==== mgrmap(e 11) v1 ==== 36054+0+0 (secure 0 0 0) 0x7f4e7c00f070 con 0x7f4e800faae0
2022-06-07T18:23:06.364 INFO:teuthology.orchestra.run.smithi046.stderr:/usr/bin/ceph:
2022-06-07T18:23:06.352+0000 7f4e6e7fc700 1 --2- 172.21.15.46:0/3329508081 >> [v2:172.21.15.46:6800/882079708,v1:172.21.15.46:6801/882079708] conn(0x7f4e6802fd50 0x7f4e68032210 unknown :-1 s=NONE pgs=0 cs=0 l=1 rev1=0 rx=0 tx=0).connect
2022-06-07T18:23:06.364 INFO:teuthology.orchestra.run.smithi046.stderr:/usr/bin/ceph:
2022-06-07T18:23:06.352+0000 7f4e6e7fc700 1 -- 172.21.15.46:0/3329508081 <== mon.0 v2:172.21.15.46:3300/0 5 ==== osd_map(3..3 src has 1..3) v4 ==== 1098+0+0 (secure 0 0 0) 0x7f4e7c040ef0 con 0x7f4e800faae0
2022-06-07T18:23:06.365 INFO:teuthology.orchestra.run.smithi046.stderr:/usr/bin/ceph:
2022-06-07T18:23:06.353+0000 7f4e8512d700 1 --2- 172.21.15.46:0/3329508081 >> [v2:172.21.15.46:6800/882079708,v1:172.21.15.46:6801/882079708] conn(0x7f4e6802fd50 0x7f4e68032210 unknown :-1 s=BANNER_CONNECTING pgs=0 cs=0 l=1 rev1=0 rx=0 tx=0)._handle_peer_banner_payload supported=1 required=0
2022-06-07T18:23:06.365 INFO:teuthology.orchestra.run.smithi046.stderr:/usr/bin/ceph:
2022-06-07T18:23:06.353+0000 7f4e8512d700 1 --2- 172.21.15.46:0/3329508081 >> [v2:172.21.15.46:6800/882079708,v1:172.21.15.46:6801/882079708] conn(0x7f4e6802fd50 0x7f4e68032210 secure :-1 s=READY pgs=6 cs=0 l=1 rev1=1 rx=0x7f4e700096a0 tx=0x7f4e70006b40).ready entity=mgr.14144 client_cookie=0 server_cookie=0 in_seq=0 out_seq=0
2022-06-07T18:23:06.365 INFO:teuthology.orchestra.run.smithi046.stderr:/usr/bin/ceph:
2022-06-07T18:23:06.353+0000 7f4e87b92700 1 -- 172.21.15.46:0/3329508081 --> [v2:172.21.15.46:3300/0,v1:172.21.15.46:6789/0] -- mon_command({"prefix": "get_command_descriptions"} v 0) v1 -- 0x7f4e80059100 con 0x7f4e800faae0
2022-06-07T18:23:06.366 INFO:teuthology.orchestra.run.smithi046.stderr:/usr/bin/ceph:
2022-06-07T18:23:06.357+0000 7f4e6e7fc700 1 -- 172.21.15.46:0/3329508081 <== mon.0 v2:172.21.15.46:3300/0 6 ==== mon_command_ack([{"prefix": "get_command_descriptions"}]=0 v0) v1 ==== 72+0+152212 (secure 0 0 0) 0x7f4e7c016070 con 0x7f4e800faae0
2022-06-07T18:23:06.671 INFO:journalctl@ceph.mon.smithi046.smithi046.stdout:Jun 07 18:23:06 smithi046 ceph-b4afad4e-e68e-11ec-840e-001a4aab830c-mon.smithi046[88265]: cluster
2022-06-07T18:23:05.349181+0000 mon.smithi046 (mon.0) 79 : cluster [DBG] mgrmap e11: smithi046.oakayh(active, since 1.05481s)
2022-06-07T18:23:06.672 INFO:journalctl@ceph.mon.smithi046.smithi046.stdout:Jun 07 18:23:06 smithi046 ceph-b4afad4e-e68e-11ec-840e-001a4aab830c-mon.smithi046[88265]: cephadm
2022-06-07T18:23:05.350333+0000 mgr.smithi046.oakayh (mgr.14144) 2 : cephadm [INF] Saving service prometheus spec with placement count:1
2022-06-07T18:23:06.673 INFO:journalctl@ceph.mon.smithi046.smithi046.stdout:Jun 07 18:23:06 smithi046 ceph-b4afad4e-e68e-11ec-840e-001a4aab830c-mon.smithi046[88265]: audit
2022-06-07T18:23:05.352234+0000 mon.smithi046 (mon.0) 80 : audit [INF] from='mgr.14144 172.21.15.46:0/2383840465' entity='mgr.smithi046.oakayh'
2022-06-07T18:23:06.673 INFO:journalctl@ceph.mon.smithi046.smithi046.stdout:Jun 07 18:23:06 smithi046 ceph-b4afad4e-e68e-11ec-840e-001a4aab830c-mon.smithi046[88265]: audit
2022-06-07T18:23:06.204682+0000 mon.smithi046 (mon.0) 81 : audit [INF] from='mgr.14144 172.21.15.46:0/2383840465' entity='mgr.smithi046.oakayh'
2022-06-07T18:23:06.703 INFO:teuthology.orchestra.run.smithi046.stderr:/usr/bin/ceph:
2022-06-07T18:23:06.697+0000 7f4e87b92700 1 -- 172.21.15.46:0/3329508081 --> [v2:172.21.15.46:6800/882079708,v1:172.21.15.46:6801/882079708] -- mgr_command(tid 0: {"prefix": "orch apply", "service_type": "grafana", "target": ["mon-mgr", ""]}) v1 -- 0x7f4e800fc9a0 con 0x7f4e6802fd50
2022-06-07T18:23:06.711 INFO:teuthology.orchestra.run.smithi046.stderr:/usr/bin/ceph:
2022-06-07T18:23:06.702+0000 7f4e6e7fc700 1 -- 172.21.15.46:0/3329508081 <== mgr.14144 v2:172.21.15.46:6800/882079708 1 ==== mgr_command_reply(tid 0: 0 ) v1 ==== 8+0+28 (secure 0 0 0) 0x7f4e800fc9a0 con 0x7f4e6802fd50
2022-06-07T18:23:06.711 INFO:teuthology.orchestra.run.smithi046.stderr:/usr/bin/ceph: Scheduled grafana update...
2022-06-07T18:23:06.713 INFO:teuthology.orchestra.run.smithi046.stderr:/usr/bin/ceph:
2022-06-07T18:23:06.704+0000 7f4e87b92700 1 -- 172.21.15.46:0/3329508081 >> [v2:172.21.15.46:6800/882079708,v1:172.21.15.46:6801/882079708] conn(0x7f4e6802fd50 msgr2=0x7f4e68032210 secure :-1 s=STATE_CONNECTION_ESTABLISHED l=1).mark_down
2022-06-07T18:23:06.713 INFO:teuthology.orchestra.run.smithi046.stderr:/usr/bin/ceph:
2022-06-07T18:23:06.704+0000 7f4e87b92700 1 --2- 172.21.15.46:0/3329508081 >> [v2:172.21.15.46:6800/882079708,v1:172.21.15.46:6801/882079708] conn(0x7f4e6802fd50 0x7f4e68032210 secure :-1 s=READY pgs=6 cs=0 l=1 rev1=1 rx=0x7f4e700096a0 tx=0x7f4e70006b40).stop
2022-06-07T18:23:06.713 INFO:teuthology.orchestra.run.smithi046.stderr:/usr/bin/ceph:
2022-06-07T18:23:06.704+0000 7f4e87b92700 1 -- 172.21.15.46:0/3329508081 >> [v2:172.21.15.46:3300/0,v1:172.21.15.46:6789/0] conn(0x7f4e800faae0 msgr2=0x7f4e80100e20 secure :-1 s=STATE_CONNECTION_ESTABLISHED l=1).mark_down
2022-06-07T18:23:06.714 INFO:teuthology.orchestra.run.smithi046.stderr:/usr/bin/ceph:
2022-06-07T18:23:06.704+0000 7f4e87b92700 1 --2- 172.21.15.46:0/3329508081 >> [v2:172.21.15.46:3300/0,v1:172.21.15.46:6789/0] conn(0x7f4e800faae0 0x7f4e80100e20 secure :-1 s=READY pgs=59 cs=0 l=1 rev1=1 rx=0x7f4e7c00dfe0 tx=0x7f4e7c006ee0).stop
2022-06-07T18:23:06.714 INFO:teuthology.orchestra.run.smithi046.stderr:/usr/bin/ceph:
2022-06-07T18:23:06.704+0000 7f4e87b92700 1 -- 172.21.15.46:0/3329508081 shutdown_connections
2022-06-07T18:23:06.714 INFO:teuthology.orchestra.run.smithi046.stderr:/usr/bin/ceph:
2022-06-07T18:23:06.704+0000 7f4e87b92700 1 --2- 172.21.15.46:0/3329508081 >> [v2:172.21.15.46:6800/882079708,v1:172.21.15.46:6801/882079708] conn(0x7f4e6802fd50 0x7f4e68032210 unknown :-1 s=CLOSED pgs=6 cs=0 l=1 rev1=1 rx=0 tx=0).stop
2022-06-07T18:23:06.715 INFO:teuthology.orchestra.run.smithi046.stderr:/usr/bin/ceph:
2022-06-07T18:23:06.704+0000 7f4e87b92700 1 --2- 172.21.15.46:0/3329508081 >> [v2:172.21.15.46:3300/0,v1:172.21.15.46:6789/0] conn(0x7f4e800faae0 0x7f4e80100e20 unknown :-1 s=CLOSED pgs=59 cs=0 l=1 rev1=1 rx=0 tx=0).stop
2022-06-07T18:23:06.715 INFO:teuthology.orchestra.run.smithi046.stderr:/usr/bin/ceph:
2022-06-07T18:23:06.704+0000 7f4e87b92700 1 -- 172.21.15.46:0/3329508081 >> 172.21.15.46:0/3329508081 conn(0x7f4e800f6280 msgr2=0x7f4e8006f810 unknown :-1 s=STATE_NONE l=0).mark_down
2022-06-07T18:23:06.716 INFO:teuthology.orchestra.run.smithi046.stderr:/usr/bin/ceph:
2022-06-07T18:23:06.704+0000 7f4e87b92700 1 -- 172.21.15.46:0/3329508081 shutdown_connections
2022-06-07T18:23:06.716 INFO:teuthology.orchestra.run.smithi046.stderr:/usr/bin/ceph:
2022-06-07T18:23:06.704+0000 7f4e87b92700 1 -- 172.21.15.46:0/3329508081 wait complete.
2022-06-07T18:23:07.177 INFO:teuthology.orchestra.run.smithi046.stderr:Deploying node-exporter service with default placement...
2022-06-07T18:23:07.177 INFO:teuthology.orchestra.run.smithi046.stderr:Running command: /bin/podman run --rm --ipc=host --no-hosts --net=host --entrypoint /usr/bin/ceph --init -e CONTAINER_IMAGE=docker.io/ceph/ceph:v16.2.4 -e NODE_NAME=smithi046 -e CEPH_USE_RANDOM_NONCE=1 -v /var/log/ceph/b4afad4e-e68e-11ec-840e-001a4aab830c:/var/log/ceph:z -v /tmp/ceph-tmp4rtxz1a9:/etc/ceph/ceph.client.admin.keyring:z -v /tmp/ceph-tmpd9l3r46d:/etc/ceph/ceph.conf:z docker.io/ceph/ceph:v16.2.4 orch apply node-exporter
2022-06-07T18:23:07.816 INFO:teuthology.orchestra.run.smithi046.stderr:/usr/bin/ceph:
2022-06-07T18:23:07.805+0000 7fcfad70e700 1 Processor -- start
2022-06-07T18:23:07.816 INFO:teuthology.orchestra.run.smithi046.stderr:/usr/bin/ceph:
2022-06-07T18:23:07.805+0000 7fcfad70e700 1 -- start start
2022-06-07T18:23:07.817 INFO:teuthology.orchestra.run.smithi046.stderr:/usr/bin/ceph:
2022-06-07T18:23:07.806+0000 7fcfad70e700 1 --2- >> [v2:172.21.15.46:3300/0,v1:172.21.15.46:6789/0] conn(0x7fcfa80faae0 0x7fcfa80faf00 unknown :-1 s=NONE pgs=0 cs=0 l=0 rev1=0 rx=0 tx=0).connect
2022-06-07T18:23:07.817 INFO:teuthology.orchestra.run.smithi046.stderr:/usr/bin/ceph:
2022-06-07T18:23:07.806+0000 7fcfad70e700 1 -- --> [v2:172.21.15.46:3300/0,v1:172.21.15.46:6789/0] -- mon_getmap magic: 0 v1 -- 0x7fcfa80fb480 con 0x7fcfa80faae0
2022-06-07T18:23:07.817 INFO:teuthology.orchestra.run.smithi046.stderr:/usr/bin/ceph:
2022-06-07T18:23:07.806+0000 7fcfa6ffd700 1 --2- >> [v2:172.21.15.46:3300/0,v1:172.21.15.46:6789/0] conn(0x7fcfa80faae0 0x7fcfa80faf00 unknown :-1 s=BANNER_CONNECTING pgs=0 cs=0 l=0 rev1=0 rx=0 tx=0)._handle_peer_banner_payload supported=1 required=0
2022-06-07T18:23:07.818 INFO:teuthology.orchestra.run.smithi046.stderr:/usr/bin/ceph:
2022-06-07T18:23:07.806+0000 7fcfa6ffd700 1 --2- >> [v2:172.21.15.46:3300/0,v1:172.21.15.46:6789/0] conn(0x7fcfa80faae0 0x7fcfa80faf00 unknown :-1 s=HELLO_CONNECTING pgs=0 cs=0 l=0 rev1=1 rx=0 tx=0).handle_hello peer v2:172.21.15.46:3300/0 says I am v2:172.21.15.46:50266/0 (socket says 172.21.15.46:50266)
2022-06-07T18:23:07.818 INFO:teuthology.orchestra.run.smithi046.stderr:/usr/bin/ceph:
2022-06-07T18:23:07.806+0000 7fcfa6ffd700 1 -- 172.21.15.46:0/2534107038 learned_addr learned my addr 172.21.15.46:0/2534107038 (peer_addr_for_me v2:172.21.15.46:0/0)
2022-06-07T18:23:07.819 INFO:teuthology.orchestra.run.smithi046.stderr:/usr/bin/ceph:
2022-06-07T18:23:07.806+0000 7fcfa6ffd700 1 -- 172.21.15.46:0/2534107038 --> [v2:172.21.15.46:3300/0,v1:172.21.15.46:6789/0] -- mon_subscribe({config=0+,monmap=0+}) v3 -- 0x7fcfa80fb5c0 con 0x7fcfa80faae0
2022-06-07T18:23:07.819 INFO:teuthology.orchestra.run.smithi046.stderr:/usr/bin/ceph:
2022-06-07T18:23:07.806+0000 7fcfa6ffd700 1 --2- 172.21.15.46:0/2534107038 >> [v2:172.21.15.46:3300/0,v1:172.21.15.46:6789/0] conn(0x7fcfa80faae0 0x7fcfa80faf00 secure :-1 s=READY pgs=60 cs=0 l=1 rev1=1 rx=0x7fcf9800b5f0 tx=0x7fcf98006ee0).ready entity=mon.0 client_cookie=960b0f69081794cd server_cookie=0 in_seq=0 out_seq=0
2022-06-07T18:23:07.820 INFO:teuthology.orchestra.run.smithi046.stderr:/usr/bin/ceph:
2022-06-07T18:23:07.807+0000 7fcfa5ffb700 1 -- 172.21.15.46:0/2534107038 <== mon.0 v2:172.21.15.46:3300/0 1 ==== mon_map magic: 0 v1 ==== 229+0+0 (secure 0 0 0) 0x7fcf9800d600 con 0x7fcfa80faae0
2022-06-07T18:23:07.820 INFO:teuthology.orchestra.run.smithi046.stderr:/usr/bin/ceph:
2022-06-07T18:23:07.807+0000 7fcfa5ffb700 1 -- 172.21.15.46:0/2534107038 <== mon.0 v2:172.21.15.46:3300/0 2 ==== config(25 keys) v1 ==== 1074+0+0 (secure 0 0 0) 0x7fcf9800dc10 con 0x7fcfa80faae0
2022-06-07T18:23:07.821 INFO:teuthology.orchestra.run.smithi046.stderr:/usr/bin/ceph:
2022-06-07T18:23:07.807+0000 7fcfa5ffb700 1 -- 172.21.15.46:0/2534107038 <== mon.0 v2:172.21.15.46:3300/0 3 ==== mon_map magic: 0 v1 ==== 229+0+0 (secure 0 0 0) 0x7fcf98011cd0 con 0x7fcfa80faae0
2022-06-07T18:23:07.821 INFO:teuthology.orchestra.run.smithi046.stderr:/usr/bin/ceph:
2022-06-07T18:23:07.807+0000 7fcfad70e700 1 -- 172.21.15.46:0/2534107038 >> [v2:172.21.15.46:3300/0,v1:172.21.15.46:6789/0] conn(0x7fcfa80faae0 msgr2=0x7fcfa80faf00 secure :-1 s=STATE_CONNECTION_ESTABLISHED l=1).mark_down
2022-06-07T18:23:07.822 INFO:teuthology.orchestra.run.smithi046.stderr:/usr/bin/ceph:
2022-06-07T18:23:07.807+0000 7fcfad70e700 1 --2- 172.21.15.46:0/2534107038 >> [v2:172.21.15.46:3300/0,v1:172.21.15.46:6789/0] conn(0x7fcfa80faae0 0x7fcfa80faf00 secure :-1 s=READY pgs=60 cs=0 l=1 rev1=1 rx=0x7fcf9800b5f0 tx=0x7fcf98006ee0).stop
2022-06-07T18:23:07.822 INFO:teuthology.orchestra.run.smithi046.stderr:/usr/bin/ceph:
2022-06-07T18:23:07.807+0000 7fcfad70e700 1 -- 172.21.15.46:0/2534107038 shutdown_connections
2022-06-07T18:23:07.823 INFO:teuthology.orchestra.run.smithi046.stderr:/usr/bin/ceph:
2022-06-07T18:23:07.807+0000 7fcfad70e700 1 --2- 172.21.15.46:0/2534107038 >> [v2:172.21.15.46:3300/0,v1:172.21.15.46:6789/0] conn(0x7fcfa80faae0 0x7fcfa80faf00 unknown :-1 s=CLOSED pgs=60 cs=0 l=1 rev1=1 rx=0 tx=0).stop
2022-06-07T18:23:07.823 INFO:teuthology.orchestra.run.smithi046.stderr:/usr/bin/ceph:
2022-06-07T18:23:07.807+0000 7fcfad70e700 1 -- 172.21.15.46:0/2534107038 >> 172.21.15.46:0/2534107038 conn(0x7fcfa80f6280 msgr2=0x7fcfa80f86a0 unknown :-1 s=STATE_NONE l=0).mark_down
2022-06-07T18:23:07.823 INFO:teuthology.orchestra.run.smithi046.stderr:/usr/bin/ceph:
2022-06-07T18:23:07.808+0000 7fcfad70e700 1 -- 172.21.15.46:0/2534107038 shutdown_connections
2022-06-07T18:23:07.824 INFO:teuthology.orchestra.run.smithi046.stderr:/usr/bin/ceph:
2022-06-07T18:23:07.808+0000 7fcfad70e700 1 -- 172.21.15.46:0/2534107038 wait complete.
2022-06-07T18:23:07.824 INFO:teuthology.orchestra.run.smithi046.stderr:/usr/bin/ceph:
2022-06-07T18:23:07.809+0000 7fcfad70e700 1 Processor -- start
2022-06-07T18:23:07.825 INFO:teuthology.orchestra.run.smithi046.stderr:/usr/bin/ceph:
2022-06-07T18:23:07.809+0000 7fcfad70e700 1 -- start start
2022-06-07T18:23:07.825 INFO:teuthology.orchestra.run.smithi046.stderr:/usr/bin/ceph:
2022-06-07T18:23:07.809+0000 7fcfad70e700 1 --2- >> [v2:172.21.15.46:3300/0,v1:172.21.15.46:6789/0] conn(0x7fcfa80faae0 0x7fcfa8108880 unknown :-1 s=NONE pgs=0 cs=0 l=1 rev1=0 rx=0 tx=0).connect
2022-06-07T18:23:07.826 INFO:teuthology.orchestra.run.smithi046.stderr:/usr/bin/ceph:
2022-06-07T18:23:07.809+0000 7fcfad70e700 1 -- --> [v2:172.21.15.46:3300/0,v1:172.21.15.46:6789/0] -- mon_getmap magic: 0 v1 -- 0x7fcfa8108d70 con 0x7fcfa80faae0
2022-06-07T18:23:07.826 INFO:teuthology.orchestra.run.smithi046.stderr:/usr/bin/ceph:
2022-06-07T18:23:07.809+0000 7fcfa6ffd700 1 --2- >> [v2:172.21.15.46:3300/0,v1:172.21.15.46:6789/0] conn(0x7fcfa80faae0 0x7fcfa8108880 unknown :-1 s=BANNER_CONNECTING pgs=0 cs=0 l=1 rev1=0 rx=0 tx=0)._handle_peer_banner_payload supported=1 required=0
2022-06-07T18:23:07.827 INFO:teuthology.orchestra.run.smithi046.stderr:/usr/bin/ceph:
2022-06-07T18:23:07.809+0000 7fcfa6ffd700 1 --2- >> [v2:172.21.15.46:3300/0,v1:172.21.15.46:6789/0] conn(0x7fcfa80faae0 0x7fcfa8108880 unknown :-1 s=HELLO_CONNECTING pgs=0 cs=0 l=1 rev1=1 rx=0 tx=0).handle_hello peer v2:172.21.15.46:3300/0 says I am v2:172.21.15.46:50268/0 (socket says 172.21.15.46:50268)
2022-06-07T18:23:07.827 INFO:teuthology.orchestra.run.smithi046.stderr:/usr/bin/ceph:
2022-06-07T18:23:07.809+0000 7fcfa6ffd700 1 -- 172.21.15.46:0/3035426625 learned_addr learned my addr 172.21.15.46:0/3035426625 (peer_addr_for_me v2:172.21.15.46:0/0)
2022-06-07T18:23:07.828 INFO:teuthology.orchestra.run.smithi046.stderr:/usr/bin/ceph:
2022-06-07T18:23:07.809+0000 7fcfa6ffd700 1 -- 172.21.15.46:0/3035426625 --> [v2:172.21.15.46:3300/0,v1:172.21.15.46:6789/0] -- mon_subscribe({config=0+,monmap=0+}) v3 -- 0x7fcf9800b200 con 0x7fcfa80faae0
2022-06-07T18:23:07.828 INFO:teuthology.orchestra.run.smithi046.stderr:/usr/bin/ceph:
2022-06-07T18:23:07.809+0000 7fcfa6ffd700 1 --2- 172.21.15.46:0/3035426625 >> [v2:172.21.15.46:3300/0,v1:172.21.15.46:6789/0] conn(0x7fcfa80faae0 0x7fcfa8108880 secure :-1 s=READY pgs=61 cs=0 l=1 rev1=1 rx=0x7fcf9800dfe0 tx=0x7fcf98006ee0).ready entity=mon.0 client_cookie=0 server_cookie=0 in_seq=0 out_seq=0
2022-06-07T18:23:07.828 INFO:teuthology.orchestra.run.smithi046.stderr:/usr/bin/ceph:
2022-06-07T18:23:07.810+0000 7fcf9f7fe700 1 -- 172.21.15.46:0/3035426625 <== mon.0 v2:172.21.15.46:3300/0 1 ==== mon_map magic: 0 v1 ==== 229+0+0 (secure 0 0 0) 0x7fcf98011df0 con 0x7fcfa80faae0
2022-06-07T18:23:07.829 INFO:teuthology.orchestra.run.smithi046.stderr:/usr/bin/ceph:
2022-06-07T18:23:07.810+0000 7fcfad70e700 1 -- 172.21.15.46:0/3035426625 --> [v2:172.21.15.46:3300/0,v1:172.21.15.46:6789/0] -- mon_subscribe({mgrmap=0+}) v3 -- 0x7fcfa8108f70 con 0x7fcfa80faae0
2022-06-07T18:23:07.829 INFO:teuthology.orchestra.run.smithi046.stderr:/usr/bin/ceph:
2022-06-07T18:23:07.810+0000 7fcf9f7fe700 1 -- 172.21.15.46:0/3035426625 <== mon.0 v2:172.21.15.46:3300/0 2 ==== config(25 keys) v1 ==== 1074+0+0 (secure 0 0 0) 0x7fcf9801b8c0 con 0x7fcfa80faae0
2022-06-07T18:23:07.830 INFO:teuthology.orchestra.run.smithi046.stderr:/usr/bin/ceph:
2022-06-07T18:23:07.810+0000 7fcf9f7fe700 1 -- 172.21.15.46:0/3035426625 <== mon.0 v2:172.21.15.46:3300/0 3 ==== mon_map magic: 0 v1 ==== 229+0+0 (secure 0 0 0) 0x7fcf9801a840 con 0x7fcfa80faae0
2022-06-07T18:23:07.830 INFO:teuthology.orchestra.run.smithi046.stderr:/usr/bin/ceph:
2022-06-07T18:23:07.810+0000 7fcfad70e700 1 -- 172.21.15.46:0/3035426625 --> [v2:172.21.15.46:3300/0,v1:172.21.15.46:6789/0] -- mon_subscribe({osdmap=0}) v3 -- 0x7fcfa8109380 con 0x7fcfa80faae0
2022-06-07T18:23:07.831 INFO:teuthology.orchestra.run.smithi046.stderr:/usr/bin/ceph:
2022-06-07T18:23:07.811+0000 7fcf9f7fe700 1 -- 172.21.15.46:0/3035426625 <== mon.0 v2:172.21.15.46:3300/0 4 ==== mgrmap(e 12) v1 ==== 36195+0+0 (secure 0 0 0) 0x7fcf9800f070 con 0x7fcfa80faae0
2022-06-07T18:23:07.831 INFO:teuthology.orchestra.run.smithi046.stderr:/usr/bin/ceph:
2022-06-07T18:23:07.811+0000 7fcf9f7fe700 1 --2- 172.21.15.46:0/3035426625 >> [v2:172.21.15.46:6800/882079708,v1:172.21.15.46:6801/882079708] conn(0x7fcf880320a0 0x7fcf88034560 unknown :-1 s=NONE pgs=0 cs=0 l=1 rev1=0 rx=0 tx=0).connect
2022-06-07T18:23:07.832 INFO:teuthology.orchestra.run.smithi046.stderr:/usr/bin/ceph:
2022-06-07T18:23:07.811+0000 7fcf9f7fe700 1 -- 172.21.15.46:0/3035426625 <== mon.0 v2:172.21.15.46:3300/0 5 ==== osd_map(3..3 src has 1..3) v4 ==== 1098+0+0 (secure 0 0 0) 0x7fcf98040fd0 con 0x7fcfa80faae0
2022-06-07T18:23:07.832 INFO:teuthology.orchestra.run.smithi046.stderr:/usr/bin/ceph:
2022-06-07T18:23:07.811+0000 7fcfa67fc700 1 --2- 172.21.15.46:0/3035426625 >> [v2:172.21.15.46:6800/882079708,v1:172.21.15.46:6801/882079708] conn(0x7fcf880320a0 0x7fcf88034560 unknown :-1 s=BANNER_CONNECTING pgs=0 cs=0 l=1 rev1=0 rx=0 tx=0)._handle_peer_banner_payload supported=1 required=0
2022-06-07T18:23:07.833 INFO:teuthology.orchestra.run.smithi046.stderr:/usr/bin/ceph:
2022-06-07T18:23:07.811+0000 7fcfad70e700 1 -- 172.21.15.46:0/3035426625 --> [v2:172.21.15.46:3300/0,v1:172.21.15.46:6789/0] -- mon_command({"prefix": "get_command_descriptions"} v 0) v1 -- 0x7fcfa8059100 con 0x7fcfa80faae0
2022-06-07T18:23:07.833 INFO:teuthology.orchestra.run.smithi046.stderr:/usr/bin/ceph:
2022-06-07T18:23:07.811+0000 7fcfa67fc700 1 --2- 172.21.15.46:0/3035426625 >> [v2:172.21.15.46:6800/882079708,v1:172.21.15.46:6801/882079708] conn(0x7fcf880320a0 0x7fcf88034560 secure :-1 s=READY pgs=7 cs=0 l=1 rev1=1 rx=0x7fcf900096a0 tx=0x7fcf90006b40).ready entity=mgr.14144 client_cookie=0 server_cookie=0 in_seq=0 out_seq=0
2022-06-07T18:23:07.835 INFO:teuthology.orchestra.run.smithi046.stderr:/usr/bin/ceph:
2022-06-07T18:23:07.815+0000 7fcf9f7fe700 1 -- 172.21.15.46:0/3035426625 <== mon.0 v2:172.21.15.46:3300/0 6 ==== mon_command_ack([{"prefix": "get_command_descriptions"}]=0 v0) v1 ==== 72+0+152212 (secure 0 0 0) 0x7fcf98016070 con 0x7fcfa80faae0
2022-06-07T18:23:08.055 INFO:journalctl@ceph.mon.smithi046.smithi046.stdout:Jun 07 18:23:07 smithi046 ceph-b4afad4e-e68e-11ec-840e-001a4aab830c-mon.smithi046[88265]: audit
2022-06-07T18:23:06.699935+0000 mgr.smithi046.oakayh (mgr.14144) 3 : audit [DBG] from='client.14152 -' entity='client.admin' cmd=[{"prefix": "orch apply", "service_type": "grafana", "target": ["mon-mgr", ""]}]: dispatch
2022-06-07T18:23:08.056 INFO:journalctl@ceph.mon.smithi046.smithi046.stdout:Jun 07 18:23:07 smithi046 ceph-b4afad4e-e68e-11ec-840e-001a4aab830c-mon.smithi046[88265]: cephadm
2022-06-07T18:23:06.700696+0000 mgr.smithi046.oakayh (mgr.14144) 4 : cephadm [INF] Saving service grafana spec with placement count:1
2022-06-07T18:23:08.056 INFO:journalctl@ceph.mon.smithi046.smithi046.stdout:Jun 07 18:23:07 smithi046 ceph-b4afad4e-e68e-11ec-840e-001a4aab830c-mon.smithi046[88265]: audit
2022-06-07T18:23:06.703141+0000 mon.smithi046 (mon.0) 82 : audit [INF] from='mgr.14144 172.21.15.46:0/2383840465' entity='mgr.smithi046.oakayh'
2022-06-07T18:23:08.056 INFO:journalctl@ceph.mon.smithi046.smithi046.stdout:Jun 07 18:23:07 smithi046 ceph-b4afad4e-e68e-11ec-840e-001a4aab830c-mon.smithi046[88265]: cluster
2022-06-07T18:23:07.206130+0000 mon.smithi046 (mon.0) 83 : cluster [DBG] mgrmap e12: smithi046.oakayh(active, since 2s)
2022-06-07T18:23:08.162 INFO:teuthology.orchestra.run.smithi046.stderr:/usr/bin/ceph:
2022-06-07T18:23:08.158+0000 7fcfad70e700 1 -- 172.21.15.46:0/3035426625 --> [v2:172.21.15.46:6800/882079708,v1:172.21.15.46:6801/882079708] -- mgr_command(tid 0: {"prefix": "orch apply", "service_type": "node-exporter", "target": ["mon-mgr", ""]}) v1 -- 0x7fcfa8102590 con 0x7fcf880320a0
2022-06-07T18:23:08.166 INFO:teuthology.orchestra.run.smithi046.stderr:/usr/bin/ceph:
2022-06-07T18:23:08.163+0000 7fcf9f7fe700 1 -- 172.21.15.46:0/3035426625 <== mgr.14144 v2:172.21.15.46:6800/882079708 1 ==== mgr_command_reply(tid 0: 0 ) v1 ==== 8+0+34 (secure 0 0 0) 0x7fcfa8102590 con 0x7fcf880320a0
2022-06-07T18:23:08.167 INFO:teuthology.orchestra.run.smithi046.stderr:/usr/bin/ceph: Scheduled node-exporter update...
2022-06-07T18:23:08.171 INFO:teuthology.orchestra.run.smithi046.stderr:/usr/bin/ceph:
2022-06-07T18:23:08.164+0000 7fcfad70e700 1 -- 172.21.15.46:0/3035426625 >> [v2:172.21.15.46:6800/882079708,v1:172.21.15.46:6801/882079708] conn(0x7fcf880320a0 msgr2=0x7fcf88034560 secure :-1 s=STATE_CONNECTION_ESTABLISHED l=1).mark_down
2022-06-07T18:23:08.171 INFO:teuthology.orchestra.run.smithi046.stderr:/usr/bin/ceph:
2022-06-07T18:23:08.164+0000 7fcfad70e700 1 --2- 172.21.15.46:0/3035426625 >> [v2:172.21.15.46:6800/882079708,v1:172.21.15.46:6801/882079708] conn(0x7fcf880320a0 0x7fcf88034560 secure :-1 s=READY pgs=7 cs=0 l=1 rev1=1 rx=0x7fcf900096a0 tx=0x7fcf90006b40).stop
2022-06-07T18:23:08.171 INFO:teuthology.orchestra.run.smithi046.stderr:/usr/bin/ceph:
2022-06-07T18:23:08.164+0000 7fcfad70e700 1 -- 172.21.15.46:0/3035426625 >> [v2:172.21.15.46:3300/0,v1:172.21.15.46:6789/0] conn(0x7fcfa80faae0 msgr2=0x7fcfa8108880 secure :-1 s=STATE_CONNECTION_ESTABLISHED l=1).mark_down
2022-06-07T18:23:08.172 INFO:teuthology.orchestra.run.smithi046.stderr:/usr/bin/ceph:
2022-06-07T18:23:08.164+0000 7fcfad70e700 1 --2- 172.21.15.46:0/3035426625 >> [v2:172.21.15.46:3300/0,v1:172.21.15.46:6789/0] conn(0x7fcfa80faae0 0x7fcfa8108880 secure :-1 s=READY pgs=61 cs=0 l=1 rev1=1 rx=0x7fcf9800dfe0 tx=0x7fcf98006ee0).stop
2022-06-07T18:23:08.172 INFO:teuthology.orchestra.run.smithi046.stderr:/usr/bin/ceph:
2022-06-07T18:23:08.164+0000 7fcfad70e700 1 -- 172.21.15.46:0/3035426625 shutdown_connections
2022-06-07T18:23:08.173 INFO:teuthology.orchestra.run.smithi046.stderr:/usr/bin/ceph:
2022-06-07T18:23:08.164+0000 7fcfad70e700 1 --2- 172.21.15.46:0/3035426625 >> [v2:172.21.15.46:6800/882079708,v1:172.21.15.46:6801/882079708] conn(0x7fcf880320a0 0x7fcf88034560 unknown :-1 s=CLOSED pgs=7 cs=0 l=1 rev1=1 rx=0 tx=0).stop
2022-06-07T18:23:08.173 INFO:teuthology.orchestra.run.smithi046.stderr:/usr/bin/ceph:
2022-06-07T18:23:08.164+0000 7fcfad70e700 1 --2- 172.21.15.46:0/3035426625 >> [v2:172.21.15.46:3300/0,v1:172.21.15.46:6789/0] conn(0x7fcfa80faae0 0x7fcfa8108880 unknown :-1 s=CLOSED pgs=61 cs=0 l=1 rev1=1 rx=0 tx=0).stop
2022-06-07T18:23:08.173 INFO:teuthology.orchestra.run.smithi046.stderr:/usr/bin/ceph:
2022-06-07T18:23:08.164+0000 7fcfad70e700 1 -- 172.21.15.46:0/3035426625 >> 172.21.15.46:0/3035426625 conn(0x7fcfa80f6280 msgr2=0x7fcfa80ff7d0 unknown :-1 s=STATE_NONE l=0).mark_down
2022-06-07T18:23:08.174 INFO:teuthology.orchestra.run.smithi046.stderr:/usr/bin/ceph:
2022-06-07T18:23:08.165+0000 7fcfad70e700 1 -- 172.21.15.46:0/3035426625 shutdown_connections
2022-06-07T18:23:08.174 INFO:teuthology.orchestra.run.smithi046.stderr:/usr/bin/ceph:
2022-06-07T18:23:08.165+0000 7fcfad70e700 1 -- 172.21.15.46:0/3035426625 wait complete.
2022-06-07T18:23:08.543 INFO:teuthology.orchestra.run.smithi046.stderr:Deploying alertmanager service with default placement...
2022-06-07T18:23:08.543 INFO:teuthology.orchestra.run.smithi046.stderr:Running command: /bin/podman run --rm --ipc=host --no-hosts --net=host --entrypoint /usr/bin/ceph --init -e CONTAINER_IMAGE=docker.io/ceph/ceph:v16.2.4 -e NODE_NAME=smithi046 -e CEPH_USE_RANDOM_NONCE=1 -v /var/log/ceph/b4afad4e-e68e-11ec-840e-001a4aab830c:/var/log/ceph:z -v /tmp/ceph-tmp4rtxz1a9:/etc/ceph/ceph.client.admin.keyring:z -v /tmp/ceph-tmpd9l3r46d:/etc/ceph/ceph.conf:z docker.io/ceph/ceph:v16.2.4 orch apply alertmanager
2022-06-07T18:23:08.958 INFO:teuthology.orchestra.run.smithi046.stderr:/usr/bin/ceph:
2022-06-07T18:23:08.946+0000 7f77daab9700 1 Processor -- start
2022-06-07T18:23:08.959 INFO:teuthology.orchestra.run.smithi046.stderr:/usr/bin/ceph:
2022-06-07T18:23:08.946+0000 7f77daab9700 1 -- start start
2022-06-07T18:23:08.959 INFO:teuthology.orchestra.run.smithi046.stderr:/usr/bin/ceph:
2022-06-07T18:23:08.946+0000 7f77daab9700 1 --2- >> [v2:172.21.15.46:3300/0,v1:172.21.15.46:6789/0] conn(0x7f77d40faae0 0x7f77d40faf00 unknown :-1 s=NONE pgs=0 cs=0 l=0 rev1=0 rx=0 tx=0).connect
2022-06-07T18:23:08.960 INFO:teuthology.orchestra.run.smithi046.stderr:/usr/bin/ceph:
2022-06-07T18:23:08.946+0000 7f77daab9700 1 -- --> [v2:172.21.15.46:3300/0,v1:172.21.15.46:6789/0] -- mon_getmap magic: 0 v1 -- 0x7f77d40fb480 con 0x7f77d40faae0
2022-06-07T18:23:08.960 INFO:teuthology.orchestra.run.smithi046.stderr:/usr/bin/ceph:
2022-06-07T18:23:08.946+0000 7f77d8855700 1 --2- >> [v2:172.21.15.46:3300/0,v1:172.21.15.46:6789/0] conn(0x7f77d40faae0 0x7f77d40faf00 unknown :-1 s=BANNER_CONNECTING pgs=0 cs=0 l=0 rev1=0 rx=0 tx=0)._handle_peer_banner_payload supported=1 required=0
2022-06-07T18:23:08.961 INFO:teuthology.orchestra.run.smithi046.stderr:/usr/bin/ceph:
2022-06-07T18:23:08.946+0000 7f77d8855700 1 --2- >> [v2:172.21.15.46:3300/0,v1:172.21.15.46:6789/0] conn(0x7f77d40faae0 0x7f77d40faf00 unknown :-1 s=HELLO_CONNECTING pgs=0 cs=0 l=0 rev1=1 rx=0 tx=0).handle_hello peer v2:172.21.15.46:3300/0 says I am v2:172.21.15.46:50272/0 (socket says 172.21.15.46:50272)
2022-06-07T18:23:08.961 INFO:teuthology.orchestra.run.smithi046.stderr:/usr/bin/ceph:
2022-06-07T18:23:08.946+0000 7f77d8855700 1 -- 172.21.15.46:0/2941520751 learned_addr learned my addr 172.21.15.46:0/2941520751 (peer_addr_for_me v2:172.21.15.46:0/0)
2022-06-07T18:23:08.962 INFO:teuthology.orchestra.run.smithi046.stderr:/usr/bin/ceph:
2022-06-07T18:23:08.946+0000 7f77d8855700 1 -- 172.21.15.46:0/2941520751 --> [v2:172.21.15.46:3300/0,v1:172.21.15.46:6789/0] -- mon_subscribe({config=0+,monmap=0+}) v3 -- 0x7f77d40fb5c0 con 0x7f77d40faae0
2022-06-07T18:23:08.962 INFO:teuthology.orchestra.run.smithi046.stderr:/usr/bin/ceph:
2022-06-07T18:23:08.947+0000 7f77d8855700 1 --2- 172.21.15.46:0/2941520751 >> [v2:172.21.15.46:3300/0,v1:172.21.15.46:6789/0] conn(0x7f77d40faae0 0x7f77d40faf00 secure :-1 s=READY pgs=62 cs=0 l=1 rev1=1 rx=0x7f77c800b5f0 tx=0x7f77c8006ee0).ready entity=mon.0 client_cookie=6e67f3d79bd57c49 server_cookie=0 in_seq=0 out_seq=0
2022-06-07T18:23:08.963 INFO:teuthology.orchestra.run.smithi046.stderr:/usr/bin/ceph:
2022-06-07T18:23:08.947+0000 7f77d37fe700 1 -- 172.21.15.46:0/2941520751 <== mon.0 v2:172.21.15.46:3300/0 1 ==== mon_map magic: 0 v1 ==== 229+0+0 (secure 0 0 0) 0x7f77c800d600 con 0x7f77d40faae0
2022-06-07T18:23:08.963 INFO:teuthology.orchestra.run.smithi046.stderr:/usr/bin/ceph:
2022-06-07T18:23:08.947+0000 7f77d37fe700 1 -- 172.21.15.46:0/2941520751 <== mon.0 v2:172.21.15.46:3300/0 2 ==== config(25 keys) v1 ==== 1074+0+0 (secure 0 0 0) 0x7f77c800dc10 con 0x7f77d40faae0
2022-06-07T18:23:08.964 INFO:teuthology.orchestra.run.smithi046.stderr:/usr/bin/ceph:
2022-06-07T18:23:08.947+0000 7f77d37fe700 1 -- 172.21.15.46:0/2941520751 <== mon.0 v2:172.21.15.46:3300/0 3 ==== mon_map magic: 0 v1 ==== 229+0+0 (secure 0 0 0) 0x7f77c8011cd0 con 0x7f77d40faae0
2022-06-07T18:23:08.964 INFO:teuthology.orchestra.run.smithi046.stderr:/usr/bin/ceph:
2022-06-07T18:23:08.947+0000 7f77daab9700 1 -- 172.21.15.46:0/2941520751 >> [v2:172.21.15.46:3300/0,v1:172.21.15.46:6789/0] conn(0x7f77d40faae0 msgr2=0x7f77d40faf00 secure :-1 s=STATE_CONNECTION_ESTABLISHED l=1).mark_down
2022-06-07T18:23:08.964 INFO:teuthology.orchestra.run.smithi046.stderr:/usr/bin/ceph:
2022-06-07T18:23:08.947+0000 7f77daab9700 1 --2- 172.21.15.46:0/2941520751 >> [v2:172.21.15.46:3300/0,v1:172.21.15.46:6789/0] conn(0x7f77d40faae0 0x7f77d40faf00 secure :-1 s=READY pgs=62 cs=0 l=1 rev1=1 rx=0x7f77c800b5f0 tx=0x7f77c8006ee0).stop
2022-06-07T18:23:08.965 INFO:teuthology.orchestra.run.smithi046.stderr:/usr/bin/ceph:
2022-06-07T18:23:08.947+0000 7f77daab9700 1 -- 172.21.15.46:0/2941520751 shutdown_connections
2022-06-07T18:23:08.965 INFO:teuthology.orchestra.run.smithi046.stderr:/usr/bin/ceph:
2022-06-07T18:23:08.947+0000 7f77daab9700 1 --2- 172.21.15.46:0/2941520751 >> [v2:172.21.15.46:3300/0,v1:172.21.15.46:6789/0] conn(0x7f77d40faae0 0x7f77d40faf00 unknown :-1 s=CLOSED pgs=62 cs=0 l=1 rev1=1 rx=0 tx=0).stop
2022-06-07T18:23:08.966 INFO:teuthology.orchestra.run.smithi046.stderr:/usr/bin/ceph:
2022-06-07T18:23:08.947+0000 7f77daab9700 1 -- 172.21.15.46:0/2941520751 >> 172.21.15.46:0/2941520751 conn(0x7f77d40f6280 msgr2=0x7f77d40f86a0 unknown :-1 s=STATE_NONE l=0).mark_down
2022-06-07T18:23:08.966 INFO:teuthology.orchestra.run.smithi046.stderr:/usr/bin/ceph:
2022-06-07T18:23:08.948+0000 7f77daab9700 1 -- 172.21.15.46:0/2941520751 shutdown_connections
2022-06-07T18:23:08.966 INFO:teuthology.orchestra.run.smithi046.stderr:/usr/bin/ceph:
2022-06-07T18:23:08.948+0000 7f77daab9700 1 -- 172.21.15.46:0/2941520751 wait complete.
2022-06-07T18:23:08.967 INFO:teuthology.orchestra.run.smithi046.stderr:/usr/bin/ceph:
2022-06-07T18:23:08.948+0000 7f77daab9700 1 Processor -- start
2022-06-07T18:23:08.967 INFO:teuthology.orchestra.run.smithi046.stderr:/usr/bin/ceph:
2022-06-07T18:23:08.948+0000 7f77daab9700 1 -- start start
2022-06-07T18:23:08.967 INFO:teuthology.orchestra.run.smithi046.stderr:/usr/bin/ceph:
2022-06-07T18:23:08.949+0000 7f77daab9700 1 --2- >> [v2:172.21.15.46:3300/0,v1:172.21.15.46:6789/0] conn(0x7f77d40faae0 0x7f77d4108820 unknown :-1 s=NONE pgs=0 cs=0 l=1 rev1=0 rx=0 tx=0).connect
2022-06-07T18:23:08.968 INFO:teuthology.orchestra.run.smithi046.stderr:/usr/bin/ceph:
2022-06-07T18:23:08.949+0000 7f77daab9700 1 -- --> [v2:172.21.15.46:3300/0,v1:172.21.15.46:6789/0] -- mon_getmap magic: 0 v1 -- 0x7f77d4108d10 con 0x7f77d40faae0
2022-06-07T18:23:08.968 INFO:teuthology.orchestra.run.smithi046.stderr:/usr/bin/ceph:
2022-06-07T18:23:08.949+0000 7f77d8855700 1 --2- >> [v2:172.21.15.46:3300/0,v1:172.21.15.46:6789/0] conn(0x7f77d40faae0 0x7f77d4108820 unknown :-1 s=BANNER_CONNECTING pgs=0 cs=0 l=1 rev1=0 rx=0 tx=0)._handle_peer_banner_payload supported=1 required=0
2022-06-07T18:23:08.968 INFO:teuthology.orchestra.run.smithi046.stderr:/usr/bin/ceph:
2022-06-07T18:23:08.949+0000 7f77d8855700 1 --2- >> [v2:172.21.15.46:3300/0,v1:172.21.15.46:6789/0] conn(0x7f77d40faae0 0x7f77d4108820 unknown :-1 s=HELLO_CONNECTING pgs=0 cs=0 l=1 rev1=1 rx=0 tx=0).handle_hello peer v2:172.21.15.46:3300/0 says I am v2:172.21.15.46:50274/0 (socket says 172.21.15.46:50274)
2022-06-07T18:23:08.969 INFO:teuthology.orchestra.run.smithi046.stderr:/usr/bin/ceph:
2022-06-07T18:23:08.949+0000 7f77d8855700 1 -- 172.21.15.46:0/1150869014 learned_addr learned my addr 172.21.15.46:0/1150869014 (peer_addr_for_me v2:172.21.15.46:0/0)
2022-06-07T18:23:08.970 INFO:teuthology.orchestra.run.smithi046.stderr:/usr/bin/ceph:
2022-06-07T18:23:08.949+0000 7f77d8855700 1 -- 172.21.15.46:0/1150869014 --> [v2:172.21.15.46:3300/0,v1:172.21.15.46:6789/0] -- mon_subscribe({config=0+,monmap=0+}) v3 -- 0x7f77c800b200 con 0x7f77d40faae0
2022-06-07T18:23:08.970 INFO:teuthology.orchestra.run.smithi046.stderr:/usr/bin/ceph:
2022-06-07T18:23:08.949+0000 7f77d8855700 1 --2- 172.21.15.46:0/1150869014 >> [v2:172.21.15.46:3300/0,v1:172.21.15.46:6789/0] conn(0x7f77d40faae0 0x7f77d4108820 secure :-1 s=READY pgs=63 cs=0 l=1 rev1=1 rx=0x7f77c8006800 tx=0x7f77c8006ee0).ready entity=mon.0 client_cookie=0 server_cookie=0 in_seq=0 out_seq=0
2022-06-07T18:23:08.971 INFO:teuthology.orchestra.run.smithi046.stderr:/usr/bin/ceph:
2022-06-07T18:23:08.949+0000 7f77d17fa700 1 -- 172.21.15.46:0/1150869014 <== mon.0 v2:172.21.15.46:3300/0 1 ==== mon_map magic: 0 v1 ==== 229+0+0 (secure 0 0 0) 0x7f77c8011df0 con 0x7f77d40faae0
2022-06-07T18:23:08.971 INFO:teuthology.orchestra.run.smithi046.stderr:/usr/bin/ceph:
2022-06-07T18:23:08.949+0000 7f77d17fa700 1 -- 172.21.15.46:0/1150869014 <== mon.0 v2:172.21.15.46:3300/0 2 ==== config(25 keys) v1 ==== 1074+0+0 (secure 0 0 0) 0x7f77c801b8c0 con 0x7f77d40faae0
2022-06-07T18:23:08.972 INFO:teuthology.orchestra.run.smithi046.stderr:/usr/bin/ceph:
2022-06-07T18:23:08.949+0000 7f77daab9700 1 -- 172.21.15.46:0/1150869014 --> [v2:172.21.15.46:3300/0,v1:172.21.15.46:6789/0] -- mon_subscribe({mgrmap=0+}) v3 -- 0x7f77d4108f10 con 0x7f77d40faae0
2022-06-07T18:23:08.972 INFO:teuthology.orchestra.run.smithi046.stderr:/usr/bin/ceph:
2022-06-07T18:23:08.949+0000 7f77d17fa700 1 -- 172.21.15.46:0/1150869014 <== mon.0 v2:172.21.15.46:3300/0 3 ==== mon_map magic: 0 v1 ==== 229+0+0 (secure 0 0 0) 0x7f77c801a800 con 0x7f77d40faae0
2022-06-07T18:23:08.972 INFO:teuthology.orchestra.run.smithi046.stderr:/usr/bin/ceph:
2022-06-07T18:23:08.949+0000 7f77daab9700 1 -- 172.21.15.46:0/1150869014 --> [v2:172.21.15.46:3300/0,v1:172.21.15.46:6789/0] -- mon_subscribe({osdmap=0}) v3 -- 0x7f77d4109320 con 0x7f77d40faae0
2022-06-07T18:23:08.973 INFO:teuthology.orchestra.run.smithi046.stderr:/usr/bin/ceph:
2022-06-07T18:23:08.950+0000 7f77daab9700 1 -- 172.21.15.46:0/1150869014 --> [v2:172.21.15.46:3300/0,v1:172.21.15.46:6789/0] -- mon_command({"prefix": "get_command_descriptions"} v 0) v1 -- 0x7f77d4045ad0 con 0x7f77d40faae0
2022-06-07T18:23:08.973 INFO:teuthology.orchestra.run.smithi046.stderr:/usr/bin/ceph:
2022-06-07T18:23:08.950+0000 7f77d17fa700 1 -- 172.21.15.46:0/1150869014 <== mon.0 v2:172.21.15.46:3300/0 4 ==== mgrmap(e 12) v1 ==== 36195+0+0 (secure 0 0 0) 0x7f77c800f070 con 0x7f77d40faae0
2022-06-07T18:23:08.974 INFO:teuthology.orchestra.run.smithi046.stderr:/usr/bin/ceph:
2022-06-07T18:23:08.951+0000 7f77d17fa700 1 --2- 172.21.15.46:0/1150869014 >> [v2:172.21.15.46:6800/882079708,v1:172.21.15.46:6801/882079708] conn(0x7f77b80320a0 0x7f77b8034560 unknown :-1 s=NONE pgs=0 cs=0 l=1 rev1=0 rx=0 tx=0).connect
2022-06-07T18:23:08.974 INFO:teuthology.orchestra.run.smithi046.stderr:/usr/bin/ceph:
2022-06-07T18:23:08.951+0000 7f77d17fa700 1 -- 172.21.15.46:0/1150869014 <== mon.0 v2:172.21.15.46:3300/0 5 ==== osd_map(3..3 src has 1..3) v4 ==== 1098+0+0 (secure 0 0 0) 0x7f77c8040fe0 con 0x7f77d40faae0
2022-06-07T18:23:08.974 INFO:teuthology.orchestra.run.smithi046.stderr:/usr/bin/ceph:
2022-06-07T18:23:08.951+0000 7f77d3fff700 1 --2- 172.21.15.46:0/1150869014 >> [v2:172.21.15.46:6800/882079708,v1:172.21.15.46:6801/882079708] conn(0x7f77b80320a0 0x7f77b8034560 unknown :-1 s=BANNER_CONNECTING pgs=0 cs=0 l=1 rev1=0 rx=0 tx=0)._handle_peer_banner_payload supported=1 required=0
2022-06-07T18:23:08.975 INFO:teuthology.orchestra.run.smithi046.stderr:/usr/bin/ceph:
2022-06-07T18:23:08.951+0000 7f77d3fff700 1 --2- 172.21.15.46:0/1150869014 >> [v2:172.21.15.46:6800/882079708,v1:172.21.15.46:6801/882079708] conn(0x7f77b80320a0 0x7f77b8034560 secure :-1 s=READY pgs=8 cs=0 l=1 rev1=1 rx=0x7f77c00096a0 tx=0x7f77c0006b40).ready entity=mgr.14144 client_cookie=0 server_cookie=0 in_seq=0 out_seq=0
2022-06-07T18:23:08.976 INFO:teuthology.orchestra.run.smithi046.stderr:/usr/bin/ceph:
2022-06-07T18:23:08.955+0000 7f77d17fa700 1 -- 172.21.15.46:0/1150869014 <== mon.0 v2:172.21.15.46:3300/0 6 ==== mon_command_ack([{"prefix": "get_command_descriptions"}]=0 v0) v1 ==== 72+0+152212 (secure 0 0 0) 0x7f77c8019950 con 0x7f77d40faae0
2022-06-07T18:23:09.300 INFO:teuthology.orchestra.run.smithi046.stderr:/usr/bin/ceph:
2022-06-07T18:23:09.296+0000 7f77daab9700 1 -- 172.21.15.46:0/1150869014 --> [v2:172.21.15.46:6800/882079708,v1:172.21.15.46:6801/882079708] -- mgr_command(tid 0: {"prefix": "orch apply", "service_type": "alertmanager", "target": ["mon-mgr", ""]}) v1 -- 0x7f77d4109c00 con 0x7f77b80320a0
2022-06-07T18:23:09.304 INFO:teuthology.orchestra.run.smithi046.stderr:/usr/bin/ceph:
2022-06-07T18:23:09.300+0000 7f77d17fa700 1 -- 172.21.15.46:0/1150869014 <== mgr.14144 v2:172.21.15.46:6800/882079708 1 ==== mgr_command_reply(tid 0: 0 ) v1 ==== 8+0+33 (secure 0 0 0) 0x7f77d4109c00 con 0x7f77b80320a0
2022-06-07T18:23:09.304 INFO:teuthology.orchestra.run.smithi046.stderr:/usr/bin/ceph: Scheduled alertmanager update...
2022-06-07T18:23:09.306 INFO:teuthology.orchestra.run.smithi046.stderr:/usr/bin/ceph:
2022-06-07T18:23:09.301+0000 7f77daab9700 1 -- 172.21.15.46:0/1150869014 >> [v2:172.21.15.46:6800/882079708,v1:172.21.15.46:6801/882079708] conn(0x7f77b80320a0 msgr2=0x7f77b8034560 secure :-1 s=STATE_CONNECTION_ESTABLISHED l=1).mark_down
2022-06-07T18:23:09.307 INFO:teuthology.orchestra.run.smithi046.stderr:/usr/bin/ceph:
2022-06-07T18:23:09.301+0000 7f77daab9700 1 --2- 172.21.15.46:0/1150869014 >> [v2:172.21.15.46:6800/882079708,v1:172.21.15.46:6801/882079708] conn(0x7f77b80320a0 0x7f77b8034560 secure :-1 s=READY pgs=8 cs=0 l=1 rev1=1 rx=0x7f77c00096a0 tx=0x7f77c0006b40).stop
2022-06-07T18:23:09.307 INFO:teuthology.orchestra.run.smithi046.stderr:/usr/bin/ceph:
2022-06-07T18:23:09.301+0000 7f77daab9700 1 -- 172.21.15.46:0/1150869014 >> [v2:172.21.15.46:3300/0,v1:172.21.15.46:6789/0] conn(0x7f77d40faae0 msgr2=0x7f77d4108820 secure :-1 s=STATE_CONNECTION_ESTABLISHED l=1).mark_down
2022-06-07T18:23:09.307 INFO:teuthology.orchestra.run.smithi046.stderr:/usr/bin/ceph:
2022-06-07T18:23:09.301+0000 7f77daab9700 1 --2- 172.21.15.46:0/1150869014 >> [v2:172.21.15.46:3300/0,v1:172.21.15.46:6789/0] conn(0x7f77d40faae0 0x7f77d4108820 secure :-1 s=READY pgs=63 cs=0 l=1 rev1=1 rx=0x7f77c8006800 tx=0x7f77c8006ee0).stop
2022-06-07T18:23:09.308 INFO:teuthology.orchestra.run.smithi046.stderr:/usr/bin/ceph:
2022-06-07T18:23:09.302+0000 7f77daab9700 1 -- 172.21.15.46:0/1150869014 shutdown_connections
2022-06-07T18:23:09.308 INFO:teuthology.orchestra.run.smithi046.stderr:/usr/bin/ceph:
2022-06-07T18:23:09.302+0000 7f77daab9700 1 --2- 172.21.15.46:0/1150869014 >> [v2:172.21.15.46:6800/882079708,v1:172.21.15.46:6801/882079708] conn(0x7f77b80320a0 0x7f77b8034560 unknown :-1 s=CLOSED pgs=8 cs=0 l=1 rev1=1 rx=0 tx=0).stop
2022-06-07T18:23:09.308 INFO:teuthology.orchestra.run.smithi046.stderr:/usr/bin/ceph:
2022-06-07T18:23:09.302+0000 7f77daab9700 1 --2- 172.21.15.46:0/1150869014 >> [v2:172.21.15.46:3300/0,v1:172.21.15.46:6789/0] conn(0x7f77d40faae0 0x7f77d4108820 unknown :-1 s=CLOSED pgs=63 cs=0 l=1 rev1=1 rx=0 tx=0).stop
2022-06-07T18:23:09.308 INFO:teuthology.orchestra.run.smithi046.stderr:/usr/bin/ceph:
2022-06-07T18:23:09.302+0000 7f77daab9700 1 -- 172.21.15.46:0/1150869014 >> 172.21.15.46:0/1150869014 conn(0x7f77d40f6280 msgr2=0x7f77d40ff7d0 unknown :-1 s=STATE_NONE l=0).mark_down
2022-06-07T18:23:09.309 INFO:teuthology.orchestra.run.smithi046.stderr:/usr/bin/ceph:
2022-06-07T18:23:09.302+0000 7f77daab9700 1 -- 172.21.15.46:0/1150869014 shutdown_connections
2022-06-07T18:23:09.309 INFO:teuthology.orchestra.run.smithi046.stderr:/usr/bin/ceph:
2022-06-07T18:23:09.302+0000 7f77daab9700 1 -- 172.21.15.46:0/1150869014 wait complete.
2022-06-07T18:23:09.465 INFO:journalctl@ceph.mon.smithi046.smithi046.stdout:Jun 07 18:23:09 smithi046 ceph-b4afad4e-e68e-11ec-840e-001a4aab830c-mon.smithi046[88265]: audit
2022-06-07T18:23:08.160893+0000 mgr.smithi046.oakayh (mgr.14144) 5 : audit [DBG] from='client.14154 -' entity='client.admin' cmd=[{"prefix": "orch apply", "service_type": "node-exporter", "target": ["mon-mgr", ""]}]: dispatch
2022-06-07T18:23:09.466 INFO:journalctl@ceph.mon.smithi046.smithi046.stdout:Jun 07 18:23:09 smithi046 ceph-b4afad4e-e68e-11ec-840e-001a4aab830c-mon.smithi046[88265]: cephadm
2022-06-07T18:23:08.161617+0000 mgr.smithi046.oakayh (mgr.14144) 6 : cephadm [INF] Saving service node-exporter spec with placement *
2022-06-07T18:23:09.466 INFO:journalctl@ceph.mon.smithi046.smithi046.stdout:Jun 07 18:23:09 smithi046 ceph-b4afad4e-e68e-11ec-840e-001a4aab830c-mon.smithi046[88265]: audit
2022-06-07T18:23:08.163886+0000 mon.smithi046 (mon.0) 84 : audit [INF] from='mgr.14144 172.21.15.46:0/2383840465' entity='mgr.smithi046.oakayh'
2022-06-07T18:23:09.685 INFO:teuthology.orchestra.run.smithi046.stderr:Running command: /bin/podman run --rm --ipc=host --no-hosts --net=host --entrypoint /usr/bin/ceph --init -e CONTAINER_IMAGE=docker.io/ceph/ceph:v16.2.4 -e NODE_NAME=smithi046 -e CEPH_USE_RANDOM_NONCE=1 -v /var/log/ceph/b4afad4e-e68e-11ec-840e-001a4aab830c:/var/log/ceph:z -v /tmp/ceph-tmp4rtxz1a9:/etc/ceph/ceph.client.admin.keyring:z -v /tmp/ceph-tmpd9l3r46d:/etc/ceph/ceph.conf:z docker.io/ceph/ceph:v16.2.4 config set mgr mgr/cephadm/container_init True --force
2022-06-07T18:23:10.162 INFO:teuthology.orchestra.run.smithi046.stderr:/usr/bin/ceph:
2022-06-07T18:23:10.148+0000 7ff6c4a47700 1 Processor -- start
2022-06-07T18:23:10.163 INFO:teuthology.orchestra.run.smithi046.stderr:/usr/bin/ceph:
2022-06-07T18:23:10.148+0000 7ff6c4a47700 1 -- start start
2022-06-07T18:23:10.163 INFO:teuthology.orchestra.run.smithi046.stderr:/usr/bin/ceph:
2022-06-07T18:23:10.148+0000 7ff6c4a47700 1 --2- >> [v2:172.21.15.46:3300/0,v1:172.21.15.46:6789/0] conn(0x7ff6c006fcd0 0x7ff6c00fe7a0 unknown :-1 s=NONE pgs=0 cs=0 l=0 rev1=0 rx=0 tx=0).connect
2022-06-07T18:23:10.164 INFO:teuthology.orchestra.run.smithi046.stderr:/usr/bin/ceph:
2022-06-07T18:23:10.148+0000 7ff6c4a47700 1 -- --> [v2:172.21.15.46:3300/0,v1:172.21.15.46:6789/0] -- mon_getmap magic: 0 v1 -- 0x7ff6c00fed20 con 0x7ff6c006fcd0
2022-06-07T18:23:10.165 INFO:teuthology.orchestra.run.smithi046.stderr:/usr/bin/ceph:
2022-06-07T18:23:10.148+0000 7ff6be59c700 1 --2- >> [v2:172.21.15.46:3300/0,v1:172.21.15.46:6789/0] conn(0x7ff6c006fcd0 0x7ff6c00fe7a0 unknown :-1 s=BANNER_CONNECTING pgs=0 cs=0 l=0 rev1=0 rx=0 tx=0)._handle_peer_banner_payload supported=1 required=0
2022-06-07T18:23:10.165 INFO:teuthology.orchestra.run.smithi046.stderr:/usr/bin/ceph:
2022-06-07T18:23:10.148+0000 7ff6be59c700 1 --2- >> [v2:172.21.15.46:3300/0,v1:172.21.15.46:6789/0] conn(0x7ff6c006fcd0 0x7ff6c00fe7a0 unknown :-1 s=HELLO_CONNECTING pgs=0 cs=0 l=0 rev1=1 rx=0 tx=0).handle_hello peer v2:172.21.15.46:3300/0 says I am v2:172.21.15.46:50278/0 (socket says 172.21.15.46:50278)
2022-06-07T18:23:10.165 INFO:teuthology.orchestra.run.smithi046.stderr:/usr/bin/ceph:
2022-06-07T18:23:10.148+0000 7ff6be59c700 1 -- 172.21.15.46:0/1339045616 learned_addr learned my addr 172.21.15.46:0/1339045616 (peer_addr_for_me v2:172.21.15.46:0/0)
2022-06-07T18:23:10.166 INFO:teuthology.orchestra.run.smithi046.stderr:/usr/bin/ceph:
2022-06-07T18:23:10.149+0000 7ff6be59c700 1 -- 172.21.15.46:0/1339045616 --> [v2:172.21.15.46:3300/0,v1:172.21.15.46:6789/0] -- mon_subscribe({config=0+,monmap=0+}) v3 -- 0x7ff6c00fee60 con 0x7ff6c006fcd0
2022-06-07T18:23:10.166 INFO:teuthology.orchestra.run.smithi046.stderr:/usr/bin/ceph:
2022-06-07T18:23:10.149+0000 7ff6be59c700 1 --2- 172.21.15.46:0/1339045616 >> [v2:172.21.15.46:3300/0,v1:172.21.15.46:6789/0] conn(0x7ff6c006fcd0 0x7ff6c00fe7a0 secure :-1 s=READY pgs=64 cs=0 l=1 rev1=1 rx=0x7ff6b000b5f0 tx=0x7ff6b0006ee0).ready entity=mon.0 client_cookie=be9ffca37889827c server_cookie=0 in_seq=0 out_seq=0
2022-06-07T18:23:10.167 INFO:teuthology.orchestra.run.smithi046.stderr:/usr/bin/ceph:
2022-06-07T18:23:10.149+0000 7ff6bd59a700 1 -- 172.21.15.46:0/1339045616 <== mon.0 v2:172.21.15.46:3300/0 1 ==== mon_map magic: 0 v1 ==== 229+0+0 (secure 0 0 0) 0x7ff6b000d600 con 0x7ff6c006fcd0
2022-06-07T18:23:10.167 INFO:teuthology.orchestra.run.smithi046.stderr:/usr/bin/ceph:
2022-06-07T18:23:10.149+0000 7ff6bd59a700 1 -- 172.21.15.46:0/1339045616 <== mon.0 v2:172.21.15.46:3300/0 2 ==== config(25 keys) v1 ==== 1074+0+0 (secure 0 0 0) 0x7ff6b000dc10 con 0x7ff6c006fcd0
2022-06-07T18:23:10.167 INFO:teuthology.orchestra.run.smithi046.stderr:/usr/bin/ceph:
2022-06-07T18:23:10.149+0000 7ff6bd59a700 1 -- 172.21.15.46:0/1339045616 <== mon.0 v2:172.21.15.46:3300/0 3 ==== mon_map magic: 0 v1 ==== 229+0+0 (secure 0 0 0) 0x7ff6b0011cd0 con 0x7ff6c006fcd0
2022-06-07T18:23:10.168 INFO:teuthology.orchestra.run.smithi046.stderr:/usr/bin/ceph:
