2022-11-27T16:54:40.638+0000 7efcc37fe700 1 --2- >> [v2:172.21.15.134:3300/0,v1:172.21.15.134:6789/0] conn(0x7efcc4070be0 0x7efcc410b560 unknown :-1 s=HELLO_CONNECTING pgs=0 cs=0 l=1 rev1=1 rx=0 tx=0).handle_hello peer v2:172.21.15.134:3300/0 says I am v2:172.21.15.134:53268/0 (socket says 172.21.15.134:53268)
2022-11-27T16:54:40.652 INFO:teuthology.orchestra.run.smithi134.stderr:/usr/bin/ceph:
2022-11-27T16:54:40.638+0000 7efcc37fe700 1 -- 172.21.15.134:0/3458565408 learned_addr learned my addr 172.21.15.134:0/3458565408 (peer_addr_for_me v2:172.21.15.134:0/0)
2022-11-27T16:54:40.652 INFO:teuthology.orchestra.run.smithi134.stderr:/usr/bin/ceph:
2022-11-27T16:54:40.638+0000 7efcc37fe700 1 -- 172.21.15.134:0/3458565408 --> [v2:172.21.15.134:3300/0,v1:172.21.15.134:6789/0] -- mon_subscribe({config=0+,monmap=0+}) v3 -- 0x7efcb8009370 con 0x7efcc4070be0
2022-11-27T16:54:40.652 INFO:teuthology.orchestra.run.smithi134.stderr:/usr/bin/ceph:
2022-11-27T16:54:40.638+0000 7efcc37fe700 1 --2- 172.21.15.134:0/3458565408 >> [v2:172.21.15.134:3300/0,v1:172.21.15.134:6789/0] conn(0x7efcc4070be0 0x7efcc410b560 secure :-1 s=READY pgs=44 cs=0 l=1 rev1=1 rx=0x7efcb8011630 tx=0x7efcb80090f0).ready entity=mon.0 client_cookie=0 server_cookie=0 in_seq=0 out_seq=0
2022-11-27T16:54:40.653 INFO:teuthology.orchestra.run.smithi134.stderr:/usr/bin/ceph:
2022-11-27T16:54:40.638+0000 7efcabfff700 1 -- 172.21.15.134:0/3458565408 <== mon.0 v2:172.21.15.134:3300/0 1 ==== mon_map magic: 0 v1 ==== 229+0+0 (secure 0 0 0) 0x7efcb800be90 con 0x7efcc4070be0
2022-11-27T16:54:40.653 INFO:teuthology.orchestra.run.smithi134.stderr:/usr/bin/ceph:
2022-11-27T16:54:40.639+0000 7efcabfff700 1 -- 172.21.15.134:0/3458565408 <== mon.0 v2:172.21.15.134:3300/0 2 ==== config(25 keys) v1 ==== 982+0+0 (secure 0 0 0) 0x7efcb8011400 con 0x7efcc4070be0
2022-11-27T16:54:40.654 INFO:teuthology.orchestra.run.smithi134.stderr:/usr/bin/ceph:
2022-11-27T16:54:40.639+0000 7efcc9e77700 1 -- 172.21.15.134:0/3458565408 --> [v2:172.21.15.134:3300/0,v1:172.21.15.134:6789/0] -- mon_subscribe({mgrmap=0+}) v3 -- 0x7efcc410bc50 con 0x7efcc4070be0
2022-11-27T16:54:40.654 INFO:teuthology.orchestra.run.smithi134.stderr:/usr/bin/ceph:
2022-11-27T16:54:40.639+0000 7efcabfff700 1 -- 172.21.15.134:0/3458565408 <== mon.0 v2:172.21.15.134:3300/0 3 ==== mon_map magic: 0 v1 ==== 229+0+0 (secure 0 0 0) 0x7efcb801acd0 con 0x7efcc4070be0
2022-11-27T16:54:40.654 INFO:teuthology.orchestra.run.smithi134.stderr:/usr/bin/ceph:
2022-11-27T16:54:40.639+0000 7efcc9e77700 1 -- 172.21.15.134:0/3458565408 --> [v2:172.21.15.134:3300/0,v1:172.21.15.134:6789/0] -- mon_subscribe({osdmap=0}) v3 -- 0x7efcc410c060 con 0x7efcc4070be0
2022-11-27T16:54:40.655 INFO:teuthology.orchestra.run.smithi134.stderr:/usr/bin/ceph:
2022-11-27T16:54:40.639+0000 7efcabfff700 1 -- 172.21.15.134:0/3458565408 <== mon.0 v2:172.21.15.134:3300/0 4 ==== mgrmap(e 8) v1 ==== 38431+0+0 (secure 0 0 0) 0x7efcb802a070 con 0x7efcc4070be0
2022-11-27T16:54:40.655 INFO:teuthology.orchestra.run.smithi134.stderr:/usr/bin/ceph:
2022-11-27T16:54:40.639+0000 7efcabfff700 1 --2- 172.21.15.134:0/3458565408 >> [v2:172.21.15.134:6800/3857975499,v1:172.21.15.134:6801/3857975499] conn(0x7efcb0032200 0x7efcb00346c0 unknown :-1 s=NONE pgs=0 cs=0 l=1 rev1=0 rx=0 tx=0).connect
2022-11-27T16:54:40.656 INFO:teuthology.orchestra.run.smithi134.stderr:/usr/bin/ceph:
2022-11-27T16:54:40.639+0000 7efcabfff700 1 -- 172.21.15.134:0/3458565408 <== mon.0 v2:172.21.15.134:3300/0 5 ==== osd_map(2..2 src has 1..2) v4 ==== 893+0+0 (secure 0 0 0) 0x7efcb8044900 con 0x7efcc4070be0
2022-11-27T16:54:40.656 INFO:teuthology.orchestra.run.smithi134.stderr:/usr/bin/ceph:
2022-11-27T16:54:40.640+0000 7efcc2ffd700 1 --2- 172.21.15.134:0/3458565408 >> [v2:172.21.15.134:6800/3857975499,v1:172.21.15.134:6801/3857975499] conn(0x7efcb0032200 0x7efcb00346c0 unknown :-1 s=BANNER_CONNECTING pgs=0 cs=0 l=1 rev1=0 rx=0 tx=0)._handle_peer_banner_payload supported=1 required=0
2022-11-27T16:54:40.657 INFO:teuthology.orchestra.run.smithi134.stderr:/usr/bin/ceph:
2022-11-27T16:54:40.640+0000 7efcc9e77700 1 -- 172.21.15.134:0/3458565408 --> [v2:172.21.15.134:3300/0,v1:172.21.15.134:6789/0] -- mon_command({"prefix": "get_command_descriptions"} v 0) v1 -- 0x7efcc4059b80 con 0x7efcc4070be0
2022-11-27T16:54:40.657 INFO:teuthology.orchestra.run.smithi134.stderr:/usr/bin/ceph:
2022-11-27T16:54:40.640+0000 7efcc2ffd700 1 --2- 172.21.15.134:0/3458565408 >> [v2:172.21.15.134:6800/3857975499,v1:172.21.15.134:6801/3857975499] conn(0x7efcb0032200 0x7efcb00346c0 secure :-1 s=READY pgs=12 cs=0 l=1 rev1=1 rx=0x7efcb4009780 tx=0x7efcb4006cc0).ready entity=mgr.14116 client_cookie=0 server_cookie=0 in_seq=0 out_seq=0
2022-11-27T16:54:40.658 INFO:teuthology.orchestra.run.smithi134.stderr:/usr/bin/ceph:
2022-11-27T16:54:40.644+0000 7efcabfff700 1 -- 172.21.15.134:0/3458565408 <== mon.0 v2:172.21.15.134:3300/0 6 ==== mon_command_ack([{"prefix": "get_command_descriptions"}]=0 v0) v1 ==== 72+0+163270 (secure 0 0 0) 0x7efcb801e080 con 0x7efcc4070be0
2022-11-27T16:54:40.689 INFO:journalctl@ceph.mon.smithi134.smithi134.stdout:Nov 27 16:54:40 smithi134 ceph-0793375c-6e74-11ed-843b-001a4aab830c-mon-smithi134[104074]: audit
2022-11-27T16:54:39.120409+0000 mgr.smithi134.hexmhu (mgr.14116) 10 : audit [DBG] from='client.14136 -' entity='client.admin' cmd=[{"prefix": "orch apply", "service_type": "mon", "target": ["mon-mgr", ""]}]: dispatch
2022-11-27T16:54:40.689 INFO:journalctl@ceph.mon.smithi134.smithi134.stdout:Nov 27 16:54:40 smithi134 ceph-0793375c-6e74-11ed-843b-001a4aab830c-mon-smithi134[104074]: cephadm
2022-11-27T16:54:39.121503+0000 mgr.smithi134.hexmhu (mgr.14116) 11 : cephadm [INF] Saving service mon spec with placement count:5
2022-11-27T16:54:40.729 INFO:teuthology.orchestra.run.smithi134.stderr:/usr/bin/ceph:
2022-11-27T16:54:40.727+0000 7efcabfff700 1 -- 172.21.15.134:0/3458565408 <== mon.0 v2:172.21.15.134:3300/0 7 ==== config(25 keys) v1 ==== 1046+0+0 (secure 0 0 0) 0x7efcb8021310 con 0x7efcc4070be0
2022-11-27T16:54:40.828 INFO:teuthology.orchestra.run.smithi134.stderr:/usr/bin/ceph:
2022-11-27T16:54:40.825+0000 7efcc9e77700 1 -- 172.21.15.134:0/3458565408 --> [v2:172.21.15.134:6800/3857975499,v1:172.21.15.134:6801/3857975499] -- mgr_command(tid 0: {"prefix": "orch apply", "service_type": "mgr", "target": ["mon-mgr", ""]}) v1 -- 0x7efcc41053c0 con 0x7efcb0032200
2022-11-27T16:54:40.833 INFO:teuthology.orchestra.run.smithi134.stderr:/usr/bin/ceph:
2022-11-27T16:54:40.830+0000 7efcabfff700 1 -- 172.21.15.134:0/3458565408 <== mgr.14116 v2:172.21.15.134:6800/3857975499 1 ==== mgr_command_reply(tid 0: 0 ) v1 ==== 8+0+24 (secure 0 0 0) 0x7efcc41053c0 con 0x7efcb0032200
2022-11-27T16:54:40.833 INFO:teuthology.orchestra.run.smithi134.stderr:/usr/bin/ceph: Scheduled mgr update...
2022-11-27T16:54:40.836 INFO:teuthology.orchestra.run.smithi134.stderr:/usr/bin/ceph:
2022-11-27T16:54:40.832+0000 7efcc9e77700 1 -- 172.21.15.134:0/3458565408 >> [v2:172.21.15.134:6800/3857975499,v1:172.21.15.134:6801/3857975499] conn(0x7efcb0032200 msgr2=0x7efcb00346c0 secure :-1 s=STATE_CONNECTION_ESTABLISHED l=1).mark_down
2022-11-27T16:54:40.836 INFO:teuthology.orchestra.run.smithi134.stderr:/usr/bin/ceph:
2022-11-27T16:54:40.832+0000 7efcc9e77700 1 --2- 172.21.15.134:0/3458565408 >> [v2:172.21.15.134:6800/3857975499,v1:172.21.15.134:6801/3857975499] conn(0x7efcb0032200 0x7efcb00346c0 secure :-1 s=READY pgs=12 cs=0 l=1 rev1=1 rx=0x7efcb4009780 tx=0x7efcb4006cc0).stop
2022-11-27T16:54:40.836 INFO:teuthology.orchestra.run.smithi134.stderr:/usr/bin/ceph:
2022-11-27T16:54:40.832+0000 7efcc9e77700 1 -- 172.21.15.134:0/3458565408 >> [v2:172.21.15.134:3300/0,v1:172.21.15.134:6789/0] conn(0x7efcc4070be0 msgr2=0x7efcc410b560 secure :-1 s=STATE_CONNECTION_ESTABLISHED l=1).mark_down
2022-11-27T16:54:40.836 INFO:teuthology.orchestra.run.smithi134.stderr:/usr/bin/ceph:
2022-11-27T16:54:40.832+0000 7efcc9e77700 1 --2- 172.21.15.134:0/3458565408 >> [v2:172.21.15.134:3300/0,v1:172.21.15.134:6789/0] conn(0x7efcc4070be0 0x7efcc410b560 secure :-1 s=READY pgs=44 cs=0 l=1 rev1=1 rx=0x7efcb8011630 tx=0x7efcb80090f0).stop
2022-11-27T16:54:40.837 INFO:teuthology.orchestra.run.smithi134.stderr:/usr/bin/ceph:
2022-11-27T16:54:40.832+0000 7efcc9e77700 1 -- 172.21.15.134:0/3458565408 shutdown_connections
2022-11-27T16:54:40.837 INFO:teuthology.orchestra.run.smithi134.stderr:/usr/bin/ceph:
2022-11-27T16:54:40.832+0000 7efcc9e77700 1 --2- 172.21.15.134:0/3458565408 >> [v2:172.21.15.134:6800/3857975499,v1:172.21.15.134:6801/3857975499] conn(0x7efcb0032200 0x7efcb00346c0 unknown :-1 s=CLOSED pgs=12 cs=0 l=1 rev1=1 rx=0 tx=0).stop
2022-11-27T16:54:40.837 INFO:teuthology.orchestra.run.smithi134.stderr:/usr/bin/ceph:
2022-11-27T16:54:40.832+0000 7efcc9e77700 1 --2- 172.21.15.134:0/3458565408 >> [v2:172.21.15.134:3300/0,v1:172.21.15.134:6789/0] conn(0x7efcc4070be0 0x7efcc410b560 unknown :-1 s=CLOSED pgs=44 cs=0 l=1 rev1=1 rx=0 tx=0).stop
2022-11-27T16:54:40.838 INFO:teuthology.orchestra.run.smithi134.stderr:/usr/bin/ceph:
2022-11-27T16:54:40.832+0000 7efcc9e77700 1 -- 172.21.15.134:0/3458565408 >> 172.21.15.134:0/3458565408 conn(0x7efcc40f6e20 msgr2=0x7efcc40f88d0 unknown :-1 s=STATE_NONE l=0).mark_down
2022-11-27T16:54:40.838 INFO:teuthology.orchestra.run.smithi134.stderr:/usr/bin/ceph:
2022-11-27T16:54:40.833+0000 7efcc9e77700 1 -- 172.21.15.134:0/3458565408 shutdown_connections
2022-11-27T16:54:40.839 INFO:teuthology.orchestra.run.smithi134.stderr:/usr/bin/ceph:
2022-11-27T16:54:40.833+0000 7efcc9e77700 1 -- 172.21.15.134:0/3458565408 wait complete.
2022-11-27T16:54:41.287 INFO:teuthology.orchestra.run.smithi134.stderr:Deploying crash service with default placement...
2022-11-27T16:54:41.750 INFO:teuthology.orchestra.run.smithi134.stderr:/usr/bin/ceph:
2022-11-27T16:54:41.743+0000 7f84810b7700 1 Processor -- start
2022-11-27T16:54:41.750 INFO:teuthology.orchestra.run.smithi134.stderr:/usr/bin/ceph:
2022-11-27T16:54:41.743+0000 7f84810b7700 1 -- start start
2022-11-27T16:54:41.750 INFO:teuthology.orchestra.run.smithi134.stderr:/usr/bin/ceph:
2022-11-27T16:54:41.743+0000 7f84810b7700 1 --2- >> [v2:172.21.15.134:3300/0,v1:172.21.15.134:6789/0] conn(0x7f847c070be0 0x7f847c0ff3d0 unknown :-1 s=NONE pgs=0 cs=0 l=0 rev1=0 rx=0 tx=0).connect
2022-11-27T16:54:41.751 INFO:teuthology.orchestra.run.smithi134.stderr:/usr/bin/ceph:
2022-11-27T16:54:41.743+0000 7f84810b7700 1 -- --> [v2:172.21.15.134:3300/0,v1:172.21.15.134:6789/0] -- mon_getmap magic: 0 v1 -- 0x7f847c0ff8c0 con 0x7f847c070be0
2022-11-27T16:54:41.751 INFO:teuthology.orchestra.run.smithi134.stderr:/usr/bin/ceph:
2022-11-27T16:54:41.743+0000 7f847ad9d700 1 --2- >> [v2:172.21.15.134:3300/0,v1:172.21.15.134:6789/0] conn(0x7f847c070be0 0x7f847c0ff3d0 unknown :-1 s=BANNER_CONNECTING pgs=0 cs=0 l=0 rev1=0 rx=0 tx=0)._handle_peer_banner_payload supported=1 required=0
2022-11-27T16:54:41.751 INFO:teuthology.orchestra.run.smithi134.stderr:/usr/bin/ceph:
2022-11-27T16:54:41.743+0000 7f847ad9d700 1 --2- >> [v2:172.21.15.134:3300/0,v1:172.21.15.134:6789/0] conn(0x7f847c070be0 0x7f847c0ff3d0 unknown :-1 s=HELLO_CONNECTING pgs=0 cs=0 l=0 rev1=1 rx=0 tx=0).handle_hello peer v2:172.21.15.134:3300/0 says I am v2:172.21.15.134:53280/0 (socket says 172.21.15.134:53280)
2022-11-27T16:54:41.751 INFO:teuthology.orchestra.run.smithi134.stderr:/usr/bin/ceph:
2022-11-27T16:54:41.743+0000 7f847ad9d700 1 -- 172.21.15.134:0/1355801648 learned_addr learned my addr 172.21.15.134:0/1355801648 (peer_addr_for_me v2:172.21.15.134:0/0)
2022-11-27T16:54:41.752 INFO:teuthology.orchestra.run.smithi134.stderr:/usr/bin/ceph:
2022-11-27T16:54:41.743+0000 7f847ad9d700 1 -- 172.21.15.134:0/1355801648 --> [v2:172.21.15.134:3300/0,v1:172.21.15.134:6789/0] -- mon_subscribe({config=0+,monmap=0+}) v3 -- 0x7f847c0ffa00 con 0x7f847c070be0
2022-11-27T16:54:41.752 INFO:teuthology.orchestra.run.smithi134.stderr:/usr/bin/ceph:
2022-11-27T16:54:41.744+0000 7f847ad9d700 1 --2- 172.21.15.134:0/1355801648 >> [v2:172.21.15.134:3300/0,v1:172.21.15.134:6789/0] conn(0x7f847c070be0 0x7f847c0ff3d0 secure :-1 s=READY pgs=45 cs=0 l=1 rev1=1 rx=0x7f846c009730 tx=0x7f846c0090f0).ready entity=mon.0 client_cookie=80a771e05faeda42 server_cookie=0 in_seq=0 out_seq=0
2022-11-27T16:54:41.752 INFO:teuthology.orchestra.run.smithi134.stderr:/usr/bin/ceph:
2022-11-27T16:54:41.744+0000 7f8479d9b700 1 -- 172.21.15.134:0/1355801648 <== mon.0 v2:172.21.15.134:3300/0 1 ==== mon_map magic: 0 v1 ==== 229+0+0 (secure 0 0 0) 0x7f846c00b770 con 0x7f847c070be0
2022-11-27T16:54:41.752 INFO:teuthology.orchestra.run.smithi134.stderr:/usr/bin/ceph:
2022-11-27T16:54:41.744+0000 7f8479d9b700 1 -- 172.21.15.134:0/1355801648 <== mon.0 v2:172.21.15.134:3300/0 2 ==== config(25 keys) v1 ==== 1046+0+0 (secure 0 0 0) 0x7f846c00bd60 con 0x7f847c070be0
2022-11-27T16:54:41.753 INFO:teuthology.orchestra.run.smithi134.stderr:/usr/bin/ceph:
2022-11-27T16:54:41.744+0000 7f8479d9b700 1 -- 172.21.15.134:0/1355801648 <== mon.0 v2:172.21.15.134:3300/0 3 ==== mon_map magic: 0 v1 ==== 229+0+0 (secure 0 0 0) 0x7f846c011d90 con 0x7f847c070be0
2022-11-27T16:54:41.753 INFO:teuthology.orchestra.run.smithi134.stderr:/usr/bin/ceph:
2022-11-27T16:54:41.745+0000 7f84810b7700 1 -- 172.21.15.134:0/1355801648 >> [v2:172.21.15.134:3300/0,v1:172.21.15.134:6789/0] conn(0x7f847c070be0 msgr2=0x7f847c0ff3d0 secure :-1 s=STATE_CONNECTION_ESTABLISHED l=1).mark_down
2022-11-27T16:54:41.753 INFO:teuthology.orchestra.run.smithi134.stderr:/usr/bin/ceph:
2022-11-27T16:54:41.745+0000 7f84810b7700 1 --2- 172.21.15.134:0/1355801648 >> [v2:172.21.15.134:3300/0,v1:172.21.15.134:6789/0] conn(0x7f847c070be0 0x7f847c0ff3d0 secure :-1 s=READY pgs=45 cs=0 l=1 rev1=1 rx=0x7f846c009730 tx=0x7f846c0090f0).stop
2022-11-27T16:54:41.754 INFO:teuthology.orchestra.run.smithi134.stderr:/usr/bin/ceph:
2022-11-27T16:54:41.745+0000 7f84810b7700 1 -- 172.21.15.134:0/1355801648 shutdown_connections
2022-11-27T16:54:41.754 INFO:teuthology.orchestra.run.smithi134.stderr:/usr/bin/ceph:
2022-11-27T16:54:41.745+0000 7f84810b7700 1 --2- 172.21.15.134:0/1355801648 >> [v2:172.21.15.134:3300/0,v1:172.21.15.134:6789/0] conn(0x7f847c070be0 0x7f847c0ff3d0 unknown :-1 s=CLOSED pgs=45 cs=0 l=1 rev1=1 rx=0 tx=0).stop
2022-11-27T16:54:41.754 INFO:teuthology.orchestra.run.smithi134.stderr:/usr/bin/ceph:
2022-11-27T16:54:41.745+0000 7f84810b7700 1 -- 172.21.15.134:0/1355801648 >> 172.21.15.134:0/1355801648 conn(0x7f847c0f6df0 msgr2=0x7f847c0f9250 unknown :-1 s=STATE_NONE l=0).mark_down
2022-11-27T16:54:41.754 INFO:teuthology.orchestra.run.smithi134.stderr:/usr/bin/ceph:
2022-11-27T16:54:41.745+0000 7f84810b7700 1 -- 172.21.15.134:0/1355801648 shutdown_connections
2022-11-27T16:54:41.755 INFO:teuthology.orchestra.run.smithi134.stderr:/usr/bin/ceph:
2022-11-27T16:54:41.745+0000 7f84810b7700 1 -- 172.21.15.134:0/1355801648 wait complete.
2022-11-27T16:54:41.755 INFO:teuthology.orchestra.run.smithi134.stderr:/usr/bin/ceph:
2022-11-27T16:54:41.746+0000 7f84810b7700 1 Processor -- start
2022-11-27T16:54:41.755 INFO:teuthology.orchestra.run.smithi134.stderr:/usr/bin/ceph:
2022-11-27T16:54:41.746+0000 7f84810b7700 1 -- start start
2022-11-27T16:54:41.755 INFO:teuthology.orchestra.run.smithi134.stderr:/usr/bin/ceph:
2022-11-27T16:54:41.746+0000 7f84810b7700 1 --2- >> [v2:172.21.15.134:3300/0,v1:172.21.15.134:6789/0] conn(0x7f847c070be0 0x7f847c0fce50 unknown :-1 s=NONE pgs=0 cs=0 l=1 rev1=0 rx=0 tx=0).connect
2022-11-27T16:54:41.756 INFO:teuthology.orchestra.run.smithi134.stderr:/usr/bin/ceph:
2022-11-27T16:54:41.746+0000 7f84810b7700 1 -- --> [v2:172.21.15.134:3300/0,v1:172.21.15.134:6789/0] -- mon_getmap magic: 0 v1 -- 0x7f847c0fb2d0 con 0x7f847c070be0
2022-11-27T16:54:41.756 INFO:teuthology.orchestra.run.smithi134.stderr:/usr/bin/ceph:
2022-11-27T16:54:41.746+0000 7f847ad9d700 1 --2- >> [v2:172.21.15.134:3300/0,v1:172.21.15.134:6789/0] conn(0x7f847c070be0 0x7f847c0fce50 unknown :-1 s=BANNER_CONNECTING pgs=0 cs=0 l=1 rev1=0 rx=0 tx=0)._handle_peer_banner_payload supported=1 required=0
2022-11-27T16:54:41.756 INFO:teuthology.orchestra.run.smithi134.stderr:/usr/bin/ceph:
2022-11-27T16:54:41.746+0000 7f847ad9d700 1 --2- >> [v2:172.21.15.134:3300/0,v1:172.21.15.134:6789/0] conn(0x7f847c070be0 0x7f847c0fce50 unknown :-1 s=HELLO_CONNECTING pgs=0 cs=0 l=1 rev1=1 rx=0 tx=0).handle_hello peer v2:172.21.15.134:3300/0 says I am v2:172.21.15.134:53296/0 (socket says 172.21.15.134:53296)
2022-11-27T16:54:41.756 INFO:teuthology.orchestra.run.smithi134.stderr:/usr/bin/ceph:
2022-11-27T16:54:41.746+0000 7f847ad9d700 1 -- 172.21.15.134:0/3202161221 learned_addr learned my addr 172.21.15.134:0/3202161221 (peer_addr_for_me v2:172.21.15.134:0/0)
2022-11-27T16:54:41.757 INFO:teuthology.orchestra.run.smithi134.stderr:/usr/bin/ceph:
2022-11-27T16:54:41.746+0000 7f847ad9d700 1 -- 172.21.15.134:0/3202161221 --> [v2:172.21.15.134:3300/0,v1:172.21.15.134:6789/0] -- mon_subscribe({config=0+,monmap=0+}) v3 -- 0x7f846c009370 con 0x7f847c070be0
2022-11-27T16:54:41.757 INFO:teuthology.orchestra.run.smithi134.stderr:/usr/bin/ceph:
2022-11-27T16:54:41.747+0000 7f847ad9d700 1 --2- 172.21.15.134:0/3202161221 >> [v2:172.21.15.134:3300/0,v1:172.21.15.134:6789/0] conn(0x7f847c070be0 0x7f847c0fce50 secure :-1 s=READY pgs=46 cs=0 l=1 rev1=1 rx=0x7f846c009fd0 tx=0x7f846c0090f0).ready entity=mon.0 client_cookie=0 server_cookie=0 in_seq=0 out_seq=0
2022-11-27T16:54:41.757 INFO:teuthology.orchestra.run.smithi134.stderr:/usr/bin/ceph:
2022-11-27T16:54:41.747+0000 7f84637fe700 1 -- 172.21.15.134:0/3202161221 <== mon.0 v2:172.21.15.134:3300/0 1 ==== mon_map magic: 0 v1 ==== 229+0+0 (secure 0 0 0) 0x7f846c011dc0 con 0x7f847c070be0
2022-11-27T16:54:41.757 INFO:teuthology.orchestra.run.smithi134.stderr:/usr/bin/ceph:
2022-11-27T16:54:41.747+0000 7f84637fe700 1 -- 172.21.15.134:0/3202161221 <== mon.0 v2:172.21.15.134:3300/0 2 ==== config(25 keys) v1 ==== 1046+0+0 (secure 0 0 0) 0x7f846c00bba0 con 0x7f847c070be0
2022-11-27T16:54:41.758 INFO:teuthology.orchestra.run.smithi134.stderr:/usr/bin/ceph:
2022-11-27T16:54:41.747+0000 7f84810b7700 1 -- 172.21.15.134:0/3202161221 --> [v2:172.21.15.134:3300/0,v1:172.21.15.134:6789/0] -- mon_subscribe({mgrmap=0+}) v3 -- 0x7f847c0fb470 con 0x7f847c070be0
2022-11-27T16:54:41.758 INFO:teuthology.orchestra.run.smithi134.stderr:/usr/bin/ceph:
2022-11-27T16:54:41.747+0000 7f84637fe700 1 -- 172.21.15.134:0/3202161221 <== mon.0 v2:172.21.15.134:3300/0 3 ==== mon_map magic: 0 v1 ==== 229+0+0 (secure 0 0 0) 0x7f846c01ac00 con 0x7f847c070be0
2022-11-27T16:54:41.759 INFO:teuthology.orchestra.run.smithi134.stderr:/usr/bin/ceph:
2022-11-27T16:54:41.747+0000 7f84810b7700 1 -- 172.21.15.134:0/3202161221 --> [v2:172.21.15.134:3300/0,v1:172.21.15.134:6789/0] -- mon_subscribe({osdmap=0}) v3 -- 0x7f847c0fb880 con 0x7f847c070be0
2022-11-27T16:54:41.760 INFO:teuthology.orchestra.run.smithi134.stderr:/usr/bin/ceph:
2022-11-27T16:54:41.748+0000 7f84637fe700 1 -- 172.21.15.134:0/3202161221 <== mon.0 v2:172.21.15.134:3300/0 4 ==== mgrmap(e 8) v1 ==== 38431+0+0 (secure 0 0 0) 0x7f846c02a070 con 0x7f847c070be0
2022-11-27T16:54:41.760 INFO:teuthology.orchestra.run.smithi134.stderr:/usr/bin/ceph:
2022-11-27T16:54:41.748+0000 7f84637fe700 1 --2- 172.21.15.134:0/3202161221 >> [v2:172.21.15.134:6800/3857975499,v1:172.21.15.134:6801/3857975499] conn(0x7f8468032200 0x7f84680346c0 unknown :-1 s=NONE pgs=0 cs=0 l=1 rev1=0 rx=0 tx=0).connect
2022-11-27T16:54:41.760 INFO:teuthology.orchestra.run.smithi134.stderr:/usr/bin/ceph:
2022-11-27T16:54:41.748+0000 7f84637fe700 1 -- 172.21.15.134:0/3202161221 <== mon.0 v2:172.21.15.134:3300/0 5 ==== osd_map(2..2 src has 1..2) v4 ==== 893+0+0 (secure 0 0 0) 0x7f846c044480 con 0x7f847c070be0
2022-11-27T16:54:41.760 INFO:teuthology.orchestra.run.smithi134.stderr:/usr/bin/ceph:
2022-11-27T16:54:41.748+0000 7f84810b7700 1 -- 172.21.15.134:0/3202161221 --> [v2:172.21.15.134:3300/0,v1:172.21.15.134:6789/0] -- mon_command({"prefix": "get_command_descriptions"} v 0) v1 -- 0x7f847c046550 con 0x7f847c070be0
2022-11-27T16:54:41.761 INFO:teuthology.orchestra.run.smithi134.stderr:/usr/bin/ceph:
2022-11-27T16:54:41.748+0000 7f847a59c700 1 --2- 172.21.15.134:0/3202161221 >> [v2:172.21.15.134:6800/3857975499,v1:172.21.15.134:6801/3857975499] conn(0x7f8468032200 0x7f84680346c0 unknown :-1 s=BANNER_CONNECTING pgs=0 cs=0 l=1 rev1=0 rx=0 tx=0)._handle_peer_banner_payload supported=1 required=0
2022-11-27T16:54:41.761 INFO:teuthology.orchestra.run.smithi134.stderr:/usr/bin/ceph:
2022-11-27T16:54:41.748+0000 7f847a59c700 1 --2- 172.21.15.134:0/3202161221 >> [v2:172.21.15.134:6800/3857975499,v1:172.21.15.134:6801/3857975499] conn(0x7f8468032200 0x7f84680346c0 secure :-1 s=READY pgs=13 cs=0 l=1 rev1=1 rx=0x7f8470009780 tx=0x7f8470006cc0).ready entity=mgr.14116 client_cookie=0 server_cookie=0 in_seq=0 out_seq=0
2022-11-27T16:54:41.761 INFO:teuthology.orchestra.run.smithi134.stderr:/usr/bin/ceph:
2022-11-27T16:54:41.752+0000 7f84637fe700 1 -- 172.21.15.134:0/3202161221 <== mon.0 v2:172.21.15.134:3300/0 6 ==== mon_command_ack([{"prefix": "get_command_descriptions"}]=0 v0) v1 ==== 72+0+163270 (secure 0 0 0) 0x7f846c01e070 con 0x7f847c070be0
2022-11-27T16:54:41.939 INFO:journalctl@ceph.mon.smithi134.smithi134.stdout:Nov 27 16:54:41 smithi134 ceph-0793375c-6e74-11ed-843b-001a4aab830c-mon-smithi134[104074]: audit
2022-11-27T16:54:40.728132+0000 mon.smithi134 (mon.0) 56 : audit [INF] from='mgr.14116 172.21.15.134:0/3076843774' entity='mgr.smithi134.hexmhu'
2022-11-27T16:54:41.940 INFO:journalctl@ceph.mon.smithi134.smithi134.stdout:Nov 27 16:54:41 smithi134 ceph-0793375c-6e74-11ed-843b-001a4aab830c-mon-smithi134[104074]: audit
2022-11-27T16:54:40.827382+0000 mgr.smithi134.hexmhu (mgr.14116) 12 : audit [DBG] from='client.14138 -' entity='client.admin' cmd=[{"prefix": "orch apply", "service_type": "mgr", "target": ["mon-mgr", ""]}]: dispatch
2022-11-27T16:54:41.940 INFO:journalctl@ceph.mon.smithi134.smithi134.stdout:Nov 27 16:54:41 smithi134 ceph-0793375c-6e74-11ed-843b-001a4aab830c-mon-smithi134[104074]: cephadm
2022-11-27T16:54:40.828579+0000 mgr.smithi134.hexmhu (mgr.14116) 13 : cephadm [INF] Saving service mgr spec with placement count:2
2022-11-27T16:54:41.940 INFO:journalctl@ceph.mon.smithi134.smithi134.stdout:Nov 27 16:54:41 smithi134 ceph-0793375c-6e74-11ed-843b-001a4aab830c-mon-smithi134[104074]: audit
2022-11-27T16:54:40.831182+0000 mon.smithi134 (mon.0) 57 : audit [INF] from='mgr.14116 172.21.15.134:0/3076843774' entity='mgr.smithi134.hexmhu'
2022-11-27T16:54:41.940 INFO:journalctl@ceph.mon.smithi134.smithi134.stdout:Nov 27 16:54:41 smithi134 ceph-0793375c-6e74-11ed-843b-001a4aab830c-mon-smithi134[104074]: audit
2022-11-27T16:54:41.121599+0000 mon.smithi134 (mon.0) 58 : audit [INF] from='mgr.14116 172.21.15.134:0/3076843774' entity='mgr.smithi134.hexmhu'
2022-11-27T16:54:41.941 INFO:teuthology.orchestra.run.smithi134.stderr:/usr/bin/ceph:
2022-11-27T16:54:41.937+0000 7f84810b7700 1 -- 172.21.15.134:0/3202161221 --> [v2:172.21.15.134:6800/3857975499,v1:172.21.15.134:6801/3857975499] -- mgr_command(tid 0: {"prefix": "orch apply", "service_type": "crash", "target": ["mon-mgr", ""]}) v1 -- 0x7f847c1054c0 con 0x7f8468032200
2022-11-27T16:54:41.948 INFO:teuthology.orchestra.run.smithi134.stderr:/usr/bin/ceph:
2022-11-27T16:54:41.946+0000 7f84637fe700 1 -- 172.21.15.134:0/3202161221 <== mgr.14116 v2:172.21.15.134:6800/3857975499 1 ==== mgr_command_reply(tid 0: 0 ) v1 ==== 8+0+26 (secure 0 0 0) 0x7f847c1054c0 con 0x7f8468032200
2022-11-27T16:54:41.949 INFO:teuthology.orchestra.run.smithi134.stderr:/usr/bin/ceph: Scheduled crash update...
2022-11-27T16:54:41.952 INFO:teuthology.orchestra.run.smithi134.stderr:/usr/bin/ceph:
2022-11-27T16:54:41.948+0000 7f84810b7700 1 -- 172.21.15.134:0/3202161221 >> [v2:172.21.15.134:6800/3857975499,v1:172.21.15.134:6801/3857975499] conn(0x7f8468032200 msgr2=0x7f84680346c0 secure :-1 s=STATE_CONNECTION_ESTABLISHED l=1).mark_down
2022-11-27T16:54:41.953 INFO:teuthology.orchestra.run.smithi134.stderr:/usr/bin/ceph:
2022-11-27T16:54:41.948+0000 7f84810b7700 1 --2- 172.21.15.134:0/3202161221 >> [v2:172.21.15.134:6800/3857975499,v1:172.21.15.134:6801/3857975499] conn(0x7f8468032200 0x7f84680346c0 secure :-1 s=READY pgs=13 cs=0 l=1 rev1=1 rx=0x7f8470009780 tx=0x7f8470006cc0).stop
2022-11-27T16:54:41.953 INFO:teuthology.orchestra.run.smithi134.stderr:/usr/bin/ceph:
2022-11-27T16:54:41.948+0000 7f84810b7700 1 -- 172.21.15.134:0/3202161221 >> [v2:172.21.15.134:3300/0,v1:172.21.15.134:6789/0] conn(0x7f847c070be0 msgr2=0x7f847c0fce50 secure :-1 s=STATE_CONNECTION_ESTABLISHED l=1).mark_down
2022-11-27T16:54:41.954 INFO:teuthology.orchestra.run.smithi134.stderr:/usr/bin/ceph:
2022-11-27T16:54:41.948+0000 7f84810b7700 1 --2- 172.21.15.134:0/3202161221 >> [v2:172.21.15.134:3300/0,v1:172.21.15.134:6789/0] conn(0x7f847c070be0 0x7f847c0fce50 secure :-1 s=READY pgs=46 cs=0 l=1 rev1=1 rx=0x7f846c009fd0 tx=0x7f846c0090f0).stop
2022-11-27T16:54:41.954 INFO:teuthology.orchestra.run.smithi134.stderr:/usr/bin/ceph:
2022-11-27T16:54:41.948+0000 7f84810b7700 1 -- 172.21.15.134:0/3202161221 shutdown_connections
2022-11-27T16:54:41.954 INFO:teuthology.orchestra.run.smithi134.stderr:/usr/bin/ceph:
2022-11-27T16:54:41.948+0000 7f84810b7700 1 --2- 172.21.15.134:0/3202161221 >> [v2:172.21.15.134:6800/3857975499,v1:172.21.15.134:6801/3857975499] conn(0x7f8468032200 0x7f84680346c0 unknown :-1 s=CLOSED pgs=13 cs=0 l=1 rev1=1 rx=0 tx=0).stop
2022-11-27T16:54:41.955 INFO:teuthology.orchestra.run.smithi134.stderr:/usr/bin/ceph:
2022-11-27T16:54:41.948+0000 7f84810b7700 1 --2- 172.21.15.134:0/3202161221 >> [v2:172.21.15.134:3300/0,v1:172.21.15.134:6789/0] conn(0x7f847c070be0 0x7f847c0fce50 unknown :-1 s=CLOSED pgs=46 cs=0 l=1 rev1=1 rx=0 tx=0).stop
2022-11-27T16:54:41.955 INFO:teuthology.orchestra.run.smithi134.stderr:/usr/bin/ceph:
2022-11-27T16:54:41.948+0000 7f84810b7700 1 -- 172.21.15.134:0/3202161221 >> 172.21.15.134:0/3202161221 conn(0x7f847c0f6df0 msgr2=0x7f847c0f88b0 unknown :-1 s=STATE_NONE l=0).mark_down
2022-11-27T16:54:41.956 INFO:teuthology.orchestra.run.smithi134.stderr:/usr/bin/ceph:
2022-11-27T16:54:41.948+0000 7f84810b7700 1 -- 172.21.15.134:0/3202161221 shutdown_connections
2022-11-27T16:54:41.956 INFO:teuthology.orchestra.run.smithi134.stderr:/usr/bin/ceph:
2022-11-27T16:54:41.948+0000 7f84810b7700 1 -- 172.21.15.134:0/3202161221 wait complete.
2022-11-27T16:54:42.423 INFO:teuthology.orchestra.run.smithi134.stderr:Deploying prometheus service with default placement...
2022-11-27T16:54:43.070 INFO:teuthology.orchestra.run.smithi134.stderr:/usr/bin/ceph:
2022-11-27T16:54:43.059+0000 7f46d3029700 1 Processor -- start
2022-11-27T16:54:43.070 INFO:teuthology.orchestra.run.smithi134.stderr:/usr/bin/ceph:
2022-11-27T16:54:43.059+0000 7f46d3029700 1 -- start start
2022-11-27T16:54:43.071 INFO:teuthology.orchestra.run.smithi134.stderr:/usr/bin/ceph:
2022-11-27T16:54:43.060+0000 7f46d3029700 1 --2- >> [v2:172.21.15.134:3300/0,v1:172.21.15.134:6789/0] conn(0x7f46cc0fcd60 0x7f46cc0fd180 unknown :-1 s=NONE pgs=0 cs=0 l=0 rev1=0 rx=0 tx=0).connect
2022-11-27T16:54:43.071 INFO:teuthology.orchestra.run.smithi134.stderr:/usr/bin/ceph:
2022-11-27T16:54:43.060+0000 7f46d3029700 1 -- --> [v2:172.21.15.134:3300/0,v1:172.21.15.134:6789/0] -- mon_getmap magic: 0 v1 -- 0x7f46cc0fd670 con 0x7f46cc0fcd60
2022-11-27T16:54:43.071 INFO:teuthology.orchestra.run.smithi134.stderr:/usr/bin/ceph:
2022-11-27T16:54:43.060+0000 7f46d0dc5700 1 --2- >> [v2:172.21.15.134:3300/0,v1:172.21.15.134:6789/0] conn(0x7f46cc0fcd60 0x7f46cc0fd180 unknown :-1 s=BANNER_CONNECTING pgs=0 cs=0 l=0 rev1=0 rx=0 tx=0)._handle_peer_banner_payload supported=1 required=0
2022-11-27T16:54:43.072 INFO:teuthology.orchestra.run.smithi134.stderr:/usr/bin/ceph:
2022-11-27T16:54:43.060+0000 7f46d0dc5700 1 --2- >> [v2:172.21.15.134:3300/0,v1:172.21.15.134:6789/0] conn(0x7f46cc0fcd60 0x7f46cc0fd180 unknown :-1 s=HELLO_CONNECTING pgs=0 cs=0 l=0 rev1=1 rx=0 tx=0).handle_hello peer v2:172.21.15.134:3300/0 says I am v2:172.21.15.134:53310/0 (socket says 172.21.15.134:53310)
2022-11-27T16:54:43.072 INFO:teuthology.orchestra.run.smithi134.stderr:/usr/bin/ceph:
2022-11-27T16:54:43.060+0000 7f46d0dc5700 1 -- 172.21.15.134:0/3794553536 learned_addr learned my addr 172.21.15.134:0/3794553536 (peer_addr_for_me v2:172.21.15.134:0/0)
2022-11-27T16:54:43.072 INFO:teuthology.orchestra.run.smithi134.stderr:/usr/bin/ceph:
2022-11-27T16:54:43.060+0000 7f46d0dc5700 1 -- 172.21.15.134:0/3794553536 --> [v2:172.21.15.134:3300/0,v1:172.21.15.134:6789/0] -- mon_subscribe({config=0+,monmap=0+}) v3 -- 0x7f46cc0fd7b0 con 0x7f46cc0fcd60
2022-11-27T16:54:43.073 INFO:teuthology.orchestra.run.smithi134.stderr:/usr/bin/ceph:
2022-11-27T16:54:43.060+0000 7f46d0dc5700 1 --2- 172.21.15.134:0/3794553536 >> [v2:172.21.15.134:3300/0,v1:172.21.15.134:6789/0] conn(0x7f46cc0fcd60 0x7f46cc0fd180 secure :-1 s=READY pgs=47 cs=0 l=1 rev1=1 rx=0x7f46c0009730 tx=0x7f46c00090f0).ready entity=mon.0 client_cookie=40e247ce8c28b658 server_cookie=0 in_seq=0 out_seq=0
2022-11-27T16:54:43.073 INFO:teuthology.orchestra.run.smithi134.stderr:/usr/bin/ceph:
2022-11-27T16:54:43.060+0000 7f46cb7fe700 1 -- 172.21.15.134:0/3794553536 <== mon.0 v2:172.21.15.134:3300/0 1 ==== mon_map magic: 0 v1 ==== 229+0+0 (secure 0 0 0) 0x7f46c000b6e0 con 0x7f46cc0fcd60
2022-11-27T16:54:43.073 INFO:teuthology.orchestra.run.smithi134.stderr:/usr/bin/ceph:
2022-11-27T16:54:43.060+0000 7f46cb7fe700 1 -- 172.21.15.134:0/3794553536 <== mon.0 v2:172.21.15.134:3300/0 2 ==== config(25 keys) v1 ==== 1046+0+0 (secure 0 0 0) 0x7f46c000bcd0 con 0x7f46cc0fcd60
2022-11-27T16:54:43.073 INFO:teuthology.orchestra.run.smithi134.stderr:/usr/bin/ceph:
2022-11-27T16:54:43.060+0000 7f46cb7fe700 1 -- 172.21.15.134:0/3794553536 <== mon.0 v2:172.21.15.134:3300/0 3 ==== mon_map magic: 0 v1 ==== 229+0+0 (secure 0 0 0) 0x7f46c0011cb0 con 0x7f46cc0fcd60
2022-11-27T16:54:43.074 INFO:teuthology.orchestra.run.smithi134.stderr:/usr/bin/ceph:
2022-11-27T16:54:43.061+0000 7f46d3029700 1 -- 172.21.15.134:0/3794553536 >> [v2:172.21.15.134:3300/0,v1:172.21.15.134:6789/0] conn(0x7f46cc0fcd60 msgr2=0x7f46cc0fd180 secure :-1 s=STATE_CONNECTION_ESTABLISHED l=1).mark_down
2022-11-27T16:54:43.074 INFO:teuthology.orchestra.run.smithi134.stderr:/usr/bin/ceph:
2022-11-27T16:54:43.061+0000 7f46d3029700 1 --2- 172.21.15.134:0/3794553536 >> [v2:172.21.15.134:3300/0,v1:172.21.15.134:6789/0] conn(0x7f46cc0fcd60 0x7f46cc0fd180 secure :-1 s=READY pgs=47 cs=0 l=1 rev1=1 rx=0x7f46c0009730 tx=0x7f46c00090f0).stop
2022-11-27T16:54:43.074 INFO:teuthology.orchestra.run.smithi134.stderr:/usr/bin/ceph:
2022-11-27T16:54:43.061+0000 7f46d3029700 1 -- 172.21.15.134:0/3794553536 shutdown_connections
2022-11-27T16:54:43.074 INFO:teuthology.orchestra.run.smithi134.stderr:/usr/bin/ceph:
2022-11-27T16:54:43.061+0000 7f46d3029700 1 --2- 172.21.15.134:0/3794553536 >> [v2:172.21.15.134:3300/0,v1:172.21.15.134:6789/0] conn(0x7f46cc0fcd60 0x7f46cc0fd180 unknown :-1 s=CLOSED pgs=47 cs=0 l=1 rev1=1 rx=0 tx=0).stop
2022-11-27T16:54:43.075 INFO:teuthology.orchestra.run.smithi134.stderr:/usr/bin/ceph:
2022-11-27T16:54:43.061+0000 7f46d3029700 1 -- 172.21.15.134:0/3794553536 >> 172.21.15.134:0/3794553536 conn(0x7f46cc0f6590 msgr2=0x7f46cc0f89d0 unknown :-1 s=STATE_NONE l=0).mark_down
2022-11-27T16:54:43.075 INFO:teuthology.orchestra.run.smithi134.stderr:/usr/bin/ceph:
2022-11-27T16:54:43.061+0000 7f46d3029700 1 -- 172.21.15.134:0/3794553536 shutdown_connections
2022-11-27T16:54:43.075 INFO:teuthology.orchestra.run.smithi134.stderr:/usr/bin/ceph:
2022-11-27T16:54:43.061+0000 7f46d3029700 1 -- 172.21.15.134:0/3794553536 wait complete.
2022-11-27T16:54:43.076 INFO:teuthology.orchestra.run.smithi134.stderr:/usr/bin/ceph:
2022-11-27T16:54:43.062+0000 7f46d3029700 1 Processor -- start
2022-11-27T16:54:43.076 INFO:teuthology.orchestra.run.smithi134.stderr:/usr/bin/ceph:
2022-11-27T16:54:43.062+0000 7f46d3029700 1 -- start start
2022-11-27T16:54:43.076 INFO:teuthology.orchestra.run.smithi134.stderr:/usr/bin/ceph:
2022-11-27T16:54:43.062+0000 7f46d3029700 1 --2- >> [v2:172.21.15.134:3300/0,v1:172.21.15.134:6789/0] conn(0x7f46cc0fcd60 0x7f46cc10d750 unknown :-1 s=NONE pgs=0 cs=0 l=1 rev1=0 rx=0 tx=0).connect
2022-11-27T16:54:43.076 INFO:teuthology.orchestra.run.smithi134.stderr:/usr/bin/ceph:
2022-11-27T16:54:43.062+0000 7f46d3029700 1 -- --> [v2:172.21.15.134:3300/0,v1:172.21.15.134:6789/0] -- mon_getmap magic: 0 v1 -- 0x7f46cc10dc40 con 0x7f46cc0fcd60
2022-11-27T16:54:43.077 INFO:teuthology.orchestra.run.smithi134.stderr:/usr/bin/ceph:
2022-11-27T16:54:43.062+0000 7f46d0dc5700 1 --2- >> [v2:172.21.15.134:3300/0,v1:172.21.15.134:6789/0] conn(0x7f46cc0fcd60 0x7f46cc10d750 unknown :-1 s=BANNER_CONNECTING pgs=0 cs=0 l=1 rev1=0 rx=0 tx=0)._handle_peer_banner_payload supported=1 required=0
2022-11-27T16:54:43.077 INFO:teuthology.orchestra.run.smithi134.stderr:/usr/bin/ceph:
2022-11-27T16:54:43.062+0000 7f46d0dc5700 1 --2- >> [v2:172.21.15.134:3300/0,v1:172.21.15.134:6789/0] conn(0x7f46cc0fcd60 0x7f46cc10d750 unknown :-1 s=HELLO_CONNECTING pgs=0 cs=0 l=1 rev1=1 rx=0 tx=0).handle_hello peer v2:172.21.15.134:3300/0 says I am v2:172.21.15.134:53318/0 (socket says 172.21.15.134:53318)
2022-11-27T16:54:43.077 INFO:teuthology.orchestra.run.smithi134.stderr:/usr/bin/ceph:
2022-11-27T16:54:43.062+0000 7f46d0dc5700 1 -- 172.21.15.134:0/2385296066 learned_addr learned my addr 172.21.15.134:0/2385296066 (peer_addr_for_me v2:172.21.15.134:0/0)
2022-11-27T16:54:43.077 INFO:teuthology.orchestra.run.smithi134.stderr:/usr/bin/ceph:
2022-11-27T16:54:43.062+0000 7f46d0dc5700 1 -- 172.21.15.134:0/2385296066 --> [v2:172.21.15.134:3300/0,v1:172.21.15.134:6789/0] -- mon_subscribe({config=0+,monmap=0+}) v3 -- 0x7f46c0009370 con 0x7f46cc0fcd60
2022-11-27T16:54:43.078 INFO:teuthology.orchestra.run.smithi134.stderr:/usr/bin/ceph:
2022-11-27T16:54:43.062+0000 7f46d0dc5700 1 --2- 172.21.15.134:0/2385296066 >> [v2:172.21.15.134:3300/0,v1:172.21.15.134:6789/0] conn(0x7f46cc0fcd60 0x7f46cc10d750 secure :-1 s=READY pgs=48 cs=0 l=1 rev1=1 rx=0x7f46c0006ba0 tx=0x7f46c00090f0).ready entity=mon.0 client_cookie=0 server_cookie=0 in_seq=0 out_seq=0
2022-11-27T16:54:43.078 INFO:teuthology.orchestra.run.smithi134.stderr:/usr/bin/ceph:
2022-11-27T16:54:43.063+0000 7f46c97fa700 1 -- 172.21.15.134:0/2385296066 <== mon.0 v2:172.21.15.134:3300/0 1 ==== mon_map magic: 0 v1 ==== 229+0+0 (secure 0 0 0) 0x7f46c001a640 con 0x7f46cc0fcd60
2022-11-27T16:54:43.078 INFO:teuthology.orchestra.run.smithi134.stderr:/usr/bin/ceph:
2022-11-27T16:54:43.063+0000 7f46c97fa700 1 -- 172.21.15.134:0/2385296066 <== mon.0 v2:172.21.15.134:3300/0 2 ==== config(25 keys) v1 ==== 1046+0+0 (secure 0 0 0) 0x7f46c001ac30 con 0x7f46cc0fcd60
2022-11-27T16:54:43.078 INFO:teuthology.orchestra.run.smithi134.stderr:/usr/bin/ceph:
2022-11-27T16:54:43.063+0000 7f46d3029700 1 -- 172.21.15.134:0/2385296066 --> [v2:172.21.15.134:3300/0,v1:172.21.15.134:6789/0] -- mon_subscribe({mgrmap=0+}) v3 -- 0x7f46cc10de40 con 0x7f46cc0fcd60
2022-11-27T16:54:43.079 INFO:teuthology.orchestra.run.smithi134.stderr:/usr/bin/ceph:
2022-11-27T16:54:43.063+0000 7f46c97fa700 1 -- 172.21.15.134:0/2385296066 <== mon.0 v2:172.21.15.134:3300/0 3 ==== mon_map magic: 0 v1 ==== 229+0+0 (secure 0 0 0) 0x7f46c0022b60 con 0x7f46cc0fcd60
2022-11-27T16:54:43.079 INFO:teuthology.orchestra.run.smithi134.stderr:/usr/bin/ceph:
2022-11-27T16:54:43.063+0000 7f46d3029700 1 -- 172.21.15.134:0/2385296066 --> [v2:172.21.15.134:3300/0,v1:172.21.15.134:6789/0] -- mon_subscribe({osdmap=0}) v3 -- 0x7f46cc10e250 con 0x7f46cc0fcd60
2022-11-27T16:54:43.079 INFO:teuthology.orchestra.run.smithi134.stderr:/usr/bin/ceph:
2022-11-27T16:54:43.064+0000 7f46c97fa700 1 -- 172.21.15.134:0/2385296066 <== mon.0 v2:172.21.15.134:3300/0 4 ==== mgrmap(e 8) v1 ==== 38431+0+0 (secure 0 0 0) 0x7f46c002a070 con 0x7f46cc0fcd60
2022-11-27T16:54:43.080 INFO:teuthology.orchestra.run.smithi134.stderr:/usr/bin/ceph:
2022-11-27T16:54:43.064+0000 7f46d3029700 1 -- 172.21.15.134:0/2385296066 --> [v2:172.21.15.134:3300/0,v1:172.21.15.134:6789/0] -- mon_command({"prefix": "get_command_descriptions"} v 0) v1 -- 0x7f46cc046550 con 0x7f46cc0fcd60
2022-11-27T16:54:43.080 INFO:teuthology.orchestra.run.smithi134.stderr:/usr/bin/ceph:
2022-11-27T16:54:43.064+0000 7f46c97fa700 1 --2- 172.21.15.134:0/2385296066 >> [v2:172.21.15.134:6800/3857975499,v1:172.21.15.134:6801/3857975499] conn(0x7f46b0032250 0x7f46b0034710 unknown :-1 s=NONE pgs=0 cs=0 l=1 rev1=0 rx=0 tx=0).connect
2022-11-27T16:54:43.080 INFO:teuthology.orchestra.run.smithi134.stderr:/usr/bin/ceph:
2022-11-27T16:54:43.064+0000 7f46c97fa700 1 -- 172.21.15.134:0/2385296066 <== mon.0 v2:172.21.15.134:3300/0 5 ==== osd_map(2..2 src has 1..2) v4 ==== 893+0+0 (secure 0 0 0) 0x7f46c00442c0 con 0x7f46cc0fcd60
2022-11-27T16:54:43.081 INFO:teuthology.orchestra.run.smithi134.stderr:/usr/bin/ceph:
2022-11-27T16:54:43.064+0000 7f46cbfff700 1 --2- 172.21.15.134:0/2385296066 >> [v2:172.21.15.134:6800/3857975499,v1:172.21.15.134:6801/3857975499] conn(0x7f46b0032250 0x7f46b0034710 unknown :-1 s=BANNER_CONNECTING pgs=0 cs=0 l=1 rev1=0 rx=0 tx=0)._handle_peer_banner_payload supported=1 required=0
2022-11-27T16:54:43.081 INFO:teuthology.orchestra.run.smithi134.stderr:/usr/bin/ceph:
2022-11-27T16:54:43.064+0000 7f46cbfff700 1 --2- 172.21.15.134:0/2385296066 >> [v2:172.21.15.134:6800/3857975499,v1:172.21.15.134:6801/3857975499] conn(0x7f46b0032250 0x7f46b0034710 secure :-1 s=READY pgs=14 cs=0 l=1 rev1=1 rx=0x7f46b8009780 tx=0x7f46b8006cc0).ready entity=mgr.14116 client_cookie=0 server_cookie=0 in_seq=0 out_seq=0
2022-11-27T16:54:43.083 INFO:teuthology.orchestra.run.smithi134.stderr:/usr/bin/ceph:
2022-11-27T16:54:43.068+0000 7f46c97fa700 1 -- 172.21.15.134:0/2385296066 <== mon.0 v2:172.21.15.134:3300/0 6 ==== mon_command_ack([{"prefix": "get_command_descriptions"}]=0 v0) v1 ==== 72+0+163270 (secure 0 0 0) 0x7f46c001ada0 con 0x7f46cc0fcd60
2022-11-27T16:54:43.189 INFO:journalctl@ceph.mon.smithi134.smithi134.stdout:Nov 27 16:54:42 smithi134 ceph-0793375c-6e74-11ed-843b-001a4aab830c-mon-smithi134[104074]: audit
2022-11-27T16:54:41.939412+0000 mgr.smithi134.hexmhu (mgr.14116) 14 : audit [DBG] from='client.14140 -' entity='client.admin' cmd=[{"prefix": "orch apply", "service_type": "crash", "target": ["mon-mgr", ""]}]: dispatch
2022-11-27T16:54:43.189 INFO:journalctl@ceph.mon.smithi134.smithi134.stdout:Nov 27 16:54:42 smithi134 ceph-0793375c-6e74-11ed-843b-001a4aab830c-mon-smithi134[104074]: cephadm
2022-11-27T16:54:41.940329+0000 mgr.smithi134.hexmhu (mgr.14116) 15 : cephadm [INF] Saving service crash spec with placement *
2022-11-27T16:54:43.190 INFO:journalctl@ceph.mon.smithi134.smithi134.stdout:Nov 27 16:54:42 smithi134 ceph-0793375c-6e74-11ed-843b-001a4aab830c-mon-smithi134[104074]: audit
2022-11-27T16:54:41.945437+0000 mon.smithi134 (mon.0) 59 : audit [INF] from='mgr.14116 172.21.15.134:0/3076843774' entity='mgr.smithi134.hexmhu'
2022-11-27T16:54:43.250 INFO:teuthology.orchestra.run.smithi134.stderr:/usr/bin/ceph:
2022-11-27T16:54:43.247+0000 7f46d3029700 1 -- 172.21.15.134:0/2385296066 --> [v2:172.21.15.134:6800/3857975499,v1:172.21.15.134:6801/3857975499] -- mgr_command(tid 0: {"prefix": "orch apply", "service_type": "prometheus", "target": ["mon-mgr", ""]}) v1 -- 0x7f46cc10eb90 con 0x7f46b0032250
2022-11-27T16:54:43.256 INFO:teuthology.orchestra.run.smithi134.stderr:/usr/bin/ceph:
2022-11-27T16:54:43.254+0000 7f46c97fa700 1 -- 172.21.15.134:0/2385296066 <== mgr.14116 v2:172.21.15.134:6800/3857975499 1 ==== mgr_command_reply(tid 0: 0 ) v1 ==== 8+0+31 (secure 0 0 0) 0x7f46cc10eb90 con 0x7f46b0032250
2022-11-27T16:54:43.257 INFO:teuthology.orchestra.run.smithi134.stderr:/usr/bin/ceph: Scheduled prometheus update...
2022-11-27T16:54:43.259 INFO:teuthology.orchestra.run.smithi134.stderr:/usr/bin/ceph:
2022-11-27T16:54:43.256+0000 7f46d3029700 1 -- 172.21.15.134:0/2385296066 >> [v2:172.21.15.134:6800/3857975499,v1:172.21.15.134:6801/3857975499] conn(0x7f46b0032250 msgr2=0x7f46b0034710 secure :-1 s=STATE_CONNECTION_ESTABLISHED l=1).mark_down
2022-11-27T16:54:43.260 INFO:teuthology.orchestra.run.smithi134.stderr:/usr/bin/ceph:
2022-11-27T16:54:43.256+0000 7f46d3029700 1 --2- 172.21.15.134:0/2385296066 >> [v2:172.21.15.134:6800/3857975499,v1:172.21.15.134:6801/3857975499] conn(0x7f46b0032250 0x7f46b0034710 secure :-1 s=READY pgs=14 cs=0 l=1 rev1=1 rx=0x7f46b8009780 tx=0x7f46b8006cc0).stop
2022-11-27T16:54:43.260 INFO:teuthology.orchestra.run.smithi134.stderr:/usr/bin/ceph:
2022-11-27T16:54:43.256+0000 7f46d3029700 1 -- 172.21.15.134:0/2385296066 >> [v2:172.21.15.134:3300/0,v1:172.21.15.134:6789/0] conn(0x7f46cc0fcd60 msgr2=0x7f46cc10d750 secure :-1 s=STATE_CONNECTION_ESTABLISHED l=1).mark_down
2022-11-27T16:54:43.260 INFO:teuthology.orchestra.run.smithi134.stderr:/usr/bin/ceph:
2022-11-27T16:54:43.256+0000 7f46d3029700 1 --2- 172.21.15.134:0/2385296066 >> [v2:172.21.15.134:3300/0,v1:172.21.15.134:6789/0] conn(0x7f46cc0fcd60 0x7f46cc10d750 secure :-1 s=READY pgs=48 cs=0 l=1 rev1=1 rx=0x7f46c0006ba0 tx=0x7f46c00090f0).stop
2022-11-27T16:54:43.260 INFO:teuthology.orchestra.run.smithi134.stderr:/usr/bin/ceph:
2022-11-27T16:54:43.256+0000 7f46d3029700 1 -- 172.21.15.134:0/2385296066 shutdown_connections
2022-11-27T16:54:43.261 INFO:teuthology.orchestra.run.smithi134.stderr:/usr/bin/ceph:
2022-11-27T16:54:43.256+0000 7f46d3029700 1 --2- 172.21.15.134:0/2385296066 >> [v2:172.21.15.134:6800/3857975499,v1:172.21.15.134:6801/3857975499] conn(0x7f46b0032250 0x7f46b0034710 unknown :-1 s=CLOSED pgs=14 cs=0 l=1 rev1=1 rx=0 tx=0).stop
2022-11-27T16:54:43.261 INFO:teuthology.orchestra.run.smithi134.stderr:/usr/bin/ceph:
2022-11-27T16:54:43.256+0000 7f46d3029700 1 --2- 172.21.15.134:0/2385296066 >> [v2:172.21.15.134:3300/0,v1:172.21.15.134:6789/0] conn(0x7f46cc0fcd60 0x7f46cc10d750 unknown :-1 s=CLOSED pgs=48 cs=0 l=1 rev1=1 rx=0 tx=0).stop
2022-11-27T16:54:43.261 INFO:teuthology.orchestra.run.smithi134.stderr:/usr/bin/ceph:
2022-11-27T16:54:43.256+0000 7f46d3029700 1 -- 172.21.15.134:0/2385296066 >> 172.21.15.134:0/2385296066 conn(0x7f46cc0f6590 msgr2=0x7f46cc0f8030 unknown :-1 s=STATE_NONE l=0).mark_down
2022-11-27T16:54:43.261 INFO:teuthology.orchestra.run.smithi134.stderr:/usr/bin/ceph:
2022-11-27T16:54:43.256+0000 7f46d3029700 1 -- 172.21.15.134:0/2385296066 shutdown_connections
2022-11-27T16:54:43.261 INFO:teuthology.orchestra.run.smithi134.stderr:/usr/bin/ceph:
2022-11-27T16:54:43.256+0000 7f46d3029700 1 -- 172.21.15.134:0/2385296066 wait complete.
2022-11-27T16:54:43.763 INFO:teuthology.orchestra.run.smithi134.stderr:Deploying grafana service with default placement...
2022-11-27T16:54:44.222 INFO:teuthology.orchestra.run.smithi134.stderr:/usr/bin/ceph:
2022-11-27T16:54:44.215+0000 7feb87d10700 1 Processor -- start
2022-11-27T16:54:44.223 INFO:teuthology.orchestra.run.smithi134.stderr:/usr/bin/ceph:
2022-11-27T16:54:44.215+0000 7feb87d10700 1 -- start start
2022-11-27T16:54:44.223 INFO:teuthology.orchestra.run.smithi134.stderr:/usr/bin/ceph:
2022-11-27T16:54:44.215+0000 7feb87d10700 1 --2- >> [v2:172.21.15.134:3300/0,v1:172.21.15.134:6789/0] conn(0x7feb80070bc0 0x7feb80101800 unknown :-1 s=NONE pgs=0 cs=0 l=0 rev1=0 rx=0 tx=0).connect
2022-11-27T16:54:44.223 INFO:teuthology.orchestra.run.smithi134.stderr:/usr/bin/ceph:
2022-11-27T16:54:44.215+0000 7feb87d10700 1 -- --> [v2:172.21.15.134:3300/0,v1:172.21.15.134:6789/0] -- mon_getmap magic: 0 v1 -- 0x7feb800fd1f0 con 0x7feb80070bc0
2022-11-27T16:54:44.223 INFO:teuthology.orchestra.run.smithi134.stderr:/usr/bin/ceph:
2022-11-27T16:54:44.215+0000 7feb85aac700 1 --2- >> [v2:172.21.15.134:3300/0,v1:172.21.15.134:6789/0] conn(0x7feb80070bc0 0x7feb80101800 unknown :-1 s=BANNER_CONNECTING pgs=0 cs=0 l=0 rev1=0 rx=0 tx=0)._handle_peer_banner_payload supported=1 required=0
2022-11-27T16:54:44.224 INFO:teuthology.orchestra.run.smithi134.stderr:/usr/bin/ceph:
2022-11-27T16:54:44.215+0000 7feb85aac700 1 --2- >> [v2:172.21.15.134:3300/0,v1:172.21.15.134:6789/0] conn(0x7feb80070bc0 0x7feb80101800 unknown :-1 s=HELLO_CONNECTING pgs=0 cs=0 l=0 rev1=1 rx=0 tx=0).handle_hello peer v2:172.21.15.134:3300/0 says I am v2:172.21.15.134:53320/0 (socket says 172.21.15.134:53320)
2022-11-27T16:54:44.224 INFO:teuthology.orchestra.run.smithi134.stderr:/usr/bin/ceph:
2022-11-27T16:54:44.215+0000 7feb85aac700 1 -- 172.21.15.134:0/1072083723 learned_addr learned my addr 172.21.15.134:0/1072083723 (peer_addr_for_me v2:172.21.15.134:0/0)
2022-11-27T16:54:44.224 INFO:teuthology.orchestra.run.smithi134.stderr:/usr/bin/ceph:
2022-11-27T16:54:44.215+0000 7feb85aac700 1 -- 172.21.15.134:0/1072083723 --> [v2:172.21.15.134:3300/0,v1:172.21.15.134:6789/0] -- mon_subscribe({config=0+,monmap=0+}) v3 -- 0x7feb80101cf0 con 0x7feb80070bc0
2022-11-27T16:54:44.224 INFO:teuthology.orchestra.run.smithi134.stderr:/usr/bin/ceph:
2022-11-27T16:54:44.216+0000 7feb85aac700 1 --2- 172.21.15.134:0/1072083723 >> [v2:172.21.15.134:3300/0,v1:172.21.15.134:6789/0] conn(0x7feb80070bc0 0x7feb80101800 secure :-1 s=READY pgs=49 cs=0 l=1 rev1=1 rx=0x7feb7c009730 tx=0x7feb7c0090f0).ready entity=mon.0 client_cookie=98bdffed60e4682 server_cookie=0 in_seq=0 out_seq=0
2022-11-27T16:54:44.225 INFO:teuthology.orchestra.run.smithi134.stderr:/usr/bin/ceph:
2022-11-27T16:54:44.216+0000 7feb84aaa700 1 -- 172.21.15.134:0/1072083723 <== mon.0 v2:172.21.15.134:3300/0 1 ==== mon_map magic: 0 v1 ==== 229+0+0 (secure 0 0 0) 0x7feb7c00b6e0 con 0x7feb80070bc0
2022-11-27T16:54:44.225 INFO:teuthology.orchestra.run.smithi134.stderr:/usr/bin/ceph:
2022-11-27T16:54:44.216+0000 7feb84aaa700 1 -- 172.21.15.134:0/1072083723 <== mon.0 v2:172.21.15.134:3300/0 2 ==== config(25 keys) v1 ==== 1046+0+0 (secure 0 0 0) 0x7feb7c00bcd0 con 0x7feb80070bc0
2022-11-27T16:54:44.225 INFO:teuthology.orchestra.run.smithi134.stderr:/usr/bin/ceph:
2022-11-27T16:54:44.216+0000 7feb84aaa700 1 -- 172.21.15.134:0/1072083723 <== mon.0 v2:172.21.15.134:3300/0 3 ==== mon_map magic: 0 v1 ==== 229+0+0 (secure 0 0 0) 0x7feb7c011cb0 con 0x7feb80070bc0
2022-11-27T16:54:44.226 INFO:teuthology.orchestra.run.smithi134.stderr:/usr/bin/ceph:
2022-11-27T16:54:44.216+0000 7feb87d10700 1 -- 172.21.15.134:0/1072083723 >> [v2:172.21.15.134:3300/0,v1:172.21.15.134:6789/0] conn(0x7feb80070bc0 msgr2=0x7feb80101800 secure :-1 s=STATE_CONNECTION_ESTABLISHED l=1).mark_down
2022-11-27T16:54:44.226 INFO:teuthology.orchestra.run.smithi134.stderr:/usr/bin/ceph:
2022-11-27T16:54:44.216+0000 7feb87d10700 1 --2- 172.21.15.134:0/1072083723 >> [v2:172.21.15.134:3300/0,v1:172.21.15.134:6789/0] conn(0x7feb80070bc0 0x7feb80101800 secure :-1 s=READY pgs=49 cs=0 l=1 rev1=1 rx=0x7feb7c009730 tx=0x7feb7c0090f0).stop
2022-11-27T16:54:44.227 INFO:teuthology.orchestra.run.smithi134.stderr:/usr/bin/ceph:
2022-11-27T16:54:44.216+0000 7feb87d10700 1 -- 172.21.15.134:0/1072083723 shutdown_connections
2022-11-27T16:54:44.227 INFO:teuthology.orchestra.run.smithi134.stderr:/usr/bin/ceph:
2022-11-27T16:54:44.216+0000 7feb87d10700 1 --2- 172.21.15.134:0/1072083723 >> [v2:172.21.15.134:3300/0,v1:172.21.15.134:6789/0] conn(0x7feb80070bc0 0x7feb80101800 unknown :-1 s=CLOSED pgs=49 cs=0 l=1 rev1=1 rx=0 tx=0).stop
2022-11-27T16:54:44.228 INFO:teuthology.orchestra.run.smithi134.stderr:/usr/bin/ceph:
2022-11-27T16:54:44.216+0000 7feb87d10700 1 -- 172.21.15.134:0/1072083723 >> 172.21.15.134:0/1072083723 conn(0x7feb800f6e20 msgr2=0x7feb800f9260 unknown :-1 s=STATE_NONE l=0).mark_down
2022-11-27T16:54:44.228 INFO:teuthology.orchestra.run.smithi134.stderr:/usr/bin/ceph:
2022-11-27T16:54:44.216+0000 7feb87d10700 1 -- 172.21.15.134:0/1072083723 shutdown_connections
2022-11-27T16:54:44.228 INFO:teuthology.orchestra.run.smithi134.stderr:/usr/bin/ceph:
2022-11-27T16:54:44.216+0000 7feb87d10700 1 -- 172.21.15.134:0/1072083723 wait complete.
2022-11-27T16:54:44.229 INFO:teuthology.orchestra.run.smithi134.stderr:/usr/bin/ceph:
2022-11-27T16:54:44.217+0000 7feb87d10700 1 Processor -- start
2022-11-27T16:54:44.229 INFO:teuthology.orchestra.run.smithi134.stderr:/usr/bin/ceph:
2022-11-27T16:54:44.217+0000 7feb87d10700 1 -- start start
2022-11-27T16:54:44.230 INFO:teuthology.orchestra.run.smithi134.stderr:/usr/bin/ceph:
2022-11-27T16:54:44.217+0000 7feb87d10700 1 --2- >> [v2:172.21.15.134:3300/0,v1:172.21.15.134:6789/0] conn(0x7feb80070bc0 0x7feb80115fe0 unknown :-1 s=NONE pgs=0 cs=0 l=1 rev1=0 rx=0 tx=0).connect
2022-11-27T16:54:44.230 INFO:teuthology.orchestra.run.smithi134.stderr:/usr/bin/ceph:
2022-11-27T16:54:44.217+0000 7feb87d10700 1 -- --> [v2:172.21.15.134:3300/0,v1:172.21.15.134:6789/0] -- mon_getmap magic: 0 v1 -- 0x7feb801164d0 con 0x7feb80070bc0
2022-11-27T16:54:44.231 INFO:teuthology.orchestra.run.smithi134.stderr:/usr/bin/ceph:
2022-11-27T16:54:44.217+0000 7feb85aac700 1 --2- >> [v2:172.21.15.134:3300/0,v1:172.21.15.134:6789/0] conn(0x7feb80070bc0 0x7feb80115fe0 unknown :-1 s=BANNER_CONNECTING pgs=0 cs=0 l=1 rev1=0 rx=0 tx=0)._handle_peer_banner_payload supported=1 required=0
2022-11-27T16:54:44.231 INFO:teuthology.orchestra.run.smithi134.stderr:/usr/bin/ceph:
2022-11-27T16:54:44.217+0000 7feb85aac700 1 --2- >> [v2:172.21.15.134:3300/0,v1:172.21.15.134:6789/0] conn(0x7feb80070bc0 0x7feb80115fe0 unknown :-1 s=HELLO_CONNECTING pgs=0 cs=0 l=1 rev1=1 rx=0 tx=0).handle_hello peer v2:172.21.15.134:3300/0 says I am v2:172.21.15.134:53328/0 (socket says 172.21.15.134:53328)
2022-11-27T16:54:44.231 INFO:teuthology.orchestra.run.smithi134.stderr:/usr/bin/ceph:
2022-11-27T16:54:44.217+0000 7feb85aac700 1 -- 172.21.15.134:0/246094264 learned_addr learned my addr 172.21.15.134:0/246094264 (peer_addr_for_me v2:172.21.15.134:0/0)
2022-11-27T16:54:44.232 INFO:teuthology.orchestra.run.smithi134.stderr:/usr/bin/ceph:
2022-11-27T16:54:44.218+0000 7feb85aac700 1 -- 172.21.15.134:0/246094264 --> [v2:172.21.15.134:3300/0,v1:172.21.15.134:6789/0] -- mon_subscribe({config=0+,monmap=0+}) v3 -- 0x7feb7c009370 con 0x7feb80070bc0
2022-11-27T16:54:44.232 INFO:teuthology.orchestra.run.smithi134.stderr:/usr/bin/ceph:
