2022-11-27T17:30:20.570+0000 7f9d4926b700 1 --2- 172.21.15.18:0/2769801911 >> [v2:172.21.15.18:6800/3092428159,v1:172.21.15.18:6801/3092428159] conn(0x7f9d30036310 0x7f9d300387c0 unknown :-1 s=CLOSED pgs=14 cs=0 l=1 rev1=1 crypto rx=0 tx=0 comp rx=0 tx=0).stop
2022-11-27T17:30:20.945 INFO:teuthology.orchestra.run.smithi018.stdout:/usr/bin/ceph: stderr
2022-11-27T17:30:20.570+0000 7f9d4926b700 1 --2- 172.21.15.18:0/2769801911 >> [v2:172.21.15.18:3300/0,v1:172.21.15.18:6789/0] conn(0x7f9d44103680 0x7f9d4419a7d0 unknown :-1 s=CLOSED pgs=50 cs=0 l=1 rev1=1 crypto rx=0 tx=0 comp rx=0 tx=0).stop
2022-11-27T17:30:20.945 INFO:teuthology.orchestra.run.smithi018.stdout:/usr/bin/ceph: stderr
2022-11-27T17:30:20.570+0000 7f9d4926b700 1 -- 172.21.15.18:0/2769801911 >> 172.21.15.18:0/2769801911 conn(0x7f9d440fece0 msgr2=0x7f9d4418d0c0 unknown :-1 s=STATE_NONE l=0).mark_down
2022-11-27T17:30:20.945 INFO:teuthology.orchestra.run.smithi018.stdout:/usr/bin/ceph: stderr
2022-11-27T17:30:20.571+0000 7f9d4926b700 1 -- 172.21.15.18:0/2769801911 shutdown_connections
2022-11-27T17:30:20.946 INFO:teuthology.orchestra.run.smithi018.stdout:/usr/bin/ceph: stderr
2022-11-27T17:30:20.571+0000 7f9d4926b700 1 -- 172.21.15.18:0/2769801911 wait complete.
2022-11-27T17:30:21.209 INFO:journalctl@ceph.mon.a.smithi018.stdout:Nov 27 17:30:21 smithi018 ceph-mon[97555]: from='client.14142 -' entity='client.admin' cmd=[{"prefix": "orch apply", "service_type": "mgr", "unmanaged": true, "target": ["mon-mgr", ""]}]: dispatch
2022-11-27T17:30:21.209 INFO:journalctl@ceph.mon.a.smithi018.stdout:Nov 27 17:30:21 smithi018 ceph-mon[97555]: Saving service mgr spec with placement count:2
2022-11-27T17:30:21.210 INFO:journalctl@ceph.mon.a.smithi018.stdout:Nov 27 17:30:21 smithi018 ceph-mon[97555]: from='client.? 172.21.15.18:0/2769801911' entity='client.admin'
2022-11-27T17:30:21.211 INFO:journalctl@ceph.mon.a.smithi018.stdout:Nov 27 17:30:21 smithi018 ceph-mon[97555]: from='mgr.14118 172.21.15.18:0/2464050303' entity='mgr.x'
2022-11-27T17:30:22.176 INFO:teuthology.orchestra.run.smithi018.stdout:/usr/bin/ceph: stderr
2022-11-27T17:30:21.440+0000 7fb92293a700 1 Processor -- start
2022-11-27T17:30:22.177 INFO:teuthology.orchestra.run.smithi018.stdout:/usr/bin/ceph: stderr
2022-11-27T17:30:21.440+0000 7fb92293a700 1 -- start start
2022-11-27T17:30:22.177 INFO:teuthology.orchestra.run.smithi018.stdout:/usr/bin/ceph: stderr
2022-11-27T17:30:21.440+0000 7fb92293a700 1 --2- >> [v2:172.21.15.18:3300/0,v1:172.21.15.18:6789/0] conn(0x7fb91c07ae00 0x7fb91c0792f0 unknown :-1 s=NONE pgs=0 cs=0 l=0 rev1=0 crypto rx=0 tx=0 comp rx=0 tx=0).connect
2022-11-27T17:30:22.177 INFO:teuthology.orchestra.run.smithi018.stdout:/usr/bin/ceph: stderr
2022-11-27T17:30:21.440+0000 7fb92293a700 1 -- --> [v2:172.21.15.18:3300/0,v1:172.21.15.18:6789/0] -- mon_getmap magic: 0 v1 -- 0x7fb91c079830 con 0x7fb91c07ae00
2022-11-27T17:30:22.177 INFO:teuthology.orchestra.run.smithi018.stdout:/usr/bin/ceph: stderr
2022-11-27T17:30:21.440+0000 7fb91bfff700 1 --2- >> [v2:172.21.15.18:3300/0,v1:172.21.15.18:6789/0] conn(0x7fb91c07ae00 0x7fb91c0792f0 unknown :-1 s=BANNER_CONNECTING pgs=0 cs=0 l=0 rev1=0 crypto rx=0 tx=0 comp rx=0 tx=0)._handle_peer_banner_payload supported=3 required=0
2022-11-27T17:30:22.178 INFO:teuthology.orchestra.run.smithi018.stdout:/usr/bin/ceph: stderr
2022-11-27T17:30:21.440+0000 7fb91bfff700 1 --2- >> [v2:172.21.15.18:3300/0,v1:172.21.15.18:6789/0] conn(0x7fb91c07ae00 0x7fb91c0792f0 unknown :-1 s=HELLO_CONNECTING pgs=0 cs=0 l=0 rev1=1 crypto rx=0 tx=0 comp rx=0 tx=0).handle_hello peer v2:172.21.15.18:3300/0 says I am v2:172.21.15.18:39046/0 (socket says 172.21.15.18:39046)
2022-11-27T17:30:22.178 INFO:teuthology.orchestra.run.smithi018.stdout:/usr/bin/ceph: stderr
2022-11-27T17:30:21.440+0000 7fb91bfff700 1 -- 172.21.15.18:0/2459513054 learned_addr learned my addr 172.21.15.18:0/2459513054 (peer_addr_for_me v2:172.21.15.18:0/0)
2022-11-27T17:30:22.178 INFO:teuthology.orchestra.run.smithi018.stdout:/usr/bin/ceph: stderr
2022-11-27T17:30:21.441+0000 7fb91bfff700 1 -- 172.21.15.18:0/2459513054 --> [v2:172.21.15.18:3300/0,v1:172.21.15.18:6789/0] -- mon_subscribe({config=0+,monmap=0+}) v3 -- 0x7fb91c079970 con 0x7fb91c07ae00
2022-11-27T17:30:22.179 INFO:teuthology.orchestra.run.smithi018.stdout:/usr/bin/ceph: stderr
2022-11-27T17:30:21.441+0000 7fb91bfff700 1 --2- 172.21.15.18:0/2459513054 >> [v2:172.21.15.18:3300/0,v1:172.21.15.18:6789/0] conn(0x7fb91c07ae00 0x7fb91c0792f0 secure :-1 s=READY pgs=51 cs=0 l=1 rev1=1 crypto rx=0x7fb90c0098a0 tx=0x7fb90c009bb0 comp rx=0 tx=0).ready entity=mon.0 client_cookie=3cab885d505e050f server_cookie=0 in_seq=0 out_seq=0
2022-11-27T17:30:22.179 INFO:teuthology.orchestra.run.smithi018.stdout:/usr/bin/ceph: stderr
2022-11-27T17:30:21.441+0000 7fb91affd700 1 -- 172.21.15.18:0/2459513054 <== mon.0 v2:172.21.15.18:3300/0 1 ==== mon_map magic: 0 v1 ==== 205+0+0 (secure 0 0 0) 0x7fb90c004160 con 0x7fb91c07ae00
2022-11-27T17:30:22.179 INFO:teuthology.orchestra.run.smithi018.stdout:/usr/bin/ceph: stderr
2022-11-27T17:30:21.441+0000 7fb91affd700 1 -- 172.21.15.18:0/2459513054 <== mon.0 v2:172.21.15.18:3300/0 2 ==== config(25 keys) v1 ==== 1067+0+0 (secure 0 0 0) 0x7fb90c0042c0 con 0x7fb91c07ae00
2022-11-27T17:30:22.180 INFO:teuthology.orchestra.run.smithi018.stdout:/usr/bin/ceph: stderr
2022-11-27T17:30:21.441+0000 7fb91affd700 1 -- 172.21.15.18:0/2459513054 <== mon.0 v2:172.21.15.18:3300/0 3 ==== mon_map magic: 0 v1 ==== 205+0+0 (secure 0 0 0) 0x7fb90c0118e0 con 0x7fb91c07ae00
2022-11-27T17:30:22.180 INFO:teuthology.orchestra.run.smithi018.stdout:/usr/bin/ceph: stderr
2022-11-27T17:30:21.442+0000 7fb92293a700 1 -- 172.21.15.18:0/2459513054 >> [v2:172.21.15.18:3300/0,v1:172.21.15.18:6789/0] conn(0x7fb91c07ae00 msgr2=0x7fb91c0792f0 secure :-1 s=STATE_CONNECTION_ESTABLISHED l=1).mark_down
2022-11-27T17:30:22.181 INFO:teuthology.orchestra.run.smithi018.stdout:/usr/bin/ceph: stderr
2022-11-27T17:30:21.442+0000 7fb92293a700 1 --2- 172.21.15.18:0/2459513054 >> [v2:172.21.15.18:3300/0,v1:172.21.15.18:6789/0] conn(0x7fb91c07ae00 0x7fb91c0792f0 secure :-1 s=READY pgs=51 cs=0 l=1 rev1=1 crypto rx=0x7fb90c0098a0 tx=0x7fb90c009bb0 comp rx=0 tx=0).stop
2022-11-27T17:30:22.182 INFO:teuthology.orchestra.run.smithi018.stdout:/usr/bin/ceph: stderr
2022-11-27T17:30:21.442+0000 7fb92293a700 1 -- 172.21.15.18:0/2459513054 shutdown_connections
2022-11-27T17:30:22.182 INFO:teuthology.orchestra.run.smithi018.stdout:/usr/bin/ceph: stderr
2022-11-27T17:30:21.442+0000 7fb92293a700 1 --2- 172.21.15.18:0/2459513054 >> [v2:172.21.15.18:3300/0,v1:172.21.15.18:6789/0] conn(0x7fb91c07ae00 0x7fb91c0792f0 unknown :-1 s=CLOSED pgs=51 cs=0 l=1 rev1=1 crypto rx=0 tx=0 comp rx=0 tx=0).stop
2022-11-27T17:30:22.183 INFO:teuthology.orchestra.run.smithi018.stdout:/usr/bin/ceph: stderr
2022-11-27T17:30:21.442+0000 7fb92293a700 1 -- 172.21.15.18:0/2459513054 >> 172.21.15.18:0/2459513054 conn(0x7fb91c0ffdc0 msgr2=0x7fb91c1021d0 unknown :-1 s=STATE_NONE l=0).mark_down
2022-11-27T17:30:22.183 INFO:teuthology.orchestra.run.smithi018.stdout:/usr/bin/ceph: stderr
2022-11-27T17:30:21.442+0000 7fb92293a700 1 -- 172.21.15.18:0/2459513054 shutdown_connections
2022-11-27T17:30:22.184 INFO:teuthology.orchestra.run.smithi018.stdout:/usr/bin/ceph: stderr
2022-11-27T17:30:21.442+0000 7fb92293a700 1 -- 172.21.15.18:0/2459513054 wait complete.
2022-11-27T17:30:22.184 INFO:teuthology.orchestra.run.smithi018.stdout:/usr/bin/ceph: stderr
2022-11-27T17:30:21.443+0000 7fb92293a700 1 Processor -- start
2022-11-27T17:30:22.185 INFO:teuthology.orchestra.run.smithi018.stdout:/usr/bin/ceph: stderr
2022-11-27T17:30:21.443+0000 7fb92293a700 1 -- start start
2022-11-27T17:30:22.185 INFO:teuthology.orchestra.run.smithi018.stdout:/usr/bin/ceph: stderr
2022-11-27T17:30:21.443+0000 7fb92293a700 1 --2- >> [v2:172.21.15.18:3300/0,v1:172.21.15.18:6789/0] conn(0x7fb91c07ae00 0x7fb91c19a820 unknown :-1 s=NONE pgs=0 cs=0 l=1 rev1=0 crypto rx=0 tx=0 comp rx=0 tx=0).connect
2022-11-27T17:30:22.186 INFO:teuthology.orchestra.run.smithi018.stdout:/usr/bin/ceph: stderr
2022-11-27T17:30:21.443+0000 7fb92293a700 1 -- --> [v2:172.21.15.18:3300/0,v1:172.21.15.18:6789/0] -- mon_getmap magic: 0 v1 -- 0x7fb91c19ad60 con 0x7fb91c07ae00
2022-11-27T17:30:22.186 INFO:teuthology.orchestra.run.smithi018.stdout:/usr/bin/ceph: stderr
2022-11-27T17:30:21.443+0000 7fb91bfff700 1 --2- >> [v2:172.21.15.18:3300/0,v1:172.21.15.18:6789/0] conn(0x7fb91c07ae00 0x7fb91c19a820 unknown :-1 s=BANNER_CONNECTING pgs=0 cs=0 l=1 rev1=0 crypto rx=0 tx=0 comp rx=0 tx=0)._handle_peer_banner_payload supported=3 required=0
2022-11-27T17:30:22.187 INFO:teuthology.orchestra.run.smithi018.stdout:/usr/bin/ceph: stderr
2022-11-27T17:30:21.443+0000 7fb91bfff700 1 --2- >> [v2:172.21.15.18:3300/0,v1:172.21.15.18:6789/0] conn(0x7fb91c07ae00 0x7fb91c19a820 unknown :-1 s=HELLO_CONNECTING pgs=0 cs=0 l=1 rev1=1 crypto rx=0 tx=0 comp rx=0 tx=0).handle_hello peer v2:172.21.15.18:3300/0 says I am v2:172.21.15.18:39048/0 (socket says 172.21.15.18:39048)
2022-11-27T17:30:22.187 INFO:teuthology.orchestra.run.smithi018.stdout:/usr/bin/ceph: stderr
2022-11-27T17:30:21.443+0000 7fb91bfff700 1 -- 172.21.15.18:0/117052760 learned_addr learned my addr 172.21.15.18:0/117052760 (peer_addr_for_me v2:172.21.15.18:0/0)
2022-11-27T17:30:22.188 INFO:teuthology.orchestra.run.smithi018.stdout:/usr/bin/ceph: stderr
2022-11-27T17:30:21.444+0000 7fb91bfff700 1 -- 172.21.15.18:0/117052760 --> [v2:172.21.15.18:3300/0,v1:172.21.15.18:6789/0] -- mon_subscribe({config=0+,monmap=0+}) v3 -- 0x7fb90c009550 con 0x7fb91c07ae00
2022-11-27T17:30:22.189 INFO:teuthology.orchestra.run.smithi018.stdout:/usr/bin/ceph: stderr
2022-11-27T17:30:21.444+0000 7fb91bfff700 1 --2- 172.21.15.18:0/117052760 >> [v2:172.21.15.18:3300/0,v1:172.21.15.18:6789/0] conn(0x7fb91c07ae00 0x7fb91c19a820 secure :-1 s=READY pgs=52 cs=0 l=1 rev1=1 crypto rx=0x7fb90c006af0 tx=0x7fb90c011e80 comp rx=0 tx=0).ready entity=mon.0 client_cookie=0 server_cookie=0 in_seq=0 out_seq=0
2022-11-27T17:30:22.189 INFO:teuthology.orchestra.run.smithi018.stdout:/usr/bin/ceph: stderr
2022-11-27T17:30:21.444+0000 7fb9197fa700 1 -- 172.21.15.18:0/117052760 <== mon.0 v2:172.21.15.18:3300/0 1 ==== mon_map magic: 0 v1 ==== 205+0+0 (secure 0 0 0) 0x7fb90c0037d0 con 0x7fb91c07ae00
2022-11-27T17:30:22.191 INFO:teuthology.orchestra.run.smithi018.stdout:/usr/bin/ceph: stderr
2022-11-27T17:30:21.444+0000 7fb92293a700 1 -- 172.21.15.18:0/117052760 --> [v2:172.21.15.18:3300/0,v1:172.21.15.18:6789/0] -- mon_subscribe({mgrmap=0+}) v3 -- 0x7fb91c19af60 con 0x7fb91c07ae00
2022-11-27T17:30:22.191 INFO:teuthology.orchestra.run.smithi018.stdout:/usr/bin/ceph: stderr
2022-11-27T17:30:21.444+0000 7fb9197fa700 1 -- 172.21.15.18:0/117052760 <== mon.0 v2:172.21.15.18:3300/0 2 ==== config(25 keys) v1 ==== 1067+0+0 (secure 0 0 0) 0x7fb90c01b440 con 0x7fb91c07ae00
2022-11-27T17:30:22.191 INFO:teuthology.orchestra.run.smithi018.stdout:/usr/bin/ceph: stderr
2022-11-27T17:30:21.444+0000 7fb9197fa700 1 -- 172.21.15.18:0/117052760 <== mon.0 v2:172.21.15.18:3300/0 3 ==== mon_map magic: 0 v1 ==== 205+0+0 (secure 0 0 0) 0x7fb90c019560 con 0x7fb91c07ae00
2022-11-27T17:30:22.192 INFO:teuthology.orchestra.run.smithi018.stdout:/usr/bin/ceph: stderr
2022-11-27T17:30:21.444+0000 7fb92293a700 1 -- 172.21.15.18:0/117052760 --> [v2:172.21.15.18:3300/0,v1:172.21.15.18:6789/0] -- mon_subscribe({osdmap=0}) v3 -- 0x7fb91c19b390 con 0x7fb91c07ae00
2022-11-27T17:30:22.192 INFO:teuthology.orchestra.run.smithi018.stdout:/usr/bin/ceph: stderr
2022-11-27T17:30:21.445+0000 7fb9197fa700 1 -- 172.21.15.18:0/117052760 <== mon.0 v2:172.21.15.18:3300/0 4 ==== mgrmap(e 8) v1 ==== 43201+0+0 (secure 0 0 0) 0x7fb90c02a070 con 0x7fb91c07ae00
2022-11-27T17:30:22.192 INFO:teuthology.orchestra.run.smithi018.stdout:/usr/bin/ceph: stderr
2022-11-27T17:30:21.445+0000 7fb92293a700 1 -- 172.21.15.18:0/117052760 --> [v2:172.21.15.18:3300/0,v1:172.21.15.18:6789/0] -- mon_command({"prefix": "get_command_descriptions"} v 0) v1 -- 0x7fb91c194510 con 0x7fb91c07ae00
2022-11-27T17:30:22.193 INFO:teuthology.orchestra.run.smithi018.stdout:/usr/bin/ceph: stderr
2022-11-27T17:30:21.445+0000 7fb9197fa700 1 --2- 172.21.15.18:0/117052760 >> [v2:172.21.15.18:6800/3092428159,v1:172.21.15.18:6801/3092428159] conn(0x7fb9080362c0 0x7fb908038770 unknown :-1 s=NONE pgs=0 cs=0 l=1 rev1=0 crypto rx=0 tx=0 comp rx=0 tx=0).connect
2022-11-27T17:30:22.193 INFO:teuthology.orchestra.run.smithi018.stdout:/usr/bin/ceph: stderr
2022-11-27T17:30:21.445+0000 7fb9197fa700 1 -- 172.21.15.18:0/117052760 <== mon.0 v2:172.21.15.18:3300/0 5 ==== osd_map(2..2 src has 1..2) v4 ==== 936+0+0 (secure 0 0 0) 0x7fb90c0494e0 con 0x7fb91c07ae00
2022-11-27T17:30:22.193 INFO:teuthology.orchestra.run.smithi018.stdout:/usr/bin/ceph: stderr
2022-11-27T17:30:21.446+0000 7fb91b7fe700 1 --2- 172.21.15.18:0/117052760 >> [v2:172.21.15.18:6800/3092428159,v1:172.21.15.18:6801/3092428159] conn(0x7fb9080362c0 0x7fb908038770 unknown :-1 s=BANNER_CONNECTING pgs=0 cs=0 l=1 rev1=0 crypto rx=0 tx=0 comp rx=0 tx=0)._handle_peer_banner_payload supported=3 required=0
2022-11-27T17:30:22.193 INFO:teuthology.orchestra.run.smithi018.stdout:/usr/bin/ceph: stderr
2022-11-27T17:30:21.446+0000 7fb91b7fe700 1 --2- 172.21.15.18:0/117052760 >> [v2:172.21.15.18:6800/3092428159,v1:172.21.15.18:6801/3092428159] conn(0x7fb9080362c0 0x7fb908038770 secure :-1 s=READY pgs=15 cs=0 l=1 rev1=1 crypto rx=0x7fb910006fd0 tx=0x7fb910006e40 comp rx=0 tx=0).ready entity=mgr.14118 client_cookie=0 server_cookie=0 in_seq=0 out_seq=0
2022-11-27T17:30:22.194 INFO:teuthology.orchestra.run.smithi018.stdout:/usr/bin/ceph: stderr
2022-11-27T17:30:21.450+0000 7fb9197fa700 1 -- 172.21.15.18:0/117052760 <== mon.0 v2:172.21.15.18:3300/0 6 ==== mon_command_ack([{"prefix": "get_command_descriptions"}]=0 v0) v1 ==== 72+0+172060 (secure 0 0 0) 0x7fb90c018940 con 0x7fb91c07ae00
2022-11-27T17:30:22.194 INFO:teuthology.orchestra.run.smithi018.stdout:/usr/bin/ceph: stderr
2022-11-27T17:30:21.795+0000 7fb92293a700 1 -- 172.21.15.18:0/117052760 --> [v2:172.21.15.18:3300/0,v1:172.21.15.18:6789/0] -- mon_command([{prefix=config set, name=mgr/dashboard/ssl_server_port}] v 0) v1 -- 0x7fb91c02c630 con 0x7fb91c07ae00
2022-11-27T17:30:22.194 INFO:teuthology.orchestra.run.smithi018.stdout:/usr/bin/ceph: stderr
2022-11-27T17:30:21.798+0000 7fb9197fa700 1 -- 172.21.15.18:0/117052760 <== mon.0 v2:172.21.15.18:3300/0 7 ==== mon_command_ack([{prefix=config set, name=mgr/dashboard/ssl_server_port}]=0 v8)=0 v8) v1 ==== 130+0+0 (secure 0 0 0) 0x7fb90c018350 con 0x7fb91c07ae00
2022-11-27T17:30:22.194 INFO:teuthology.orchestra.run.smithi018.stdout:/usr/bin/ceph: stderr
2022-11-27T17:30:21.801+0000 7fb92293a700 1 -- 172.21.15.18:0/117052760 >> [v2:172.21.15.18:6800/3092428159,v1:172.21.15.18:6801/3092428159] conn(0x7fb9080362c0 msgr2=0x7fb908038770 secure :-1 s=STATE_CONNECTION_ESTABLISHED l=1).mark_down
2022-11-27T17:30:22.195 INFO:teuthology.orchestra.run.smithi018.stdout:/usr/bin/ceph: stderr
2022-11-27T17:30:21.801+0000 7fb92293a700 1 --2- 172.21.15.18:0/117052760 >> [v2:172.21.15.18:6800/3092428159,v1:172.21.15.18:6801/3092428159] conn(0x7fb9080362c0 0x7fb908038770 secure :-1 s=READY pgs=15 cs=0 l=1 rev1=1 crypto rx=0x7fb910006fd0 tx=0x7fb910006e40 comp rx=0 tx=0).stop
2022-11-27T17:30:22.195 INFO:teuthology.orchestra.run.smithi018.stdout:/usr/bin/ceph: stderr
2022-11-27T17:30:21.801+0000 7fb92293a700 1 -- 172.21.15.18:0/117052760 >> [v2:172.21.15.18:3300/0,v1:172.21.15.18:6789/0] conn(0x7fb91c07ae00 msgr2=0x7fb91c19a820 secure :-1 s=STATE_CONNECTION_ESTABLISHED l=1).mark_down
2022-11-27T17:30:22.195 INFO:teuthology.orchestra.run.smithi018.stdout:/usr/bin/ceph: stderr
2022-11-27T17:30:21.801+0000 7fb92293a700 1 --2- 172.21.15.18:0/117052760 >> [v2:172.21.15.18:3300/0,v1:172.21.15.18:6789/0] conn(0x7fb91c07ae00 0x7fb91c19a820 secure :-1 s=READY pgs=52 cs=0 l=1 rev1=1 crypto rx=0x7fb90c006af0 tx=0x7fb90c011e80 comp rx=0 tx=0).stop
2022-11-27T17:30:22.195 INFO:teuthology.orchestra.run.smithi018.stdout:/usr/bin/ceph: stderr
2022-11-27T17:30:21.801+0000 7fb92293a700 1 -- 172.21.15.18:0/117052760 shutdown_connections
2022-11-27T17:30:22.196 INFO:teuthology.orchestra.run.smithi018.stdout:/usr/bin/ceph: stderr
2022-11-27T17:30:21.801+0000 7fb92293a700 1 --2- 172.21.15.18:0/117052760 >> [v2:172.21.15.18:6800/3092428159,v1:172.21.15.18:6801/3092428159] conn(0x7fb9080362c0 0x7fb908038770 unknown :-1 s=CLOSED pgs=15 cs=0 l=1 rev1=1 crypto rx=0 tx=0 comp rx=0 tx=0).stop
2022-11-27T17:30:22.196 INFO:teuthology.orchestra.run.smithi018.stdout:/usr/bin/ceph: stderr
2022-11-27T17:30:21.801+0000 7fb92293a700 1 --2- 172.21.15.18:0/117052760 >> [v2:172.21.15.18:3300/0,v1:172.21.15.18:6789/0] conn(0x7fb91c07ae00 0x7fb91c19a820 unknown :-1 s=CLOSED pgs=52 cs=0 l=1 rev1=1 crypto rx=0 tx=0 comp rx=0 tx=0).stop
2022-11-27T17:30:22.196 INFO:teuthology.orchestra.run.smithi018.stdout:/usr/bin/ceph: stderr
2022-11-27T17:30:21.801+0000 7fb92293a700 1 -- 172.21.15.18:0/117052760 >> 172.21.15.18:0/117052760 conn(0x7fb91c0ffdc0 msgr2=0x7fb91c101540 unknown :-1 s=STATE_NONE l=0).mark_down
2022-11-27T17:30:22.196 INFO:teuthology.orchestra.run.smithi018.stdout:/usr/bin/ceph: stderr
2022-11-27T17:30:21.801+0000 7fb92293a700 1 -- 172.21.15.18:0/117052760 shutdown_connections
2022-11-27T17:30:22.197 INFO:teuthology.orchestra.run.smithi018.stdout:/usr/bin/ceph: stderr
2022-11-27T17:30:21.801+0000 7fb92293a700 1 -- 172.21.15.18:0/117052760 wait complete.
2022-11-27T17:30:22.197 INFO:teuthology.orchestra.run.smithi018.stdout:Enabling the dashboard module...
2022-11-27T17:30:23.095 INFO:journalctl@ceph.mon.a.smithi018.stdout:Nov 27 17:30:22 smithi018 ceph-mon[97555]: from='client.? 172.21.15.18:0/117052760' entity='client.admin'
2022-11-27T17:30:23.095 INFO:journalctl@ceph.mon.a.smithi018.stdout:Nov 27 17:30:22 smithi018 ceph-mon[97555]: from='mgr.14118 172.21.15.18:0/2464050303' entity='mgr.x'
2022-11-27T17:30:24.116 INFO:journalctl@ceph.mon.a.smithi018.stdout:Nov 27 17:30:23 smithi018 ceph-mon[97555]: from='client.? 172.21.15.18:0/726131550' entity='client.admin' cmd=[{"prefix": "mgr module enable", "module": "dashboard"}]: dispatch
2022-11-27T17:30:24.117 INFO:journalctl@ceph.mgr.x.smithi018.stdout:Nov 27 17:30:23 smithi018 ceph-ff47213a-6e78-11ed-843b-001a4aab830c-mgr-x[97800]: ignoring --setuser ceph since I am not root
2022-11-27T17:30:24.117 INFO:journalctl@ceph.mgr.x.smithi018.stdout:Nov 27 17:30:23 smithi018 ceph-ff47213a-6e78-11ed-843b-001a4aab830c-mgr-x[97800]: ignoring --setgroup ceph since I am not root
2022-11-27T17:30:24.117 INFO:journalctl@ceph.mgr.x.smithi018.stdout:Nov 27 17:30:24 smithi018 ceph-ff47213a-6e78-11ed-843b-001a4aab830c-mgr-x[97800]:
2022-11-27T17:30:24.020+0000 7fabc9363200 -1 mgr[py] Module devicehealth has missing NOTIFY_TYPES member
2022-11-27T17:30:24.234 INFO:teuthology.orchestra.run.smithi018.stdout:/usr/bin/ceph: stderr
2022-11-27T17:30:22.644+0000 7f5b3fa3e700 1 Processor -- start
2022-11-27T17:30:24.234 INFO:teuthology.orchestra.run.smithi018.stdout:/usr/bin/ceph: stderr
2022-11-27T17:30:22.644+0000 7f5b3fa3e700 1 -- start start
2022-11-27T17:30:24.234 INFO:teuthology.orchestra.run.smithi018.stdout:/usr/bin/ceph: stderr
2022-11-27T17:30:22.644+0000 7f5b3fa3e700 1 --2- >> [v2:172.21.15.18:3300/0,v1:172.21.15.18:6789/0] conn(0x7f5b38103640 0x7f5b38103a50 unknown :-1 s=NONE pgs=0 cs=0 l=0 rev1=0 crypto rx=0 tx=0 comp rx=0 tx=0).connect
2022-11-27T17:30:24.235 INFO:teuthology.orchestra.run.smithi018.stdout:/usr/bin/ceph: stderr
2022-11-27T17:30:22.644+0000 7f5b3fa3e700 1 -- --> [v2:172.21.15.18:3300/0,v1:172.21.15.18:6789/0] -- mon_getmap magic: 0 v1 -- 0x7f5b38103f90 con 0x7f5b38103640
2022-11-27T17:30:24.235 INFO:teuthology.orchestra.run.smithi018.stdout:/usr/bin/ceph: stderr
2022-11-27T17:30:22.644+0000 7f5b3d7da700 1 --2- >> [v2:172.21.15.18:3300/0,v1:172.21.15.18:6789/0] conn(0x7f5b38103640 0x7f5b38103a50 unknown :-1 s=BANNER_CONNECTING pgs=0 cs=0 l=0 rev1=0 crypto rx=0 tx=0 comp rx=0 tx=0)._handle_peer_banner_payload supported=3 required=0
2022-11-27T17:30:24.235 INFO:teuthology.orchestra.run.smithi018.stdout:/usr/bin/ceph: stderr
2022-11-27T17:30:22.644+0000 7f5b3d7da700 1 --2- >> [v2:172.21.15.18:3300/0,v1:172.21.15.18:6789/0] conn(0x7f5b38103640 0x7f5b38103a50 unknown :-1 s=HELLO_CONNECTING pgs=0 cs=0 l=0 rev1=1 crypto rx=0 tx=0 comp rx=0 tx=0).handle_hello peer v2:172.21.15.18:3300/0 says I am v2:172.21.15.18:39052/0 (socket says 172.21.15.18:39052)
2022-11-27T17:30:24.235 INFO:teuthology.orchestra.run.smithi018.stdout:/usr/bin/ceph: stderr
2022-11-27T17:30:22.644+0000 7f5b3d7da700 1 -- 172.21.15.18:0/1429724039 learned_addr learned my addr 172.21.15.18:0/1429724039 (peer_addr_for_me v2:172.21.15.18:0/0)
2022-11-27T17:30:24.236 INFO:teuthology.orchestra.run.smithi018.stdout:/usr/bin/ceph: stderr
2022-11-27T17:30:22.644+0000 7f5b3d7da700 1 -- 172.21.15.18:0/1429724039 --> [v2:172.21.15.18:3300/0,v1:172.21.15.18:6789/0] -- mon_subscribe({config=0+,monmap=0+}) v3 -- 0x7f5b381040d0 con 0x7f5b38103640
2022-11-27T17:30:24.236 INFO:teuthology.orchestra.run.smithi018.stdout:/usr/bin/ceph: stderr
2022-11-27T17:30:22.645+0000 7f5b3d7da700 1 --2- 172.21.15.18:0/1429724039 >> [v2:172.21.15.18:3300/0,v1:172.21.15.18:6789/0] conn(0x7f5b38103640 0x7f5b38103a50 secure :-1 s=READY pgs=53 cs=0 l=1 rev1=1 crypto rx=0x7f5b30009e80 tx=0x7f5b3000b330 comp rx=0 tx=0).ready entity=mon.0 client_cookie=a210ad1761678113 server_cookie=0 in_seq=0 out_seq=0
2022-11-27T17:30:24.236 INFO:teuthology.orchestra.run.smithi018.stdout:/usr/bin/ceph: stderr
2022-11-27T17:30:22.645+0000 7f5b37fff700 1 -- 172.21.15.18:0/1429724039 <== mon.0 v2:172.21.15.18:3300/0 1 ==== mon_map magic: 0 v1 ==== 205+0+0 (secure 0 0 0) 0x7f5b3000e070 con 0x7f5b38103640
2022-11-27T17:30:24.236 INFO:teuthology.orchestra.run.smithi018.stdout:/usr/bin/ceph: stderr
2022-11-27T17:30:22.645+0000 7f5b37fff700 1 -- 172.21.15.18:0/1429724039 <== mon.0 v2:172.21.15.18:3300/0 2 ==== config(25 keys) v1 ==== 1067+0+0 (secure 0 0 0) 0x7f5b3000b8c0 con 0x7f5b38103640
2022-11-27T17:30:24.236 INFO:teuthology.orchestra.run.smithi018.stdout:/usr/bin/ceph: stderr
2022-11-27T17:30:22.645+0000 7f5b37fff700 1 -- 172.21.15.18:0/1429724039 <== mon.0 v2:172.21.15.18:3300/0 3 ==== mon_map magic: 0 v1 ==== 205+0+0 (secure 0 0 0) 0x7f5b30004360 con 0x7f5b38103640
2022-11-27T17:30:24.237 INFO:teuthology.orchestra.run.smithi018.stdout:/usr/bin/ceph: stderr
2022-11-27T17:30:22.646+0000 7f5b3fa3e700 1 -- 172.21.15.18:0/1429724039 >> [v2:172.21.15.18:3300/0,v1:172.21.15.18:6789/0] conn(0x7f5b38103640 msgr2=0x7f5b38103a50 secure :-1 s=STATE_CONNECTION_ESTABLISHED l=1).mark_down
2022-11-27T17:30:24.237 INFO:teuthology.orchestra.run.smithi018.stdout:/usr/bin/ceph: stderr
2022-11-27T17:30:22.646+0000 7f5b3fa3e700 1 --2- 172.21.15.18:0/1429724039 >> [v2:172.21.15.18:3300/0,v1:172.21.15.18:6789/0] conn(0x7f5b38103640 0x7f5b38103a50 secure :-1 s=READY pgs=53 cs=0 l=1 rev1=1 crypto rx=0x7f5b30009e80 tx=0x7f5b3000b330 comp rx=0 tx=0).stop
2022-11-27T17:30:24.237 INFO:teuthology.orchestra.run.smithi018.stdout:/usr/bin/ceph: stderr
2022-11-27T17:30:22.646+0000 7f5b3fa3e700 1 -- 172.21.15.18:0/1429724039 shutdown_connections
2022-11-27T17:30:24.237 INFO:teuthology.orchestra.run.smithi018.stdout:/usr/bin/ceph: stderr
2022-11-27T17:30:22.646+0000 7f5b3fa3e700 1 --2- 172.21.15.18:0/1429724039 >> [v2:172.21.15.18:3300/0,v1:172.21.15.18:6789/0] conn(0x7f5b38103640 0x7f5b38103a50 unknown :-1 s=CLOSED pgs=53 cs=0 l=1 rev1=1 crypto rx=0 tx=0 comp rx=0 tx=0).stop
2022-11-27T17:30:24.238 INFO:teuthology.orchestra.run.smithi018.stdout:/usr/bin/ceph: stderr
2022-11-27T17:30:22.646+0000 7f5b3fa3e700 1 -- 172.21.15.18:0/1429724039 >> 172.21.15.18:0/1429724039 conn(0x7f5b380fece0 msgr2=0x7f5b381010f0 unknown :-1 s=STATE_NONE l=0).mark_down
2022-11-27T17:30:24.238 INFO:teuthology.orchestra.run.smithi018.stdout:/usr/bin/ceph: stderr
2022-11-27T17:30:22.646+0000 7f5b3fa3e700 1 -- 172.21.15.18:0/1429724039 shutdown_connections
2022-11-27T17:30:24.238 INFO:teuthology.orchestra.run.smithi018.stdout:/usr/bin/ceph: stderr
2022-11-27T17:30:22.646+0000 7f5b3fa3e700 1 -- 172.21.15.18:0/1429724039 wait complete.
2022-11-27T17:30:24.238 INFO:teuthology.orchestra.run.smithi018.stdout:/usr/bin/ceph: stderr
2022-11-27T17:30:22.646+0000 7f5b3fa3e700 1 Processor -- start
2022-11-27T17:30:24.238 INFO:teuthology.orchestra.run.smithi018.stdout:/usr/bin/ceph: stderr
2022-11-27T17:30:22.646+0000 7f5b3fa3e700 1 -- start start
2022-11-27T17:30:24.239 INFO:teuthology.orchestra.run.smithi018.stdout:/usr/bin/ceph: stderr
2022-11-27T17:30:22.647+0000 7f5b3fa3e700 1 --2- >> [v2:172.21.15.18:3300/0,v1:172.21.15.18:6789/0] conn(0x7f5b38103640 0x7f5b38078b10 unknown :-1 s=NONE pgs=0 cs=0 l=1 rev1=0 crypto rx=0 tx=0 comp rx=0 tx=0).connect
2022-11-27T17:30:24.239 INFO:teuthology.orchestra.run.smithi018.stdout:/usr/bin/ceph: stderr
2022-11-27T17:30:22.647+0000 7f5b3fa3e700 1 -- --> [v2:172.21.15.18:3300/0,v1:172.21.15.18:6789/0] -- mon_getmap magic: 0 v1 -- 0x7f5b3819afb0 con 0x7f5b38103640
2022-11-27T17:30:24.239 INFO:teuthology.orchestra.run.smithi018.stdout:/usr/bin/ceph: stderr
2022-11-27T17:30:22.647+0000 7f5b3d7da700 1 --2- >> [v2:172.21.15.18:3300/0,v1:172.21.15.18:6789/0] conn(0x7f5b38103640 0x7f5b38078b10 unknown :-1 s=BANNER_CONNECTING pgs=0 cs=0 l=1 rev1=0 crypto rx=0 tx=0 comp rx=0 tx=0)._handle_peer_banner_payload supported=3 required=0
2022-11-27T17:30:24.239 INFO:teuthology.orchestra.run.smithi018.stdout:/usr/bin/ceph: stderr
2022-11-27T17:30:22.647+0000 7f5b3d7da700 1 --2- >> [v2:172.21.15.18:3300/0,v1:172.21.15.18:6789/0] conn(0x7f5b38103640 0x7f5b38078b10 unknown :-1 s=HELLO_CONNECTING pgs=0 cs=0 l=1 rev1=1 crypto rx=0 tx=0 comp rx=0 tx=0).handle_hello peer v2:172.21.15.18:3300/0 says I am v2:172.21.15.18:39054/0 (socket says 172.21.15.18:39054)
2022-11-27T17:30:24.240 INFO:teuthology.orchestra.run.smithi018.stdout:/usr/bin/ceph: stderr
2022-11-27T17:30:22.647+0000 7f5b3d7da700 1 -- 172.21.15.18:0/726131550 learned_addr learned my addr 172.21.15.18:0/726131550 (peer_addr_for_me v2:172.21.15.18:0/0)
2022-11-27T17:30:24.240 INFO:teuthology.orchestra.run.smithi018.stdout:/usr/bin/ceph: stderr
2022-11-27T17:30:22.647+0000 7f5b3d7da700 1 -- 172.21.15.18:0/726131550 --> [v2:172.21.15.18:3300/0,v1:172.21.15.18:6789/0] -- mon_subscribe({config=0+,monmap=0+}) v3 -- 0x7f5b30009b30 con 0x7f5b38103640
2022-11-27T17:30:24.241 INFO:teuthology.orchestra.run.smithi018.stdout:/usr/bin/ceph: stderr
2022-11-27T17:30:22.647+0000 7f5b3d7da700 1 --2- 172.21.15.18:0/726131550 >> [v2:172.21.15.18:3300/0,v1:172.21.15.18:6789/0] conn(0x7f5b38103640 0x7f5b38078b10 secure :-1 s=READY pgs=54 cs=0 l=1 rev1=1 crypto rx=0x7f5b300072a0 tx=0x7f5b30003d00 comp rx=0 tx=0).ready entity=mon.0 client_cookie=0 server_cookie=0 in_seq=0 out_seq=0
2022-11-27T17:30:24.241 INFO:teuthology.orchestra.run.smithi018.stdout:/usr/bin/ceph: stderr
2022-11-27T17:30:22.647+0000 7f5b367fc700 1 -- 172.21.15.18:0/726131550 <== mon.0 v2:172.21.15.18:3300/0 1 ==== mon_map magic: 0 v1 ==== 205+0+0 (secure 0 0 0) 0x7f5b3000e040 con 0x7f5b38103640
2022-11-27T17:30:24.241 INFO:teuthology.orchestra.run.smithi018.stdout:/usr/bin/ceph: stderr
2022-11-27T17:30:22.647+0000 7f5b367fc700 1 -- 172.21.15.18:0/726131550 <== mon.0 v2:172.21.15.18:3300/0 2 ==== config(25 keys) v1 ==== 1067+0+0 (secure 0 0 0) 0x7f5b3000bd70 con 0x7f5b38103640
2022-11-27T17:30:24.241 INFO:teuthology.orchestra.run.smithi018.stdout:/usr/bin/ceph: stderr
2022-11-27T17:30:22.647+0000 7f5b3fa3e700 1 -- 172.21.15.18:0/726131550 --> [v2:172.21.15.18:3300/0,v1:172.21.15.18:6789/0] -- mon_subscribe({mgrmap=0+}) v3 -- 0x7f5b3819b0f0 con 0x7f5b38103640
2022-11-27T17:30:24.242 INFO:teuthology.orchestra.run.smithi018.stdout:/usr/bin/ceph: stderr
2022-11-27T17:30:22.647+0000 7f5b367fc700 1 -- 172.21.15.18:0/726131550 <== mon.0 v2:172.21.15.18:3300/0 3 ==== mon_map magic: 0 v1 ==== 205+0+0 (secure 0 0 0) 0x7f5b3001c590 con 0x7f5b38103640
2022-11-27T17:30:24.242 INFO:teuthology.orchestra.run.smithi018.stdout:/usr/bin/ceph: stderr
2022-11-27T17:30:22.647+0000 7f5b3fa3e700 1 -- 172.21.15.18:0/726131550 --> [v2:172.21.15.18:3300/0,v1:172.21.15.18:6789/0] -- mon_subscribe({osdmap=0}) v3 -- 0x7f5b3819b520 con 0x7f5b38103640
2022-11-27T17:30:24.242 INFO:teuthology.orchestra.run.smithi018.stdout:/usr/bin/ceph: stderr
2022-11-27T17:30:22.648+0000 7f5b367fc700 1 -- 172.21.15.18:0/726131550 <== mon.0 v2:172.21.15.18:3300/0 4 ==== mgrmap(e 8) v1 ==== 43201+0+0 (secure 0 0 0) 0x7f5b3002c070 con 0x7f5b38103640
2022-11-27T17:30:24.242 INFO:teuthology.orchestra.run.smithi018.stdout:/usr/bin/ceph: stderr
2022-11-27T17:30:22.648+0000 7f5b367fc700 1 --2- 172.21.15.18:0/726131550 >> [v2:172.21.15.18:6800/3092428159,v1:172.21.15.18:6801/3092428159] conn(0x7f5b240362a0 0x7f5b24038750 unknown :-1 s=NONE pgs=0 cs=0 l=1 rev1=0 crypto rx=0 tx=0 comp rx=0 tx=0).connect
2022-11-27T17:30:24.243 INFO:teuthology.orchestra.run.smithi018.stdout:/usr/bin/ceph: stderr
2022-11-27T17:30:22.649+0000 7f5b367fc700 1 -- 172.21.15.18:0/726131550 <== mon.0 v2:172.21.15.18:3300/0 5 ==== osd_map(2..2 src has 1..2) v4 ==== 936+0+0 (secure 0 0 0) 0x7f5b30049580 con 0x7f5b38103640
2022-11-27T17:30:24.243 INFO:teuthology.orchestra.run.smithi018.stdout:/usr/bin/ceph: stderr
2022-11-27T17:30:22.649+0000 7f5b3cfd9700 1 --2- 172.21.15.18:0/726131550 >> [v2:172.21.15.18:6800/3092428159,v1:172.21.15.18:6801/3092428159] conn(0x7f5b240362a0 0x7f5b24038750 unknown :-1 s=BANNER_CONNECTING pgs=0 cs=0 l=1 rev1=0 crypto rx=0 tx=0 comp rx=0 tx=0)._handle_peer_banner_payload supported=3 required=0
2022-11-27T17:30:24.243 INFO:teuthology.orchestra.run.smithi018.stdout:/usr/bin/ceph: stderr
2022-11-27T17:30:22.649+0000 7f5b3fa3e700 1 -- 172.21.15.18:0/726131550 --> [v2:172.21.15.18:3300/0,v1:172.21.15.18:6789/0] -- mon_command({"prefix": "get_command_descriptions"} v 0) v1 -- 0x7f5b38105520 con 0x7f5b38103640
2022-11-27T17:30:24.243 INFO:teuthology.orchestra.run.smithi018.stdout:/usr/bin/ceph: stderr
2022-11-27T17:30:22.649+0000 7f5b3cfd9700 1 --2- 172.21.15.18:0/726131550 >> [v2:172.21.15.18:6800/3092428159,v1:172.21.15.18:6801/3092428159] conn(0x7f5b240362a0 0x7f5b24038750 secure :-1 s=READY pgs=16 cs=0 l=1 rev1=1 crypto rx=0x7f5b2c006fd0 tx=0x7f5b2c006e40 comp rx=0 tx=0).ready entity=mgr.14118 client_cookie=0 server_cookie=0 in_seq=0 out_seq=0
2022-11-27T17:30:24.244 INFO:teuthology.orchestra.run.smithi018.stdout:/usr/bin/ceph: stderr
2022-11-27T17:30:22.654+0000 7f5b367fc700 1 -- 172.21.15.18:0/726131550 <== mon.0 v2:172.21.15.18:3300/0 6 ==== mon_command_ack([{"prefix": "get_command_descriptions"}]=0 v0) v1 ==== 72+0+172060 (secure 0 0 0) 0x7f5b30020080 con 0x7f5b38103640
2022-11-27T17:30:24.244 INFO:teuthology.orchestra.run.smithi018.stdout:/usr/bin/ceph: stderr
2022-11-27T17:30:23.111+0000 7f5b3fa3e700 1 -- 172.21.15.18:0/726131550 --> [v2:172.21.15.18:3300/0,v1:172.21.15.18:6789/0] -- mon_command({"prefix": "mgr module enable", "module": "dashboard"} v 0) v1 -- 0x7f5b3819be40 con 0x7f5b38103640
2022-11-27T17:30:24.244 INFO:teuthology.orchestra.run.smithi018.stdout:/usr/bin/ceph: stderr
2022-11-27T17:30:23.802+0000 7f5b367fc700 1 -- 172.21.15.18:0/726131550 <== mon.0 v2:172.21.15.18:3300/0 7 ==== mgrmap(e 9) v1 ==== 43214+0+0 (secure 0 0 0) 0x7f5b30022030 con 0x7f5b38103640
2022-11-27T17:30:24.244 INFO:teuthology.orchestra.run.smithi018.stdout:/usr/bin/ceph: stderr
2022-11-27T17:30:23.803+0000 7f5b367fc700 1 -- 172.21.15.18:0/726131550 <== mon.0 v2:172.21.15.18:3300/0 8 ==== mon_command_ack([{"prefix": "mgr module enable", "module": "dashboard"}]=0 v9) v1 ==== 88+0+0 (secure 0 0 0) 0x7f5b30043420 con 0x7f5b38103640
2022-11-27T17:30:24.244 INFO:teuthology.orchestra.run.smithi018.stdout:/usr/bin/ceph: stderr
2022-11-27T17:30:23.807+0000 7f5b3fa3e700 1 -- 172.21.15.18:0/726131550 >> [v2:172.21.15.18:6800/3092428159,v1:172.21.15.18:6801/3092428159] conn(0x7f5b240362a0 msgr2=0x7f5b24038750 secure :-1 s=STATE_CONNECTION_ESTABLISHED l=1).mark_down
2022-11-27T17:30:24.245 INFO:teuthology.orchestra.run.smithi018.stdout:/usr/bin/ceph: stderr
2022-11-27T17:30:23.807+0000 7f5b3fa3e700 1 --2- 172.21.15.18:0/726131550 >> [v2:172.21.15.18:6800/3092428159,v1:172.21.15.18:6801/3092428159] conn(0x7f5b240362a0 0x7f5b24038750 secure :-1 s=READY pgs=16 cs=0 l=1 rev1=1 crypto rx=0x7f5b2c006fd0 tx=0x7f5b2c006e40 comp rx=0 tx=0).stop
2022-11-27T17:30:24.245 INFO:teuthology.orchestra.run.smithi018.stdout:/usr/bin/ceph: stderr
2022-11-27T17:30:23.807+0000 7f5b3fa3e700 1 -- 172.21.15.18:0/726131550 >> [v2:172.21.15.18:3300/0,v1:172.21.15.18:6789/0] conn(0x7f5b38103640 msgr2=0x7f5b38078b10 secure :-1 s=STATE_CONNECTION_ESTABLISHED l=1).mark_down
2022-11-27T17:30:24.245 INFO:teuthology.orchestra.run.smithi018.stdout:/usr/bin/ceph: stderr
2022-11-27T17:30:23.807+0000 7f5b3fa3e700 1 --2- 172.21.15.18:0/726131550 >> [v2:172.21.15.18:3300/0,v1:172.21.15.18:6789/0] conn(0x7f5b38103640 0x7f5b38078b10 secure :-1 s=READY pgs=54 cs=0 l=1 rev1=1 crypto rx=0x7f5b300072a0 tx=0x7f5b30003d00 comp rx=0 tx=0).stop
2022-11-27T17:30:24.245 INFO:teuthology.orchestra.run.smithi018.stdout:/usr/bin/ceph: stderr
2022-11-27T17:30:23.807+0000 7f5b3fa3e700 1 -- 172.21.15.18:0/726131550 shutdown_connections
2022-11-27T17:30:24.246 INFO:teuthology.orchestra.run.smithi018.stdout:/usr/bin/ceph: stderr
2022-11-27T17:30:23.807+0000 7f5b3fa3e700 1 --2- 172.21.15.18:0/726131550 >> [v2:172.21.15.18:6800/3092428159,v1:172.21.15.18:6801/3092428159] conn(0x7f5b240362a0 0x7f5b24038750 unknown :-1 s=CLOSED pgs=16 cs=0 l=1 rev1=1 crypto rx=0 tx=0 comp rx=0 tx=0).stop
2022-11-27T17:30:24.246 INFO:teuthology.orchestra.run.smithi018.stdout:/usr/bin/ceph: stderr
2022-11-27T17:30:23.807+0000 7f5b3fa3e700 1 --2- 172.21.15.18:0/726131550 >> [v2:172.21.15.18:3300/0,v1:172.21.15.18:6789/0] conn(0x7f5b38103640 0x7f5b38078b10 unknown :-1 s=CLOSED pgs=54 cs=0 l=1 rev1=1 crypto rx=0 tx=0 comp rx=0 tx=0).stop
2022-11-27T17:30:24.246 INFO:teuthology.orchestra.run.smithi018.stdout:/usr/bin/ceph: stderr
2022-11-27T17:30:23.807+0000 7f5b3fa3e700 1 -- 172.21.15.18:0/726131550 >> 172.21.15.18:0/726131550 conn(0x7f5b380fece0 msgr2=0x7f5b38100320 unknown :-1 s=STATE_NONE l=0).mark_down
2022-11-27T17:30:24.246 INFO:teuthology.orchestra.run.smithi018.stdout:/usr/bin/ceph: stderr
2022-11-27T17:30:23.807+0000 7f5b3fa3e700 1 -- 172.21.15.18:0/726131550 shutdown_connections
2022-11-27T17:30:24.246 INFO:teuthology.orchestra.run.smithi018.stdout:/usr/bin/ceph: stderr
2022-11-27T17:30:23.807+0000 7f5b3fa3e700 1 -- 172.21.15.18:0/726131550 wait complete.
2022-11-27T17:30:24.480 INFO:journalctl@ceph.mgr.x.smithi018.stdout:Nov 27 17:30:24 smithi018 ceph-ff47213a-6e78-11ed-843b-001a4aab830c-mgr-x[97800]:
2022-11-27T17:30:24.114+0000 7fabc9363200 -1 mgr[py] Module osd_support has missing NOTIFY_TYPES member
2022-11-27T17:30:24.481 INFO:journalctl@ceph.mgr.x.smithi018.stdout:Nov 27 17:30:24 smithi018 ceph-ff47213a-6e78-11ed-843b-001a4aab830c-mgr-x[97800]:
2022-11-27T17:30:24.221+0000 7fabc9363200 -1 mgr[py] Module snap_schedule has missing NOTIFY_TYPES member
2022-11-27T17:30:24.481 INFO:journalctl@ceph.mgr.x.smithi018.stdout:Nov 27 17:30:24 smithi018 ceph-ff47213a-6e78-11ed-843b-001a4aab830c-mgr-x[97800]:
2022-11-27T17:30:24.338+0000 7fabc9363200 -1 mgr[py] Module zabbix has missing NOTIFY_TYPES member
2022-11-27T17:30:24.753 INFO:journalctl@ceph.mgr.x.smithi018.stdout:Nov 27 17:30:24 smithi018 ceph-ff47213a-6e78-11ed-843b-001a4aab830c-mgr-x[97800]:
2022-11-27T17:30:24.550+0000 7fabc9363200 -1 mgr[py] Module crash has missing NOTIFY_TYPES member
2022-11-27T17:30:25.066 INFO:journalctl@ceph.mgr.x.smithi018.stdout:Nov 27 17:30:24 smithi018 ceph-ff47213a-6e78-11ed-843b-001a4aab830c-mgr-x[97800]:
2022-11-27T17:30:24.957+0000 7fabc9363200 -1 mgr[py] Module prometheus has missing NOTIFY_TYPES member
2022-11-27T17:30:25.067 INFO:journalctl@ceph.mon.a.smithi018.stdout:Nov 27 17:30:24 smithi018 ceph-mon[97555]: from='client.? 172.21.15.18:0/726131550' entity='client.admin' cmd='[{"prefix": "mgr module enable", "module": "dashboard"}]': finished
2022-11-27T17:30:25.067 INFO:journalctl@ceph.mon.a.smithi018.stdout:Nov 27 17:30:24 smithi018 ceph-mon[97555]: mgrmap e9: x(active, since 16s)
2022-11-27T17:30:25.336 INFO:journalctl@ceph.mgr.x.smithi018.stdout:Nov 27 17:30:25 smithi018 ceph-ff47213a-6e78-11ed-843b-001a4aab830c-mgr-x[97800]:
2022-11-27T17:30:25.064+0000 7fabc9363200 -1 mgr[py] Module status has missing NOTIFY_TYPES member
2022-11-27T17:30:25.336 INFO:journalctl@ceph.mgr.x.smithi018.stdout:Nov 27 17:30:25 smithi018 ceph-ff47213a-6e78-11ed-843b-001a4aab830c-mgr-x[97800]:
2022-11-27T17:30:25.215+0000 7fabc9363200 -1 mgr[py] Module selftest has missing NOTIFY_TYPES member
2022-11-27T17:30:25.336 INFO:journalctl@ceph.mgr.x.smithi018.stdout:Nov 27 17:30:25 smithi018 ceph-ff47213a-6e78-11ed-843b-001a4aab830c-mgr-x[97800]:
2022-11-27T17:30:25.334+0000 7fabc9363200 -1 mgr[py] Module alerts has missing NOTIFY_TYPES member
2022-11-27T17:30:25.679 INFO:teuthology.orchestra.run.smithi018.stdout:/usr/bin/ceph: stdout {
2022-11-27T17:30:25.679 INFO:teuthology.orchestra.run.smithi018.stdout:/usr/bin/ceph: stdout "epoch": 9,
2022-11-27T17:30:25.679 INFO:teuthology.orchestra.run.smithi018.stdout:/usr/bin/ceph: stdout "available": true,
2022-11-27T17:30:25.680 INFO:teuthology.orchestra.run.smithi018.stdout:/usr/bin/ceph: stdout "active_name": "x",
2022-11-27T17:30:25.680 INFO:teuthology.orchestra.run.smithi018.stdout:/usr/bin/ceph: stdout "num_standby": 0
2022-11-27T17:30:25.680 INFO:teuthology.orchestra.run.smithi018.stdout:/usr/bin/ceph: stdout }
2022-11-27T17:30:25.680 INFO:teuthology.orchestra.run.smithi018.stdout:/usr/bin/ceph: stderr
2022-11-27T17:30:24.784+0000 7f18080fe700 1 Processor -- start
2022-11-27T17:30:25.680 INFO:teuthology.orchestra.run.smithi018.stdout:/usr/bin/ceph: stderr
2022-11-27T17:30:24.784+0000 7f18080fe700 1 -- start start
2022-11-27T17:30:25.681 INFO:teuthology.orchestra.run.smithi018.stdout:/usr/bin/ceph: stderr
2022-11-27T17:30:24.784+0000 7f18080fe700 1 --2- >> [v2:172.21.15.18:3300/0,v1:172.21.15.18:6789/0] conn(0x7f1800103680 0x7f1800103a90 unknown :-1 s=NONE pgs=0 cs=0 l=0 rev1=0 crypto rx=0 tx=0 comp rx=0 tx=0).connect
2022-11-27T17:30:25.681 INFO:teuthology.orchestra.run.smithi018.stdout:/usr/bin/ceph: stderr
2022-11-27T17:30:24.784+0000 7f18080fe700 1 -- --> [v2:172.21.15.18:3300/0,v1:172.21.15.18:6789/0] -- mon_getmap magic: 0 v1 -- 0x7f1800103fd0 con 0x7f1800103680
2022-11-27T17:30:25.681 INFO:teuthology.orchestra.run.smithi018.stdout:/usr/bin/ceph: stderr
2022-11-27T17:30:24.784+0000 7f1805e9a700 1 --2- >> [v2:172.21.15.18:3300/0,v1:172.21.15.18:6789/0] conn(0x7f1800103680 0x7f1800103a90 unknown :-1 s=BANNER_CONNECTING pgs=0 cs=0 l=0 rev1=0 crypto rx=0 tx=0 comp rx=0 tx=0)._handle_peer_banner_payload supported=3 required=0
2022-11-27T17:30:25.682 INFO:teuthology.orchestra.run.smithi018.stdout:/usr/bin/ceph: stderr
2022-11-27T17:30:24.784+0000 7f1805e9a700 1 --2- >> [v2:172.21.15.18:3300/0,v1:172.21.15.18:6789/0] conn(0x7f1800103680 0x7f1800103a90 unknown :-1 s=HELLO_CONNECTING pgs=0 cs=0 l=0 rev1=1 crypto rx=0 tx=0 comp rx=0 tx=0).handle_hello peer v2:172.21.15.18:3300/0 says I am v2:172.21.15.18:39068/0 (socket says 172.21.15.18:39068)
2022-11-27T17:30:25.682 INFO:teuthology.orchestra.run.smithi018.stdout:/usr/bin/ceph: stderr
2022-11-27T17:30:24.784+0000 7f1805e9a700 1 -- 172.21.15.18:0/1513572718 learned_addr learned my addr 172.21.15.18:0/1513572718 (peer_addr_for_me v2:172.21.15.18:0/0)
2022-11-27T17:30:25.682 INFO:teuthology.orchestra.run.smithi018.stdout:/usr/bin/ceph: stderr
2022-11-27T17:30:24.785+0000 7f1805e9a700 1 -- 172.21.15.18:0/1513572718 --> [v2:172.21.15.18:3300/0,v1:172.21.15.18:6789/0] -- mon_subscribe({config=0+,monmap=0+}) v3 -- 0x7f1800104110 con 0x7f1800103680
2022-11-27T17:30:25.682 INFO:teuthology.orchestra.run.smithi018.stdout:/usr/bin/ceph: stderr
2022-11-27T17:30:24.785+0000 7f1805e9a700 1 --2- 172.21.15.18:0/1513572718 >> [v2:172.21.15.18:3300/0,v1:172.21.15.18:6789/0] conn(0x7f1800103680 0x7f1800103a90 secure :-1 s=READY pgs=57 cs=0 l=1 rev1=1 crypto rx=0x7f17fc0098a0 tx=0x7f17fc009bb0 comp rx=0 tx=0).ready entity=mon.0 client_cookie=613424b9c7e1435 server_cookie=0 in_seq=0 out_seq=0
2022-11-27T17:30:25.683 INFO:teuthology.orchestra.run.smithi018.stdout:/usr/bin/ceph: stderr
2022-11-27T17:30:24.785+0000 7f1804e98700 1 -- 172.21.15.18:0/1513572718 <== mon.0 v2:172.21.15.18:3300/0 1 ==== mon_map magic: 0 v1 ==== 205+0+0 (secure 0 0 0) 0x7f17fc004160 con 0x7f1800103680
2022-11-27T17:30:25.683 INFO:teuthology.orchestra.run.smithi018.stdout:/usr/bin/ceph: stderr
2022-11-27T17:30:24.785+0000 7f1804e98700 1 -- 172.21.15.18:0/1513572718 <== mon.0 v2:172.21.15.18:3300/0 2 ==== config(25 keys) v1 ==== 1067+0+0 (secure 0 0 0) 0x7f17fc0042c0 con 0x7f1800103680
2022-11-27T17:30:25.683 INFO:teuthology.orchestra.run.smithi018.stdout:/usr/bin/ceph: stderr
2022-11-27T17:30:24.785+0000 7f1804e98700 1 -- 172.21.15.18:0/1513572718 <== mon.0 v2:172.21.15.18:3300/0 3 ==== mon_map magic: 0 v1 ==== 205+0+0 (secure 0 0 0) 0x7f17fc0118e0 con 0x7f1800103680
2022-11-27T17:30:25.684 INFO:teuthology.orchestra.run.smithi018.stdout:/usr/bin/ceph: stderr
2022-11-27T17:30:24.786+0000 7f18080fe700 1 -- 172.21.15.18:0/1513572718 >> [v2:172.21.15.18:3300/0,v1:172.21.15.18:6789/0] conn(0x7f1800103680 msgr2=0x7f1800103a90 secure :-1 s=STATE_CONNECTION_ESTABLISHED l=1).mark_down
2022-11-27T17:30:25.684 INFO:teuthology.orchestra.run.smithi018.stdout:/usr/bin/ceph: stderr
2022-11-27T17:30:24.786+0000 7f18080fe700 1 --2- 172.21.15.18:0/1513572718 >> [v2:172.21.15.18:3300/0,v1:172.21.15.18:6789/0] conn(0x7f1800103680 0x7f1800103a90 secure :-1 s=READY pgs=57 cs=0 l=1 rev1=1 crypto rx=0x7f17fc0098a0 tx=0x7f17fc009bb0 comp rx=0 tx=0).stop
2022-11-27T17:30:25.684 INFO:teuthology.orchestra.run.smithi018.stdout:/usr/bin/ceph: stderr
2022-11-27T17:30:24.786+0000 7f18080fe700 1 -- 172.21.15.18:0/1513572718 shutdown_connections
2022-11-27T17:30:25.685 INFO:teuthology.orchestra.run.smithi018.stdout:/usr/bin/ceph: stderr
2022-11-27T17:30:24.786+0000 7f18080fe700 1 --2- 172.21.15.18:0/1513572718 >> [v2:172.21.15.18:3300/0,v1:172.21.15.18:6789/0] conn(0x7f1800103680 0x7f1800103a90 unknown :-1 s=CLOSED pgs=57 cs=0 l=1 rev1=1 crypto rx=0 tx=0 comp rx=0 tx=0).stop
2022-11-27T17:30:25.685 INFO:teuthology.orchestra.run.smithi018.stdout:/usr/bin/ceph: stderr
2022-11-27T17:30:24.786+0000 7f18080fe700 1 -- 172.21.15.18:0/1513572718 >> 172.21.15.18:0/1513572718 conn(0x7f18000fece0 msgr2=0x7f18001010f0 unknown :-1 s=STATE_NONE l=0).mark_down
2022-11-27T17:30:25.685 INFO:teuthology.orchestra.run.smithi018.stdout:/usr/bin/ceph: stderr
2022-11-27T17:30:24.786+0000 7f18080fe700 1 -- 172.21.15.18:0/1513572718 shutdown_connections
2022-11-27T17:30:25.685 INFO:teuthology.orchestra.run.smithi018.stdout:/usr/bin/ceph: stderr
2022-11-27T17:30:24.786+0000 7f18080fe700 1 -- 172.21.15.18:0/1513572718 wait complete.
2022-11-27T17:30:25.686 INFO:teuthology.orchestra.run.smithi018.stdout:/usr/bin/ceph: stderr
2022-11-27T17:30:24.786+0000 7f18080fe700 1 Processor -- start
2022-11-27T17:30:25.686 INFO:teuthology.orchestra.run.smithi018.stdout:/usr/bin/ceph: stderr
2022-11-27T17:30:24.786+0000 7f18080fe700 1 -- start start
2022-11-27T17:30:25.686 INFO:teuthology.orchestra.run.smithi018.stdout:/usr/bin/ceph: stderr
2022-11-27T17:30:24.787+0000 7f18080fe700 1 --2- >> [v2:172.21.15.18:3300/0,v1:172.21.15.18:6789/0] conn(0x7f1800103680 0x7f1800078b10 unknown :-1 s=NONE pgs=0 cs=0 l=1 rev1=0 crypto rx=0 tx=0 comp rx=0 tx=0).connect
2022-11-27T17:30:25.686 INFO:teuthology.orchestra.run.smithi018.stdout:/usr/bin/ceph: stderr
2022-11-27T17:30:24.787+0000 7f18080fe700 1 -- --> [v2:172.21.15.18:3300/0,v1:172.21.15.18:6789/0] -- mon_getmap magic: 0 v1 -- 0x7f180019b340 con 0x7f1800103680
2022-11-27T17:30:25.687 INFO:teuthology.orchestra.run.smithi018.stdout:/usr/bin/ceph: stderr
2022-11-27T17:30:24.787+0000 7f1805e9a700 1 --2- >> [v2:172.21.15.18:3300/0,v1:172.21.15.18:6789/0] conn(0x7f1800103680 0x7f1800078b10 unknown :-1 s=BANNER_CONNECTING pgs=0 cs=0 l=1 rev1=0 crypto rx=0 tx=0 comp rx=0 tx=0)._handle_peer_banner_payload supported=3 required=0
2022-11-27T17:30:25.687 INFO:teuthology.orchestra.run.smithi018.stdout:/usr/bin/ceph: stderr
2022-11-27T17:30:24.787+0000 7f1805e9a700 1 --2- >> [v2:172.21.15.18:3300/0,v1:172.21.15.18:6789/0] conn(0x7f1800103680 0x7f1800078b10 unknown :-1 s=HELLO_CONNECTING pgs=0 cs=0 l=1 rev1=1 crypto rx=0 tx=0 comp rx=0 tx=0).handle_hello peer v2:172.21.15.18:3300/0 says I am v2:172.21.15.18:39070/0 (socket says 172.21.15.18:39070)
2022-11-27T17:30:25.687 INFO:teuthology.orchestra.run.smithi018.stdout:/usr/bin/ceph: stderr
2022-11-27T17:30:24.787+0000 7f1805e9a700 1 -- 172.21.15.18:0/4114411887 learned_addr learned my addr 172.21.15.18:0/4114411887 (peer_addr_for_me v2:172.21.15.18:0/0)
2022-11-27T17:30:25.688 INFO:teuthology.orchestra.run.smithi018.stdout:/usr/bin/ceph: stderr
2022-11-27T17:30:24.787+0000 7f1805e9a700 1 -- 172.21.15.18:0/4114411887 --> [v2:172.21.15.18:3300/0,v1:172.21.15.18:6789/0] -- mon_subscribe({config=0+,monmap=0+}) v3 -- 0x7f17fc009550 con 0x7f1800103680
2022-11-27T17:30:25.688 INFO:teuthology.orchestra.run.smithi018.stdout:/usr/bin/ceph: stderr
2022-11-27T17:30:24.787+0000 7f1805e9a700 1 --2- 172.21.15.18:0/4114411887 >> [v2:172.21.15.18:3300/0,v1:172.21.15.18:6789/0] conn(0x7f1800103680 0x7f1800078b10 secure :-1 s=READY pgs=58 cs=0 l=1 rev1=1 crypto rx=0x7f17fc006af0 tx=0x7f17fc011e80 comp rx=0 tx=0).ready entity=mon.0 client_cookie=0 server_cookie=0 in_seq=0 out_seq=0
2022-11-27T17:30:25.688 INFO:teuthology.orchestra.run.smithi018.stdout:/usr/bin/ceph: stderr
2022-11-27T17:30:24.787+0000 7f17eeffd700 1 -- 172.21.15.18:0/4114411887 <== mon.0 v2:172.21.15.18:3300/0 1 ==== mon_map magic: 0 v1 ==== 205+0+0 (secure 0 0 0) 0x7f17fc0037d0 con 0x7f1800103680
2022-11-27T17:30:25.688 INFO:teuthology.orchestra.run.smithi018.stdout:/usr/bin/ceph: stderr
2022-11-27T17:30:24.787+0000 7f17eeffd700 1 -- 172.21.15.18:0/4114411887 <== mon.0 v2:172.21.15.18:3300/0 2 ==== config(25 keys) v1 ==== 1067+0+0 (secure 0 0 0) 0x7f17fc01b440 con 0x7f1800103680
2022-11-27T17:30:25.689 INFO:teuthology.orchestra.run.smithi018.stdout:/usr/bin/ceph: stderr
2022-11-27T17:30:24.787+0000 7f18080fe700 1 -- 172.21.15.18:0/4114411887 --> [v2:172.21.15.18:3300/0,v1:172.21.15.18:6789/0] -- mon_subscribe({mgrmap=0+}) v3 -- 0x7f180019b480 con 0x7f1800103680
2022-11-27T17:30:25.689 INFO:teuthology.orchestra.run.smithi018.stdout:/usr/bin/ceph: stderr
2022-11-27T17:30:24.788+0000 7f17eeffd700 1 -- 172.21.15.18:0/4114411887 <== mon.0 v2:172.21.15.18:3300/0 3 ==== mon_map magic: 0 v1 ==== 205+0+0 (secure 0 0 0) 0x7f17fc0193d0 con 0x7f1800103680
2022-11-27T17:30:25.689 INFO:teuthology.orchestra.run.smithi018.stdout:/usr/bin/ceph: stderr
2022-11-27T17:30:24.788+0000 7f18080fe700 1 -- 172.21.15.18:0/4114411887 --> [v2:172.21.15.18:3300/0,v1:172.21.15.18:6789/0] -- mon_subscribe({osdmap=0}) v3 -- 0x7f180019b850 con 0x7f1800103680
2022-11-27T17:30:25.689 INFO:teuthology.orchestra.run.smithi018.stdout:/usr/bin/ceph: stderr
2022-11-27T17:30:24.788+0000 7f17eeffd700 1 -- 172.21.15.18:0/4114411887 <== mon.0 v2:172.21.15.18:3300/0 4 ==== mgrmap(e 9) v1 ==== 43214+0+0 (secure 0 0 0) 0x7f17fc02a070 con 0x7f1800103680
2022-11-27T17:30:25.690 INFO:teuthology.orchestra.run.smithi018.stdout:/usr/bin/ceph: stderr
2022-11-27T17:30:24.789+0000 7f17eeffd700 1 --2- 172.21.15.18:0/4114411887 >> [v2:172.21.15.18:6800/3092428159,v1:172.21.15.18:6801/3092428159] conn(0x7f17e8036310 0x7f17e80387c0 unknown :-1 s=NONE pgs=0 cs=0 l=1 rev1=0 crypto rx=0 tx=0 comp rx=0 tx=0).connect
2022-11-27T17:30:25.690 INFO:teuthology.orchestra.run.smithi018.stdout:/usr/bin/ceph: stderr
2022-11-27T17:30:24.789+0000 7f17eeffd700 1 -- 172.21.15.18:0/4114411887 <== mon.0 v2:172.21.15.18:3300/0 5 ==== osd_map(2..2 src has 1..2) v4 ==== 936+0+0 (secure 0 0 0) 0x7f17fc0497b0 con 0x7f1800103680
2022-11-27T17:30:25.690 INFO:teuthology.orchestra.run.smithi018.stdout:/usr/bin/ceph: stderr
2022-11-27T17:30:24.789+0000 7f1805699700 1 -- 172.21.15.18:0/4114411887 >> [v2:172.21.15.18:6800/3092428159,v1:172.21.15.18:6801/3092428159] conn(0x7f17e8036310 msgr2=0x7f17e80387c0 unknown :-1 s=STATE_CONNECTING_RE l=1).process reconnect failed to v2:172.21.15.18:6800/3092428159
2022-11-27T17:30:25.690 INFO:teuthology.orchestra.run.smithi018.stdout:/usr/bin/ceph: stderr
2022-11-27T17:30:24.789+0000 7f1805699700 1 --2- 172.21.15.18:0/4114411887 >> [v2:172.21.15.18:6800/3092428159,v1:172.21.15.18:6801/3092428159] conn(0x7f17e8036310 0x7f17e80387c0 unknown :-1 s=START_CONNECT pgs=0 cs=0 l=1 rev1=0 crypto rx=0 tx=0 comp rx=0 tx=0)._fault waiting 0.200000
2022-11-27T17:30:25.691 INFO:teuthology.orchestra.run.smithi018.stdout:/usr/bin/ceph: stderr
2022-11-27T17:30:24.789+0000 7f18080fe700 1 -- 172.21.15.18:0/4114411887 --> [v2:172.21.15.18:3300/0,v1:172.21.15.18:6789/0] -- mon_command({"prefix": "get_command_descriptions"} v 0) v1 -- 0x7f1800191260 con 0x7f1800103680
2022-11-27T17:30:25.691 INFO:teuthology.orchestra.run.smithi018.stdout:/usr/bin/ceph: stderr
2022-11-27T17:30:24.793+0000 7f17eeffd700 1 -- 172.21.15.18:0/4114411887 <== mon.0 v2:172.21.15.18:3300/0 6 ==== mon_command_ack([{"prefix": "get_command_descriptions"}]=0 v0) v1 ==== 72+0+172060 (secure 0 0 0) 0x7f17fc02bdd0 con 0x7f1800103680
2022-11-27T17:30:25.691 INFO:teuthology.orchestra.run.smithi018.stdout:/usr/bin/ceph: stderr
2022-11-27T17:30:24.990+0000 7f1805699700 1 -- 172.21.15.18:0/4114411887 >> [v2:172.21.15.18:6800/3092428159,v1:172.21.15.18:6801/3092428159] conn(0x7f17e8036310 msgr2=0x7f17e80387c0 unknown :-1 s=STATE_CONNECTING_RE l=1).process reconnect failed to v2:172.21.15.18:6800/3092428159
2022-11-27T17:30:25.692 INFO:teuthology.orchestra.run.smithi018.stdout:/usr/bin/ceph: stderr
