2022-11-27T17:30:16.418+0000 7f9a39cf1700 1 --2- 172.21.15.18:0/395492667 >> [v2:172.21.15.18:6800/3092428159,v1:172.21.15.18:6801/3092428159] conn(0x7f9a14036310 0x7f9a140387c0 secure :-1 s=READY pgs=11 cs=0 l=1 rev1=1 crypto rx=0x7f9a24006fd0 tx=0x7f9a24006e40 comp rx=0 tx=0).stop
2022-11-27T17:30:16.905 INFO:teuthology.orchestra.run.smithi018.stdout:/usr/bin/ceph: stderr
2022-11-27T17:30:16.418+0000 7f9a39cf1700 1 -- 172.21.15.18:0/395492667 >> [v2:172.21.15.18:3300/0,v1:172.21.15.18:6789/0] conn(0x7f9a341052c0 msgr2=0x7f9a341985a0 secure :-1 s=STATE_CONNECTION_ESTABLISHED l=1).mark_down
2022-11-27T17:30:16.905 INFO:teuthology.orchestra.run.smithi018.stdout:/usr/bin/ceph: stderr
2022-11-27T17:30:16.418+0000 7f9a39cf1700 1 --2- 172.21.15.18:0/395492667 >> [v2:172.21.15.18:3300/0,v1:172.21.15.18:6789/0] conn(0x7f9a341052c0 0x7f9a341985a0 secure :-1 s=READY pgs=44 cs=0 l=1 rev1=1 crypto rx=0x7f9a1c006af0 tx=0x7f9a1c011a30 comp rx=0 tx=0).stop
2022-11-27T17:30:16.905 INFO:teuthology.orchestra.run.smithi018.stdout:/usr/bin/ceph: stderr
2022-11-27T17:30:16.418+0000 7f9a39cf1700 1 -- 172.21.15.18:0/395492667 shutdown_connections
2022-11-27T17:30:16.906 INFO:teuthology.orchestra.run.smithi018.stdout:/usr/bin/ceph: stderr
2022-11-27T17:30:16.418+0000 7f9a39cf1700 1 --2- 172.21.15.18:0/395492667 >> [v2:172.21.15.18:6800/3092428159,v1:172.21.15.18:6801/3092428159] conn(0x7f9a14036310 0x7f9a140387c0 unknown :-1 s=CLOSED pgs=11 cs=0 l=1 rev1=1 crypto rx=0 tx=0 comp rx=0 tx=0).stop
2022-11-27T17:30:16.906 INFO:teuthology.orchestra.run.smithi018.stdout:/usr/bin/ceph: stderr
2022-11-27T17:30:16.418+0000 7f9a39cf1700 1 --2- 172.21.15.18:0/395492667 >> [v2:172.21.15.18:3300/0,v1:172.21.15.18:6789/0] conn(0x7f9a341052c0 0x7f9a341985a0 unknown :-1 s=CLOSED pgs=44 cs=0 l=1 rev1=1 crypto rx=0 tx=0 comp rx=0 tx=0).stop
2022-11-27T17:30:16.906 INFO:teuthology.orchestra.run.smithi018.stdout:/usr/bin/ceph: stderr
2022-11-27T17:30:16.418+0000 7f9a39cf1700 1 -- 172.21.15.18:0/395492667 >> 172.21.15.18:0/395492667 conn(0x7f9a340fece0 msgr2=0x7f9a34100fd0 unknown :-1 s=STATE_NONE l=0).mark_down
2022-11-27T17:30:16.906 INFO:teuthology.orchestra.run.smithi018.stdout:/usr/bin/ceph: stderr
2022-11-27T17:30:16.419+0000 7f9a39cf1700 1 -- 172.21.15.18:0/395492667 shutdown_connections
2022-11-27T17:30:16.906 INFO:teuthology.orchestra.run.smithi018.stdout:/usr/bin/ceph: stderr
2022-11-27T17:30:16.419+0000 7f9a39cf1700 1 -- 172.21.15.18:0/395492667 wait complete.
2022-11-27T17:30:16.907 INFO:teuthology.orchestra.run.smithi018.stdout:Deploying unmanaged mon service...
2022-11-27T17:30:17.690 INFO:journalctl@ceph.mon.a.smithi018.stdout:Nov 27 17:30:17 smithi018 ceph-mon[97555]: from='mgr.14118 172.21.15.18:0/2464050303' entity='mgr.x'
2022-11-27T17:30:17.690 INFO:journalctl@ceph.mon.a.smithi018.stdout:Nov 27 17:30:17 smithi018 ceph-mon[97555]: Added host smithi018
2022-11-27T17:30:17.691 INFO:journalctl@ceph.mon.a.smithi018.stdout:Nov 27 17:30:17 smithi018 ceph-mon[97555]: from='mgr.14118 172.21.15.18:0/2464050303' entity='mgr.x' cmd=[{"prefix": "config dump", "format": "json"}]: dispatch
2022-11-27T17:30:18.449 INFO:teuthology.orchestra.run.smithi018.stdout:/usr/bin/ceph: stdout Scheduled mon update...
2022-11-27T17:30:18.450 INFO:teuthology.orchestra.run.smithi018.stdout:/usr/bin/ceph: stderr
2022-11-27T17:30:17.448+0000 7fd3d00e9700 1 Processor -- start
2022-11-27T17:30:18.451 INFO:teuthology.orchestra.run.smithi018.stdout:/usr/bin/ceph: stderr
2022-11-27T17:30:17.448+0000 7fd3d00e9700 1 -- start start
2022-11-27T17:30:18.451 INFO:teuthology.orchestra.run.smithi018.stdout:/usr/bin/ceph: stderr
2022-11-27T17:30:17.448+0000 7fd3d00e9700 1 --2- >> [v2:172.21.15.18:3300/0,v1:172.21.15.18:6789/0] conn(0x7fd3c8102a50 0x7fd3c8102e60 unknown :-1 s=NONE pgs=0 cs=0 l=0 rev1=0 crypto rx=0 tx=0 comp rx=0 tx=0).connect
2022-11-27T17:30:18.452 INFO:teuthology.orchestra.run.smithi018.stdout:/usr/bin/ceph: stderr
2022-11-27T17:30:17.448+0000 7fd3d00e9700 1 -- --> [v2:172.21.15.18:3300/0,v1:172.21.15.18:6789/0] -- mon_getmap magic: 0 v1 -- 0x7fd3c81033a0 con 0x7fd3c8102a50
2022-11-27T17:30:18.452 INFO:teuthology.orchestra.run.smithi018.stdout:/usr/bin/ceph: stderr
2022-11-27T17:30:17.449+0000 7fd3cde85700 1 --2- >> [v2:172.21.15.18:3300/0,v1:172.21.15.18:6789/0] conn(0x7fd3c8102a50 0x7fd3c8102e60 unknown :-1 s=BANNER_CONNECTING pgs=0 cs=0 l=0 rev1=0 crypto rx=0 tx=0 comp rx=0 tx=0)._handle_peer_banner_payload supported=3 required=0
2022-11-27T17:30:18.452 INFO:teuthology.orchestra.run.smithi018.stdout:/usr/bin/ceph: stderr
2022-11-27T17:30:17.449+0000 7fd3cde85700 1 --2- >> [v2:172.21.15.18:3300/0,v1:172.21.15.18:6789/0] conn(0x7fd3c8102a50 0x7fd3c8102e60 unknown :-1 s=HELLO_CONNECTING pgs=0 cs=0 l=0 rev1=1 crypto rx=0 tx=0 comp rx=0 tx=0).handle_hello peer v2:172.21.15.18:3300/0 says I am v2:172.21.15.18:39028/0 (socket says 172.21.15.18:39028)
2022-11-27T17:30:18.453 INFO:teuthology.orchestra.run.smithi018.stdout:/usr/bin/ceph: stderr
2022-11-27T17:30:17.449+0000 7fd3cde85700 1 -- 172.21.15.18:0/2639170929 learned_addr learned my addr 172.21.15.18:0/2639170929 (peer_addr_for_me v2:172.21.15.18:0/0)
2022-11-27T17:30:18.453 INFO:teuthology.orchestra.run.smithi018.stdout:/usr/bin/ceph: stderr
2022-11-27T17:30:17.449+0000 7fd3cde85700 1 -- 172.21.15.18:0/2639170929 --> [v2:172.21.15.18:3300/0,v1:172.21.15.18:6789/0] -- mon_subscribe({config=0+,monmap=0+}) v3 -- 0x7fd3c81034e0 con 0x7fd3c8102a50
2022-11-27T17:30:18.454 INFO:teuthology.orchestra.run.smithi018.stdout:/usr/bin/ceph: stderr
2022-11-27T17:30:17.449+0000 7fd3cde85700 1 --2- 172.21.15.18:0/2639170929 >> [v2:172.21.15.18:3300/0,v1:172.21.15.18:6789/0] conn(0x7fd3c8102a50 0x7fd3c8102e60 secure :-1 s=READY pgs=45 cs=0 l=1 rev1=1 crypto rx=0x7fd3b80098a0 tx=0x7fd3b8009bb0 comp rx=0 tx=0).ready entity=mon.0 client_cookie=4e11dc42b4e10966 server_cookie=0 in_seq=0 out_seq=0
2022-11-27T17:30:18.455 INFO:teuthology.orchestra.run.smithi018.stdout:/usr/bin/ceph: stderr
2022-11-27T17:30:17.449+0000 7fd3cce83700 1 -- 172.21.15.18:0/2639170929 <== mon.0 v2:172.21.15.18:3300/0 1 ==== mon_map magic: 0 v1 ==== 205+0+0 (secure 0 0 0) 0x7fd3b8004160 con 0x7fd3c8102a50
2022-11-27T17:30:18.455 INFO:teuthology.orchestra.run.smithi018.stdout:/usr/bin/ceph: stderr
2022-11-27T17:30:17.449+0000 7fd3cce83700 1 -- 172.21.15.18:0/2639170929 <== mon.0 v2:172.21.15.18:3300/0 2 ==== config(25 keys) v1 ==== 1036+0+0 (secure 0 0 0) 0x7fd3b80042c0 con 0x7fd3c8102a50
2022-11-27T17:30:18.455 INFO:teuthology.orchestra.run.smithi018.stdout:/usr/bin/ceph: stderr
2022-11-27T17:30:17.449+0000 7fd3cce83700 1 -- 172.21.15.18:0/2639170929 <== mon.0 v2:172.21.15.18:3300/0 3 ==== mon_map magic: 0 v1 ==== 205+0+0 (secure 0 0 0) 0x7fd3b8011940 con 0x7fd3c8102a50
2022-11-27T17:30:18.456 INFO:teuthology.orchestra.run.smithi018.stdout:/usr/bin/ceph: stderr
2022-11-27T17:30:17.450+0000 7fd3d00e9700 1 -- 172.21.15.18:0/2639170929 >> [v2:172.21.15.18:3300/0,v1:172.21.15.18:6789/0] conn(0x7fd3c8102a50 msgr2=0x7fd3c8102e60 secure :-1 s=STATE_CONNECTION_ESTABLISHED l=1).mark_down
2022-11-27T17:30:18.456 INFO:teuthology.orchestra.run.smithi018.stdout:/usr/bin/ceph: stderr
2022-11-27T17:30:17.450+0000 7fd3d00e9700 1 --2- 172.21.15.18:0/2639170929 >> [v2:172.21.15.18:3300/0,v1:172.21.15.18:6789/0] conn(0x7fd3c8102a50 0x7fd3c8102e60 secure :-1 s=READY pgs=45 cs=0 l=1 rev1=1 crypto rx=0x7fd3b80098a0 tx=0x7fd3b8009bb0 comp rx=0 tx=0).stop
2022-11-27T17:30:18.457 INFO:teuthology.orchestra.run.smithi018.stdout:/usr/bin/ceph: stderr
2022-11-27T17:30:17.450+0000 7fd3d00e9700 1 -- 172.21.15.18:0/2639170929 shutdown_connections
2022-11-27T17:30:18.457 INFO:teuthology.orchestra.run.smithi018.stdout:/usr/bin/ceph: stderr
2022-11-27T17:30:17.450+0000 7fd3d00e9700 1 --2- 172.21.15.18:0/2639170929 >> [v2:172.21.15.18:3300/0,v1:172.21.15.18:6789/0] conn(0x7fd3c8102a50 0x7fd3c8102e60 unknown :-1 s=CLOSED pgs=45 cs=0 l=1 rev1=1 crypto rx=0 tx=0 comp rx=0 tx=0).stop
2022-11-27T17:30:18.458 INFO:teuthology.orchestra.run.smithi018.stdout:/usr/bin/ceph: stderr
2022-11-27T17:30:17.450+0000 7fd3d00e9700 1 -- 172.21.15.18:0/2639170929 >> 172.21.15.18:0/2639170929 conn(0x7fd3c80fe440 msgr2=0x7fd3c8100850 unknown :-1 s=STATE_NONE l=0).mark_down
2022-11-27T17:30:18.458 INFO:teuthology.orchestra.run.smithi018.stdout:/usr/bin/ceph: stderr
2022-11-27T17:30:17.450+0000 7fd3d00e9700 1 -- 172.21.15.18:0/2639170929 shutdown_connections
2022-11-27T17:30:18.458 INFO:teuthology.orchestra.run.smithi018.stdout:/usr/bin/ceph: stderr
2022-11-27T17:30:17.450+0000 7fd3d00e9700 1 -- 172.21.15.18:0/2639170929 wait complete.
2022-11-27T17:30:18.459 INFO:teuthology.orchestra.run.smithi018.stdout:/usr/bin/ceph: stderr
2022-11-27T17:30:17.451+0000 7fd3d00e9700 1 Processor -- start
2022-11-27T17:30:18.459 INFO:teuthology.orchestra.run.smithi018.stdout:/usr/bin/ceph: stderr
2022-11-27T17:30:17.451+0000 7fd3d00e9700 1 -- start start
2022-11-27T17:30:18.459 INFO:teuthology.orchestra.run.smithi018.stdout:/usr/bin/ceph: stderr
2022-11-27T17:30:17.451+0000 7fd3d00e9700 1 --2- >> [v2:172.21.15.18:3300/0,v1:172.21.15.18:6789/0] conn(0x7fd3c8102a50 0x7fd3c819a7e0 unknown :-1 s=NONE pgs=0 cs=0 l=1 rev1=0 crypto rx=0 tx=0 comp rx=0 tx=0).connect
2022-11-27T17:30:18.460 INFO:teuthology.orchestra.run.smithi018.stdout:/usr/bin/ceph: stderr
2022-11-27T17:30:17.451+0000 7fd3d00e9700 1 -- --> [v2:172.21.15.18:3300/0,v1:172.21.15.18:6789/0] -- mon_getmap magic: 0 v1 -- 0x7fd3c819ad20 con 0x7fd3c8102a50
2022-11-27T17:30:18.460 INFO:teuthology.orchestra.run.smithi018.stdout:/usr/bin/ceph: stderr
2022-11-27T17:30:17.451+0000 7fd3cde85700 1 --2- >> [v2:172.21.15.18:3300/0,v1:172.21.15.18:6789/0] conn(0x7fd3c8102a50 0x7fd3c819a7e0 unknown :-1 s=BANNER_CONNECTING pgs=0 cs=0 l=1 rev1=0 crypto rx=0 tx=0 comp rx=0 tx=0)._handle_peer_banner_payload supported=3 required=0
2022-11-27T17:30:18.460 INFO:teuthology.orchestra.run.smithi018.stdout:/usr/bin/ceph: stderr
2022-11-27T17:30:17.451+0000 7fd3cde85700 1 --2- >> [v2:172.21.15.18:3300/0,v1:172.21.15.18:6789/0] conn(0x7fd3c8102a50 0x7fd3c819a7e0 unknown :-1 s=HELLO_CONNECTING pgs=0 cs=0 l=1 rev1=1 crypto rx=0 tx=0 comp rx=0 tx=0).handle_hello peer v2:172.21.15.18:3300/0 says I am v2:172.21.15.18:39030/0 (socket says 172.21.15.18:39030)
2022-11-27T17:30:18.461 INFO:teuthology.orchestra.run.smithi018.stdout:/usr/bin/ceph: stderr
2022-11-27T17:30:17.451+0000 7fd3cde85700 1 -- 172.21.15.18:0/1194721725 learned_addr learned my addr 172.21.15.18:0/1194721725 (peer_addr_for_me v2:172.21.15.18:0/0)
2022-11-27T17:30:18.461 INFO:teuthology.orchestra.run.smithi018.stdout:/usr/bin/ceph: stderr
2022-11-27T17:30:17.451+0000 7fd3cde85700 1 -- 172.21.15.18:0/1194721725 --> [v2:172.21.15.18:3300/0,v1:172.21.15.18:6789/0] -- mon_subscribe({config=0+,monmap=0+}) v3 -- 0x7fd3b8009550 con 0x7fd3c8102a50
2022-11-27T17:30:18.461 INFO:teuthology.orchestra.run.smithi018.stdout:/usr/bin/ceph: stderr
2022-11-27T17:30:17.452+0000 7fd3cde85700 1 --2- 172.21.15.18:0/1194721725 >> [v2:172.21.15.18:3300/0,v1:172.21.15.18:6789/0] conn(0x7fd3c8102a50 0x7fd3c819a7e0 secure :-1 s=READY pgs=46 cs=0 l=1 rev1=1 crypto rx=0x7fd3b8006af0 tx=0x7fd3b80119c0 comp rx=0 tx=0).ready entity=mon.0 client_cookie=0 server_cookie=0 in_seq=0 out_seq=0
2022-11-27T17:30:18.461 INFO:teuthology.orchestra.run.smithi018.stdout:/usr/bin/ceph: stderr
2022-11-27T17:30:17.452+0000 7fd3b6ffd700 1 -- 172.21.15.18:0/1194721725 <== mon.0 v2:172.21.15.18:3300/0 1 ==== mon_map magic: 0 v1 ==== 205+0+0 (secure 0 0 0) 0x7fd3b8003a70 con 0x7fd3c8102a50
2022-11-27T17:30:18.462 INFO:teuthology.orchestra.run.smithi018.stdout:/usr/bin/ceph: stderr
2022-11-27T17:30:17.452+0000 7fd3d00e9700 1 -- 172.21.15.18:0/1194721725 --> [v2:172.21.15.18:3300/0,v1:172.21.15.18:6789/0] -- mon_subscribe({mgrmap=0+}) v3 -- 0x7fd3c819af20 con 0x7fd3c8102a50
2022-11-27T17:30:18.462 INFO:teuthology.orchestra.run.smithi018.stdout:/usr/bin/ceph: stderr
2022-11-27T17:30:17.452+0000 7fd3b6ffd700 1 -- 172.21.15.18:0/1194721725 <== mon.0 v2:172.21.15.18:3300/0 2 ==== config(25 keys) v1 ==== 1036+0+0 (secure 0 0 0) 0x7fd3b8003bd0 con 0x7fd3c8102a50
2022-11-27T17:30:18.462 INFO:teuthology.orchestra.run.smithi018.stdout:/usr/bin/ceph: stderr
2022-11-27T17:30:17.452+0000 7fd3b6ffd700 1 -- 172.21.15.18:0/1194721725 <== mon.0 v2:172.21.15.18:3300/0 3 ==== mon_map magic: 0 v1 ==== 205+0+0 (secure 0 0 0) 0x7fd3b8019620 con 0x7fd3c8102a50
2022-11-27T17:30:18.463 INFO:teuthology.orchestra.run.smithi018.stdout:/usr/bin/ceph: stderr
2022-11-27T17:30:17.453+0000 7fd3d00e9700 1 -- 172.21.15.18:0/1194721725 --> [v2:172.21.15.18:3300/0,v1:172.21.15.18:6789/0] -- mon_subscribe({osdmap=0}) v3 -- 0x7fd3c819b350 con 0x7fd3c8102a50
2022-11-27T17:30:18.463 INFO:teuthology.orchestra.run.smithi018.stdout:/usr/bin/ceph: stderr
2022-11-27T17:30:17.454+0000 7fd3d00e9700 1 -- 172.21.15.18:0/1194721725 --> [v2:172.21.15.18:3300/0,v1:172.21.15.18:6789/0] -- mon_command({"prefix": "get_command_descriptions"} v 0) v1 -- 0x7fd3c8194790 con 0x7fd3c8102a50
2022-11-27T17:30:18.463 INFO:teuthology.orchestra.run.smithi018.stdout:/usr/bin/ceph: stderr
2022-11-27T17:30:17.455+0000 7fd3b6ffd700 1 -- 172.21.15.18:0/1194721725 <== mon.0 v2:172.21.15.18:3300/0 4 ==== mgrmap(e 8) v1 ==== 43201+0+0 (secure 0 0 0) 0x7fd3b802a020 con 0x7fd3c8102a50
2022-11-27T17:30:18.463 INFO:teuthology.orchestra.run.smithi018.stdout:/usr/bin/ceph: stderr
2022-11-27T17:30:17.455+0000 7fd3b6ffd700 1 --2- 172.21.15.18:0/1194721725 >> [v2:172.21.15.18:6800/3092428159,v1:172.21.15.18:6801/3092428159] conn(0x7fd3b00362c0 0x7fd3b0038770 unknown :-1 s=NONE pgs=0 cs=0 l=1 rev1=0 crypto rx=0 tx=0 comp rx=0 tx=0).connect
2022-11-27T17:30:18.464 INFO:teuthology.orchestra.run.smithi018.stdout:/usr/bin/ceph: stderr
2022-11-27T17:30:17.455+0000 7fd3b6ffd700 1 -- 172.21.15.18:0/1194721725 <== mon.0 v2:172.21.15.18:3300/0 5 ==== osd_map(2..2 src has 1..2) v4 ==== 936+0+0 (secure 0 0 0) 0x7fd3b8049cb0 con 0x7fd3c8102a50
2022-11-27T17:30:18.464 INFO:teuthology.orchestra.run.smithi018.stdout:/usr/bin/ceph: stderr
2022-11-27T17:30:17.455+0000 7fd3cd684700 1 --2- 172.21.15.18:0/1194721725 >> [v2:172.21.15.18:6800/3092428159,v1:172.21.15.18:6801/3092428159] conn(0x7fd3b00362c0 0x7fd3b0038770 unknown :-1 s=BANNER_CONNECTING pgs=0 cs=0 l=1 rev1=0 crypto rx=0 tx=0 comp rx=0 tx=0)._handle_peer_banner_payload supported=3 required=0
2022-11-27T17:30:18.464 INFO:teuthology.orchestra.run.smithi018.stdout:/usr/bin/ceph: stderr
2022-11-27T17:30:17.456+0000 7fd3cd684700 1 --2- 172.21.15.18:0/1194721725 >> [v2:172.21.15.18:6800/3092428159,v1:172.21.15.18:6801/3092428159] conn(0x7fd3b00362c0 0x7fd3b0038770 secure :-1 s=READY pgs=12 cs=0 l=1 rev1=1 crypto rx=0x7fd3c4006fd0 tx=0x7fd3c4006e40 comp rx=0 tx=0).ready entity=mgr.14118 client_cookie=0 server_cookie=0 in_seq=0 out_seq=0
2022-11-27T17:30:18.464 INFO:teuthology.orchestra.run.smithi018.stdout:/usr/bin/ceph: stderr
2022-11-27T17:30:17.459+0000 7fd3b6ffd700 1 -- 172.21.15.18:0/1194721725 <== mon.0 v2:172.21.15.18:3300/0 6 ==== mon_command_ack([{"prefix": "get_command_descriptions"}]=0 v0) v1 ==== 72+0+172060 (secure 0 0 0) 0x7fd3b8023390 con 0x7fd3c8102a50
2022-11-27T17:30:18.465 INFO:teuthology.orchestra.run.smithi018.stdout:/usr/bin/ceph: stderr
2022-11-27T17:30:17.838+0000 7fd3d00e9700 1 -- 172.21.15.18:0/1194721725 --> [v2:172.21.15.18:6800/3092428159,v1:172.21.15.18:6801/3092428159] -- mgr_command(tid 0: {"prefix": "orch apply", "service_type": "mon", "unmanaged": true, "target": ["mon-mgr", ""]}) v1 -- 0x7fd3c8106730 con 0x7fd3b00362c0
2022-11-27T17:30:18.465 INFO:teuthology.orchestra.run.smithi018.stdout:/usr/bin/ceph: stderr
2022-11-27T17:30:17.843+0000 7fd3b6ffd700 1 -- 172.21.15.18:0/1194721725 <== mgr.14118 v2:172.21.15.18:6800/3092428159 1 ==== mgr_command_reply(tid 0: 0 ) v1 ==== 8+0+24 (secure 0 0 0) 0x7fd3c8106730 con 0x7fd3b00362c0
2022-11-27T17:30:18.465 INFO:teuthology.orchestra.run.smithi018.stdout:/usr/bin/ceph: stderr
2022-11-27T17:30:17.845+0000 7fd3d00e9700 1 -- 172.21.15.18:0/1194721725 >> [v2:172.21.15.18:6800/3092428159,v1:172.21.15.18:6801/3092428159] conn(0x7fd3b00362c0 msgr2=0x7fd3b0038770 secure :-1 s=STATE_CONNECTION_ESTABLISHED l=1).mark_down
2022-11-27T17:30:18.465 INFO:teuthology.orchestra.run.smithi018.stdout:/usr/bin/ceph: stderr
2022-11-27T17:30:17.845+0000 7fd3d00e9700 1 --2- 172.21.15.18:0/1194721725 >> [v2:172.21.15.18:6800/3092428159,v1:172.21.15.18:6801/3092428159] conn(0x7fd3b00362c0 0x7fd3b0038770 secure :-1 s=READY pgs=12 cs=0 l=1 rev1=1 crypto rx=0x7fd3c4006fd0 tx=0x7fd3c4006e40 comp rx=0 tx=0).stop
2022-11-27T17:30:18.466 INFO:teuthology.orchestra.run.smithi018.stdout:/usr/bin/ceph: stderr
2022-11-27T17:30:17.845+0000 7fd3d00e9700 1 -- 172.21.15.18:0/1194721725 >> [v2:172.21.15.18:3300/0,v1:172.21.15.18:6789/0] conn(0x7fd3c8102a50 msgr2=0x7fd3c819a7e0 secure :-1 s=STATE_CONNECTION_ESTABLISHED l=1).mark_down
2022-11-27T17:30:18.466 INFO:teuthology.orchestra.run.smithi018.stdout:/usr/bin/ceph: stderr
2022-11-27T17:30:17.845+0000 7fd3d00e9700 1 --2- 172.21.15.18:0/1194721725 >> [v2:172.21.15.18:3300/0,v1:172.21.15.18:6789/0] conn(0x7fd3c8102a50 0x7fd3c819a7e0 secure :-1 s=READY pgs=46 cs=0 l=1 rev1=1 crypto rx=0x7fd3b8006af0 tx=0x7fd3b80119c0 comp rx=0 tx=0).stop
2022-11-27T17:30:18.466 INFO:teuthology.orchestra.run.smithi018.stdout:/usr/bin/ceph: stderr
2022-11-27T17:30:17.845+0000 7fd3d00e9700 1 -- 172.21.15.18:0/1194721725 shutdown_connections
2022-11-27T17:30:18.466 INFO:teuthology.orchestra.run.smithi018.stdout:/usr/bin/ceph: stderr
2022-11-27T17:30:17.845+0000 7fd3d00e9700 1 --2- 172.21.15.18:0/1194721725 >> [v2:172.21.15.18:6800/3092428159,v1:172.21.15.18:6801/3092428159] conn(0x7fd3b00362c0 0x7fd3b0038770 unknown :-1 s=CLOSED pgs=12 cs=0 l=1 rev1=1 crypto rx=0 tx=0 comp rx=0 tx=0).stop
2022-11-27T17:30:18.467 INFO:teuthology.orchestra.run.smithi018.stdout:/usr/bin/ceph: stderr
2022-11-27T17:30:17.845+0000 7fd3d00e9700 1 --2- 172.21.15.18:0/1194721725 >> [v2:172.21.15.18:3300/0,v1:172.21.15.18:6789/0] conn(0x7fd3c8102a50 0x7fd3c819a7e0 unknown :-1 s=CLOSED pgs=46 cs=0 l=1 rev1=1 crypto rx=0 tx=0 comp rx=0 tx=0).stop
2022-11-27T17:30:18.467 INFO:teuthology.orchestra.run.smithi018.stdout:/usr/bin/ceph: stderr
2022-11-27T17:30:17.845+0000 7fd3d00e9700 1 -- 172.21.15.18:0/1194721725 >> 172.21.15.18:0/1194721725 conn(0x7fd3c80fe440 msgr2=0x7fd3c80ff3d0 unknown :-1 s=STATE_NONE l=0).mark_down
2022-11-27T17:30:18.467 INFO:teuthology.orchestra.run.smithi018.stdout:/usr/bin/ceph: stderr
2022-11-27T17:30:17.845+0000 7fd3d00e9700 1 -- 172.21.15.18:0/1194721725 shutdown_connections
2022-11-27T17:30:18.467 INFO:teuthology.orchestra.run.smithi018.stdout:/usr/bin/ceph: stderr
2022-11-27T17:30:17.845+0000 7fd3d00e9700 1 -- 172.21.15.18:0/1194721725 wait complete.
2022-11-27T17:30:18.468 INFO:teuthology.orchestra.run.smithi018.stdout:Deploying unmanaged mgr service...
2022-11-27T17:30:19.004 INFO:journalctl@ceph.mon.a.smithi018.stdout:Nov 27 17:30:18 smithi018 ceph-mon[97555]: from='client.14140 -' entity='client.admin' cmd=[{"prefix": "orch apply", "service_type": "mon", "unmanaged": true, "target": ["mon-mgr", ""]}]: dispatch
2022-11-27T17:30:19.004 INFO:journalctl@ceph.mon.a.smithi018.stdout:Nov 27 17:30:18 smithi018 ceph-mon[97555]: Saving service mon spec with placement count:5
2022-11-27T17:30:19.004 INFO:journalctl@ceph.mon.a.smithi018.stdout:Nov 27 17:30:18 smithi018 ceph-mon[97555]: from='mgr.14118 172.21.15.18:0/2464050303' entity='mgr.x'
2022-11-27T17:30:19.005 INFO:journalctl@ceph.mon.a.smithi018.stdout:Nov 27 17:30:18 smithi018 ceph-mon[97555]: from='mgr.14118 172.21.15.18:0/2464050303' entity='mgr.x'
2022-11-27T17:30:19.693 INFO:teuthology.orchestra.run.smithi018.stdout:/usr/bin/ceph: stdout Scheduled mgr update...
2022-11-27T17:30:19.693 INFO:teuthology.orchestra.run.smithi018.stdout:/usr/bin/ceph: stderr
2022-11-27T17:30:18.916+0000 7f2d1cedb700 1 Processor -- start
2022-11-27T17:30:19.694 INFO:teuthology.orchestra.run.smithi018.stdout:/usr/bin/ceph: stderr
2022-11-27T17:30:18.916+0000 7f2d1cedb700 1 -- start start
2022-11-27T17:30:19.694 INFO:teuthology.orchestra.run.smithi018.stdout:/usr/bin/ceph: stderr
2022-11-27T17:30:18.916+0000 7f2d1cedb700 1 --2- >> [v2:172.21.15.18:3300/0,v1:172.21.15.18:6789/0] conn(0x7f2d18103680 0x7f2d18103a90 unknown :-1 s=NONE pgs=0 cs=0 l=0 rev1=0 crypto rx=0 tx=0 comp rx=0 tx=0).connect
2022-11-27T17:30:19.694 INFO:teuthology.orchestra.run.smithi018.stdout:/usr/bin/ceph: stderr
2022-11-27T17:30:18.916+0000 7f2d1cedb700 1 -- --> [v2:172.21.15.18:3300/0,v1:172.21.15.18:6789/0] -- mon_getmap magic: 0 v1 -- 0x7f2d18103fd0 con 0x7f2d18103680
2022-11-27T17:30:19.694 INFO:teuthology.orchestra.run.smithi018.stdout:/usr/bin/ceph: stderr
2022-11-27T17:30:18.917+0000 7f2d1659c700 1 --2- >> [v2:172.21.15.18:3300/0,v1:172.21.15.18:6789/0] conn(0x7f2d18103680 0x7f2d18103a90 unknown :-1 s=BANNER_CONNECTING pgs=0 cs=0 l=0 rev1=0 crypto rx=0 tx=0 comp rx=0 tx=0)._handle_peer_banner_payload supported=3 required=0
2022-11-27T17:30:19.695 INFO:teuthology.orchestra.run.smithi018.stdout:/usr/bin/ceph: stderr
2022-11-27T17:30:18.917+0000 7f2d1659c700 1 --2- >> [v2:172.21.15.18:3300/0,v1:172.21.15.18:6789/0] conn(0x7f2d18103680 0x7f2d18103a90 unknown :-1 s=HELLO_CONNECTING pgs=0 cs=0 l=0 rev1=1 crypto rx=0 tx=0 comp rx=0 tx=0).handle_hello peer v2:172.21.15.18:3300/0 says I am v2:172.21.15.18:39034/0 (socket says 172.21.15.18:39034)
2022-11-27T17:30:19.695 INFO:teuthology.orchestra.run.smithi018.stdout:/usr/bin/ceph: stderr
2022-11-27T17:30:18.917+0000 7f2d1659c700 1 -- 172.21.15.18:0/529998186 learned_addr learned my addr 172.21.15.18:0/529998186 (peer_addr_for_me v2:172.21.15.18:0/0)
2022-11-27T17:30:19.695 INFO:teuthology.orchestra.run.smithi018.stdout:/usr/bin/ceph: stderr
2022-11-27T17:30:18.917+0000 7f2d1659c700 1 -- 172.21.15.18:0/529998186 --> [v2:172.21.15.18:3300/0,v1:172.21.15.18:6789/0] -- mon_subscribe({config=0+,monmap=0+}) v3 -- 0x7f2d18104110 con 0x7f2d18103680
2022-11-27T17:30:19.695 INFO:teuthology.orchestra.run.smithi018.stdout:/usr/bin/ceph: stderr
2022-11-27T17:30:18.917+0000 7f2d1659c700 1 --2- 172.21.15.18:0/529998186 >> [v2:172.21.15.18:3300/0,v1:172.21.15.18:6789/0] conn(0x7f2d18103680 0x7f2d18103a90 secure :-1 s=READY pgs=47 cs=0 l=1 rev1=1 crypto rx=0x7f2d0c0098a0 tx=0x7f2d0c009bb0 comp rx=0 tx=0).ready entity=mon.0 client_cookie=bc363dd9a9573d44 server_cookie=0 in_seq=0 out_seq=0
2022-11-27T17:30:19.696 INFO:teuthology.orchestra.run.smithi018.stdout:/usr/bin/ceph: stderr
2022-11-27T17:30:18.917+0000 7f2d1559a700 1 -- 172.21.15.18:0/529998186 <== mon.0 v2:172.21.15.18:3300/0 1 ==== mon_map magic: 0 v1 ==== 205+0+0 (secure 0 0 0) 0x7f2d0c004160 con 0x7f2d18103680
2022-11-27T17:30:19.696 INFO:teuthology.orchestra.run.smithi018.stdout:/usr/bin/ceph: stderr
2022-11-27T17:30:18.917+0000 7f2d1559a700 1 -- 172.21.15.18:0/529998186 <== mon.0 v2:172.21.15.18:3300/0 2 ==== config(25 keys) v1 ==== 1067+0+0 (secure 0 0 0) 0x7f2d0c0042c0 con 0x7f2d18103680
2022-11-27T17:30:19.696 INFO:teuthology.orchestra.run.smithi018.stdout:/usr/bin/ceph: stderr
2022-11-27T17:30:18.917+0000 7f2d1559a700 1 -- 172.21.15.18:0/529998186 <== mon.0 v2:172.21.15.18:3300/0 3 ==== mon_map magic: 0 v1 ==== 205+0+0 (secure 0 0 0) 0x7f2d0c0118e0 con 0x7f2d18103680
2022-11-27T17:30:19.696 INFO:teuthology.orchestra.run.smithi018.stdout:/usr/bin/ceph: stderr
2022-11-27T17:30:18.918+0000 7f2d1cedb700 1 -- 172.21.15.18:0/529998186 >> [v2:172.21.15.18:3300/0,v1:172.21.15.18:6789/0] conn(0x7f2d18103680 msgr2=0x7f2d18103a90 secure :-1 s=STATE_CONNECTION_ESTABLISHED l=1).mark_down
2022-11-27T17:30:19.697 INFO:teuthology.orchestra.run.smithi018.stdout:/usr/bin/ceph: stderr
2022-11-27T17:30:18.918+0000 7f2d1cedb700 1 --2- 172.21.15.18:0/529998186 >> [v2:172.21.15.18:3300/0,v1:172.21.15.18:6789/0] conn(0x7f2d18103680 0x7f2d18103a90 secure :-1 s=READY pgs=47 cs=0 l=1 rev1=1 crypto rx=0x7f2d0c0098a0 tx=0x7f2d0c009bb0 comp rx=0 tx=0).stop
2022-11-27T17:30:19.697 INFO:teuthology.orchestra.run.smithi018.stdout:/usr/bin/ceph: stderr
2022-11-27T17:30:18.918+0000 7f2d1cedb700 1 -- 172.21.15.18:0/529998186 shutdown_connections
2022-11-27T17:30:19.697 INFO:teuthology.orchestra.run.smithi018.stdout:/usr/bin/ceph: stderr
2022-11-27T17:30:18.918+0000 7f2d1cedb700 1 --2- 172.21.15.18:0/529998186 >> [v2:172.21.15.18:3300/0,v1:172.21.15.18:6789/0] conn(0x7f2d18103680 0x7f2d18103a90 unknown :-1 s=CLOSED pgs=47 cs=0 l=1 rev1=1 crypto rx=0 tx=0 comp rx=0 tx=0).stop
2022-11-27T17:30:19.697 INFO:teuthology.orchestra.run.smithi018.stdout:/usr/bin/ceph: stderr
2022-11-27T17:30:18.918+0000 7f2d1cedb700 1 -- 172.21.15.18:0/529998186 >> 172.21.15.18:0/529998186 conn(0x7f2d180fece0 msgr2=0x7f2d181010f0 unknown :-1 s=STATE_NONE l=0).mark_down
2022-11-27T17:30:19.698 INFO:teuthology.orchestra.run.smithi018.stdout:/usr/bin/ceph: stderr
2022-11-27T17:30:18.918+0000 7f2d1cedb700 1 -- 172.21.15.18:0/529998186 shutdown_connections
2022-11-27T17:30:19.698 INFO:teuthology.orchestra.run.smithi018.stdout:/usr/bin/ceph: stderr
2022-11-27T17:30:18.918+0000 7f2d1cedb700 1 -- 172.21.15.18:0/529998186 wait complete.
2022-11-27T17:30:19.698 INFO:teuthology.orchestra.run.smithi018.stdout:/usr/bin/ceph: stderr
2022-11-27T17:30:18.919+0000 7f2d1cedb700 1 Processor -- start
2022-11-27T17:30:19.699 INFO:teuthology.orchestra.run.smithi018.stdout:/usr/bin/ceph: stderr
2022-11-27T17:30:18.919+0000 7f2d1cedb700 1 -- start start
2022-11-27T17:30:19.699 INFO:teuthology.orchestra.run.smithi018.stdout:/usr/bin/ceph: stderr
2022-11-27T17:30:18.919+0000 7f2d1cedb700 1 --2- >> [v2:172.21.15.18:3300/0,v1:172.21.15.18:6789/0] conn(0x7f2d18103680 0x7f2d18078b70 unknown :-1 s=NONE pgs=0 cs=0 l=1 rev1=0 crypto rx=0 tx=0 comp rx=0 tx=0).connect
2022-11-27T17:30:19.699 INFO:teuthology.orchestra.run.smithi018.stdout:/usr/bin/ceph: stderr
2022-11-27T17:30:18.919+0000 7f2d1cedb700 1 -- --> [v2:172.21.15.18:3300/0,v1:172.21.15.18:6789/0] -- mon_getmap magic: 0 v1 -- 0x7f2d1819b2e0 con 0x7f2d18103680
2022-11-27T17:30:19.699 INFO:teuthology.orchestra.run.smithi018.stdout:/usr/bin/ceph: stderr
2022-11-27T17:30:18.919+0000 7f2d1659c700 1 --2- >> [v2:172.21.15.18:3300/0,v1:172.21.15.18:6789/0] conn(0x7f2d18103680 0x7f2d18078b70 unknown :-1 s=BANNER_CONNECTING pgs=0 cs=0 l=1 rev1=0 crypto rx=0 tx=0 comp rx=0 tx=0)._handle_peer_banner_payload supported=3 required=0
2022-11-27T17:30:19.700 INFO:teuthology.orchestra.run.smithi018.stdout:/usr/bin/ceph: stderr
2022-11-27T17:30:18.919+0000 7f2d1659c700 1 --2- >> [v2:172.21.15.18:3300/0,v1:172.21.15.18:6789/0] conn(0x7f2d18103680 0x7f2d18078b70 unknown :-1 s=HELLO_CONNECTING pgs=0 cs=0 l=1 rev1=1 crypto rx=0 tx=0 comp rx=0 tx=0).handle_hello peer v2:172.21.15.18:3300/0 says I am v2:172.21.15.18:39036/0 (socket says 172.21.15.18:39036)
2022-11-27T17:30:19.700 INFO:teuthology.orchestra.run.smithi018.stdout:/usr/bin/ceph: stderr
2022-11-27T17:30:18.919+0000 7f2d1659c700 1 -- 172.21.15.18:0/729517008 learned_addr learned my addr 172.21.15.18:0/729517008 (peer_addr_for_me v2:172.21.15.18:0/0)
2022-11-27T17:30:19.700 INFO:teuthology.orchestra.run.smithi018.stdout:/usr/bin/ceph: stderr
2022-11-27T17:30:18.919+0000 7f2d1659c700 1 -- 172.21.15.18:0/729517008 --> [v2:172.21.15.18:3300/0,v1:172.21.15.18:6789/0] -- mon_subscribe({config=0+,monmap=0+}) v3 -- 0x7f2d0c009550 con 0x7f2d18103680
2022-11-27T17:30:19.700 INFO:teuthology.orchestra.run.smithi018.stdout:/usr/bin/ceph: stderr
2022-11-27T17:30:18.920+0000 7f2d1659c700 1 --2- 172.21.15.18:0/729517008 >> [v2:172.21.15.18:3300/0,v1:172.21.15.18:6789/0] conn(0x7f2d18103680 0x7f2d18078b70 secure :-1 s=READY pgs=48 cs=0 l=1 rev1=1 crypto rx=0x7f2d0c0118f0 tx=0x7f2d0c0119d0 comp rx=0 tx=0).ready entity=mon.0 client_cookie=0 server_cookie=0 in_seq=0 out_seq=0
2022-11-27T17:30:19.701 INFO:teuthology.orchestra.run.smithi018.stdout:/usr/bin/ceph: stderr
2022-11-27T17:30:18.920+0000 7f2d077fe700 1 -- 172.21.15.18:0/729517008 <== mon.0 v2:172.21.15.18:3300/0 1 ==== mon_map magic: 0 v1 ==== 205+0+0 (secure 0 0 0) 0x7f2d0c0036a0 con 0x7f2d18103680
2022-11-27T17:30:19.701 INFO:teuthology.orchestra.run.smithi018.stdout:/usr/bin/ceph: stderr
2022-11-27T17:30:18.920+0000 7f2d077fe700 1 -- 172.21.15.18:0/729517008 <== mon.0 v2:172.21.15.18:3300/0 2 ==== config(25 keys) v1 ==== 1067+0+0 (secure 0 0 0) 0x7f2d0c01b440 con 0x7f2d18103680
2022-11-27T17:30:19.701 INFO:teuthology.orchestra.run.smithi018.stdout:/usr/bin/ceph: stderr
2022-11-27T17:30:18.920+0000 7f2d1cedb700 1 -- 172.21.15.18:0/729517008 --> [v2:172.21.15.18:3300/0,v1:172.21.15.18:6789/0] -- mon_subscribe({mgrmap=0+}) v3 -- 0x7f2d1819b420 con 0x7f2d18103680
2022-11-27T17:30:19.701 INFO:teuthology.orchestra.run.smithi018.stdout:/usr/bin/ceph: stderr
2022-11-27T17:30:18.920+0000 7f2d077fe700 1 -- 172.21.15.18:0/729517008 <== mon.0 v2:172.21.15.18:3300/0 3 ==== mon_map magic: 0 v1 ==== 205+0+0 (secure 0 0 0) 0x7f2d0c0193f0 con 0x7f2d18103680
2022-11-27T17:30:19.701 INFO:teuthology.orchestra.run.smithi018.stdout:/usr/bin/ceph: stderr
2022-11-27T17:30:18.920+0000 7f2d1cedb700 1 -- 172.21.15.18:0/729517008 --> [v2:172.21.15.18:3300/0,v1:172.21.15.18:6789/0] -- mon_subscribe({osdmap=0}) v3 -- 0x7f2d1819b850 con 0x7f2d18103680
2022-11-27T17:30:19.702 INFO:teuthology.orchestra.run.smithi018.stdout:/usr/bin/ceph: stderr
2022-11-27T17:30:18.921+0000 7f2d077fe700 1 -- 172.21.15.18:0/729517008 <== mon.0 v2:172.21.15.18:3300/0 4 ==== mgrmap(e 8) v1 ==== 43201+0+0 (secure 0 0 0) 0x7f2d0c02b070 con 0x7f2d18103680
2022-11-27T17:30:19.702 INFO:teuthology.orchestra.run.smithi018.stdout:/usr/bin/ceph: stderr
2022-11-27T17:30:18.921+0000 7f2d077fe700 1 --2- 172.21.15.18:0/729517008 >> [v2:172.21.15.18:6800/3092428159,v1:172.21.15.18:6801/3092428159] conn(0x7f2cfc036360 0x7f2cfc038810 unknown :-1 s=NONE pgs=0 cs=0 l=1 rev1=0 crypto rx=0 tx=0 comp rx=0 tx=0).connect
2022-11-27T17:30:19.702 INFO:teuthology.orchestra.run.smithi018.stdout:/usr/bin/ceph: stderr
2022-11-27T17:30:18.921+0000 7f2d077fe700 1 -- 172.21.15.18:0/729517008 <== mon.0 v2:172.21.15.18:3300/0 5 ==== osd_map(2..2 src has 1..2) v4 ==== 936+0+0 (secure 0 0 0) 0x7f2d0c0494f0 con 0x7f2d18103680
2022-11-27T17:30:19.702 INFO:teuthology.orchestra.run.smithi018.stdout:/usr/bin/ceph: stderr
2022-11-27T17:30:18.921+0000 7f2d1cedb700 1 -- 172.21.15.18:0/729517008 --> [v2:172.21.15.18:3300/0,v1:172.21.15.18:6789/0] -- mon_command({"prefix": "get_command_descriptions"} v 0) v1 -- 0x7f2d18191260 con 0x7f2d18103680
2022-11-27T17:30:19.703 INFO:teuthology.orchestra.run.smithi018.stdout:/usr/bin/ceph: stderr
2022-11-27T17:30:18.921+0000 7f2d15d9b700 1 --2- 172.21.15.18:0/729517008 >> [v2:172.21.15.18:6800/3092428159,v1:172.21.15.18:6801/3092428159] conn(0x7f2cfc036360 0x7f2cfc038810 unknown :-1 s=BANNER_CONNECTING pgs=0 cs=0 l=1 rev1=0 crypto rx=0 tx=0 comp rx=0 tx=0)._handle_peer_banner_payload supported=3 required=0
2022-11-27T17:30:19.703 INFO:teuthology.orchestra.run.smithi018.stdout:/usr/bin/ceph: stderr
2022-11-27T17:30:18.921+0000 7f2d15d9b700 1 --2- 172.21.15.18:0/729517008 >> [v2:172.21.15.18:6800/3092428159,v1:172.21.15.18:6801/3092428159] conn(0x7f2cfc036360 0x7f2cfc038810 secure :-1 s=READY pgs=13 cs=0 l=1 rev1=1 crypto rx=0x7f2d08006fd0 tx=0x7f2d08006e40 comp rx=0 tx=0).ready entity=mgr.14118 client_cookie=0 server_cookie=0 in_seq=0 out_seq=0
2022-11-27T17:30:19.703 INFO:teuthology.orchestra.run.smithi018.stdout:/usr/bin/ceph: stderr
2022-11-27T17:30:18.926+0000 7f2d077fe700 1 -- 172.21.15.18:0/729517008 <== mon.0 v2:172.21.15.18:3300/0 6 ==== mon_command_ack([{"prefix": "get_command_descriptions"}]=0 v0) v1 ==== 72+0+172060 (secure 0 0 0) 0x7f2d0c01f020 con 0x7f2d18103680
2022-11-27T17:30:19.703 INFO:teuthology.orchestra.run.smithi018.stdout:/usr/bin/ceph: stderr
2022-11-27T17:30:19.295+0000 7f2d1cedb700 1 -- 172.21.15.18:0/729517008 --> [v2:172.21.15.18:6800/3092428159,v1:172.21.15.18:6801/3092428159] -- mgr_command(tid 0: {"prefix": "orch apply", "service_type": "mgr", "unmanaged": true, "target": ["mon-mgr", ""]}) v1 -- 0x7f2d180008d0 con 0x7f2cfc036360
2022-11-27T17:30:19.704 INFO:teuthology.orchestra.run.smithi018.stdout:/usr/bin/ceph: stderr
2022-11-27T17:30:19.301+0000 7f2d077fe700 1 -- 172.21.15.18:0/729517008 <== mgr.14118 v2:172.21.15.18:6800/3092428159 1 ==== mgr_command_reply(tid 0: 0 ) v1 ==== 8+0+24 (secure 0 0 0) 0x7f2d180008d0 con 0x7f2cfc036360
2022-11-27T17:30:19.704 INFO:teuthology.orchestra.run.smithi018.stdout:/usr/bin/ceph: stderr
2022-11-27T17:30:19.303+0000 7f2d1cedb700 1 -- 172.21.15.18:0/729517008 >> [v2:172.21.15.18:6800/3092428159,v1:172.21.15.18:6801/3092428159] conn(0x7f2cfc036360 msgr2=0x7f2cfc038810 secure :-1 s=STATE_CONNECTION_ESTABLISHED l=1).mark_down
2022-11-27T17:30:19.704 INFO:teuthology.orchestra.run.smithi018.stdout:/usr/bin/ceph: stderr
2022-11-27T17:30:19.303+0000 7f2d1cedb700 1 --2- 172.21.15.18:0/729517008 >> [v2:172.21.15.18:6800/3092428159,v1:172.21.15.18:6801/3092428159] conn(0x7f2cfc036360 0x7f2cfc038810 secure :-1 s=READY pgs=13 cs=0 l=1 rev1=1 crypto rx=0x7f2d08006fd0 tx=0x7f2d08006e40 comp rx=0 tx=0).stop
2022-11-27T17:30:19.704 INFO:teuthology.orchestra.run.smithi018.stdout:/usr/bin/ceph: stderr
2022-11-27T17:30:19.303+0000 7f2d1cedb700 1 -- 172.21.15.18:0/729517008 >> [v2:172.21.15.18:3300/0,v1:172.21.15.18:6789/0] conn(0x7f2d18103680 msgr2=0x7f2d18078b70 secure :-1 s=STATE_CONNECTION_ESTABLISHED l=1).mark_down
2022-11-27T17:30:19.705 INFO:teuthology.orchestra.run.smithi018.stdout:/usr/bin/ceph: stderr
2022-11-27T17:30:19.303+0000 7f2d1cedb700 1 --2- 172.21.15.18:0/729517008 >> [v2:172.21.15.18:3300/0,v1:172.21.15.18:6789/0] conn(0x7f2d18103680 0x7f2d18078b70 secure :-1 s=READY pgs=48 cs=0 l=1 rev1=1 crypto rx=0x7f2d0c0118f0 tx=0x7f2d0c0119d0 comp rx=0 tx=0).stop
2022-11-27T17:30:19.705 INFO:teuthology.orchestra.run.smithi018.stdout:/usr/bin/ceph: stderr
2022-11-27T17:30:19.303+0000 7f2d1cedb700 1 -- 172.21.15.18:0/729517008 shutdown_connections
2022-11-27T17:30:19.705 INFO:teuthology.orchestra.run.smithi018.stdout:/usr/bin/ceph: stderr
2022-11-27T17:30:19.303+0000 7f2d1cedb700 1 --2- 172.21.15.18:0/729517008 >> [v2:172.21.15.18:6800/3092428159,v1:172.21.15.18:6801/3092428159] conn(0x7f2cfc036360 0x7f2cfc038810 unknown :-1 s=CLOSED pgs=13 cs=0 l=1 rev1=1 crypto rx=0 tx=0 comp rx=0 tx=0).stop
2022-11-27T17:30:19.705 INFO:teuthology.orchestra.run.smithi018.stdout:/usr/bin/ceph: stderr
2022-11-27T17:30:19.303+0000 7f2d1cedb700 1 --2- 172.21.15.18:0/729517008 >> [v2:172.21.15.18:3300/0,v1:172.21.15.18:6789/0] conn(0x7f2d18103680 0x7f2d18078b70 unknown :-1 s=CLOSED pgs=48 cs=0 l=1 rev1=1 crypto rx=0 tx=0 comp rx=0 tx=0).stop
2022-11-27T17:30:19.705 INFO:teuthology.orchestra.run.smithi018.stdout:/usr/bin/ceph: stderr
2022-11-27T17:30:19.303+0000 7f2d1cedb700 1 -- 172.21.15.18:0/729517008 >> 172.21.15.18:0/729517008 conn(0x7f2d180fece0 msgr2=0x7f2d18100430 unknown :-1 s=STATE_NONE l=0).mark_down
2022-11-27T17:30:19.706 INFO:teuthology.orchestra.run.smithi018.stdout:/usr/bin/ceph: stderr
2022-11-27T17:30:19.303+0000 7f2d1cedb700 1 -- 172.21.15.18:0/729517008 shutdown_connections
2022-11-27T17:30:19.706 INFO:teuthology.orchestra.run.smithi018.stdout:/usr/bin/ceph: stderr
2022-11-27T17:30:19.303+0000 7f2d1cedb700 1 -- 172.21.15.18:0/729517008 wait complete.
2022-11-27T17:30:20.253 INFO:journalctl@ceph.mon.a.smithi018.stdout:Nov 27 17:30:20 smithi018 ceph-mon[97555]: from='mgr.14118 172.21.15.18:0/2464050303' entity='mgr.x'
2022-11-27T17:30:20.253 INFO:journalctl@ceph.mon.a.smithi018.stdout:Nov 27 17:30:20 smithi018 ceph-mon[97555]: from='mgr.14118 172.21.15.18:0/2464050303' entity='mgr.x'
2022-11-27T17:30:20.934 INFO:teuthology.orchestra.run.smithi018.stdout:/usr/bin/ceph: stderr
2022-11-27T17:30:20.197+0000 7f9d4926b700 1 Processor -- start
2022-11-27T17:30:20.934 INFO:teuthology.orchestra.run.smithi018.stdout:/usr/bin/ceph: stderr
2022-11-27T17:30:20.197+0000 7f9d4926b700 1 -- start start
2022-11-27T17:30:20.934 INFO:teuthology.orchestra.run.smithi018.stdout:/usr/bin/ceph: stderr
2022-11-27T17:30:20.197+0000 7f9d4926b700 1 --2- >> [v2:172.21.15.18:3300/0,v1:172.21.15.18:6789/0] conn(0x7f9d44103680 0x7f9d44103a90 unknown :-1 s=NONE pgs=0 cs=0 l=0 rev1=0 crypto rx=0 tx=0 comp rx=0 tx=0).connect
2022-11-27T17:30:20.935 INFO:teuthology.orchestra.run.smithi018.stdout:/usr/bin/ceph: stderr
2022-11-27T17:30:20.197+0000 7f9d4926b700 1 -- --> [v2:172.21.15.18:3300/0,v1:172.21.15.18:6789/0] -- mon_getmap magic: 0 v1 -- 0x7f9d44103fd0 con 0x7f9d44103680
2022-11-27T17:30:20.935 INFO:teuthology.orchestra.run.smithi018.stdout:/usr/bin/ceph: stderr
2022-11-27T17:30:20.198+0000 7f9d42ffd700 1 --2- >> [v2:172.21.15.18:3300/0,v1:172.21.15.18:6789/0] conn(0x7f9d44103680 0x7f9d44103a90 unknown :-1 s=BANNER_CONNECTING pgs=0 cs=0 l=0 rev1=0 crypto rx=0 tx=0 comp rx=0 tx=0)._handle_peer_banner_payload supported=3 required=0
2022-11-27T17:30:20.935 INFO:teuthology.orchestra.run.smithi018.stdout:/usr/bin/ceph: stderr
2022-11-27T17:30:20.198+0000 7f9d42ffd700 1 --2- >> [v2:172.21.15.18:3300/0,v1:172.21.15.18:6789/0] conn(0x7f9d44103680 0x7f9d44103a90 unknown :-1 s=HELLO_CONNECTING pgs=0 cs=0 l=0 rev1=1 crypto rx=0 tx=0 comp rx=0 tx=0).handle_hello peer v2:172.21.15.18:3300/0 says I am v2:172.21.15.18:39040/0 (socket says 172.21.15.18:39040)
2022-11-27T17:30:20.935 INFO:teuthology.orchestra.run.smithi018.stdout:/usr/bin/ceph: stderr
2022-11-27T17:30:20.198+0000 7f9d42ffd700 1 -- 172.21.15.18:0/572516073 learned_addr learned my addr 172.21.15.18:0/572516073 (peer_addr_for_me v2:172.21.15.18:0/0)
2022-11-27T17:30:20.936 INFO:teuthology.orchestra.run.smithi018.stdout:/usr/bin/ceph: stderr
2022-11-27T17:30:20.198+0000 7f9d42ffd700 1 -- 172.21.15.18:0/572516073 --> [v2:172.21.15.18:3300/0,v1:172.21.15.18:6789/0] -- mon_subscribe({config=0+,monmap=0+}) v3 -- 0x7f9d44104110 con 0x7f9d44103680
2022-11-27T17:30:20.936 INFO:teuthology.orchestra.run.smithi018.stdout:/usr/bin/ceph: stderr
2022-11-27T17:30:20.198+0000 7f9d42ffd700 1 --2- 172.21.15.18:0/572516073 >> [v2:172.21.15.18:3300/0,v1:172.21.15.18:6789/0] conn(0x7f9d44103680 0x7f9d44103a90 secure :-1 s=READY pgs=49 cs=0 l=1 rev1=1 crypto rx=0x7f9d3400bb40 tx=0x7f9d3400be50 comp rx=0 tx=0).ready entity=mon.0 client_cookie=1cb5cd36d490d600 server_cookie=0 in_seq=0 out_seq=0
2022-11-27T17:30:20.936 INFO:teuthology.orchestra.run.smithi018.stdout:/usr/bin/ceph: stderr
2022-11-27T17:30:20.198+0000 7f9d41ffb700 1 -- 172.21.15.18:0/572516073 <== mon.0 v2:172.21.15.18:3300/0 1 ==== mon_map magic: 0 v1 ==== 205+0+0 (secure 0 0 0) 0x7f9d3400dbe0 con 0x7f9d44103680
2022-11-27T17:30:20.936 INFO:teuthology.orchestra.run.smithi018.stdout:/usr/bin/ceph: stderr
2022-11-27T17:30:20.198+0000 7f9d41ffb700 1 -- 172.21.15.18:0/572516073 <== mon.0 v2:172.21.15.18:3300/0 2 ==== config(25 keys) v1 ==== 1067+0+0 (secure 0 0 0) 0x7f9d340044c0 con 0x7f9d44103680
2022-11-27T17:30:20.936 INFO:teuthology.orchestra.run.smithi018.stdout:/usr/bin/ceph: stderr
2022-11-27T17:30:20.198+0000 7f9d41ffb700 1 -- 172.21.15.18:0/572516073 <== mon.0 v2:172.21.15.18:3300/0 3 ==== mon_map magic: 0 v1 ==== 205+0+0 (secure 0 0 0) 0x7f9d34003d50 con 0x7f9d44103680
2022-11-27T17:30:20.937 INFO:teuthology.orchestra.run.smithi018.stdout:/usr/bin/ceph: stderr
2022-11-27T17:30:20.199+0000 7f9d4926b700 1 -- 172.21.15.18:0/572516073 >> [v2:172.21.15.18:3300/0,v1:172.21.15.18:6789/0] conn(0x7f9d44103680 msgr2=0x7f9d44103a90 secure :-1 s=STATE_CONNECTION_ESTABLISHED l=1).mark_down
2022-11-27T17:30:20.937 INFO:teuthology.orchestra.run.smithi018.stdout:/usr/bin/ceph: stderr
2022-11-27T17:30:20.199+0000 7f9d4926b700 1 --2- 172.21.15.18:0/572516073 >> [v2:172.21.15.18:3300/0,v1:172.21.15.18:6789/0] conn(0x7f9d44103680 0x7f9d44103a90 secure :-1 s=READY pgs=49 cs=0 l=1 rev1=1 crypto rx=0x7f9d3400bb40 tx=0x7f9d3400be50 comp rx=0 tx=0).stop
2022-11-27T17:30:20.937 INFO:teuthology.orchestra.run.smithi018.stdout:/usr/bin/ceph: stderr
2022-11-27T17:30:20.199+0000 7f9d4926b700 1 -- 172.21.15.18:0/572516073 shutdown_connections
2022-11-27T17:30:20.937 INFO:teuthology.orchestra.run.smithi018.stdout:/usr/bin/ceph: stderr
2022-11-27T17:30:20.199+0000 7f9d4926b700 1 --2- 172.21.15.18:0/572516073 >> [v2:172.21.15.18:3300/0,v1:172.21.15.18:6789/0] conn(0x7f9d44103680 0x7f9d44103a90 unknown :-1 s=CLOSED pgs=49 cs=0 l=1 rev1=1 crypto rx=0 tx=0 comp rx=0 tx=0).stop
2022-11-27T17:30:20.938 INFO:teuthology.orchestra.run.smithi018.stdout:/usr/bin/ceph: stderr
2022-11-27T17:30:20.199+0000 7f9d4926b700 1 -- 172.21.15.18:0/572516073 >> 172.21.15.18:0/572516073 conn(0x7f9d440fece0 msgr2=0x7f9d441010f0 unknown :-1 s=STATE_NONE l=0).mark_down
2022-11-27T17:30:20.938 INFO:teuthology.orchestra.run.smithi018.stdout:/usr/bin/ceph: stderr
2022-11-27T17:30:20.199+0000 7f9d4926b700 1 -- 172.21.15.18:0/572516073 shutdown_connections
2022-11-27T17:30:20.938 INFO:teuthology.orchestra.run.smithi018.stdout:/usr/bin/ceph: stderr
2022-11-27T17:30:20.199+0000 7f9d4926b700 1 -- 172.21.15.18:0/572516073 wait complete.
2022-11-27T17:30:20.938 INFO:teuthology.orchestra.run.smithi018.stdout:/usr/bin/ceph: stderr
2022-11-27T17:30:20.199+0000 7f9d4926b700 1 Processor -- start
2022-11-27T17:30:20.938 INFO:teuthology.orchestra.run.smithi018.stdout:/usr/bin/ceph: stderr
2022-11-27T17:30:20.200+0000 7f9d4926b700 1 -- start start
2022-11-27T17:30:20.939 INFO:teuthology.orchestra.run.smithi018.stdout:/usr/bin/ceph: stderr
2022-11-27T17:30:20.200+0000 7f9d4926b700 1 --2- >> [v2:172.21.15.18:3300/0,v1:172.21.15.18:6789/0] conn(0x7f9d44103680 0x7f9d4419a7d0 unknown :-1 s=NONE pgs=0 cs=0 l=1 rev1=0 crypto rx=0 tx=0 comp rx=0 tx=0).connect
2022-11-27T17:30:20.939 INFO:teuthology.orchestra.run.smithi018.stdout:/usr/bin/ceph: stderr
2022-11-27T17:30:20.200+0000 7f9d4926b700 1 -- --> [v2:172.21.15.18:3300/0,v1:172.21.15.18:6789/0] -- mon_getmap magic: 0 v1 -- 0x7f9d4419ad10 con 0x7f9d44103680
2022-11-27T17:30:20.939 INFO:teuthology.orchestra.run.smithi018.stdout:/usr/bin/ceph: stderr
2022-11-27T17:30:20.200+0000 7f9d42ffd700 1 --2- >> [v2:172.21.15.18:3300/0,v1:172.21.15.18:6789/0] conn(0x7f9d44103680 0x7f9d4419a7d0 unknown :-1 s=BANNER_CONNECTING pgs=0 cs=0 l=1 rev1=0 crypto rx=0 tx=0 comp rx=0 tx=0)._handle_peer_banner_payload supported=3 required=0
2022-11-27T17:30:20.939 INFO:teuthology.orchestra.run.smithi018.stdout:/usr/bin/ceph: stderr
2022-11-27T17:30:20.200+0000 7f9d42ffd700 1 --2- >> [v2:172.21.15.18:3300/0,v1:172.21.15.18:6789/0] conn(0x7f9d44103680 0x7f9d4419a7d0 unknown :-1 s=HELLO_CONNECTING pgs=0 cs=0 l=1 rev1=1 crypto rx=0 tx=0 comp rx=0 tx=0).handle_hello peer v2:172.21.15.18:3300/0 says I am v2:172.21.15.18:39042/0 (socket says 172.21.15.18:39042)
2022-11-27T17:30:20.940 INFO:teuthology.orchestra.run.smithi018.stdout:/usr/bin/ceph: stderr
2022-11-27T17:30:20.200+0000 7f9d42ffd700 1 -- 172.21.15.18:0/2769801911 learned_addr learned my addr 172.21.15.18:0/2769801911 (peer_addr_for_me v2:172.21.15.18:0/0)
2022-11-27T17:30:20.940 INFO:teuthology.orchestra.run.smithi018.stdout:/usr/bin/ceph: stderr
2022-11-27T17:30:20.200+0000 7f9d42ffd700 1 -- 172.21.15.18:0/2769801911 --> [v2:172.21.15.18:3300/0,v1:172.21.15.18:6789/0] -- mon_subscribe({config=0+,monmap=0+}) v3 -- 0x7f9d3400b7f0 con 0x7f9d44103680
2022-11-27T17:30:20.940 INFO:teuthology.orchestra.run.smithi018.stdout:/usr/bin/ceph: stderr
2022-11-27T17:30:20.200+0000 7f9d42ffd700 1 --2- 172.21.15.18:0/2769801911 >> [v2:172.21.15.18:3300/0,v1:172.21.15.18:6789/0] conn(0x7f9d44103680 0x7f9d4419a7d0 secure :-1 s=READY pgs=50 cs=0 l=1 rev1=1 crypto rx=0x7f9d34004160 tx=0x7f9d34004240 comp rx=0 tx=0).ready entity=mon.0 client_cookie=0 server_cookie=0 in_seq=0 out_seq=0
2022-11-27T17:30:20.941 INFO:teuthology.orchestra.run.smithi018.stdout:/usr/bin/ceph: stderr
2022-11-27T17:30:20.201+0000 7f9d2bfff700 1 -- 172.21.15.18:0/2769801911 <== mon.0 v2:172.21.15.18:3300/0 1 ==== mon_map magic: 0 v1 ==== 205+0+0 (secure 0 0 0) 0x7f9d340106d0 con 0x7f9d44103680
2022-11-27T17:30:20.941 INFO:teuthology.orchestra.run.smithi018.stdout:/usr/bin/ceph: stderr
2022-11-27T17:30:20.201+0000 7f9d2bfff700 1 -- 172.21.15.18:0/2769801911 <== mon.0 v2:172.21.15.18:3300/0 2 ==== config(25 keys) v1 ==== 1067+0+0 (secure 0 0 0) 0x7f9d34010cc0 con 0x7f9d44103680
2022-11-27T17:30:20.941 INFO:teuthology.orchestra.run.smithi018.stdout:/usr/bin/ceph: stderr
2022-11-27T17:30:20.201+0000 7f9d4926b700 1 -- 172.21.15.18:0/2769801911 --> [v2:172.21.15.18:3300/0,v1:172.21.15.18:6789/0] -- mon_subscribe({mgrmap=0+}) v3 -- 0x7f9d4419af10 con 0x7f9d44103680
2022-11-27T17:30:20.941 INFO:teuthology.orchestra.run.smithi018.stdout:/usr/bin/ceph: stderr
2022-11-27T17:30:20.201+0000 7f9d2bfff700 1 -- 172.21.15.18:0/2769801911 <== mon.0 v2:172.21.15.18:3300/0 3 ==== mon_map magic: 0 v1 ==== 205+0+0 (secure 0 0 0) 0x7f9d34021d00 con 0x7f9d44103680
2022-11-27T17:30:20.941 INFO:teuthology.orchestra.run.smithi018.stdout:/usr/bin/ceph: stderr
2022-11-27T17:30:20.201+0000 7f9d4926b700 1 -- 172.21.15.18:0/2769801911 --> [v2:172.21.15.18:3300/0,v1:172.21.15.18:6789/0] -- mon_subscribe({osdmap=0}) v3 -- 0x7f9d4419b2e0 con 0x7f9d44103680
2022-11-27T17:30:20.942 INFO:teuthology.orchestra.run.smithi018.stdout:/usr/bin/ceph: stderr
2022-11-27T17:30:20.201+0000 7f9d2bfff700 1 -- 172.21.15.18:0/2769801911 <== mon.0 v2:172.21.15.18:3300/0 4 ==== mgrmap(e 8) v1 ==== 43201+0+0 (secure 0 0 0) 0x7f9d340193f0 con 0x7f9d44103680
2022-11-27T17:30:20.942 INFO:teuthology.orchestra.run.smithi018.stdout:/usr/bin/ceph: stderr
2022-11-27T17:30:20.202+0000 7f9d2bfff700 1 --2- 172.21.15.18:0/2769801911 >> [v2:172.21.15.18:6800/3092428159,v1:172.21.15.18:6801/3092428159] conn(0x7f9d30036310 0x7f9d300387c0 unknown :-1 s=NONE pgs=0 cs=0 l=1 rev1=0 crypto rx=0 tx=0 comp rx=0 tx=0).connect
2022-11-27T17:30:20.942 INFO:teuthology.orchestra.run.smithi018.stdout:/usr/bin/ceph: stderr
2022-11-27T17:30:20.202+0000 7f9d2bfff700 1 -- 172.21.15.18:0/2769801911 <== mon.0 v2:172.21.15.18:3300/0 5 ==== osd_map(2..2 src has 1..2) v4 ==== 936+0+0 (secure 0 0 0) 0x7f9d34049de0 con 0x7f9d44103680
2022-11-27T17:30:20.942 INFO:teuthology.orchestra.run.smithi018.stdout:/usr/bin/ceph: stderr
2022-11-27T17:30:20.202+0000 7f9d427fc700 1 --2- 172.21.15.18:0/2769801911 >> [v2:172.21.15.18:6800/3092428159,v1:172.21.15.18:6801/3092428159] conn(0x7f9d30036310 0x7f9d300387c0 unknown :-1 s=BANNER_CONNECTING pgs=0 cs=0 l=1 rev1=0 crypto rx=0 tx=0 comp rx=0 tx=0)._handle_peer_banner_payload supported=3 required=0
2022-11-27T17:30:20.943 INFO:teuthology.orchestra.run.smithi018.stdout:/usr/bin/ceph: stderr
2022-11-27T17:30:20.202+0000 7f9d4926b700 1 -- 172.21.15.18:0/2769801911 --> [v2:172.21.15.18:3300/0,v1:172.21.15.18:6789/0] -- mon_command({"prefix": "get_command_descriptions"} v 0) v1 -- 0x7f9d4418ff80 con 0x7f9d44103680
2022-11-27T17:30:20.943 INFO:teuthology.orchestra.run.smithi018.stdout:/usr/bin/ceph: stderr
2022-11-27T17:30:20.202+0000 7f9d427fc700 1 --2- 172.21.15.18:0/2769801911 >> [v2:172.21.15.18:6800/3092428159,v1:172.21.15.18:6801/3092428159] conn(0x7f9d30036310 0x7f9d300387c0 secure :-1 s=READY pgs=14 cs=0 l=1 rev1=1 crypto rx=0x7f9d38006fd0 tx=0x7f9d38006e40 comp rx=0 tx=0).ready entity=mgr.14118 client_cookie=0 server_cookie=0 in_seq=0 out_seq=0
2022-11-27T17:30:20.943 INFO:teuthology.orchestra.run.smithi018.stdout:/usr/bin/ceph: stderr
2022-11-27T17:30:20.207+0000 7f9d2bfff700 1 -- 172.21.15.18:0/2769801911 <== mon.0 v2:172.21.15.18:3300/0 6 ==== mon_command_ack([{"prefix": "get_command_descriptions"}]=0 v0) v1 ==== 72+0+172060 (secure 0 0 0) 0x7f9d3400e950 con 0x7f9d44103680
2022-11-27T17:30:20.943 INFO:teuthology.orchestra.run.smithi018.stdout:/usr/bin/ceph: stderr
2022-11-27T17:30:20.565+0000 7f9d4926b700 1 -- 172.21.15.18:0/2769801911 --> [v2:172.21.15.18:3300/0,v1:172.21.15.18:6789/0] -- mon_command([{prefix=config set, name=mgr/cephadm/container_init}] v 0) v1 -- 0x7f9d44105560 con 0x7f9d44103680
2022-11-27T17:30:20.944 INFO:teuthology.orchestra.run.smithi018.stdout:/usr/bin/ceph: stderr
2022-11-27T17:30:20.568+0000 7f9d2bfff700 1 -- 172.21.15.18:0/2769801911 <== mon.0 v2:172.21.15.18:3300/0 7 ==== mon_command_ack([{prefix=config set, name=mgr/cephadm/container_init}]=0 v7)=0 v7) v1 ==== 142+0+0 (secure 0 0 0) 0x7f9d340480d0 con 0x7f9d44103680
2022-11-27T17:30:20.944 INFO:teuthology.orchestra.run.smithi018.stdout:/usr/bin/ceph: stderr
2022-11-27T17:30:20.570+0000 7f9d4926b700 1 -- 172.21.15.18:0/2769801911 >> [v2:172.21.15.18:6800/3092428159,v1:172.21.15.18:6801/3092428159] conn(0x7f9d30036310 msgr2=0x7f9d300387c0 secure :-1 s=STATE_CONNECTION_ESTABLISHED l=1).mark_down
2022-11-27T17:30:20.944 INFO:teuthology.orchestra.run.smithi018.stdout:/usr/bin/ceph: stderr
2022-11-27T17:30:20.570+0000 7f9d4926b700 1 --2- 172.21.15.18:0/2769801911 >> [v2:172.21.15.18:6800/3092428159,v1:172.21.15.18:6801/3092428159] conn(0x7f9d30036310 0x7f9d300387c0 secure :-1 s=READY pgs=14 cs=0 l=1 rev1=1 crypto rx=0x7f9d38006fd0 tx=0x7f9d38006e40 comp rx=0 tx=0).stop
2022-11-27T17:30:20.944 INFO:teuthology.orchestra.run.smithi018.stdout:/usr/bin/ceph: stderr
2022-11-27T17:30:20.570+0000 7f9d4926b700 1 -- 172.21.15.18:0/2769801911 >> [v2:172.21.15.18:3300/0,v1:172.21.15.18:6789/0] conn(0x7f9d44103680 msgr2=0x7f9d4419a7d0 secure :-1 s=STATE_CONNECTION_ESTABLISHED l=1).mark_down
2022-11-27T17:30:20.944 INFO:teuthology.orchestra.run.smithi018.stdout:/usr/bin/ceph: stderr
2022-11-27T17:30:20.570+0000 7f9d4926b700 1 --2- 172.21.15.18:0/2769801911 >> [v2:172.21.15.18:3300/0,v1:172.21.15.18:6789/0] conn(0x7f9d44103680 0x7f9d4419a7d0 secure :-1 s=READY pgs=50 cs=0 l=1 rev1=1 crypto rx=0x7f9d34004160 tx=0x7f9d34004240 comp rx=0 tx=0).stop
2022-11-27T17:30:20.945 INFO:teuthology.orchestra.run.smithi018.stdout:/usr/bin/ceph: stderr
2022-11-27T17:30:20.570+0000 7f9d4926b700 1 -- 172.21.15.18:0/2769801911 shutdown_connections
2022-11-27T17:30:20.945 INFO:teuthology.orchestra.run.smithi018.stdout:/usr/bin/ceph: stderr
