2022-11-27T17:29:50.874+0000 7f7d75ffb700 1 -- 172.21.15.18:0/2993657949 <== mon.0 v2:172.21.15.18:3300/0 2 ==== config(25 keys) v1 ==== 1036+0+0 (secure 0 0 0) 0x7f7d6c01b8b0 con 0x7f7d78103640
2022-11-27T17:29:51.425 INFO:teuthology.orchestra.run.smithi018.stdout:/usr/bin/ceph: stderr
2022-11-27T17:29:50.874+0000 7f7d7ed2f700 1 -- 172.21.15.18:0/2993657949 --> [v2:172.21.15.18:3300/0,v1:172.21.15.18:6789/0] -- mon_subscribe({mgrmap=0+}) v3 -- 0x7f7d7819b080 con 0x7f7d78103640
2022-11-27T17:29:51.425 INFO:teuthology.orchestra.run.smithi018.stdout:/usr/bin/ceph: stderr
2022-11-27T17:29:50.874+0000 7f7d75ffb700 1 -- 172.21.15.18:0/2993657949 <== mon.0 v2:172.21.15.18:3300/0 3 ==== mon_map magic: 0 v1 ==== 205+0+0 (secure 0 0 0) 0x7f7d6c019880 con 0x7f7d78103640
2022-11-27T17:29:51.425 INFO:teuthology.orchestra.run.smithi018.stdout:/usr/bin/ceph: stderr
2022-11-27T17:29:50.874+0000 7f7d7ed2f700 1 -- 172.21.15.18:0/2993657949 --> [v2:172.21.15.18:3300/0,v1:172.21.15.18:6789/0] -- mon_subscribe({osdmap=0}) v3 -- 0x7f7d7819b4b0 con 0x7f7d78103640
2022-11-27T17:29:51.425 INFO:teuthology.orchestra.run.smithi018.stdout:/usr/bin/ceph: stderr
2022-11-27T17:29:50.874+0000 7f7d75ffb700 1 -- 172.21.15.18:0/2993657949 <== mon.0 v2:172.21.15.18:3300/0 4 ==== mgrmap(e 1) v1 ==== 656+0+0 (secure 0 0 0) 0x7f7d6c02a070 con 0x7f7d78103640
2022-11-27T17:29:51.426 INFO:teuthology.orchestra.run.smithi018.stdout:/usr/bin/ceph: stderr
2022-11-27T17:29:50.874+0000 7f7d75ffb700 1 -- 172.21.15.18:0/2993657949 <== mon.0 v2:172.21.15.18:3300/0 5 ==== osd_map(1..1 src has 1..1) v4 ==== 721+0+0 (secure 0 0 0) 0x7f7d6c01a710 con 0x7f7d78103640
2022-11-27T17:29:51.426 INFO:teuthology.orchestra.run.smithi018.stdout:/usr/bin/ceph: stderr
2022-11-27T17:29:50.875+0000 7f7d7ed2f700 1 -- 172.21.15.18:0/2993657949 --> [v2:172.21.15.18:3300/0,v1:172.21.15.18:6789/0] -- mon_command({"prefix": "get_command_descriptions"} v 0) v1 -- 0x7f7d781054e0 con 0x7f7d78103640
2022-11-27T17:29:51.426 INFO:teuthology.orchestra.run.smithi018.stdout:/usr/bin/ceph: stderr
2022-11-27T17:29:50.877+0000 7f7d75ffb700 1 -- 172.21.15.18:0/2993657949 <== mon.0 v2:172.21.15.18:3300/0 6 ==== mon_command_ack([{"prefix": "get_command_descriptions"}]=0 v0) v1 ==== 72+0+71351 (secure 0 0 0) 0x7f7d6c028060 con 0x7f7d78103640
2022-11-27T17:29:51.426 INFO:teuthology.orchestra.run.smithi018.stdout:/usr/bin/ceph: stderr
2022-11-27T17:29:51.010+0000 7f7d7ed2f700 1 -- 172.21.15.18:0/2993657949 --> [v2:172.21.15.18:3300/0,v1:172.21.15.18:6789/0] -- mon_command({"prefix": "status", "format": "json-pretty"} v 0) v1 -- 0x7f7d7819bac0 con 0x7f7d78103640
2022-11-27T17:29:51.426 INFO:teuthology.orchestra.run.smithi018.stdout:/usr/bin/ceph: stderr
2022-11-27T17:29:51.010+0000 7f7d75ffb700 1 -- 172.21.15.18:0/2993657949 <== mon.0 v2:172.21.15.18:3300/0 7 ==== mon_command_ack([{"prefix": "status", "format": "json-pretty"}]=0 v0) v1 ==== 79+0+1238 (secure 0 0 0) 0x7f7d6c01bd70 con 0x7f7d78103640
2022-11-27T17:29:51.427 INFO:teuthology.orchestra.run.smithi018.stdout:/usr/bin/ceph: stderr
2022-11-27T17:29:51.011+0000 7f7d7ed2f700 1 -- 172.21.15.18:0/2993657949 >> [v2:172.21.15.18:3300/0,v1:172.21.15.18:6789/0] conn(0x7f7d78103640 msgr2=0x7f7d78078b30 secure :-1 s=STATE_CONNECTION_ESTABLISHED l=1).mark_down
2022-11-27T17:29:51.427 INFO:teuthology.orchestra.run.smithi018.stdout:/usr/bin/ceph: stderr
2022-11-27T17:29:51.011+0000 7f7d7ed2f700 1 --2- 172.21.15.18:0/2993657949 >> [v2:172.21.15.18:3300/0,v1:172.21.15.18:6789/0] conn(0x7f7d78103640 0x7f7d78078b30 secure :-1 s=READY pgs=8 cs=0 l=1 rev1=1 crypto rx=0x7f7d6c006af0 tx=0x7f7d6c011a30 comp rx=0 tx=0).stop
2022-11-27T17:29:51.427 INFO:teuthology.orchestra.run.smithi018.stdout:/usr/bin/ceph: stderr
2022-11-27T17:29:51.011+0000 7f7d7ed2f700 1 -- 172.21.15.18:0/2993657949 shutdown_connections
2022-11-27T17:29:51.427 INFO:teuthology.orchestra.run.smithi018.stdout:/usr/bin/ceph: stderr
2022-11-27T17:29:51.011+0000 7f7d7ed2f700 1 --2- 172.21.15.18:0/2993657949 >> [v2:172.21.15.18:3300/0,v1:172.21.15.18:6789/0] conn(0x7f7d78103640 0x7f7d78078b30 unknown :-1 s=CLOSED pgs=8 cs=0 l=1 rev1=1 crypto rx=0 tx=0 comp rx=0 tx=0).stop
2022-11-27T17:29:51.428 INFO:teuthology.orchestra.run.smithi018.stdout:/usr/bin/ceph: stderr
2022-11-27T17:29:51.011+0000 7f7d7ed2f700 1 -- 172.21.15.18:0/2993657949 >> 172.21.15.18:0/2993657949 conn(0x7f7d780fece0 msgr2=0x7f7d780ffa90 unknown :-1 s=STATE_NONE l=0).mark_down
2022-11-27T17:29:51.428 INFO:teuthology.orchestra.run.smithi018.stdout:/usr/bin/ceph: stderr
2022-11-27T17:29:51.011+0000 7f7d7ed2f700 1 -- 172.21.15.18:0/2993657949 shutdown_connections
2022-11-27T17:29:51.428 INFO:teuthology.orchestra.run.smithi018.stdout:/usr/bin/ceph: stderr
2022-11-27T17:29:51.011+0000 7f7d7ed2f700 1 -- 172.21.15.18:0/2993657949 wait complete.
2022-11-27T17:29:51.428 INFO:teuthology.orchestra.run.smithi018.stdout:mgr not available, waiting (2/15)...
2022-11-27T17:29:51.539 INFO:journalctl@ceph.mon.a.smithi018.stdout:Nov 27 17:29:51 smithi018 ceph-mon[97555]: from='client.? 172.21.15.18:0/2993657949' entity='client.admin' cmd=[{"prefix": "status", "format": "json-pretty"}]: dispatch
2022-11-27T17:29:51.540 INFO:journalctl@ceph.mgr.x.smithi018.stdout:Nov 27 17:29:51 smithi018 ceph-ff47213a-6e78-11ed-843b-001a4aab830c-mgr-x[97800]:
2022-11-27T17:29:51.313+0000 7f6458cac200 -1 mgr[py] Module orchestrator has missing NOTIFY_TYPES member
2022-11-27T17:29:52.004 INFO:journalctl@ceph.mgr.x.smithi018.stdout:Nov 27 17:29:51 smithi018 ceph-ff47213a-6e78-11ed-843b-001a4aab830c-mgr-x[97800]:
2022-11-27T17:29:51.537+0000 7f6458cac200 -1 mgr[py] Module influx has missing NOTIFY_TYPES member
2022-11-27T17:29:52.004 INFO:journalctl@ceph.mgr.x.smithi018.stdout:Nov 27 17:29:51 smithi018 ceph-ff47213a-6e78-11ed-843b-001a4aab830c-mgr-x[97800]:
2022-11-27T17:29:51.717+0000 7f6458cac200 -1 mgr[py] Module telemetry has missing NOTIFY_TYPES member
2022-11-27T17:29:52.503 INFO:journalctl@ceph.mgr.x.smithi018.stdout:Nov 27 17:29:52 smithi018 ceph-ff47213a-6e78-11ed-843b-001a4aab830c-mgr-x[97800]:
2022-11-27T17:29:52.185+0000 7f6458cac200 -1 mgr[py] Module telegraf has missing NOTIFY_TYPES member
2022-11-27T17:29:53.166 INFO:journalctl@ceph.mgr.x.smithi018.stdout:Nov 27 17:29:52 smithi018 ceph-ff47213a-6e78-11ed-843b-001a4aab830c-mgr-x[97800]:
2022-11-27T17:29:52.821+0000 7f6458cac200 -1 mgr[py] Module balancer has missing NOTIFY_TYPES member
2022-11-27T17:29:53.503 INFO:journalctl@ceph.mgr.x.smithi018.stdout:Nov 27 17:29:53 smithi018 ceph-ff47213a-6e78-11ed-843b-001a4aab830c-mgr-x[97800]:
2022-11-27T17:29:53.165+0000 7f6458cac200 -1 mgr[py] Module diskprediction_local has missing NOTIFY_TYPES member
2022-11-27T17:29:53.503 INFO:journalctl@ceph.mgr.x.smithi018.stdout:Nov 27 17:29:53 smithi018 ceph-ff47213a-6e78-11ed-843b-001a4aab830c-mgr-x[97800]:
2022-11-27T17:29:53.403+0000 7f6458cac200 -1 mgr[py] Module nfs has missing NOTIFY_TYPES member
2022-11-27T17:29:54.003 INFO:journalctl@ceph.mgr.x.smithi018.stdout:Nov 27 17:29:53 smithi018 ceph-ff47213a-6e78-11ed-843b-001a4aab830c-mgr-x[97800]:
2022-11-27T17:29:53.543+0000 7f6458cac200 -1 mgr[py] Module rbd_support has missing NOTIFY_TYPES member
2022-11-27T17:29:54.003 INFO:journalctl@ceph.mgr.x.smithi018.stdout:Nov 27 17:29:53 smithi018 ceph-ff47213a-6e78-11ed-843b-001a4aab830c-mgr-x[97800]:
2022-11-27T17:29:53.808+0000 7f6458cac200 -1 mgr[py] Module volumes has missing NOTIFY_TYPES member
2022-11-27T17:29:55.253 INFO:journalctl@ceph.mgr.x.smithi018.stdout:Nov 27 17:29:54 smithi018 ceph-ff47213a-6e78-11ed-843b-001a4aab830c-mgr-x[97800]:
2022-11-27T17:29:54.841+0000 7f6458cac200 -1 mgr[py] Module pg_autoscaler has missing NOTIFY_TYPES member
2022-11-27T17:29:55.253 INFO:journalctl@ceph.mon.a.smithi018.stdout:Nov 27 17:29:54 smithi018 ceph-mon[97555]: Activating manager daemon x
2022-11-27T17:29:55.254 INFO:journalctl@ceph.mon.a.smithi018.stdout:Nov 27 17:29:54 smithi018 ceph-mon[97555]: mgrmap e2: x(active, starting, since 0.00279858s)
2022-11-27T17:29:55.254 INFO:journalctl@ceph.mon.a.smithi018.stdout:Nov 27 17:29:54 smithi018 ceph-mon[97555]: from='mgr.14100 172.21.15.18:0/4187594224' entity='mgr.x' cmd=[{"prefix": "mds metadata"}]: dispatch
2022-11-27T17:29:55.254 INFO:journalctl@ceph.mon.a.smithi018.stdout:Nov 27 17:29:54 smithi018 ceph-mon[97555]: from='mgr.14100 172.21.15.18:0/4187594224' entity='mgr.x' cmd=[{"prefix": "osd metadata"}]: dispatch
2022-11-27T17:29:55.254 INFO:journalctl@ceph.mon.a.smithi018.stdout:Nov 27 17:29:54 smithi018 ceph-mon[97555]: from='mgr.14100 172.21.15.18:0/4187594224' entity='mgr.x' cmd=[{"prefix": "mon metadata"}]: dispatch
2022-11-27T17:29:55.255 INFO:journalctl@ceph.mon.a.smithi018.stdout:Nov 27 17:29:54 smithi018 ceph-mon[97555]: from='mgr.14100 172.21.15.18:0/4187594224' entity='mgr.x' cmd=[{"prefix": "mon metadata", "id": "a"}]: dispatch
2022-11-27T17:29:55.255 INFO:journalctl@ceph.mon.a.smithi018.stdout:Nov 27 17:29:54 smithi018 ceph-mon[97555]: from='mgr.14100 172.21.15.18:0/4187594224' entity='mgr.x' cmd=[{"prefix": "mgr metadata", "who": "x", "id": "x"}]: dispatch
2022-11-27T17:29:55.255 INFO:journalctl@ceph.mon.a.smithi018.stdout:Nov 27 17:29:54 smithi018 ceph-mon[97555]: Manager daemon x is now available
2022-11-27T17:29:55.255 INFO:journalctl@ceph.mon.a.smithi018.stdout:Nov 27 17:29:54 smithi018 ceph-mon[97555]: from='mgr.14100 172.21.15.18:0/4187594224' entity='mgr.x' cmd=[{"prefix":"config rm","who":"mgr","name":"mgr/rbd_support/x/mirror_snapshot_schedule"}]: dispatch
2022-11-27T17:29:55.256 INFO:journalctl@ceph.mon.a.smithi018.stdout:Nov 27 17:29:54 smithi018 ceph-mon[97555]: from='mgr.14100 172.21.15.18:0/4187594224' entity='mgr.x' cmd=[{"prefix":"config rm","who":"mgr","name":"mgr/rbd_support/x/trash_purge_schedule"}]: dispatch
2022-11-27T17:29:55.256 INFO:journalctl@ceph.mon.a.smithi018.stdout:Nov 27 17:29:54 smithi018 ceph-mon[97555]: from='mgr.14100 172.21.15.18:0/4187594224' entity='mgr.x'
2022-11-27T17:29:55.256 INFO:journalctl@ceph.mon.a.smithi018.stdout:Nov 27 17:29:54 smithi018 ceph-mon[97555]: from='mgr.14100 172.21.15.18:0/4187594224' entity='mgr.x'
2022-11-27T17:29:55.256 INFO:journalctl@ceph.mon.a.smithi018.stdout:Nov 27 17:29:54 smithi018 ceph-mon[97555]: from='mgr.14100 172.21.15.18:0/4187594224' entity='mgr.x'
2022-11-27T17:29:56.848 INFO:teuthology.orchestra.run.smithi018.stdout:/usr/bin/ceph: stdout
2022-11-27T17:29:56.848 INFO:teuthology.orchestra.run.smithi018.stdout:/usr/bin/ceph: stdout {
2022-11-27T17:29:56.849 INFO:teuthology.orchestra.run.smithi018.stdout:/usr/bin/ceph: stdout "fsid": "ff47213a-6e78-11ed-843b-001a4aab830c",
2022-11-27T17:29:56.849 INFO:teuthology.orchestra.run.smithi018.stdout:/usr/bin/ceph: stdout "health": {
2022-11-27T17:29:56.849 INFO:teuthology.orchestra.run.smithi018.stdout:/usr/bin/ceph: stdout "status": "HEALTH_OK",
2022-11-27T17:29:56.850 INFO:teuthology.orchestra.run.smithi018.stdout:/usr/bin/ceph: stdout "checks": {},
2022-11-27T17:29:56.850 INFO:teuthology.orchestra.run.smithi018.stdout:/usr/bin/ceph: stdout "mutes": []
2022-11-27T17:29:56.851 INFO:teuthology.orchestra.run.smithi018.stdout:/usr/bin/ceph: stdout },
2022-11-27T17:29:56.851 INFO:teuthology.orchestra.run.smithi018.stdout:/usr/bin/ceph: stdout "election_epoch": 5,
2022-11-27T17:29:56.851 INFO:teuthology.orchestra.run.smithi018.stdout:/usr/bin/ceph: stdout "quorum": [
2022-11-27T17:29:56.865 INFO:teuthology.orchestra.run.smithi018.stdout:/usr/bin/ceph: stdout 0
2022-11-27T17:29:56.865 INFO:teuthology.orchestra.run.smithi018.stdout:/usr/bin/ceph: stdout ],
2022-11-27T17:29:56.865 INFO:teuthology.orchestra.run.smithi018.stdout:/usr/bin/ceph: stdout "quorum_names": [
2022-11-27T17:29:56.866 INFO:teuthology.orchestra.run.smithi018.stdout:/usr/bin/ceph: stdout "a"
2022-11-27T17:29:56.866 INFO:teuthology.orchestra.run.smithi018.stdout:/usr/bin/ceph: stdout ],
2022-11-27T17:29:56.866 INFO:teuthology.orchestra.run.smithi018.stdout:/usr/bin/ceph: stdout "quorum_age": 11,
2022-11-27T17:29:56.867 INFO:teuthology.orchestra.run.smithi018.stdout:/usr/bin/ceph: stdout "monmap": {
2022-11-27T17:29:56.867 INFO:teuthology.orchestra.run.smithi018.stdout:/usr/bin/ceph: stdout "epoch": 1,
2022-11-27T17:29:56.868 INFO:teuthology.orchestra.run.smithi018.stdout:/usr/bin/ceph: stdout "min_mon_release_name": "reef",
2022-11-27T17:29:56.868 INFO:teuthology.orchestra.run.smithi018.stdout:/usr/bin/ceph: stdout "num_mons": 1
2022-11-27T17:29:56.868 INFO:teuthology.orchestra.run.smithi018.stdout:/usr/bin/ceph: stdout },
2022-11-27T17:29:56.868 INFO:teuthology.orchestra.run.smithi018.stdout:/usr/bin/ceph: stdout "osdmap": {
2022-11-27T17:29:56.869 INFO:teuthology.orchestra.run.smithi018.stdout:/usr/bin/ceph: stdout "epoch": 1,
2022-11-27T17:29:56.869 INFO:teuthology.orchestra.run.smithi018.stdout:/usr/bin/ceph: stdout "num_osds": 0,
2022-11-27T17:29:56.869 INFO:teuthology.orchestra.run.smithi018.stdout:/usr/bin/ceph: stdout "num_up_osds": 0,
2022-11-27T17:29:56.869 INFO:teuthology.orchestra.run.smithi018.stdout:/usr/bin/ceph: stdout "osd_up_since": 0,
2022-11-27T17:29:56.870 INFO:teuthology.orchestra.run.smithi018.stdout:/usr/bin/ceph: stdout "num_in_osds": 0,
2022-11-27T17:29:56.870 INFO:teuthology.orchestra.run.smithi018.stdout:/usr/bin/ceph: stdout "osd_in_since": 0,
2022-11-27T17:29:56.870 INFO:teuthology.orchestra.run.smithi018.stdout:/usr/bin/ceph: stdout "num_remapped_pgs": 0
2022-11-27T17:29:56.870 INFO:teuthology.orchestra.run.smithi018.stdout:/usr/bin/ceph: stdout },
2022-11-27T17:29:56.870 INFO:teuthology.orchestra.run.smithi018.stdout:/usr/bin/ceph: stdout "pgmap": {
2022-11-27T17:29:56.871 INFO:teuthology.orchestra.run.smithi018.stdout:/usr/bin/ceph: stdout "pgs_by_state": [],
2022-11-27T17:29:56.871 INFO:teuthology.orchestra.run.smithi018.stdout:/usr/bin/ceph: stdout "num_pgs": 0,
2022-11-27T17:29:56.872 INFO:teuthology.orchestra.run.smithi018.stdout:/usr/bin/ceph: stdout "num_pools": 0,
2022-11-27T17:29:56.872 INFO:teuthology.orchestra.run.smithi018.stdout:/usr/bin/ceph: stdout "num_objects": 0,
2022-11-27T17:29:56.872 INFO:teuthology.orchestra.run.smithi018.stdout:/usr/bin/ceph: stdout "data_bytes": 0,
2022-11-27T17:29:56.872 INFO:teuthology.orchestra.run.smithi018.stdout:/usr/bin/ceph: stdout "bytes_used": 0,
2022-11-27T17:29:56.873 INFO:teuthology.orchestra.run.smithi018.stdout:/usr/bin/ceph: stdout "bytes_avail": 0,
2022-11-27T17:29:56.873 INFO:teuthology.orchestra.run.smithi018.stdout:/usr/bin/ceph: stdout "bytes_total": 0
2022-11-27T17:29:56.873 INFO:teuthology.orchestra.run.smithi018.stdout:/usr/bin/ceph: stdout },
2022-11-27T17:29:56.873 INFO:teuthology.orchestra.run.smithi018.stdout:/usr/bin/ceph: stdout "fsmap": {
2022-11-27T17:29:56.874 INFO:teuthology.orchestra.run.smithi018.stdout:/usr/bin/ceph: stdout "epoch": 1,
2022-11-27T17:29:56.874 INFO:teuthology.orchestra.run.smithi018.stdout:/usr/bin/ceph: stdout "by_rank": [],
2022-11-27T17:29:56.874 INFO:teuthology.orchestra.run.smithi018.stdout:/usr/bin/ceph: stdout "up:standby": 0
2022-11-27T17:29:56.874 INFO:teuthology.orchestra.run.smithi018.stdout:/usr/bin/ceph: stdout },
2022-11-27T17:29:56.875 INFO:teuthology.orchestra.run.smithi018.stdout:/usr/bin/ceph: stdout "mgrmap": {
2022-11-27T17:29:56.875 INFO:teuthology.orchestra.run.smithi018.stdout:/usr/bin/ceph: stdout "available": true,
2022-11-27T17:29:56.875 INFO:teuthology.orchestra.run.smithi018.stdout:/usr/bin/ceph: stdout "num_standbys": 0,
2022-11-27T17:29:56.875 INFO:teuthology.orchestra.run.smithi018.stdout:/usr/bin/ceph: stdout "modules": [
2022-11-27T17:29:56.876 INFO:teuthology.orchestra.run.smithi018.stdout:/usr/bin/ceph: stdout "iostat",
2022-11-27T17:29:56.876 INFO:teuthology.orchestra.run.smithi018.stdout:/usr/bin/ceph: stdout "nfs",
2022-11-27T17:29:56.876 INFO:teuthology.orchestra.run.smithi018.stdout:/usr/bin/ceph: stdout "restful"
2022-11-27T17:29:56.876 INFO:teuthology.orchestra.run.smithi018.stdout:/usr/bin/ceph: stdout ],
2022-11-27T17:29:56.877 INFO:teuthology.orchestra.run.smithi018.stdout:/usr/bin/ceph: stdout "services": {}
2022-11-27T17:29:56.877 INFO:teuthology.orchestra.run.smithi018.stdout:/usr/bin/ceph: stdout },
2022-11-27T17:29:56.877 INFO:teuthology.orchestra.run.smithi018.stdout:/usr/bin/ceph: stdout "servicemap": {
2022-11-27T17:29:56.877 INFO:teuthology.orchestra.run.smithi018.stdout:/usr/bin/ceph: stdout "epoch": 1,
2022-11-27T17:29:56.878 INFO:teuthology.orchestra.run.smithi018.stdout:/usr/bin/ceph: stdout "modified": "2022-11-27T17:29:40.890849+0000",
2022-11-27T17:29:56.878 INFO:teuthology.orchestra.run.smithi018.stdout:/usr/bin/ceph: stdout "services": {}
2022-11-27T17:29:56.878 INFO:teuthology.orchestra.run.smithi018.stdout:/usr/bin/ceph: stdout },
2022-11-27T17:29:56.879 INFO:teuthology.orchestra.run.smithi018.stdout:/usr/bin/ceph: stdout "progress_events": {}
2022-11-27T17:29:56.879 INFO:teuthology.orchestra.run.smithi018.stdout:/usr/bin/ceph: stdout }
2022-11-27T17:29:56.879 INFO:teuthology.orchestra.run.smithi018.stdout:/usr/bin/ceph: stderr
2022-11-27T17:29:56.006+0000 7fc731fcc700 1 Processor -- start
2022-11-27T17:29:56.880 INFO:teuthology.orchestra.run.smithi018.stdout:/usr/bin/ceph: stderr
2022-11-27T17:29:56.007+0000 7fc731fcc700 1 -- start start
2022-11-27T17:29:56.880 INFO:teuthology.orchestra.run.smithi018.stdout:/usr/bin/ceph: stderr
2022-11-27T17:29:56.007+0000 7fc731fcc700 1 --2- >> [v2:172.21.15.18:3300/0,v1:172.21.15.18:6789/0] conn(0x7fc72c103640 0x7fc72c103a50 unknown :-1 s=NONE pgs=0 cs=0 l=0 rev1=0 crypto rx=0 tx=0 comp rx=0 tx=0).connect
2022-11-27T17:29:56.880 INFO:teuthology.orchestra.run.smithi018.stdout:/usr/bin/ceph: stderr
2022-11-27T17:29:56.007+0000 7fc731fcc700 1 -- --> [v2:172.21.15.18:3300/0,v1:172.21.15.18:6789/0] -- mon_getmap magic: 0 v1 -- 0x7fc72c103f90 con 0x7fc72c103640
2022-11-27T17:29:56.880 INFO:teuthology.orchestra.run.smithi018.stdout:/usr/bin/ceph: stderr
2022-11-27T17:29:56.007+0000 7fc72b7fe700 1 --2- >> [v2:172.21.15.18:3300/0,v1:172.21.15.18:6789/0] conn(0x7fc72c103640 0x7fc72c103a50 unknown :-1 s=BANNER_CONNECTING pgs=0 cs=0 l=0 rev1=0 crypto rx=0 tx=0 comp rx=0 tx=0)._handle_peer_banner_payload supported=3 required=0
2022-11-27T17:29:56.881 INFO:teuthology.orchestra.run.smithi018.stdout:/usr/bin/ceph: stderr
2022-11-27T17:29:56.007+0000 7fc72b7fe700 1 --2- >> [v2:172.21.15.18:3300/0,v1:172.21.15.18:6789/0] conn(0x7fc72c103640 0x7fc72c103a50 unknown :-1 s=HELLO_CONNECTING pgs=0 cs=0 l=0 rev1=1 crypto rx=0 tx=0 comp rx=0 tx=0).handle_hello peer v2:172.21.15.18:3300/0 says I am v2:172.21.15.18:38876/0 (socket says 172.21.15.18:38876)
2022-11-27T17:29:56.881 INFO:teuthology.orchestra.run.smithi018.stdout:/usr/bin/ceph: stderr
2022-11-27T17:29:56.007+0000 7fc72b7fe700 1 -- 172.21.15.18:0/2439863771 learned_addr learned my addr 172.21.15.18:0/2439863771 (peer_addr_for_me v2:172.21.15.18:0/0)
2022-11-27T17:29:56.881 INFO:teuthology.orchestra.run.smithi018.stdout:/usr/bin/ceph: stderr
2022-11-27T17:29:56.007+0000 7fc72b7fe700 1 -- 172.21.15.18:0/2439863771 --> [v2:172.21.15.18:3300/0,v1:172.21.15.18:6789/0] -- mon_subscribe({config=0+,monmap=0+}) v3 -- 0x7fc72c1040d0 con 0x7fc72c103640
2022-11-27T17:29:56.881 INFO:teuthology.orchestra.run.smithi018.stdout:/usr/bin/ceph: stderr
2022-11-27T17:29:56.007+0000 7fc72b7fe700 1 --2- 172.21.15.18:0/2439863771 >> [v2:172.21.15.18:3300/0,v1:172.21.15.18:6789/0] conn(0x7fc72c103640 0x7fc72c103a50 secure :-1 s=READY pgs=16 cs=0 l=1 rev1=1 crypto rx=0x7fc71c00bb40 tx=0x7fc71c00be50 comp rx=0 tx=0).ready entity=mon.0 client_cookie=cf99a01f9f5bcd0a server_cookie=0 in_seq=0 out_seq=0
2022-11-27T17:29:56.882 INFO:teuthology.orchestra.run.smithi018.stdout:/usr/bin/ceph: stderr
2022-11-27T17:29:56.008+0000 7fc72a7fc700 1 -- 172.21.15.18:0/2439863771 <== mon.0 v2:172.21.15.18:3300/0 1 ==== mon_map magic: 0 v1 ==== 205+0+0 (secure 0 0 0) 0x7fc71c00dbe0 con 0x7fc72c103640
2022-11-27T17:29:56.882 INFO:teuthology.orchestra.run.smithi018.stdout:/usr/bin/ceph: stderr
2022-11-27T17:29:56.008+0000 7fc72a7fc700 1 -- 172.21.15.18:0/2439863771 <== mon.0 v2:172.21.15.18:3300/0 2 ==== config(25 keys) v1 ==== 1036+0+0 (secure 0 0 0) 0x7fc71c0044a0 con 0x7fc72c103640
2022-11-27T17:29:56.883 INFO:teuthology.orchestra.run.smithi018.stdout:/usr/bin/ceph: stderr
2022-11-27T17:29:56.008+0000 7fc72a7fc700 1 -- 172.21.15.18:0/2439863771 <== mon.0 v2:172.21.15.18:3300/0 3 ==== mon_map magic: 0 v1 ==== 205+0+0 (secure 0 0 0) 0x7fc71c003da0 con 0x7fc72c103640
2022-11-27T17:29:56.883 INFO:teuthology.orchestra.run.smithi018.stdout:/usr/bin/ceph: stderr
2022-11-27T17:29:56.008+0000 7fc731fcc700 1 -- 172.21.15.18:0/2439863771 >> [v2:172.21.15.18:3300/0,v1:172.21.15.18:6789/0] conn(0x7fc72c103640 msgr2=0x7fc72c103a50 secure :-1 s=STATE_CONNECTION_ESTABLISHED l=1).mark_down
2022-11-27T17:29:56.884 INFO:teuthology.orchestra.run.smithi018.stdout:/usr/bin/ceph: stderr
2022-11-27T17:29:56.008+0000 7fc731fcc700 1 --2- 172.21.15.18:0/2439863771 >> [v2:172.21.15.18:3300/0,v1:172.21.15.18:6789/0] conn(0x7fc72c103640 0x7fc72c103a50 secure :-1 s=READY pgs=16 cs=0 l=1 rev1=1 crypto rx=0x7fc71c00bb40 tx=0x7fc71c00be50 comp rx=0 tx=0).stop
2022-11-27T17:29:56.884 INFO:teuthology.orchestra.run.smithi018.stdout:/usr/bin/ceph: stderr
2022-11-27T17:29:56.009+0000 7fc731fcc700 1 -- 172.21.15.18:0/2439863771 shutdown_connections
2022-11-27T17:29:56.884 INFO:teuthology.orchestra.run.smithi018.stdout:/usr/bin/ceph: stderr
2022-11-27T17:29:56.009+0000 7fc731fcc700 1 --2- 172.21.15.18:0/2439863771 >> [v2:172.21.15.18:3300/0,v1:172.21.15.18:6789/0] conn(0x7fc72c103640 0x7fc72c103a50 unknown :-1 s=CLOSED pgs=16 cs=0 l=1 rev1=1 crypto rx=0 tx=0 comp rx=0 tx=0).stop
2022-11-27T17:29:56.885 INFO:teuthology.orchestra.run.smithi018.stdout:/usr/bin/ceph: stderr
2022-11-27T17:29:56.009+0000 7fc731fcc700 1 -- 172.21.15.18:0/2439863771 >> 172.21.15.18:0/2439863771 conn(0x7fc72c0fece0 msgr2=0x7fc72c1010f0 unknown :-1 s=STATE_NONE l=0).mark_down
2022-11-27T17:29:56.885 INFO:teuthology.orchestra.run.smithi018.stdout:/usr/bin/ceph: stderr
2022-11-27T17:29:56.009+0000 7fc731fcc700 1 -- 172.21.15.18:0/2439863771 shutdown_connections
2022-11-27T17:29:56.885 INFO:teuthology.orchestra.run.smithi018.stdout:/usr/bin/ceph: stderr
2022-11-27T17:29:56.009+0000 7fc731fcc700 1 -- 172.21.15.18:0/2439863771 wait complete.
2022-11-27T17:29:56.885 INFO:teuthology.orchestra.run.smithi018.stdout:/usr/bin/ceph: stderr
2022-11-27T17:29:56.009+0000 7fc731fcc700 1 Processor -- start
2022-11-27T17:29:56.886 INFO:teuthology.orchestra.run.smithi018.stdout:/usr/bin/ceph: stderr
2022-11-27T17:29:56.009+0000 7fc731fcc700 1 -- start start
2022-11-27T17:29:56.886 INFO:teuthology.orchestra.run.smithi018.stdout:/usr/bin/ceph: stderr
2022-11-27T17:29:56.010+0000 7fc731fcc700 1 --2- >> [v2:172.21.15.18:3300/0,v1:172.21.15.18:6789/0] conn(0x7fc72c103640 0x7fc72c19a470 unknown :-1 s=NONE pgs=0 cs=0 l=1 rev1=0 crypto rx=0 tx=0 comp rx=0 tx=0).connect
2022-11-27T17:29:56.886 INFO:teuthology.orchestra.run.smithi018.stdout:/usr/bin/ceph: stderr
2022-11-27T17:29:56.010+0000 7fc731fcc700 1 -- --> [v2:172.21.15.18:3300/0,v1:172.21.15.18:6789/0] -- mon_getmap magic: 0 v1 -- 0x7fc72c19a9b0 con 0x7fc72c103640
2022-11-27T17:29:56.886 INFO:teuthology.orchestra.run.smithi018.stdout:/usr/bin/ceph: stderr
2022-11-27T17:29:56.010+0000 7fc72b7fe700 1 --2- >> [v2:172.21.15.18:3300/0,v1:172.21.15.18:6789/0] conn(0x7fc72c103640 0x7fc72c19a470 unknown :-1 s=BANNER_CONNECTING pgs=0 cs=0 l=1 rev1=0 crypto rx=0 tx=0 comp rx=0 tx=0)._handle_peer_banner_payload supported=3 required=0
2022-11-27T17:29:56.887 INFO:teuthology.orchestra.run.smithi018.stdout:/usr/bin/ceph: stderr
2022-11-27T17:29:56.010+0000 7fc72b7fe700 1 --2- >> [v2:172.21.15.18:3300/0,v1:172.21.15.18:6789/0] conn(0x7fc72c103640 0x7fc72c19a470 unknown :-1 s=HELLO_CONNECTING pgs=0 cs=0 l=1 rev1=1 crypto rx=0 tx=0 comp rx=0 tx=0).handle_hello peer v2:172.21.15.18:3300/0 says I am v2:172.21.15.18:38878/0 (socket says 172.21.15.18:38878)
2022-11-27T17:29:56.887 INFO:teuthology.orchestra.run.smithi018.stdout:/usr/bin/ceph: stderr
2022-11-27T17:29:56.010+0000 7fc72b7fe700 1 -- 172.21.15.18:0/568679089 learned_addr learned my addr 172.21.15.18:0/568679089 (peer_addr_for_me v2:172.21.15.18:0/0)
2022-11-27T17:29:56.887 INFO:teuthology.orchestra.run.smithi018.stdout:/usr/bin/ceph: stderr
2022-11-27T17:29:56.010+0000 7fc72b7fe700 1 -- 172.21.15.18:0/568679089 --> [v2:172.21.15.18:3300/0,v1:172.21.15.18:6789/0] -- mon_subscribe({config=0+,monmap=0+}) v3 -- 0x7fc71c00b7f0 con 0x7fc72c103640
2022-11-27T17:29:56.887 INFO:teuthology.orchestra.run.smithi018.stdout:/usr/bin/ceph: stderr
2022-11-27T17:29:56.010+0000 7fc72b7fe700 1 --2- 172.21.15.18:0/568679089 >> [v2:172.21.15.18:3300/0,v1:172.21.15.18:6789/0] conn(0x7fc72c103640 0x7fc72c19a470 secure :-1 s=READY pgs=17 cs=0 l=1 rev1=1 crypto rx=0x7fc71c00e010 tx=0x7fc71c003f70 comp rx=0 tx=0).ready entity=mon.0 client_cookie=0 server_cookie=0 in_seq=0 out_seq=0
2022-11-27T17:29:56.888 INFO:teuthology.orchestra.run.smithi018.stdout:/usr/bin/ceph: stderr
2022-11-27T17:29:56.010+0000 7fc728ff9700 1 -- 172.21.15.18:0/568679089 <== mon.0 v2:172.21.15.18:3300/0 1 ==== mon_map magic: 0 v1 ==== 205+0+0 (secure 0 0 0) 0x7fc71c010630 con 0x7fc72c103640
2022-11-27T17:29:56.888 INFO:teuthology.orchestra.run.smithi018.stdout:/usr/bin/ceph: stderr
2022-11-27T17:29:56.010+0000 7fc728ff9700 1 -- 172.21.15.18:0/568679089 <== mon.0 v2:172.21.15.18:3300/0 2 ==== config(25 keys) v1 ==== 1036+0+0 (secure 0 0 0) 0x7fc71c010c00 con 0x7fc72c103640
2022-11-27T17:29:56.888 INFO:teuthology.orchestra.run.smithi018.stdout:/usr/bin/ceph: stderr
2022-11-27T17:29:56.010+0000 7fc731fcc700 1 -- 172.21.15.18:0/568679089 --> [v2:172.21.15.18:3300/0,v1:172.21.15.18:6789/0] -- mon_subscribe({mgrmap=0+}) v3 -- 0x7fc72c19abb0 con 0x7fc72c103640
2022-11-27T17:29:56.888 INFO:teuthology.orchestra.run.smithi018.stdout:/usr/bin/ceph: stderr
2022-11-27T17:29:56.010+0000 7fc728ff9700 1 -- 172.21.15.18:0/568679089 <== mon.0 v2:172.21.15.18:3300/0 3 ==== mon_map magic: 0 v1 ==== 205+0+0 (secure 0 0 0) 0x7fc71c021c50 con 0x7fc72c103640
2022-11-27T17:29:56.889 INFO:teuthology.orchestra.run.smithi018.stdout:/usr/bin/ceph: stderr
2022-11-27T17:29:56.010+0000 7fc731fcc700 1 -- 172.21.15.18:0/568679089 --> [v2:172.21.15.18:3300/0,v1:172.21.15.18:6789/0] -- mon_subscribe({osdmap=0}) v3 -- 0x7fc72c19af80 con 0x7fc72c103640
2022-11-27T17:29:56.889 INFO:teuthology.orchestra.run.smithi018.stdout:/usr/bin/ceph: stderr
2022-11-27T17:29:56.011+0000 7fc728ff9700 1 -- 172.21.15.18:0/568679089 <== mon.0 v2:172.21.15.18:3300/0 4 ==== mgrmap(e 3) v1 ==== 43110+0+0 (secure 0 0 0) 0x7fc71c0193f0 con 0x7fc72c103640
2022-11-27T17:29:56.890 INFO:teuthology.orchestra.run.smithi018.stdout:/usr/bin/ceph: stderr
2022-11-27T17:29:56.011+0000 7fc728ff9700 1 --2- 172.21.15.18:0/568679089 >> [v2:172.21.15.18:6800/2331328194,v1:172.21.15.18:6801/2331328194] conn(0x7fc718036210 0x7fc7180386c0 unknown :-1 s=NONE pgs=0 cs=0 l=1 rev1=0 crypto rx=0 tx=0 comp rx=0 tx=0).connect
2022-11-27T17:29:56.890 INFO:teuthology.orchestra.run.smithi018.stdout:/usr/bin/ceph: stderr
2022-11-27T17:29:56.012+0000 7fc728ff9700 1 -- 172.21.15.18:0/568679089 <== mon.0 v2:172.21.15.18:3300/0 5 ==== osd_map(1..1 src has 1..1) v4 ==== 721+0+0 (secure 0 0 0) 0x7fc71c049900 con 0x7fc72c103640
2022-11-27T17:29:56.890 INFO:teuthology.orchestra.run.smithi018.stdout:/usr/bin/ceph: stderr
2022-11-27T17:29:56.012+0000 7fc731fcc700 1 -- 172.21.15.18:0/568679089 --> [v2:172.21.15.18:3300/0,v1:172.21.15.18:6789/0] -- mon_command({"prefix": "get_command_descriptions"} v 0) v1 -- 0x7fc72c18f830 con 0x7fc72c103640
2022-11-27T17:29:56.891 INFO:teuthology.orchestra.run.smithi018.stdout:/usr/bin/ceph: stderr
2022-11-27T17:29:56.012+0000 7fc72affd700 1 --2- 172.21.15.18:0/568679089 >> [v2:172.21.15.18:6800/2331328194,v1:172.21.15.18:6801/2331328194] conn(0x7fc718036210 0x7fc7180386c0 unknown :-1 s=BANNER_CONNECTING pgs=0 cs=0 l=1 rev1=0 crypto rx=0 tx=0 comp rx=0 tx=0)._handle_peer_banner_payload supported=3 required=0
2022-11-27T17:29:56.891 INFO:teuthology.orchestra.run.smithi018.stdout:/usr/bin/ceph: stderr
2022-11-27T17:29:56.012+0000 7fc72affd700 1 --2- 172.21.15.18:0/568679089 >> [v2:172.21.15.18:6800/2331328194,v1:172.21.15.18:6801/2331328194] conn(0x7fc718036210 0x7fc7180386c0 secure :-1 s=READY pgs=6 cs=0 l=1 rev1=1 crypto rx=0x7fc720006fd0 tx=0x7fc720006e40 comp rx=0 tx=0).ready entity=mgr.14100 client_cookie=0 server_cookie=0 in_seq=0 out_seq=0
2022-11-27T17:29:56.891 INFO:teuthology.orchestra.run.smithi018.stdout:/usr/bin/ceph: stderr
2022-11-27T17:29:56.017+0000 7fc728ff9700 1 -- 172.21.15.18:0/568679089 <== mon.0 v2:172.21.15.18:3300/0 6 ==== mon_command_ack([{"prefix": "get_command_descriptions"}]=0 v0) v1 ==== 72+0+172060 (secure 0 0 0) 0x7fc71c021e40 con 0x7fc72c103640
2022-11-27T17:29:56.892 INFO:teuthology.orchestra.run.smithi018.stdout:/usr/bin/ceph: stderr
2022-11-27T17:29:56.507+0000 7fc731fcc700 1 -- 172.21.15.18:0/568679089 --> [v2:172.21.15.18:3300/0,v1:172.21.15.18:6789/0] -- mon_command({"prefix": "status", "format": "json-pretty"} v 0) v1 -- 0x7fc72c02c630 con 0x7fc72c103640
2022-11-27T17:29:56.892 INFO:teuthology.orchestra.run.smithi018.stdout:/usr/bin/ceph: stderr
2022-11-27T17:29:56.508+0000 7fc728ff9700 1 -- 172.21.15.18:0/568679089 <== mon.0 v2:172.21.15.18:3300/0 7 ==== mon_command_ack([{"prefix": "status", "format": "json-pretty"}]=0 v0) v1 ==== 79+0+1238 (secure 0 0 0) 0x7fc71c00fbc0 con 0x7fc72c103640
2022-11-27T17:29:56.892 INFO:teuthology.orchestra.run.smithi018.stdout:/usr/bin/ceph: stderr
2022-11-27T17:29:56.510+0000 7fc731fcc700 1 -- 172.21.15.18:0/568679089 >> [v2:172.21.15.18:6800/2331328194,v1:172.21.15.18:6801/2331328194] conn(0x7fc718036210 msgr2=0x7fc7180386c0 secure :-1 s=STATE_CONNECTION_ESTABLISHED l=1).mark_down
2022-11-27T17:29:56.893 INFO:teuthology.orchestra.run.smithi018.stdout:/usr/bin/ceph: stderr
2022-11-27T17:29:56.510+0000 7fc731fcc700 1 --2- 172.21.15.18:0/568679089 >> [v2:172.21.15.18:6800/2331328194,v1:172.21.15.18:6801/2331328194] conn(0x7fc718036210 0x7fc7180386c0 secure :-1 s=READY pgs=6 cs=0 l=1 rev1=1 crypto rx=0x7fc720006fd0 tx=0x7fc720006e40 comp rx=0 tx=0).stop
2022-11-27T17:29:56.893 INFO:teuthology.orchestra.run.smithi018.stdout:/usr/bin/ceph: stderr
2022-11-27T17:29:56.510+0000 7fc731fcc700 1 -- 172.21.15.18:0/568679089 >> [v2:172.21.15.18:3300/0,v1:172.21.15.18:6789/0] conn(0x7fc72c103640 msgr2=0x7fc72c19a470 secure :-1 s=STATE_CONNECTION_ESTABLISHED l=1).mark_down
2022-11-27T17:29:56.894 INFO:teuthology.orchestra.run.smithi018.stdout:/usr/bin/ceph: stderr
2022-11-27T17:29:56.510+0000 7fc731fcc700 1 --2- 172.21.15.18:0/568679089 >> [v2:172.21.15.18:3300/0,v1:172.21.15.18:6789/0] conn(0x7fc72c103640 0x7fc72c19a470 secure :-1 s=READY pgs=17 cs=0 l=1 rev1=1 crypto rx=0x7fc71c00e010 tx=0x7fc71c003f70 comp rx=0 tx=0).stop
2022-11-27T17:29:56.894 INFO:teuthology.orchestra.run.smithi018.stdout:/usr/bin/ceph: stderr
2022-11-27T17:29:56.510+0000 7fc731fcc700 1 -- 172.21.15.18:0/568679089 shutdown_connections
2022-11-27T17:29:56.895 INFO:teuthology.orchestra.run.smithi018.stdout:/usr/bin/ceph: stderr
2022-11-27T17:29:56.510+0000 7fc731fcc700 1 --2- 172.21.15.18:0/568679089 >> [v2:172.21.15.18:6800/2331328194,v1:172.21.15.18:6801/2331328194] conn(0x7fc718036210 0x7fc7180386c0 unknown :-1 s=CLOSED pgs=6 cs=0 l=1 rev1=1 crypto rx=0 tx=0 comp rx=0 tx=0).stop
2022-11-27T17:29:56.895 INFO:teuthology.orchestra.run.smithi018.stdout:/usr/bin/ceph: stderr
2022-11-27T17:29:56.510+0000 7fc731fcc700 1 --2- 172.21.15.18:0/568679089 >> [v2:172.21.15.18:3300/0,v1:172.21.15.18:6789/0] conn(0x7fc72c103640 0x7fc72c19a470 unknown :-1 s=CLOSED pgs=17 cs=0 l=1 rev1=1 crypto rx=0 tx=0 comp rx=0 tx=0).stop
2022-11-27T17:29:56.896 INFO:teuthology.orchestra.run.smithi018.stdout:/usr/bin/ceph: stderr
2022-11-27T17:29:56.510+0000 7fc731fcc700 1 -- 172.21.15.18:0/568679089 >> 172.21.15.18:0/568679089 conn(0x7fc72c0fece0 msgr2=0x7fc72c1010f0 unknown :-1 s=STATE_NONE l=0).mark_down
2022-11-27T17:29:56.896 INFO:teuthology.orchestra.run.smithi018.stdout:/usr/bin/ceph: stderr
2022-11-27T17:29:56.510+0000 7fc731fcc700 1 -- 172.21.15.18:0/568679089 shutdown_connections
2022-11-27T17:29:56.897 INFO:teuthology.orchestra.run.smithi018.stdout:/usr/bin/ceph: stderr
2022-11-27T17:29:56.510+0000 7fc731fcc700 1 -- 172.21.15.18:0/568679089 wait complete.
2022-11-27T17:29:56.897 INFO:teuthology.orchestra.run.smithi018.stdout:mgr is available
2022-11-27T17:29:57.254 INFO:journalctl@ceph.mon.a.smithi018.stdout:Nov 27 17:29:56 smithi018 ceph-mon[97555]: mgrmap e3: x(active, since 1.00708s)
2022-11-27T17:29:57.255 INFO:journalctl@ceph.mon.a.smithi018.stdout:Nov 27 17:29:56 smithi018 ceph-mon[97555]: from='client.? 172.21.15.18:0/568679089' entity='client.admin' cmd=[{"prefix": "status", "format": "json-pretty"}]: dispatch
2022-11-27T17:29:58.003 INFO:journalctl@ceph.mon.a.smithi018.stdout:Nov 27 17:29:57 smithi018 ceph-mon[97555]: mgrmap e4: x(active, since 2s)
2022-11-27T17:29:58.004 INFO:journalctl@ceph.mon.a.smithi018.stdout:Nov 27 17:29:57 smithi018 ceph-mon[97555]: from='client.? 172.21.15.18:0/4001843730' entity='client.admin' cmd=[{"prefix": "config assimilate-conf"}]: dispatch
2022-11-27T17:29:58.110 INFO:teuthology.orchestra.run.smithi018.stdout:/usr/bin/ceph: stdout
2022-11-27T17:29:58.110 INFO:teuthology.orchestra.run.smithi018.stdout:/usr/bin/ceph: stdout [global]
2022-11-27T17:29:58.111 INFO:teuthology.orchestra.run.smithi018.stdout:/usr/bin/ceph: stdout fsid = ff47213a-6e78-11ed-843b-001a4aab830c
2022-11-27T17:29:58.111 INFO:teuthology.orchestra.run.smithi018.stdout:/usr/bin/ceph: stdout mon_osd_allow_pg_remap = true
2022-11-27T17:29:58.112 INFO:teuthology.orchestra.run.smithi018.stdout:/usr/bin/ceph: stdout mon_osd_allow_primary_affinity = true
2022-11-27T17:29:58.112 INFO:teuthology.orchestra.run.smithi018.stdout:/usr/bin/ceph: stdout mon_warn_on_no_sortbitwise = false
2022-11-27T17:29:58.112 INFO:teuthology.orchestra.run.smithi018.stdout:/usr/bin/ceph: stdout osd_crush_chooseleaf_type = 0
2022-11-27T17:29:58.112 INFO:teuthology.orchestra.run.smithi018.stdout:/usr/bin/ceph: stdout
2022-11-27T17:29:58.113 INFO:teuthology.orchestra.run.smithi018.stdout:/usr/bin/ceph: stdout [mgr]
2022-11-27T17:29:58.113 INFO:teuthology.orchestra.run.smithi018.stdout:/usr/bin/ceph: stdout mgr/telemetry/nag = false
2022-11-27T17:29:58.113 INFO:teuthology.orchestra.run.smithi018.stdout:/usr/bin/ceph: stdout
2022-11-27T17:29:58.113 INFO:teuthology.orchestra.run.smithi018.stdout:/usr/bin/ceph: stdout [osd]
2022-11-27T17:29:58.114 INFO:teuthology.orchestra.run.smithi018.stdout:/usr/bin/ceph: stdout mon_osd_backfillfull_ratio = 0.85
2022-11-27T17:29:58.114 INFO:teuthology.orchestra.run.smithi018.stdout:/usr/bin/ceph: stdout mon_osd_full_ratio = 0.9
2022-11-27T17:29:58.115 INFO:teuthology.orchestra.run.smithi018.stdout:/usr/bin/ceph: stdout mon_osd_nearfull_ratio = 0.8
2022-11-27T17:29:58.115 INFO:teuthology.orchestra.run.smithi018.stdout:/usr/bin/ceph: stdout osd_map_max_advance = 10
2022-11-27T17:29:58.115 INFO:teuthology.orchestra.run.smithi018.stdout:/usr/bin/ceph: stdout osd_sloppy_crc = true
2022-11-27T17:29:58.116 INFO:teuthology.orchestra.run.smithi018.stdout:/usr/bin/ceph: stderr
2022-11-27T17:29:57.324+0000 7fba14528700 1 Processor -- start
2022-11-27T17:29:58.116 INFO:teuthology.orchestra.run.smithi018.stdout:/usr/bin/ceph: stderr
2022-11-27T17:29:57.324+0000 7fba14528700 1 -- start start
2022-11-27T17:29:58.116 INFO:teuthology.orchestra.run.smithi018.stdout:/usr/bin/ceph: stderr
2022-11-27T17:29:57.325+0000 7fba14528700 1 --2- >> [v2:172.21.15.18:3300/0,v1:172.21.15.18:6789/0] conn(0x7fba0c07adc0 0x7fba0c0792b0 unknown :-1 s=NONE pgs=0 cs=0 l=0 rev1=0 crypto rx=0 tx=0 comp rx=0 tx=0).connect
2022-11-27T17:29:58.117 INFO:teuthology.orchestra.run.smithi018.stdout:/usr/bin/ceph: stderr
2022-11-27T17:29:57.325+0000 7fba14528700 1 -- --> [v2:172.21.15.18:3300/0,v1:172.21.15.18:6789/0] -- mon_getmap magic: 0 v1 -- 0x7fba0c0797f0 con 0x7fba0c07adc0
2022-11-27T17:29:58.117 INFO:teuthology.orchestra.run.smithi018.stdout:/usr/bin/ceph: stderr
2022-11-27T17:29:57.325+0000 7fba122c4700 1 --2- >> [v2:172.21.15.18:3300/0,v1:172.21.15.18:6789/0] conn(0x7fba0c07adc0 0x7fba0c0792b0 unknown :-1 s=BANNER_CONNECTING pgs=0 cs=0 l=0 rev1=0 crypto rx=0 tx=0 comp rx=0 tx=0)._handle_peer_banner_payload supported=3 required=0
2022-11-27T17:29:58.117 INFO:teuthology.orchestra.run.smithi018.stdout:/usr/bin/ceph: stderr
2022-11-27T17:29:57.325+0000 7fba122c4700 1 --2- >> [v2:172.21.15.18:3300/0,v1:172.21.15.18:6789/0] conn(0x7fba0c07adc0 0x7fba0c0792b0 unknown :-1 s=HELLO_CONNECTING pgs=0 cs=0 l=0 rev1=1 crypto rx=0 tx=0 comp rx=0 tx=0).handle_hello peer v2:172.21.15.18:3300/0 says I am v2:172.21.15.18:38882/0 (socket says 172.21.15.18:38882)
2022-11-27T17:29:58.117 INFO:teuthology.orchestra.run.smithi018.stdout:/usr/bin/ceph: stderr
2022-11-27T17:29:57.325+0000 7fba122c4700 1 -- 172.21.15.18:0/1147935823 learned_addr learned my addr 172.21.15.18:0/1147935823 (peer_addr_for_me v2:172.21.15.18:0/0)
2022-11-27T17:29:58.118 INFO:teuthology.orchestra.run.smithi018.stdout:/usr/bin/ceph: stderr
2022-11-27T17:29:57.325+0000 7fba122c4700 1 -- 172.21.15.18:0/1147935823 --> [v2:172.21.15.18:3300/0,v1:172.21.15.18:6789/0] -- mon_subscribe({config=0+,monmap=0+}) v3 -- 0x7fba0c079930 con 0x7fba0c07adc0
2022-11-27T17:29:58.118 INFO:teuthology.orchestra.run.smithi018.stdout:/usr/bin/ceph: stderr
2022-11-27T17:29:57.325+0000 7fba122c4700 1 --2- 172.21.15.18:0/1147935823 >> [v2:172.21.15.18:3300/0,v1:172.21.15.18:6789/0] conn(0x7fba0c07adc0 0x7fba0c0792b0 secure :-1 s=READY pgs=18 cs=0 l=1 rev1=1 crypto rx=0x7fba080098a0 tx=0x7fba08009bb0 comp rx=0 tx=0).ready entity=mon.0 client_cookie=7fd49aa63e99b2ff server_cookie=0 in_seq=0 out_seq=0
2022-11-27T17:29:58.118 INFO:teuthology.orchestra.run.smithi018.stdout:/usr/bin/ceph: stderr
2022-11-27T17:29:57.325+0000 7fba112c2700 1 -- 172.21.15.18:0/1147935823 <== mon.0 v2:172.21.15.18:3300/0 1 ==== mon_map magic: 0 v1 ==== 205+0+0 (secure 0 0 0) 0x7fba08004160 con 0x7fba0c07adc0
2022-11-27T17:29:58.118 INFO:teuthology.orchestra.run.smithi018.stdout:/usr/bin/ceph: stderr
2022-11-27T17:29:57.325+0000 7fba112c2700 1 -- 172.21.15.18:0/1147935823 <== mon.0 v2:172.21.15.18:3300/0 2 ==== config(25 keys) v1 ==== 1036+0+0 (secure 0 0 0) 0x7fba080042c0 con 0x7fba0c07adc0
2022-11-27T17:29:58.119 INFO:teuthology.orchestra.run.smithi018.stdout:/usr/bin/ceph: stderr
2022-11-27T17:29:57.325+0000 7fba112c2700 1 -- 172.21.15.18:0/1147935823 <== mon.0 v2:172.21.15.18:3300/0 3 ==== mon_map magic: 0 v1 ==== 205+0+0 (secure 0 0 0) 0x7fba08011940 con 0x7fba0c07adc0
2022-11-27T17:29:58.119 INFO:teuthology.orchestra.run.smithi018.stdout:/usr/bin/ceph: stderr
2022-11-27T17:29:57.326+0000 7fba14528700 1 -- 172.21.15.18:0/1147935823 >> [v2:172.21.15.18:3300/0,v1:172.21.15.18:6789/0] conn(0x7fba0c07adc0 msgr2=0x7fba0c0792b0 secure :-1 s=STATE_CONNECTION_ESTABLISHED l=1).mark_down
2022-11-27T17:29:58.119 INFO:teuthology.orchestra.run.smithi018.stdout:/usr/bin/ceph: stderr
2022-11-27T17:29:57.326+0000 7fba14528700 1 --2- 172.21.15.18:0/1147935823 >> [v2:172.21.15.18:3300/0,v1:172.21.15.18:6789/0] conn(0x7fba0c07adc0 0x7fba0c0792b0 secure :-1 s=READY pgs=18 cs=0 l=1 rev1=1 crypto rx=0x7fba080098a0 tx=0x7fba08009bb0 comp rx=0 tx=0).stop
2022-11-27T17:29:58.119 INFO:teuthology.orchestra.run.smithi018.stdout:/usr/bin/ceph: stderr
2022-11-27T17:29:57.326+0000 7fba14528700 1 -- 172.21.15.18:0/1147935823 shutdown_connections
2022-11-27T17:29:58.120 INFO:teuthology.orchestra.run.smithi018.stdout:/usr/bin/ceph: stderr
2022-11-27T17:29:57.326+0000 7fba14528700 1 --2- 172.21.15.18:0/1147935823 >> [v2:172.21.15.18:3300/0,v1:172.21.15.18:6789/0] conn(0x7fba0c07adc0 0x7fba0c0792b0 unknown :-1 s=CLOSED pgs=18 cs=0 l=1 rev1=1 crypto rx=0 tx=0 comp rx=0 tx=0).stop
2022-11-27T17:29:58.120 INFO:teuthology.orchestra.run.smithi018.stdout:/usr/bin/ceph: stderr
2022-11-27T17:29:57.326+0000 7fba14528700 1 -- 172.21.15.18:0/1147935823 >> 172.21.15.18:0/1147935823 conn(0x7fba0c0ffe00 msgr2=0x7fba0c102210 unknown :-1 s=STATE_NONE l=0).mark_down
2022-11-27T17:29:58.120 INFO:teuthology.orchestra.run.smithi018.stdout:/usr/bin/ceph: stderr
2022-11-27T17:29:57.326+0000 7fba14528700 1 -- 172.21.15.18:0/1147935823 shutdown_connections
2022-11-27T17:29:58.120 INFO:teuthology.orchestra.run.smithi018.stdout:/usr/bin/ceph: stderr
2022-11-27T17:29:57.326+0000 7fba14528700 1 -- 172.21.15.18:0/1147935823 wait complete.
2022-11-27T17:29:58.121 INFO:teuthology.orchestra.run.smithi018.stdout:/usr/bin/ceph: stderr
2022-11-27T17:29:57.327+0000 7fba14528700 1 Processor -- start
2022-11-27T17:29:58.121 INFO:teuthology.orchestra.run.smithi018.stdout:/usr/bin/ceph: stderr
2022-11-27T17:29:57.327+0000 7fba14528700 1 -- start start
2022-11-27T17:29:58.121 INFO:teuthology.orchestra.run.smithi018.stdout:/usr/bin/ceph: stderr
2022-11-27T17:29:57.327+0000 7fba14528700 1 --2- >> [v2:172.21.15.18:3300/0,v1:172.21.15.18:6789/0] conn(0x7fba0c07adc0 0x7fba0c19a780 unknown :-1 s=NONE pgs=0 cs=0 l=1 rev1=0 crypto rx=0 tx=0 comp rx=0 tx=0).connect
2022-11-27T17:29:58.121 INFO:teuthology.orchestra.run.smithi018.stdout:/usr/bin/ceph: stderr
2022-11-27T17:29:57.327+0000 7fba14528700 1 -- --> [v2:172.21.15.18:3300/0,v1:172.21.15.18:6789/0] -- mon_getmap magic: 0 v1 -- 0x7fba0c19acc0 con 0x7fba0c07adc0
2022-11-27T17:29:58.121 INFO:teuthology.orchestra.run.smithi018.stdout:/usr/bin/ceph: stderr
2022-11-27T17:29:57.327+0000 7fba122c4700 1 --2- >> [v2:172.21.15.18:3300/0,v1:172.21.15.18:6789/0] conn(0x7fba0c07adc0 0x7fba0c19a780 unknown :-1 s=BANNER_CONNECTING pgs=0 cs=0 l=1 rev1=0 crypto rx=0 tx=0 comp rx=0 tx=0)._handle_peer_banner_payload supported=3 required=0
2022-11-27T17:29:58.122 INFO:teuthology.orchestra.run.smithi018.stdout:/usr/bin/ceph: stderr
2022-11-27T17:29:57.327+0000 7fba122c4700 1 --2- >> [v2:172.21.15.18:3300/0,v1:172.21.15.18:6789/0] conn(0x7fba0c07adc0 0x7fba0c19a780 unknown :-1 s=HELLO_CONNECTING pgs=0 cs=0 l=1 rev1=1 crypto rx=0 tx=0 comp rx=0 tx=0).handle_hello peer v2:172.21.15.18:3300/0 says I am v2:172.21.15.18:38884/0 (socket says 172.21.15.18:38884)
2022-11-27T17:29:58.122 INFO:teuthology.orchestra.run.smithi018.stdout:/usr/bin/ceph: stderr
2022-11-27T17:29:57.327+0000 7fba122c4700 1 -- 172.21.15.18:0/4001843730 learned_addr learned my addr 172.21.15.18:0/4001843730 (peer_addr_for_me v2:172.21.15.18:0/0)
2022-11-27T17:29:58.122 INFO:teuthology.orchestra.run.smithi018.stdout:/usr/bin/ceph: stderr
2022-11-27T17:29:57.327+0000 7fba122c4700 1 -- 172.21.15.18:0/4001843730 --> [v2:172.21.15.18:3300/0,v1:172.21.15.18:6789/0] -- mon_subscribe({config=0+,monmap=0+}) v3 -- 0x7fba08009550 con 0x7fba0c07adc0
2022-11-27T17:29:58.123 INFO:teuthology.orchestra.run.smithi018.stdout:/usr/bin/ceph: stderr
2022-11-27T17:29:57.327+0000 7fba122c4700 1 --2- 172.21.15.18:0/4001843730 >> [v2:172.21.15.18:3300/0,v1:172.21.15.18:6789/0] conn(0x7fba0c07adc0 0x7fba0c19a780 secure :-1 s=READY pgs=19 cs=0 l=1 rev1=1 crypto rx=0x7fba08000c00 tx=0x7fba08011e70 comp rx=0 tx=0).ready entity=mon.0 client_cookie=0 server_cookie=0 in_seq=0 out_seq=0
2022-11-27T17:29:58.123 INFO:teuthology.orchestra.run.smithi018.stdout:/usr/bin/ceph: stderr
2022-11-27T17:29:57.328+0000 7fb9fb7fe700 1 -- 172.21.15.18:0/4001843730 <== mon.0 v2:172.21.15.18:3300/0 1 ==== mon_map magic: 0 v1 ==== 205+0+0 (secure 0 0 0) 0x7fba080036a0 con 0x7fba0c07adc0
2022-11-27T17:29:58.123 INFO:teuthology.orchestra.run.smithi018.stdout:/usr/bin/ceph: stderr
2022-11-27T17:29:57.328+0000 7fb9fb7fe700 1 -- 172.21.15.18:0/4001843730 <== mon.0 v2:172.21.15.18:3300/0 2 ==== config(25 keys) v1 ==== 1036+0+0 (secure 0 0 0) 0x7fba0801b440 con 0x7fba0c07adc0
2022-11-27T17:29:58.124 INFO:teuthology.orchestra.run.smithi018.stdout:/usr/bin/ceph: stderr
2022-11-27T17:29:57.328+0000 7fb9fb7fe700 1 -- 172.21.15.18:0/4001843730 <== mon.0 v2:172.21.15.18:3300/0 3 ==== mon_map magic: 0 v1 ==== 205+0+0 (secure 0 0 0) 0x7fba080193f0 con 0x7fba0c07adc0
2022-11-27T17:29:58.124 INFO:teuthology.orchestra.run.smithi018.stdout:/usr/bin/ceph: stderr
2022-11-27T17:29:57.328+0000 7fba14528700 1 -- 172.21.15.18:0/4001843730 --> [v2:172.21.15.18:3300/0,v1:172.21.15.18:6789/0] -- mon_subscribe({mgrmap=0+}) v3 -- 0x7fba0c19aec0 con 0x7fba0c07adc0
2022-11-27T17:29:58.124 INFO:teuthology.orchestra.run.smithi018.stdout:/usr/bin/ceph: stderr
2022-11-27T17:29:57.328+0000 7fba14528700 1 -- 172.21.15.18:0/4001843730 --> [v2:172.21.15.18:3300/0,v1:172.21.15.18:6789/0] -- mon_subscribe({osdmap=0}) v3 -- 0x7fba0c19b2f0 con 0x7fba0c07adc0
2022-11-27T17:29:58.124 INFO:teuthology.orchestra.run.smithi018.stdout:/usr/bin/ceph: stderr
2022-11-27T17:29:57.328+0000 7fb9fb7fe700 1 -- 172.21.15.18:0/4001843730 <== mon.0 v2:172.21.15.18:3300/0 4 ==== mgrmap(e 4) v1 ==== 43190+0+0 (secure 0 0 0) 0x7fba0802b070 con 0x7fba0c07adc0
2022-11-27T17:29:58.125 INFO:teuthology.orchestra.run.smithi018.stdout:/usr/bin/ceph: stderr
2022-11-27T17:29:57.329+0000 7fb9fb7fe700 1 --2- 172.21.15.18:0/4001843730 >> [v2:172.21.15.18:6800/2331328194,v1:172.21.15.18:6801/2331328194] conn(0x7fb9f4036310 0x7fb9f40387c0 unknown :-1 s=NONE pgs=0 cs=0 l=1 rev1=0 crypto rx=0 tx=0 comp rx=0 tx=0).connect
2022-11-27T17:29:58.125 INFO:teuthology.orchestra.run.smithi018.stdout:/usr/bin/ceph: stderr
2022-11-27T17:29:57.329+0000 7fb9fb7fe700 1 -- 172.21.15.18:0/4001843730 <== mon.0 v2:172.21.15.18:3300/0 5 ==== osd_map(1..1 src has 1..1) v4 ==== 721+0+0 (secure 0 0 0) 0x7fba08049470 con 0x7fba0c07adc0
2022-11-27T17:29:58.125 INFO:teuthology.orchestra.run.smithi018.stdout:/usr/bin/ceph: stderr
2022-11-27T17:29:57.329+0000 7fba11ac3700 1 --2- 172.21.15.18:0/4001843730 >> [v2:172.21.15.18:6800/2331328194,v1:172.21.15.18:6801/2331328194] conn(0x7fb9f4036310 0x7fb9f40387c0 unknown :-1 s=BANNER_CONNECTING pgs=0 cs=0 l=1 rev1=0 crypto rx=0 tx=0 comp rx=0 tx=0)._handle_peer_banner_payload supported=3 required=0
2022-11-27T17:29:58.125 INFO:teuthology.orchestra.run.smithi018.stdout:/usr/bin/ceph: stderr
2022-11-27T17:29:57.329+0000 7fba14528700 1 -- 172.21.15.18:0/4001843730 --> [v2:172.21.15.18:3300/0,v1:172.21.15.18:6789/0] -- mon_command({"prefix": "get_command_descriptions"} v 0) v1 -- 0x7fba0c194500 con 0x7fba0c07adc0
2022-11-27T17:29:58.126 INFO:teuthology.orchestra.run.smithi018.stdout:/usr/bin/ceph: stderr
2022-11-27T17:29:57.329+0000 7fba11ac3700 1 --2- 172.21.15.18:0/4001843730 >> [v2:172.21.15.18:6800/2331328194,v1:172.21.15.18:6801/2331328194] conn(0x7fb9f4036310 0x7fb9f40387c0 secure :-1 s=READY pgs=7 cs=0 l=1 rev1=1 crypto rx=0x7fb9fc006fd0 tx=0x7fb9fc006e40 comp rx=0 tx=0).ready entity=mgr.14100 client_cookie=0 server_cookie=0 in_seq=0 out_seq=0
2022-11-27T17:29:58.126 INFO:teuthology.orchestra.run.smithi018.stdout:/usr/bin/ceph: stderr
2022-11-27T17:29:57.334+0000 7fb9fb7fe700 1 -- 172.21.15.18:0/4001843730 <== mon.0 v2:172.21.15.18:3300/0 6 ==== mon_command_ack([{"prefix": "get_command_descriptions"}]=0 v0) v1 ==== 72+0+172060 (secure 0 0 0) 0x7fba0801b940 con 0x7fba0c07adc0
2022-11-27T17:29:58.127 INFO:teuthology.orchestra.run.smithi018.stdout:/usr/bin/ceph: stderr
2022-11-27T17:29:57.680+0000 7fba14528700 1 -- 172.21.15.18:0/4001843730 --> [v2:172.21.15.18:3300/0,v1:172.21.15.18:6789/0] -- mon_command({"prefix": "config assimilate-conf"} v 0) v1 -- 0x7fba0c02c630 con 0x7fba0c07adc0
2022-11-27T17:29:58.127 INFO:teuthology.orchestra.run.smithi018.stdout:/usr/bin/ceph: stderr
2022-11-27T17:29:57.681+0000 7fb9fb7fe700 1 -- 172.21.15.18:0/4001843730 <== mon.0 v2:172.21.15.18:3300/0 7 ==== mon_command_ack([{"prefix": "config assimilate-conf"}]=0 v3) v1 ==== 70+0+373 (secure 0 0 0) 0x7fba08022360 con 0x7fba0c07adc0
2022-11-27T17:29:58.127 INFO:teuthology.orchestra.run.smithi018.stdout:/usr/bin/ceph: stderr
2022-11-27T17:29:57.683+0000 7fba14528700 1 -- 172.21.15.18:0/4001843730 >> [v2:172.21.15.18:6800/2331328194,v1:172.21.15.18:6801/2331328194] conn(0x7fb9f4036310 msgr2=0x7fb9f40387c0 secure :-1 s=STATE_CONNECTION_ESTABLISHED l=1).mark_down
2022-11-27T17:29:58.128 INFO:teuthology.orchestra.run.smithi018.stdout:/usr/bin/ceph: stderr
2022-11-27T17:29:57.683+0000 7fba14528700 1 --2- 172.21.15.18:0/4001843730 >> [v2:172.21.15.18:6800/2331328194,v1:172.21.15.18:6801/2331328194] conn(0x7fb9f4036310 0x7fb9f40387c0 secure :-1 s=READY pgs=7 cs=0 l=1 rev1=1 crypto rx=0x7fb9fc006fd0 tx=0x7fb9fc006e40 comp rx=0 tx=0).stop
2022-11-27T17:29:58.128 INFO:teuthology.orchestra.run.smithi018.stdout:/usr/bin/ceph: stderr
2022-11-27T17:29:57.683+0000 7fba14528700 1 -- 172.21.15.18:0/4001843730 >> [v2:172.21.15.18:3300/0,v1:172.21.15.18:6789/0] conn(0x7fba0c07adc0 msgr2=0x7fba0c19a780 secure :-1 s=STATE_CONNECTION_ESTABLISHED l=1).mark_down
2022-11-27T17:29:58.129 INFO:teuthology.orchestra.run.smithi018.stdout:/usr/bin/ceph: stderr
2022-11-27T17:29:57.683+0000 7fba14528700 1 --2- 172.21.15.18:0/4001843730 >> [v2:172.21.15.18:3300/0,v1:172.21.15.18:6789/0] conn(0x7fba0c07adc0 0x7fba0c19a780 secure :-1 s=READY pgs=19 cs=0 l=1 rev1=1 crypto rx=0x7fba08000c00 tx=0x7fba08011e70 comp rx=0 tx=0).stop
2022-11-27T17:29:58.129 INFO:teuthology.orchestra.run.smithi018.stdout:/usr/bin/ceph: stderr
2022-11-27T17:29:57.683+0000 7fba14528700 1 -- 172.21.15.18:0/4001843730 shutdown_connections
2022-11-27T17:29:58.130 INFO:teuthology.orchestra.run.smithi018.stdout:/usr/bin/ceph: stderr
2022-11-27T17:29:57.683+0000 7fba14528700 1 --2- 172.21.15.18:0/4001843730 >> [v2:172.21.15.18:6800/2331328194,v1:172.21.15.18:6801/2331328194] conn(0x7fb9f4036310 0x7fb9f40387c0 unknown :-1 s=CLOSED pgs=7 cs=0 l=1 rev1=1 crypto rx=0 tx=0 comp rx=0 tx=0).stop
2022-11-27T17:29:58.130 INFO:teuthology.orchestra.run.smithi018.stdout:/usr/bin/ceph: stderr
2022-11-27T17:29:57.683+0000 7fba14528700 1 --2- 172.21.15.18:0/4001843730 >> [v2:172.21.15.18:3300/0,v1:172.21.15.18:6789/0] conn(0x7fba0c07adc0 0x7fba0c19a780 unknown :-1 s=CLOSED pgs=19 cs=0 l=1 rev1=1 crypto rx=0 tx=0 comp rx=0 tx=0).stop
2022-11-27T17:29:58.130 INFO:teuthology.orchestra.run.smithi018.stdout:/usr/bin/ceph: stderr
