2023-01-04T18:09:49.452+0000 7fb940c05700 1 -- 172.21.15.50:0/879862029 --> [v2:172.21.15.50:3300/0,v1:172.21.15.50:6789/0] -- mon_subscribe({mgrmap=0+}) v3 -- 0x7fb93c10b090 con 0x7fb93c06fcd0
2023-01-04T18:09:49.458 INFO:teuthology.orchestra.run.smithi050.stderr:/usr/bin/ceph:
2023-01-04T18:09:49.452+0000 7fb92affd700 1 -- 172.21.15.50:0/879862029 <== mon.0 v2:172.21.15.50:3300/0 3 ==== mon_map magic: 0 v1 ==== 229+0+0 (secure 0 0 0) 0x7fb93001a770 con 0x7fb93c06fcd0
2023-01-04T18:09:49.458 INFO:teuthology.orchestra.run.smithi050.stderr:/usr/bin/ceph:
2023-01-04T18:09:49.452+0000 7fb940c05700 1 -- 172.21.15.50:0/879862029 --> [v2:172.21.15.50:3300/0,v1:172.21.15.50:6789/0] -- mon_subscribe({osdmap=0}) v3 -- 0x7fb93c10b4a0 con 0x7fb93c06fcd0
2023-01-04T18:09:49.459 INFO:teuthology.orchestra.run.smithi050.stderr:/usr/bin/ceph:
2023-01-04T18:09:49.453+0000 7fb92affd700 1 -- 172.21.15.50:0/879862029 <== mon.0 v2:172.21.15.50:3300/0 4 ==== mgrmap(e 8) v1 ==== 36120+0+0 (secure 0 0 0) 0x7fb93000f070 con 0x7fb93c06fcd0
2023-01-04T18:09:49.459 INFO:teuthology.orchestra.run.smithi050.stderr:/usr/bin/ceph:
2023-01-04T18:09:49.453+0000 7fb92affd700 1 --2- 172.21.15.50:0/879862029 >> [v2:172.21.15.50:6800/3751193798,v1:172.21.15.50:6801/3751193798] conn(0x7fb92002fdb0 0x7fb920032270 unknown :-1 s=NONE pgs=0 cs=0 l=1 rev1=0 rx=0 tx=0).connect
2023-01-04T18:09:49.459 INFO:teuthology.orchestra.run.smithi050.stderr:/usr/bin/ceph:
2023-01-04T18:09:49.453+0000 7fb92affd700 1 -- 172.21.15.50:0/879862029 <== mon.0 v2:172.21.15.50:3300/0 5 ==== osd_map(2..2 src has 1..2) v4 ==== 926+0+0 (secure 0 0 0) 0x7fb930040fc0 con 0x7fb93c06fcd0
2023-01-04T18:09:49.459 INFO:teuthology.orchestra.run.smithi050.stderr:/usr/bin/ceph:
2023-01-04T18:09:49.453+0000 7fb940c05700 1 -- 172.21.15.50:0/879862029 --> [v2:172.21.15.50:3300/0,v1:172.21.15.50:6789/0] -- mon_command({"prefix": "get_command_descriptions"} v 0) v1 -- 0x7fb93c045ad0 con 0x7fb93c06fcd0
2023-01-04T18:09:49.459 INFO:teuthology.orchestra.run.smithi050.stderr:/usr/bin/ceph:
2023-01-04T18:09:49.453+0000 7fb939d9b700 1 --2- 172.21.15.50:0/879862029 >> [v2:172.21.15.50:6800/3751193798,v1:172.21.15.50:6801/3751193798] conn(0x7fb92002fdb0 0x7fb920032270 unknown :-1 s=BANNER_CONNECTING pgs=0 cs=0 l=1 rev1=0 rx=0 tx=0)._handle_peer_banner_payload supported=1 required=0
2023-01-04T18:09:49.459 INFO:teuthology.orchestra.run.smithi050.stderr:/usr/bin/ceph:
2023-01-04T18:09:49.454+0000 7fb939d9b700 1 --2- 172.21.15.50:0/879862029 >> [v2:172.21.15.50:6800/3751193798,v1:172.21.15.50:6801/3751193798] conn(0x7fb92002fdb0 0x7fb920032270 secure :-1 s=READY pgs=11 cs=0 l=1 rev1=1 rx=0x7fb92c0096a0 tx=0x7fb92c006b40).ready entity=mgr.14114 client_cookie=0 server_cookie=0 in_seq=0 out_seq=0
2023-01-04T18:09:49.461 INFO:teuthology.orchestra.run.smithi050.stderr:/usr/bin/ceph:
2023-01-04T18:09:49.458+0000 7fb92affd700 1 -- 172.21.15.50:0/879862029 <== mon.0 v2:172.21.15.50:3300/0 6 ==== mon_command_ack([{"prefix": "get_command_descriptions"}]=0 v0) v1 ==== 72+0+152212 (secure 0 0 0) 0x7fb930016080 con 0x7fb93c06fcd0
2023-01-04T18:09:49.651 INFO:teuthology.orchestra.run.smithi050.stderr:/usr/bin/ceph:
2023-01-04T18:09:49.647+0000 7fb940c05700 1 -- 172.21.15.50:0/879862029 --> [v2:172.21.15.50:6800/3751193798,v1:172.21.15.50:6801/3751193798] -- mgr_command(tid 0: {"prefix": "orch apply", "service_type": "mon", "target": ["mon-mgr", ""]}) v1 -- 0x7fb93c104930 con 0x7fb92002fdb0
2023-01-04T18:09:49.655 INFO:teuthology.orchestra.run.smithi050.stderr:/usr/bin/ceph:
2023-01-04T18:09:49.652+0000 7fb92affd700 1 -- 172.21.15.50:0/879862029 <== mgr.14114 v2:172.21.15.50:6800/3751193798 1 ==== mgr_command_reply(tid 0: 0 ) v1 ==== 8+0+24 (secure 0 0 0) 0x7fb93c104930 con 0x7fb92002fdb0
2023-01-04T18:09:49.655 INFO:teuthology.orchestra.run.smithi050.stderr:/usr/bin/ceph: Scheduled mon update...
2023-01-04T18:09:49.657 INFO:teuthology.orchestra.run.smithi050.stderr:/usr/bin/ceph:
2023-01-04T18:09:49.654+0000 7fb940c05700 1 -- 172.21.15.50:0/879862029 >> [v2:172.21.15.50:6800/3751193798,v1:172.21.15.50:6801/3751193798] conn(0x7fb92002fdb0 msgr2=0x7fb920032270 secure :-1 s=STATE_CONNECTION_ESTABLISHED l=1).mark_down
2023-01-04T18:09:49.658 INFO:teuthology.orchestra.run.smithi050.stderr:/usr/bin/ceph:
2023-01-04T18:09:49.654+0000 7fb940c05700 1 --2- 172.21.15.50:0/879862029 >> [v2:172.21.15.50:6800/3751193798,v1:172.21.15.50:6801/3751193798] conn(0x7fb92002fdb0 0x7fb920032270 secure :-1 s=READY pgs=11 cs=0 l=1 rev1=1 rx=0x7fb92c0096a0 tx=0x7fb92c006b40).stop
2023-01-04T18:09:49.658 INFO:teuthology.orchestra.run.smithi050.stderr:/usr/bin/ceph:
2023-01-04T18:09:49.654+0000 7fb940c05700 1 -- 172.21.15.50:0/879862029 >> [v2:172.21.15.50:3300/0,v1:172.21.15.50:6789/0] conn(0x7fb93c06fcd0 msgr2=0x7fb93c10a9a0 secure :-1 s=STATE_CONNECTION_ESTABLISHED l=1).mark_down
2023-01-04T18:09:49.660 INFO:teuthology.orchestra.run.smithi050.stderr:/usr/bin/ceph:
2023-01-04T18:09:49.654+0000 7fb940c05700 1 --2- 172.21.15.50:0/879862029 >> [v2:172.21.15.50:3300/0,v1:172.21.15.50:6789/0] conn(0x7fb93c06fcd0 0x7fb93c10a9a0 secure :-1 s=READY pgs=40 cs=0 l=1 rev1=1 rx=0x7fb93000e040 tx=0x7fb930006ee0).stop
2023-01-04T18:09:49.660 INFO:teuthology.orchestra.run.smithi050.stderr:/usr/bin/ceph:
2023-01-04T18:09:49.654+0000 7fb940c05700 1 -- 172.21.15.50:0/879862029 shutdown_connections
2023-01-04T18:09:49.660 INFO:teuthology.orchestra.run.smithi050.stderr:/usr/bin/ceph:
2023-01-04T18:09:49.654+0000 7fb940c05700 1 --2- 172.21.15.50:0/879862029 >> [v2:172.21.15.50:6800/3751193798,v1:172.21.15.50:6801/3751193798] conn(0x7fb92002fdb0 0x7fb920032270 unknown :-1 s=CLOSED pgs=11 cs=0 l=1 rev1=1 rx=0 tx=0).stop
2023-01-04T18:09:49.660 INFO:teuthology.orchestra.run.smithi050.stderr:/usr/bin/ceph:
2023-01-04T18:09:49.654+0000 7fb940c05700 1 --2- 172.21.15.50:0/879862029 >> [v2:172.21.15.50:3300/0,v1:172.21.15.50:6789/0] conn(0x7fb93c06fcd0 0x7fb93c10a9a0 unknown :-1 s=CLOSED pgs=40 cs=0 l=1 rev1=1 rx=0 tx=0).stop
2023-01-04T18:09:49.660 INFO:teuthology.orchestra.run.smithi050.stderr:/usr/bin/ceph:
2023-01-04T18:09:49.654+0000 7fb940c05700 1 -- 172.21.15.50:0/879862029 >> 172.21.15.50:0/879862029 conn(0x7fb93c0f6280 msgr2=0x7fb93c0f7e20 unknown :-1 s=STATE_NONE l=0).mark_down
2023-01-04T18:09:49.660 INFO:teuthology.orchestra.run.smithi050.stderr:/usr/bin/ceph:
2023-01-04T18:09:49.654+0000 7fb940c05700 1 -- 172.21.15.50:0/879862029 shutdown_connections
2023-01-04T18:09:49.660 INFO:teuthology.orchestra.run.smithi050.stderr:/usr/bin/ceph:
2023-01-04T18:09:49.654+0000 7fb940c05700 1 -- 172.21.15.50:0/879862029 wait complete.
2023-01-04T18:09:50.148 INFO:teuthology.orchestra.run.smithi050.stderr:Deploying mgr service with default placement...
2023-01-04T18:09:50.148 INFO:teuthology.orchestra.run.smithi050.stderr:Running command: /bin/podman run --rm --ipc=host --no-hosts --net=host --entrypoint /usr/bin/ceph --init -e CONTAINER_IMAGE=docker.io/ceph/ceph:v16.2.4 -e NODE_NAME=smithi050 -e CEPH_USE_RANDOM_NONCE=1 -v /var/log/ceph/d98671da-8c5a-11ed-821a-001a4aab830c:/var/log/ceph:z -v /tmp/ceph-tmphq0e1x6f:/etc/ceph/ceph.client.admin.keyring:z -v /tmp/ceph-tmpccxsaw_n:/etc/ceph/ceph.conf:z docker.io/ceph/ceph:v16.2.4 orch apply mgr
2023-01-04T18:09:50.373 INFO:journalctl@ceph.mon.smithi050.smithi050.stdout:Jan 04 18:09:50 smithi050 ceph-d98671da-8c5a-11ed-821a-001a4aab830c-mon.smithi050[132084]: cephadm
2023-01-04T18:09:48.542772+0000 mgr.smithi050.emnywo (mgr.14114) 9 : cephadm [INF] Added host smithi050
2023-01-04T18:09:50.373 INFO:journalctl@ceph.mon.smithi050.smithi050.stdout:Jan 04 18:09:50 smithi050 ceph-d98671da-8c5a-11ed-821a-001a4aab830c-mon.smithi050[132084]: audit
2023-01-04T18:09:49.653080+0000 mon.smithi050 (mon.0) 56 : audit [INF] from='mgr.14114 172.21.15.50:0/1748849826' entity='mgr.smithi050.emnywo'
2023-01-04T18:09:50.766 INFO:teuthology.orchestra.run.smithi050.stderr:/usr/bin/ceph:
2023-01-04T18:09:50.761+0000 7ff05c22c700 1 Processor -- start
2023-01-04T18:09:50.766 INFO:teuthology.orchestra.run.smithi050.stderr:/usr/bin/ceph:
2023-01-04T18:09:50.761+0000 7ff05c22c700 1 -- start start
2023-01-04T18:09:50.766 INFO:teuthology.orchestra.run.smithi050.stderr:/usr/bin/ceph:
2023-01-04T18:09:50.762+0000 7ff05c22c700 1 --2- >> [v2:172.21.15.50:3300/0,v1:172.21.15.50:6789/0] conn(0x7ff0540fd1e0 0x7ff0540fd600 unknown :-1 s=NONE pgs=0 cs=0 l=0 rev1=0 rx=0 tx=0).connect
2023-01-04T18:09:50.766 INFO:teuthology.orchestra.run.smithi050.stderr:/usr/bin/ceph:
2023-01-04T18:09:50.762+0000 7ff05c22c700 1 -- --> [v2:172.21.15.50:3300/0,v1:172.21.15.50:6789/0] -- mon_getmap magic: 0 v1 -- 0x7ff0540fdb80 con 0x7ff0540fd1e0
2023-01-04T18:09:50.767 INFO:teuthology.orchestra.run.smithi050.stderr:/usr/bin/ceph:
2023-01-04T18:09:50.762+0000 7ff059fc8700 1 --2- >> [v2:172.21.15.50:3300/0,v1:172.21.15.50:6789/0] conn(0x7ff0540fd1e0 0x7ff0540fd600 unknown :-1 s=BANNER_CONNECTING pgs=0 cs=0 l=0 rev1=0 rx=0 tx=0)._handle_peer_banner_payload supported=1 required=0
2023-01-04T18:09:50.767 INFO:teuthology.orchestra.run.smithi050.stderr:/usr/bin/ceph:
2023-01-04T18:09:50.762+0000 7ff059fc8700 1 --2- >> [v2:172.21.15.50:3300/0,v1:172.21.15.50:6789/0] conn(0x7ff0540fd1e0 0x7ff0540fd600 unknown :-1 s=HELLO_CONNECTING pgs=0 cs=0 l=0 rev1=1 rx=0 tx=0).handle_hello peer v2:172.21.15.50:3300/0 says I am v2:172.21.15.50:60068/0 (socket says 172.21.15.50:60068)
2023-01-04T18:09:50.767 INFO:teuthology.orchestra.run.smithi050.stderr:/usr/bin/ceph:
2023-01-04T18:09:50.762+0000 7ff059fc8700 1 -- 172.21.15.50:0/520984716 learned_addr learned my addr 172.21.15.50:0/520984716 (peer_addr_for_me v2:172.21.15.50:0/0)
2023-01-04T18:09:50.767 INFO:teuthology.orchestra.run.smithi050.stderr:/usr/bin/ceph:
2023-01-04T18:09:50.762+0000 7ff059fc8700 1 -- 172.21.15.50:0/520984716 --> [v2:172.21.15.50:3300/0,v1:172.21.15.50:6789/0] -- mon_subscribe({config=0+,monmap=0+}) v3 -- 0x7ff0540fdcc0 con 0x7ff0540fd1e0
2023-01-04T18:09:50.767 INFO:teuthology.orchestra.run.smithi050.stderr:/usr/bin/ceph:
2023-01-04T18:09:50.762+0000 7ff059fc8700 1 --2- 172.21.15.50:0/520984716 >> [v2:172.21.15.50:3300/0,v1:172.21.15.50:6789/0] conn(0x7ff0540fd1e0 0x7ff0540fd600 secure :-1 s=READY pgs=41 cs=0 l=1 rev1=1 rx=0x7ff04400b5f0 tx=0x7ff044006ee0).ready entity=mon.0 client_cookie=a2ca54ca17e29490 server_cookie=0 in_seq=0 out_seq=0
2023-01-04T18:09:50.767 INFO:teuthology.orchestra.run.smithi050.stderr:/usr/bin/ceph:
2023-01-04T18:09:50.762+0000 7ff058fc6700 1 -- 172.21.15.50:0/520984716 <== mon.0 v2:172.21.15.50:3300/0 1 ==== mon_map magic: 0 v1 ==== 229+0+0 (secure 0 0 0) 0x7ff04400d600 con 0x7ff0540fd1e0
2023-01-04T18:09:50.767 INFO:teuthology.orchestra.run.smithi050.stderr:/usr/bin/ceph:
2023-01-04T18:09:50.763+0000 7ff058fc6700 1 -- 172.21.15.50:0/520984716 <== mon.0 v2:172.21.15.50:3300/0 2 ==== config(25 keys) v1 ==== 1010+0+0 (secure 0 0 0) 0x7ff04400dbd0 con 0x7ff0540fd1e0
2023-01-04T18:09:50.767 INFO:teuthology.orchestra.run.smithi050.stderr:/usr/bin/ceph:
2023-01-04T18:09:50.763+0000 7ff058fc6700 1 -- 172.21.15.50:0/520984716 <== mon.0 v2:172.21.15.50:3300/0 3 ==== mon_map magic: 0 v1 ==== 229+0+0 (secure 0 0 0) 0x7ff044011c00 con 0x7ff0540fd1e0
2023-01-04T18:09:50.767 INFO:teuthology.orchestra.run.smithi050.stderr:/usr/bin/ceph:
2023-01-04T18:09:50.763+0000 7ff05c22c700 1 -- 172.21.15.50:0/520984716 >> [v2:172.21.15.50:3300/0,v1:172.21.15.50:6789/0] conn(0x7ff0540fd1e0 msgr2=0x7ff0540fd600 secure :-1 s=STATE_CONNECTION_ESTABLISHED l=1).mark_down
2023-01-04T18:09:50.770 INFO:teuthology.orchestra.run.smithi050.stderr:/usr/bin/ceph:
2023-01-04T18:09:50.763+0000 7ff05c22c700 1 --2- 172.21.15.50:0/520984716 >> [v2:172.21.15.50:3300/0,v1:172.21.15.50:6789/0] conn(0x7ff0540fd1e0 0x7ff0540fd600 secure :-1 s=READY pgs=41 cs=0 l=1 rev1=1 rx=0x7ff04400b5f0 tx=0x7ff044006ee0).stop
2023-01-04T18:09:50.770 INFO:teuthology.orchestra.run.smithi050.stderr:/usr/bin/ceph:
2023-01-04T18:09:50.763+0000 7ff05c22c700 1 -- 172.21.15.50:0/520984716 shutdown_connections
2023-01-04T18:09:50.770 INFO:teuthology.orchestra.run.smithi050.stderr:/usr/bin/ceph:
2023-01-04T18:09:50.763+0000 7ff05c22c700 1 --2- 172.21.15.50:0/520984716 >> [v2:172.21.15.50:3300/0,v1:172.21.15.50:6789/0] conn(0x7ff0540fd1e0 0x7ff0540fd600 unknown :-1 s=CLOSED pgs=41 cs=0 l=1 rev1=1 rx=0 tx=0).stop
2023-01-04T18:09:50.770 INFO:teuthology.orchestra.run.smithi050.stderr:/usr/bin/ceph:
2023-01-04T18:09:50.763+0000 7ff05c22c700 1 -- 172.21.15.50:0/520984716 >> 172.21.15.50:0/520984716 conn(0x7ff0540f59e0 msgr2=0x7ff0540f7e00 unknown :-1 s=STATE_NONE l=0).mark_down
2023-01-04T18:09:50.770 INFO:teuthology.orchestra.run.smithi050.stderr:/usr/bin/ceph:
2023-01-04T18:09:50.763+0000 7ff05c22c700 1 -- 172.21.15.50:0/520984716 shutdown_connections
2023-01-04T18:09:50.770 INFO:teuthology.orchestra.run.smithi050.stderr:/usr/bin/ceph:
2023-01-04T18:09:50.763+0000 7ff05c22c700 1 -- 172.21.15.50:0/520984716 wait complete.
2023-01-04T18:09:50.771 INFO:teuthology.orchestra.run.smithi050.stderr:/usr/bin/ceph:
2023-01-04T18:09:50.764+0000 7ff05c22c700 1 Processor -- start
2023-01-04T18:09:50.771 INFO:teuthology.orchestra.run.smithi050.stderr:/usr/bin/ceph:
2023-01-04T18:09:50.764+0000 7ff05c22c700 1 -- start start
2023-01-04T18:09:50.771 INFO:teuthology.orchestra.run.smithi050.stderr:/usr/bin/ceph:
2023-01-04T18:09:50.764+0000 7ff05c22c700 1 --2- >> [v2:172.21.15.50:3300/0,v1:172.21.15.50:6789/0] conn(0x7ff0540fd1e0 0x7ff05410aaa0 unknown :-1 s=NONE pgs=0 cs=0 l=1 rev1=0 rx=0 tx=0).connect
2023-01-04T18:09:50.771 INFO:teuthology.orchestra.run.smithi050.stderr:/usr/bin/ceph:
2023-01-04T18:09:50.764+0000 7ff05c22c700 1 -- --> [v2:172.21.15.50:3300/0,v1:172.21.15.50:6789/0] -- mon_getmap magic: 0 v1 -- 0x7ff05410af90 con 0x7ff0540fd1e0
2023-01-04T18:09:50.771 INFO:teuthology.orchestra.run.smithi050.stderr:/usr/bin/ceph:
2023-01-04T18:09:50.764+0000 7ff059fc8700 1 --2- >> [v2:172.21.15.50:3300/0,v1:172.21.15.50:6789/0] conn(0x7ff0540fd1e0 0x7ff05410aaa0 unknown :-1 s=BANNER_CONNECTING pgs=0 cs=0 l=1 rev1=0 rx=0 tx=0)._handle_peer_banner_payload supported=1 required=0
2023-01-04T18:09:50.771 INFO:teuthology.orchestra.run.smithi050.stderr:/usr/bin/ceph:
2023-01-04T18:09:50.765+0000 7ff059fc8700 1 --2- >> [v2:172.21.15.50:3300/0,v1:172.21.15.50:6789/0] conn(0x7ff0540fd1e0 0x7ff05410aaa0 unknown :-1 s=HELLO_CONNECTING pgs=0 cs=0 l=1 rev1=1 rx=0 tx=0).handle_hello peer v2:172.21.15.50:3300/0 says I am v2:172.21.15.50:60082/0 (socket says 172.21.15.50:60082)
2023-01-04T18:09:50.771 INFO:teuthology.orchestra.run.smithi050.stderr:/usr/bin/ceph:
2023-01-04T18:09:50.765+0000 7ff059fc8700 1 -- 172.21.15.50:0/4134017521 learned_addr learned my addr 172.21.15.50:0/4134017521 (peer_addr_for_me v2:172.21.15.50:0/0)
2023-01-04T18:09:50.771 INFO:teuthology.orchestra.run.smithi050.stderr:/usr/bin/ceph:
2023-01-04T18:09:50.765+0000 7ff059fc8700 1 -- 172.21.15.50:0/4134017521 --> [v2:172.21.15.50:3300/0,v1:172.21.15.50:6789/0] -- mon_subscribe({config=0+,monmap=0+}) v3 -- 0x7ff04400b200 con 0x7ff0540fd1e0
2023-01-04T18:09:50.771 INFO:teuthology.orchestra.run.smithi050.stderr:/usr/bin/ceph:
2023-01-04T18:09:50.765+0000 7ff059fc8700 1 --2- 172.21.15.50:0/4134017521 >> [v2:172.21.15.50:3300/0,v1:172.21.15.50:6789/0] conn(0x7ff0540fd1e0 0x7ff05410aaa0 secure :-1 s=READY pgs=42 cs=0 l=1 rev1=1 rx=0x7ff04400bdc0 tx=0x7ff044006ee0).ready entity=mon.0 client_cookie=0 server_cookie=0 in_seq=0 out_seq=0
2023-01-04T18:09:50.771 INFO:teuthology.orchestra.run.smithi050.stderr:/usr/bin/ceph:
2023-01-04T18:09:50.765+0000 7ff0427fc700 1 -- 172.21.15.50:0/4134017521 <== mon.0 v2:172.21.15.50:3300/0 1 ==== mon_map magic: 0 v1 ==== 229+0+0 (secure 0 0 0) 0x7ff044011690 con 0x7ff0540fd1e0
2023-01-04T18:09:50.771 INFO:teuthology.orchestra.run.smithi050.stderr:/usr/bin/ceph:
2023-01-04T18:09:50.765+0000 7ff0427fc700 1 -- 172.21.15.50:0/4134017521 <== mon.0 v2:172.21.15.50:3300/0 2 ==== config(25 keys) v1 ==== 1010+0+0 (secure 0 0 0) 0x7ff04400d9f0 con 0x7ff0540fd1e0
2023-01-04T18:09:50.772 INFO:teuthology.orchestra.run.smithi050.stderr:/usr/bin/ceph:
2023-01-04T18:09:50.765+0000 7ff05c22c700 1 -- 172.21.15.50:0/4134017521 --> [v2:172.21.15.50:3300/0,v1:172.21.15.50:6789/0] -- mon_subscribe({mgrmap=0+}) v3 -- 0x7ff05410b190 con 0x7ff0540fd1e0
2023-01-04T18:09:50.772 INFO:teuthology.orchestra.run.smithi050.stderr:/usr/bin/ceph:
2023-01-04T18:09:50.765+0000 7ff0427fc700 1 -- 172.21.15.50:0/4134017521 <== mon.0 v2:172.21.15.50:3300/0 3 ==== mon_map magic: 0 v1 ==== 229+0+0 (secure 0 0 0) 0x7ff04401b780 con 0x7ff0540fd1e0
2023-01-04T18:09:50.772 INFO:teuthology.orchestra.run.smithi050.stderr:/usr/bin/ceph:
2023-01-04T18:09:50.765+0000 7ff05c22c700 1 -- 172.21.15.50:0/4134017521 --> [v2:172.21.15.50:3300/0,v1:172.21.15.50:6789/0] -- mon_subscribe({osdmap=0}) v3 -- 0x7ff05410b5a0 con 0x7ff0540fd1e0
2023-01-04T18:09:50.772 INFO:teuthology.orchestra.run.smithi050.stderr:/usr/bin/ceph:
2023-01-04T18:09:50.766+0000 7ff0427fc700 1 -- 172.21.15.50:0/4134017521 <== mon.0 v2:172.21.15.50:3300/0 4 ==== mgrmap(e 8) v1 ==== 36120+0+0 (secure 0 0 0) 0x7ff04400f070 con 0x7ff0540fd1e0
2023-01-04T18:09:50.772 INFO:teuthology.orchestra.run.smithi050.stderr:/usr/bin/ceph:
2023-01-04T18:09:50.766+0000 7ff0427fc700 1 --2- 172.21.15.50:0/4134017521 >> [v2:172.21.15.50:6800/3751193798,v1:172.21.15.50:6801/3751193798] conn(0x7ff03c034160 0x7ff03c036620 unknown :-1 s=NONE pgs=0 cs=0 l=1 rev1=0 rx=0 tx=0).connect
2023-01-04T18:09:50.772 INFO:teuthology.orchestra.run.smithi050.stderr:/usr/bin/ceph:
2023-01-04T18:09:50.766+0000 7ff05c22c700 1 -- 172.21.15.50:0/4134017521 --> [v2:172.21.15.50:3300/0,v1:172.21.15.50:6789/0] -- mon_command({"prefix": "get_command_descriptions"} v 0) v1 -- 0x7ff054045ad0 con 0x7ff0540fd1e0
2023-01-04T18:09:50.772 INFO:teuthology.orchestra.run.smithi050.stderr:/usr/bin/ceph:
2023-01-04T18:09:50.766+0000 7ff0427fc700 1 -- 172.21.15.50:0/4134017521 <== mon.0 v2:172.21.15.50:3300/0 5 ==== osd_map(2..2 src has 1..2) v4 ==== 926+0+0 (secure 0 0 0) 0x7ff044040d00 con 0x7ff0540fd1e0
2023-01-04T18:09:50.772 INFO:teuthology.orchestra.run.smithi050.stderr:/usr/bin/ceph:
2023-01-04T18:09:50.766+0000 7ff0597c7700 1 --2- 172.21.15.50:0/4134017521 >> [v2:172.21.15.50:6800/3751193798,v1:172.21.15.50:6801/3751193798] conn(0x7ff03c034160 0x7ff03c036620 unknown :-1 s=BANNER_CONNECTING pgs=0 cs=0 l=1 rev1=0 rx=0 tx=0)._handle_peer_banner_payload supported=1 required=0
2023-01-04T18:09:50.772 INFO:teuthology.orchestra.run.smithi050.stderr:/usr/bin/ceph:
2023-01-04T18:09:50.767+0000 7ff0597c7700 1 --2- 172.21.15.50:0/4134017521 >> [v2:172.21.15.50:6800/3751193798,v1:172.21.15.50:6801/3751193798] conn(0x7ff03c034160 0x7ff03c036620 secure :-1 s=READY pgs=12 cs=0 l=1 rev1=1 rx=0x7ff0500096a0 tx=0x7ff050006b40).ready entity=mgr.14114 client_cookie=0 server_cookie=0 in_seq=0 out_seq=0
2023-01-04T18:09:50.774 INFO:teuthology.orchestra.run.smithi050.stderr:/usr/bin/ceph:
2023-01-04T18:09:50.771+0000 7ff0427fc700 1 -- 172.21.15.50:0/4134017521 <== mon.0 v2:172.21.15.50:3300/0 6 ==== mon_command_ack([{"prefix": "get_command_descriptions"}]=0 v0) v1 ==== 72+0+152212 (secure 0 0 0) 0x7ff044016080 con 0x7ff0540fd1e0
2023-01-04T18:09:50.797 INFO:teuthology.orchestra.run.smithi050.stderr:/usr/bin/ceph:
2023-01-04T18:09:50.793+0000 7ff0427fc700 1 -- 172.21.15.50:0/4134017521 <== mon.0 v2:172.21.15.50:3300/0 7 ==== config(25 keys) v1 ==== 1074+0+0 (secure 0 0 0) 0x7ff044006a40 con 0x7ff0540fd1e0
2023-01-04T18:09:50.966 INFO:teuthology.orchestra.run.smithi050.stderr:/usr/bin/ceph:
2023-01-04T18:09:50.963+0000 7ff05c22c700 1 -- 172.21.15.50:0/4134017521 --> [v2:172.21.15.50:6800/3751193798,v1:172.21.15.50:6801/3751193798] -- mgr_command(tid 0: {"prefix": "orch apply", "service_type": "mgr", "target": ["mon-mgr", ""]}) v1 -- 0x7ff05410be30 con 0x7ff03c034160
2023-01-04T18:09:50.971 INFO:teuthology.orchestra.run.smithi050.stderr:/usr/bin/ceph:
2023-01-04T18:09:50.967+0000 7ff0427fc700 1 -- 172.21.15.50:0/4134017521 <== mgr.14114 v2:172.21.15.50:6800/3751193798 1 ==== mgr_command_reply(tid 0: 0 ) v1 ==== 8+0+24 (secure 0 0 0) 0x7ff05410be30 con 0x7ff03c034160
2023-01-04T18:09:50.971 INFO:teuthology.orchestra.run.smithi050.stderr:/usr/bin/ceph: Scheduled mgr update...
2023-01-04T18:09:50.973 INFO:teuthology.orchestra.run.smithi050.stderr:/usr/bin/ceph:
2023-01-04T18:09:50.969+0000 7ff05c22c700 1 -- 172.21.15.50:0/4134017521 >> [v2:172.21.15.50:6800/3751193798,v1:172.21.15.50:6801/3751193798] conn(0x7ff03c034160 msgr2=0x7ff03c036620 secure :-1 s=STATE_CONNECTION_ESTABLISHED l=1).mark_down
2023-01-04T18:09:50.973 INFO:teuthology.orchestra.run.smithi050.stderr:/usr/bin/ceph:
2023-01-04T18:09:50.969+0000 7ff05c22c700 1 --2- 172.21.15.50:0/4134017521 >> [v2:172.21.15.50:6800/3751193798,v1:172.21.15.50:6801/3751193798] conn(0x7ff03c034160 0x7ff03c036620 secure :-1 s=READY pgs=12 cs=0 l=1 rev1=1 rx=0x7ff0500096a0 tx=0x7ff050006b40).stop
2023-01-04T18:09:50.973 INFO:teuthology.orchestra.run.smithi050.stderr:/usr/bin/ceph:
2023-01-04T18:09:50.969+0000 7ff05c22c700 1 -- 172.21.15.50:0/4134017521 >> [v2:172.21.15.50:3300/0,v1:172.21.15.50:6789/0] conn(0x7ff0540fd1e0 msgr2=0x7ff05410aaa0 secure :-1 s=STATE_CONNECTION_ESTABLISHED l=1).mark_down
2023-01-04T18:09:50.973 INFO:teuthology.orchestra.run.smithi050.stderr:/usr/bin/ceph:
2023-01-04T18:09:50.969+0000 7ff05c22c700 1 --2- 172.21.15.50:0/4134017521 >> [v2:172.21.15.50:3300/0,v1:172.21.15.50:6789/0] conn(0x7ff0540fd1e0 0x7ff05410aaa0 secure :-1 s=READY pgs=42 cs=0 l=1 rev1=1 rx=0x7ff04400bdc0 tx=0x7ff044006ee0).stop
2023-01-04T18:09:50.973 INFO:teuthology.orchestra.run.smithi050.stderr:/usr/bin/ceph:
2023-01-04T18:09:50.969+0000 7ff05c22c700 1 -- 172.21.15.50:0/4134017521 shutdown_connections
2023-01-04T18:09:50.974 INFO:teuthology.orchestra.run.smithi050.stderr:/usr/bin/ceph:
2023-01-04T18:09:50.969+0000 7ff05c22c700 1 --2- 172.21.15.50:0/4134017521 >> [v2:172.21.15.50:6800/3751193798,v1:172.21.15.50:6801/3751193798] conn(0x7ff03c034160 0x7ff03c036620 unknown :-1 s=CLOSED pgs=12 cs=0 l=1 rev1=1 rx=0 tx=0).stop
2023-01-04T18:09:50.974 INFO:teuthology.orchestra.run.smithi050.stderr:/usr/bin/ceph:
2023-01-04T18:09:50.969+0000 7ff05c22c700 1 --2- 172.21.15.50:0/4134017521 >> [v2:172.21.15.50:3300/0,v1:172.21.15.50:6789/0] conn(0x7ff0540fd1e0 0x7ff05410aaa0 unknown :-1 s=CLOSED pgs=42 cs=0 l=1 rev1=1 rx=0 tx=0).stop
2023-01-04T18:09:50.974 INFO:teuthology.orchestra.run.smithi050.stderr:/usr/bin/ceph:
2023-01-04T18:09:50.969+0000 7ff05c22c700 1 -- 172.21.15.50:0/4134017521 >> 172.21.15.50:0/4134017521 conn(0x7ff0540f59e0 msgr2=0x7ff0540ff410 unknown :-1 s=STATE_NONE l=0).mark_down
2023-01-04T18:09:50.974 INFO:teuthology.orchestra.run.smithi050.stderr:/usr/bin/ceph:
2023-01-04T18:09:50.970+0000 7ff05c22c700 1 -- 172.21.15.50:0/4134017521 shutdown_connections
2023-01-04T18:09:50.974 INFO:teuthology.orchestra.run.smithi050.stderr:/usr/bin/ceph:
2023-01-04T18:09:50.970+0000 7ff05c22c700 1 -- 172.21.15.50:0/4134017521 wait complete.
2023-01-04T18:09:51.387 INFO:teuthology.orchestra.run.smithi050.stderr:Deploying crash service with default placement...
2023-01-04T18:09:51.387 INFO:teuthology.orchestra.run.smithi050.stderr:Running command: /bin/podman run --rm --ipc=host --no-hosts --net=host --entrypoint /usr/bin/ceph --init -e CONTAINER_IMAGE=docker.io/ceph/ceph:v16.2.4 -e NODE_NAME=smithi050 -e CEPH_USE_RANDOM_NONCE=1 -v /var/log/ceph/d98671da-8c5a-11ed-821a-001a4aab830c:/var/log/ceph:z -v /tmp/ceph-tmphq0e1x6f:/etc/ceph/ceph.client.admin.keyring:z -v /tmp/ceph-tmpccxsaw_n:/etc/ceph/ceph.conf:z docker.io/ceph/ceph:v16.2.4 orch apply crash
2023-01-04T18:09:51.420 INFO:journalctl@ceph.mon.smithi050.smithi050.stdout:Jan 04 18:09:51 smithi050 ceph-d98671da-8c5a-11ed-821a-001a4aab830c-mon.smithi050[132084]: audit
2023-01-04T18:09:49.650077+0000 mgr.smithi050.emnywo (mgr.14114) 10 : audit [DBG] from='client.14134 -' entity='client.admin' cmd=[{"prefix": "orch apply", "service_type": "mon", "target": ["mon-mgr", ""]}]: dispatch
2023-01-04T18:09:51.421 INFO:journalctl@ceph.mon.smithi050.smithi050.stdout:Jan 04 18:09:51 smithi050 ceph-d98671da-8c5a-11ed-821a-001a4aab830c-mon.smithi050[132084]: cephadm
2023-01-04T18:09:49.650831+0000 mgr.smithi050.emnywo (mgr.14114) 11 : cephadm [INF] Saving service mon spec with placement count:5
2023-01-04T18:09:51.421 INFO:journalctl@ceph.mon.smithi050.smithi050.stdout:Jan 04 18:09:51 smithi050 ceph-d98671da-8c5a-11ed-821a-001a4aab830c-mon.smithi050[132084]: audit
2023-01-04T18:09:50.795038+0000 mon.smithi050 (mon.0) 57 : audit [INF] from='mgr.14114 172.21.15.50:0/1748849826' entity='mgr.smithi050.emnywo'
2023-01-04T18:09:51.421 INFO:journalctl@ceph.mon.smithi050.smithi050.stdout:Jan 04 18:09:51 smithi050 ceph-d98671da-8c5a-11ed-821a-001a4aab830c-mon.smithi050[132084]: audit
2023-01-04T18:09:50.968702+0000 mon.smithi050 (mon.0) 58 : audit [INF] from='mgr.14114 172.21.15.50:0/1748849826' entity='mgr.smithi050.emnywo'
2023-01-04T18:09:51.421 INFO:journalctl@ceph.mon.smithi050.smithi050.stdout:Jan 04 18:09:51 smithi050 ceph-d98671da-8c5a-11ed-821a-001a4aab830c-mon.smithi050[132084]: audit
2023-01-04T18:09:51.132982+0000 mon.smithi050 (mon.0) 59 : audit [INF] from='mgr.14114 172.21.15.50:0/1748849826' entity='mgr.smithi050.emnywo'
2023-01-04T18:09:51.822 INFO:teuthology.orchestra.run.smithi050.stderr:/usr/bin/ceph:
2023-01-04T18:09:51.817+0000 7fcdc0bc4700 1 Processor -- start
2023-01-04T18:09:51.823 INFO:teuthology.orchestra.run.smithi050.stderr:/usr/bin/ceph:
2023-01-04T18:09:51.817+0000 7fcdc0bc4700 1 -- start start
2023-01-04T18:09:51.823 INFO:teuthology.orchestra.run.smithi050.stderr:/usr/bin/ceph:
2023-01-04T18:09:51.818+0000 7fcdc0bc4700 1 --2- >> [v2:172.21.15.50:3300/0,v1:172.21.15.50:6789/0] conn(0x7fcdbc06fc90 0x7fcdbc0fe7e0 unknown :-1 s=NONE pgs=0 cs=0 l=0 rev1=0 rx=0 tx=0).connect
2023-01-04T18:09:51.823 INFO:teuthology.orchestra.run.smithi050.stderr:/usr/bin/ceph:
2023-01-04T18:09:51.818+0000 7fcdc0bc4700 1 -- --> [v2:172.21.15.50:3300/0,v1:172.21.15.50:6789/0] -- mon_getmap magic: 0 v1 -- 0x7fcdbc0fed60 con 0x7fcdbc06fc90
2023-01-04T18:09:51.823 INFO:teuthology.orchestra.run.smithi050.stderr:/usr/bin/ceph:
2023-01-04T18:09:51.818+0000 7fcdba59c700 1 --2- >> [v2:172.21.15.50:3300/0,v1:172.21.15.50:6789/0] conn(0x7fcdbc06fc90 0x7fcdbc0fe7e0 unknown :-1 s=BANNER_CONNECTING pgs=0 cs=0 l=0 rev1=0 rx=0 tx=0)._handle_peer_banner_payload supported=1 required=0
2023-01-04T18:09:51.823 INFO:teuthology.orchestra.run.smithi050.stderr:/usr/bin/ceph:
2023-01-04T18:09:51.818+0000 7fcdba59c700 1 --2- >> [v2:172.21.15.50:3300/0,v1:172.21.15.50:6789/0] conn(0x7fcdbc06fc90 0x7fcdbc0fe7e0 unknown :-1 s=HELLO_CONNECTING pgs=0 cs=0 l=0 rev1=1 rx=0 tx=0).handle_hello peer v2:172.21.15.50:3300/0 says I am v2:172.21.15.50:60090/0 (socket says 172.21.15.50:60090)
2023-01-04T18:09:51.823 INFO:teuthology.orchestra.run.smithi050.stderr:/usr/bin/ceph:
2023-01-04T18:09:51.818+0000 7fcdba59c700 1 -- 172.21.15.50:0/892102931 learned_addr learned my addr 172.21.15.50:0/892102931 (peer_addr_for_me v2:172.21.15.50:0/0)
2023-01-04T18:09:51.823 INFO:teuthology.orchestra.run.smithi050.stderr:/usr/bin/ceph:
2023-01-04T18:09:51.818+0000 7fcdba59c700 1 -- 172.21.15.50:0/892102931 --> [v2:172.21.15.50:3300/0,v1:172.21.15.50:6789/0] -- mon_subscribe({config=0+,monmap=0+}) v3 -- 0x7fcdbc0feea0 con 0x7fcdbc06fc90
2023-01-04T18:09:51.823 INFO:teuthology.orchestra.run.smithi050.stderr:/usr/bin/ceph:
2023-01-04T18:09:51.818+0000 7fcdba59c700 1 --2- 172.21.15.50:0/892102931 >> [v2:172.21.15.50:3300/0,v1:172.21.15.50:6789/0] conn(0x7fcdbc06fc90 0x7fcdbc0fe7e0 secure :-1 s=READY pgs=43 cs=0 l=1 rev1=1 rx=0x7fcdac00b5f0 tx=0x7fcdac006ee0).ready entity=mon.0 client_cookie=6a458baa4e941264 server_cookie=0 in_seq=0 out_seq=0
2023-01-04T18:09:51.823 INFO:teuthology.orchestra.run.smithi050.stderr:/usr/bin/ceph:
2023-01-04T18:09:51.818+0000 7fcdb9d9b700 1 -- 172.21.15.50:0/892102931 <== mon.0 v2:172.21.15.50:3300/0 1 ==== mon_map magic: 0 v1 ==== 229+0+0 (secure 0 0 0) 0x7fcdac00d600 con 0x7fcdbc06fc90
2023-01-04T18:09:51.824 INFO:teuthology.orchestra.run.smithi050.stderr:/usr/bin/ceph:
2023-01-04T18:09:51.818+0000 7fcdb9d9b700 1 -- 172.21.15.50:0/892102931 <== mon.0 v2:172.21.15.50:3300/0 2 ==== config(25 keys) v1 ==== 1074+0+0 (secure 0 0 0) 0x7fcdac00dc10 con 0x7fcdbc06fc90
2023-01-04T18:09:51.824 INFO:teuthology.orchestra.run.smithi050.stderr:/usr/bin/ceph:
2023-01-04T18:09:51.818+0000 7fcdb9d9b700 1 -- 172.21.15.50:0/892102931 <== mon.0 v2:172.21.15.50:3300/0 3 ==== mon_map magic: 0 v1 ==== 229+0+0 (secure 0 0 0) 0x7fcdac011cd0 con 0x7fcdbc06fc90
2023-01-04T18:09:51.824 INFO:teuthology.orchestra.run.smithi050.stderr:/usr/bin/ceph:
2023-01-04T18:09:51.819+0000 7fcdc0bc4700 1 -- 172.21.15.50:0/892102931 >> [v2:172.21.15.50:3300/0,v1:172.21.15.50:6789/0] conn(0x7fcdbc06fc90 msgr2=0x7fcdbc0fe7e0 secure :-1 s=STATE_CONNECTION_ESTABLISHED l=1).mark_down
2023-01-04T18:09:51.824 INFO:teuthology.orchestra.run.smithi050.stderr:/usr/bin/ceph:
2023-01-04T18:09:51.819+0000 7fcdc0bc4700 1 --2- 172.21.15.50:0/892102931 >> [v2:172.21.15.50:3300/0,v1:172.21.15.50:6789/0] conn(0x7fcdbc06fc90 0x7fcdbc0fe7e0 secure :-1 s=READY pgs=43 cs=0 l=1 rev1=1 rx=0x7fcdac00b5f0 tx=0x7fcdac006ee0).stop
2023-01-04T18:09:51.824 INFO:teuthology.orchestra.run.smithi050.stderr:/usr/bin/ceph:
2023-01-04T18:09:51.819+0000 7fcdc0bc4700 1 -- 172.21.15.50:0/892102931 shutdown_connections
2023-01-04T18:09:51.824 INFO:teuthology.orchestra.run.smithi050.stderr:/usr/bin/ceph:
2023-01-04T18:09:51.819+0000 7fcdc0bc4700 1 --2- 172.21.15.50:0/892102931 >> [v2:172.21.15.50:3300/0,v1:172.21.15.50:6789/0] conn(0x7fcdbc06fc90 0x7fcdbc0fe7e0 unknown :-1 s=CLOSED pgs=43 cs=0 l=1 rev1=1 rx=0 tx=0).stop
2023-01-04T18:09:51.826 INFO:teuthology.orchestra.run.smithi050.stderr:/usr/bin/ceph:
2023-01-04T18:09:51.819+0000 7fcdc0bc4700 1 -- 172.21.15.50:0/892102931 >> 172.21.15.50:0/892102931 conn(0x7fcdbc0f6280 msgr2=0x7fcdbc0f86a0 unknown :-1 s=STATE_NONE l=0).mark_down
2023-01-04T18:09:51.827 INFO:teuthology.orchestra.run.smithi050.stderr:/usr/bin/ceph:
2023-01-04T18:09:51.819+0000 7fcdc0bc4700 1 -- 172.21.15.50:0/892102931 shutdown_connections
2023-01-04T18:09:51.827 INFO:teuthology.orchestra.run.smithi050.stderr:/usr/bin/ceph:
2023-01-04T18:09:51.819+0000 7fcdc0bc4700 1 -- 172.21.15.50:0/892102931 wait complete.
2023-01-04T18:09:51.827 INFO:teuthology.orchestra.run.smithi050.stderr:/usr/bin/ceph:
2023-01-04T18:09:51.820+0000 7fcdc0bc4700 1 Processor -- start
2023-01-04T18:09:51.827 INFO:teuthology.orchestra.run.smithi050.stderr:/usr/bin/ceph:
2023-01-04T18:09:51.820+0000 7fcdc0bc4700 1 -- start start
2023-01-04T18:09:51.827 INFO:teuthology.orchestra.run.smithi050.stderr:/usr/bin/ceph:
2023-01-04T18:09:51.820+0000 7fcdc0bc4700 1 --2- >> [v2:172.21.15.50:3300/0,v1:172.21.15.50:6789/0] conn(0x7fcdbc06fc90 0x7fcdbc10aa20 unknown :-1 s=NONE pgs=0 cs=0 l=1 rev1=0 rx=0 tx=0).connect
2023-01-04T18:09:51.827 INFO:teuthology.orchestra.run.smithi050.stderr:/usr/bin/ceph:
2023-01-04T18:09:51.820+0000 7fcdc0bc4700 1 -- --> [v2:172.21.15.50:3300/0,v1:172.21.15.50:6789/0] -- mon_getmap magic: 0 v1 -- 0x7fcdbc10af10 con 0x7fcdbc06fc90
2023-01-04T18:09:51.827 INFO:teuthology.orchestra.run.smithi050.stderr:/usr/bin/ceph:
2023-01-04T18:09:51.820+0000 7fcdba59c700 1 --2- >> [v2:172.21.15.50:3300/0,v1:172.21.15.50:6789/0] conn(0x7fcdbc06fc90 0x7fcdbc10aa20 unknown :-1 s=BANNER_CONNECTING pgs=0 cs=0 l=1 rev1=0 rx=0 tx=0)._handle_peer_banner_payload supported=1 required=0
2023-01-04T18:09:51.827 INFO:teuthology.orchestra.run.smithi050.stderr:/usr/bin/ceph:
2023-01-04T18:09:51.820+0000 7fcdba59c700 1 --2- >> [v2:172.21.15.50:3300/0,v1:172.21.15.50:6789/0] conn(0x7fcdbc06fc90 0x7fcdbc10aa20 unknown :-1 s=HELLO_CONNECTING pgs=0 cs=0 l=1 rev1=1 rx=0 tx=0).handle_hello peer v2:172.21.15.50:3300/0 says I am v2:172.21.15.50:60092/0 (socket says 172.21.15.50:60092)
2023-01-04T18:09:51.827 INFO:teuthology.orchestra.run.smithi050.stderr:/usr/bin/ceph:
2023-01-04T18:09:51.820+0000 7fcdba59c700 1 -- 172.21.15.50:0/2358318984 learned_addr learned my addr 172.21.15.50:0/2358318984 (peer_addr_for_me v2:172.21.15.50:0/0)
2023-01-04T18:09:51.827 INFO:teuthology.orchestra.run.smithi050.stderr:/usr/bin/ceph:
2023-01-04T18:09:51.821+0000 7fcdba59c700 1 -- 172.21.15.50:0/2358318984 --> [v2:172.21.15.50:3300/0,v1:172.21.15.50:6789/0] -- mon_subscribe({config=0+,monmap=0+}) v3 -- 0x7fcdac00b200 con 0x7fcdbc06fc90
2023-01-04T18:09:51.827 INFO:teuthology.orchestra.run.smithi050.stderr:/usr/bin/ceph:
2023-01-04T18:09:51.821+0000 7fcdba59c700 1 --2- 172.21.15.50:0/2358318984 >> [v2:172.21.15.50:3300/0,v1:172.21.15.50:6789/0] conn(0x7fcdbc06fc90 0x7fcdbc10aa20 secure :-1 s=READY pgs=44 cs=0 l=1 rev1=1 rx=0x7fcdac00dfb0 tx=0x7fcdac006ee0).ready entity=mon.0 client_cookie=0 server_cookie=0 in_seq=0 out_seq=0
2023-01-04T18:09:51.828 INFO:teuthology.orchestra.run.smithi050.stderr:/usr/bin/ceph:
2023-01-04T18:09:51.821+0000 7fcdb37fe700 1 -- 172.21.15.50:0/2358318984 <== mon.0 v2:172.21.15.50:3300/0 1 ==== mon_map magic: 0 v1 ==== 229+0+0 (secure 0 0 0) 0x7fcdac011df0 con 0x7fcdbc06fc90
2023-01-04T18:09:51.828 INFO:teuthology.orchestra.run.smithi050.stderr:/usr/bin/ceph:
2023-01-04T18:09:51.821+0000 7fcdc0bc4700 1 -- 172.21.15.50:0/2358318984 --> [v2:172.21.15.50:3300/0,v1:172.21.15.50:6789/0] -- mon_subscribe({mgrmap=0+}) v3 -- 0x7fcdbc10b110 con 0x7fcdbc06fc90
2023-01-04T18:09:51.828 INFO:teuthology.orchestra.run.smithi050.stderr:/usr/bin/ceph:
2023-01-04T18:09:51.821+0000 7fcdb37fe700 1 -- 172.21.15.50:0/2358318984 <== mon.0 v2:172.21.15.50:3300/0 2 ==== config(25 keys) v1 ==== 1074+0+0 (secure 0 0 0) 0x7fcdac01b8c0 con 0x7fcdbc06fc90
2023-01-04T18:09:51.828 INFO:teuthology.orchestra.run.smithi050.stderr:/usr/bin/ceph:
2023-01-04T18:09:51.821+0000 7fcdb37fe700 1 -- 172.21.15.50:0/2358318984 <== mon.0 v2:172.21.15.50:3300/0 3 ==== mon_map magic: 0 v1 ==== 229+0+0 (secure 0 0 0) 0x7fcdac01a7c0 con 0x7fcdbc06fc90
2023-01-04T18:09:51.828 INFO:teuthology.orchestra.run.smithi050.stderr:/usr/bin/ceph:
2023-01-04T18:09:51.821+0000 7fcdc0bc4700 1 -- 172.21.15.50:0/2358318984 --> [v2:172.21.15.50:3300/0,v1:172.21.15.50:6789/0] -- mon_subscribe({osdmap=0}) v3 -- 0x7fcdbc10b520 con 0x7fcdbc06fc90
2023-01-04T18:09:51.828 INFO:teuthology.orchestra.run.smithi050.stderr:/usr/bin/ceph:
2023-01-04T18:09:51.822+0000 7fcdb37fe700 1 -- 172.21.15.50:0/2358318984 <== mon.0 v2:172.21.15.50:3300/0 4 ==== mgrmap(e 8) v1 ==== 36120+0+0 (secure 0 0 0) 0x7fcdac00f070 con 0x7fcdbc06fc90
2023-01-04T18:09:51.828 INFO:teuthology.orchestra.run.smithi050.stderr:/usr/bin/ceph:
2023-01-04T18:09:51.822+0000 7fcdb37fe700 1 --2- 172.21.15.50:0/2358318984 >> [v2:172.21.15.50:6800/3751193798,v1:172.21.15.50:6801/3751193798] conn(0x7fcd9c02fd50 0x7fcd9c032210 unknown :-1 s=NONE pgs=0 cs=0 l=1 rev1=0 rx=0 tx=0).connect
2023-01-04T18:09:51.828 INFO:teuthology.orchestra.run.smithi050.stderr:/usr/bin/ceph:
2023-01-04T18:09:51.822+0000 7fcdb37fe700 1 -- 172.21.15.50:0/2358318984 <== mon.0 v2:172.21.15.50:3300/0 5 ==== osd_map(2..2 src has 1..2) v4 ==== 926+0+0 (secure 0 0 0) 0x7fcdac040ff0 con 0x7fcdbc06fc90
2023-01-04T18:09:51.828 INFO:teuthology.orchestra.run.smithi050.stderr:/usr/bin/ceph:
2023-01-04T18:09:51.822+0000 7fcdb1d9b700 1 --2- 172.21.15.50:0/2358318984 >> [v2:172.21.15.50:6800/3751193798,v1:172.21.15.50:6801/3751193798] conn(0x7fcd9c02fd50 0x7fcd9c032210 unknown :-1 s=BANNER_CONNECTING pgs=0 cs=0 l=1 rev1=0 rx=0 tx=0)._handle_peer_banner_payload supported=1 required=0
2023-01-04T18:09:51.828 INFO:teuthology.orchestra.run.smithi050.stderr:/usr/bin/ceph:
2023-01-04T18:09:51.822+0000 7fcdc0bc4700 1 -- 172.21.15.50:0/2358318984 --> [v2:172.21.15.50:3300/0,v1:172.21.15.50:6789/0] -- mon_command({"prefix": "get_command_descriptions"} v 0) v1 -- 0x7fcdbc059100 con 0x7fcdbc06fc90
2023-01-04T18:09:51.828 INFO:teuthology.orchestra.run.smithi050.stderr:/usr/bin/ceph:
2023-01-04T18:09:51.823+0000 7fcdb1d9b700 1 --2- 172.21.15.50:0/2358318984 >> [v2:172.21.15.50:6800/3751193798,v1:172.21.15.50:6801/3751193798] conn(0x7fcd9c02fd50 0x7fcd9c032210 secure :-1 s=READY pgs=13 cs=0 l=1 rev1=1 rx=0x7fcda40096a0 tx=0x7fcda4006b40).ready entity=mgr.14114 client_cookie=0 server_cookie=0 in_seq=0 out_seq=0
2023-01-04T18:09:51.829 INFO:teuthology.orchestra.run.smithi050.stderr:/usr/bin/ceph:
2023-01-04T18:09:51.826+0000 7fcdb37fe700 1 -- 172.21.15.50:0/2358318984 <== mon.0 v2:172.21.15.50:3300/0 6 ==== mon_command_ack([{"prefix": "get_command_descriptions"}]=0 v0) v1 ==== 72+0+152212 (secure 0 0 0) 0x7fcdac016070 con 0x7fcdbc06fc90
2023-01-04T18:09:52.034 INFO:teuthology.orchestra.run.smithi050.stderr:/usr/bin/ceph:
2023-01-04T18:09:52.031+0000 7fcdc0bc4700 1 -- 172.21.15.50:0/2358318984 --> [v2:172.21.15.50:6800/3751193798,v1:172.21.15.50:6801/3751193798] -- mgr_command(tid 0: {"prefix": "orch apply", "service_type": "crash", "target": ["mon-mgr", ""]}) v1 -- 0x7fcdbc104960 con 0x7fcd9c02fd50
2023-01-04T18:09:52.038 INFO:teuthology.orchestra.run.smithi050.stderr:/usr/bin/ceph:
2023-01-04T18:09:52.034+0000 7fcdb37fe700 1 -- 172.21.15.50:0/2358318984 <== mgr.14114 v2:172.21.15.50:6800/3751193798 1 ==== mgr_command_reply(tid 0: 0 ) v1 ==== 8+0+26 (secure 0 0 0) 0x7fcdbc104960 con 0x7fcd9c02fd50
2023-01-04T18:09:52.038 INFO:teuthology.orchestra.run.smithi050.stderr:/usr/bin/ceph: Scheduled crash update...
2023-01-04T18:09:52.040 INFO:teuthology.orchestra.run.smithi050.stderr:/usr/bin/ceph:
2023-01-04T18:09:52.036+0000 7fcdc0bc4700 1 -- 172.21.15.50:0/2358318984 >> [v2:172.21.15.50:6800/3751193798,v1:172.21.15.50:6801/3751193798] conn(0x7fcd9c02fd50 msgr2=0x7fcd9c032210 secure :-1 s=STATE_CONNECTION_ESTABLISHED l=1).mark_down
2023-01-04T18:09:52.041 INFO:teuthology.orchestra.run.smithi050.stderr:/usr/bin/ceph:
2023-01-04T18:09:52.036+0000 7fcdc0bc4700 1 --2- 172.21.15.50:0/2358318984 >> [v2:172.21.15.50:6800/3751193798,v1:172.21.15.50:6801/3751193798] conn(0x7fcd9c02fd50 0x7fcd9c032210 secure :-1 s=READY pgs=13 cs=0 l=1 rev1=1 rx=0x7fcda40096a0 tx=0x7fcda4006b40).stop
2023-01-04T18:09:52.041 INFO:teuthology.orchestra.run.smithi050.stderr:/usr/bin/ceph:
2023-01-04T18:09:52.036+0000 7fcdc0bc4700 1 -- 172.21.15.50:0/2358318984 >> [v2:172.21.15.50:3300/0,v1:172.21.15.50:6789/0] conn(0x7fcdbc06fc90 msgr2=0x7fcdbc10aa20 secure :-1 s=STATE_CONNECTION_ESTABLISHED l=1).mark_down
2023-01-04T18:09:52.041 INFO:teuthology.orchestra.run.smithi050.stderr:/usr/bin/ceph:
2023-01-04T18:09:52.036+0000 7fcdc0bc4700 1 --2- 172.21.15.50:0/2358318984 >> [v2:172.21.15.50:3300/0,v1:172.21.15.50:6789/0] conn(0x7fcdbc06fc90 0x7fcdbc10aa20 secure :-1 s=READY pgs=44 cs=0 l=1 rev1=1 rx=0x7fcdac00dfb0 tx=0x7fcdac006ee0).stop
2023-01-04T18:09:52.041 INFO:teuthology.orchestra.run.smithi050.stderr:/usr/bin/ceph:
2023-01-04T18:09:52.037+0000 7fcdc0bc4700 1 -- 172.21.15.50:0/2358318984 shutdown_connections
2023-01-04T18:09:52.041 INFO:teuthology.orchestra.run.smithi050.stderr:/usr/bin/ceph:
2023-01-04T18:09:52.037+0000 7fcdc0bc4700 1 --2- 172.21.15.50:0/2358318984 >> [v2:172.21.15.50:6800/3751193798,v1:172.21.15.50:6801/3751193798] conn(0x7fcd9c02fd50 0x7fcd9c032210 unknown :-1 s=CLOSED pgs=13 cs=0 l=1 rev1=1 rx=0 tx=0).stop
2023-01-04T18:09:52.041 INFO:teuthology.orchestra.run.smithi050.stderr:/usr/bin/ceph:
2023-01-04T18:09:52.037+0000 7fcdc0bc4700 1 --2- 172.21.15.50:0/2358318984 >> [v2:172.21.15.50:3300/0,v1:172.21.15.50:6789/0] conn(0x7fcdbc06fc90 0x7fcdbc10aa20 unknown :-1 s=CLOSED pgs=44 cs=0 l=1 rev1=1 rx=0 tx=0).stop
2023-01-04T18:09:52.041 INFO:teuthology.orchestra.run.smithi050.stderr:/usr/bin/ceph:
2023-01-04T18:09:52.037+0000 7fcdc0bc4700 1 -- 172.21.15.50:0/2358318984 >> 172.21.15.50:0/2358318984 conn(0x7fcdbc0f6280 msgr2=0x7fcdbc0f7e60 unknown :-1 s=STATE_NONE l=0).mark_down
2023-01-04T18:09:52.041 INFO:teuthology.orchestra.run.smithi050.stderr:/usr/bin/ceph:
2023-01-04T18:09:52.037+0000 7fcdc0bc4700 1 -- 172.21.15.50:0/2358318984 shutdown_connections
2023-01-04T18:09:52.041 INFO:teuthology.orchestra.run.smithi050.stderr:/usr/bin/ceph:
2023-01-04T18:09:52.037+0000 7fcdc0bc4700 1 -- 172.21.15.50:0/2358318984 wait complete.
2023-01-04T18:09:52.524 INFO:teuthology.orchestra.run.smithi050.stderr:Enabling mgr prometheus module...
2023-01-04T18:09:52.524 INFO:teuthology.orchestra.run.smithi050.stderr:Running command: /bin/podman run --rm --ipc=host --no-hosts --net=host --entrypoint /usr/bin/ceph --init -e CONTAINER_IMAGE=docker.io/ceph/ceph:v16.2.4 -e NODE_NAME=smithi050 -e CEPH_USE_RANDOM_NONCE=1 -v /var/log/ceph/d98671da-8c5a-11ed-821a-001a4aab830c:/var/log/ceph:z -v /tmp/ceph-tmphq0e1x6f:/etc/ceph/ceph.client.admin.keyring:z -v /tmp/ceph-tmpccxsaw_n:/etc/ceph/ceph.conf:z docker.io/ceph/ceph:v16.2.4 mgr module enable prometheus
2023-01-04T18:09:52.527 INFO:journalctl@ceph.mon.smithi050.smithi050.stdout:Jan 04 18:09:52 smithi050 ceph-d98671da-8c5a-11ed-821a-001a4aab830c-mon.smithi050[132084]: audit
2023-01-04T18:09:50.965830+0000 mgr.smithi050.emnywo (mgr.14114) 12 : audit [DBG] from='client.14136 -' entity='client.admin' cmd=[{"prefix": "orch apply", "service_type": "mgr", "target": ["mon-mgr", ""]}]: dispatch
2023-01-04T18:09:52.527 INFO:journalctl@ceph.mon.smithi050.smithi050.stdout:Jan 04 18:09:52 smithi050 ceph-d98671da-8c5a-11ed-821a-001a4aab830c-mon.smithi050[132084]: cephadm
2023-01-04T18:09:50.966397+0000 mgr.smithi050.emnywo (mgr.14114) 13 : cephadm [INF] Saving service mgr spec with placement count:2
2023-01-04T18:09:52.527 INFO:journalctl@ceph.mon.smithi050.smithi050.stdout:Jan 04 18:09:52 smithi050 ceph-d98671da-8c5a-11ed-821a-001a4aab830c-mon.smithi050[132084]: audit
2023-01-04T18:09:52.035886+0000 mon.smithi050 (mon.0) 60 : audit [INF] from='mgr.14114 172.21.15.50:0/1748849826' entity='mgr.smithi050.emnywo'
2023-01-04T18:09:53.039 INFO:teuthology.orchestra.run.smithi050.stderr:/usr/bin/ceph:
2023-01-04T18:09:53.035+0000 7f993eb0d700 1 Processor -- start
2023-01-04T18:09:53.040 INFO:teuthology.orchestra.run.smithi050.stderr:/usr/bin/ceph:
2023-01-04T18:09:53.035+0000 7f993eb0d700 1 -- start start
2023-01-04T18:09:53.040 INFO:teuthology.orchestra.run.smithi050.stderr:/usr/bin/ceph:
2023-01-04T18:09:53.035+0000 7f993eb0d700 1 --2- >> [v2:172.21.15.50:3300/0,v1:172.21.15.50:6789/0] conn(0x7f993806fc90 0x7f99380fe7e0 unknown :-1 s=NONE pgs=0 cs=0 l=0 rev1=0 rx=0 tx=0).connect
2023-01-04T18:09:53.040 INFO:teuthology.orchestra.run.smithi050.stderr:/usr/bin/ceph:
2023-01-04T18:09:53.035+0000 7f993eb0d700 1 -- --> [v2:172.21.15.50:3300/0,v1:172.21.15.50:6789/0] -- mon_getmap magic: 0 v1 -- 0x7f99380fed60 con 0x7f993806fc90
2023-01-04T18:09:53.040 INFO:teuthology.orchestra.run.smithi050.stderr:/usr/bin/ceph:
2023-01-04T18:09:53.035+0000 7f993c8a9700 1 --2- >> [v2:172.21.15.50:3300/0,v1:172.21.15.50:6789/0] conn(0x7f993806fc90 0x7f99380fe7e0 unknown :-1 s=BANNER_CONNECTING pgs=0 cs=0 l=0 rev1=0 rx=0 tx=0)._handle_peer_banner_payload supported=1 required=0
2023-01-04T18:09:53.040 INFO:teuthology.orchestra.run.smithi050.stderr:/usr/bin/ceph:
2023-01-04T18:09:53.035+0000 7f993c8a9700 1 --2- >> [v2:172.21.15.50:3300/0,v1:172.21.15.50:6789/0] conn(0x7f993806fc90 0x7f99380fe7e0 unknown :-1 s=HELLO_CONNECTING pgs=0 cs=0 l=0 rev1=1 rx=0 tx=0).handle_hello peer v2:172.21.15.50:3300/0 says I am v2:172.21.15.50:60104/0 (socket says 172.21.15.50:60104)
2023-01-04T18:09:53.040 INFO:teuthology.orchestra.run.smithi050.stderr:/usr/bin/ceph:
2023-01-04T18:09:53.035+0000 7f993c8a9700 1 -- 172.21.15.50:0/26834215 learned_addr learned my addr 172.21.15.50:0/26834215 (peer_addr_for_me v2:172.21.15.50:0/0)
2023-01-04T18:09:53.040 INFO:teuthology.orchestra.run.smithi050.stderr:/usr/bin/ceph:
2023-01-04T18:09:53.036+0000 7f993c8a9700 1 -- 172.21.15.50:0/26834215 --> [v2:172.21.15.50:3300/0,v1:172.21.15.50:6789/0] -- mon_subscribe({config=0+,monmap=0+}) v3 -- 0x7f99380feea0 con 0x7f993806fc90
2023-01-04T18:09:53.040 INFO:teuthology.orchestra.run.smithi050.stderr:/usr/bin/ceph:
2023-01-04T18:09:53.036+0000 7f993c8a9700 1 --2- 172.21.15.50:0/26834215 >> [v2:172.21.15.50:3300/0,v1:172.21.15.50:6789/0] conn(0x7f993806fc90 0x7f99380fe7e0 secure :-1 s=READY pgs=45 cs=0 l=1 rev1=1 rx=0x7f992c00b5f0 tx=0x7f992c006ee0).ready entity=mon.0 client_cookie=905671f0754d609e server_cookie=0 in_seq=0 out_seq=0
2023-01-04T18:09:53.040 INFO:teuthology.orchestra.run.smithi050.stderr:/usr/bin/ceph:
2023-01-04T18:09:53.036+0000 7f99377fe700 1 -- 172.21.15.50:0/26834215 <== mon.0 v2:172.21.15.50:3300/0 1 ==== mon_map magic: 0 v1 ==== 229+0+0 (secure 0 0 0) 0x7f992c00d600 con 0x7f993806fc90
2023-01-04T18:09:53.043 INFO:teuthology.orchestra.run.smithi050.stderr:/usr/bin/ceph:
2023-01-04T18:09:53.036+0000 7f99377fe700 1 -- 172.21.15.50:0/26834215 <== mon.0 v2:172.21.15.50:3300/0 2 ==== config(25 keys) v1 ==== 1074+0+0 (secure 0 0 0) 0x7f992c00dc10 con 0x7f993806fc90
2023-01-04T18:09:53.043 INFO:teuthology.orchestra.run.smithi050.stderr:/usr/bin/ceph:
2023-01-04T18:09:53.036+0000 7f99377fe700 1 -- 172.21.15.50:0/26834215 <== mon.0 v2:172.21.15.50:3300/0 3 ==== mon_map magic: 0 v1 ==== 229+0+0 (secure 0 0 0) 0x7f992c011cd0 con 0x7f993806fc90
2023-01-04T18:09:53.043 INFO:teuthology.orchestra.run.smithi050.stderr:/usr/bin/ceph:
2023-01-04T18:09:53.036+0000 7f993eb0d700 1 -- 172.21.15.50:0/26834215 >> [v2:172.21.15.50:3300/0,v1:172.21.15.50:6789/0] conn(0x7f993806fc90 msgr2=0x7f99380fe7e0 secure :-1 s=STATE_CONNECTION_ESTABLISHED l=1).mark_down
2023-01-04T18:09:53.044 INFO:teuthology.orchestra.run.smithi050.stderr:/usr/bin/ceph:
2023-01-04T18:09:53.036+0000 7f993eb0d700 1 --2- 172.21.15.50:0/26834215 >> [v2:172.21.15.50:3300/0,v1:172.21.15.50:6789/0] conn(0x7f993806fc90 0x7f99380fe7e0 secure :-1 s=READY pgs=45 cs=0 l=1 rev1=1 rx=0x7f992c00b5f0 tx=0x7f992c006ee0).stop
2023-01-04T18:09:53.044 INFO:teuthology.orchestra.run.smithi050.stderr:/usr/bin/ceph:
2023-01-04T18:09:53.036+0000 7f993eb0d700 1 -- 172.21.15.50:0/26834215 shutdown_connections
2023-01-04T18:09:53.044 INFO:teuthology.orchestra.run.smithi050.stderr:/usr/bin/ceph:
2023-01-04T18:09:53.037+0000 7f993eb0d700 1 --2- 172.21.15.50:0/26834215 >> [v2:172.21.15.50:3300/0,v1:172.21.15.50:6789/0] conn(0x7f993806fc90 0x7f99380fe7e0 unknown :-1 s=CLOSED pgs=45 cs=0 l=1 rev1=1 rx=0 tx=0).stop
2023-01-04T18:09:53.044 INFO:teuthology.orchestra.run.smithi050.stderr:/usr/bin/ceph:
2023-01-04T18:09:53.037+0000 7f993eb0d700 1 -- 172.21.15.50:0/26834215 >> 172.21.15.50:0/26834215 conn(0x7f99380f6280 msgr2=0x7f99380f86a0 unknown :-1 s=STATE_NONE l=0).mark_down
2023-01-04T18:09:53.044 INFO:teuthology.orchestra.run.smithi050.stderr:/usr/bin/ceph:
2023-01-04T18:09:53.037+0000 7f993eb0d700 1 -- 172.21.15.50:0/26834215 shutdown_connections
2023-01-04T18:09:53.044 INFO:teuthology.orchestra.run.smithi050.stderr:/usr/bin/ceph:
2023-01-04T18:09:53.037+0000 7f993eb0d700 1 -- 172.21.15.50:0/26834215 wait complete.
2023-01-04T18:09:53.044 INFO:teuthology.orchestra.run.smithi050.stderr:/usr/bin/ceph:
2023-01-04T18:09:53.037+0000 7f993eb0d700 1 Processor -- start
2023-01-04T18:09:53.044 INFO:teuthology.orchestra.run.smithi050.stderr:/usr/bin/ceph:
2023-01-04T18:09:53.037+0000 7f993eb0d700 1 -- start start
2023-01-04T18:09:53.044 INFO:teuthology.orchestra.run.smithi050.stderr:/usr/bin/ceph:
2023-01-04T18:09:53.038+0000 7f993eb0d700 1 --2- >> [v2:172.21.15.50:3300/0,v1:172.21.15.50:6789/0] conn(0x7f993806fc90 0x7f99380fc260 unknown :-1 s=NONE pgs=0 cs=0 l=1 rev1=0 rx=0 tx=0).connect
2023-01-04T18:09:53.044 INFO:teuthology.orchestra.run.smithi050.stderr:/usr/bin/ceph:
2023-01-04T18:09:53.038+0000 7f993eb0d700 1 -- --> [v2:172.21.15.50:3300/0,v1:172.21.15.50:6789/0] -- mon_getmap magic: 0 v1 -- 0x7f99380fa6e0 con 0x7f993806fc90
2023-01-04T18:09:53.044 INFO:teuthology.orchestra.run.smithi050.stderr:/usr/bin/ceph:
2023-01-04T18:09:53.038+0000 7f993c8a9700 1 --2- >> [v2:172.21.15.50:3300/0,v1:172.21.15.50:6789/0] conn(0x7f993806fc90 0x7f99380fc260 unknown :-1 s=BANNER_CONNECTING pgs=0 cs=0 l=1 rev1=0 rx=0 tx=0)._handle_peer_banner_payload supported=1 required=0
2023-01-04T18:09:53.045 INFO:teuthology.orchestra.run.smithi050.stderr:/usr/bin/ceph:
2023-01-04T18:09:53.038+0000 7f993c8a9700 1 --2- >> [v2:172.21.15.50:3300/0,v1:172.21.15.50:6789/0] conn(0x7f993806fc90 0x7f99380fc260 unknown :-1 s=HELLO_CONNECTING pgs=0 cs=0 l=1 rev1=1 rx=0 tx=0).handle_hello peer v2:172.21.15.50:3300/0 says I am v2:172.21.15.50:60110/0 (socket says 172.21.15.50:60110)
2023-01-04T18:09:53.045 INFO:teuthology.orchestra.run.smithi050.stderr:/usr/bin/ceph:
2023-01-04T18:09:53.038+0000 7f993c8a9700 1 -- 172.21.15.50:0/1821187694 learned_addr learned my addr 172.21.15.50:0/1821187694 (peer_addr_for_me v2:172.21.15.50:0/0)
2023-01-04T18:09:53.045 INFO:teuthology.orchestra.run.smithi050.stderr:/usr/bin/ceph:
2023-01-04T18:09:53.038+0000 7f993c8a9700 1 -- 172.21.15.50:0/1821187694 --> [v2:172.21.15.50:3300/0,v1:172.21.15.50:6789/0] -- mon_subscribe({config=0+,monmap=0+}) v3 -- 0x7f992c00b200 con 0x7f993806fc90
2023-01-04T18:09:53.045 INFO:teuthology.orchestra.run.smithi050.stderr:/usr/bin/ceph:
2023-01-04T18:09:53.038+0000 7f993c8a9700 1 --2- 172.21.15.50:0/1821187694 >> [v2:172.21.15.50:3300/0,v1:172.21.15.50:6789/0] conn(0x7f993806fc90 0x7f99380fc260 secure :-1 s=READY pgs=46 cs=0 l=1 rev1=1 rx=0x7f992c006cb0 tx=0x7f992c006ee0).ready entity=mon.0 client_cookie=0 server_cookie=0 in_seq=0 out_seq=0
2023-01-04T18:09:53.045 INFO:teuthology.orchestra.run.smithi050.stderr:/usr/bin/ceph:
2023-01-04T18:09:53.038+0000 7f99357fa700 1 -- 172.21.15.50:0/1821187694 <== mon.0 v2:172.21.15.50:3300/0 1 ==== mon_map magic: 0 v1 ==== 229+0+0 (secure 0 0 0) 0x7f992c011df0 con 0x7f993806fc90
2023-01-04T18:09:53.045 INFO:teuthology.orchestra.run.smithi050.stderr:/usr/bin/ceph:
2023-01-04T18:09:53.038+0000 7f99357fa700 1 -- 172.21.15.50:0/1821187694 <== mon.0 v2:172.21.15.50:3300/0 2 ==== config(25 keys) v1 ==== 1074+0+0 (secure 0 0 0) 0x7f992c01b8c0 con 0x7f993806fc90
2023-01-04T18:09:53.045 INFO:teuthology.orchestra.run.smithi050.stderr:/usr/bin/ceph:
