2023-01-04T18:09:29.571 INFO:teuthology.orchestra.run.smithi050.stderr:/usr/bin/ceph:
2023-01-04T18:09:29.567+0000 7fb33ffff700 1 -- 172.21.15.50:0/730680598 <== mon.0 v2:172.21.15.50:3300/0 3 ==== mon_map magic: 0 v1 ==== 229+0+0 (secure 0 0 0) 0x7fb34c011c30 con 0x7fb35006fbf0
2023-01-04T18:09:29.571 INFO:teuthology.orchestra.run.smithi050.stderr:/usr/bin/ceph:
2023-01-04T18:09:29.567+0000 7fb356043700 1 -- 172.21.15.50:0/730680598 >> [v2:172.21.15.50:3300/0,v1:172.21.15.50:6789/0] conn(0x7fb35006fbf0 msgr2=0x7fb350100a90 secure :-1 s=STATE_CONNECTION_ESTABLISHED l=1).mark_down
2023-01-04T18:09:29.571 INFO:teuthology.orchestra.run.smithi050.stderr:/usr/bin/ceph:
2023-01-04T18:09:29.567+0000 7fb356043700 1 --2- 172.21.15.50:0/730680598 >> [v2:172.21.15.50:3300/0,v1:172.21.15.50:6789/0] conn(0x7fb35006fbf0 0x7fb350100a90 secure :-1 s=READY pgs=16 cs=0 l=1 rev1=1 rx=0x7fb34c00b5f0 tx=0x7fb34c006ee0).stop
2023-01-04T18:09:29.572 INFO:teuthology.orchestra.run.smithi050.stderr:/usr/bin/ceph:
2023-01-04T18:09:29.567+0000 7fb356043700 1 -- 172.21.15.50:0/730680598 shutdown_connections
2023-01-04T18:09:29.572 INFO:teuthology.orchestra.run.smithi050.stderr:/usr/bin/ceph:
2023-01-04T18:09:29.567+0000 7fb356043700 1 --2- 172.21.15.50:0/730680598 >> [v2:172.21.15.50:3300/0,v1:172.21.15.50:6789/0] conn(0x7fb35006fbf0 0x7fb350100a90 unknown :-1 s=CLOSED pgs=16 cs=0 l=1 rev1=1 rx=0 tx=0).stop
2023-01-04T18:09:29.572 INFO:teuthology.orchestra.run.smithi050.stderr:/usr/bin/ceph:
2023-01-04T18:09:29.567+0000 7fb356043700 1 -- 172.21.15.50:0/730680598 >> 172.21.15.50:0/730680598 conn(0x7fb3500f6130 msgr2=0x7fb3500f8550 unknown :-1 s=STATE_NONE l=0).mark_down
2023-01-04T18:09:29.572 INFO:teuthology.orchestra.run.smithi050.stderr:/usr/bin/ceph:
2023-01-04T18:09:29.567+0000 7fb356043700 1 -- 172.21.15.50:0/730680598 shutdown_connections
2023-01-04T18:09:29.572 INFO:teuthology.orchestra.run.smithi050.stderr:/usr/bin/ceph:
2023-01-04T18:09:29.567+0000 7fb356043700 1 -- 172.21.15.50:0/730680598 wait complete.
2023-01-04T18:09:29.572 INFO:teuthology.orchestra.run.smithi050.stderr:/usr/bin/ceph:
2023-01-04T18:09:29.568+0000 7fb356043700 1 Processor -- start
2023-01-04T18:09:29.572 INFO:teuthology.orchestra.run.smithi050.stderr:/usr/bin/ceph:
2023-01-04T18:09:29.568+0000 7fb356043700 1 -- start start
2023-01-04T18:09:29.572 INFO:teuthology.orchestra.run.smithi050.stderr:/usr/bin/ceph:
2023-01-04T18:09:29.568+0000 7fb356043700 1 --2- >> [v2:172.21.15.50:3300/0,v1:172.21.15.50:6789/0] conn(0x7fb35006fbf0 0x7fb35010c960 unknown :-1 s=NONE pgs=0 cs=0 l=1 rev1=0 rx=0 tx=0).connect
2023-01-04T18:09:29.572 INFO:teuthology.orchestra.run.smithi050.stderr:/usr/bin/ceph:
2023-01-04T18:09:29.568+0000 7fb356043700 1 -- --> [v2:172.21.15.50:3300/0,v1:172.21.15.50:6789/0] -- mon_getmap magic: 0 v1 -- 0x7fb35010ce50 con 0x7fb35006fbf0
2023-01-04T18:09:29.574 INFO:teuthology.orchestra.run.smithi050.stderr:/usr/bin/ceph:
2023-01-04T18:09:29.568+0000 7fb355041700 1 --2- >> [v2:172.21.15.50:3300/0,v1:172.21.15.50:6789/0] conn(0x7fb35006fbf0 0x7fb35010c960 unknown :-1 s=BANNER_CONNECTING pgs=0 cs=0 l=1 rev1=0 rx=0 tx=0)._handle_peer_banner_payload supported=1 required=0
2023-01-04T18:09:29.574 INFO:teuthology.orchestra.run.smithi050.stderr:/usr/bin/ceph:
2023-01-04T18:09:29.568+0000 7fb355041700 1 --2- >> [v2:172.21.15.50:3300/0,v1:172.21.15.50:6789/0] conn(0x7fb35006fbf0 0x7fb35010c960 unknown :-1 s=HELLO_CONNECTING pgs=0 cs=0 l=1 rev1=1 rx=0 tx=0).handle_hello peer v2:172.21.15.50:3300/0 says I am v2:172.21.15.50:43384/0 (socket says 172.21.15.50:43384)
2023-01-04T18:09:29.574 INFO:teuthology.orchestra.run.smithi050.stderr:/usr/bin/ceph:
2023-01-04T18:09:29.568+0000 7fb355041700 1 -- 172.21.15.50:0/4070389780 learned_addr learned my addr 172.21.15.50:0/4070389780 (peer_addr_for_me v2:172.21.15.50:0/0)
2023-01-04T18:09:29.575 INFO:teuthology.orchestra.run.smithi050.stderr:/usr/bin/ceph:
2023-01-04T18:09:29.569+0000 7fb355041700 1 -- 172.21.15.50:0/4070389780 --> [v2:172.21.15.50:3300/0,v1:172.21.15.50:6789/0] -- mon_subscribe({config=0+,monmap=0+}) v3 -- 0x7fb34c00b200 con 0x7fb35006fbf0
2023-01-04T18:09:29.575 INFO:teuthology.orchestra.run.smithi050.stderr:/usr/bin/ceph:
2023-01-04T18:09:29.569+0000 7fb355041700 1 --2- 172.21.15.50:0/4070389780 >> [v2:172.21.15.50:3300/0,v1:172.21.15.50:6789/0] conn(0x7fb35006fbf0 0x7fb35010c960 secure :-1 s=READY pgs=17 cs=0 l=1 rev1=1 rx=0x7fb34c011850 tx=0x7fb34c006ee0).ready entity=mon.0 client_cookie=0 server_cookie=0 in_seq=0 out_seq=0
2023-01-04T18:09:29.575 INFO:teuthology.orchestra.run.smithi050.stderr:/usr/bin/ceph:
2023-01-04T18:09:29.569+0000 7fb33dffb700 1 -- 172.21.15.50:0/4070389780 <== mon.0 v2:172.21.15.50:3300/0 1 ==== mon_map magic: 0 v1 ==== 229+0+0 (secure 0 0 0) 0x7fb34c01b570 con 0x7fb35006fbf0
2023-01-04T18:09:29.575 INFO:teuthology.orchestra.run.smithi050.stderr:/usr/bin/ceph:
2023-01-04T18:09:29.569+0000 7fb356043700 1 -- 172.21.15.50:0/4070389780 --> [v2:172.21.15.50:3300/0,v1:172.21.15.50:6789/0] -- mon_subscribe({mgrmap=0+}) v3 -- 0x7fb35010d050 con 0x7fb35006fbf0
2023-01-04T18:09:29.575 INFO:teuthology.orchestra.run.smithi050.stderr:/usr/bin/ceph:
2023-01-04T18:09:29.569+0000 7fb33dffb700 1 -- 172.21.15.50:0/4070389780 <== mon.0 v2:172.21.15.50:3300/0 2 ==== config(25 keys) v1 ==== 1010+0+0 (secure 0 0 0) 0x7fb34c01bb40 con 0x7fb35006fbf0
2023-01-04T18:09:29.575 INFO:teuthology.orchestra.run.smithi050.stderr:/usr/bin/ceph:
2023-01-04T18:09:29.569+0000 7fb33dffb700 1 -- 172.21.15.50:0/4070389780 <== mon.0 v2:172.21.15.50:3300/0 3 ==== mon_map magic: 0 v1 ==== 229+0+0 (secure 0 0 0) 0x7fb34c01aa10 con 0x7fb35006fbf0
2023-01-04T18:09:29.575 INFO:teuthology.orchestra.run.smithi050.stderr:/usr/bin/ceph:
2023-01-04T18:09:29.569+0000 7fb356043700 1 -- 172.21.15.50:0/4070389780 --> [v2:172.21.15.50:3300/0,v1:172.21.15.50:6789/0] -- mon_subscribe({osdmap=0}) v3 -- 0x7fb35010d460 con 0x7fb35006fbf0
2023-01-04T18:09:29.575 INFO:teuthology.orchestra.run.smithi050.stderr:/usr/bin/ceph:
2023-01-04T18:09:29.570+0000 7fb33dffb700 1 -- 172.21.15.50:0/4070389780 <== mon.0 v2:172.21.15.50:3300/0 4 ==== mgrmap(e 4) v1 ==== 36109+0+0 (secure 0 0 0) 0x7fb34c00f070 con 0x7fb35006fbf0
2023-01-04T18:09:29.576 INFO:teuthology.orchestra.run.smithi050.stderr:/usr/bin/ceph:
2023-01-04T18:09:29.570+0000 7fb356043700 1 -- 172.21.15.50:0/4070389780 --> [v2:172.21.15.50:3300/0,v1:172.21.15.50:6789/0] -- mon_command({"prefix": "get_command_descriptions"} v 0) v1 -- 0x7fb350045ad0 con 0x7fb35006fbf0
2023-01-04T18:09:29.576 INFO:teuthology.orchestra.run.smithi050.stderr:/usr/bin/ceph:
2023-01-04T18:09:29.570+0000 7fb33dffb700 1 --2- 172.21.15.50:0/4070389780 >> [v2:172.21.15.50:6800/27207172,v1:172.21.15.50:6801/27207172] conn(0x7fb33802fd00 0x7fb3380321c0 unknown :-1 s=NONE pgs=0 cs=0 l=1 rev1=0 rx=0 tx=0).connect
2023-01-04T18:09:29.576 INFO:teuthology.orchestra.run.smithi050.stderr:/usr/bin/ceph:
2023-01-04T18:09:29.570+0000 7fb33dffb700 1 -- 172.21.15.50:0/4070389780 <== mon.0 v2:172.21.15.50:3300/0 5 ==== osd_map(1..1 src has 1..1) v4 ==== 754+0+0 (secure 0 0 0) 0x7fb34c040ff0 con 0x7fb35006fbf0
2023-01-04T18:09:29.576 INFO:teuthology.orchestra.run.smithi050.stderr:/usr/bin/ceph:
2023-01-04T18:09:29.571+0000 7fb354840700 1 --2- 172.21.15.50:0/4070389780 >> [v2:172.21.15.50:6800/27207172,v1:172.21.15.50:6801/27207172] conn(0x7fb33802fd00 0x7fb3380321c0 unknown :-1 s=BANNER_CONNECTING pgs=0 cs=0 l=1 rev1=0 rx=0 tx=0)._handle_peer_banner_payload supported=1 required=0
2023-01-04T18:09:29.576 INFO:teuthology.orchestra.run.smithi050.stderr:/usr/bin/ceph:
2023-01-04T18:09:29.571+0000 7fb354840700 1 --2- 172.21.15.50:0/4070389780 >> [v2:172.21.15.50:6800/27207172,v1:172.21.15.50:6801/27207172] conn(0x7fb33802fd00 0x7fb3380321c0 secure :-1 s=READY pgs=6 cs=0 l=1 rev1=1 rx=0x7fb3400096a0 tx=0x7fb340006b40).ready entity=mgr.14100 client_cookie=0 server_cookie=0 in_seq=0 out_seq=0
2023-01-04T18:09:29.577 INFO:teuthology.orchestra.run.smithi050.stderr:/usr/bin/ceph:
2023-01-04T18:09:29.575+0000 7fb33dffb700 1 -- 172.21.15.50:0/4070389780 <== mon.0 v2:172.21.15.50:3300/0 6 ==== mon_command_ack([{"prefix": "get_command_descriptions"}]=0 v0) v1 ==== 72+0+152212 (secure 0 0 0) 0x7fb34c019950 con 0x7fb35006fbf0
2023-01-04T18:09:29.772 INFO:teuthology.orchestra.run.smithi050.stderr:/usr/bin/ceph:
2023-01-04T18:09:29.770+0000 7fb356043700 1 -- 172.21.15.50:0/4070389780 --> [v2:172.21.15.50:3300/0,v1:172.21.15.50:6789/0] -- mon_command({"prefix": "mgr module enable", "module": "cephadm"} v 0) v1 -- 0x7fb350101b30 con 0x7fb35006fbf0
2023-01-04T18:09:30.219 INFO:teuthology.orchestra.run.smithi050.stderr:/usr/bin/ceph:
2023-01-04T18:09:30.216+0000 7fb33dffb700 1 -- 172.21.15.50:0/4070389780 <== mon.0 v2:172.21.15.50:3300/0 7 ==== mgrmap(e 5) v1 ==== 36120+0+0 (secure 0 0 0) 0x7fb34c01ab70 con 0x7fb35006fbf0
2023-01-04T18:09:30.220 INFO:teuthology.orchestra.run.smithi050.stderr:/usr/bin/ceph:
2023-01-04T18:09:30.217+0000 7fb33dffb700 1 -- 172.21.15.50:0/4070389780 <== mon.0 v2:172.21.15.50:3300/0 8 ==== mon_command_ack([{"prefix": "mgr module enable", "module": "cephadm"}]=0 v5) v1 ==== 86+0+0 (secure 0 0 0) 0x7fb34c023370 con 0x7fb35006fbf0
2023-01-04T18:09:30.222 INFO:teuthology.orchestra.run.smithi050.stderr:/usr/bin/ceph:
2023-01-04T18:09:30.219+0000 7fb356043700 1 -- 172.21.15.50:0/4070389780 >> [v2:172.21.15.50:6800/27207172,v1:172.21.15.50:6801/27207172] conn(0x7fb33802fd00 msgr2=0x7fb3380321c0 secure :-1 s=STATE_CONNECTION_ESTABLISHED l=1).mark_down
2023-01-04T18:09:30.223 INFO:teuthology.orchestra.run.smithi050.stderr:/usr/bin/ceph:
2023-01-04T18:09:30.219+0000 7fb356043700 1 --2- 172.21.15.50:0/4070389780 >> [v2:172.21.15.50:6800/27207172,v1:172.21.15.50:6801/27207172] conn(0x7fb33802fd00 0x7fb3380321c0 secure :-1 s=READY pgs=6 cs=0 l=1 rev1=1 rx=0x7fb3400096a0 tx=0x7fb340006b40).stop
2023-01-04T18:09:30.223 INFO:teuthology.orchestra.run.smithi050.stderr:/usr/bin/ceph:
2023-01-04T18:09:30.219+0000 7fb356043700 1 -- 172.21.15.50:0/4070389780 >> [v2:172.21.15.50:3300/0,v1:172.21.15.50:6789/0] conn(0x7fb35006fbf0 msgr2=0x7fb35010c960 secure :-1 s=STATE_CONNECTION_ESTABLISHED l=1).mark_down
2023-01-04T18:09:30.223 INFO:teuthology.orchestra.run.smithi050.stderr:/usr/bin/ceph:
2023-01-04T18:09:30.219+0000 7fb356043700 1 --2- 172.21.15.50:0/4070389780 >> [v2:172.21.15.50:3300/0,v1:172.21.15.50:6789/0] conn(0x7fb35006fbf0 0x7fb35010c960 secure :-1 s=READY pgs=17 cs=0 l=1 rev1=1 rx=0x7fb34c011850 tx=0x7fb34c006ee0).stop
2023-01-04T18:09:30.223 INFO:teuthology.orchestra.run.smithi050.stderr:/usr/bin/ceph:
2023-01-04T18:09:30.219+0000 7fb356043700 1 -- 172.21.15.50:0/4070389780 shutdown_connections
2023-01-04T18:09:30.223 INFO:teuthology.orchestra.run.smithi050.stderr:/usr/bin/ceph:
2023-01-04T18:09:30.219+0000 7fb356043700 1 --2- 172.21.15.50:0/4070389780 >> [v2:172.21.15.50:6800/27207172,v1:172.21.15.50:6801/27207172] conn(0x7fb33802fd00 0x7fb3380321c0 unknown :-1 s=CLOSED pgs=6 cs=0 l=1 rev1=1 rx=0 tx=0).stop
2023-01-04T18:09:30.223 INFO:teuthology.orchestra.run.smithi050.stderr:/usr/bin/ceph:
2023-01-04T18:09:30.219+0000 7fb356043700 1 --2- 172.21.15.50:0/4070389780 >> [v2:172.21.15.50:3300/0,v1:172.21.15.50:6789/0] conn(0x7fb35006fbf0 0x7fb35010c960 unknown :-1 s=CLOSED pgs=17 cs=0 l=1 rev1=1 rx=0 tx=0).stop
2023-01-04T18:09:30.223 INFO:teuthology.orchestra.run.smithi050.stderr:/usr/bin/ceph:
2023-01-04T18:09:30.219+0000 7fb356043700 1 -- 172.21.15.50:0/4070389780 >> 172.21.15.50:0/4070389780 conn(0x7fb3500f6130 msgr2=0x7fb3500f7c20 unknown :-1 s=STATE_NONE l=0).mark_down
2023-01-04T18:09:30.223 INFO:teuthology.orchestra.run.smithi050.stderr:/usr/bin/ceph:
2023-01-04T18:09:30.219+0000 7fb356043700 1 -- 172.21.15.50:0/4070389780 shutdown_connections
2023-01-04T18:09:30.223 INFO:teuthology.orchestra.run.smithi050.stderr:/usr/bin/ceph:
2023-01-04T18:09:30.219+0000 7fb356043700 1 -- 172.21.15.50:0/4070389780 wait complete.
2023-01-04T18:09:30.540 INFO:journalctl@ceph.mon.smithi050.smithi050.stdout:Jan 04 18:09:30 smithi050 ceph-d98671da-8c5a-11ed-821a-001a4aab830c-mon.smithi050[132084]: cluster
2023-01-04T18:09:29.215524+0000 mon.smithi050 (mon.0) 24 : cluster [DBG] mgrmap e4: smithi050.emnywo(active, since 2s)
2023-01-04T18:09:30.540 INFO:journalctl@ceph.mon.smithi050.smithi050.stdout:Jan 04 18:09:30 smithi050 ceph-d98671da-8c5a-11ed-821a-001a4aab830c-mon.smithi050[132084]: audit
2023-01-04T18:09:29.771143+0000 mon.smithi050 (mon.0) 25 : audit [INF] from='client.? 172.21.15.50:0/4070389780' entity='client.admin' cmd=[{"prefix": "mgr module enable", "module": "cephadm"}]: dispatch
2023-01-04T18:09:30.608 INFO:teuthology.orchestra.run.smithi050.stderr:Running command: /bin/podman run --rm --ipc=host --no-hosts --net=host --entrypoint /usr/bin/ceph --init -e CONTAINER_IMAGE=docker.io/ceph/ceph:v16.2.4 -e NODE_NAME=smithi050 -e CEPH_USE_RANDOM_NONCE=1 -v /var/log/ceph/d98671da-8c5a-11ed-821a-001a4aab830c:/var/log/ceph:z -v /tmp/ceph-tmphq0e1x6f:/etc/ceph/ceph.client.admin.keyring:z -v /tmp/ceph-tmpccxsaw_n:/etc/ceph/ceph.conf:z docker.io/ceph/ceph:v16.2.4 mgr stat
2023-01-04T18:09:31.077 INFO:teuthology.orchestra.run.smithi050.stderr:/usr/bin/ceph:
2023-01-04T18:09:31.073+0000 7fce76dae700 1 Processor -- start
2023-01-04T18:09:31.077 INFO:teuthology.orchestra.run.smithi050.stderr:/usr/bin/ceph:
2023-01-04T18:09:31.073+0000 7fce76dae700 1 -- start start
2023-01-04T18:09:31.078 INFO:teuthology.orchestra.run.smithi050.stderr:/usr/bin/ceph:
2023-01-04T18:09:31.073+0000 7fce76dae700 1 --2- >> [v2:172.21.15.50:3300/0,v1:172.21.15.50:6789/0] conn(0x7fce7006fbf0 0x7fce70100a90 unknown :-1 s=NONE pgs=0 cs=0 l=0 rev1=0 rx=0 tx=0).connect
2023-01-04T18:09:31.078 INFO:teuthology.orchestra.run.smithi050.stderr:/usr/bin/ceph:
2023-01-04T18:09:31.073+0000 7fce76dae700 1 -- --> [v2:172.21.15.50:3300/0,v1:172.21.15.50:6789/0] -- mon_getmap magic: 0 v1 -- 0x7fce700fc480 con 0x7fce7006fbf0
2023-01-04T18:09:31.078 INFO:teuthology.orchestra.run.smithi050.stderr:/usr/bin/ceph:
2023-01-04T18:09:31.073+0000 7fce75dac700 1 --2- >> [v2:172.21.15.50:3300/0,v1:172.21.15.50:6789/0] conn(0x7fce7006fbf0 0x7fce70100a90 unknown :-1 s=BANNER_CONNECTING pgs=0 cs=0 l=0 rev1=0 rx=0 tx=0)._handle_peer_banner_payload supported=1 required=0
2023-01-04T18:09:31.078 INFO:teuthology.orchestra.run.smithi050.stderr:/usr/bin/ceph:
2023-01-04T18:09:31.073+0000 7fce75dac700 1 --2- >> [v2:172.21.15.50:3300/0,v1:172.21.15.50:6789/0] conn(0x7fce7006fbf0 0x7fce70100a90 unknown :-1 s=HELLO_CONNECTING pgs=0 cs=0 l=0 rev1=1 rx=0 tx=0).handle_hello peer v2:172.21.15.50:3300/0 says I am v2:172.21.15.50:43420/0 (socket says 172.21.15.50:43420)
2023-01-04T18:09:31.078 INFO:teuthology.orchestra.run.smithi050.stderr:/usr/bin/ceph:
2023-01-04T18:09:31.073+0000 7fce75dac700 1 -- 172.21.15.50:0/3618356985 learned_addr learned my addr 172.21.15.50:0/3618356985 (peer_addr_for_me v2:172.21.15.50:0/0)
2023-01-04T18:09:31.078 INFO:teuthology.orchestra.run.smithi050.stderr:/usr/bin/ceph:
2023-01-04T18:09:31.074+0000 7fce75dac700 1 -- 172.21.15.50:0/3618356985 --> [v2:172.21.15.50:3300/0,v1:172.21.15.50:6789/0] -- mon_subscribe({config=0+,monmap=0+}) v3 -- 0x7fce70100f80 con 0x7fce7006fbf0
2023-01-04T18:09:31.078 INFO:teuthology.orchestra.run.smithi050.stderr:/usr/bin/ceph:
2023-01-04T18:09:31.074+0000 7fce75dac700 1 --2- 172.21.15.50:0/3618356985 >> [v2:172.21.15.50:3300/0,v1:172.21.15.50:6789/0] conn(0x7fce7006fbf0 0x7fce70100a90 secure :-1 s=READY pgs=20 cs=0 l=1 rev1=1 rx=0x7fce6c00b5f0 tx=0x7fce6c006ee0).ready entity=mon.0 client_cookie=bc11c4a174c44949 server_cookie=0 in_seq=0 out_seq=0
2023-01-04T18:09:31.078 INFO:teuthology.orchestra.run.smithi050.stderr:/usr/bin/ceph:
2023-01-04T18:09:31.074+0000 7fce74daa700 1 -- 172.21.15.50:0/3618356985 <== mon.0 v2:172.21.15.50:3300/0 1 ==== mon_map magic: 0 v1 ==== 229+0+0 (secure 0 0 0) 0x7fce6c00d600 con 0x7fce7006fbf0
2023-01-04T18:09:31.078 INFO:teuthology.orchestra.run.smithi050.stderr:/usr/bin/ceph:
2023-01-04T18:09:31.074+0000 7fce74daa700 1 -- 172.21.15.50:0/3618356985 <== mon.0 v2:172.21.15.50:3300/0 2 ==== config(25 keys) v1 ==== 1010+0+0 (secure 0 0 0) 0x7fce6c00dbd0 con 0x7fce7006fbf0
2023-01-04T18:09:31.079 INFO:teuthology.orchestra.run.smithi050.stderr:/usr/bin/ceph:
2023-01-04T18:09:31.074+0000 7fce74daa700 1 -- 172.21.15.50:0/3618356985 <== mon.0 v2:172.21.15.50:3300/0 3 ==== mon_map magic: 0 v1 ==== 229+0+0 (secure 0 0 0) 0x7fce6c011c30 con 0x7fce7006fbf0
2023-01-04T18:09:31.080 INFO:teuthology.orchestra.run.smithi050.stderr:/usr/bin/ceph:
2023-01-04T18:09:31.074+0000 7fce76dae700 1 -- 172.21.15.50:0/3618356985 >> [v2:172.21.15.50:3300/0,v1:172.21.15.50:6789/0] conn(0x7fce7006fbf0 msgr2=0x7fce70100a90 secure :-1 s=STATE_CONNECTION_ESTABLISHED l=1).mark_down
2023-01-04T18:09:31.080 INFO:teuthology.orchestra.run.smithi050.stderr:/usr/bin/ceph:
2023-01-04T18:09:31.074+0000 7fce76dae700 1 --2- 172.21.15.50:0/3618356985 >> [v2:172.21.15.50:3300/0,v1:172.21.15.50:6789/0] conn(0x7fce7006fbf0 0x7fce70100a90 secure :-1 s=READY pgs=20 cs=0 l=1 rev1=1 rx=0x7fce6c00b5f0 tx=0x7fce6c006ee0).stop
2023-01-04T18:09:31.080 INFO:teuthology.orchestra.run.smithi050.stderr:/usr/bin/ceph:
2023-01-04T18:09:31.075+0000 7fce76dae700 1 -- 172.21.15.50:0/3618356985 shutdown_connections
2023-01-04T18:09:31.080 INFO:teuthology.orchestra.run.smithi050.stderr:/usr/bin/ceph:
2023-01-04T18:09:31.075+0000 7fce76dae700 1 --2- 172.21.15.50:0/3618356985 >> [v2:172.21.15.50:3300/0,v1:172.21.15.50:6789/0] conn(0x7fce7006fbf0 0x7fce70100a90 unknown :-1 s=CLOSED pgs=20 cs=0 l=1 rev1=1 rx=0 tx=0).stop
2023-01-04T18:09:31.080 INFO:teuthology.orchestra.run.smithi050.stderr:/usr/bin/ceph:
2023-01-04T18:09:31.075+0000 7fce76dae700 1 -- 172.21.15.50:0/3618356985 >> 172.21.15.50:0/3618356985 conn(0x7fce700f6130 msgr2=0x7fce700f8550 unknown :-1 s=STATE_NONE l=0).mark_down
2023-01-04T18:09:31.080 INFO:teuthology.orchestra.run.smithi050.stderr:/usr/bin/ceph:
2023-01-04T18:09:31.075+0000 7fce76dae700 1 -- 172.21.15.50:0/3618356985 shutdown_connections
2023-01-04T18:09:31.080 INFO:teuthology.orchestra.run.smithi050.stderr:/usr/bin/ceph:
2023-01-04T18:09:31.075+0000 7fce76dae700 1 -- 172.21.15.50:0/3618356985 wait complete.
2023-01-04T18:09:31.080 INFO:teuthology.orchestra.run.smithi050.stderr:/usr/bin/ceph:
2023-01-04T18:09:31.076+0000 7fce76dae700 1 Processor -- start
2023-01-04T18:09:31.080 INFO:teuthology.orchestra.run.smithi050.stderr:/usr/bin/ceph:
2023-01-04T18:09:31.076+0000 7fce76dae700 1 -- start start
2023-01-04T18:09:31.081 INFO:teuthology.orchestra.run.smithi050.stderr:/usr/bin/ceph:
2023-01-04T18:09:31.076+0000 7fce76dae700 1 --2- >> [v2:172.21.15.50:3300/0,v1:172.21.15.50:6789/0] conn(0x7fce7006fbf0 0x7fce7010c9e0 unknown :-1 s=NONE pgs=0 cs=0 l=1 rev1=0 rx=0 tx=0).connect
2023-01-04T18:09:31.081 INFO:teuthology.orchestra.run.smithi050.stderr:/usr/bin/ceph:
2023-01-04T18:09:31.076+0000 7fce76dae700 1 -- --> [v2:172.21.15.50:3300/0,v1:172.21.15.50:6789/0] -- mon_getmap magic: 0 v1 -- 0x7fce7010ced0 con 0x7fce7006fbf0
2023-01-04T18:09:31.081 INFO:teuthology.orchestra.run.smithi050.stderr:/usr/bin/ceph:
2023-01-04T18:09:31.076+0000 7fce75dac700 1 --2- >> [v2:172.21.15.50:3300/0,v1:172.21.15.50:6789/0] conn(0x7fce7006fbf0 0x7fce7010c9e0 unknown :-1 s=BANNER_CONNECTING pgs=0 cs=0 l=1 rev1=0 rx=0 tx=0)._handle_peer_banner_payload supported=1 required=0
2023-01-04T18:09:31.081 INFO:teuthology.orchestra.run.smithi050.stderr:/usr/bin/ceph:
2023-01-04T18:09:31.076+0000 7fce75dac700 1 --2- >> [v2:172.21.15.50:3300/0,v1:172.21.15.50:6789/0] conn(0x7fce7006fbf0 0x7fce7010c9e0 unknown :-1 s=HELLO_CONNECTING pgs=0 cs=0 l=1 rev1=1 rx=0 tx=0).handle_hello peer v2:172.21.15.50:3300/0 says I am v2:172.21.15.50:43434/0 (socket says 172.21.15.50:43434)
2023-01-04T18:09:31.081 INFO:teuthology.orchestra.run.smithi050.stderr:/usr/bin/ceph:
2023-01-04T18:09:31.076+0000 7fce75dac700 1 -- 172.21.15.50:0/3007143149 learned_addr learned my addr 172.21.15.50:0/3007143149 (peer_addr_for_me v2:172.21.15.50:0/0)
2023-01-04T18:09:31.082 INFO:teuthology.orchestra.run.smithi050.stderr:/usr/bin/ceph:
2023-01-04T18:09:31.076+0000 7fce75dac700 1 -- 172.21.15.50:0/3007143149 --> [v2:172.21.15.50:3300/0,v1:172.21.15.50:6789/0] -- mon_subscribe({config=0+,monmap=0+}) v3 -- 0x7fce6c00b200 con 0x7fce7006fbf0
2023-01-04T18:09:31.082 INFO:teuthology.orchestra.run.smithi050.stderr:/usr/bin/ceph:
2023-01-04T18:09:31.076+0000 7fce75dac700 1 --2- 172.21.15.50:0/3007143149 >> [v2:172.21.15.50:3300/0,v1:172.21.15.50:6789/0] conn(0x7fce7006fbf0 0x7fce7010c9e0 secure :-1 s=READY pgs=21 cs=0 l=1 rev1=1 rx=0x7fce6c011550 tx=0x7fce6c006ee0).ready entity=mon.0 client_cookie=0 server_cookie=0 in_seq=0 out_seq=0
2023-01-04T18:09:31.082 INFO:teuthology.orchestra.run.smithi050.stderr:/usr/bin/ceph:
2023-01-04T18:09:31.077+0000 7fce5e7fc700 1 -- 172.21.15.50:0/3007143149 <== mon.0 v2:172.21.15.50:3300/0 1 ==== mon_map magic: 0 v1 ==== 229+0+0 (secure 0 0 0) 0x7fce6c00d9f0 con 0x7fce7006fbf0
2023-01-04T18:09:31.082 INFO:teuthology.orchestra.run.smithi050.stderr:/usr/bin/ceph:
2023-01-04T18:09:31.077+0000 7fce5e7fc700 1 -- 172.21.15.50:0/3007143149 <== mon.0 v2:172.21.15.50:3300/0 2 ==== config(25 keys) v1 ==== 1010+0+0 (secure 0 0 0) 0x7fce6c01a9f0 con 0x7fce7006fbf0
2023-01-04T18:09:31.082 INFO:teuthology.orchestra.run.smithi050.stderr:/usr/bin/ceph:
2023-01-04T18:09:31.077+0000 7fce76dae700 1 -- 172.21.15.50:0/3007143149 --> [v2:172.21.15.50:3300/0,v1:172.21.15.50:6789/0] -- mon_subscribe({mgrmap=0+}) v3 -- 0x7fce7010d0d0 con 0x7fce7006fbf0
2023-01-04T18:09:31.082 INFO:teuthology.orchestra.run.smithi050.stderr:/usr/bin/ceph:
2023-01-04T18:09:31.077+0000 7fce5e7fc700 1 -- 172.21.15.50:0/3007143149 <== mon.0 v2:172.21.15.50:3300/0 3 ==== mon_map magic: 0 v1 ==== 229+0+0 (secure 0 0 0) 0x7fce6c01ba30 con 0x7fce7006fbf0
2023-01-04T18:09:31.082 INFO:teuthology.orchestra.run.smithi050.stderr:/usr/bin/ceph:
2023-01-04T18:09:31.077+0000 7fce76dae700 1 -- 172.21.15.50:0/3007143149 --> [v2:172.21.15.50:3300/0,v1:172.21.15.50:6789/0] -- mon_subscribe({osdmap=0}) v3 -- 0x7fce7010d4e0 con 0x7fce7006fbf0
2023-01-04T18:09:31.083 INFO:teuthology.orchestra.run.smithi050.stderr:/usr/bin/ceph:
2023-01-04T18:09:31.078+0000 7fce5e7fc700 1 -- 172.21.15.50:0/3007143149 <== mon.0 v2:172.21.15.50:3300/0 4 ==== mgrmap(e 5) v1 ==== 36120+0+0 (secure 0 0 0) 0x7fce6c00f070 con 0x7fce7006fbf0
2023-01-04T18:09:31.083 INFO:teuthology.orchestra.run.smithi050.stderr:/usr/bin/ceph:
2023-01-04T18:09:31.078+0000 7fce76dae700 1 -- 172.21.15.50:0/3007143149 --> [v2:172.21.15.50:3300/0,v1:172.21.15.50:6789/0] -- mon_command({"prefix": "get_command_descriptions"} v 0) v1 -- 0x7fce70045ad0 con 0x7fce7006fbf0
2023-01-04T18:09:31.083 INFO:teuthology.orchestra.run.smithi050.stderr:/usr/bin/ceph:
2023-01-04T18:09:31.078+0000 7fce5e7fc700 1 --2- 172.21.15.50:0/3007143149 >> [v2:172.21.15.50:6800/27207172,v1:172.21.15.50:6801/27207172] conn(0x7fce5802fd50 0x7fce58032210 unknown :-1 s=NONE pgs=0 cs=0 l=1 rev1=0 rx=0 tx=0).connect
2023-01-04T18:09:31.083 INFO:teuthology.orchestra.run.smithi050.stderr:/usr/bin/ceph:
2023-01-04T18:09:31.078+0000 7fce755ab700 1 -- 172.21.15.50:0/3007143149 >> [v2:172.21.15.50:6800/27207172,v1:172.21.15.50:6801/27207172] conn(0x7fce5802fd50 msgr2=0x7fce58032210 unknown :-1 s=STATE_CONNECTING_RE l=1).process reconnect failed to v2:172.21.15.50:6800/27207172
2023-01-04T18:09:31.083 INFO:teuthology.orchestra.run.smithi050.stderr:/usr/bin/ceph:
2023-01-04T18:09:31.078+0000 7fce5e7fc700 1 -- 172.21.15.50:0/3007143149 <== mon.0 v2:172.21.15.50:3300/0 5 ==== osd_map(1..1 src has 1..1) v4 ==== 754+0+0 (secure 0 0 0) 0x7fce6c042210 con 0x7fce7006fbf0
2023-01-04T18:09:31.083 INFO:teuthology.orchestra.run.smithi050.stderr:/usr/bin/ceph:
2023-01-04T18:09:31.078+0000 7fce755ab700 1 --2- 172.21.15.50:0/3007143149 >> [v2:172.21.15.50:6800/27207172,v1:172.21.15.50:6801/27207172] conn(0x7fce5802fd50 0x7fce58032210 unknown :-1 s=START_CONNECT pgs=0 cs=0 l=1 rev1=0 rx=0 tx=0)._fault waiting 0.200000
2023-01-04T18:09:31.085 INFO:teuthology.orchestra.run.smithi050.stderr:/usr/bin/ceph:
2023-01-04T18:09:31.082+0000 7fce5e7fc700 1 -- 172.21.15.50:0/3007143149 <== mon.0 v2:172.21.15.50:3300/0 6 ==== mon_command_ack([{"prefix": "get_command_descriptions"}]=0 v0) v1 ==== 72+0+152212 (secure 0 0 0) 0x7fce6c010360 con 0x7fce7006fbf0
2023-01-04T18:09:31.282 INFO:teuthology.orchestra.run.smithi050.stderr:/usr/bin/ceph:
2023-01-04T18:09:31.279+0000 7fce755ab700 1 -- 172.21.15.50:0/3007143149 >> [v2:172.21.15.50:6800/27207172,v1:172.21.15.50:6801/27207172] conn(0x7fce5802fd50 msgr2=0x7fce58032210 unknown :-1 s=STATE_CONNECTING_RE l=1).process reconnect failed to v2:172.21.15.50:6800/27207172
2023-01-04T18:09:31.282 INFO:teuthology.orchestra.run.smithi050.stderr:/usr/bin/ceph:
2023-01-04T18:09:31.279+0000 7fce755ab700 1 --2- 172.21.15.50:0/3007143149 >> [v2:172.21.15.50:6800/27207172,v1:172.21.15.50:6801/27207172] conn(0x7fce5802fd50 0x7fce58032210 unknown :-1 s=START_CONNECT pgs=0 cs=0 l=1 rev1=0 rx=0 tx=0)._fault waiting 0.400000
2023-01-04T18:09:31.286 INFO:teuthology.orchestra.run.smithi050.stderr:/usr/bin/ceph:
2023-01-04T18:09:31.283+0000 7fce76dae700 1 -- 172.21.15.50:0/3007143149 --> [v2:172.21.15.50:3300/0,v1:172.21.15.50:6789/0] -- mon_command({"prefix": "mgr stat"} v 0) v1 -- 0x7fce701068d0 con 0x7fce7006fbf0
2023-01-04T18:09:31.287 INFO:teuthology.orchestra.run.smithi050.stderr:/usr/bin/ceph:
2023-01-04T18:09:31.283+0000 7fce5e7fc700 1 -- 172.21.15.50:0/3007143149 <== mon.0 v2:172.21.15.50:3300/0 7 ==== mon_command_ack([{"prefix": "mgr stat"}]=0 v5) v1 ==== 56+0+103 (secure 0 0 0) 0x7fce6c016070 con 0x7fce7006fbf0
2023-01-04T18:09:31.287 INFO:teuthology.orchestra.run.smithi050.stderr:/usr/bin/ceph: {
2023-01-04T18:09:31.287 INFO:teuthology.orchestra.run.smithi050.stderr:/usr/bin/ceph: "epoch": 5,
2023-01-04T18:09:31.287 INFO:teuthology.orchestra.run.smithi050.stderr:/usr/bin/ceph: "available": true,
2023-01-04T18:09:31.287 INFO:teuthology.orchestra.run.smithi050.stderr:/usr/bin/ceph: "active_name": "smithi050.emnywo",
2023-01-04T18:09:31.287 INFO:teuthology.orchestra.run.smithi050.stderr:/usr/bin/ceph: "num_standby": 0
2023-01-04T18:09:31.287 INFO:teuthology.orchestra.run.smithi050.stderr:/usr/bin/ceph: }
2023-01-04T18:09:31.289 INFO:teuthology.orchestra.run.smithi050.stderr:/usr/bin/ceph:
2023-01-04T18:09:31.285+0000 7fce76dae700 1 -- 172.21.15.50:0/3007143149 >> [v2:172.21.15.50:6800/27207172,v1:172.21.15.50:6801/27207172] conn(0x7fce5802fd50 msgr2=0x7fce58032210 unknown :-1 s=STATE_CONNECTING l=1).mark_down
2023-01-04T18:09:31.289 INFO:teuthology.orchestra.run.smithi050.stderr:/usr/bin/ceph:
2023-01-04T18:09:31.285+0000 7fce76dae700 1 --2- 172.21.15.50:0/3007143149 >> [v2:172.21.15.50:6800/27207172,v1:172.21.15.50:6801/27207172] conn(0x7fce5802fd50 0x7fce58032210 unknown :-1 s=START_CONNECT pgs=0 cs=0 l=1 rev1=0 rx=0 tx=0).stop
2023-01-04T18:09:31.289 INFO:teuthology.orchestra.run.smithi050.stderr:/usr/bin/ceph:
2023-01-04T18:09:31.285+0000 7fce76dae700 1 -- 172.21.15.50:0/3007143149 >> [v2:172.21.15.50:3300/0,v1:172.21.15.50:6789/0] conn(0x7fce7006fbf0 msgr2=0x7fce7010c9e0 secure :-1 s=STATE_CONNECTION_ESTABLISHED l=1).mark_down
2023-01-04T18:09:31.289 INFO:teuthology.orchestra.run.smithi050.stderr:/usr/bin/ceph:
2023-01-04T18:09:31.285+0000 7fce76dae700 1 --2- 172.21.15.50:0/3007143149 >> [v2:172.21.15.50:3300/0,v1:172.21.15.50:6789/0] conn(0x7fce7006fbf0 0x7fce7010c9e0 secure :-1 s=READY pgs=21 cs=0 l=1 rev1=1 rx=0x7fce6c011550 tx=0x7fce6c006ee0).stop
2023-01-04T18:09:31.289 INFO:teuthology.orchestra.run.smithi050.stderr:/usr/bin/ceph:
2023-01-04T18:09:31.285+0000 7fce76dae700 1 -- 172.21.15.50:0/3007143149 shutdown_connections
2023-01-04T18:09:31.289 INFO:teuthology.orchestra.run.smithi050.stderr:/usr/bin/ceph:
2023-01-04T18:09:31.285+0000 7fce76dae700 1 --2- 172.21.15.50:0/3007143149 >> [v2:172.21.15.50:6800/27207172,v1:172.21.15.50:6801/27207172] conn(0x7fce5802fd50 0x7fce58032210 unknown :-1 s=CLOSED pgs=0 cs=0 l=1 rev1=0 rx=0 tx=0).stop
2023-01-04T18:09:31.289 INFO:teuthology.orchestra.run.smithi050.stderr:/usr/bin/ceph:
2023-01-04T18:09:31.285+0000 7fce76dae700 1 --2- 172.21.15.50:0/3007143149 >> [v2:172.21.15.50:3300/0,v1:172.21.15.50:6789/0] conn(0x7fce7006fbf0 0x7fce7010c9e0 unknown :-1 s=CLOSED pgs=21 cs=0 l=1 rev1=1 rx=0 tx=0).stop
2023-01-04T18:09:31.289 INFO:teuthology.orchestra.run.smithi050.stderr:/usr/bin/ceph:
2023-01-04T18:09:31.285+0000 7fce76dae700 1 -- 172.21.15.50:0/3007143149 >> 172.21.15.50:0/3007143149 conn(0x7fce700f6130 msgr2=0x7fce700f7c50 unknown :-1 s=STATE_NONE l=0).mark_down
2023-01-04T18:09:31.289 INFO:teuthology.orchestra.run.smithi050.stderr:/usr/bin/ceph:
2023-01-04T18:09:31.286+0000 7fce76dae700 1 -- 172.21.15.50:0/3007143149 shutdown_connections
2023-01-04T18:09:31.289 INFO:teuthology.orchestra.run.smithi050.stderr:/usr/bin/ceph:
2023-01-04T18:09:31.286+0000 7fce76dae700 1 -- 172.21.15.50:0/3007143149 wait complete.
2023-01-04T18:09:31.487 INFO:journalctl@ceph.mon.smithi050.smithi050.stdout:Jan 04 18:09:31 smithi050 ceph-d98671da-8c5a-11ed-821a-001a4aab830c-mon.smithi050[132084]: audit
2023-01-04T18:09:30.218178+0000 mon.smithi050 (mon.0) 26 : audit [INF] from='client.? 172.21.15.50:0/4070389780' entity='client.admin' cmd='[{"prefix": "mgr module enable", "module": "cephadm"}]': finished
2023-01-04T18:09:31.487 INFO:journalctl@ceph.mon.smithi050.smithi050.stdout:Jan 04 18:09:31 smithi050 ceph-d98671da-8c5a-11ed-821a-001a4aab830c-mon.smithi050[132084]: cluster
2023-01-04T18:09:30.218231+0000 mon.smithi050 (mon.0) 27 : cluster [DBG] mgrmap e5: smithi050.emnywo(active, since 3s)
2023-01-04T18:09:31.744 INFO:teuthology.orchestra.run.smithi050.stderr:Waiting for the mgr to restart...
2023-01-04T18:09:31.744 INFO:teuthology.orchestra.run.smithi050.stderr:Waiting for mgr epoch 5...
2023-01-04T18:09:31.744 INFO:teuthology.orchestra.run.smithi050.stderr:Running command: /bin/podman run --rm --ipc=host --no-hosts --net=host --entrypoint /usr/bin/ceph --init -e CONTAINER_IMAGE=docker.io/ceph/ceph:v16.2.4 -e NODE_NAME=smithi050 -e CEPH_USE_RANDOM_NONCE=1 -v /var/log/ceph/d98671da-8c5a-11ed-821a-001a4aab830c:/var/log/ceph:z -v /tmp/ceph-tmphq0e1x6f:/etc/ceph/ceph.client.admin.keyring:z -v /tmp/ceph-tmpccxsaw_n:/etc/ceph/ceph.conf:z docker.io/ceph/ceph:v16.2.4 tell mgr mgr_status
2023-01-04T18:09:32.209 INFO:teuthology.orchestra.run.smithi050.stderr:/usr/bin/ceph:
2023-01-04T18:09:32.203+0000 7f31b8a22700 1 Processor -- start
2023-01-04T18:09:32.209 INFO:teuthology.orchestra.run.smithi050.stderr:/usr/bin/ceph:
2023-01-04T18:09:32.203+0000 7f31b8a22700 1 -- start start
2023-01-04T18:09:32.209 INFO:teuthology.orchestra.run.smithi050.stderr:/usr/bin/ceph:
2023-01-04T18:09:32.204+0000 7f31b8a22700 1 --2- >> [v2:172.21.15.50:3300/0,v1:172.21.15.50:6789/0] conn(0x7f31b40faae0 0x7f31b40faf00 unknown :-1 s=NONE pgs=0 cs=0 l=0 rev1=0 rx=0 tx=0).connect
2023-01-04T18:09:32.209 INFO:teuthology.orchestra.run.smithi050.stderr:/usr/bin/ceph:
2023-01-04T18:09:32.204+0000 7f31b8a22700 1 -- --> [v2:172.21.15.50:3300/0,v1:172.21.15.50:6789/0] -- mon_getmap magic: 0 v1 -- 0x7f31b40fb480 con 0x7f31b40faae0
2023-01-04T18:09:32.209 INFO:teuthology.orchestra.run.smithi050.stderr:/usr/bin/ceph:
2023-01-04T18:09:32.204+0000 7f31b259c700 1 --2- >> [v2:172.21.15.50:3300/0,v1:172.21.15.50:6789/0] conn(0x7f31b40faae0 0x7f31b40faf00 unknown :-1 s=BANNER_CONNECTING pgs=0 cs=0 l=0 rev1=0 rx=0 tx=0)._handle_peer_banner_payload supported=1 required=0
2023-01-04T18:09:32.209 INFO:teuthology.orchestra.run.smithi050.stderr:/usr/bin/ceph:
2023-01-04T18:09:32.204+0000 7f31b259c700 1 --2- >> [v2:172.21.15.50:3300/0,v1:172.21.15.50:6789/0] conn(0x7f31b40faae0 0x7f31b40faf00 unknown :-1 s=HELLO_CONNECTING pgs=0 cs=0 l=0 rev1=1 rx=0 tx=0).handle_hello peer v2:172.21.15.50:3300/0 says I am v2:172.21.15.50:43450/0 (socket says 172.21.15.50:43450)
2023-01-04T18:09:32.210 INFO:teuthology.orchestra.run.smithi050.stderr:/usr/bin/ceph:
2023-01-04T18:09:32.204+0000 7f31b259c700 1 -- 172.21.15.50:0/2674557491 learned_addr learned my addr 172.21.15.50:0/2674557491 (peer_addr_for_me v2:172.21.15.50:0/0)
2023-01-04T18:09:32.210 INFO:teuthology.orchestra.run.smithi050.stderr:/usr/bin/ceph:
2023-01-04T18:09:32.204+0000 7f31b259c700 1 -- 172.21.15.50:0/2674557491 --> [v2:172.21.15.50:3300/0,v1:172.21.15.50:6789/0] -- mon_subscribe({config=0+,monmap=0+}) v3 -- 0x7f31b40fb5c0 con 0x7f31b40faae0
2023-01-04T18:09:32.210 INFO:teuthology.orchestra.run.smithi050.stderr:/usr/bin/ceph:
2023-01-04T18:09:32.204+0000 7f31b259c700 1 --2- 172.21.15.50:0/2674557491 >> [v2:172.21.15.50:3300/0,v1:172.21.15.50:6789/0] conn(0x7f31b40faae0 0x7f31b40faf00 secure :-1 s=READY pgs=22 cs=0 l=1 rev1=1 rx=0x7f31a400b5f0 tx=0x7f31a4006ee0).ready entity=mon.0 client_cookie=17212c1da92a740d server_cookie=0 in_seq=0 out_seq=0
2023-01-04T18:09:32.210 INFO:teuthology.orchestra.run.smithi050.stderr:/usr/bin/ceph:
2023-01-04T18:09:32.205+0000 7f31b159a700 1 -- 172.21.15.50:0/2674557491 <== mon.0 v2:172.21.15.50:3300/0 1 ==== mon_map magic: 0 v1 ==== 229+0+0 (secure 0 0 0) 0x7f31a400d600 con 0x7f31b40faae0
2023-01-04T18:09:32.210 INFO:teuthology.orchestra.run.smithi050.stderr:/usr/bin/ceph:
2023-01-04T18:09:32.205+0000 7f31b159a700 1 -- 172.21.15.50:0/2674557491 <== mon.0 v2:172.21.15.50:3300/0 2 ==== config(25 keys) v1 ==== 1010+0+0 (secure 0 0 0) 0x7f31a400dbd0 con 0x7f31b40faae0
2023-01-04T18:09:32.210 INFO:teuthology.orchestra.run.smithi050.stderr:/usr/bin/ceph:
2023-01-04T18:09:32.205+0000 7f31b159a700 1 -- 172.21.15.50:0/2674557491 <== mon.0 v2:172.21.15.50:3300/0 3 ==== mon_map magic: 0 v1 ==== 229+0+0 (secure 0 0 0) 0x7f31a4011c00 con 0x7f31b40faae0
2023-01-04T18:09:32.210 INFO:teuthology.orchestra.run.smithi050.stderr:/usr/bin/ceph:
2023-01-04T18:09:32.205+0000 7f31b8a22700 1 -- 172.21.15.50:0/2674557491 >> [v2:172.21.15.50:3300/0,v1:172.21.15.50:6789/0] conn(0x7f31b40faae0 msgr2=0x7f31b40faf00 secure :-1 s=STATE_CONNECTION_ESTABLISHED l=1).mark_down
2023-01-04T18:09:32.210 INFO:teuthology.orchestra.run.smithi050.stderr:/usr/bin/ceph:
2023-01-04T18:09:32.205+0000 7f31b8a22700 1 --2- 172.21.15.50:0/2674557491 >> [v2:172.21.15.50:3300/0,v1:172.21.15.50:6789/0] conn(0x7f31b40faae0 0x7f31b40faf00 secure :-1 s=READY pgs=22 cs=0 l=1 rev1=1 rx=0x7f31a400b5f0 tx=0x7f31a4006ee0).stop
2023-01-04T18:09:32.210 INFO:teuthology.orchestra.run.smithi050.stderr:/usr/bin/ceph:
2023-01-04T18:09:32.205+0000 7f31b8a22700 1 -- 172.21.15.50:0/2674557491 shutdown_connections
2023-01-04T18:09:32.210 INFO:teuthology.orchestra.run.smithi050.stderr:/usr/bin/ceph:
2023-01-04T18:09:32.205+0000 7f31b8a22700 1 --2- 172.21.15.50:0/2674557491 >> [v2:172.21.15.50:3300/0,v1:172.21.15.50:6789/0] conn(0x7f31b40faae0 0x7f31b40faf00 unknown :-1 s=CLOSED pgs=22 cs=0 l=1 rev1=1 rx=0 tx=0).stop
2023-01-04T18:09:32.210 INFO:teuthology.orchestra.run.smithi050.stderr:/usr/bin/ceph:
2023-01-04T18:09:32.205+0000 7f31b8a22700 1 -- 172.21.15.50:0/2674557491 >> 172.21.15.50:0/2674557491 conn(0x7f31b40f6280 msgr2=0x7f31b40f86a0 unknown :-1 s=STATE_NONE l=0).mark_down
2023-01-04T18:09:32.211 INFO:teuthology.orchestra.run.smithi050.stderr:/usr/bin/ceph:
2023-01-04T18:09:32.205+0000 7f31b8a22700 1 -- 172.21.15.50:0/2674557491 shutdown_connections
2023-01-04T18:09:32.211 INFO:teuthology.orchestra.run.smithi050.stderr:/usr/bin/ceph:
2023-01-04T18:09:32.205+0000 7f31b8a22700 1 -- 172.21.15.50:0/2674557491 wait complete.
2023-01-04T18:09:32.211 INFO:teuthology.orchestra.run.smithi050.stderr:/usr/bin/ceph:
2023-01-04T18:09:32.206+0000 7f31b8a22700 1 Processor -- start
2023-01-04T18:09:32.211 INFO:teuthology.orchestra.run.smithi050.stderr:/usr/bin/ceph:
2023-01-04T18:09:32.206+0000 7f31b8a22700 1 -- start start
2023-01-04T18:09:32.212 INFO:teuthology.orchestra.run.smithi050.stderr:/usr/bin/ceph:
2023-01-04T18:09:32.206+0000 7f31b8a22700 1 --2- >> [v2:172.21.15.50:3300/0,v1:172.21.15.50:6789/0] conn(0x7f31b40faae0 0x7f31b410fb50 unknown :-1 s=NONE pgs=0 cs=0 l=1 rev1=0 rx=0 tx=0).connect
2023-01-04T18:09:32.212 INFO:teuthology.orchestra.run.smithi050.stderr:/usr/bin/ceph:
2023-01-04T18:09:32.206+0000 7f31b8a22700 1 -- --> [v2:172.21.15.50:3300/0,v1:172.21.15.50:6789/0] -- mon_getmap magic: 0 v1 -- 0x7f31b410b540 con 0x7f31b40faae0
2023-01-04T18:09:32.212 INFO:teuthology.orchestra.run.smithi050.stderr:/usr/bin/ceph:
2023-01-04T18:09:32.206+0000 7f31b259c700 1 --2- >> [v2:172.21.15.50:3300/0,v1:172.21.15.50:6789/0] conn(0x7f31b40faae0 0x7f31b410fb50 unknown :-1 s=BANNER_CONNECTING pgs=0 cs=0 l=1 rev1=0 rx=0 tx=0)._handle_peer_banner_payload supported=1 required=0
2023-01-04T18:09:32.213 INFO:teuthology.orchestra.run.smithi050.stderr:/usr/bin/ceph:
2023-01-04T18:09:32.206+0000 7f31b259c700 1 --2- >> [v2:172.21.15.50:3300/0,v1:172.21.15.50:6789/0] conn(0x7f31b40faae0 0x7f31b410fb50 unknown :-1 s=HELLO_CONNECTING pgs=0 cs=0 l=1 rev1=1 rx=0 tx=0).handle_hello peer v2:172.21.15.50:3300/0 says I am v2:172.21.15.50:43456/0 (socket says 172.21.15.50:43456)
2023-01-04T18:09:32.213 INFO:teuthology.orchestra.run.smithi050.stderr:/usr/bin/ceph:
2023-01-04T18:09:32.206+0000 7f31b259c700 1 -- 172.21.15.50:0/3112517102 learned_addr learned my addr 172.21.15.50:0/3112517102 (peer_addr_for_me v2:172.21.15.50:0/0)
2023-01-04T18:09:32.213 INFO:teuthology.orchestra.run.smithi050.stderr:/usr/bin/ceph:
2023-01-04T18:09:32.207+0000 7f31b259c700 1 -- 172.21.15.50:0/3112517102 --> [v2:172.21.15.50:3300/0,v1:172.21.15.50:6789/0] -- mon_subscribe({config=0+,monmap=0+}) v3 -- 0x7f31a400b200 con 0x7f31b40faae0
2023-01-04T18:09:32.213 INFO:teuthology.orchestra.run.smithi050.stderr:/usr/bin/ceph:
2023-01-04T18:09:32.207+0000 7f31b259c700 1 --2- 172.21.15.50:0/3112517102 >> [v2:172.21.15.50:3300/0,v1:172.21.15.50:6789/0] conn(0x7f31b40faae0 0x7f31b410fb50 secure :-1 s=READY pgs=23 cs=0 l=1 rev1=1 rx=0x7f31a4002f40 tx=0x7f31a4006ee0).ready entity=mon.0 client_cookie=0 server_cookie=0 in_seq=0 out_seq=0
2023-01-04T18:09:32.213 INFO:teuthology.orchestra.run.smithi050.stderr:/usr/bin/ceph:
2023-01-04T18:09:32.207+0000 7f31a2ffd700 1 -- 172.21.15.50:0/3112517102 <== mon.0 v2:172.21.15.50:3300/0 1 ==== mon_map magic: 0 v1 ==== 229+0+0 (secure 0 0 0) 0x7f31a4011690 con 0x7f31b40faae0
2023-01-04T18:09:32.213 INFO:teuthology.orchestra.run.smithi050.stderr:/usr/bin/ceph:
2023-01-04T18:09:32.207+0000 7f31a2ffd700 1 -- 172.21.15.50:0/3112517102 <== mon.0 v2:172.21.15.50:3300/0 2 ==== config(25 keys) v1 ==== 1010+0+0 (secure 0 0 0) 0x7f31a401b880 con 0x7f31b40faae0
2023-01-04T18:09:32.213 INFO:teuthology.orchestra.run.smithi050.stderr:/usr/bin/ceph:
2023-01-04T18:09:32.207+0000 7f31b8a22700 1 -- 172.21.15.50:0/3112517102 --> [v2:172.21.15.50:3300/0,v1:172.21.15.50:6789/0] -- mon_subscribe({mgrmap=0+}) v3 -- 0x7f31b406fc50 con 0x7f31b40faae0
2023-01-04T18:09:32.213 INFO:teuthology.orchestra.run.smithi050.stderr:/usr/bin/ceph:
2023-01-04T18:09:32.207+0000 7f31a2ffd700 1 -- 172.21.15.50:0/3112517102 <== mon.0 v2:172.21.15.50:3300/0 3 ==== mon_map magic: 0 v1 ==== 229+0+0 (secure 0 0 0) 0x7f31a401a6b0 con 0x7f31b40faae0
2023-01-04T18:09:32.213 INFO:teuthology.orchestra.run.smithi050.stderr:/usr/bin/ceph:
2023-01-04T18:09:32.207+0000 7f31b8a22700 1 -- 172.21.15.50:0/3112517102 --> [v2:172.21.15.50:3300/0,v1:172.21.15.50:6789/0] -- mon_subscribe({osdmap=0}) v3 -- 0x7f31b4110040 con 0x7f31b40faae0
2023-01-04T18:09:32.213 INFO:teuthology.orchestra.run.smithi050.stderr:/usr/bin/ceph:
2023-01-04T18:09:32.208+0000 7f31a2ffd700 1 -- 172.21.15.50:0/3112517102 <== mon.0 v2:172.21.15.50:3300/0 4 ==== mgrmap(e 5) v1 ==== 36120+0+0 (secure 0 0 0) 0x7f31a400f070 con 0x7f31b40faae0
2023-01-04T18:09:32.213 INFO:teuthology.orchestra.run.smithi050.stderr:/usr/bin/ceph:
2023-01-04T18:09:32.208+0000 7f31a2ffd700 1 --2- 172.21.15.50:0/3112517102 >> [v2:172.21.15.50:6800/27207172,v1:172.21.15.50:6801/27207172] conn(0x7f319802fd50 0x7f3198032210 unknown :-1 s=NONE pgs=0 cs=0 l=1 rev1=0 rx=0 tx=0).connect
2023-01-04T18:09:32.214 INFO:teuthology.orchestra.run.smithi050.stderr:/usr/bin/ceph:
2023-01-04T18:09:32.208+0000 7f31a2ffd700 1 -- 172.21.15.50:0/3112517102 --> [v2:172.21.15.50:6800/27207172,v1:172.21.15.50:6801/27207172] -- command(tid 0: {"prefix": "get_command_descriptions"}) v1 -- 0x7f31980328d0 con 0x7f319802fd50
2023-01-04T18:09:32.214 INFO:teuthology.orchestra.run.smithi050.stderr:/usr/bin/ceph:
2023-01-04T18:09:32.208+0000 7f31a2ffd700 1 -- 172.21.15.50:0/3112517102 <== mon.0 v2:172.21.15.50:3300/0 5 ==== osd_map(1..1 src has 1..1) v4 ==== 754+0+0 (secure 0 0 0) 0x7f31a40410a0 con 0x7f31b40faae0
2023-01-04T18:09:32.214 INFO:teuthology.orchestra.run.smithi050.stderr:/usr/bin/ceph:
2023-01-04T18:09:32.208+0000 7f31b1d9b700 1 -- 172.21.15.50:0/3112517102 >> [v2:172.21.15.50:6800/27207172,v1:172.21.15.50:6801/27207172] conn(0x7f319802fd50 msgr2=0x7f3198032210 unknown :-1 s=STATE_CONNECTING_RE l=1).process reconnect failed to v2:172.21.15.50:6800/27207172
2023-01-04T18:09:32.214 INFO:teuthology.orchestra.run.smithi050.stderr:/usr/bin/ceph:
2023-01-04T18:09:32.208+0000 7f31b1d9b700 1 --2- 172.21.15.50:0/3112517102 >> [v2:172.21.15.50:6800/27207172,v1:172.21.15.50:6801/27207172] conn(0x7f319802fd50 0x7f3198032210 unknown :-1 s=START_CONNECT pgs=0 cs=0 l=1 rev1=0 rx=0 tx=0)._fault waiting 0.200000
2023-01-04T18:09:32.412 INFO:teuthology.orchestra.run.smithi050.stderr:/usr/bin/ceph:
2023-01-04T18:09:32.409+0000 7f31b1d9b700 1 -- 172.21.15.50:0/3112517102 >> [v2:172.21.15.50:6800/27207172,v1:172.21.15.50:6801/27207172] conn(0x7f319802fd50 msgr2=0x7f3198032210 unknown :-1 s=STATE_CONNECTING_RE l=1).process reconnect failed to v2:172.21.15.50:6800/27207172
2023-01-04T18:09:32.412 INFO:teuthology.orchestra.run.smithi050.stderr:/usr/bin/ceph:
2023-01-04T18:09:32.409+0000 7f31b1d9b700 1 --2- 172.21.15.50:0/3112517102 >> [v2:172.21.15.50:6800/27207172,v1:172.21.15.50:6801/27207172] conn(0x7f319802fd50 0x7f3198032210 unknown :-1 s=START_CONNECT pgs=0 cs=0 l=1 rev1=0 rx=0 tx=0)._fault waiting 0.400000
2023-01-04T18:09:32.540 INFO:journalctl@ceph.mon.smithi050.smithi050.stdout:Jan 04 18:09:32 smithi050 ceph-d98671da-8c5a-11ed-821a-001a4aab830c-mon.smithi050[132084]: audit
2023-01-04T18:09:31.284783+0000 mon.smithi050 (mon.0) 28 : audit [DBG] from='client.? 172.21.15.50:0/3007143149' entity='client.admin' cmd=[{"prefix": "mgr stat"}]: dispatch
2023-01-04T18:09:32.813 INFO:teuthology.orchestra.run.smithi050.stderr:/usr/bin/ceph:
2023-01-04T18:09:32.810+0000 7f31b1d9b700 1 -- 172.21.15.50:0/3112517102 >> [v2:172.21.15.50:6800/27207172,v1:172.21.15.50:6801/27207172] conn(0x7f319802fd50 msgr2=0x7f3198032210 unknown :-1 s=STATE_CONNECTING_RE l=1).process reconnect failed to v2:172.21.15.50:6800/27207172
2023-01-04T18:09:32.813 INFO:teuthology.orchestra.run.smithi050.stderr:/usr/bin/ceph:
2023-01-04T18:09:32.810+0000 7f31b1d9b700 1 --2- 172.21.15.50:0/3112517102 >> [v2:172.21.15.50:6800/27207172,v1:172.21.15.50:6801/27207172] conn(0x7f319802fd50 0x7f3198032210 unknown :-1 s=START_CONNECT pgs=0 cs=0 l=1 rev1=0 rx=0 tx=0)._fault waiting 0.800000
2023-01-04T18:09:33.614 INFO:teuthology.orchestra.run.smithi050.stderr:/usr/bin/ceph:
2023-01-04T18:09:33.611+0000 7f31b1d9b700 1 -- 172.21.15.50:0/3112517102 >> [v2:172.21.15.50:6800/27207172,v1:172.21.15.50:6801/27207172] conn(0x7f319802fd50 msgr2=0x7f3198032210 unknown :-1 s=STATE_CONNECTING_RE l=1).process reconnect failed to v2:172.21.15.50:6800/27207172
2023-01-04T18:09:33.614 INFO:teuthology.orchestra.run.smithi050.stderr:/usr/bin/ceph:
2023-01-04T18:09:33.611+0000 7f31b1d9b700 1 --2- 172.21.15.50:0/3112517102 >> [v2:172.21.15.50:6800/27207172,v1:172.21.15.50:6801/27207172] conn(0x7f319802fd50 0x7f3198032210 unknown :-1 s=START_CONNECT pgs=0 cs=0 l=1 rev1=0 rx=0 tx=0)._fault waiting 1.600000
2023-01-04T18:09:35.216 INFO:teuthology.orchestra.run.smithi050.stderr:/usr/bin/ceph:
2023-01-04T18:09:35.212+0000 7f31b1d9b700 1 -- 172.21.15.50:0/3112517102 >> [v2:172.21.15.50:6800/27207172,v1:172.21.15.50:6801/27207172] conn(0x7f319802fd50 msgr2=0x7f3198032210 unknown :-1 s=STATE_CONNECTING_RE l=1).process reconnect failed to v2:172.21.15.50:6800/27207172
2023-01-04T18:09:35.216 INFO:teuthology.orchestra.run.smithi050.stderr:/usr/bin/ceph:
2023-01-04T18:09:35.212+0000 7f31b1d9b700 1 --2- 172.21.15.50:0/3112517102 >> [v2:172.21.15.50:6800/27207172,v1:172.21.15.50:6801/27207172] conn(0x7f319802fd50 0x7f3198032210 unknown :-1 s=START_CONNECT pgs=0 cs=0 l=1 rev1=0 rx=0 tx=0)._fault waiting 3.200000
2023-01-04T18:09:36.164 INFO:teuthology.orchestra.run.smithi050.stderr:/usr/bin/ceph:
2023-01-04T18:09:36.160+0000 7f31a2ffd700 1 -- 172.21.15.50:0/3112517102 <== mon.0 v2:172.21.15.50:3300/0 6 ==== mgrmap(e 6) v1 ==== 35970+0+0 (secure 0 0 0) 0x7f31a4025ce0 con 0x7f31b40faae0
2023-01-04T18:09:36.164 INFO:teuthology.orchestra.run.smithi050.stderr:/usr/bin/ceph:
2023-01-04T18:09:36.160+0000 7f31a2ffd700 1 -- 172.21.15.50:0/3112517102 >> [v2:172.21.15.50:6800/27207172,v1:172.21.15.50:6801/27207172] conn(0x7f319802fd50 msgr2=0x7f3198032210 unknown :-1 s=STATE_CONNECTING l=1).mark_down
2023-01-04T18:09:36.164 INFO:teuthology.orchestra.run.smithi050.stderr:/usr/bin/ceph:
2023-01-04T18:09:36.160+0000 7f31a2ffd700 1 --2- 172.21.15.50:0/3112517102 >> [v2:172.21.15.50:6800/27207172,v1:172.21.15.50:6801/27207172] conn(0x7f319802fd50 0x7f3198032210 unknown :-1 s=START_CONNECT pgs=0 cs=0 l=1 rev1=0 rx=0 tx=0).stop
2023-01-04T18:09:36.790 INFO:journalctl@ceph.mon.smithi050.smithi050.stdout:Jan 04 18:09:36 smithi050 ceph-d98671da-8c5a-11ed-821a-001a4aab830c-mon.smithi050[132084]: cluster
2023-01-04T18:09:35.421175+0000 mon.smithi050 (mon.0) 29 : cluster [INF] Active manager daemon smithi050.emnywo restarted
2023-01-04T18:09:36.791 INFO:journalctl@ceph.mon.smithi050.smithi050.stdout:Jan 04 18:09:36 smithi050 ceph-d98671da-8c5a-11ed-821a-001a4aab830c-mon.smithi050[132084]: cluster
2023-01-04T18:09:35.421669+0000 mon.smithi050 (mon.0) 30 : cluster [INF] Activating manager daemon smithi050.emnywo
2023-01-04T18:09:36.791 INFO:journalctl@ceph.mon.smithi050.smithi050.stdout:Jan 04 18:09:36 smithi050 ceph-d98671da-8c5a-11ed-821a-001a4aab830c-mon.smithi050[132084]: cluster
2023-01-04T18:09:35.423283+0000 mon.smithi050 (mon.0) 31 : cluster [DBG] osdmap e2: 0 total, 0 up, 0 in
2023-01-04T18:09:36.791 INFO:journalctl@ceph.mon.smithi050.smithi050.stdout:Jan 04 18:09:36 smithi050 ceph-d98671da-8c5a-11ed-821a-001a4aab830c-mon.smithi050[132084]: cluster
2023-01-04T18:09:36.163570+0000 mon.smithi050 (mon.0) 32 : cluster [DBG] mgrmap e6: smithi050.emnywo(active, starting, since 0.74199s)
2023-01-04T18:09:36.791 INFO:journalctl@ceph.mon.smithi050.smithi050.stdout:Jan 04 18:09:36 smithi050 ceph-d98671da-8c5a-11ed-821a-001a4aab830c-mon.smithi050[132084]: audit
2023-01-04T18:09:36.164671+0000 mon.smithi050 (mon.0) 33 : audit [DBG] from='mgr.14114 172.21.15.50:0/1748849826' entity='mgr.smithi050.emnywo' cmd=[{"prefix": "mon metadata", "id": "smithi050"}]: dispatch
2023-01-04T18:09:36.791 INFO:journalctl@ceph.mon.smithi050.smithi050.stdout:Jan 04 18:09:36 smithi050 ceph-d98671da-8c5a-11ed-821a-001a4aab830c-mon.smithi050[132084]: audit
2023-01-04T18:09:36.165397+0000 mon.smithi050 (mon.0) 34 : audit [DBG] from='mgr.14114 172.21.15.50:0/1748849826' entity='mgr.smithi050.emnywo' cmd=[{"prefix": "mgr metadata", "who": "smithi050.emnywo", "id": "smithi050.emnywo"}]: dispatch
2023-01-04T18:09:36.791 INFO:journalctl@ceph.mon.smithi050.smithi050.stdout:Jan 04 18:09:36 smithi050 ceph-d98671da-8c5a-11ed-821a-001a4aab830c-mon.smithi050[132084]: audit
2023-01-04T18:09:36.166306+0000 mon.smithi050 (mon.0) 35 : audit [DBG] from='mgr.14114 172.21.15.50:0/1748849826' entity='mgr.smithi050.emnywo' cmd=[{"prefix": "mds metadata"}]: dispatch
2023-01-04T18:09:36.791 INFO:journalctl@ceph.mon.smithi050.smithi050.stdout:Jan 04 18:09:36 smithi050 ceph-d98671da-8c5a-11ed-821a-001a4aab830c-mon.smithi050[132084]: audit
2023-01-04T18:09:36.166628+0000 mon.smithi050 (mon.0) 36 : audit [DBG] from='mgr.14114 172.21.15.50:0/1748849826' entity='mgr.smithi050.emnywo' cmd=[{"prefix": "osd metadata"}]: dispatch
2023-01-04T18:09:36.791 INFO:journalctl@ceph.mon.smithi050.smithi050.stdout:Jan 04 18:09:36 smithi050 ceph-d98671da-8c5a-11ed-821a-001a4aab830c-mon.smithi050[132084]: audit
2023-01-04T18:09:36.166923+0000 mon.smithi050 (mon.0) 37 : audit [DBG] from='mgr.14114 172.21.15.50:0/1748849826' entity='mgr.smithi050.emnywo' cmd=[{"prefix": "mon metadata"}]: dispatch
2023-01-04T18:09:36.791 INFO:journalctl@ceph.mon.smithi050.smithi050.stdout:Jan 04 18:09:36 smithi050 ceph-d98671da-8c5a-11ed-821a-001a4aab830c-mon.smithi050[132084]: cluster
2023-01-04T18:09:36.180880+0000 mon.smithi050 (mon.0) 38 : cluster [INF] Manager daemon smithi050.emnywo is now available
2023-01-04T18:09:36.791 INFO:journalctl@ceph.mon.smithi050.smithi050.stdout:Jan 04 18:09:36 smithi050 ceph-d98671da-8c5a-11ed-821a-001a4aab830c-mon.smithi050[132084]: audit
2023-01-04T18:09:36.196886+0000 mon.smithi050 (mon.0) 39 : audit [INF] from='mgr.14114 172.21.15.50:0/1748849826' entity='mgr.smithi050.emnywo'
2023-01-04T18:09:36.791 INFO:journalctl@ceph.mon.smithi050.smithi050.stdout:Jan 04 18:09:36 smithi050 ceph-d98671da-8c5a-11ed-821a-001a4aab830c-mon.smithi050[132084]: audit
2023-01-04T18:09:36.199914+0000 mon.smithi050 (mon.0) 40 : audit [INF] from='mgr.14114 172.21.15.50:0/1748849826' entity='mgr.smithi050.emnywo'
2023-01-04T18:09:36.792 INFO:journalctl@ceph.mon.smithi050.smithi050.stdout:Jan 04 18:09:36 smithi050 ceph-d98671da-8c5a-11ed-821a-001a4aab830c-mon.smithi050[132084]: audit
2023-01-04T18:09:36.202671+0000 mon.smithi050 (mon.0) 41 : audit [INF] from='mgr.14114 172.21.15.50:0/1748849826' entity='mgr.smithi050.emnywo'
2023-01-04T18:09:36.792 INFO:journalctl@ceph.mon.smithi050.smithi050.stdout:Jan 04 18:09:36 smithi050 ceph-d98671da-8c5a-11ed-821a-001a4aab830c-mon.smithi050[132084]: audit
2023-01-04T18:09:36.302614+0000 mon.smithi050 (mon.0) 42 : audit [INF] from='mgr.14114 172.21.15.50:0/1748849826' entity='mgr.smithi050.emnywo'
