2023-01-04T18:10:17.138+0000 7fa985252700 1 -- 172.21.15.50:0/34877234 >> [v2:172.21.15.50:3300/0,v1:172.21.15.50:6789/0] conn(0x7fa98006fc90 msgr2=0x7fa9800fe7e0 secure :-1 s=STATE_CONNECTION_ESTABLISHED l=1).mark_down
2023-01-04T18:10:17.145 INFO:teuthology.orchestra.run.smithi050.stderr:/usr/bin/ceph:
2023-01-04T18:10:17.138+0000 7fa985252700 1 --2- 172.21.15.50:0/34877234 >> [v2:172.21.15.50:3300/0,v1:172.21.15.50:6789/0] conn(0x7fa98006fc90 0x7fa9800fe7e0 secure :-1 s=READY pgs=81 cs=0 l=1 rev1=1 rx=0x7fa97000b5f0 tx=0x7fa970006ee0).stop
2023-01-04T18:10:17.145 INFO:teuthology.orchestra.run.smithi050.stderr:/usr/bin/ceph:
2023-01-04T18:10:17.138+0000 7fa985252700 1 -- 172.21.15.50:0/34877234 shutdown_connections
2023-01-04T18:10:17.145 INFO:teuthology.orchestra.run.smithi050.stderr:/usr/bin/ceph:
2023-01-04T18:10:17.138+0000 7fa985252700 1 --2- 172.21.15.50:0/34877234 >> [v2:172.21.15.50:3300/0,v1:172.21.15.50:6789/0] conn(0x7fa98006fc90 0x7fa9800fe7e0 unknown :-1 s=CLOSED pgs=81 cs=0 l=1 rev1=1 rx=0 tx=0).stop
2023-01-04T18:10:17.145 INFO:teuthology.orchestra.run.smithi050.stderr:/usr/bin/ceph:
2023-01-04T18:10:17.138+0000 7fa985252700 1 -- 172.21.15.50:0/34877234 >> 172.21.15.50:0/34877234 conn(0x7fa9800f6280 msgr2=0x7fa9800f86a0 unknown :-1 s=STATE_NONE l=0).mark_down
2023-01-04T18:10:17.145 INFO:teuthology.orchestra.run.smithi050.stderr:/usr/bin/ceph:
2023-01-04T18:10:17.138+0000 7fa985252700 1 -- 172.21.15.50:0/34877234 shutdown_connections
2023-01-04T18:10:17.145 INFO:teuthology.orchestra.run.smithi050.stderr:/usr/bin/ceph:
2023-01-04T18:10:17.138+0000 7fa985252700 1 -- 172.21.15.50:0/34877234 wait complete.
2023-01-04T18:10:17.146 INFO:teuthology.orchestra.run.smithi050.stderr:/usr/bin/ceph:
2023-01-04T18:10:17.139+0000 7fa985252700 1 Processor -- start
2023-01-04T18:10:17.146 INFO:teuthology.orchestra.run.smithi050.stderr:/usr/bin/ceph:
2023-01-04T18:10:17.139+0000 7fa985252700 1 -- start start
2023-01-04T18:10:17.146 INFO:teuthology.orchestra.run.smithi050.stderr:/usr/bin/ceph:
2023-01-04T18:10:17.139+0000 7fa985252700 1 --2- >> [v2:172.21.15.50:3300/0,v1:172.21.15.50:6789/0] conn(0x7fa98006fc90 0x7fa98010a9e0 unknown :-1 s=NONE pgs=0 cs=0 l=1 rev1=0 rx=0 tx=0).connect
2023-01-04T18:10:17.146 INFO:teuthology.orchestra.run.smithi050.stderr:/usr/bin/ceph:
2023-01-04T18:10:17.139+0000 7fa985252700 1 -- --> [v2:172.21.15.50:3300/0,v1:172.21.15.50:6789/0] -- mon_getmap magic: 0 v1 -- 0x7fa98010aed0 con 0x7fa98006fc90
2023-01-04T18:10:17.146 INFO:teuthology.orchestra.run.smithi050.stderr:/usr/bin/ceph:
2023-01-04T18:10:17.139+0000 7fa97ed9d700 1 --2- >> [v2:172.21.15.50:3300/0,v1:172.21.15.50:6789/0] conn(0x7fa98006fc90 0x7fa98010a9e0 unknown :-1 s=BANNER_CONNECTING pgs=0 cs=0 l=1 rev1=0 rx=0 tx=0)._handle_peer_banner_payload supported=1 required=0
2023-01-04T18:10:17.146 INFO:teuthology.orchestra.run.smithi050.stderr:/usr/bin/ceph:
2023-01-04T18:10:17.139+0000 7fa97ed9d700 1 --2- >> [v2:172.21.15.50:3300/0,v1:172.21.15.50:6789/0] conn(0x7fa98006fc90 0x7fa98010a9e0 unknown :-1 s=HELLO_CONNECTING pgs=0 cs=0 l=1 rev1=1 rx=0 tx=0).handle_hello peer v2:172.21.15.50:3300/0 says I am v2:172.21.15.50:56134/0 (socket says 172.21.15.50:56134)
2023-01-04T18:10:17.146 INFO:teuthology.orchestra.run.smithi050.stderr:/usr/bin/ceph:
2023-01-04T18:10:17.139+0000 7fa97ed9d700 1 -- 172.21.15.50:0/118899851 learned_addr learned my addr 172.21.15.50:0/118899851 (peer_addr_for_me v2:172.21.15.50:0/0)
2023-01-04T18:10:17.146 INFO:teuthology.orchestra.run.smithi050.stderr:/usr/bin/ceph:
2023-01-04T18:10:17.139+0000 7fa97ed9d700 1 -- 172.21.15.50:0/118899851 --> [v2:172.21.15.50:3300/0,v1:172.21.15.50:6789/0] -- mon_subscribe({config=0+,monmap=0+}) v3 -- 0x7fa97000b200 con 0x7fa98006fc90
2023-01-04T18:10:17.146 INFO:teuthology.orchestra.run.smithi050.stderr:/usr/bin/ceph:
2023-01-04T18:10:17.140+0000 7fa97ed9d700 1 --2- 172.21.15.50:0/118899851 >> [v2:172.21.15.50:3300/0,v1:172.21.15.50:6789/0] conn(0x7fa98006fc90 0x7fa98010a9e0 secure :-1 s=READY pgs=82 cs=0 l=1 rev1=1 rx=0x7fa970006cb0 tx=0x7fa970006ee0).ready entity=mon.0 client_cookie=0 server_cookie=0 in_seq=0 out_seq=0
2023-01-04T18:10:17.146 INFO:teuthology.orchestra.run.smithi050.stderr:/usr/bin/ceph:
2023-01-04T18:10:17.140+0000 7fa9777fe700 1 -- 172.21.15.50:0/118899851 <== mon.0 v2:172.21.15.50:3300/0 1 ==== mon_map magic: 0 v1 ==== 229+0+0 (secure 0 0 0) 0x7fa970011df0 con 0x7fa98006fc90
2023-01-04T18:10:17.147 INFO:teuthology.orchestra.run.smithi050.stderr:/usr/bin/ceph:
2023-01-04T18:10:17.140+0000 7fa9777fe700 1 -- 172.21.15.50:0/118899851 <== mon.0 v2:172.21.15.50:3300/0 2 ==== config(25 keys) v1 ==== 1074+0+0 (secure 0 0 0) 0x7fa97001b8c0 con 0x7fa98006fc90
2023-01-04T18:10:17.147 INFO:teuthology.orchestra.run.smithi050.stderr:/usr/bin/ceph:
2023-01-04T18:10:17.140+0000 7fa985252700 1 -- 172.21.15.50:0/118899851 --> [v2:172.21.15.50:3300/0,v1:172.21.15.50:6789/0] -- mon_subscribe({mgrmap=0+}) v3 -- 0x7fa98010b0d0 con 0x7fa98006fc90
2023-01-04T18:10:17.147 INFO:teuthology.orchestra.run.smithi050.stderr:/usr/bin/ceph:
2023-01-04T18:10:17.140+0000 7fa9777fe700 1 -- 172.21.15.50:0/118899851 <== mon.0 v2:172.21.15.50:3300/0 3 ==== mon_map magic: 0 v1 ==== 229+0+0 (secure 0 0 0) 0x7fa97001a930 con 0x7fa98006fc90
2023-01-04T18:10:17.147 INFO:teuthology.orchestra.run.smithi050.stderr:/usr/bin/ceph:
2023-01-04T18:10:17.140+0000 7fa985252700 1 -- 172.21.15.50:0/118899851 --> [v2:172.21.15.50:3300/0,v1:172.21.15.50:6789/0] -- mon_subscribe({osdmap=0}) v3 -- 0x7fa98010b4e0 con 0x7fa98006fc90
2023-01-04T18:10:17.147 INFO:teuthology.orchestra.run.smithi050.stderr:/usr/bin/ceph:
2023-01-04T18:10:17.141+0000 7fa9777fe700 1 -- 172.21.15.50:0/118899851 <== mon.0 v2:172.21.15.50:3300/0 4 ==== mgrmap(e 16) v1 ==== 36208+0+0 (secure 0 0 0) 0x7fa97000f070 con 0x7fa98006fc90
2023-01-04T18:10:17.147 INFO:teuthology.orchestra.run.smithi050.stderr:/usr/bin/ceph:
2023-01-04T18:10:17.141+0000 7fa9777fe700 1 --2- 172.21.15.50:0/118899851 >> [v2:172.21.15.50:6800/2223914843,v1:172.21.15.50:6801/2223914843] conn(0x7fa96002feb0 0x7fa960032370 unknown :-1 s=NONE pgs=0 cs=0 l=1 rev1=0 rx=0 tx=0).connect
2023-01-04T18:10:17.147 INFO:teuthology.orchestra.run.smithi050.stderr:/usr/bin/ceph:
2023-01-04T18:10:17.141+0000 7fa9777fe700 1 -- 172.21.15.50:0/118899851 <== mon.0 v2:172.21.15.50:3300/0 5 ==== osd_map(4..4 src has 1..4) v4 ==== 1270+0+0 (secure 0 0 0) 0x7fa9700410a0 con 0x7fa98006fc90
2023-01-04T18:10:17.147 INFO:teuthology.orchestra.run.smithi050.stderr:/usr/bin/ceph:
2023-01-04T18:10:17.141+0000 7fa97e59c700 1 --2- 172.21.15.50:0/118899851 >> [v2:172.21.15.50:6800/2223914843,v1:172.21.15.50:6801/2223914843] conn(0x7fa96002feb0 0x7fa960032370 unknown :-1 s=BANNER_CONNECTING pgs=0 cs=0 l=1 rev1=0 rx=0 tx=0)._handle_peer_banner_payload supported=1 required=0
2023-01-04T18:10:17.147 INFO:teuthology.orchestra.run.smithi050.stderr:/usr/bin/ceph:
2023-01-04T18:10:17.141+0000 7fa985252700 1 -- 172.21.15.50:0/118899851 --> [v2:172.21.15.50:3300/0,v1:172.21.15.50:6789/0] -- mon_command({"prefix": "get_command_descriptions"} v 0) v1 -- 0x7fa980059100 con 0x7fa98006fc90
2023-01-04T18:10:17.147 INFO:teuthology.orchestra.run.smithi050.stderr:/usr/bin/ceph:
2023-01-04T18:10:17.141+0000 7fa97e59c700 1 --2- 172.21.15.50:0/118899851 >> [v2:172.21.15.50:6800/2223914843,v1:172.21.15.50:6801/2223914843] conn(0x7fa96002feb0 0x7fa960032370 secure :-1 s=READY pgs=7 cs=0 l=1 rev1=1 rx=0x7fa9680096a0 tx=0x7fa968006b40).ready entity=mgr.14162 client_cookie=0 server_cookie=0 in_seq=0 out_seq=0
2023-01-04T18:10:17.148 INFO:teuthology.orchestra.run.smithi050.stderr:/usr/bin/ceph:
2023-01-04T18:10:17.145+0000 7fa9777fe700 1 -- 172.21.15.50:0/118899851 <== mon.0 v2:172.21.15.50:3300/0 6 ==== mon_command_ack([{"prefix": "get_command_descriptions"}]=0 v0) v1 ==== 72+0+152212 (secure 0 0 0) 0x7fa970016070 con 0x7fa98006fc90
2023-01-04T18:10:17.325 INFO:teuthology.orchestra.run.smithi050.stderr:/usr/bin/ceph:
2023-01-04T18:10:17.321+0000 7fa985252700 1 -- 172.21.15.50:0/118899851 --> [v2:172.21.15.50:6800/2223914843,v1:172.21.15.50:6801/2223914843] -- mgr_command(tid 0: {"prefix": "dashboard ac-user-create", "username": "admin", "rolename": "administrator", "force_password": true, "pwd_update_required": true, "target": ["mon-mgr", ""]}) v1 -- 0x7fa980045ad0 con 0x7fa96002feb0
2023-01-04T18:10:17.570 INFO:teuthology.orchestra.run.smithi050.stderr:/usr/bin/ceph:
2023-01-04T18:10:17.567+0000 7fa9777fe700 1 -- 172.21.15.50:0/118899851 <== mgr.14162 v2:172.21.15.50:6800/2223914843 1 ==== mgr_command_reply(tid 0: 0 ) v1 ==== 8+0+252 (secure 0 0 0) 0x7fa980045ad0 con 0x7fa96002feb0
2023-01-04T18:10:17.570 INFO:teuthology.orchestra.run.smithi050.stderr:/usr/bin/ceph: {"username": "admin", "password": "$2b$12$7w6bE0Ux9fbvFZ00uvj5kuj3AsYzzseaoYS0Gi79kIZSXrpqcYWJm", "roles": ["administrator"], "name": null, "email": null, "lastUpdate": 1672855817, "enabled": true, "pwdExpirationDate": null, "pwdUpdateRequired": true}
2023-01-04T18:10:17.572 INFO:teuthology.orchestra.run.smithi050.stderr:/usr/bin/ceph:
2023-01-04T18:10:17.568+0000 7fa985252700 1 -- 172.21.15.50:0/118899851 >> [v2:172.21.15.50:6800/2223914843,v1:172.21.15.50:6801/2223914843] conn(0x7fa96002feb0 msgr2=0x7fa960032370 secure :-1 s=STATE_CONNECTION_ESTABLISHED l=1).mark_down
2023-01-04T18:10:17.573 INFO:teuthology.orchestra.run.smithi050.stderr:/usr/bin/ceph:
2023-01-04T18:10:17.568+0000 7fa985252700 1 --2- 172.21.15.50:0/118899851 >> [v2:172.21.15.50:6800/2223914843,v1:172.21.15.50:6801/2223914843] conn(0x7fa96002feb0 0x7fa960032370 secure :-1 s=READY pgs=7 cs=0 l=1 rev1=1 rx=0x7fa9680096a0 tx=0x7fa968006b40).stop
2023-01-04T18:10:17.573 INFO:teuthology.orchestra.run.smithi050.stderr:/usr/bin/ceph:
2023-01-04T18:10:17.568+0000 7fa985252700 1 -- 172.21.15.50:0/118899851 >> [v2:172.21.15.50:3300/0,v1:172.21.15.50:6789/0] conn(0x7fa98006fc90 msgr2=0x7fa98010a9e0 secure :-1 s=STATE_CONNECTION_ESTABLISHED l=1).mark_down
2023-01-04T18:10:17.573 INFO:teuthology.orchestra.run.smithi050.stderr:/usr/bin/ceph:
2023-01-04T18:10:17.568+0000 7fa985252700 1 --2- 172.21.15.50:0/118899851 >> [v2:172.21.15.50:3300/0,v1:172.21.15.50:6789/0] conn(0x7fa98006fc90 0x7fa98010a9e0 secure :-1 s=READY pgs=82 cs=0 l=1 rev1=1 rx=0x7fa970006cb0 tx=0x7fa970006ee0).stop
2023-01-04T18:10:17.573 INFO:teuthology.orchestra.run.smithi050.stderr:/usr/bin/ceph:
2023-01-04T18:10:17.569+0000 7fa985252700 1 -- 172.21.15.50:0/118899851 shutdown_connections
2023-01-04T18:10:17.573 INFO:teuthology.orchestra.run.smithi050.stderr:/usr/bin/ceph:
2023-01-04T18:10:17.569+0000 7fa985252700 1 --2- 172.21.15.50:0/118899851 >> [v2:172.21.15.50:6800/2223914843,v1:172.21.15.50:6801/2223914843] conn(0x7fa96002feb0 0x7fa960032370 unknown :-1 s=CLOSED pgs=7 cs=0 l=1 rev1=1 rx=0 tx=0).stop
2023-01-04T18:10:17.573 INFO:teuthology.orchestra.run.smithi050.stderr:/usr/bin/ceph:
2023-01-04T18:10:17.569+0000 7fa985252700 1 --2- 172.21.15.50:0/118899851 >> [v2:172.21.15.50:3300/0,v1:172.21.15.50:6789/0] conn(0x7fa98006fc90 0x7fa98010a9e0 unknown :-1 s=CLOSED pgs=82 cs=0 l=1 rev1=1 rx=0 tx=0).stop
2023-01-04T18:10:17.573 INFO:teuthology.orchestra.run.smithi050.stderr:/usr/bin/ceph:
2023-01-04T18:10:17.569+0000 7fa985252700 1 -- 172.21.15.50:0/118899851 >> 172.21.15.50:0/118899851 conn(0x7fa9800f6280 msgr2=0x7fa9800f7de0 unknown :-1 s=STATE_NONE l=0).mark_down
2023-01-04T18:10:17.573 INFO:teuthology.orchestra.run.smithi050.stderr:/usr/bin/ceph:
2023-01-04T18:10:17.569+0000 7fa985252700 1 -- 172.21.15.50:0/118899851 shutdown_connections
2023-01-04T18:10:17.573 INFO:teuthology.orchestra.run.smithi050.stderr:/usr/bin/ceph:
2023-01-04T18:10:17.569+0000 7fa985252700 1 -- 172.21.15.50:0/118899851 wait complete.
2023-01-04T18:10:17.912 INFO:teuthology.orchestra.run.smithi050.stderr:Fetching dashboard port number...
2023-01-04T18:10:17.912 INFO:teuthology.orchestra.run.smithi050.stderr:Running command: /bin/podman run --rm --ipc=host --no-hosts --net=host --entrypoint /usr/bin/ceph --init -e CONTAINER_IMAGE=docker.io/ceph/ceph:v16.2.4 -e NODE_NAME=smithi050 -e CEPH_USE_RANDOM_NONCE=1 -v /var/log/ceph/d98671da-8c5a-11ed-821a-001a4aab830c:/var/log/ceph:z -v /tmp/ceph-tmphq0e1x6f:/etc/ceph/ceph.client.admin.keyring:z -v /tmp/ceph-tmpccxsaw_n:/etc/ceph/ceph.conf:z docker.io/ceph/ceph:v16.2.4 config get mgr mgr/dashboard/ssl_server_port
2023-01-04T18:10:18.359 INFO:teuthology.orchestra.run.smithi050.stderr:/usr/bin/ceph:
2023-01-04T18:10:18.355+0000 7f7670ff2700 1 Processor -- start
2023-01-04T18:10:18.359 INFO:teuthology.orchestra.run.smithi050.stderr:/usr/bin/ceph:
2023-01-04T18:10:18.355+0000 7f7670ff2700 1 -- start start
2023-01-04T18:10:18.359 INFO:teuthology.orchestra.run.smithi050.stderr:/usr/bin/ceph:
2023-01-04T18:10:18.355+0000 7f7670ff2700 1 --2- >> [v2:172.21.15.50:3300/0,v1:172.21.15.50:6789/0] conn(0x7f766c06fcd0 0x7f766c0fe7a0 unknown :-1 s=NONE pgs=0 cs=0 l=0 rev1=0 rx=0 tx=0).connect
2023-01-04T18:10:18.360 INFO:teuthology.orchestra.run.smithi050.stderr:/usr/bin/ceph:
2023-01-04T18:10:18.356+0000 7f7670ff2700 1 -- --> [v2:172.21.15.50:3300/0,v1:172.21.15.50:6789/0] -- mon_getmap magic: 0 v1 -- 0x7f766c0fed20 con 0x7f766c06fcd0
2023-01-04T18:10:18.360 INFO:teuthology.orchestra.run.smithi050.stderr:/usr/bin/ceph:
2023-01-04T18:10:18.356+0000 7f766a59c700 1 --2- >> [v2:172.21.15.50:3300/0,v1:172.21.15.50:6789/0] conn(0x7f766c06fcd0 0x7f766c0fe7a0 unknown :-1 s=BANNER_CONNECTING pgs=0 cs=0 l=0 rev1=0 rx=0 tx=0)._handle_peer_banner_payload supported=1 required=0
2023-01-04T18:10:18.360 INFO:teuthology.orchestra.run.smithi050.stderr:/usr/bin/ceph:
2023-01-04T18:10:18.356+0000 7f766a59c700 1 --2- >> [v2:172.21.15.50:3300/0,v1:172.21.15.50:6789/0] conn(0x7f766c06fcd0 0x7f766c0fe7a0 unknown :-1 s=HELLO_CONNECTING pgs=0 cs=0 l=0 rev1=1 rx=0 tx=0).handle_hello peer v2:172.21.15.50:3300/0 says I am v2:172.21.15.50:56140/0 (socket says 172.21.15.50:56140)
2023-01-04T18:10:18.360 INFO:teuthology.orchestra.run.smithi050.stderr:/usr/bin/ceph:
2023-01-04T18:10:18.356+0000 7f766a59c700 1 -- 172.21.15.50:0/2955019956 learned_addr learned my addr 172.21.15.50:0/2955019956 (peer_addr_for_me v2:172.21.15.50:0/0)
2023-01-04T18:10:18.362 INFO:teuthology.orchestra.run.smithi050.stderr:/usr/bin/ceph:
2023-01-04T18:10:18.356+0000 7f766a59c700 1 -- 172.21.15.50:0/2955019956 --> [v2:172.21.15.50:3300/0,v1:172.21.15.50:6789/0] -- mon_subscribe({config=0+,monmap=0+}) v3 -- 0x7f766c0fee60 con 0x7f766c06fcd0
2023-01-04T18:10:18.363 INFO:teuthology.orchestra.run.smithi050.stderr:/usr/bin/ceph:
2023-01-04T18:10:18.356+0000 7f766a59c700 1 --2- 172.21.15.50:0/2955019956 >> [v2:172.21.15.50:3300/0,v1:172.21.15.50:6789/0] conn(0x7f766c06fcd0 0x7f766c0fe7a0 secure :-1 s=READY pgs=83 cs=0 l=1 rev1=1 rx=0x7f765c00b5f0 tx=0x7f765c006ee0).ready entity=mon.0 client_cookie=ea4cd1b2098675ec server_cookie=0 in_seq=0 out_seq=0
2023-01-04T18:10:18.363 INFO:teuthology.orchestra.run.smithi050.stderr:/usr/bin/ceph:
2023-01-04T18:10:18.356+0000 7f766959a700 1 -- 172.21.15.50:0/2955019956 <== mon.0 v2:172.21.15.50:3300/0 1 ==== mon_map magic: 0 v1 ==== 229+0+0 (secure 0 0 0) 0x7f765c00d600 con 0x7f766c06fcd0
2023-01-04T18:10:18.363 INFO:teuthology.orchestra.run.smithi050.stderr:/usr/bin/ceph:
2023-01-04T18:10:18.356+0000 7f766959a700 1 -- 172.21.15.50:0/2955019956 <== mon.0 v2:172.21.15.50:3300/0 2 ==== config(25 keys) v1 ==== 1074+0+0 (secure 0 0 0) 0x7f765c00dc10 con 0x7f766c06fcd0
2023-01-04T18:10:18.363 INFO:teuthology.orchestra.run.smithi050.stderr:/usr/bin/ceph:
2023-01-04T18:10:18.356+0000 7f766959a700 1 -- 172.21.15.50:0/2955019956 <== mon.0 v2:172.21.15.50:3300/0 3 ==== mon_map magic: 0 v1 ==== 229+0+0 (secure 0 0 0) 0x7f765c011cd0 con 0x7f766c06fcd0
2023-01-04T18:10:18.363 INFO:teuthology.orchestra.run.smithi050.stderr:/usr/bin/ceph:
2023-01-04T18:10:18.357+0000 7f7670ff2700 1 -- 172.21.15.50:0/2955019956 >> [v2:172.21.15.50:3300/0,v1:172.21.15.50:6789/0] conn(0x7f766c06fcd0 msgr2=0x7f766c0fe7a0 secure :-1 s=STATE_CONNECTION_ESTABLISHED l=1).mark_down
2023-01-04T18:10:18.363 INFO:teuthology.orchestra.run.smithi050.stderr:/usr/bin/ceph:
2023-01-04T18:10:18.357+0000 7f7670ff2700 1 --2- 172.21.15.50:0/2955019956 >> [v2:172.21.15.50:3300/0,v1:172.21.15.50:6789/0] conn(0x7f766c06fcd0 0x7f766c0fe7a0 secure :-1 s=READY pgs=83 cs=0 l=1 rev1=1 rx=0x7f765c00b5f0 tx=0x7f765c006ee0).stop
2023-01-04T18:10:18.363 INFO:teuthology.orchestra.run.smithi050.stderr:/usr/bin/ceph:
2023-01-04T18:10:18.357+0000 7f7670ff2700 1 -- 172.21.15.50:0/2955019956 shutdown_connections
2023-01-04T18:10:18.363 INFO:teuthology.orchestra.run.smithi050.stderr:/usr/bin/ceph:
2023-01-04T18:10:18.357+0000 7f7670ff2700 1 --2- 172.21.15.50:0/2955019956 >> [v2:172.21.15.50:3300/0,v1:172.21.15.50:6789/0] conn(0x7f766c06fcd0 0x7f766c0fe7a0 unknown :-1 s=CLOSED pgs=83 cs=0 l=1 rev1=1 rx=0 tx=0).stop
2023-01-04T18:10:18.363 INFO:teuthology.orchestra.run.smithi050.stderr:/usr/bin/ceph:
2023-01-04T18:10:18.357+0000 7f7670ff2700 1 -- 172.21.15.50:0/2955019956 >> 172.21.15.50:0/2955019956 conn(0x7f766c0f6280 msgr2=0x7f766c0f86a0 unknown :-1 s=STATE_NONE l=0).mark_down
2023-01-04T18:10:18.363 INFO:teuthology.orchestra.run.smithi050.stderr:/usr/bin/ceph:
2023-01-04T18:10:18.357+0000 7f7670ff2700 1 -- 172.21.15.50:0/2955019956 shutdown_connections
2023-01-04T18:10:18.364 INFO:teuthology.orchestra.run.smithi050.stderr:/usr/bin/ceph:
2023-01-04T18:10:18.357+0000 7f7670ff2700 1 -- 172.21.15.50:0/2955019956 wait complete.
2023-01-04T18:10:18.364 INFO:teuthology.orchestra.run.smithi050.stderr:/usr/bin/ceph:
2023-01-04T18:10:18.358+0000 7f7670ff2700 1 Processor -- start
2023-01-04T18:10:18.364 INFO:teuthology.orchestra.run.smithi050.stderr:/usr/bin/ceph:
2023-01-04T18:10:18.358+0000 7f7670ff2700 1 -- start start
2023-01-04T18:10:18.364 INFO:teuthology.orchestra.run.smithi050.stderr:/usr/bin/ceph:
2023-01-04T18:10:18.358+0000 7f7670ff2700 1 --2- >> [v2:172.21.15.50:3300/0,v1:172.21.15.50:6789/0] conn(0x7f766c06fcd0 0x7f766c0fc220 unknown :-1 s=NONE pgs=0 cs=0 l=1 rev1=0 rx=0 tx=0).connect
2023-01-04T18:10:18.364 INFO:teuthology.orchestra.run.smithi050.stderr:/usr/bin/ceph:
2023-01-04T18:10:18.358+0000 7f7670ff2700 1 -- --> [v2:172.21.15.50:3300/0,v1:172.21.15.50:6789/0] -- mon_getmap magic: 0 v1 -- 0x7f766c0fa6a0 con 0x7f766c06fcd0
2023-01-04T18:10:18.364 INFO:teuthology.orchestra.run.smithi050.stderr:/usr/bin/ceph:
2023-01-04T18:10:18.358+0000 7f766a59c700 1 --2- >> [v2:172.21.15.50:3300/0,v1:172.21.15.50:6789/0] conn(0x7f766c06fcd0 0x7f766c0fc220 unknown :-1 s=BANNER_CONNECTING pgs=0 cs=0 l=1 rev1=0 rx=0 tx=0)._handle_peer_banner_payload supported=1 required=0
2023-01-04T18:10:18.364 INFO:teuthology.orchestra.run.smithi050.stderr:/usr/bin/ceph:
2023-01-04T18:10:18.358+0000 7f766a59c700 1 --2- >> [v2:172.21.15.50:3300/0,v1:172.21.15.50:6789/0] conn(0x7f766c06fcd0 0x7f766c0fc220 unknown :-1 s=HELLO_CONNECTING pgs=0 cs=0 l=1 rev1=1 rx=0 tx=0).handle_hello peer v2:172.21.15.50:3300/0 says I am v2:172.21.15.50:56154/0 (socket says 172.21.15.50:56154)
2023-01-04T18:10:18.364 INFO:teuthology.orchestra.run.smithi050.stderr:/usr/bin/ceph:
2023-01-04T18:10:18.358+0000 7f766a59c700 1 -- 172.21.15.50:0/4131139253 learned_addr learned my addr 172.21.15.50:0/4131139253 (peer_addr_for_me v2:172.21.15.50:0/0)
2023-01-04T18:10:18.364 INFO:teuthology.orchestra.run.smithi050.stderr:/usr/bin/ceph:
2023-01-04T18:10:18.358+0000 7f766a59c700 1 -- 172.21.15.50:0/4131139253 --> [v2:172.21.15.50:3300/0,v1:172.21.15.50:6789/0] -- mon_subscribe({config=0+,monmap=0+}) v3 -- 0x7f765c00b200 con 0x7f766c06fcd0
2023-01-04T18:10:18.364 INFO:teuthology.orchestra.run.smithi050.stderr:/usr/bin/ceph:
2023-01-04T18:10:18.358+0000 7f766a59c700 1 --2- 172.21.15.50:0/4131139253 >> [v2:172.21.15.50:3300/0,v1:172.21.15.50:6789/0] conn(0x7f766c06fcd0 0x7f766c0fc220 secure :-1 s=READY pgs=84 cs=0 l=1 rev1=1 rx=0x7f765c00b1d0 tx=0x7f765c006ee0).ready entity=mon.0 client_cookie=0 server_cookie=0 in_seq=0 out_seq=0
2023-01-04T18:10:18.364 INFO:teuthology.orchestra.run.smithi050.stderr:/usr/bin/ceph:
2023-01-04T18:10:18.359+0000 7f7662ffd700 1 -- 172.21.15.50:0/4131139253 <== mon.0 v2:172.21.15.50:3300/0 1 ==== mon_map magic: 0 v1 ==== 229+0+0 (secure 0 0 0) 0x7f765c011df0 con 0x7f766c06fcd0
2023-01-04T18:10:18.364 INFO:teuthology.orchestra.run.smithi050.stderr:/usr/bin/ceph:
2023-01-04T18:10:18.359+0000 7f7662ffd700 1 -- 172.21.15.50:0/4131139253 <== mon.0 v2:172.21.15.50:3300/0 2 ==== config(25 keys) v1 ==== 1074+0+0 (secure 0 0 0) 0x7f765c01b8c0 con 0x7f766c06fcd0
2023-01-04T18:10:18.365 INFO:teuthology.orchestra.run.smithi050.stderr:/usr/bin/ceph:
2023-01-04T18:10:18.359+0000 7f7662ffd700 1 -- 172.21.15.50:0/4131139253 <== mon.0 v2:172.21.15.50:3300/0 3 ==== mon_map magic: 0 v1 ==== 229+0+0 (secure 0 0 0) 0x7f765c01a7b0 con 0x7f766c06fcd0
2023-01-04T18:10:18.365 INFO:teuthology.orchestra.run.smithi050.stderr:/usr/bin/ceph:
2023-01-04T18:10:18.359+0000 7f7670ff2700 1 -- 172.21.15.50:0/4131139253 --> [v2:172.21.15.50:3300/0,v1:172.21.15.50:6789/0] -- mon_subscribe({mgrmap=0+}) v3 -- 0x7f766c0fa840 con 0x7f766c06fcd0
2023-01-04T18:10:18.365 INFO:teuthology.orchestra.run.smithi050.stderr:/usr/bin/ceph:
2023-01-04T18:10:18.359+0000 7f7670ff2700 1 -- 172.21.15.50:0/4131139253 --> [v2:172.21.15.50:3300/0,v1:172.21.15.50:6789/0] -- mon_subscribe({osdmap=0}) v3 -- 0x7f766c0fac50 con 0x7f766c06fcd0
2023-01-04T18:10:18.365 INFO:teuthology.orchestra.run.smithi050.stderr:/usr/bin/ceph:
2023-01-04T18:10:18.359+0000 7f7662ffd700 1 -- 172.21.15.50:0/4131139253 <== mon.0 v2:172.21.15.50:3300/0 4 ==== mgrmap(e 16) v1 ==== 36208+0+0 (secure 0 0 0) 0x7f765c00f070 con 0x7f766c06fcd0
2023-01-04T18:10:18.365 INFO:teuthology.orchestra.run.smithi050.stderr:/usr/bin/ceph:
2023-01-04T18:10:18.360+0000 7f7662ffd700 1 --2- 172.21.15.50:0/4131139253 >> [v2:172.21.15.50:6800/2223914843,v1:172.21.15.50:6801/2223914843] conn(0x7f764c02ff00 0x7f764c0323c0 unknown :-1 s=NONE pgs=0 cs=0 l=1 rev1=0 rx=0 tx=0).connect
2023-01-04T18:10:18.366 INFO:teuthology.orchestra.run.smithi050.stderr:/usr/bin/ceph:
2023-01-04T18:10:18.360+0000 7f7662ffd700 1 -- 172.21.15.50:0/4131139253 <== mon.0 v2:172.21.15.50:3300/0 5 ==== osd_map(4..4 src has 1..4) v4 ==== 1270+0+0 (secure 0 0 0) 0x7f765c0413c0 con 0x7f766c06fcd0
2023-01-04T18:10:18.366 INFO:teuthology.orchestra.run.smithi050.stderr:/usr/bin/ceph:
2023-01-04T18:10:18.360+0000 7f7669d9b700 1 --2- 172.21.15.50:0/4131139253 >> [v2:172.21.15.50:6800/2223914843,v1:172.21.15.50:6801/2223914843] conn(0x7f764c02ff00 0x7f764c0323c0 unknown :-1 s=BANNER_CONNECTING pgs=0 cs=0 l=1 rev1=0 rx=0 tx=0)._handle_peer_banner_payload supported=1 required=0
2023-01-04T18:10:18.366 INFO:teuthology.orchestra.run.smithi050.stderr:/usr/bin/ceph:
2023-01-04T18:10:18.360+0000 7f7670ff2700 1 -- 172.21.15.50:0/4131139253 --> [v2:172.21.15.50:3300/0,v1:172.21.15.50:6789/0] -- mon_command({"prefix": "get_command_descriptions"} v 0) v1 -- 0x7f766c059100 con 0x7f766c06fcd0
2023-01-04T18:10:18.366 INFO:teuthology.orchestra.run.smithi050.stderr:/usr/bin/ceph:
2023-01-04T18:10:18.360+0000 7f7669d9b700 1 --2- 172.21.15.50:0/4131139253 >> [v2:172.21.15.50:6800/2223914843,v1:172.21.15.50:6801/2223914843] conn(0x7f764c02ff00 0x7f764c0323c0 secure :-1 s=READY pgs=8 cs=0 l=1 rev1=1 rx=0x7f76540096a0 tx=0x7f7654006b40).ready entity=mgr.14162 client_cookie=0 server_cookie=0 in_seq=0 out_seq=0
2023-01-04T18:10:18.367 INFO:teuthology.orchestra.run.smithi050.stderr:/usr/bin/ceph:
2023-01-04T18:10:18.364+0000 7f7662ffd700 1 -- 172.21.15.50:0/4131139253 <== mon.0 v2:172.21.15.50:3300/0 6 ==== mon_command_ack([{"prefix": "get_command_descriptions"}]=0 v0) v1 ==== 72+0+152212 (secure 0 0 0) 0x7f765c016030 con 0x7f766c06fcd0
2023-01-04T18:10:18.529 INFO:teuthology.orchestra.run.smithi050.stderr:/usr/bin/ceph:
2023-01-04T18:10:18.525+0000 7f7670ff2700 1 -- 172.21.15.50:0/4131139253 --> [v2:172.21.15.50:3300/0,v1:172.21.15.50:6789/0] -- mon_command({"prefix": "config get", "who": "mgr", "key": "mgr/dashboard/ssl_server_port"} v 0) v1 -- 0x7f766c045ad0 con 0x7f766c06fcd0
2023-01-04T18:10:18.529 INFO:teuthology.orchestra.run.smithi050.stderr:/usr/bin/ceph:
2023-01-04T18:10:18.526+0000 7f7662ffd700 1 -- 172.21.15.50:0/4131139253 <== mon.0 v2:172.21.15.50:3300/0 7 ==== mon_command_ack([{"prefix": "config get", "who": "mgr", "key": "mgr/dashboard/ssl_server_port"}]=0 v10) v1 ==== 112+0+5 (secure 0 0 0) 0x7f765c019950 con 0x7f766c06fcd0
2023-01-04T18:10:18.529 INFO:teuthology.orchestra.run.smithi050.stderr:/usr/bin/ceph: 8443
2023-01-04T18:10:18.532 INFO:teuthology.orchestra.run.smithi050.stderr:/usr/bin/ceph:
2023-01-04T18:10:18.528+0000 7f7670ff2700 1 -- 172.21.15.50:0/4131139253 >> [v2:172.21.15.50:6800/2223914843,v1:172.21.15.50:6801/2223914843] conn(0x7f764c02ff00 msgr2=0x7f764c0323c0 secure :-1 s=STATE_CONNECTION_ESTABLISHED l=1).mark_down
2023-01-04T18:10:18.532 INFO:teuthology.orchestra.run.smithi050.stderr:/usr/bin/ceph:
2023-01-04T18:10:18.528+0000 7f7670ff2700 1 --2- 172.21.15.50:0/4131139253 >> [v2:172.21.15.50:6800/2223914843,v1:172.21.15.50:6801/2223914843] conn(0x7f764c02ff00 0x7f764c0323c0 secure :-1 s=READY pgs=8 cs=0 l=1 rev1=1 rx=0x7f76540096a0 tx=0x7f7654006b40).stop
2023-01-04T18:10:18.532 INFO:teuthology.orchestra.run.smithi050.stderr:/usr/bin/ceph:
2023-01-04T18:10:18.528+0000 7f7670ff2700 1 -- 172.21.15.50:0/4131139253 >> [v2:172.21.15.50:3300/0,v1:172.21.15.50:6789/0] conn(0x7f766c06fcd0 msgr2=0x7f766c0fc220 secure :-1 s=STATE_CONNECTION_ESTABLISHED l=1).mark_down
2023-01-04T18:10:18.532 INFO:teuthology.orchestra.run.smithi050.stderr:/usr/bin/ceph:
2023-01-04T18:10:18.528+0000 7f7670ff2700 1 --2- 172.21.15.50:0/4131139253 >> [v2:172.21.15.50:3300/0,v1:172.21.15.50:6789/0] conn(0x7f766c06fcd0 0x7f766c0fc220 secure :-1 s=READY pgs=84 cs=0 l=1 rev1=1 rx=0x7f765c00b1d0 tx=0x7f765c006ee0).stop
2023-01-04T18:10:18.532 INFO:teuthology.orchestra.run.smithi050.stderr:/usr/bin/ceph:
2023-01-04T18:10:18.528+0000 7f7670ff2700 1 -- 172.21.15.50:0/4131139253 shutdown_connections
2023-01-04T18:10:18.532 INFO:teuthology.orchestra.run.smithi050.stderr:/usr/bin/ceph:
2023-01-04T18:10:18.528+0000 7f7670ff2700 1 --2- 172.21.15.50:0/4131139253 >> [v2:172.21.15.50:6800/2223914843,v1:172.21.15.50:6801/2223914843] conn(0x7f764c02ff00 0x7f764c0323c0 unknown :-1 s=CLOSED pgs=8 cs=0 l=1 rev1=1 rx=0 tx=0).stop
2023-01-04T18:10:18.532 INFO:teuthology.orchestra.run.smithi050.stderr:/usr/bin/ceph:
2023-01-04T18:10:18.528+0000 7f7670ff2700 1 --2- 172.21.15.50:0/4131139253 >> [v2:172.21.15.50:3300/0,v1:172.21.15.50:6789/0] conn(0x7f766c06fcd0 0x7f766c0fc220 unknown :-1 s=CLOSED pgs=84 cs=0 l=1 rev1=1 rx=0 tx=0).stop
2023-01-04T18:10:18.532 INFO:teuthology.orchestra.run.smithi050.stderr:/usr/bin/ceph:
2023-01-04T18:10:18.528+0000 7f7670ff2700 1 -- 172.21.15.50:0/4131139253 >> 172.21.15.50:0/4131139253 conn(0x7f766c0f6280 msgr2=0x7f766c0f7e60 unknown :-1 s=STATE_NONE l=0).mark_down
2023-01-04T18:10:18.533 INFO:teuthology.orchestra.run.smithi050.stderr:/usr/bin/ceph:
2023-01-04T18:10:18.528+0000 7f7670ff2700 1 -- 172.21.15.50:0/4131139253 shutdown_connections
2023-01-04T18:10:18.533 INFO:teuthology.orchestra.run.smithi050.stderr:/usr/bin/ceph:
2023-01-04T18:10:18.528+0000 7f7670ff2700 1 -- 172.21.15.50:0/4131139253 wait complete.
2023-01-04T18:10:18.948 INFO:teuthology.orchestra.run.smithi050.stderr:Running command: systemctl is-enabled firewalld.service
2023-01-04T18:10:18.956 INFO:teuthology.orchestra.run.smithi050.stderr:systemctl: disabled
2023-01-04T18:10:18.956 INFO:teuthology.orchestra.run.smithi050.stderr:Running command: systemctl is-active firewalld.service
2023-01-04T18:10:18.964 INFO:teuthology.orchestra.run.smithi050.stderr:systemctl: inactive
2023-01-04T18:10:18.964 INFO:teuthology.orchestra.run.smithi050.stderr:firewalld.service is not enabled
2023-01-04T18:10:18.964 INFO:teuthology.orchestra.run.smithi050.stderr:Not possible to open ports <[8443]>. firewalld.service is not available
2023-01-04T18:10:18.968 INFO:teuthology.orchestra.run.smithi050.stderr:Ceph Dashboard is now available at:
2023-01-04T18:10:18.968 INFO:teuthology.orchestra.run.smithi050.stderr:
2023-01-04T18:10:18.968 INFO:teuthology.orchestra.run.smithi050.stderr: URL: https://smithi050.front.sepia.ceph.com:8443/
2023-01-04T18:10:18.968 INFO:teuthology.orchestra.run.smithi050.stderr: User: admin
2023-01-04T18:10:18.968 INFO:teuthology.orchestra.run.smithi050.stderr: Password: 3gpl73ais1
2023-01-04T18:10:18.968 INFO:teuthology.orchestra.run.smithi050.stderr:
2023-01-04T18:10:18.968 INFO:teuthology.orchestra.run.smithi050.stderr:You can access the Ceph CLI with:
2023-01-04T18:10:18.969 INFO:teuthology.orchestra.run.smithi050.stderr:
2023-01-04T18:10:18.969 INFO:teuthology.orchestra.run.smithi050.stderr: sudo /home/ubuntu/cephtest/cephadm shell --fsid d98671da-8c5a-11ed-821a-001a4aab830c -c /etc/ceph/ceph.conf -k /etc/ceph/ceph.client.admin.keyring
2023-01-04T18:10:18.969 INFO:teuthology.orchestra.run.smithi050.stderr:
2023-01-04T18:10:18.969 INFO:teuthology.orchestra.run.smithi050.stderr:Please consider enabling telemetry to help improve Ceph:
2023-01-04T18:10:18.969 INFO:teuthology.orchestra.run.smithi050.stderr:
2023-01-04T18:10:18.969 INFO:teuthology.orchestra.run.smithi050.stderr: ceph telemetry on
2023-01-04T18:10:18.969 INFO:teuthology.orchestra.run.smithi050.stderr:
2023-01-04T18:10:18.969 INFO:teuthology.orchestra.run.smithi050.stderr:For more information see:
2023-01-04T18:10:18.969 INFO:teuthology.orchestra.run.smithi050.stderr:
2023-01-04T18:10:18.969 INFO:teuthology.orchestra.run.smithi050.stderr: https://docs.ceph.com/docs/pacific/mgr/telemetry/
2023-01-04T18:10:18.969 INFO:teuthology.orchestra.run.smithi050.stderr:
2023-01-04T18:10:18.969 INFO:teuthology.orchestra.run.smithi050.stderr:Bootstrap complete.
2023-01-04T18:10:18.969 INFO:teuthology.orchestra.run.smithi050.stderr:Releasing lock 140226162273640 on /run/cephadm/d98671da-8c5a-11ed-821a-001a4aab830c.lock
2023-01-04T18:10:18.970 INFO:teuthology.orchestra.run.smithi050.stderr:Lock 140226162273640 released on /run/cephadm/d98671da-8c5a-11ed-821a-001a4aab830c.lock
2023-01-04T18:10:18.971 INFO:journalctl@ceph.mon.smithi050.smithi050.stdout:Jan 04 18:10:18 smithi050 ceph-d98671da-8c5a-11ed-821a-001a4aab830c-mon.smithi050[132084]: audit
2023-01-04T18:10:17.323619+0000 mgr.smithi050.emnywo (mgr.14162) 4 : audit [DBG] from='client.14174 -' entity='client.admin' cmd=[{"prefix": "dashboard ac-user-create", "username": "admin", "rolename": "administrator", "force_password": true, "pwd_update_required": true, "target": ["mon-mgr", ""]}]: dispatch
2023-01-04T18:10:18.971 INFO:journalctl@ceph.mon.smithi050.smithi050.stdout:Jan 04 18:10:18 smithi050 ceph-d98671da-8c5a-11ed-821a-001a4aab830c-mon.smithi050[132084]: audit
2023-01-04T18:10:17.568266+0000 mon.smithi050 (mon.0) 111 : audit [INF] from='mgr.14162 172.21.15.50:0/1287672645' entity='mgr.smithi050.emnywo'
2023-01-04T18:10:18.971 INFO:journalctl@ceph.mon.smithi050.smithi050.stdout:Jan 04 18:10:18 smithi050 ceph-d98671da-8c5a-11ed-821a-001a4aab830c-mon.smithi050[132084]: audit
2023-01-04T18:10:18.527271+0000 mon.smithi050 (mon.0) 112 : audit [DBG] from='client.? 172.21.15.50:0/4131139253' entity='client.admin' cmd=[{"prefix": "config get", "who": "mgr", "key": "mgr/dashboard/ssl_server_port"}]: dispatch
2023-01-04T18:10:19.007 INFO:tasks.cephadm:Fetching config...
2023-01-04T18:10:19.007 DEBUG:teuthology.orchestra.run.smithi050:> set -ex
2023-01-04T18:10:19.007 DEBUG:teuthology.orchestra.run.smithi050:> dd if=/etc/ceph/ceph.conf of=/dev/stdout
2023-01-04T18:10:19.065 INFO:tasks.cephadm:Fetching client.admin keyring...
2023-01-04T18:10:19.065 DEBUG:teuthology.orchestra.run.smithi050:> set -ex
2023-01-04T18:10:19.065 DEBUG:teuthology.orchestra.run.smithi050:> dd if=/etc/ceph/ceph.client.admin.keyring of=/dev/stdout
2023-01-04T18:10:19.122 INFO:tasks.cephadm:Fetching mon keyring...
2023-01-04T18:10:19.122 DEBUG:teuthology.orchestra.run.smithi050:> set -ex
2023-01-04T18:10:19.123 DEBUG:teuthology.orchestra.run.smithi050:> sudo dd if=/var/lib/ceph/d98671da-8c5a-11ed-821a-001a4aab830c/mon.smithi050/keyring of=/dev/stdout
2023-01-04T18:10:19.196 INFO:tasks.cephadm:Fetching pub ssh key...
2023-01-04T18:10:19.196 DEBUG:teuthology.orchestra.run.smithi050:> set -ex
2023-01-04T18:10:19.196 DEBUG:teuthology.orchestra.run.smithi050:> dd if=/home/ubuntu/cephtest/ceph.pub of=/dev/stdout
2023-01-04T18:10:19.255 INFO:tasks.cephadm:Installing pub ssh key for root users...
2023-01-04T18:10:19.255 DEBUG:teuthology.orchestra.run.smithi050:> sudo install -d -m 0700 /root/.ssh && echo 'ssh-rsa AAAAB3NzaC1yc2EAAAADAQABAAABgQDcflAq/5AaapAgLE6KDeh2SUQvuimcN5EV6XDaoIZ6Knn3OgJSPX0RJBRTxHPoKkbjJbowALF58PKrU9WZpopcZaiOzun4DYRgypbCbpDmixlovomSDP+V/8Kf+RXBXTng7cmCm9ryo/ZBQZJCDdldIXYfO35Bv0M8BPgGet1+cEqDvQ5z5MDfjv425cCkodk7uTcqQ5ZwO9pJskec3b6u46o+9Tt7rh29xuxwNwrUldxVeI3PO8SyptHtTua2myWZBPgCbemjGuePpYZZwGQa8FcqPuAX7gNkkidEOAKzCfGIdCOKZ38hZqeF8aleUmV9G3WAoGA93IJITXbnWtmjl3pr3xbesOlelXdOgvNgM1AgVVraDm04fjiUYb5b1U2kXwGtts8cQ5fpYaStLZMhL3d7HjMNb2qxN0AlsWoWI3NCFsDyPPs5STorLMZ+QACkonoV6yYAvTO+a7Ncg1ZiZnfNeb1sHYVYQtkEebjq4tv6xWTYW4YkOI2y7XRA9YE= ceph-d98671da-8c5a-11ed-821a-001a4aab830c' | sudo tee -a /root/.ssh/authorized_keys && sudo chmod 0600 /root/.ssh/authorized_keys
2023-01-04T18:10:19.334 INFO:teuthology.orchestra.run.smithi050.stdout:ssh-rsa AAAAB3NzaC1yc2EAAAADAQABAAABgQDcflAq/5AaapAgLE6KDeh2SUQvuimcN5EV6XDaoIZ6Knn3OgJSPX0RJBRTxHPoKkbjJbowALF58PKrU9WZpopcZaiOzun4DYRgypbCbpDmixlovomSDP+V/8Kf+RXBXTng7cmCm9ryo/ZBQZJCDdldIXYfO35Bv0M8BPgGet1+cEqDvQ5z5MDfjv425cCkodk7uTcqQ5ZwO9pJskec3b6u46o+9Tt7rh29xuxwNwrUldxVeI3PO8SyptHtTua2myWZBPgCbemjGuePpYZZwGQa8FcqPuAX7gNkkidEOAKzCfGIdCOKZ38hZqeF8aleUmV9G3WAoGA93IJITXbnWtmjl3pr3xbesOlelXdOgvNgM1AgVVraDm04fjiUYb5b1U2kXwGtts8cQ5fpYaStLZMhL3d7HjMNb2qxN0AlsWoWI3NCFsDyPPs5STorLMZ+QACkonoV6yYAvTO+a7Ncg1ZiZnfNeb1sHYVYQtkEebjq4tv6xWTYW4YkOI2y7XRA9YE= ceph-d98671da-8c5a-11ed-821a-001a4aab830c
2023-01-04T18:10:19.346 DEBUG:teuthology.orchestra.run.smithi098:> sudo install -d -m 0700 /root/.ssh && echo 'ssh-rsa AAAAB3NzaC1yc2EAAAADAQABAAABgQDcflAq/5AaapAgLE6KDeh2SUQvuimcN5EV6XDaoIZ6Knn3OgJSPX0RJBRTxHPoKkbjJbowALF58PKrU9WZpopcZaiOzun4DYRgypbCbpDmixlovomSDP+V/8Kf+RXBXTng7cmCm9ryo/ZBQZJCDdldIXYfO35Bv0M8BPgGet1+cEqDvQ5z5MDfjv425cCkodk7uTcqQ5ZwO9pJskec3b6u46o+9Tt7rh29xuxwNwrUldxVeI3PO8SyptHtTua2myWZBPgCbemjGuePpYZZwGQa8FcqPuAX7gNkkidEOAKzCfGIdCOKZ38hZqeF8aleUmV9G3WAoGA93IJITXbnWtmjl3pr3xbesOlelXdOgvNgM1AgVVraDm04fjiUYb5b1U2kXwGtts8cQ5fpYaStLZMhL3d7HjMNb2qxN0AlsWoWI3NCFsDyPPs5STorLMZ+QACkonoV6yYAvTO+a7Ncg1ZiZnfNeb1sHYVYQtkEebjq4tv6xWTYW4YkOI2y7XRA9YE= ceph-d98671da-8c5a-11ed-821a-001a4aab830c' | sudo tee -a /root/.ssh/authorized_keys && sudo chmod 0600 /root/.ssh/authorized_keys
2023-01-04T18:10:19.392 INFO:teuthology.orchestra.run.smithi098.stdout:ssh-rsa AAAAB3NzaC1yc2EAAAADAQABAAABgQDcflAq/5AaapAgLE6KDeh2SUQvuimcN5EV6XDaoIZ6Knn3OgJSPX0RJBRTxHPoKkbjJbowALF58PKrU9WZpopcZaiOzun4DYRgypbCbpDmixlovomSDP+V/8Kf+RXBXTng7cmCm9ryo/ZBQZJCDdldIXYfO35Bv0M8BPgGet1+cEqDvQ5z5MDfjv425cCkodk7uTcqQ5ZwO9pJskec3b6u46o+9Tt7rh29xuxwNwrUldxVeI3PO8SyptHtTua2myWZBPgCbemjGuePpYZZwGQa8FcqPuAX7gNkkidEOAKzCfGIdCOKZ38hZqeF8aleUmV9G3WAoGA93IJITXbnWtmjl3pr3xbesOlelXdOgvNgM1AgVVraDm04fjiUYb5b1U2kXwGtts8cQ5fpYaStLZMhL3d7HjMNb2qxN0AlsWoWI3NCFsDyPPs5STorLMZ+QACkonoV6yYAvTO+a7Ncg1ZiZnfNeb1sHYVYQtkEebjq4tv6xWTYW4YkOI2y7XRA9YE= ceph-d98671da-8c5a-11ed-821a-001a4aab830c
2023-01-04T18:10:19.403 DEBUG:teuthology.orchestra.run.smithi050:> sudo /home/ubuntu/cephtest/cephadm --image docker.io/ceph/ceph:v16.2.4 shell -c /etc/ceph/ceph.conf -k /etc/ceph/ceph.client.admin.keyring --fsid d98671da-8c5a-11ed-821a-001a4aab830c -- ceph config set mgr mgr/cephadm/allow_ptrace true
2023-01-04T18:10:20.707 INFO:journalctl@ceph.mon.smithi050.smithi050.stdout:Jan 04 18:10:20 smithi050 ceph-d98671da-8c5a-11ed-821a-001a4aab830c-mon.smithi050[132084]: cluster
2023-01-04T18:10:19.570494+0000 mon.smithi050 (mon.0) 113 : cluster [DBG] mgrmap e17: smithi050.emnywo(active, since 6s)
2023-01-04T18:10:21.076 INFO:teuthology.orchestra.run.smithi050.stderr:2023-01-04T18:10:21.072+0000 7f2447362700 1 -- 172.21.15.50:0/549823740 >> [v2:172.21.15.50:3300/0,v1:172.21.15.50:6789/0] conn(0x7f2440060280 msgr2=0x7f24400f90f0 secure :-1 s=STATE_CONNECTION_ESTABLISHED l=1).mark_down
2023-01-04T18:10:21.076 INFO:teuthology.orchestra.run.smithi050.stderr:2023-01-04T18:10:21.072+0000 7f2447362700 1 --2- 172.21.15.50:0/549823740 >> [v2:172.21.15.50:3300/0,v1:172.21.15.50:6789/0] conn(0x7f2440060280 0x7f24400f90f0 secure :-1 s=READY pgs=85 cs=0 l=1 rev1=1 rx=0x7f243c009fb0 tx=0x7f243c009b30).stop
2023-01-04T18:10:21.077 INFO:teuthology.orchestra.run.smithi050.stderr:2023-01-04T18:10:21.074+0000 7f2447362700 1 -- 172.21.15.50:0/549823740 shutdown_connections
2023-01-04T18:10:21.077 INFO:teuthology.orchestra.run.smithi050.stderr:2023-01-04T18:10:21.074+0000 7f2447362700 1 --2- 172.21.15.50:0/549823740 >> [v2:172.21.15.50:3300/0,v1:172.21.15.50:6789/0] conn(0x7f2440060280 0x7f24400f90f0 unknown :-1 s=CLOSED pgs=85 cs=0 l=1 rev1=1 rx=0 tx=0).stop
2023-01-04T18:10:21.077 INFO:teuthology.orchestra.run.smithi050.stderr:2023-01-04T18:10:21.074+0000 7f2447362700 1 -- 172.21.15.50:0/549823740 >> 172.21.15.50:0/549823740 conn(0x7f24400f0b70 msgr2=0x7f24400f2f90 unknown :-1 s=STATE_NONE l=0).mark_down
2023-01-04T18:10:21.077 INFO:teuthology.orchestra.run.smithi050.stderr:2023-01-04T18:10:21.074+0000 7f2447362700 1 -- 172.21.15.50:0/549823740 shutdown_connections
2023-01-04T18:10:21.077 INFO:teuthology.orchestra.run.smithi050.stderr:2023-01-04T18:10:21.074+0000 7f2447362700 1 -- 172.21.15.50:0/549823740 wait complete.
2023-01-04T18:10:21.078 INFO:teuthology.orchestra.run.smithi050.stderr:2023-01-04T18:10:21.075+0000 7f2447362700 1 Processor -- start
2023-01-04T18:10:21.078 INFO:teuthology.orchestra.run.smithi050.stderr:2023-01-04T18:10:21.075+0000 7f2447362700 1 -- start start
2023-01-04T18:10:21.079 INFO:teuthology.orchestra.run.smithi050.stderr:2023-01-04T18:10:21.075+0000 7f2447362700 1 --2- >> [v2:172.21.15.50:3300/0,v1:172.21.15.50:6789/0] conn(0x7f2440060280 0x7f24401066b0 unknown :-1 s=NONE pgs=0 cs=0 l=1 rev1=0 rx=0 tx=0).connect
2023-01-04T18:10:21.079 INFO:teuthology.orchestra.run.smithi050.stderr:2023-01-04T18:10:21.075+0000 7f2447362700 1 -- --> [v2:172.21.15.50:3300/0,v1:172.21.15.50:6789/0] -- mon_getmap magic: 0 v1 -- 0x7f2440106ba0 con 0x7f2440060280
2023-01-04T18:10:21.079 INFO:teuthology.orchestra.run.smithi050.stderr:2023-01-04T18:10:21.075+0000 7f24450fe700 1 --2- >> [v2:172.21.15.50:3300/0,v1:172.21.15.50:6789/0] conn(0x7f2440060280 0x7f24401066b0 unknown :-1 s=BANNER_CONNECTING pgs=0 cs=0 l=1 rev1=0 rx=0 tx=0)._handle_peer_banner_payload supported=1 required=0
2023-01-04T18:10:21.079 INFO:teuthology.orchestra.run.smithi050.stderr:2023-01-04T18:10:21.075+0000 7f24450fe700 1 --2- >> [v2:172.21.15.50:3300/0,v1:172.21.15.50:6789/0] conn(0x7f2440060280 0x7f24401066b0 unknown :-1 s=HELLO_CONNECTING pgs=0 cs=0 l=1 rev1=1 rx=0 tx=0).handle_hello peer v2:172.21.15.50:3300/0 says I am v2:172.21.15.50:56168/0 (socket says 172.21.15.50:56168)
2023-01-04T18:10:21.079 INFO:teuthology.orchestra.run.smithi050.stderr:2023-01-04T18:10:21.075+0000 7f24450fe700 1 -- 172.21.15.50:0/4131631677 learned_addr learned my addr 172.21.15.50:0/4131631677 (peer_addr_for_me v2:172.21.15.50:0/0)
2023-01-04T18:10:21.079 INFO:teuthology.orchestra.run.smithi050.stderr:2023-01-04T18:10:21.075+0000 7f24450fe700 1 -- 172.21.15.50:0/4131631677 --> [v2:172.21.15.50:3300/0,v1:172.21.15.50:6789/0] -- mon_subscribe({config=0+,monmap=0+}) v3 -- 0x7f243c005040 con 0x7f2440060280
2023-01-04T18:10:21.079 INFO:teuthology.orchestra.run.smithi050.stderr:2023-01-04T18:10:21.076+0000 7f24450fe700 1 --2- 172.21.15.50:0/4131631677 >> [v2:172.21.15.50:3300/0,v1:172.21.15.50:6789/0] conn(0x7f2440060280 0x7f24401066b0 secure :-1 s=READY pgs=86 cs=0 l=1 rev1=1 rx=0x7f243c013510 tx=0x7f243c00b040).ready entity=mon.0 client_cookie=0 server_cookie=0 in_seq=0 out_seq=0
2023-01-04T18:10:21.080 INFO:teuthology.orchestra.run.smithi050.stderr:2023-01-04T18:10:21.076+0000 7f2435ffb700 1 -- 172.21.15.50:0/4131631677 <== mon.0 v2:172.21.15.50:3300/0 1 ==== mon_map magic: 0 v1 ==== 229+0+0 (secure 0 0 0) 0x7f243c009320 con 0x7f2440060280
2023-01-04T18:10:21.080 INFO:teuthology.orchestra.run.smithi050.stderr:2023-01-04T18:10:21.076+0000 7f2447362700 1 -- 172.21.15.50:0/4131631677 --> [v2:172.21.15.50:3300/0,v1:172.21.15.50:6789/0] -- mon_subscribe({mgrmap=0+}) v3 -- 0x7f2440106da0 con 0x7f2440060280
2023-01-04T18:10:21.080 INFO:teuthology.orchestra.run.smithi050.stderr:2023-01-04T18:10:21.076+0000 7f2435ffb700 1 -- 172.21.15.50:0/4131631677 <== mon.0 v2:172.21.15.50:3300/0 2 ==== config(25 keys) v1 ==== 1074+0+0 (secure 0 0 0) 0x7f243c013f00 con 0x7f2440060280
2023-01-04T18:10:21.080 INFO:teuthology.orchestra.run.smithi050.stderr:2023-01-04T18:10:21.076+0000 7f2435ffb700 1 -- 172.21.15.50:0/4131631677 <== mon.0 v2:172.21.15.50:3300/0 3 ==== mon_map magic: 0 v1 ==== 229+0+0 (secure 0 0 0) 0x7f243c014dc0 con 0x7f2440060280
2023-01-04T18:10:21.080 INFO:teuthology.orchestra.run.smithi050.stderr:2023-01-04T18:10:21.076+0000 7f2447362700 1 -- 172.21.15.50:0/4131631677 --> [v2:172.21.15.50:3300/0,v1:172.21.15.50:6789/0] -- mon_subscribe({osdmap=0}) v3 -- 0x7f2440107230 con 0x7f2440060280
2023-01-04T18:10:21.081 INFO:teuthology.orchestra.run.smithi050.stderr:2023-01-04T18:10:21.077+0000 7f2435ffb700 1 -- 172.21.15.50:0/4131631677 <== mon.0 v2:172.21.15.50:3300/0 4 ==== mgrmap(e 17) v1 ==== 36269+0+0 (secure 0 0 0) 0x7f243c01d3d0 con 0x7f2440060280
2023-01-04T18:10:21.081 INFO:teuthology.orchestra.run.smithi050.stderr:2023-01-04T18:10:21.077+0000 7f2435ffb700 1 --2- 172.21.15.50:0/4131631677 >> [v2:172.21.15.50:6800/2223914843,v1:172.21.15.50:6801/2223914843] conn(0x7f242c02ff60 0x7f242c032420 unknown :-1 s=NONE pgs=0 cs=0 l=1 rev1=0 rx=0 tx=0).connect
2023-01-04T18:10:21.081 INFO:teuthology.orchestra.run.smithi050.stderr:2023-01-04T18:10:21.077+0000 7f2435ffb700 1 -- 172.21.15.50:0/4131631677 <== mon.0 v2:172.21.15.50:3300/0 5 ==== osd_map(4..4 src has 1..4) v4 ==== 1270+0+0 (secure 0 0 0) 0x7f243c041fd0 con 0x7f2440060280
2023-01-04T18:10:21.081 INFO:teuthology.orchestra.run.smithi050.stderr:2023-01-04T18:10:21.077+0000 7f24448fd700 1 --2- 172.21.15.50:0/4131631677 >> [v2:172.21.15.50:6800/2223914843,v1:172.21.15.50:6801/2223914843] conn(0x7f242c02ff60 0x7f242c032420 unknown :-1 s=BANNER_CONNECTING pgs=0 cs=0 l=1 rev1=0 rx=0 tx=0)._handle_peer_banner_payload supported=1 required=0
2023-01-04T18:10:21.081 INFO:teuthology.orchestra.run.smithi050.stderr:2023-01-04T18:10:21.078+0000 7f2447362700 1 -- 172.21.15.50:0/4131631677 --> [v2:172.21.15.50:3300/0,v1:172.21.15.50:6789/0] -- mon_command({"prefix": "get_command_descriptions"} v 0) v1 -- 0x7f2440059100 con 0x7f2440060280
2023-01-04T18:10:21.081 INFO:teuthology.orchestra.run.smithi050.stderr:2023-01-04T18:10:21.078+0000 7f24448fd700 1 --2- 172.21.15.50:0/4131631677 >> [v2:172.21.15.50:6800/2223914843,v1:172.21.15.50:6801/2223914843] conn(0x7f242c02ff60 0x7f242c032420 secure :-1 s=READY pgs=9 cs=0 l=1 rev1=1 rx=0x7f24300096a0 tx=0x7f2430006b40).ready entity=mgr.14162 client_cookie=0 server_cookie=0 in_seq=0 out_seq=0
2023-01-04T18:10:21.085 INFO:teuthology.orchestra.run.smithi050.stderr:2023-01-04T18:10:21.083+0000 7f2435ffb700 1 -- 172.21.15.50:0/4131631677 <== mon.0 v2:172.21.15.50:3300/0 6 ==== mon_command_ack([{"prefix": "get_command_descriptions"}]=0 v0) v1 ==== 72+0+152212 (secure 0 0 0) 0x7f243c012920 con 0x7f2440060280
2023-01-04T18:10:21.252 INFO:teuthology.orchestra.run.smithi050.stderr:2023-01-04T18:10:21.249+0000 7f2447362700 1 -- 172.21.15.50:0/4131631677 --> [v2:172.21.15.50:3300/0,v1:172.21.15.50:6789/0] -- mon_command([{prefix=config set, name=mgr/cephadm/allow_ptrace}] v 0) v1 -- 0x7f2440045ad0 con 0x7f2440060280
2023-01-04T18:10:21.256 INFO:teuthology.orchestra.run.smithi050.stderr:2023-01-04T18:10:21.253+0000 7f2435ffb700 1 -- 172.21.15.50:0/4131631677 <== mon.0 v2:172.21.15.50:3300/0 7 ==== mon_command_ack([{prefix=config set, name=mgr/cephadm/allow_ptrace}]=0 v11)=0 v11) v1 ==== 125+0+0 (secure 0 0 0) 0x7f243c012330 con 0x7f2440060280
2023-01-04T18:10:21.259 INFO:teuthology.orchestra.run.smithi050.stderr:2023-01-04T18:10:21.256+0000 7f2447362700 1 -- 172.21.15.50:0/4131631677 >> [v2:172.21.15.50:6800/2223914843,v1:172.21.15.50:6801/2223914843] conn(0x7f242c02ff60 msgr2=0x7f242c032420 secure :-1 s=STATE_CONNECTION_ESTABLISHED l=1).mark_down
2023-01-04T18:10:21.259 INFO:teuthology.orchestra.run.smithi050.stderr:2023-01-04T18:10:21.256+0000 7f2447362700 1 --2- 172.21.15.50:0/4131631677 >> [v2:172.21.15.50:6800/2223914843,v1:172.21.15.50:6801/2223914843] conn(0x7f242c02ff60 0x7f242c032420 secure :-1 s=READY pgs=9 cs=0 l=1 rev1=1 rx=0x7f24300096a0 tx=0x7f2430006b40).stop
2023-01-04T18:10:21.259 INFO:teuthology.orchestra.run.smithi050.stderr:2023-01-04T18:10:21.256+0000 7f2447362700 1 -- 172.21.15.50:0/4131631677 >> [v2:172.21.15.50:3300/0,v1:172.21.15.50:6789/0] conn(0x7f2440060280 msgr2=0x7f24401066b0 secure :-1 s=STATE_CONNECTION_ESTABLISHED l=1).mark_down
2023-01-04T18:10:21.259 INFO:teuthology.orchestra.run.smithi050.stderr:2023-01-04T18:10:21.256+0000 7f2447362700 1 --2- 172.21.15.50:0/4131631677 >> [v2:172.21.15.50:3300/0,v1:172.21.15.50:6789/0] conn(0x7f2440060280 0x7f24401066b0 secure :-1 s=READY pgs=86 cs=0 l=1 rev1=1 rx=0x7f243c013510 tx=0x7f243c00b040).stop
2023-01-04T18:10:21.259 INFO:teuthology.orchestra.run.smithi050.stderr:2023-01-04T18:10:21.256+0000 7f2447362700 1 -- 172.21.15.50:0/4131631677 shutdown_connections
2023-01-04T18:10:21.259 INFO:teuthology.orchestra.run.smithi050.stderr:2023-01-04T18:10:21.256+0000 7f2447362700 1 --2- 172.21.15.50:0/4131631677 >> [v2:172.21.15.50:6800/2223914843,v1:172.21.15.50:6801/2223914843] conn(0x7f242c02ff60 0x7f242c032420 secure :-1 s=CLOSED pgs=9 cs=0 l=1 rev1=1 rx=0x7f24300096a0 tx=0x7f2430006b40).stop
2023-01-04T18:10:21.259 INFO:teuthology.orchestra.run.smithi050.stderr:2023-01-04T18:10:21.256+0000 7f2447362700 1 --2- 172.21.15.50:0/4131631677 >> [v2:172.21.15.50:3300/0,v1:172.21.15.50:6789/0] conn(0x7f2440060280 0x7f24401066b0 unknown :-1 s=CLOSED pgs=86 cs=0 l=1 rev1=1 rx=0 tx=0).stop
2023-01-04T18:10:21.260 INFO:teuthology.orchestra.run.smithi050.stderr:2023-01-04T18:10:21.256+0000 7f2447362700 1 -- 172.21.15.50:0/4131631677 >> 172.21.15.50:0/4131631677 conn(0x7f24400f0b70 msgr2=0x7f24400f1610 unknown :-1 s=STATE_NONE l=0).mark_down
2023-01-04T18:10:21.260 INFO:teuthology.orchestra.run.smithi050.stderr:2023-01-04T18:10:21.256+0000 7f2447362700 1 -- 172.21.15.50:0/4131631677 shutdown_connections
2023-01-04T18:10:21.260 INFO:teuthology.orchestra.run.smithi050.stderr:2023-01-04T18:10:21.256+0000 7f2447362700 1 -- 172.21.15.50:0/4131631677 wait complete.
2023-01-04T18:10:21.632 INFO:tasks.cephadm:Writing (initial) conf and keyring to smithi098
2023-01-04T18:10:21.633 DEBUG:teuthology.orchestra.run.smithi098:> set -ex
2023-01-04T18:10:21.633 DEBUG:teuthology.orchestra.run.smithi098:> dd of=/etc/ceph/ceph.conf
2023-01-04T18:10:21.651 DEBUG:teuthology.orchestra.run.smithi098:> set -ex
2023-01-04T18:10:21.651 DEBUG:teuthology.orchestra.run.smithi098:> dd of=/etc/ceph/ceph.client.admin.keyring
2023-01-04T18:10:21.709 INFO:tasks.cephadm:Adding host smithi098 to orchestrator...
2023-01-04T18:10:21.709 DEBUG:teuthology.orchestra.run.smithi098:> sudo /home/ubuntu/cephtest/cephadm --image docker.io/ceph/ceph:v16.2.4 shell -c /etc/ceph/ceph.conf -k /etc/ceph/ceph.client.admin.keyring --fsid d98671da-8c5a-11ed-821a-001a4aab830c -- ceph orch host add smithi098
2023-01-04T18:10:22.290 INFO:journalctl@ceph.mon.smithi050.smithi050.stdout:Jan 04 18:10:22 smithi050 ceph-d98671da-8c5a-11ed-821a-001a4aab830c-mon.smithi050[132084]: audit
2023-01-04T18:10:21.156459+0000 mon.smithi050 (mon.0) 114 : audit [INF] from='mgr.14162 172.21.15.50:0/1287672645' entity='mgr.smithi050.emnywo'
2023-01-04T18:10:22.290 INFO:journalctl@ceph.mon.smithi050.smithi050.stdout:Jan 04 18:10:22 smithi050 ceph-d98671da-8c5a-11ed-821a-001a4aab830c-mon.smithi050[132084]: audit
2023-01-04T18:10:21.254591+0000 mon.smithi050 (mon.0) 115 : audit [INF] from='client.? 172.21.15.50:0/4131631677' entity='client.admin'
2023-01-04T18:10:22.290 INFO:journalctl@ceph.mon.smithi050.smithi050.stdout:Jan 04 18:10:22 smithi050 ceph-d98671da-8c5a-11ed-821a-001a4aab830c-mon.smithi050[132084]: audit
2023-01-04T18:10:21.544483+0000 mon.smithi050 (mon.0) 116 : audit [INF] from='mgr.14162 172.21.15.50:0/1287672645' entity='mgr.smithi050.emnywo'
2023-01-04T18:10:22.290 INFO:journalctl@ceph.mon.smithi050.smithi050.stdout:Jan 04 18:10:22 smithi050 ceph-d98671da-8c5a-11ed-821a-001a4aab830c-mon.smithi050[132084]: cephadm
2023-01-04T18:10:21.551035+0000 mgr.smithi050.emnywo (mgr.14162) 5 : cephadm [INF] Deploying daemon alertmanager.smithi050 on smithi050
2023-01-04T18:10:30.032 INFO:journalctl@ceph.mon.smithi050.smithi050.stdout:Jan 04 18:10:29 smithi050 ceph-d98671da-8c5a-11ed-821a-001a4aab830c-mon.smithi050[132084]: audit
2023-01-04T18:10:28.796818+0000 mon.smithi050 (mon.0) 117 : audit [INF] from='mgr.14162 172.21.15.50:0/1287672645' entity='mgr.smithi050.emnywo'
2023-01-04T18:10:30.032 INFO:journalctl@ceph.mon.smithi050.smithi050.stdout:Jan 04 18:10:29 smithi050 ceph-d98671da-8c5a-11ed-821a-001a4aab830c-mon.smithi050[132084]: audit
2023-01-04T18:10:28.797832+0000 mon.smithi050 (mon.0) 118 : audit [INF] from='mgr.14162 172.21.15.50:0/1287672645' entity='mgr.smithi050.emnywo' cmd=[{"prefix": "auth get-or-create", "entity": "client.crash.smithi050", "caps": ["mon", "profile crash", "mgr", "profile crash"]}]: dispatch
2023-01-04T18:10:30.033 INFO:journalctl@ceph.mon.smithi050.smithi050.stdout:Jan 04 18:10:29 smithi050 ceph-d98671da-8c5a-11ed-821a-001a4aab830c-mon.smithi050[132084]: audit
