2023-01-04T18:10:09.290 INFO:journalctl@ceph.mon.smithi050.smithi050.stdout:Jan 04 18:10:08 smithi050 ceph-d98671da-8c5a-11ed-821a-001a4aab830c-mon.smithi050[132084]: audit
2023-01-04T18:10:07.959984+0000 mon.smithi050 (mon.0) 89 : audit [INF] from='client.? 172.21.15.50:0/1684197717' entity='client.admin' cmd='[{"prefix": "mgr module enable", "module": "dashboard"}]': finished
2023-01-04T18:10:09.290 INFO:journalctl@ceph.mon.smithi050.smithi050.stdout:Jan 04 18:10:08 smithi050 ceph-d98671da-8c5a-11ed-821a-001a4aab830c-mon.smithi050[132084]: cluster
2023-01-04T18:10:07.960067+0000 mon.smithi050 (mon.0) 90 : cluster [DBG] mgrmap e13: smithi050.emnywo(active, since 8s)
2023-01-04T18:10:09.390 INFO:teuthology.orchestra.run.smithi050.stderr:Waiting for the mgr to restart...
2023-01-04T18:10:09.390 INFO:teuthology.orchestra.run.smithi050.stderr:Waiting for mgr epoch 13...
2023-01-04T18:10:09.390 INFO:teuthology.orchestra.run.smithi050.stderr:Running command: /bin/podman run --rm --ipc=host --no-hosts --net=host --entrypoint /usr/bin/ceph --init -e CONTAINER_IMAGE=docker.io/ceph/ceph:v16.2.4 -e NODE_NAME=smithi050 -e CEPH_USE_RANDOM_NONCE=1 -v /var/log/ceph/d98671da-8c5a-11ed-821a-001a4aab830c:/var/log/ceph:z -v /tmp/ceph-tmphq0e1x6f:/etc/ceph/ceph.client.admin.keyring:z -v /tmp/ceph-tmpccxsaw_n:/etc/ceph/ceph.conf:z docker.io/ceph/ceph:v16.2.4 tell mgr mgr_status
2023-01-04T18:10:09.863 INFO:teuthology.orchestra.run.smithi050.stderr:/usr/bin/ceph:
2023-01-04T18:10:09.858+0000 7f51adf5b700 1 Processor -- start
2023-01-04T18:10:09.863 INFO:teuthology.orchestra.run.smithi050.stderr:/usr/bin/ceph:
2023-01-04T18:10:09.858+0000 7f51adf5b700 1 -- start start
2023-01-04T18:10:09.863 INFO:teuthology.orchestra.run.smithi050.stderr:/usr/bin/ceph:
2023-01-04T18:10:09.858+0000 7f51adf5b700 1 --2- >> [v2:172.21.15.50:3300/0,v1:172.21.15.50:6789/0] conn(0x7f51a80fa8f0 0x7f51a80fad10 unknown :-1 s=NONE pgs=0 cs=0 l=0 rev1=0 rx=0 tx=0).connect
2023-01-04T18:10:09.863 INFO:teuthology.orchestra.run.smithi050.stderr:/usr/bin/ceph:
2023-01-04T18:10:09.858+0000 7f51adf5b700 1 -- --> [v2:172.21.15.50:3300/0,v1:172.21.15.50:6789/0] -- mon_getmap magic: 0 v1 -- 0x7f51a80fb200 con 0x7f51a80fa8f0
2023-01-04T18:10:09.864 INFO:teuthology.orchestra.run.smithi050.stderr:/usr/bin/ceph:
2023-01-04T18:10:09.858+0000 7f51acf59700 1 --2- >> [v2:172.21.15.50:3300/0,v1:172.21.15.50:6789/0] conn(0x7f51a80fa8f0 0x7f51a80fad10 unknown :-1 s=BANNER_CONNECTING pgs=0 cs=0 l=0 rev1=0 rx=0 tx=0)._handle_peer_banner_payload supported=1 required=0
2023-01-04T18:10:09.864 INFO:teuthology.orchestra.run.smithi050.stderr:/usr/bin/ceph:
2023-01-04T18:10:09.858+0000 7f51acf59700 1 --2- >> [v2:172.21.15.50:3300/0,v1:172.21.15.50:6789/0] conn(0x7f51a80fa8f0 0x7f51a80fad10 unknown :-1 s=HELLO_CONNECTING pgs=0 cs=0 l=0 rev1=1 rx=0 tx=0).handle_hello peer v2:172.21.15.50:3300/0 says I am v2:172.21.15.50:46928/0 (socket says 172.21.15.50:46928)
2023-01-04T18:10:09.864 INFO:teuthology.orchestra.run.smithi050.stderr:/usr/bin/ceph:
2023-01-04T18:10:09.858+0000 7f51acf59700 1 -- 172.21.15.50:0/4098255999 learned_addr learned my addr 172.21.15.50:0/4098255999 (peer_addr_for_me v2:172.21.15.50:0/0)
2023-01-04T18:10:09.864 INFO:teuthology.orchestra.run.smithi050.stderr:/usr/bin/ceph:
2023-01-04T18:10:09.859+0000 7f51acf59700 1 -- 172.21.15.50:0/4098255999 --> [v2:172.21.15.50:3300/0,v1:172.21.15.50:6789/0] -- mon_subscribe({config=0+,monmap=0+}) v3 -- 0x7f51a80fb340 con 0x7f51a80fa8f0
2023-01-04T18:10:09.864 INFO:teuthology.orchestra.run.smithi050.stderr:/usr/bin/ceph:
2023-01-04T18:10:09.859+0000 7f51acf59700 1 --2- 172.21.15.50:0/4098255999 >> [v2:172.21.15.50:3300/0,v1:172.21.15.50:6789/0] conn(0x7f51a80fa8f0 0x7f51a80fad10 secure :-1 s=READY pgs=72 cs=0 l=1 rev1=1 rx=0x7f519c00b5f0 tx=0x7f519c006ee0).ready entity=mon.0 client_cookie=fe07e40877fc1aaa server_cookie=0 in_seq=0 out_seq=0
2023-01-04T18:10:09.864 INFO:teuthology.orchestra.run.smithi050.stderr:/usr/bin/ceph:
2023-01-04T18:10:09.859+0000 7f51a77fe700 1 -- 172.21.15.50:0/4098255999 <== mon.0 v2:172.21.15.50:3300/0 1 ==== mon_map magic: 0 v1 ==== 229+0+0 (secure 0 0 0) 0x7f519c00d600 con 0x7f51a80fa8f0
2023-01-04T18:10:09.864 INFO:teuthology.orchestra.run.smithi050.stderr:/usr/bin/ceph:
2023-01-04T18:10:09.859+0000 7f51a77fe700 1 -- 172.21.15.50:0/4098255999 <== mon.0 v2:172.21.15.50:3300/0 2 ==== config(25 keys) v1 ==== 1074+0+0 (secure 0 0 0) 0x7f519c00dc10 con 0x7f51a80fa8f0
2023-01-04T18:10:09.864 INFO:teuthology.orchestra.run.smithi050.stderr:/usr/bin/ceph:
2023-01-04T18:10:09.859+0000 7f51a77fe700 1 -- 172.21.15.50:0/4098255999 <== mon.0 v2:172.21.15.50:3300/0 3 ==== mon_map magic: 0 v1 ==== 229+0+0 (secure 0 0 0) 0x7f519c011cd0 con 0x7f51a80fa8f0
2023-01-04T18:10:09.864 INFO:teuthology.orchestra.run.smithi050.stderr:/usr/bin/ceph:
2023-01-04T18:10:09.860+0000 7f51adf5b700 1 -- 172.21.15.50:0/4098255999 >> [v2:172.21.15.50:3300/0,v1:172.21.15.50:6789/0] conn(0x7f51a80fa8f0 msgr2=0x7f51a80fad10 secure :-1 s=STATE_CONNECTION_ESTABLISHED l=1).mark_down
2023-01-04T18:10:09.864 INFO:teuthology.orchestra.run.smithi050.stderr:/usr/bin/ceph:
2023-01-04T18:10:09.860+0000 7f51adf5b700 1 --2- 172.21.15.50:0/4098255999 >> [v2:172.21.15.50:3300/0,v1:172.21.15.50:6789/0] conn(0x7f51a80fa8f0 0x7f51a80fad10 secure :-1 s=READY pgs=72 cs=0 l=1 rev1=1 rx=0x7f519c00b5f0 tx=0x7f519c006ee0).stop
2023-01-04T18:10:09.867 INFO:teuthology.orchestra.run.smithi050.stderr:/usr/bin/ceph:
2023-01-04T18:10:09.860+0000 7f51adf5b700 1 -- 172.21.15.50:0/4098255999 shutdown_connections
2023-01-04T18:10:09.867 INFO:teuthology.orchestra.run.smithi050.stderr:/usr/bin/ceph:
2023-01-04T18:10:09.860+0000 7f51adf5b700 1 --2- 172.21.15.50:0/4098255999 >> [v2:172.21.15.50:3300/0,v1:172.21.15.50:6789/0] conn(0x7f51a80fa8f0 0x7f51a80fad10 unknown :-1 s=CLOSED pgs=72 cs=0 l=1 rev1=1 rx=0 tx=0).stop
2023-01-04T18:10:09.867 INFO:teuthology.orchestra.run.smithi050.stderr:/usr/bin/ceph:
2023-01-04T18:10:09.860+0000 7f51adf5b700 1 -- 172.21.15.50:0/4098255999 >> 172.21.15.50:0/4098255999 conn(0x7f51a80f6130 msgr2=0x7f51a80f8550 unknown :-1 s=STATE_NONE l=0).mark_down
2023-01-04T18:10:09.868 INFO:teuthology.orchestra.run.smithi050.stderr:/usr/bin/ceph:
2023-01-04T18:10:09.860+0000 7f51adf5b700 1 -- 172.21.15.50:0/4098255999 shutdown_connections
2023-01-04T18:10:09.868 INFO:teuthology.orchestra.run.smithi050.stderr:/usr/bin/ceph:
2023-01-04T18:10:09.860+0000 7f51adf5b700 1 -- 172.21.15.50:0/4098255999 wait complete.
2023-01-04T18:10:09.868 INFO:teuthology.orchestra.run.smithi050.stderr:/usr/bin/ceph:
2023-01-04T18:10:09.860+0000 7f51adf5b700 1 Processor -- start
2023-01-04T18:10:09.868 INFO:teuthology.orchestra.run.smithi050.stderr:/usr/bin/ceph:
2023-01-04T18:10:09.860+0000 7f51adf5b700 1 -- start start
2023-01-04T18:10:09.868 INFO:teuthology.orchestra.run.smithi050.stderr:/usr/bin/ceph:
2023-01-04T18:10:09.861+0000 7f51adf5b700 1 --2- >> [v2:172.21.15.50:3300/0,v1:172.21.15.50:6789/0] conn(0x7f51a80fa8f0 0x7f51a81085f0 unknown :-1 s=NONE pgs=0 cs=0 l=1 rev1=0 rx=0 tx=0).connect
2023-01-04T18:10:09.868 INFO:teuthology.orchestra.run.smithi050.stderr:/usr/bin/ceph:
2023-01-04T18:10:09.861+0000 7f51adf5b700 1 -- --> [v2:172.21.15.50:3300/0,v1:172.21.15.50:6789/0] -- mon_getmap magic: 0 v1 -- 0x7f51a8108ae0 con 0x7f51a80fa8f0
2023-01-04T18:10:09.868 INFO:teuthology.orchestra.run.smithi050.stderr:/usr/bin/ceph:
2023-01-04T18:10:09.861+0000 7f51acf59700 1 --2- >> [v2:172.21.15.50:3300/0,v1:172.21.15.50:6789/0] conn(0x7f51a80fa8f0 0x7f51a81085f0 unknown :-1 s=BANNER_CONNECTING pgs=0 cs=0 l=1 rev1=0 rx=0 tx=0)._handle_peer_banner_payload supported=1 required=0
2023-01-04T18:10:09.868 INFO:teuthology.orchestra.run.smithi050.stderr:/usr/bin/ceph:
2023-01-04T18:10:09.861+0000 7f51acf59700 1 --2- >> [v2:172.21.15.50:3300/0,v1:172.21.15.50:6789/0] conn(0x7f51a80fa8f0 0x7f51a81085f0 unknown :-1 s=HELLO_CONNECTING pgs=0 cs=0 l=1 rev1=1 rx=0 tx=0).handle_hello peer v2:172.21.15.50:3300/0 says I am v2:172.21.15.50:46936/0 (socket says 172.21.15.50:46936)
2023-01-04T18:10:09.868 INFO:teuthology.orchestra.run.smithi050.stderr:/usr/bin/ceph:
2023-01-04T18:10:09.861+0000 7f51acf59700 1 -- 172.21.15.50:0/1110850771 learned_addr learned my addr 172.21.15.50:0/1110850771 (peer_addr_for_me v2:172.21.15.50:0/0)
2023-01-04T18:10:09.868 INFO:teuthology.orchestra.run.smithi050.stderr:/usr/bin/ceph:
2023-01-04T18:10:09.861+0000 7f51acf59700 1 -- 172.21.15.50:0/1110850771 --> [v2:172.21.15.50:3300/0,v1:172.21.15.50:6789/0] -- mon_subscribe({config=0+,monmap=0+}) v3 -- 0x7f519c00b200 con 0x7f51a80fa8f0
2023-01-04T18:10:09.869 INFO:teuthology.orchestra.run.smithi050.stderr:/usr/bin/ceph:
2023-01-04T18:10:09.861+0000 7f51acf59700 1 --2- 172.21.15.50:0/1110850771 >> [v2:172.21.15.50:3300/0,v1:172.21.15.50:6789/0] conn(0x7f51a80fa8f0 0x7f51a81085f0 secure :-1 s=READY pgs=73 cs=0 l=1 rev1=1 rx=0x7f519c00dfb0 tx=0x7f519c006ee0).ready entity=mon.0 client_cookie=0 server_cookie=0 in_seq=0 out_seq=0
2023-01-04T18:10:09.869 INFO:teuthology.orchestra.run.smithi050.stderr:/usr/bin/ceph:
2023-01-04T18:10:09.861+0000 7f51a57fa700 1 -- 172.21.15.50:0/1110850771 <== mon.0 v2:172.21.15.50:3300/0 1 ==== mon_map magic: 0 v1 ==== 229+0+0 (secure 0 0 0) 0x7f519c011df0 con 0x7f51a80fa8f0
2023-01-04T18:10:09.869 INFO:teuthology.orchestra.run.smithi050.stderr:/usr/bin/ceph:
2023-01-04T18:10:09.862+0000 7f51a57fa700 1 -- 172.21.15.50:0/1110850771 <== mon.0 v2:172.21.15.50:3300/0 2 ==== config(25 keys) v1 ==== 1074+0+0 (secure 0 0 0) 0x7f519c01b8c0 con 0x7f51a80fa8f0
2023-01-04T18:10:09.869 INFO:teuthology.orchestra.run.smithi050.stderr:/usr/bin/ceph:
2023-01-04T18:10:09.862+0000 7f51adf5b700 1 -- 172.21.15.50:0/1110850771 --> [v2:172.21.15.50:3300/0,v1:172.21.15.50:6789/0] -- mon_subscribe({mgrmap=0+}) v3 -- 0x7f51a8108ce0 con 0x7f51a80fa8f0
2023-01-04T18:10:09.869 INFO:teuthology.orchestra.run.smithi050.stderr:/usr/bin/ceph:
2023-01-04T18:10:09.862+0000 7f51a57fa700 1 -- 172.21.15.50:0/1110850771 <== mon.0 v2:172.21.15.50:3300/0 3 ==== mon_map magic: 0 v1 ==== 229+0+0 (secure 0 0 0) 0x7f519c01a8c0 con 0x7f51a80fa8f0
2023-01-04T18:10:09.869 INFO:teuthology.orchestra.run.smithi050.stderr:/usr/bin/ceph:
2023-01-04T18:10:09.862+0000 7f51adf5b700 1 -- 172.21.15.50:0/1110850771 --> [v2:172.21.15.50:3300/0,v1:172.21.15.50:6789/0] -- mon_subscribe({osdmap=0}) v3 -- 0x7f51a81090f0 con 0x7f51a80fa8f0
2023-01-04T18:10:09.869 INFO:teuthology.orchestra.run.smithi050.stderr:/usr/bin/ceph:
2023-01-04T18:10:09.863+0000 7f51a57fa700 1 -- 172.21.15.50:0/1110850771 <== mon.0 v2:172.21.15.50:3300/0 4 ==== mgrmap(e 13) v1 ==== 36208+0+0 (secure 0 0 0) 0x7f519c00f070 con 0x7f51a80fa8f0
2023-01-04T18:10:09.869 INFO:teuthology.orchestra.run.smithi050.stderr:/usr/bin/ceph:
2023-01-04T18:10:09.863+0000 7f51a57fa700 1 --2- 172.21.15.50:0/1110850771 >> [v2:172.21.15.50:6800/2515216785,v1:172.21.15.50:6801/2515216785] conn(0x7f518c032150 0x7f518c034610 unknown :-1 s=NONE pgs=0 cs=0 l=1 rev1=0 rx=0 tx=0).connect
2023-01-04T18:10:09.869 INFO:teuthology.orchestra.run.smithi050.stderr:/usr/bin/ceph:
2023-01-04T18:10:09.863+0000 7f51a57fa700 1 -- 172.21.15.50:0/1110850771 --> [v2:172.21.15.50:6800/2515216785,v1:172.21.15.50:6801/2515216785] -- command(tid 0: {"prefix": "get_command_descriptions"}) v1 -- 0x7f518c034cd0 con 0x7f518c032150
2023-01-04T18:10:09.869 INFO:teuthology.orchestra.run.smithi050.stderr:/usr/bin/ceph:
2023-01-04T18:10:09.863+0000 7f51a57fa700 1 -- 172.21.15.50:0/1110850771 <== mon.0 v2:172.21.15.50:3300/0 5 ==== osd_map(3..3 src has 1..3) v4 ==== 1098+0+0 (secure 0 0 0) 0x7f519c041060 con 0x7f51a80fa8f0
2023-01-04T18:10:09.870 INFO:teuthology.orchestra.run.smithi050.stderr:/usr/bin/ceph:
2023-01-04T18:10:09.863+0000 7f51a7fff700 1 -- 172.21.15.50:0/1110850771 >> [v2:172.21.15.50:6800/2515216785,v1:172.21.15.50:6801/2515216785] conn(0x7f518c032150 msgr2=0x7f518c034610 unknown :-1 s=STATE_CONNECTING_RE l=1).process reconnect failed to v2:172.21.15.50:6800/2515216785
2023-01-04T18:10:09.870 INFO:teuthology.orchestra.run.smithi050.stderr:/usr/bin/ceph:
2023-01-04T18:10:09.863+0000 7f51a7fff700 1 --2- 172.21.15.50:0/1110850771 >> [v2:172.21.15.50:6800/2515216785,v1:172.21.15.50:6801/2515216785] conn(0x7f518c032150 0x7f518c034610 unknown :-1 s=START_CONNECT pgs=0 cs=0 l=1 rev1=0 rx=0 tx=0)._fault waiting 0.200000
2023-01-04T18:10:10.067 INFO:teuthology.orchestra.run.smithi050.stderr:/usr/bin/ceph:
2023-01-04T18:10:10.064+0000 7f51a7fff700 1 -- 172.21.15.50:0/1110850771 >> [v2:172.21.15.50:6800/2515216785,v1:172.21.15.50:6801/2515216785] conn(0x7f518c032150 msgr2=0x7f518c034610 unknown :-1 s=STATE_CONNECTING_RE l=1).process reconnect failed to v2:172.21.15.50:6800/2515216785
2023-01-04T18:10:10.067 INFO:teuthology.orchestra.run.smithi050.stderr:/usr/bin/ceph:
2023-01-04T18:10:10.064+0000 7f51a7fff700 1 --2- 172.21.15.50:0/1110850771 >> [v2:172.21.15.50:6800/2515216785,v1:172.21.15.50:6801/2515216785] conn(0x7f518c032150 0x7f518c034610 unknown :-1 s=START_CONNECT pgs=0 cs=0 l=1 rev1=0 rx=0 tx=0)._fault waiting 0.400000
2023-01-04T18:10:10.290 INFO:journalctl@ceph.mon.smithi050.smithi050.stdout:Jan 04 18:10:09 smithi050 ceph-d98671da-8c5a-11ed-821a-001a4aab830c-mon.smithi050[132084]: audit
2023-01-04T18:10:08.998083+0000 mon.smithi050 (mon.0) 91 : audit [DBG] from='client.? 172.21.15.50:0/2543792359' entity='client.admin' cmd=[{"prefix": "mgr stat"}]: dispatch
2023-01-04T18:10:10.468 INFO:teuthology.orchestra.run.smithi050.stderr:/usr/bin/ceph:
2023-01-04T18:10:10.465+0000 7f51a7fff700 1 -- 172.21.15.50:0/1110850771 >> [v2:172.21.15.50:6800/2515216785,v1:172.21.15.50:6801/2515216785] conn(0x7f518c032150 msgr2=0x7f518c034610 unknown :-1 s=STATE_CONNECTING_RE l=1).process reconnect failed to v2:172.21.15.50:6800/2515216785
2023-01-04T18:10:10.468 INFO:teuthology.orchestra.run.smithi050.stderr:/usr/bin/ceph:
2023-01-04T18:10:10.465+0000 7f51a7fff700 1 --2- 172.21.15.50:0/1110850771 >> [v2:172.21.15.50:6800/2515216785,v1:172.21.15.50:6801/2515216785] conn(0x7f518c032150 0x7f518c034610 unknown :-1 s=START_CONNECT pgs=0 cs=0 l=1 rev1=0 rx=0 tx=0)._fault waiting 0.800000
2023-01-04T18:10:11.269 INFO:teuthology.orchestra.run.smithi050.stderr:/usr/bin/ceph:
2023-01-04T18:10:11.266+0000 7f51a7fff700 1 -- 172.21.15.50:0/1110850771 >> [v2:172.21.15.50:6800/2515216785,v1:172.21.15.50:6801/2515216785] conn(0x7f518c032150 msgr2=0x7f518c034610 unknown :-1 s=STATE_CONNECTING_RE l=1).process reconnect failed to v2:172.21.15.50:6800/2515216785
2023-01-04T18:10:11.270 INFO:teuthology.orchestra.run.smithi050.stderr:/usr/bin/ceph:
2023-01-04T18:10:11.266+0000 7f51a7fff700 1 --2- 172.21.15.50:0/1110850771 >> [v2:172.21.15.50:6800/2515216785,v1:172.21.15.50:6801/2515216785] conn(0x7f518c032150 0x7f518c034610 unknown :-1 s=START_CONNECT pgs=0 cs=0 l=1 rev1=0 rx=0 tx=0)._fault waiting 1.600000
2023-01-04T18:10:12.870 INFO:teuthology.orchestra.run.smithi050.stderr:/usr/bin/ceph:
2023-01-04T18:10:12.867+0000 7f51a7fff700 1 -- 172.21.15.50:0/1110850771 >> [v2:172.21.15.50:6800/2515216785,v1:172.21.15.50:6801/2515216785] conn(0x7f518c032150 msgr2=0x7f518c034610 unknown :-1 s=STATE_CONNECTING_RE l=1).process reconnect failed to v2:172.21.15.50:6800/2515216785
2023-01-04T18:10:12.870 INFO:teuthology.orchestra.run.smithi050.stderr:/usr/bin/ceph:
2023-01-04T18:10:12.867+0000 7f51a7fff700 1 --2- 172.21.15.50:0/1110850771 >> [v2:172.21.15.50:6800/2515216785,v1:172.21.15.50:6801/2515216785] conn(0x7f518c032150 0x7f518c034610 unknown :-1 s=START_CONNECT pgs=0 cs=0 l=1 rev1=0 rx=0 tx=0)._fault waiting 3.200000
2023-01-04T18:10:13.248 INFO:teuthology.orchestra.run.smithi050.stderr:/usr/bin/ceph:
2023-01-04T18:10:13.244+0000 7f51a57fa700 1 -- 172.21.15.50:0/1110850771 <== mon.0 v2:172.21.15.50:3300/0 6 ==== mgrmap(e 14) v1 ==== 35997+0+0 (secure 0 0 0) 0x7f519c01aa40 con 0x7f51a80fa8f0
2023-01-04T18:10:13.248 INFO:teuthology.orchestra.run.smithi050.stderr:/usr/bin/ceph:
2023-01-04T18:10:13.244+0000 7f51a57fa700 1 -- 172.21.15.50:0/1110850771 >> [v2:172.21.15.50:6800/2515216785,v1:172.21.15.50:6801/2515216785] conn(0x7f518c032150 msgr2=0x7f518c034610 unknown :-1 s=STATE_CONNECTING l=1).mark_down
2023-01-04T18:10:13.248 INFO:teuthology.orchestra.run.smithi050.stderr:/usr/bin/ceph:
2023-01-04T18:10:13.244+0000 7f51a57fa700 1 --2- 172.21.15.50:0/1110850771 >> [v2:172.21.15.50:6800/2515216785,v1:172.21.15.50:6801/2515216785] conn(0x7f518c032150 0x7f518c034610 unknown :-1 s=START_CONNECT pgs=0 cs=0 l=1 rev1=0 rx=0 tx=0).stop
2023-01-04T18:10:14.250 INFO:teuthology.orchestra.run.smithi050.stderr:/usr/bin/ceph:
2023-01-04T18:10:14.246+0000 7f51a57fa700 1 -- 172.21.15.50:0/1110850771 <== mon.0 v2:172.21.15.50:3300/0 7 ==== mgrmap(e 15) v1 ==== 36067+0+0 (secure 0 0 0) 0x7f519c041e50 con 0x7f51a80fa8f0
2023-01-04T18:10:14.250 INFO:teuthology.orchestra.run.smithi050.stderr:/usr/bin/ceph:
2023-01-04T18:10:14.246+0000 7f51a57fa700 1 --2- 172.21.15.50:0/1110850771 >> [v2:172.21.15.50:6800/2223914843,v1:172.21.15.50:6801/2223914843] conn(0x7f518c035de0 0x7f518c0381d0 unknown :-1 s=NONE pgs=0 cs=0 l=1 rev1=0 rx=0 tx=0).connect
2023-01-04T18:10:14.251 INFO:teuthology.orchestra.run.smithi050.stderr:/usr/bin/ceph:
2023-01-04T18:10:14.246+0000 7f51a57fa700 1 -- 172.21.15.50:0/1110850771 --> [v2:172.21.15.50:6800/2223914843,v1:172.21.15.50:6801/2223914843] -- command(tid 0: {"prefix": "get_command_descriptions"}) v1 -- 0x7f518c034cd0 con 0x7f518c035de0
2023-01-04T18:10:14.251 INFO:teuthology.orchestra.run.smithi050.stderr:/usr/bin/ceph:
2023-01-04T18:10:14.247+0000 7f51a7fff700 1 --2- 172.21.15.50:0/1110850771 >> [v2:172.21.15.50:6800/2223914843,v1:172.21.15.50:6801/2223914843] conn(0x7f518c035de0 0x7f518c0381d0 unknown :-1 s=BANNER_CONNECTING pgs=0 cs=0 l=1 rev1=0 rx=0 tx=0)._handle_peer_banner_payload supported=1 required=0
2023-01-04T18:10:14.251 INFO:teuthology.orchestra.run.smithi050.stderr:/usr/bin/ceph:
2023-01-04T18:10:14.247+0000 7f51a7fff700 1 --2- 172.21.15.50:0/1110850771 >> [v2:172.21.15.50:6800/2223914843,v1:172.21.15.50:6801/2223914843] conn(0x7f518c035de0 0x7f518c0381d0 secure :-1 s=READY pgs=4 cs=0 l=1 rev1=1 rx=0x7f5194006fd0 tx=0x7f5194006d70).ready entity=mgr.14162 client_cookie=0 server_cookie=0 in_seq=0 out_seq=0
2023-01-04T18:10:14.251 INFO:teuthology.orchestra.run.smithi050.stderr:/usr/bin/ceph:
2023-01-04T18:10:14.248+0000 7f51a57fa700 1 -- 172.21.15.50:0/1110850771 <== mgr.14162 v2:172.21.15.50:6800/2223914843 1 ==== command_reply(tid 0: 0 ) v1 ==== 8+0+6438 (secure 0 0 0) 0x7f518c034cd0 con 0x7f518c035de0
2023-01-04T18:10:14.259 INFO:teuthology.orchestra.run.smithi050.stderr:/usr/bin/ceph:
2023-01-04T18:10:14.254+0000 7f51adf5b700 1 -- 172.21.15.50:0/1110850771 --> [v2:172.21.15.50:6800/2223914843,v1:172.21.15.50:6801/2223914843] -- command(tid 1: {"prefix": "mgr_status"}) v1 -- 0x7f51a8059100 con 0x7f518c035de0
2023-01-04T18:10:14.259 INFO:teuthology.orchestra.run.smithi050.stderr:/usr/bin/ceph:
2023-01-04T18:10:14.254+0000 7f51a57fa700 1 -- 172.21.15.50:0/1110850771 <== mgr.14162 v2:172.21.15.50:6800/2223914843 2 ==== command_reply(tid 1: 0 ) v1 ==== 8+0+52 (secure 0 0 0) 0x7f51a8059100 con 0x7f518c035de0
2023-01-04T18:10:14.260 INFO:teuthology.orchestra.run.smithi050.stderr:/usr/bin/ceph: {
2023-01-04T18:10:14.260 INFO:teuthology.orchestra.run.smithi050.stderr:/usr/bin/ceph: "mgrmap_epoch": 15,
2023-01-04T18:10:14.260 INFO:teuthology.orchestra.run.smithi050.stderr:/usr/bin/ceph: "initialized": true
2023-01-04T18:10:14.260 INFO:teuthology.orchestra.run.smithi050.stderr:/usr/bin/ceph: }
2023-01-04T18:10:14.260 INFO:teuthology.orchestra.run.smithi050.stderr:/usr/bin/ceph:
2023-01-04T18:10:14.254+0000 7f51adf5b700 1 -- 172.21.15.50:0/1110850771 >> [v2:172.21.15.50:6800/2223914843,v1:172.21.15.50:6801/2223914843] conn(0x7f518c035de0 msgr2=0x7f518c0381d0 secure :-1 s=STATE_CONNECTION_ESTABLISHED l=1).mark_down
2023-01-04T18:10:14.260 INFO:teuthology.orchestra.run.smithi050.stderr:/usr/bin/ceph:
2023-01-04T18:10:14.254+0000 7f51adf5b700 1 --2- 172.21.15.50:0/1110850771 >> [v2:172.21.15.50:6800/2223914843,v1:172.21.15.50:6801/2223914843] conn(0x7f518c035de0 0x7f518c0381d0 secure :-1 s=READY pgs=4 cs=0 l=1 rev1=1 rx=0x7f5194006fd0 tx=0x7f5194006d70).stop
2023-01-04T18:10:14.260 INFO:teuthology.orchestra.run.smithi050.stderr:/usr/bin/ceph:
2023-01-04T18:10:14.254+0000 7f51adf5b700 1 -- 172.21.15.50:0/1110850771 >> [v2:172.21.15.50:3300/0,v1:172.21.15.50:6789/0] conn(0x7f51a80fa8f0 msgr2=0x7f51a81085f0 secure :-1 s=STATE_CONNECTION_ESTABLISHED l=1).mark_down
2023-01-04T18:10:14.260 INFO:teuthology.orchestra.run.smithi050.stderr:/usr/bin/ceph:
2023-01-04T18:10:14.254+0000 7f51adf5b700 1 --2- 172.21.15.50:0/1110850771 >> [v2:172.21.15.50:3300/0,v1:172.21.15.50:6789/0] conn(0x7f51a80fa8f0 0x7f51a81085f0 secure :-1 s=READY pgs=73 cs=0 l=1 rev1=1 rx=0x7f519c00dfb0 tx=0x7f519c006ee0).stop
2023-01-04T18:10:14.261 INFO:teuthology.orchestra.run.smithi050.stderr:/usr/bin/ceph:
2023-01-04T18:10:14.254+0000 7f51adf5b700 1 -- 172.21.15.50:0/1110850771 shutdown_connections
2023-01-04T18:10:14.261 INFO:teuthology.orchestra.run.smithi050.stderr:/usr/bin/ceph:
2023-01-04T18:10:14.254+0000 7f51adf5b700 1 --2- 172.21.15.50:0/1110850771 >> [v2:172.21.15.50:6800/2223914843,v1:172.21.15.50:6801/2223914843] conn(0x7f518c035de0 0x7f518c0381d0 unknown :-1 s=CLOSED pgs=4 cs=0 l=1 rev1=1 rx=0 tx=0).stop
2023-01-04T18:10:14.261 INFO:teuthology.orchestra.run.smithi050.stderr:/usr/bin/ceph:
2023-01-04T18:10:14.254+0000 7f51adf5b700 1 --2- 172.21.15.50:0/1110850771 >> [v2:172.21.15.50:3300/0,v1:172.21.15.50:6789/0] conn(0x7f51a80fa8f0 0x7f51a81085f0 unknown :-1 s=CLOSED pgs=73 cs=0 l=1 rev1=1 rx=0 tx=0).stop
2023-01-04T18:10:14.261 INFO:teuthology.orchestra.run.smithi050.stderr:/usr/bin/ceph:
2023-01-04T18:10:14.254+0000 7f51adf5b700 1 --2- 172.21.15.50:0/1110850771 >> [v2:172.21.15.50:6800/2515216785,v1:172.21.15.50:6801/2515216785] conn(0x7f518c032150 0x7f518c034610 unknown :-1 s=CLOSED pgs=0 cs=0 l=1 rev1=0 rx=0 tx=0).stop
2023-01-04T18:10:14.261 INFO:teuthology.orchestra.run.smithi050.stderr:/usr/bin/ceph:
2023-01-04T18:10:14.254+0000 7f51adf5b700 1 -- 172.21.15.50:0/1110850771 >> 172.21.15.50:0/1110850771 conn(0x7f51a80f6130 msgr2=0x7f51a80ff680 unknown :-1 s=STATE_NONE l=0).mark_down
2023-01-04T18:10:14.261 INFO:teuthology.orchestra.run.smithi050.stderr:/usr/bin/ceph:
2023-01-04T18:10:14.254+0000 7f51adf5b700 1 -- 172.21.15.50:0/1110850771 shutdown_connections
2023-01-04T18:10:14.261 INFO:teuthology.orchestra.run.smithi050.stderr:/usr/bin/ceph:
2023-01-04T18:10:14.254+0000 7f51adf5b700 1 -- 172.21.15.50:0/1110850771 wait complete.
2023-01-04T18:10:14.473 INFO:journalctl@ceph.mon.smithi050.smithi050.stdout:Jan 04 18:10:14 smithi050 ceph-d98671da-8c5a-11ed-821a-001a4aab830c-mon.smithi050[132084]: cluster
2023-01-04T18:10:13.194061+0000 mon.smithi050 (mon.0) 92 : cluster [INF] Active manager daemon smithi050.emnywo restarted
2023-01-04T18:10:14.473 INFO:journalctl@ceph.mon.smithi050.smithi050.stdout:Jan 04 18:10:14 smithi050 ceph-d98671da-8c5a-11ed-821a-001a4aab830c-mon.smithi050[132084]: cluster
2023-01-04T18:10:13.194437+0000 mon.smithi050 (mon.0) 93 : cluster [INF] Activating manager daemon smithi050.emnywo
2023-01-04T18:10:14.473 INFO:journalctl@ceph.mon.smithi050.smithi050.stdout:Jan 04 18:10:14 smithi050 ceph-d98671da-8c5a-11ed-821a-001a4aab830c-mon.smithi050[132084]: cluster
2023-01-04T18:10:13.196014+0000 mon.smithi050 (mon.0) 94 : cluster [DBG] osdmap e4: 0 total, 0 up, 0 in
2023-01-04T18:10:14.473 INFO:journalctl@ceph.mon.smithi050.smithi050.stdout:Jan 04 18:10:14 smithi050 ceph-d98671da-8c5a-11ed-821a-001a4aab830c-mon.smithi050[132084]: cluster
2023-01-04T18:10:13.247276+0000 mon.smithi050 (mon.0) 95 : cluster [DBG] mgrmap e14: smithi050.emnywo(active, starting, since 0.0529166s)
2023-01-04T18:10:14.474 INFO:journalctl@ceph.mon.smithi050.smithi050.stdout:Jan 04 18:10:14 smithi050 ceph-d98671da-8c5a-11ed-821a-001a4aab830c-mon.smithi050[132084]: audit
2023-01-04T18:10:13.248533+0000 mon.smithi050 (mon.0) 96 : audit [DBG] from='mgr.14162 172.21.15.50:0/1287672645' entity='mgr.smithi050.emnywo' cmd=[{"prefix": "mon metadata", "id": "smithi050"}]: dispatch
2023-01-04T18:10:14.474 INFO:journalctl@ceph.mon.smithi050.smithi050.stdout:Jan 04 18:10:14 smithi050 ceph-d98671da-8c5a-11ed-821a-001a4aab830c-mon.smithi050[132084]: audit
2023-01-04T18:10:13.249098+0000 mon.smithi050 (mon.0) 97 : audit [DBG] from='mgr.14162 172.21.15.50:0/1287672645' entity='mgr.smithi050.emnywo' cmd=[{"prefix": "mgr metadata", "who": "smithi050.emnywo", "id": "smithi050.emnywo"}]: dispatch
2023-01-04T18:10:14.474 INFO:journalctl@ceph.mon.smithi050.smithi050.stdout:Jan 04 18:10:14 smithi050 ceph-d98671da-8c5a-11ed-821a-001a4aab830c-mon.smithi050[132084]: audit
2023-01-04T18:10:13.249996+0000 mon.smithi050 (mon.0) 98 : audit [DBG] from='mgr.14162 172.21.15.50:0/1287672645' entity='mgr.smithi050.emnywo' cmd=[{"prefix": "mds metadata"}]: dispatch
2023-01-04T18:10:14.474 INFO:journalctl@ceph.mon.smithi050.smithi050.stdout:Jan 04 18:10:14 smithi050 ceph-d98671da-8c5a-11ed-821a-001a4aab830c-mon.smithi050[132084]: audit
2023-01-04T18:10:13.250181+0000 mon.smithi050 (mon.0) 99 : audit [DBG] from='mgr.14162 172.21.15.50:0/1287672645' entity='mgr.smithi050.emnywo' cmd=[{"prefix": "osd metadata"}]: dispatch
2023-01-04T18:10:14.474 INFO:journalctl@ceph.mon.smithi050.smithi050.stdout:Jan 04 18:10:14 smithi050 ceph-d98671da-8c5a-11ed-821a-001a4aab830c-mon.smithi050[132084]: audit
2023-01-04T18:10:13.250346+0000 mon.smithi050 (mon.0) 100 : audit [DBG] from='mgr.14162 172.21.15.50:0/1287672645' entity='mgr.smithi050.emnywo' cmd=[{"prefix": "mon metadata"}]: dispatch
2023-01-04T18:10:14.474 INFO:journalctl@ceph.mon.smithi050.smithi050.stdout:Jan 04 18:10:14 smithi050 ceph-d98671da-8c5a-11ed-821a-001a4aab830c-mon.smithi050[132084]: cluster
2023-01-04T18:10:13.264765+0000 mon.smithi050 (mon.0) 101 : cluster [INF] Manager daemon smithi050.emnywo is now available
2023-01-04T18:10:14.474 INFO:journalctl@ceph.mon.smithi050.smithi050.stdout:Jan 04 18:10:14 smithi050 ceph-d98671da-8c5a-11ed-821a-001a4aab830c-mon.smithi050[132084]: audit
2023-01-04T18:10:13.369982+0000 mon.smithi050 (mon.0) 102 : audit [DBG] from='mgr.14162 172.21.15.50:0/1287672645' entity='mgr.smithi050.emnywo' cmd=[{"prefix": "config dump", "format": "json"}]: dispatch
2023-01-04T18:10:14.474 INFO:journalctl@ceph.mon.smithi050.smithi050.stdout:Jan 04 18:10:14 smithi050 ceph-d98671da-8c5a-11ed-821a-001a4aab830c-mon.smithi050[132084]: audit
2023-01-04T18:10:13.372499+0000 mon.smithi050 (mon.0) 103 : audit [DBG] from='mgr.14162 172.21.15.50:0/1287672645' entity='mgr.smithi050.emnywo' cmd=[{"prefix": "config dump", "format": "json"}]: dispatch
2023-01-04T18:10:14.474 INFO:journalctl@ceph.mon.smithi050.smithi050.stdout:Jan 04 18:10:14 smithi050 ceph-d98671da-8c5a-11ed-821a-001a4aab830c-mon.smithi050[132084]: audit
2023-01-04T18:10:13.397056+0000 mon.smithi050 (mon.0) 104 : audit [INF] from='mgr.14162 172.21.15.50:0/1287672645' entity='mgr.smithi050.emnywo' cmd=[{"prefix":"config rm","who":"mgr","name":"mgr/rbd_support/smithi050.emnywo/mirror_snapshot_schedule"}]: dispatch
2023-01-04T18:10:14.474 INFO:journalctl@ceph.mon.smithi050.smithi050.stdout:Jan 04 18:10:14 smithi050 ceph-d98671da-8c5a-11ed-821a-001a4aab830c-mon.smithi050[132084]: audit
2023-01-04T18:10:13.399797+0000 mon.smithi050 (mon.0) 105 : audit [INF] from='mgr.14162 172.21.15.50:0/1287672645' entity='mgr.smithi050.emnywo' cmd=[{"prefix":"config rm","who":"mgr","name":"mgr/rbd_support/smithi050.emnywo/trash_purge_schedule"}]: dispatch
2023-01-04T18:10:15.140 INFO:teuthology.orchestra.run.smithi050.stderr:mgr epoch 13 is available
2023-01-04T18:10:15.140 INFO:teuthology.orchestra.run.smithi050.stderr:Generating a dashboard self-signed certificate...
2023-01-04T18:10:15.141 INFO:teuthology.orchestra.run.smithi050.stderr:Running command: /bin/podman run --rm --ipc=host --no-hosts --net=host --entrypoint /usr/bin/ceph --init -e CONTAINER_IMAGE=docker.io/ceph/ceph:v16.2.4 -e NODE_NAME=smithi050 -e CEPH_USE_RANDOM_NONCE=1 -v /var/log/ceph/d98671da-8c5a-11ed-821a-001a4aab830c:/var/log/ceph:z -v /tmp/ceph-tmphq0e1x6f:/etc/ceph/ceph.client.admin.keyring:z -v /tmp/ceph-tmpccxsaw_n:/etc/ceph/ceph.conf:z docker.io/ceph/ceph:v16.2.4 dashboard create-self-signed-cert
2023-01-04T18:10:15.381 INFO:journalctl@ceph.mon.smithi050.smithi050.stdout:Jan 04 18:10:15 smithi050 ceph-d98671da-8c5a-11ed-821a-001a4aab830c-mon.smithi050[132084]: audit
2023-01-04T18:10:14.249006+0000 mgr.smithi050.emnywo (mgr.14162) 1 : audit [DBG] from='client.14166 -' entity='client.admin' cmd=[{"prefix": "get_command_descriptions"}]: dispatch
2023-01-04T18:10:15.381 INFO:journalctl@ceph.mon.smithi050.smithi050.stdout:Jan 04 18:10:15 smithi050 ceph-d98671da-8c5a-11ed-821a-001a4aab830c-mon.smithi050[132084]: cluster
2023-01-04T18:10:14.249382+0000 mon.smithi050 (mon.0) 106 : cluster [DBG] mgrmap e15: smithi050.emnywo(active, since 1.05503s)
2023-01-04T18:10:15.382 INFO:journalctl@ceph.mon.smithi050.smithi050.stdout:Jan 04 18:10:15 smithi050 ceph-d98671da-8c5a-11ed-821a-001a4aab830c-mon.smithi050[132084]: audit
2023-01-04T18:10:14.255537+0000 mgr.smithi050.emnywo (mgr.14162) 2 : audit [DBG] from='client.14166 -' entity='client.admin' cmd=[{"prefix": "mgr_status"}]: dispatch
2023-01-04T18:10:15.629 INFO:teuthology.orchestra.run.smithi050.stderr:/usr/bin/ceph:
2023-01-04T18:10:15.624+0000 7fb1695b4700 1 Processor -- start
2023-01-04T18:10:15.629 INFO:teuthology.orchestra.run.smithi050.stderr:/usr/bin/ceph:
2023-01-04T18:10:15.624+0000 7fb1695b4700 1 -- start start
2023-01-04T18:10:15.629 INFO:teuthology.orchestra.run.smithi050.stderr:/usr/bin/ceph:
2023-01-04T18:10:15.624+0000 7fb1695b4700 1 --2- >> [v2:172.21.15.50:3300/0,v1:172.21.15.50:6789/0] conn(0x7fb16406fc90 0x7fb1640fe7e0 unknown :-1 s=NONE pgs=0 cs=0 l=0 rev1=0 rx=0 tx=0).connect
2023-01-04T18:10:15.629 INFO:teuthology.orchestra.run.smithi050.stderr:/usr/bin/ceph:
2023-01-04T18:10:15.624+0000 7fb1695b4700 1 -- --> [v2:172.21.15.50:3300/0,v1:172.21.15.50:6789/0] -- mon_getmap magic: 0 v1 -- 0x7fb1640fed60 con 0x7fb16406fc90
2023-01-04T18:10:15.629 INFO:teuthology.orchestra.run.smithi050.stderr:/usr/bin/ceph:
2023-01-04T18:10:15.625+0000 7fb162ffd700 1 --2- >> [v2:172.21.15.50:3300/0,v1:172.21.15.50:6789/0] conn(0x7fb16406fc90 0x7fb1640fe7e0 unknown :-1 s=BANNER_CONNECTING pgs=0 cs=0 l=0 rev1=0 rx=0 tx=0)._handle_peer_banner_payload supported=1 required=0
2023-01-04T18:10:15.630 INFO:teuthology.orchestra.run.smithi050.stderr:/usr/bin/ceph:
2023-01-04T18:10:15.625+0000 7fb162ffd700 1 --2- >> [v2:172.21.15.50:3300/0,v1:172.21.15.50:6789/0] conn(0x7fb16406fc90 0x7fb1640fe7e0 unknown :-1 s=HELLO_CONNECTING pgs=0 cs=0 l=0 rev1=1 rx=0 tx=0).handle_hello peer v2:172.21.15.50:3300/0 says I am v2:172.21.15.50:47004/0 (socket says 172.21.15.50:47004)
2023-01-04T18:10:15.630 INFO:teuthology.orchestra.run.smithi050.stderr:/usr/bin/ceph:
2023-01-04T18:10:15.625+0000 7fb162ffd700 1 -- 172.21.15.50:0/1319560523 learned_addr learned my addr 172.21.15.50:0/1319560523 (peer_addr_for_me v2:172.21.15.50:0/0)
2023-01-04T18:10:15.630 INFO:teuthology.orchestra.run.smithi050.stderr:/usr/bin/ceph:
2023-01-04T18:10:15.625+0000 7fb162ffd700 1 -- 172.21.15.50:0/1319560523 --> [v2:172.21.15.50:3300/0,v1:172.21.15.50:6789/0] -- mon_subscribe({config=0+,monmap=0+}) v3 -- 0x7fb1640feea0 con 0x7fb16406fc90
2023-01-04T18:10:15.630 INFO:teuthology.orchestra.run.smithi050.stderr:/usr/bin/ceph:
2023-01-04T18:10:15.625+0000 7fb162ffd700 1 --2- 172.21.15.50:0/1319560523 >> [v2:172.21.15.50:3300/0,v1:172.21.15.50:6789/0] conn(0x7fb16406fc90 0x7fb1640fe7e0 secure :-1 s=READY pgs=79 cs=0 l=1 rev1=1 rx=0x7fb15400b5f0 tx=0x7fb154006ee0).ready entity=mon.0 client_cookie=b5d3d95977786812 server_cookie=0 in_seq=0 out_seq=0
2023-01-04T18:10:15.630 INFO:teuthology.orchestra.run.smithi050.stderr:/usr/bin/ceph:
2023-01-04T18:10:15.625+0000 7fb161ffb700 1 -- 172.21.15.50:0/1319560523 <== mon.0 v2:172.21.15.50:3300/0 1 ==== mon_map magic: 0 v1 ==== 229+0+0 (secure 0 0 0) 0x7fb15400d600 con 0x7fb16406fc90
2023-01-04T18:10:15.630 INFO:teuthology.orchestra.run.smithi050.stderr:/usr/bin/ceph:
2023-01-04T18:10:15.625+0000 7fb161ffb700 1 -- 172.21.15.50:0/1319560523 <== mon.0 v2:172.21.15.50:3300/0 2 ==== config(25 keys) v1 ==== 1074+0+0 (secure 0 0 0) 0x7fb15400dc10 con 0x7fb16406fc90
2023-01-04T18:10:15.630 INFO:teuthology.orchestra.run.smithi050.stderr:/usr/bin/ceph:
2023-01-04T18:10:15.625+0000 7fb161ffb700 1 -- 172.21.15.50:0/1319560523 <== mon.0 v2:172.21.15.50:3300/0 3 ==== mon_map magic: 0 v1 ==== 229+0+0 (secure 0 0 0) 0x7fb154011cd0 con 0x7fb16406fc90
2023-01-04T18:10:15.634 INFO:teuthology.orchestra.run.smithi050.stderr:/usr/bin/ceph:
2023-01-04T18:10:15.626+0000 7fb1695b4700 1 -- 172.21.15.50:0/1319560523 >> [v2:172.21.15.50:3300/0,v1:172.21.15.50:6789/0] conn(0x7fb16406fc90 msgr2=0x7fb1640fe7e0 secure :-1 s=STATE_CONNECTION_ESTABLISHED l=1).mark_down
2023-01-04T18:10:15.635 INFO:teuthology.orchestra.run.smithi050.stderr:/usr/bin/ceph:
2023-01-04T18:10:15.626+0000 7fb1695b4700 1 --2- 172.21.15.50:0/1319560523 >> [v2:172.21.15.50:3300/0,v1:172.21.15.50:6789/0] conn(0x7fb16406fc90 0x7fb1640fe7e0 secure :-1 s=READY pgs=79 cs=0 l=1 rev1=1 rx=0x7fb15400b5f0 tx=0x7fb154006ee0).stop
2023-01-04T18:10:15.635 INFO:teuthology.orchestra.run.smithi050.stderr:/usr/bin/ceph:
2023-01-04T18:10:15.626+0000 7fb1695b4700 1 -- 172.21.15.50:0/1319560523 shutdown_connections
2023-01-04T18:10:15.635 INFO:teuthology.orchestra.run.smithi050.stderr:/usr/bin/ceph:
2023-01-04T18:10:15.626+0000 7fb1695b4700 1 --2- 172.21.15.50:0/1319560523 >> [v2:172.21.15.50:3300/0,v1:172.21.15.50:6789/0] conn(0x7fb16406fc90 0x7fb1640fe7e0 unknown :-1 s=CLOSED pgs=79 cs=0 l=1 rev1=1 rx=0 tx=0).stop
2023-01-04T18:10:15.635 INFO:teuthology.orchestra.run.smithi050.stderr:/usr/bin/ceph:
2023-01-04T18:10:15.626+0000 7fb1695b4700 1 -- 172.21.15.50:0/1319560523 >> 172.21.15.50:0/1319560523 conn(0x7fb1640f6280 msgr2=0x7fb1640f86a0 unknown :-1 s=STATE_NONE l=0).mark_down
2023-01-04T18:10:15.635 INFO:teuthology.orchestra.run.smithi050.stderr:/usr/bin/ceph:
2023-01-04T18:10:15.627+0000 7fb1695b4700 1 -- 172.21.15.50:0/1319560523 shutdown_connections
2023-01-04T18:10:15.635 INFO:teuthology.orchestra.run.smithi050.stderr:/usr/bin/ceph:
2023-01-04T18:10:15.627+0000 7fb1695b4700 1 -- 172.21.15.50:0/1319560523 wait complete.
2023-01-04T18:10:15.635 INFO:teuthology.orchestra.run.smithi050.stderr:/usr/bin/ceph:
2023-01-04T18:10:15.628+0000 7fb1695b4700 1 Processor -- start
2023-01-04T18:10:15.635 INFO:teuthology.orchestra.run.smithi050.stderr:/usr/bin/ceph:
2023-01-04T18:10:15.628+0000 7fb1695b4700 1 -- start start
2023-01-04T18:10:15.636 INFO:teuthology.orchestra.run.smithi050.stderr:/usr/bin/ceph:
2023-01-04T18:10:15.628+0000 7fb1695b4700 1 --2- >> [v2:172.21.15.50:3300/0,v1:172.21.15.50:6789/0] conn(0x7fb16406fc90 0x7fb1640fc260 unknown :-1 s=NONE pgs=0 cs=0 l=1 rev1=0 rx=0 tx=0).connect
2023-01-04T18:10:15.636 INFO:teuthology.orchestra.run.smithi050.stderr:/usr/bin/ceph:
2023-01-04T18:10:15.628+0000 7fb1695b4700 1 -- --> [v2:172.21.15.50:3300/0,v1:172.21.15.50:6789/0] -- mon_getmap magic: 0 v1 -- 0x7fb1640fa6e0 con 0x7fb16406fc90
2023-01-04T18:10:15.636 INFO:teuthology.orchestra.run.smithi050.stderr:/usr/bin/ceph:
2023-01-04T18:10:15.628+0000 7fb162ffd700 1 --2- >> [v2:172.21.15.50:3300/0,v1:172.21.15.50:6789/0] conn(0x7fb16406fc90 0x7fb1640fc260 unknown :-1 s=BANNER_CONNECTING pgs=0 cs=0 l=1 rev1=0 rx=0 tx=0)._handle_peer_banner_payload supported=1 required=0
2023-01-04T18:10:15.636 INFO:teuthology.orchestra.run.smithi050.stderr:/usr/bin/ceph:
2023-01-04T18:10:15.628+0000 7fb162ffd700 1 --2- >> [v2:172.21.15.50:3300/0,v1:172.21.15.50:6789/0] conn(0x7fb16406fc90 0x7fb1640fc260 unknown :-1 s=HELLO_CONNECTING pgs=0 cs=0 l=1 rev1=1 rx=0 tx=0).handle_hello peer v2:172.21.15.50:3300/0 says I am v2:172.21.15.50:47016/0 (socket says 172.21.15.50:47016)
2023-01-04T18:10:15.636 INFO:teuthology.orchestra.run.smithi050.stderr:/usr/bin/ceph:
2023-01-04T18:10:15.628+0000 7fb162ffd700 1 -- 172.21.15.50:0/1296284752 learned_addr learned my addr 172.21.15.50:0/1296284752 (peer_addr_for_me v2:172.21.15.50:0/0)
2023-01-04T18:10:15.636 INFO:teuthology.orchestra.run.smithi050.stderr:/usr/bin/ceph:
2023-01-04T18:10:15.628+0000 7fb162ffd700 1 -- 172.21.15.50:0/1296284752 --> [v2:172.21.15.50:3300/0,v1:172.21.15.50:6789/0] -- mon_subscribe({config=0+,monmap=0+}) v3 -- 0x7fb15400b200 con 0x7fb16406fc90
2023-01-04T18:10:15.636 INFO:teuthology.orchestra.run.smithi050.stderr:/usr/bin/ceph:
2023-01-04T18:10:15.629+0000 7fb162ffd700 1 --2- 172.21.15.50:0/1296284752 >> [v2:172.21.15.50:3300/0,v1:172.21.15.50:6789/0] conn(0x7fb16406fc90 0x7fb1640fc260 secure :-1 s=READY pgs=80 cs=0 l=1 rev1=1 rx=0x7fb15400dfb0 tx=0x7fb154006ee0).ready entity=mon.0 client_cookie=0 server_cookie=0 in_seq=0 out_seq=0
2023-01-04T18:10:15.636 INFO:teuthology.orchestra.run.smithi050.stderr:/usr/bin/ceph:
2023-01-04T18:10:15.629+0000 7fb14b7fe700 1 -- 172.21.15.50:0/1296284752 <== mon.0 v2:172.21.15.50:3300/0 1 ==== mon_map magic: 0 v1 ==== 229+0+0 (secure 0 0 0) 0x7fb154011df0 con 0x7fb16406fc90
2023-01-04T18:10:15.636 INFO:teuthology.orchestra.run.smithi050.stderr:/usr/bin/ceph:
2023-01-04T18:10:15.629+0000 7fb1695b4700 1 -- 172.21.15.50:0/1296284752 --> [v2:172.21.15.50:3300/0,v1:172.21.15.50:6789/0] -- mon_subscribe({mgrmap=0+}) v3 -- 0x7fb1640fa880 con 0x7fb16406fc90
2023-01-04T18:10:15.636 INFO:teuthology.orchestra.run.smithi050.stderr:/usr/bin/ceph:
2023-01-04T18:10:15.629+0000 7fb14b7fe700 1 -- 172.21.15.50:0/1296284752 <== mon.0 v2:172.21.15.50:3300/0 2 ==== config(25 keys) v1 ==== 1074+0+0 (secure 0 0 0) 0x7fb15401b8c0 con 0x7fb16406fc90
2023-01-04T18:10:15.637 INFO:teuthology.orchestra.run.smithi050.stderr:/usr/bin/ceph:
2023-01-04T18:10:15.629+0000 7fb14b7fe700 1 -- 172.21.15.50:0/1296284752 <== mon.0 v2:172.21.15.50:3300/0 3 ==== mon_map magic: 0 v1 ==== 229+0+0 (secure 0 0 0) 0x7fb15401a7c0 con 0x7fb16406fc90
2023-01-04T18:10:15.637 INFO:teuthology.orchestra.run.smithi050.stderr:/usr/bin/ceph:
2023-01-04T18:10:15.629+0000 7fb1695b4700 1 -- 172.21.15.50:0/1296284752 --> [v2:172.21.15.50:3300/0,v1:172.21.15.50:6789/0] -- mon_subscribe({osdmap=0}) v3 -- 0x7fb1640fac90 con 0x7fb16406fc90
2023-01-04T18:10:15.637 INFO:teuthology.orchestra.run.smithi050.stderr:/usr/bin/ceph:
2023-01-04T18:10:15.630+0000 7fb14b7fe700 1 -- 172.21.15.50:0/1296284752 <== mon.0 v2:172.21.15.50:3300/0 4 ==== mgrmap(e 15) v1 ==== 36067+0+0 (secure 0 0 0) 0x7fb15400f070 con 0x7fb16406fc90
2023-01-04T18:10:15.637 INFO:teuthology.orchestra.run.smithi050.stderr:/usr/bin/ceph:
2023-01-04T18:10:15.630+0000 7fb1695b4700 1 -- 172.21.15.50:0/1296284752 --> [v2:172.21.15.50:3300/0,v1:172.21.15.50:6789/0] -- mon_command({"prefix": "get_command_descriptions"} v 0) v1 -- 0x7fb164045ad0 con 0x7fb16406fc90
2023-01-04T18:10:15.637 INFO:teuthology.orchestra.run.smithi050.stderr:/usr/bin/ceph:
2023-01-04T18:10:15.630+0000 7fb14b7fe700 1 --2- 172.21.15.50:0/1296284752 >> [v2:172.21.15.50:6800/2223914843,v1:172.21.15.50:6801/2223914843] conn(0x7fb15002fd50 0x7fb150032210 unknown :-1 s=NONE pgs=0 cs=0 l=1 rev1=0 rx=0 tx=0).connect
2023-01-04T18:10:15.637 INFO:teuthology.orchestra.run.smithi050.stderr:/usr/bin/ceph:
2023-01-04T18:10:15.630+0000 7fb14b7fe700 1 -- 172.21.15.50:0/1296284752 <== mon.0 v2:172.21.15.50:3300/0 5 ==== osd_map(4..4 src has 1..4) v4 ==== 1270+0+0 (secure 0 0 0) 0x7fb154040fe0 con 0x7fb16406fc90
2023-01-04T18:10:15.637 INFO:teuthology.orchestra.run.smithi050.stderr:/usr/bin/ceph:
2023-01-04T18:10:15.630+0000 7fb1627fc700 1 --2- 172.21.15.50:0/1296284752 >> [v2:172.21.15.50:6800/2223914843,v1:172.21.15.50:6801/2223914843] conn(0x7fb15002fd50 0x7fb150032210 unknown :-1 s=BANNER_CONNECTING pgs=0 cs=0 l=1 rev1=0 rx=0 tx=0)._handle_peer_banner_payload supported=1 required=0
2023-01-04T18:10:15.637 INFO:teuthology.orchestra.run.smithi050.stderr:/usr/bin/ceph:
2023-01-04T18:10:15.631+0000 7fb1627fc700 1 --2- 172.21.15.50:0/1296284752 >> [v2:172.21.15.50:6800/2223914843,v1:172.21.15.50:6801/2223914843] conn(0x7fb15002fd50 0x7fb150032210 secure :-1 s=READY pgs=6 cs=0 l=1 rev1=1 rx=0x7fb1580096a0 tx=0x7fb158006b40).ready entity=mgr.14162 client_cookie=0 server_cookie=0 in_seq=0 out_seq=0
2023-01-04T18:10:15.641 INFO:teuthology.orchestra.run.smithi050.stderr:/usr/bin/ceph:
2023-01-04T18:10:15.638+0000 7fb14b7fe700 1 -- 172.21.15.50:0/1296284752 <== mon.0 v2:172.21.15.50:3300/0 6 ==== mon_command_ack([{"prefix": "get_command_descriptions"}]=0 v0) v1 ==== 72+0+152212 (secure 0 0 0) 0x7fb154010be0 con 0x7fb16406fc90
2023-01-04T18:10:15.812 INFO:teuthology.orchestra.run.smithi050.stderr:/usr/bin/ceph:
2023-01-04T18:10:15.809+0000 7fb1695b4700 1 -- 172.21.15.50:0/1296284752 --> [v2:172.21.15.50:6800/2223914843,v1:172.21.15.50:6801/2223914843] -- mgr_command(tid 0: {"prefix": "dashboard create-self-signed-cert", "target": ["mon-mgr", ""]}) v1 -- 0x7fb1640faed0 con 0x7fb15002fd50
2023-01-04T18:10:16.079 INFO:teuthology.orchestra.run.smithi050.stderr:/usr/bin/ceph:
2023-01-04T18:10:16.075+0000 7fb14b7fe700 1 -- 172.21.15.50:0/1296284752 <== mgr.14162 v2:172.21.15.50:6800/2223914843 1 ==== mgr_command_reply(tid 0: 0 ) v1 ==== 8+0+32 (secure 0 0 0) 0x7fb1640faed0 con 0x7fb15002fd50
2023-01-04T18:10:16.079 INFO:teuthology.orchestra.run.smithi050.stderr:/usr/bin/ceph: Self-signed certificate created
2023-01-04T18:10:16.081 INFO:teuthology.orchestra.run.smithi050.stderr:/usr/bin/ceph:
2023-01-04T18:10:16.077+0000 7fb1695b4700 1 -- 172.21.15.50:0/1296284752 >> [v2:172.21.15.50:6800/2223914843,v1:172.21.15.50:6801/2223914843] conn(0x7fb15002fd50 msgr2=0x7fb150032210 secure :-1 s=STATE_CONNECTION_ESTABLISHED l=1).mark_down
2023-01-04T18:10:16.081 INFO:teuthology.orchestra.run.smithi050.stderr:/usr/bin/ceph:
2023-01-04T18:10:16.077+0000 7fb1695b4700 1 --2- 172.21.15.50:0/1296284752 >> [v2:172.21.15.50:6800/2223914843,v1:172.21.15.50:6801/2223914843] conn(0x7fb15002fd50 0x7fb150032210 secure :-1 s=READY pgs=6 cs=0 l=1 rev1=1 rx=0x7fb1580096a0 tx=0x7fb158006b40).stop
2023-01-04T18:10:16.081 INFO:teuthology.orchestra.run.smithi050.stderr:/usr/bin/ceph:
2023-01-04T18:10:16.077+0000 7fb1695b4700 1 -- 172.21.15.50:0/1296284752 >> [v2:172.21.15.50:3300/0,v1:172.21.15.50:6789/0] conn(0x7fb16406fc90 msgr2=0x7fb1640fc260 secure :-1 s=STATE_CONNECTION_ESTABLISHED l=1).mark_down
2023-01-04T18:10:16.081 INFO:teuthology.orchestra.run.smithi050.stderr:/usr/bin/ceph:
2023-01-04T18:10:16.077+0000 7fb1695b4700 1 --2- 172.21.15.50:0/1296284752 >> [v2:172.21.15.50:3300/0,v1:172.21.15.50:6789/0] conn(0x7fb16406fc90 0x7fb1640fc260 secure :-1 s=READY pgs=80 cs=0 l=1 rev1=1 rx=0x7fb15400dfb0 tx=0x7fb154006ee0).stop
2023-01-04T18:10:16.081 INFO:teuthology.orchestra.run.smithi050.stderr:/usr/bin/ceph:
2023-01-04T18:10:16.077+0000 7fb1695b4700 1 -- 172.21.15.50:0/1296284752 shutdown_connections
2023-01-04T18:10:16.081 INFO:teuthology.orchestra.run.smithi050.stderr:/usr/bin/ceph:
2023-01-04T18:10:16.077+0000 7fb1695b4700 1 --2- 172.21.15.50:0/1296284752 >> [v2:172.21.15.50:6800/2223914843,v1:172.21.15.50:6801/2223914843] conn(0x7fb15002fd50 0x7fb150032210 unknown :-1 s=CLOSED pgs=6 cs=0 l=1 rev1=1 rx=0 tx=0).stop
2023-01-04T18:10:16.081 INFO:teuthology.orchestra.run.smithi050.stderr:/usr/bin/ceph:
2023-01-04T18:10:16.077+0000 7fb1695b4700 1 --2- 172.21.15.50:0/1296284752 >> [v2:172.21.15.50:3300/0,v1:172.21.15.50:6789/0] conn(0x7fb16406fc90 0x7fb1640fc260 unknown :-1 s=CLOSED pgs=80 cs=0 l=1 rev1=1 rx=0 tx=0).stop
2023-01-04T18:10:16.081 INFO:teuthology.orchestra.run.smithi050.stderr:/usr/bin/ceph:
2023-01-04T18:10:16.077+0000 7fb1695b4700 1 -- 172.21.15.50:0/1296284752 >> 172.21.15.50:0/1296284752 conn(0x7fb1640f6280 msgr2=0x7fb1640f7e60 unknown :-1 s=STATE_NONE l=0).mark_down
2023-01-04T18:10:16.082 INFO:teuthology.orchestra.run.smithi050.stderr:/usr/bin/ceph:
2023-01-04T18:10:16.078+0000 7fb1695b4700 1 -- 172.21.15.50:0/1296284752 shutdown_connections
2023-01-04T18:10:16.082 INFO:teuthology.orchestra.run.smithi050.stderr:/usr/bin/ceph:
2023-01-04T18:10:16.078+0000 7fb1695b4700 1 -- 172.21.15.50:0/1296284752 wait complete.
2023-01-04T18:10:16.580 INFO:teuthology.orchestra.run.smithi050.stderr:Creating initial admin user...
2023-01-04T18:10:16.581 INFO:teuthology.orchestra.run.smithi050.stderr:Running command: /bin/podman run --rm --ipc=host --no-hosts --net=host --entrypoint /usr/bin/ceph --init -e CONTAINER_IMAGE=docker.io/ceph/ceph:v16.2.4 -e NODE_NAME=smithi050 -e CEPH_USE_RANDOM_NONCE=1 -v /var/log/ceph/d98671da-8c5a-11ed-821a-001a4aab830c:/var/log/ceph:z -v /tmp/ceph-tmphq0e1x6f:/etc/ceph/ceph.client.admin.keyring:z -v /tmp/ceph-tmpccxsaw_n:/etc/ceph/ceph.conf:z -v /tmp/ceph-tmpw2qaxkvr:/tmp/dashboard.pw:z docker.io/ceph/ceph:v16.2.4 dashboard ac-user-create admin -i /tmp/dashboard.pw administrator --force-password --pwd-update-required
2023-01-04T18:10:16.711 INFO:journalctl@ceph.mon.smithi050.smithi050.stdout:Jan 04 18:10:16 smithi050 ceph-d98671da-8c5a-11ed-821a-001a4aab830c-mon.smithi050[132084]: audit
2023-01-04T18:10:15.527490+0000 mon.smithi050 (mon.0) 107 : audit [INF] from='mgr.14162 172.21.15.50:0/1287672645' entity='mgr.smithi050.emnywo'
2023-01-04T18:10:16.711 INFO:journalctl@ceph.mon.smithi050.smithi050.stdout:Jan 04 18:10:16 smithi050 ceph-d98671da-8c5a-11ed-821a-001a4aab830c-mon.smithi050[132084]: audit
2023-01-04T18:10:15.810969+0000 mgr.smithi050.emnywo (mgr.14162) 3 : audit [DBG] from='client.14172 -' entity='client.admin' cmd=[{"prefix": "dashboard create-self-signed-cert", "target": ["mon-mgr", ""]}]: dispatch
2023-01-04T18:10:16.711 INFO:journalctl@ceph.mon.smithi050.smithi050.stdout:Jan 04 18:10:16 smithi050 ceph-d98671da-8c5a-11ed-821a-001a4aab830c-mon.smithi050[132084]: audit
2023-01-04T18:10:16.074954+0000 mon.smithi050 (mon.0) 108 : audit [INF] from='mgr.14162 172.21.15.50:0/1287672645' entity='mgr.smithi050.emnywo'
2023-01-04T18:10:16.711 INFO:journalctl@ceph.mon.smithi050.smithi050.stdout:Jan 04 18:10:16 smithi050 ceph-d98671da-8c5a-11ed-821a-001a4aab830c-mon.smithi050[132084]: audit
2023-01-04T18:10:16.076778+0000 mon.smithi050 (mon.0) 109 : audit [INF] from='mgr.14162 172.21.15.50:0/1287672645' entity='mgr.smithi050.emnywo'
2023-01-04T18:10:16.711 INFO:journalctl@ceph.mon.smithi050.smithi050.stdout:Jan 04 18:10:16 smithi050 ceph-d98671da-8c5a-11ed-821a-001a4aab830c-mon.smithi050[132084]: cluster
2023-01-04T18:10:16.170476+0000 mon.smithi050 (mon.0) 110 : cluster [DBG] mgrmap e16: smithi050.emnywo(active, since 2s)
2023-01-04T18:10:17.141 INFO:teuthology.orchestra.run.smithi050.stderr:/usr/bin/ceph:
2023-01-04T18:10:17.136+0000 7fa985252700 1 Processor -- start
2023-01-04T18:10:17.141 INFO:teuthology.orchestra.run.smithi050.stderr:/usr/bin/ceph:
2023-01-04T18:10:17.136+0000 7fa985252700 1 -- start start
2023-01-04T18:10:17.141 INFO:teuthology.orchestra.run.smithi050.stderr:/usr/bin/ceph:
2023-01-04T18:10:17.137+0000 7fa985252700 1 --2- >> [v2:172.21.15.50:3300/0,v1:172.21.15.50:6789/0] conn(0x7fa98006fc90 0x7fa9800fe7e0 unknown :-1 s=NONE pgs=0 cs=0 l=0 rev1=0 rx=0 tx=0).connect
2023-01-04T18:10:17.141 INFO:teuthology.orchestra.run.smithi050.stderr:/usr/bin/ceph:
2023-01-04T18:10:17.137+0000 7fa985252700 1 -- --> [v2:172.21.15.50:3300/0,v1:172.21.15.50:6789/0] -- mon_getmap magic: 0 v1 -- 0x7fa9800fed60 con 0x7fa98006fc90
2023-01-04T18:10:17.141 INFO:teuthology.orchestra.run.smithi050.stderr:/usr/bin/ceph:
2023-01-04T18:10:17.137+0000 7fa97ed9d700 1 --2- >> [v2:172.21.15.50:3300/0,v1:172.21.15.50:6789/0] conn(0x7fa98006fc90 0x7fa9800fe7e0 unknown :-1 s=BANNER_CONNECTING pgs=0 cs=0 l=0 rev1=0 rx=0 tx=0)._handle_peer_banner_payload supported=1 required=0
2023-01-04T18:10:17.141 INFO:teuthology.orchestra.run.smithi050.stderr:/usr/bin/ceph:
2023-01-04T18:10:17.137+0000 7fa97ed9d700 1 --2- >> [v2:172.21.15.50:3300/0,v1:172.21.15.50:6789/0] conn(0x7fa98006fc90 0x7fa9800fe7e0 unknown :-1 s=HELLO_CONNECTING pgs=0 cs=0 l=0 rev1=1 rx=0 tx=0).handle_hello peer v2:172.21.15.50:3300/0 says I am v2:172.21.15.50:56122/0 (socket says 172.21.15.50:56122)
2023-01-04T18:10:17.142 INFO:teuthology.orchestra.run.smithi050.stderr:/usr/bin/ceph:
2023-01-04T18:10:17.137+0000 7fa97ed9d700 1 -- 172.21.15.50:0/34877234 learned_addr learned my addr 172.21.15.50:0/34877234 (peer_addr_for_me v2:172.21.15.50:0/0)
2023-01-04T18:10:17.142 INFO:teuthology.orchestra.run.smithi050.stderr:/usr/bin/ceph:
2023-01-04T18:10:17.137+0000 7fa97ed9d700 1 -- 172.21.15.50:0/34877234 --> [v2:172.21.15.50:3300/0,v1:172.21.15.50:6789/0] -- mon_subscribe({config=0+,monmap=0+}) v3 -- 0x7fa9800feea0 con 0x7fa98006fc90
2023-01-04T18:10:17.142 INFO:teuthology.orchestra.run.smithi050.stderr:/usr/bin/ceph:
2023-01-04T18:10:17.137+0000 7fa97ed9d700 1 --2- 172.21.15.50:0/34877234 >> [v2:172.21.15.50:3300/0,v1:172.21.15.50:6789/0] conn(0x7fa98006fc90 0x7fa9800fe7e0 secure :-1 s=READY pgs=81 cs=0 l=1 rev1=1 rx=0x7fa97000b5f0 tx=0x7fa970006ee0).ready entity=mon.0 client_cookie=4a66eee72e0296b0 server_cookie=0 in_seq=0 out_seq=0
2023-01-04T18:10:17.142 INFO:teuthology.orchestra.run.smithi050.stderr:/usr/bin/ceph:
2023-01-04T18:10:17.137+0000 7fa97dd9b700 1 -- 172.21.15.50:0/34877234 <== mon.0 v2:172.21.15.50:3300/0 1 ==== mon_map magic: 0 v1 ==== 229+0+0 (secure 0 0 0) 0x7fa97000d600 con 0x7fa98006fc90
2023-01-04T18:10:17.145 INFO:teuthology.orchestra.run.smithi050.stderr:/usr/bin/ceph:
2023-01-04T18:10:17.138+0000 7fa97dd9b700 1 -- 172.21.15.50:0/34877234 <== mon.0 v2:172.21.15.50:3300/0 2 ==== config(25 keys) v1 ==== 1074+0+0 (secure 0 0 0) 0x7fa97000dc10 con 0x7fa98006fc90
2023-01-04T18:10:17.145 INFO:teuthology.orchestra.run.smithi050.stderr:/usr/bin/ceph:
2023-01-04T18:10:17.138+0000 7fa97dd9b700 1 -- 172.21.15.50:0/34877234 <== mon.0 v2:172.21.15.50:3300/0 3 ==== mon_map magic: 0 v1 ==== 229+0+0 (secure 0 0 0) 0x7fa970011cd0 con 0x7fa98006fc90
2023-01-04T18:10:17.145 INFO:teuthology.orchestra.run.smithi050.stderr:/usr/bin/ceph:
