2023-01-04T18:09:45.341 INFO:teuthology.orchestra.run.smithi050.stderr:/usr/bin/ceph:
2023-01-04T18:09:45.336+0000 7fec5bfff700 1 -- 172.21.15.50:0/3709285326 <== mon.0 v2:172.21.15.50:3300/0 2 ==== config(25 keys) v1 ==== 1010+0+0 (secure 0 0 0) 0x7fec5401b880 con 0x7fec640faae0
2023-01-04T18:09:45.341 INFO:teuthology.orchestra.run.smithi050.stderr:/usr/bin/ceph:
2023-01-04T18:09:45.336+0000 7fec5bfff700 1 -- 172.21.15.50:0/3709285326 <== mon.0 v2:172.21.15.50:3300/0 3 ==== mon_map magic: 0 v1 ==== 229+0+0 (secure 0 0 0) 0x7fec5401a700 con 0x7fec640faae0
2023-01-04T18:09:45.341 INFO:teuthology.orchestra.run.smithi050.stderr:/usr/bin/ceph:
2023-01-04T18:09:45.336+0000 7fec69d18700 1 -- 172.21.15.50:0/3709285326 --> [v2:172.21.15.50:3300/0,v1:172.21.15.50:6789/0] -- mon_subscribe({osdmap=0}) v3 -- 0x7fec6410a3d0 con 0x7fec640faae0
2023-01-04T18:09:45.341 INFO:teuthology.orchestra.run.smithi050.stderr:/usr/bin/ceph:
2023-01-04T18:09:45.336+0000 7fec5bfff700 1 -- 172.21.15.50:0/3709285326 <== mon.0 v2:172.21.15.50:3300/0 4 ==== mgrmap(e 8) v1 ==== 36120+0+0 (secure 0 0 0) 0x7fec5400f070 con 0x7fec640faae0
2023-01-04T18:09:45.342 INFO:teuthology.orchestra.run.smithi050.stderr:/usr/bin/ceph:
2023-01-04T18:09:45.336+0000 7fec5bfff700 1 --2- 172.21.15.50:0/3709285326 >> [v2:172.21.15.50:6800/3751193798,v1:172.21.15.50:6801/3751193798] conn(0x7fec4402fd50 0x7fec44032210 unknown :-1 s=NONE pgs=0 cs=0 l=1 rev1=0 rx=0 tx=0).connect
2023-01-04T18:09:45.342 INFO:teuthology.orchestra.run.smithi050.stderr:/usr/bin/ceph:
2023-01-04T18:09:45.337+0000 7fec5bfff700 1 -- 172.21.15.50:0/3709285326 <== mon.0 v2:172.21.15.50:3300/0 5 ==== osd_map(2..2 src has 1..2) v4 ==== 926+0+0 (secure 0 0 0) 0x7fec54041090 con 0x7fec640faae0
2023-01-04T18:09:45.342 INFO:teuthology.orchestra.run.smithi050.stderr:/usr/bin/ceph:
2023-01-04T18:09:45.337+0000 7fec69d18700 1 -- 172.21.15.50:0/3709285326 --> [v2:172.21.15.50:3300/0,v1:172.21.15.50:6789/0] -- mon_command({"prefix": "get_command_descriptions"} v 0) v1 -- 0x7fec64045ad0 con 0x7fec640faae0
2023-01-04T18:09:45.342 INFO:teuthology.orchestra.run.smithi050.stderr:/usr/bin/ceph:
2023-01-04T18:09:45.337+0000 7fec62ffd700 1 --2- 172.21.15.50:0/3709285326 >> [v2:172.21.15.50:6800/3751193798,v1:172.21.15.50:6801/3751193798] conn(0x7fec4402fd50 0x7fec44032210 unknown :-1 s=BANNER_CONNECTING pgs=0 cs=0 l=1 rev1=0 rx=0 tx=0)._handle_peer_banner_payload supported=1 required=0
2023-01-04T18:09:45.342 INFO:teuthology.orchestra.run.smithi050.stderr:/usr/bin/ceph:
2023-01-04T18:09:45.337+0000 7fec62ffd700 1 --2- 172.21.15.50:0/3709285326 >> [v2:172.21.15.50:6800/3751193798,v1:172.21.15.50:6801/3751193798] conn(0x7fec4402fd50 0x7fec44032210 secure :-1 s=READY pgs=8 cs=0 l=1 rev1=1 rx=0x7fec4c0096a0 tx=0x7fec4c006b40).ready entity=mgr.14114 client_cookie=0 server_cookie=0 in_seq=0 out_seq=0
2023-01-04T18:09:45.344 INFO:teuthology.orchestra.run.smithi050.stderr:/usr/bin/ceph:
2023-01-04T18:09:45.341+0000 7fec5bfff700 1 -- 172.21.15.50:0/3709285326 <== mon.0 v2:172.21.15.50:3300/0 6 ==== mon_command_ack([{"prefix": "get_command_descriptions"}]=0 v0) v1 ==== 72+0+152212 (secure 0 0 0) 0x7fec54016070 con 0x7fec640faae0
2023-01-04T18:09:45.504 INFO:teuthology.orchestra.run.smithi050.stderr:/usr/bin/ceph:
2023-01-04T18:09:45.500+0000 7fec69d18700 1 -- 172.21.15.50:0/3709285326 --> [v2:172.21.15.50:6800/3751193798,v1:172.21.15.50:6801/3751193798] -- mgr_command(tid 0: {"prefix": "cephadm generate-key", "target": ["mon-mgr", ""]}) v1 -- 0x7fec64103780 con 0x7fec4402fd50
2023-01-04T18:09:45.733 INFO:teuthology.orchestra.run.smithi050.stderr:/usr/bin/ceph:
2023-01-04T18:09:45.730+0000 7fec5bfff700 1 -- 172.21.15.50:0/3709285326 <== mgr.14114 v2:172.21.15.50:6800/3751193798 1 ==== mgr_command_reply(tid 0: 0 ) v1 ==== 8+0+0 (secure 0 0 0) 0x7fec64103780 con 0x7fec4402fd50
2023-01-04T18:09:45.735 INFO:teuthology.orchestra.run.smithi050.stderr:/usr/bin/ceph:
2023-01-04T18:09:45.732+0000 7fec69d18700 1 -- 172.21.15.50:0/3709285326 >> [v2:172.21.15.50:6800/3751193798,v1:172.21.15.50:6801/3751193798] conn(0x7fec4402fd50 msgr2=0x7fec44032210 secure :-1 s=STATE_CONNECTION_ESTABLISHED l=1).mark_down
2023-01-04T18:09:45.736 INFO:teuthology.orchestra.run.smithi050.stderr:/usr/bin/ceph:
2023-01-04T18:09:45.732+0000 7fec69d18700 1 --2- 172.21.15.50:0/3709285326 >> [v2:172.21.15.50:6800/3751193798,v1:172.21.15.50:6801/3751193798] conn(0x7fec4402fd50 0x7fec44032210 secure :-1 s=READY pgs=8 cs=0 l=1 rev1=1 rx=0x7fec4c0096a0 tx=0x7fec4c006b40).stop
2023-01-04T18:09:45.736 INFO:teuthology.orchestra.run.smithi050.stderr:/usr/bin/ceph:
2023-01-04T18:09:45.732+0000 7fec69d18700 1 -- 172.21.15.50:0/3709285326 >> [v2:172.21.15.50:3300/0,v1:172.21.15.50:6789/0] conn(0x7fec640faae0 msgr2=0x7fec641098d0 secure :-1 s=STATE_CONNECTION_ESTABLISHED l=1).mark_down
2023-01-04T18:09:45.736 INFO:teuthology.orchestra.run.smithi050.stderr:/usr/bin/ceph:
2023-01-04T18:09:45.732+0000 7fec69d18700 1 --2- 172.21.15.50:0/3709285326 >> [v2:172.21.15.50:3300/0,v1:172.21.15.50:6789/0] conn(0x7fec640faae0 0x7fec641098d0 secure :-1 s=READY pgs=34 cs=0 l=1 rev1=1 rx=0x7fec5400b1d0 tx=0x7fec54006ee0).stop
2023-01-04T18:09:45.737 INFO:teuthology.orchestra.run.smithi050.stderr:/usr/bin/ceph:
2023-01-04T18:09:45.732+0000 7fec69d18700 1 -- 172.21.15.50:0/3709285326 shutdown_connections
2023-01-04T18:09:45.737 INFO:teuthology.orchestra.run.smithi050.stderr:/usr/bin/ceph:
2023-01-04T18:09:45.732+0000 7fec69d18700 1 --2- 172.21.15.50:0/3709285326 >> [v2:172.21.15.50:6800/3751193798,v1:172.21.15.50:6801/3751193798] conn(0x7fec4402fd50 0x7fec44032210 unknown :-1 s=CLOSED pgs=8 cs=0 l=1 rev1=1 rx=0 tx=0).stop
2023-01-04T18:09:45.737 INFO:teuthology.orchestra.run.smithi050.stderr:/usr/bin/ceph:
2023-01-04T18:09:45.732+0000 7fec69d18700 1 --2- 172.21.15.50:0/3709285326 >> [v2:172.21.15.50:3300/0,v1:172.21.15.50:6789/0] conn(0x7fec640faae0 0x7fec641098d0 unknown :-1 s=CLOSED pgs=34 cs=0 l=1 rev1=1 rx=0 tx=0).stop
2023-01-04T18:09:45.737 INFO:teuthology.orchestra.run.smithi050.stderr:/usr/bin/ceph:
2023-01-04T18:09:45.732+0000 7fec69d18700 1 -- 172.21.15.50:0/3709285326 >> 172.21.15.50:0/3709285326 conn(0x7fec640f6280 msgr2=0x7fec640f7e10 unknown :-1 s=STATE_NONE l=0).mark_down
2023-01-04T18:09:45.737 INFO:teuthology.orchestra.run.smithi050.stderr:/usr/bin/ceph:
2023-01-04T18:09:45.733+0000 7fec69d18700 1 -- 172.21.15.50:0/3709285326 shutdown_connections
2023-01-04T18:09:45.737 INFO:teuthology.orchestra.run.smithi050.stderr:/usr/bin/ceph:
2023-01-04T18:09:45.733+0000 7fec69d18700 1 -- 172.21.15.50:0/3709285326 wait complete.
2023-01-04T18:09:46.131 INFO:teuthology.orchestra.run.smithi050.stderr:Running command: /bin/podman run --rm --ipc=host --no-hosts --net=host --entrypoint /usr/bin/ceph --init -e CONTAINER_IMAGE=docker.io/ceph/ceph:v16.2.4 -e NODE_NAME=smithi050 -e CEPH_USE_RANDOM_NONCE=1 -v /var/log/ceph/d98671da-8c5a-11ed-821a-001a4aab830c:/var/log/ceph:z -v /tmp/ceph-tmphq0e1x6f:/etc/ceph/ceph.client.admin.keyring:z -v /tmp/ceph-tmpccxsaw_n:/etc/ceph/ceph.conf:z docker.io/ceph/ceph:v16.2.4 cephadm get-pub-key
2023-01-04T18:09:46.318 INFO:journalctl@ceph.mon.smithi050.smithi050.stdout:Jan 04 18:09:46 smithi050 ceph-d98671da-8c5a-11ed-821a-001a4aab830c-mon.smithi050[132084]: audit
2023-01-04T18:09:44.483751+0000 mgr.smithi050.emnywo (mgr.14114) 4 : audit [DBG] from='client.14126 -' entity='client.admin' cmd=[{"prefix": "cephadm set-user", "user": "root", "target": ["mon-mgr", ""]}]: dispatch
2023-01-04T18:09:46.318 INFO:journalctl@ceph.mon.smithi050.smithi050.stdout:Jan 04 18:09:46 smithi050 ceph-d98671da-8c5a-11ed-821a-001a4aab830c-mon.smithi050[132084]: audit
2023-01-04T18:09:45.729416+0000 mon.smithi050 (mon.0) 52 : audit [INF] from='mgr.14114 172.21.15.50:0/1748849826' entity='mgr.smithi050.emnywo'
2023-01-04T18:09:46.318 INFO:journalctl@ceph.mon.smithi050.smithi050.stdout:Jan 04 18:09:46 smithi050 ceph-d98671da-8c5a-11ed-821a-001a4aab830c-mon.smithi050[132084]: audit
2023-01-04T18:09:45.731180+0000 mon.smithi050 (mon.0) 53 : audit [INF] from='mgr.14114 172.21.15.50:0/1748849826' entity='mgr.smithi050.emnywo'
2023-01-04T18:09:46.577 INFO:teuthology.orchestra.run.smithi050.stderr:/usr/bin/ceph:
2023-01-04T18:09:46.570+0000 7fb8a1324700 1 Processor -- start
2023-01-04T18:09:46.577 INFO:teuthology.orchestra.run.smithi050.stderr:/usr/bin/ceph:
2023-01-04T18:09:46.570+0000 7fb8a1324700 1 -- start start
2023-01-04T18:09:46.577 INFO:teuthology.orchestra.run.smithi050.stderr:/usr/bin/ceph:
2023-01-04T18:09:46.570+0000 7fb8a1324700 1 --2- >> [v2:172.21.15.50:3300/0,v1:172.21.15.50:6789/0] conn(0x7fb89c0faae0 0x7fb89c0faf00 unknown :-1 s=NONE pgs=0 cs=0 l=0 rev1=0 rx=0 tx=0).connect
2023-01-04T18:09:46.577 INFO:teuthology.orchestra.run.smithi050.stderr:/usr/bin/ceph:
2023-01-04T18:09:46.570+0000 7fb8a1324700 1 -- --> [v2:172.21.15.50:3300/0,v1:172.21.15.50:6789/0] -- mon_getmap magic: 0 v1 -- 0x7fb89c0fb480 con 0x7fb89c0faae0
2023-01-04T18:09:46.577 INFO:teuthology.orchestra.run.smithi050.stderr:/usr/bin/ceph:
2023-01-04T18:09:46.571+0000 7fb89affd700 1 --2- >> [v2:172.21.15.50:3300/0,v1:172.21.15.50:6789/0] conn(0x7fb89c0faae0 0x7fb89c0faf00 unknown :-1 s=BANNER_CONNECTING pgs=0 cs=0 l=0 rev1=0 rx=0 tx=0)._handle_peer_banner_payload supported=1 required=0
2023-01-04T18:09:46.577 INFO:teuthology.orchestra.run.smithi050.stderr:/usr/bin/ceph:
2023-01-04T18:09:46.571+0000 7fb89affd700 1 --2- >> [v2:172.21.15.50:3300/0,v1:172.21.15.50:6789/0] conn(0x7fb89c0faae0 0x7fb89c0faf00 unknown :-1 s=HELLO_CONNECTING pgs=0 cs=0 l=0 rev1=1 rx=0 tx=0).handle_hello peer v2:172.21.15.50:3300/0 says I am v2:172.21.15.50:60008/0 (socket says 172.21.15.50:60008)
2023-01-04T18:09:46.577 INFO:teuthology.orchestra.run.smithi050.stderr:/usr/bin/ceph:
2023-01-04T18:09:46.571+0000 7fb89affd700 1 -- 172.21.15.50:0/2376396728 learned_addr learned my addr 172.21.15.50:0/2376396728 (peer_addr_for_me v2:172.21.15.50:0/0)
2023-01-04T18:09:46.578 INFO:teuthology.orchestra.run.smithi050.stderr:/usr/bin/ceph:
2023-01-04T18:09:46.571+0000 7fb89affd700 1 -- 172.21.15.50:0/2376396728 --> [v2:172.21.15.50:3300/0,v1:172.21.15.50:6789/0] -- mon_subscribe({config=0+,monmap=0+}) v3 -- 0x7fb89c0fb5c0 con 0x7fb89c0faae0
2023-01-04T18:09:46.578 INFO:teuthology.orchestra.run.smithi050.stderr:/usr/bin/ceph:
2023-01-04T18:09:46.571+0000 7fb89affd700 1 --2- 172.21.15.50:0/2376396728 >> [v2:172.21.15.50:3300/0,v1:172.21.15.50:6789/0] conn(0x7fb89c0faae0 0x7fb89c0faf00 secure :-1 s=READY pgs=35 cs=0 l=1 rev1=1 rx=0x7fb88c00b5f0 tx=0x7fb88c006ee0).ready entity=mon.0 client_cookie=97d77a77a7f735fc server_cookie=0 in_seq=0 out_seq=0
2023-01-04T18:09:46.578 INFO:teuthology.orchestra.run.smithi050.stderr:/usr/bin/ceph:
2023-01-04T18:09:46.571+0000 7fb899ffb700 1 -- 172.21.15.50:0/2376396728 <== mon.0 v2:172.21.15.50:3300/0 1 ==== mon_map magic: 0 v1 ==== 229+0+0 (secure 0 0 0) 0x7fb88c00d600 con 0x7fb89c0faae0
2023-01-04T18:09:46.578 INFO:teuthology.orchestra.run.smithi050.stderr:/usr/bin/ceph:
2023-01-04T18:09:46.571+0000 7fb899ffb700 1 -- 172.21.15.50:0/2376396728 <== mon.0 v2:172.21.15.50:3300/0 2 ==== config(25 keys) v1 ==== 1010+0+0 (secure 0 0 0) 0x7fb88c00dbd0 con 0x7fb89c0faae0
2023-01-04T18:09:46.578 INFO:teuthology.orchestra.run.smithi050.stderr:/usr/bin/ceph:
2023-01-04T18:09:46.571+0000 7fb899ffb700 1 -- 172.21.15.50:0/2376396728 <== mon.0 v2:172.21.15.50:3300/0 3 ==== mon_map magic: 0 v1 ==== 229+0+0 (secure 0 0 0) 0x7fb88c011c00 con 0x7fb89c0faae0
2023-01-04T18:09:46.578 INFO:teuthology.orchestra.run.smithi050.stderr:/usr/bin/ceph:
2023-01-04T18:09:46.572+0000 7fb8a1324700 1 -- 172.21.15.50:0/2376396728 >> [v2:172.21.15.50:3300/0,v1:172.21.15.50:6789/0] conn(0x7fb89c0faae0 msgr2=0x7fb89c0faf00 secure :-1 s=STATE_CONNECTION_ESTABLISHED l=1).mark_down
2023-01-04T18:09:46.578 INFO:teuthology.orchestra.run.smithi050.stderr:/usr/bin/ceph:
2023-01-04T18:09:46.572+0000 7fb8a1324700 1 --2- 172.21.15.50:0/2376396728 >> [v2:172.21.15.50:3300/0,v1:172.21.15.50:6789/0] conn(0x7fb89c0faae0 0x7fb89c0faf00 secure :-1 s=READY pgs=35 cs=0 l=1 rev1=1 rx=0x7fb88c00b5f0 tx=0x7fb88c006ee0).stop
2023-01-04T18:09:46.578 INFO:teuthology.orchestra.run.smithi050.stderr:/usr/bin/ceph:
2023-01-04T18:09:46.572+0000 7fb8a1324700 1 -- 172.21.15.50:0/2376396728 shutdown_connections
2023-01-04T18:09:46.578 INFO:teuthology.orchestra.run.smithi050.stderr:/usr/bin/ceph:
2023-01-04T18:09:46.572+0000 7fb8a1324700 1 --2- 172.21.15.50:0/2376396728 >> [v2:172.21.15.50:3300/0,v1:172.21.15.50:6789/0] conn(0x7fb89c0faae0 0x7fb89c0faf00 unknown :-1 s=CLOSED pgs=35 cs=0 l=1 rev1=1 rx=0 tx=0).stop
2023-01-04T18:09:46.578 INFO:teuthology.orchestra.run.smithi050.stderr:/usr/bin/ceph:
2023-01-04T18:09:46.572+0000 7fb8a1324700 1 -- 172.21.15.50:0/2376396728 >> 172.21.15.50:0/2376396728 conn(0x7fb89c0f6280 msgr2=0x7fb89c0f86a0 unknown :-1 s=STATE_NONE l=0).mark_down
2023-01-04T18:09:46.579 INFO:teuthology.orchestra.run.smithi050.stderr:/usr/bin/ceph:
2023-01-04T18:09:46.572+0000 7fb8a1324700 1 -- 172.21.15.50:0/2376396728 shutdown_connections
2023-01-04T18:09:46.579 INFO:teuthology.orchestra.run.smithi050.stderr:/usr/bin/ceph:
2023-01-04T18:09:46.572+0000 7fb8a1324700 1 -- 172.21.15.50:0/2376396728 wait complete.
2023-01-04T18:09:46.579 INFO:teuthology.orchestra.run.smithi050.stderr:/usr/bin/ceph:
2023-01-04T18:09:46.573+0000 7fb8a1324700 1 Processor -- start
2023-01-04T18:09:46.579 INFO:teuthology.orchestra.run.smithi050.stderr:/usr/bin/ceph:
2023-01-04T18:09:46.573+0000 7fb8a1324700 1 -- start start
2023-01-04T18:09:46.579 INFO:teuthology.orchestra.run.smithi050.stderr:/usr/bin/ceph:
2023-01-04T18:09:46.573+0000 7fb8a1324700 1 --2- >> [v2:172.21.15.50:3300/0,v1:172.21.15.50:6789/0] conn(0x7fb89c0faae0 0x7fb89c10a9f0 unknown :-1 s=NONE pgs=0 cs=0 l=1 rev1=0 rx=0 tx=0).connect
2023-01-04T18:09:46.579 INFO:teuthology.orchestra.run.smithi050.stderr:/usr/bin/ceph:
2023-01-04T18:09:46.573+0000 7fb8a1324700 1 -- --> [v2:172.21.15.50:3300/0,v1:172.21.15.50:6789/0] -- mon_getmap magic: 0 v1 -- 0x7fb89c10aee0 con 0x7fb89c0faae0
2023-01-04T18:09:46.579 INFO:teuthology.orchestra.run.smithi050.stderr:/usr/bin/ceph:
2023-01-04T18:09:46.573+0000 7fb89affd700 1 --2- >> [v2:172.21.15.50:3300/0,v1:172.21.15.50:6789/0] conn(0x7fb89c0faae0 0x7fb89c10a9f0 unknown :-1 s=BANNER_CONNECTING pgs=0 cs=0 l=1 rev1=0 rx=0 tx=0)._handle_peer_banner_payload supported=1 required=0
2023-01-04T18:09:46.579 INFO:teuthology.orchestra.run.smithi050.stderr:/usr/bin/ceph:
2023-01-04T18:09:46.573+0000 7fb89affd700 1 --2- >> [v2:172.21.15.50:3300/0,v1:172.21.15.50:6789/0] conn(0x7fb89c0faae0 0x7fb89c10a9f0 unknown :-1 s=HELLO_CONNECTING pgs=0 cs=0 l=1 rev1=1 rx=0 tx=0).handle_hello peer v2:172.21.15.50:3300/0 says I am v2:172.21.15.50:60018/0 (socket says 172.21.15.50:60018)
2023-01-04T18:09:46.579 INFO:teuthology.orchestra.run.smithi050.stderr:/usr/bin/ceph:
2023-01-04T18:09:46.573+0000 7fb89affd700 1 -- 172.21.15.50:0/3892211244 learned_addr learned my addr 172.21.15.50:0/3892211244 (peer_addr_for_me v2:172.21.15.50:0/0)
2023-01-04T18:09:46.580 INFO:teuthology.orchestra.run.smithi050.stderr:/usr/bin/ceph:
2023-01-04T18:09:46.573+0000 7fb89affd700 1 -- 172.21.15.50:0/3892211244 --> [v2:172.21.15.50:3300/0,v1:172.21.15.50:6789/0] -- mon_subscribe({config=0+,monmap=0+}) v3 -- 0x7fb88c00b200 con 0x7fb89c0faae0
2023-01-04T18:09:46.580 INFO:teuthology.orchestra.run.smithi050.stderr:/usr/bin/ceph:
2023-01-04T18:09:46.573+0000 7fb89affd700 1 --2- 172.21.15.50:0/3892211244 >> [v2:172.21.15.50:3300/0,v1:172.21.15.50:6789/0] conn(0x7fb89c0faae0 0x7fb89c10a9f0 secure :-1 s=READY pgs=36 cs=0 l=1 rev1=1 rx=0x7fb88c00b1d0 tx=0x7fb88c006ee0).ready entity=mon.0 client_cookie=0 server_cookie=0 in_seq=0 out_seq=0
2023-01-04T18:09:46.580 INFO:teuthology.orchestra.run.smithi050.stderr:/usr/bin/ceph:
2023-01-04T18:09:46.574+0000 7fb8937fe700 1 -- 172.21.15.50:0/3892211244 <== mon.0 v2:172.21.15.50:3300/0 1 ==== mon_map magic: 0 v1 ==== 229+0+0 (secure 0 0 0) 0x7fb88c011a20 con 0x7fb89c0faae0
2023-01-04T18:09:46.581 INFO:teuthology.orchestra.run.smithi050.stderr:/usr/bin/ceph:
2023-01-04T18:09:46.574+0000 7fb8937fe700 1 -- 172.21.15.50:0/3892211244 <== mon.0 v2:172.21.15.50:3300/0 2 ==== config(25 keys) v1 ==== 1010+0+0 (secure 0 0 0) 0x7fb88c01b880 con 0x7fb89c0faae0
2023-01-04T18:09:46.581 INFO:teuthology.orchestra.run.smithi050.stderr:/usr/bin/ceph:
2023-01-04T18:09:46.574+0000 7fb8937fe700 1 -- 172.21.15.50:0/3892211244 <== mon.0 v2:172.21.15.50:3300/0 3 ==== mon_map magic: 0 v1 ==== 229+0+0 (secure 0 0 0) 0x7fb88c01a700 con 0x7fb89c0faae0
2023-01-04T18:09:46.581 INFO:teuthology.orchestra.run.smithi050.stderr:/usr/bin/ceph:
2023-01-04T18:09:46.574+0000 7fb8a1324700 1 -- 172.21.15.50:0/3892211244 --> [v2:172.21.15.50:3300/0,v1:172.21.15.50:6789/0] -- mon_subscribe({mgrmap=0+}) v3 -- 0x7fb89c10b0e0 con 0x7fb89c0faae0
2023-01-04T18:09:46.581 INFO:teuthology.orchestra.run.smithi050.stderr:/usr/bin/ceph:
2023-01-04T18:09:46.574+0000 7fb8a1324700 1 -- 172.21.15.50:0/3892211244 --> [v2:172.21.15.50:3300/0,v1:172.21.15.50:6789/0] -- mon_subscribe({osdmap=0}) v3 -- 0x7fb89c10b4f0 con 0x7fb89c0faae0
2023-01-04T18:09:46.581 INFO:teuthology.orchestra.run.smithi050.stderr:/usr/bin/ceph:
2023-01-04T18:09:46.575+0000 7fb8a1324700 1 -- 172.21.15.50:0/3892211244 --> [v2:172.21.15.50:3300/0,v1:172.21.15.50:6789/0] -- mon_command({"prefix": "get_command_descriptions"} v 0) v1 -- 0x7fb89c045ad0 con 0x7fb89c0faae0
2023-01-04T18:09:46.581 INFO:teuthology.orchestra.run.smithi050.stderr:/usr/bin/ceph:
2023-01-04T18:09:46.575+0000 7fb8937fe700 1 -- 172.21.15.50:0/3892211244 <== mon.0 v2:172.21.15.50:3300/0 4 ==== mgrmap(e 8) v1 ==== 36120+0+0 (secure 0 0 0) 0x7fb88c00f070 con 0x7fb89c0faae0
2023-01-04T18:09:46.581 INFO:teuthology.orchestra.run.smithi050.stderr:/usr/bin/ceph:
2023-01-04T18:09:46.575+0000 7fb8937fe700 1 --2- 172.21.15.50:0/3892211244 >> [v2:172.21.15.50:6800/3751193798,v1:172.21.15.50:6801/3751193798] conn(0x7fb87c02fd50 0x7fb87c032210 unknown :-1 s=NONE pgs=0 cs=0 l=1 rev1=0 rx=0 tx=0).connect
2023-01-04T18:09:46.581 INFO:teuthology.orchestra.run.smithi050.stderr:/usr/bin/ceph:
2023-01-04T18:09:46.575+0000 7fb8937fe700 1 -- 172.21.15.50:0/3892211244 <== mon.0 v2:172.21.15.50:3300/0 5 ==== osd_map(2..2 src has 1..2) v4 ==== 926+0+0 (secure 0 0 0) 0x7fb88c0410d0 con 0x7fb89c0faae0
2023-01-04T18:09:46.581 INFO:teuthology.orchestra.run.smithi050.stderr:/usr/bin/ceph:
2023-01-04T18:09:46.576+0000 7fb89a7fc700 1 --2- 172.21.15.50:0/3892211244 >> [v2:172.21.15.50:6800/3751193798,v1:172.21.15.50:6801/3751193798] conn(0x7fb87c02fd50 0x7fb87c032210 unknown :-1 s=BANNER_CONNECTING pgs=0 cs=0 l=1 rev1=0 rx=0 tx=0)._handle_peer_banner_payload supported=1 required=0
2023-01-04T18:09:46.582 INFO:teuthology.orchestra.run.smithi050.stderr:/usr/bin/ceph:
2023-01-04T18:09:46.576+0000 7fb89a7fc700 1 --2- 172.21.15.50:0/3892211244 >> [v2:172.21.15.50:6800/3751193798,v1:172.21.15.50:6801/3751193798] conn(0x7fb87c02fd50 0x7fb87c032210 secure :-1 s=READY pgs=9 cs=0 l=1 rev1=1 rx=0x7fb8840096a0 tx=0x7fb884006b40).ready entity=mgr.14114 client_cookie=0 server_cookie=0 in_seq=0 out_seq=0
2023-01-04T18:09:46.583 INFO:teuthology.orchestra.run.smithi050.stderr:/usr/bin/ceph:
2023-01-04T18:09:46.580+0000 7fb8937fe700 1 -- 172.21.15.50:0/3892211244 <== mon.0 v2:172.21.15.50:3300/0 6 ==== mon_command_ack([{"prefix": "get_command_descriptions"}]=0 v0) v1 ==== 72+0+152212 (secure 0 0 0) 0x7fb88c022310 con 0x7fb89c0faae0
2023-01-04T18:09:46.742 INFO:teuthology.orchestra.run.smithi050.stderr:/usr/bin/ceph:
2023-01-04T18:09:46.738+0000 7fb8a1324700 1 -- 172.21.15.50:0/3892211244 --> [v2:172.21.15.50:6800/3751193798,v1:172.21.15.50:6801/3751193798] -- mgr_command(tid 0: {"prefix": "cephadm get-pub-key", "target": ["mon-mgr", ""]}) v1 -- 0x7fb89c10bdd0 con 0x7fb87c02fd50
2023-01-04T18:09:46.742 INFO:teuthology.orchestra.run.smithi050.stderr:/usr/bin/ceph:
2023-01-04T18:09:46.739+0000 7fb8937fe700 1 -- 172.21.15.50:0/3892211244 <== mgr.14114 v2:172.21.15.50:6800/3751193798 1 ==== mgr_command_reply(tid 0: 0 ) v1 ==== 8+0+595 (secure 0 0 0) 0x7fb89c10bdd0 con 0x7fb87c02fd50
2023-01-04T18:09:46.742 INFO:teuthology.orchestra.run.smithi050.stderr:/usr/bin/ceph: ssh-rsa AAAAB3NzaC1yc2EAAAADAQABAAABgQDcflAq/5AaapAgLE6KDeh2SUQvuimcN5EV6XDaoIZ6Knn3OgJSPX0RJBRTxHPoKkbjJbowALF58PKrU9WZpopcZaiOzun4DYRgypbCbpDmixlovomSDP+V/8Kf+RXBXTng7cmCm9ryo/ZBQZJCDdldIXYfO35Bv0M8BPgGet1+cEqDvQ5z5MDfjv425cCkodk7uTcqQ5ZwO9pJskec3b6u46o+9Tt7rh29xuxwNwrUldxVeI3PO8SyptHtTua2myWZBPgCbemjGuePpYZZwGQa8FcqPuAX7gNkkidEOAKzCfGIdCOKZ38hZqeF8aleUmV9G3WAoGA93IJITXbnWtmjl3pr3xbesOlelXdOgvNgM1AgVVraDm04fjiUYb5b1U2kXwGtts8cQ5fpYaStLZMhL3d7HjMNb2qxN0AlsWoWI3NCFsDyPPs5STorLMZ+QACkonoV6yYAvTO+a7Ncg1ZiZnfNeb1sHYVYQtkEebjq4tv6xWTYW4YkOI2y7XRA9YE= ceph-d98671da-8c5a-11ed-821a-001a4aab830c
2023-01-04T18:09:46.744 INFO:teuthology.orchestra.run.smithi050.stderr:/usr/bin/ceph:
2023-01-04T18:09:46.740+0000 7fb8a1324700 1 -- 172.21.15.50:0/3892211244 >> [v2:172.21.15.50:6800/3751193798,v1:172.21.15.50:6801/3751193798] conn(0x7fb87c02fd50 msgr2=0x7fb87c032210 secure :-1 s=STATE_CONNECTION_ESTABLISHED l=1).mark_down
2023-01-04T18:09:46.744 INFO:teuthology.orchestra.run.smithi050.stderr:/usr/bin/ceph:
2023-01-04T18:09:46.740+0000 7fb8a1324700 1 --2- 172.21.15.50:0/3892211244 >> [v2:172.21.15.50:6800/3751193798,v1:172.21.15.50:6801/3751193798] conn(0x7fb87c02fd50 0x7fb87c032210 secure :-1 s=READY pgs=9 cs=0 l=1 rev1=1 rx=0x7fb8840096a0 tx=0x7fb884006b40).stop
2023-01-04T18:09:46.745 INFO:teuthology.orchestra.run.smithi050.stderr:/usr/bin/ceph:
2023-01-04T18:09:46.740+0000 7fb8a1324700 1 -- 172.21.15.50:0/3892211244 >> [v2:172.21.15.50:3300/0,v1:172.21.15.50:6789/0] conn(0x7fb89c0faae0 msgr2=0x7fb89c10a9f0 secure :-1 s=STATE_CONNECTION_ESTABLISHED l=1).mark_down
2023-01-04T18:09:46.745 INFO:teuthology.orchestra.run.smithi050.stderr:/usr/bin/ceph:
2023-01-04T18:09:46.740+0000 7fb8a1324700 1 --2- 172.21.15.50:0/3892211244 >> [v2:172.21.15.50:3300/0,v1:172.21.15.50:6789/0] conn(0x7fb89c0faae0 0x7fb89c10a9f0 secure :-1 s=READY pgs=36 cs=0 l=1 rev1=1 rx=0x7fb88c00b1d0 tx=0x7fb88c006ee0).stop
2023-01-04T18:09:46.745 INFO:teuthology.orchestra.run.smithi050.stderr:/usr/bin/ceph:
2023-01-04T18:09:46.741+0000 7fb8a1324700 1 -- 172.21.15.50:0/3892211244 shutdown_connections
2023-01-04T18:09:46.745 INFO:teuthology.orchestra.run.smithi050.stderr:/usr/bin/ceph:
2023-01-04T18:09:46.741+0000 7fb8a1324700 1 --2- 172.21.15.50:0/3892211244 >> [v2:172.21.15.50:6800/3751193798,v1:172.21.15.50:6801/3751193798] conn(0x7fb87c02fd50 0x7fb87c032210 unknown :-1 s=CLOSED pgs=9 cs=0 l=1 rev1=1 rx=0 tx=0).stop
2023-01-04T18:09:46.745 INFO:teuthology.orchestra.run.smithi050.stderr:/usr/bin/ceph:
2023-01-04T18:09:46.741+0000 7fb8a1324700 1 --2- 172.21.15.50:0/3892211244 >> [v2:172.21.15.50:3300/0,v1:172.21.15.50:6789/0] conn(0x7fb89c0faae0 0x7fb89c10a9f0 unknown :-1 s=CLOSED pgs=36 cs=0 l=1 rev1=1 rx=0 tx=0).stop
2023-01-04T18:09:46.745 INFO:teuthology.orchestra.run.smithi050.stderr:/usr/bin/ceph:
2023-01-04T18:09:46.741+0000 7fb8a1324700 1 -- 172.21.15.50:0/3892211244 >> 172.21.15.50:0/3892211244 conn(0x7fb89c0f6280 msgr2=0x7fb89c06f890 unknown :-1 s=STATE_NONE l=0).mark_down
2023-01-04T18:09:46.745 INFO:teuthology.orchestra.run.smithi050.stderr:/usr/bin/ceph:
2023-01-04T18:09:46.741+0000 7fb8a1324700 1 -- 172.21.15.50:0/3892211244 shutdown_connections
2023-01-04T18:09:46.745 INFO:teuthology.orchestra.run.smithi050.stderr:/usr/bin/ceph:
2023-01-04T18:09:46.741+0000 7fb8a1324700 1 -- 172.21.15.50:0/3892211244 wait complete.
2023-01-04T18:09:47.167 INFO:teuthology.orchestra.run.smithi050.stderr:Wrote public SSH key to /home/ubuntu/cephtest/ceph.pub
2023-01-04T18:09:47.167 INFO:teuthology.orchestra.run.smithi050.stderr:Adding key to root@localhost authorized_keys...
2023-01-04T18:09:47.167 INFO:teuthology.orchestra.run.smithi050.stderr:Adding host smithi050...
2023-01-04T18:09:47.167 INFO:teuthology.orchestra.run.smithi050.stderr:Running command: /bin/podman run --rm --ipc=host --no-hosts --net=host --entrypoint /usr/bin/ceph --init -e CONTAINER_IMAGE=docker.io/ceph/ceph:v16.2.4 -e NODE_NAME=smithi050 -e CEPH_USE_RANDOM_NONCE=1 -v /var/log/ceph/d98671da-8c5a-11ed-821a-001a4aab830c:/var/log/ceph:z -v /tmp/ceph-tmphq0e1x6f:/etc/ceph/ceph.client.admin.keyring:z -v /tmp/ceph-tmpccxsaw_n:/etc/ceph/ceph.conf:z docker.io/ceph/ceph:v16.2.4 orch host add smithi050 172.21.15.50
2023-01-04T18:09:47.435 INFO:journalctl@ceph.mon.smithi050.smithi050.stdout:Jan 04 18:09:47 smithi050 ceph-d98671da-8c5a-11ed-821a-001a4aab830c-mon.smithi050[132084]: cephadm
2023-01-04T18:09:45.502597+0000 mgr.smithi050.emnywo (mgr.14114) 6 : cephadm [INF] Generating ssh key...
2023-01-04T18:09:47.625 INFO:teuthology.orchestra.run.smithi050.stderr:/usr/bin/ceph:
2023-01-04T18:09:47.622+0000 7f9395b82700 1 Processor -- start
2023-01-04T18:09:47.626 INFO:teuthology.orchestra.run.smithi050.stderr:/usr/bin/ceph:
2023-01-04T18:09:47.622+0000 7f9395b82700 1 -- start start
2023-01-04T18:09:47.626 INFO:teuthology.orchestra.run.smithi050.stderr:/usr/bin/ceph:
2023-01-04T18:09:47.622+0000 7f9395b82700 1 --2- >> [v2:172.21.15.50:3300/0,v1:172.21.15.50:6789/0] conn(0x7f939006fbf0 0x7f93900fe690 unknown :-1 s=NONE pgs=0 cs=0 l=0 rev1=0 rx=0 tx=0).connect
2023-01-04T18:09:47.626 INFO:teuthology.orchestra.run.smithi050.stderr:/usr/bin/ceph:
2023-01-04T18:09:47.622+0000 7f9395b82700 1 -- --> [v2:172.21.15.50:3300/0,v1:172.21.15.50:6789/0] -- mon_getmap magic: 0 v1 -- 0x7f93900feb80 con 0x7f939006fbf0
2023-01-04T18:09:47.628 INFO:teuthology.orchestra.run.smithi050.stderr:/usr/bin/ceph:
2023-01-04T18:09:47.622+0000 7f9394b80700 1 --2- >> [v2:172.21.15.50:3300/0,v1:172.21.15.50:6789/0] conn(0x7f939006fbf0 0x7f93900fe690 unknown :-1 s=BANNER_CONNECTING pgs=0 cs=0 l=0 rev1=0 rx=0 tx=0)._handle_peer_banner_payload supported=1 required=0
2023-01-04T18:09:47.628 INFO:teuthology.orchestra.run.smithi050.stderr:/usr/bin/ceph:
2023-01-04T18:09:47.622+0000 7f9394b80700 1 --2- >> [v2:172.21.15.50:3300/0,v1:172.21.15.50:6789/0] conn(0x7f939006fbf0 0x7f93900fe690 unknown :-1 s=HELLO_CONNECTING pgs=0 cs=0 l=0 rev1=1 rx=0 tx=0).handle_hello peer v2:172.21.15.50:3300/0 says I am v2:172.21.15.50:60026/0 (socket says 172.21.15.50:60026)
2023-01-04T18:09:47.628 INFO:teuthology.orchestra.run.smithi050.stderr:/usr/bin/ceph:
2023-01-04T18:09:47.622+0000 7f9394b80700 1 -- 172.21.15.50:0/3073266243 learned_addr learned my addr 172.21.15.50:0/3073266243 (peer_addr_for_me v2:172.21.15.50:0/0)
2023-01-04T18:09:47.628 INFO:teuthology.orchestra.run.smithi050.stderr:/usr/bin/ceph:
2023-01-04T18:09:47.622+0000 7f9394b80700 1 -- 172.21.15.50:0/3073266243 --> [v2:172.21.15.50:3300/0,v1:172.21.15.50:6789/0] -- mon_subscribe({config=0+,monmap=0+}) v3 -- 0x7f93900fecc0 con 0x7f939006fbf0
2023-01-04T18:09:47.629 INFO:teuthology.orchestra.run.smithi050.stderr:/usr/bin/ceph:
2023-01-04T18:09:47.623+0000 7f9394b80700 1 --2- 172.21.15.50:0/3073266243 >> [v2:172.21.15.50:3300/0,v1:172.21.15.50:6789/0] conn(0x7f939006fbf0 0x7f93900fe690 secure :-1 s=READY pgs=37 cs=0 l=1 rev1=1 rx=0x7f938400b5f0 tx=0x7f9384006ee0).ready entity=mon.0 client_cookie=36ce8627065977ca server_cookie=0 in_seq=0 out_seq=0
2023-01-04T18:09:47.629 INFO:teuthology.orchestra.run.smithi050.stderr:/usr/bin/ceph:
2023-01-04T18:09:47.623+0000 7f938f7fe700 1 -- 172.21.15.50:0/3073266243 <== mon.0 v2:172.21.15.50:3300/0 1 ==== mon_map magic: 0 v1 ==== 229+0+0 (secure 0 0 0) 0x7f938400d600 con 0x7f939006fbf0
2023-01-04T18:09:47.629 INFO:teuthology.orchestra.run.smithi050.stderr:/usr/bin/ceph:
2023-01-04T18:09:47.623+0000 7f938f7fe700 1 -- 172.21.15.50:0/3073266243 <== mon.0 v2:172.21.15.50:3300/0 2 ==== config(25 keys) v1 ==== 1010+0+0 (secure 0 0 0) 0x7f938400dbd0 con 0x7f939006fbf0
2023-01-04T18:09:47.629 INFO:teuthology.orchestra.run.smithi050.stderr:/usr/bin/ceph:
2023-01-04T18:09:47.623+0000 7f938f7fe700 1 -- 172.21.15.50:0/3073266243 <== mon.0 v2:172.21.15.50:3300/0 3 ==== mon_map magic: 0 v1 ==== 229+0+0 (secure 0 0 0) 0x7f9384011c30 con 0x7f939006fbf0
2023-01-04T18:09:47.629 INFO:teuthology.orchestra.run.smithi050.stderr:/usr/bin/ceph:
2023-01-04T18:09:47.623+0000 7f9395b82700 1 -- 172.21.15.50:0/3073266243 >> [v2:172.21.15.50:3300/0,v1:172.21.15.50:6789/0] conn(0x7f939006fbf0 msgr2=0x7f93900fe690 secure :-1 s=STATE_CONNECTION_ESTABLISHED l=1).mark_down
2023-01-04T18:09:47.629 INFO:teuthology.orchestra.run.smithi050.stderr:/usr/bin/ceph:
2023-01-04T18:09:47.623+0000 7f9395b82700 1 --2- 172.21.15.50:0/3073266243 >> [v2:172.21.15.50:3300/0,v1:172.21.15.50:6789/0] conn(0x7f939006fbf0 0x7f93900fe690 secure :-1 s=READY pgs=37 cs=0 l=1 rev1=1 rx=0x7f938400b5f0 tx=0x7f9384006ee0).stop
2023-01-04T18:09:47.629 INFO:teuthology.orchestra.run.smithi050.stderr:/usr/bin/ceph:
2023-01-04T18:09:47.624+0000 7f9395b82700 1 -- 172.21.15.50:0/3073266243 shutdown_connections
2023-01-04T18:09:47.629 INFO:teuthology.orchestra.run.smithi050.stderr:/usr/bin/ceph:
2023-01-04T18:09:47.624+0000 7f9395b82700 1 --2- 172.21.15.50:0/3073266243 >> [v2:172.21.15.50:3300/0,v1:172.21.15.50:6789/0] conn(0x7f939006fbf0 0x7f93900fe690 unknown :-1 s=CLOSED pgs=37 cs=0 l=1 rev1=1 rx=0 tx=0).stop
2023-01-04T18:09:47.629 INFO:teuthology.orchestra.run.smithi050.stderr:/usr/bin/ceph:
2023-01-04T18:09:47.624+0000 7f9395b82700 1 -- 172.21.15.50:0/3073266243 >> 172.21.15.50:0/3073266243 conn(0x7f93900f6130 msgr2=0x7f93900f8550 unknown :-1 s=STATE_NONE l=0).mark_down
2023-01-04T18:09:47.629 INFO:teuthology.orchestra.run.smithi050.stderr:/usr/bin/ceph:
2023-01-04T18:09:47.624+0000 7f9395b82700 1 -- 172.21.15.50:0/3073266243 shutdown_connections
2023-01-04T18:09:47.629 INFO:teuthology.orchestra.run.smithi050.stderr:/usr/bin/ceph:
2023-01-04T18:09:47.624+0000 7f9395b82700 1 -- 172.21.15.50:0/3073266243 wait complete.
2023-01-04T18:09:47.630 INFO:teuthology.orchestra.run.smithi050.stderr:/usr/bin/ceph:
2023-01-04T18:09:47.624+0000 7f9395b82700 1 Processor -- start
2023-01-04T18:09:47.630 INFO:teuthology.orchestra.run.smithi050.stderr:/usr/bin/ceph:
2023-01-04T18:09:47.624+0000 7f9395b82700 1 -- start start
2023-01-04T18:09:47.630 INFO:teuthology.orchestra.run.smithi050.stderr:/usr/bin/ceph:
2023-01-04T18:09:47.624+0000 7f9395b82700 1 --2- >> [v2:172.21.15.50:3300/0,v1:172.21.15.50:6789/0] conn(0x7f939006fbf0 0x7f93900fc110 unknown :-1 s=NONE pgs=0 cs=0 l=1 rev1=0 rx=0 tx=0).connect
2023-01-04T18:09:47.630 INFO:teuthology.orchestra.run.smithi050.stderr:/usr/bin/ceph:
2023-01-04T18:09:47.625+0000 7f9395b82700 1 -- --> [v2:172.21.15.50:3300/0,v1:172.21.15.50:6789/0] -- mon_getmap magic: 0 v1 -- 0x7f93900fa590 con 0x7f939006fbf0
2023-01-04T18:09:47.630 INFO:teuthology.orchestra.run.smithi050.stderr:/usr/bin/ceph:
2023-01-04T18:09:47.625+0000 7f9394b80700 1 --2- >> [v2:172.21.15.50:3300/0,v1:172.21.15.50:6789/0] conn(0x7f939006fbf0 0x7f93900fc110 unknown :-1 s=BANNER_CONNECTING pgs=0 cs=0 l=1 rev1=0 rx=0 tx=0)._handle_peer_banner_payload supported=1 required=0
2023-01-04T18:09:47.630 INFO:teuthology.orchestra.run.smithi050.stderr:/usr/bin/ceph:
2023-01-04T18:09:47.625+0000 7f9394b80700 1 --2- >> [v2:172.21.15.50:3300/0,v1:172.21.15.50:6789/0] conn(0x7f939006fbf0 0x7f93900fc110 unknown :-1 s=HELLO_CONNECTING pgs=0 cs=0 l=1 rev1=1 rx=0 tx=0).handle_hello peer v2:172.21.15.50:3300/0 says I am v2:172.21.15.50:60042/0 (socket says 172.21.15.50:60042)
2023-01-04T18:09:47.630 INFO:teuthology.orchestra.run.smithi050.stderr:/usr/bin/ceph:
2023-01-04T18:09:47.625+0000 7f9394b80700 1 -- 172.21.15.50:0/1526244540 learned_addr learned my addr 172.21.15.50:0/1526244540 (peer_addr_for_me v2:172.21.15.50:0/0)
2023-01-04T18:09:47.630 INFO:teuthology.orchestra.run.smithi050.stderr:/usr/bin/ceph:
2023-01-04T18:09:47.625+0000 7f9394b80700 1 -- 172.21.15.50:0/1526244540 --> [v2:172.21.15.50:3300/0,v1:172.21.15.50:6789/0] -- mon_subscribe({config=0+,monmap=0+}) v3 -- 0x7f938400b200 con 0x7f939006fbf0
2023-01-04T18:09:47.630 INFO:teuthology.orchestra.run.smithi050.stderr:/usr/bin/ceph:
2023-01-04T18:09:47.625+0000 7f9394b80700 1 --2- 172.21.15.50:0/1526244540 >> [v2:172.21.15.50:3300/0,v1:172.21.15.50:6789/0] conn(0x7f939006fbf0 0x7f93900fc110 secure :-1 s=READY pgs=38 cs=0 l=1 rev1=1 rx=0x7f9384011550 tx=0x7f9384006ee0).ready entity=mon.0 client_cookie=0 server_cookie=0 in_seq=0 out_seq=0
2023-01-04T18:09:47.631 INFO:teuthology.orchestra.run.smithi050.stderr:/usr/bin/ceph:
2023-01-04T18:09:47.625+0000 7f938d7fa700 1 -- 172.21.15.50:0/1526244540 <== mon.0 v2:172.21.15.50:3300/0 1 ==== mon_map magic: 0 v1 ==== 229+0+0 (secure 0 0 0) 0x7f938400d9f0 con 0x7f939006fbf0
2023-01-04T18:09:47.632 INFO:teuthology.orchestra.run.smithi050.stderr:/usr/bin/ceph:
2023-01-04T18:09:47.625+0000 7f938d7fa700 1 -- 172.21.15.50:0/1526244540 <== mon.0 v2:172.21.15.50:3300/0 2 ==== config(25 keys) v1 ==== 1010+0+0 (secure 0 0 0) 0x7f938401a9f0 con 0x7f939006fbf0
2023-01-04T18:09:47.632 INFO:teuthology.orchestra.run.smithi050.stderr:/usr/bin/ceph:
2023-01-04T18:09:47.625+0000 7f9395b82700 1 -- 172.21.15.50:0/1526244540 --> [v2:172.21.15.50:3300/0,v1:172.21.15.50:6789/0] -- mon_subscribe({mgrmap=0+}) v3 -- 0x7f93900fa730 con 0x7f939006fbf0
2023-01-04T18:09:47.632 INFO:teuthology.orchestra.run.smithi050.stderr:/usr/bin/ceph:
2023-01-04T18:09:47.625+0000 7f938d7fa700 1 -- 172.21.15.50:0/1526244540 <== mon.0 v2:172.21.15.50:3300/0 3 ==== mon_map magic: 0 v1 ==== 229+0+0 (secure 0 0 0) 0x7f938401ba30 con 0x7f939006fbf0
2023-01-04T18:09:47.632 INFO:teuthology.orchestra.run.smithi050.stderr:/usr/bin/ceph:
2023-01-04T18:09:47.625+0000 7f9395b82700 1 -- 172.21.15.50:0/1526244540 --> [v2:172.21.15.50:3300/0,v1:172.21.15.50:6789/0] -- mon_subscribe({osdmap=0}) v3 -- 0x7f93900fab40 con 0x7f939006fbf0
2023-01-04T18:09:47.632 INFO:teuthology.orchestra.run.smithi050.stderr:/usr/bin/ceph:
2023-01-04T18:09:47.626+0000 7f938d7fa700 1 -- 172.21.15.50:0/1526244540 <== mon.0 v2:172.21.15.50:3300/0 4 ==== mgrmap(e 8) v1 ==== 36120+0+0 (secure 0 0 0) 0x7f938400f070 con 0x7f939006fbf0
2023-01-04T18:09:47.632 INFO:teuthology.orchestra.run.smithi050.stderr:/usr/bin/ceph:
2023-01-04T18:09:47.626+0000 7f938d7fa700 1 --2- 172.21.15.50:0/1526244540 >> [v2:172.21.15.50:6800/3751193798,v1:172.21.15.50:6801/3751193798] conn(0x7f937402fdb0 0x7f9374032270 unknown :-1 s=NONE pgs=0 cs=0 l=1 rev1=0 rx=0 tx=0).connect
2023-01-04T18:09:47.632 INFO:teuthology.orchestra.run.smithi050.stderr:/usr/bin/ceph:
2023-01-04T18:09:47.626+0000 7f938d7fa700 1 -- 172.21.15.50:0/1526244540 <== mon.0 v2:172.21.15.50:3300/0 5 ==== osd_map(2..2 src has 1..2) v4 ==== 926+0+0 (secure 0 0 0) 0x7f9384041360 con 0x7f939006fbf0
2023-01-04T18:09:47.632 INFO:teuthology.orchestra.run.smithi050.stderr:/usr/bin/ceph:
2023-01-04T18:09:47.626+0000 7f9395b82700 1 -- 172.21.15.50:0/1526244540 --> [v2:172.21.15.50:3300/0,v1:172.21.15.50:6789/0] -- mon_command({"prefix": "get_command_descriptions"} v 0) v1 -- 0x7f9390045ad0 con 0x7f939006fbf0
2023-01-04T18:09:47.632 INFO:teuthology.orchestra.run.smithi050.stderr:/usr/bin/ceph:
2023-01-04T18:09:47.627+0000 7f938ffff700 1 --2- 172.21.15.50:0/1526244540 >> [v2:172.21.15.50:6800/3751193798,v1:172.21.15.50:6801/3751193798] conn(0x7f937402fdb0 0x7f9374032270 unknown :-1 s=BANNER_CONNECTING pgs=0 cs=0 l=1 rev1=0 rx=0 tx=0)._handle_peer_banner_payload supported=1 required=0
2023-01-04T18:09:47.632 INFO:teuthology.orchestra.run.smithi050.stderr:/usr/bin/ceph:
2023-01-04T18:09:47.627+0000 7f938ffff700 1 --2- 172.21.15.50:0/1526244540 >> [v2:172.21.15.50:6800/3751193798,v1:172.21.15.50:6801/3751193798] conn(0x7f937402fdb0 0x7f9374032270 secure :-1 s=READY pgs=10 cs=0 l=1 rev1=1 rx=0x7f937c0096a0 tx=0x7f937c006b40).ready entity=mgr.14114 client_cookie=0 server_cookie=0 in_seq=0 out_seq=0
2023-01-04T18:09:47.634 INFO:teuthology.orchestra.run.smithi050.stderr:/usr/bin/ceph:
2023-01-04T18:09:47.631+0000 7f938d7fa700 1 -- 172.21.15.50:0/1526244540 <== mon.0 v2:172.21.15.50:3300/0 6 ==== mon_command_ack([{"prefix": "get_command_descriptions"}]=0 v0) v1 ==== 72+0+152212 (secure 0 0 0) 0x7f9384016070 con 0x7f939006fbf0
2023-01-04T18:09:47.816 INFO:teuthology.orchestra.run.smithi050.stderr:/usr/bin/ceph:
2023-01-04T18:09:47.813+0000 7f9395b82700 1 -- 172.21.15.50:0/1526244540 --> [v2:172.21.15.50:6800/3751193798,v1:172.21.15.50:6801/3751193798] -- mgr_command(tid 0: {"prefix": "orch host add", "hostname": "smithi050", "addr": "172.21.15.50", "target": ["mon-mgr", ""]}) v1 -- 0x7f93900fad80 con 0x7f937402fdb0
2023-01-04T18:09:48.540 INFO:journalctl@ceph.mon.smithi050.smithi050.stdout:Jan 04 18:09:48 smithi050 ceph-d98671da-8c5a-11ed-821a-001a4aab830c-mon.smithi050[132084]: audit
2023-01-04T18:09:46.740514+0000 mgr.smithi050.emnywo (mgr.14114) 7 : audit [DBG] from='client.14130 -' entity='client.admin' cmd=[{"prefix": "cephadm get-pub-key", "target": ["mon-mgr", ""]}]: dispatch
2023-01-04T18:09:48.546 INFO:teuthology.orchestra.run.smithi050.stderr:/usr/bin/ceph: Added host 'smithi050'
2023-01-04T18:09:48.546 INFO:teuthology.orchestra.run.smithi050.stderr:/usr/bin/ceph:
2023-01-04T18:09:48.541+0000 7f938d7fa700 1 -- 172.21.15.50:0/1526244540 <== mgr.14114 v2:172.21.15.50:6800/3751193798 1 ==== mgr_command_reply(tid 0: 0 ) v1 ==== 8+0+23 (secure 0 0 0) 0x7f93900fad80 con 0x7f937402fdb0
2023-01-04T18:09:48.547 INFO:teuthology.orchestra.run.smithi050.stderr:/usr/bin/ceph:
2023-01-04T18:09:48.544+0000 7f9395b82700 1 -- 172.21.15.50:0/1526244540 >> [v2:172.21.15.50:6800/3751193798,v1:172.21.15.50:6801/3751193798] conn(0x7f937402fdb0 msgr2=0x7f9374032270 secure :-1 s=STATE_CONNECTION_ESTABLISHED l=1).mark_down
2023-01-04T18:09:48.548 INFO:teuthology.orchestra.run.smithi050.stderr:/usr/bin/ceph:
2023-01-04T18:09:48.544+0000 7f9395b82700 1 --2- 172.21.15.50:0/1526244540 >> [v2:172.21.15.50:6800/3751193798,v1:172.21.15.50:6801/3751193798] conn(0x7f937402fdb0 0x7f9374032270 secure :-1 s=READY pgs=10 cs=0 l=1 rev1=1 rx=0x7f937c0096a0 tx=0x7f937c006b40).stop
2023-01-04T18:09:48.548 INFO:teuthology.orchestra.run.smithi050.stderr:/usr/bin/ceph:
2023-01-04T18:09:48.544+0000 7f9395b82700 1 -- 172.21.15.50:0/1526244540 >> [v2:172.21.15.50:3300/0,v1:172.21.15.50:6789/0] conn(0x7f939006fbf0 msgr2=0x7f93900fc110 secure :-1 s=STATE_CONNECTION_ESTABLISHED l=1).mark_down
2023-01-04T18:09:48.548 INFO:teuthology.orchestra.run.smithi050.stderr:/usr/bin/ceph:
2023-01-04T18:09:48.544+0000 7f9395b82700 1 --2- 172.21.15.50:0/1526244540 >> [v2:172.21.15.50:3300/0,v1:172.21.15.50:6789/0] conn(0x7f939006fbf0 0x7f93900fc110 secure :-1 s=READY pgs=38 cs=0 l=1 rev1=1 rx=0x7f9384011550 tx=0x7f9384006ee0).stop
2023-01-04T18:09:48.548 INFO:teuthology.orchestra.run.smithi050.stderr:/usr/bin/ceph:
2023-01-04T18:09:48.545+0000 7f9395b82700 1 -- 172.21.15.50:0/1526244540 shutdown_connections
2023-01-04T18:09:48.549 INFO:teuthology.orchestra.run.smithi050.stderr:/usr/bin/ceph:
2023-01-04T18:09:48.545+0000 7f9395b82700 1 --2- 172.21.15.50:0/1526244540 >> [v2:172.21.15.50:6800/3751193798,v1:172.21.15.50:6801/3751193798] conn(0x7f937402fdb0 0x7f9374032270 unknown :-1 s=CLOSED pgs=10 cs=0 l=1 rev1=1 rx=0 tx=0).stop
2023-01-04T18:09:48.549 INFO:teuthology.orchestra.run.smithi050.stderr:/usr/bin/ceph:
2023-01-04T18:09:48.545+0000 7f9395b82700 1 --2- 172.21.15.50:0/1526244540 >> [v2:172.21.15.50:3300/0,v1:172.21.15.50:6789/0] conn(0x7f939006fbf0 0x7f93900fc110 unknown :-1 s=CLOSED pgs=38 cs=0 l=1 rev1=1 rx=0 tx=0).stop
2023-01-04T18:09:48.549 INFO:teuthology.orchestra.run.smithi050.stderr:/usr/bin/ceph:
2023-01-04T18:09:48.545+0000 7f9395b82700 1 -- 172.21.15.50:0/1526244540 >> 172.21.15.50:0/1526244540 conn(0x7f93900f6130 msgr2=0x7f93900f7c60 unknown :-1 s=STATE_NONE l=0).mark_down
2023-01-04T18:09:48.549 INFO:teuthology.orchestra.run.smithi050.stderr:/usr/bin/ceph:
2023-01-04T18:09:48.545+0000 7f9395b82700 1 -- 172.21.15.50:0/1526244540 shutdown_connections
2023-01-04T18:09:48.549 INFO:teuthology.orchestra.run.smithi050.stderr:/usr/bin/ceph:
2023-01-04T18:09:48.545+0000 7f9395b82700 1 -- 172.21.15.50:0/1526244540 wait complete.
2023-01-04T18:09:49.006 INFO:teuthology.orchestra.run.smithi050.stderr:Deploying mon service with default placement...
2023-01-04T18:09:49.006 INFO:teuthology.orchestra.run.smithi050.stderr:Running command: /bin/podman run --rm --ipc=host --no-hosts --net=host --entrypoint /usr/bin/ceph --init -e CONTAINER_IMAGE=docker.io/ceph/ceph:v16.2.4 -e NODE_NAME=smithi050 -e CEPH_USE_RANDOM_NONCE=1 -v /var/log/ceph/d98671da-8c5a-11ed-821a-001a4aab830c:/var/log/ceph:z -v /tmp/ceph-tmphq0e1x6f:/etc/ceph/ceph.client.admin.keyring:z -v /tmp/ceph-tmpccxsaw_n:/etc/ceph/ceph.conf:z docker.io/ceph/ceph:v16.2.4 orch apply mon
2023-01-04T18:09:49.202 INFO:journalctl@ceph.mon.smithi050.smithi050.stdout:Jan 04 18:09:49 smithi050 ceph-d98671da-8c5a-11ed-821a-001a4aab830c-mon.smithi050[132084]: audit
2023-01-04T18:09:47.815027+0000 mgr.smithi050.emnywo (mgr.14114) 8 : audit [DBG] from='client.14132 -' entity='client.admin' cmd=[{"prefix": "orch host add", "hostname": "smithi050", "addr": "172.21.15.50", "target": ["mon-mgr", ""]}]: dispatch
2023-01-04T18:09:49.202 INFO:journalctl@ceph.mon.smithi050.smithi050.stdout:Jan 04 18:09:49 smithi050 ceph-d98671da-8c5a-11ed-821a-001a4aab830c-mon.smithi050[132084]: audit
2023-01-04T18:09:48.542457+0000 mon.smithi050 (mon.0) 54 : audit [INF] from='mgr.14114 172.21.15.50:0/1748849826' entity='mgr.smithi050.emnywo'
2023-01-04T18:09:49.202 INFO:journalctl@ceph.mon.smithi050.smithi050.stdout:Jan 04 18:09:49 smithi050 ceph-d98671da-8c5a-11ed-821a-001a4aab830c-mon.smithi050[132084]: audit
2023-01-04T18:09:48.543034+0000 mon.smithi050 (mon.0) 55 : audit [DBG] from='mgr.14114 172.21.15.50:0/1748849826' entity='mgr.smithi050.emnywo' cmd=[{"prefix": "config dump", "format": "json"}]: dispatch
2023-01-04T18:09:49.452 INFO:teuthology.orchestra.run.smithi050.stderr:/usr/bin/ceph:
2023-01-04T18:09:49.448+0000 7fb940c05700 1 Processor -- start
2023-01-04T18:09:49.452 INFO:teuthology.orchestra.run.smithi050.stderr:/usr/bin/ceph:
2023-01-04T18:09:49.448+0000 7fb940c05700 1 -- start start
2023-01-04T18:09:49.453 INFO:teuthology.orchestra.run.smithi050.stderr:/usr/bin/ceph:
2023-01-04T18:09:49.448+0000 7fb940c05700 1 --2- >> [v2:172.21.15.50:3300/0,v1:172.21.15.50:6789/0] conn(0x7fb93c06fcd0 0x7fb93c0fe7a0 unknown :-1 s=NONE pgs=0 cs=0 l=0 rev1=0 rx=0 tx=0).connect
2023-01-04T18:09:49.453 INFO:teuthology.orchestra.run.smithi050.stderr:/usr/bin/ceph:
2023-01-04T18:09:49.448+0000 7fb940c05700 1 -- --> [v2:172.21.15.50:3300/0,v1:172.21.15.50:6789/0] -- mon_getmap magic: 0 v1 -- 0x7fb93c0fed20 con 0x7fb93c06fcd0
2023-01-04T18:09:49.453 INFO:teuthology.orchestra.run.smithi050.stderr:/usr/bin/ceph:
2023-01-04T18:09:49.449+0000 7fb93a59c700 1 --2- >> [v2:172.21.15.50:3300/0,v1:172.21.15.50:6789/0] conn(0x7fb93c06fcd0 0x7fb93c0fe7a0 unknown :-1 s=BANNER_CONNECTING pgs=0 cs=0 l=0 rev1=0 rx=0 tx=0)._handle_peer_banner_payload supported=1 required=0
2023-01-04T18:09:49.453 INFO:teuthology.orchestra.run.smithi050.stderr:/usr/bin/ceph:
2023-01-04T18:09:49.449+0000 7fb93a59c700 1 --2- >> [v2:172.21.15.50:3300/0,v1:172.21.15.50:6789/0] conn(0x7fb93c06fcd0 0x7fb93c0fe7a0 unknown :-1 s=HELLO_CONNECTING pgs=0 cs=0 l=0 rev1=1 rx=0 tx=0).handle_hello peer v2:172.21.15.50:3300/0 says I am v2:172.21.15.50:60050/0 (socket says 172.21.15.50:60050)
2023-01-04T18:09:49.456 INFO:teuthology.orchestra.run.smithi050.stderr:/usr/bin/ceph:
2023-01-04T18:09:49.449+0000 7fb93a59c700 1 -- 172.21.15.50:0/681654806 learned_addr learned my addr 172.21.15.50:0/681654806 (peer_addr_for_me v2:172.21.15.50:0/0)
2023-01-04T18:09:49.456 INFO:teuthology.orchestra.run.smithi050.stderr:/usr/bin/ceph:
2023-01-04T18:09:49.449+0000 7fb93a59c700 1 -- 172.21.15.50:0/681654806 --> [v2:172.21.15.50:3300/0,v1:172.21.15.50:6789/0] -- mon_subscribe({config=0+,monmap=0+}) v3 -- 0x7fb93c0fee60 con 0x7fb93c06fcd0
2023-01-04T18:09:49.456 INFO:teuthology.orchestra.run.smithi050.stderr:/usr/bin/ceph:
2023-01-04T18:09:49.449+0000 7fb93a59c700 1 --2- 172.21.15.50:0/681654806 >> [v2:172.21.15.50:3300/0,v1:172.21.15.50:6789/0] conn(0x7fb93c06fcd0 0x7fb93c0fe7a0 secure :-1 s=READY pgs=39 cs=0 l=1 rev1=1 rx=0x7fb93000b5f0 tx=0x7fb930006ee0).ready entity=mon.0 client_cookie=8c76c0c6defbea26 server_cookie=0 in_seq=0 out_seq=0
2023-01-04T18:09:49.456 INFO:teuthology.orchestra.run.smithi050.stderr:/usr/bin/ceph:
2023-01-04T18:09:49.449+0000 7fb93959a700 1 -- 172.21.15.50:0/681654806 <== mon.0 v2:172.21.15.50:3300/0 1 ==== mon_map magic: 0 v1 ==== 229+0+0 (secure 0 0 0) 0x7fb93000d600 con 0x7fb93c06fcd0
2023-01-04T18:09:49.456 INFO:teuthology.orchestra.run.smithi050.stderr:/usr/bin/ceph:
2023-01-04T18:09:49.449+0000 7fb93959a700 1 -- 172.21.15.50:0/681654806 <== mon.0 v2:172.21.15.50:3300/0 2 ==== config(25 keys) v1 ==== 1010+0+0 (secure 0 0 0) 0x7fb93000dbd0 con 0x7fb93c06fcd0
2023-01-04T18:09:49.456 INFO:teuthology.orchestra.run.smithi050.stderr:/usr/bin/ceph:
2023-01-04T18:09:49.449+0000 7fb93959a700 1 -- 172.21.15.50:0/681654806 <== mon.0 v2:172.21.15.50:3300/0 3 ==== mon_map magic: 0 v1 ==== 229+0+0 (secure 0 0 0) 0x7fb930011c00 con 0x7fb93c06fcd0
2023-01-04T18:09:49.456 INFO:teuthology.orchestra.run.smithi050.stderr:/usr/bin/ceph:
2023-01-04T18:09:49.450+0000 7fb940c05700 1 -- 172.21.15.50:0/681654806 >> [v2:172.21.15.50:3300/0,v1:172.21.15.50:6789/0] conn(0x7fb93c06fcd0 msgr2=0x7fb93c0fe7a0 secure :-1 s=STATE_CONNECTION_ESTABLISHED l=1).mark_down
2023-01-04T18:09:49.456 INFO:teuthology.orchestra.run.smithi050.stderr:/usr/bin/ceph:
2023-01-04T18:09:49.450+0000 7fb940c05700 1 --2- 172.21.15.50:0/681654806 >> [v2:172.21.15.50:3300/0,v1:172.21.15.50:6789/0] conn(0x7fb93c06fcd0 0x7fb93c0fe7a0 secure :-1 s=READY pgs=39 cs=0 l=1 rev1=1 rx=0x7fb93000b5f0 tx=0x7fb930006ee0).stop
2023-01-04T18:09:49.456 INFO:teuthology.orchestra.run.smithi050.stderr:/usr/bin/ceph:
2023-01-04T18:09:49.450+0000 7fb940c05700 1 -- 172.21.15.50:0/681654806 shutdown_connections
2023-01-04T18:09:49.456 INFO:teuthology.orchestra.run.smithi050.stderr:/usr/bin/ceph:
2023-01-04T18:09:49.450+0000 7fb940c05700 1 --2- 172.21.15.50:0/681654806 >> [v2:172.21.15.50:3300/0,v1:172.21.15.50:6789/0] conn(0x7fb93c06fcd0 0x7fb93c0fe7a0 unknown :-1 s=CLOSED pgs=39 cs=0 l=1 rev1=1 rx=0 tx=0).stop
2023-01-04T18:09:49.457 INFO:teuthology.orchestra.run.smithi050.stderr:/usr/bin/ceph:
2023-01-04T18:09:49.450+0000 7fb940c05700 1 -- 172.21.15.50:0/681654806 >> 172.21.15.50:0/681654806 conn(0x7fb93c0f6280 msgr2=0x7fb93c0f86a0 unknown :-1 s=STATE_NONE l=0).mark_down
2023-01-04T18:09:49.457 INFO:teuthology.orchestra.run.smithi050.stderr:/usr/bin/ceph:
2023-01-04T18:09:49.450+0000 7fb940c05700 1 -- 172.21.15.50:0/681654806 shutdown_connections
2023-01-04T18:09:49.457 INFO:teuthology.orchestra.run.smithi050.stderr:/usr/bin/ceph:
2023-01-04T18:09:49.450+0000 7fb940c05700 1 -- 172.21.15.50:0/681654806 wait complete.
2023-01-04T18:09:49.457 INFO:teuthology.orchestra.run.smithi050.stderr:/usr/bin/ceph:
2023-01-04T18:09:49.451+0000 7fb940c05700 1 Processor -- start
2023-01-04T18:09:49.457 INFO:teuthology.orchestra.run.smithi050.stderr:/usr/bin/ceph:
2023-01-04T18:09:49.451+0000 7fb940c05700 1 -- start start
2023-01-04T18:09:49.457 INFO:teuthology.orchestra.run.smithi050.stderr:/usr/bin/ceph:
2023-01-04T18:09:49.451+0000 7fb940c05700 1 --2- >> [v2:172.21.15.50:3300/0,v1:172.21.15.50:6789/0] conn(0x7fb93c06fcd0 0x7fb93c10a9a0 unknown :-1 s=NONE pgs=0 cs=0 l=1 rev1=0 rx=0 tx=0).connect
2023-01-04T18:09:49.457 INFO:teuthology.orchestra.run.smithi050.stderr:/usr/bin/ceph:
2023-01-04T18:09:49.451+0000 7fb940c05700 1 -- --> [v2:172.21.15.50:3300/0,v1:172.21.15.50:6789/0] -- mon_getmap magic: 0 v1 -- 0x7fb93c10ae90 con 0x7fb93c06fcd0
2023-01-04T18:09:49.457 INFO:teuthology.orchestra.run.smithi050.stderr:/usr/bin/ceph:
2023-01-04T18:09:49.452+0000 7fb93a59c700 1 --2- >> [v2:172.21.15.50:3300/0,v1:172.21.15.50:6789/0] conn(0x7fb93c06fcd0 0x7fb93c10a9a0 unknown :-1 s=BANNER_CONNECTING pgs=0 cs=0 l=1 rev1=0 rx=0 tx=0)._handle_peer_banner_payload supported=1 required=0
2023-01-04T18:09:49.457 INFO:teuthology.orchestra.run.smithi050.stderr:/usr/bin/ceph:
2023-01-04T18:09:49.452+0000 7fb93a59c700 1 --2- >> [v2:172.21.15.50:3300/0,v1:172.21.15.50:6789/0] conn(0x7fb93c06fcd0 0x7fb93c10a9a0 unknown :-1 s=HELLO_CONNECTING pgs=0 cs=0 l=1 rev1=1 rx=0 tx=0).handle_hello peer v2:172.21.15.50:3300/0 says I am v2:172.21.15.50:60062/0 (socket says 172.21.15.50:60062)
2023-01-04T18:09:49.457 INFO:teuthology.orchestra.run.smithi050.stderr:/usr/bin/ceph:
2023-01-04T18:09:49.452+0000 7fb93a59c700 1 -- 172.21.15.50:0/879862029 learned_addr learned my addr 172.21.15.50:0/879862029 (peer_addr_for_me v2:172.21.15.50:0/0)
2023-01-04T18:09:49.457 INFO:teuthology.orchestra.run.smithi050.stderr:/usr/bin/ceph:
2023-01-04T18:09:49.452+0000 7fb93a59c700 1 -- 172.21.15.50:0/879862029 --> [v2:172.21.15.50:3300/0,v1:172.21.15.50:6789/0] -- mon_subscribe({config=0+,monmap=0+}) v3 -- 0x7fb93000b200 con 0x7fb93c06fcd0
2023-01-04T18:09:49.457 INFO:teuthology.orchestra.run.smithi050.stderr:/usr/bin/ceph:
2023-01-04T18:09:49.452+0000 7fb93a59c700 1 --2- 172.21.15.50:0/879862029 >> [v2:172.21.15.50:3300/0,v1:172.21.15.50:6789/0] conn(0x7fb93c06fcd0 0x7fb93c10a9a0 secure :-1 s=READY pgs=40 cs=0 l=1 rev1=1 rx=0x7fb93000e040 tx=0x7fb930006ee0).ready entity=mon.0 client_cookie=0 server_cookie=0 in_seq=0 out_seq=0
2023-01-04T18:09:49.458 INFO:teuthology.orchestra.run.smithi050.stderr:/usr/bin/ceph:
2023-01-04T18:09:49.452+0000 7fb92affd700 1 -- 172.21.15.50:0/879862029 <== mon.0 v2:172.21.15.50:3300/0 1 ==== mon_map magic: 0 v1 ==== 229+0+0 (secure 0 0 0) 0x7fb93001b410 con 0x7fb93c06fcd0
2023-01-04T18:09:49.458 INFO:teuthology.orchestra.run.smithi050.stderr:/usr/bin/ceph:
2023-01-04T18:09:49.452+0000 7fb92affd700 1 -- 172.21.15.50:0/879862029 <== mon.0 v2:172.21.15.50:3300/0 2 ==== config(25 keys) v1 ==== 1010+0+0 (secure 0 0 0) 0x7fb93001b9e0 con 0x7fb93c06fcd0
2023-01-04T18:09:49.458 INFO:teuthology.orchestra.run.smithi050.stderr:/usr/bin/ceph:
