2023-01-25T05:54:24.489 INFO:journalctl@ceph.mon.a.smithi088.stdout:Jan 25 05:54:24 smithi088 ceph-mon[102165]: from='client.14124 -' entity='client.admin' cmd=[{"prefix": "mgr_status"}]: dispatch
2023-01-25T05:54:24.489 INFO:journalctl@ceph.mon.a.smithi088.stdout:Jan 25 05:54:24 smithi088 ceph-mon[102165]: from='mgr.14120 172.21.15.88:0/2842429951' entity='mgr.a'
2023-01-25T05:54:24.489 INFO:journalctl@ceph.mon.a.smithi088.stdout:Jan 25 05:54:24 smithi088 ceph-mon[102165]: from='mgr.14120 172.21.15.88:0/2842429951' entity='mgr.a'
2023-01-25T05:54:25.076 INFO:teuthology.orchestra.run.smithi088.stdout:/usr/bin/ceph: stderr
2023-01-25T05:54:24.344+0000 7fcec1cfc700 1 Processor -- start
2023-01-25T05:54:25.076 INFO:teuthology.orchestra.run.smithi088.stdout:/usr/bin/ceph: stderr
2023-01-25T05:54:24.344+0000 7fcec1cfc700 1 -- start start
2023-01-25T05:54:25.077 INFO:teuthology.orchestra.run.smithi088.stdout:/usr/bin/ceph: stderr
2023-01-25T05:54:24.344+0000 7fcec1cfc700 1 --2- >> [v2:172.21.15.88:3300/0,v1:172.21.15.88:6789/0] conn(0x7fcebc104a60 0x7fcebc106e40 unknown :-1 s=NONE pgs=0 cs=0 l=0 rev1=0 crypto rx=0 tx=0 comp rx=0 tx=0).connect
2023-01-25T05:54:25.077 INFO:teuthology.orchestra.run.smithi088.stdout:/usr/bin/ceph: stderr
2023-01-25T05:54:24.344+0000 7fcec1cfc700 1 -- --> [v2:172.21.15.88:3300/0,v1:172.21.15.88:6789/0] -- mon_getmap magic: 0 v1 -- 0x7fcebc073750 con 0x7fcebc104a60
2023-01-25T05:54:25.077 INFO:teuthology.orchestra.run.smithi088.stdout:/usr/bin/ceph: stderr
2023-01-25T05:54:24.345+0000 7fcebb7fe700 1 --2- >> [v2:172.21.15.88:3300/0,v1:172.21.15.88:6789/0] conn(0x7fcebc104a60 0x7fcebc106e40 unknown :-1 s=BANNER_CONNECTING pgs=0 cs=0 l=0 rev1=0 crypto rx=0 tx=0 comp rx=0 tx=0)._handle_peer_banner_payload supported=3 required=0
2023-01-25T05:54:25.077 INFO:teuthology.orchestra.run.smithi088.stdout:/usr/bin/ceph: stderr
2023-01-25T05:54:24.345+0000 7fcebb7fe700 1 --2- >> [v2:172.21.15.88:3300/0,v1:172.21.15.88:6789/0] conn(0x7fcebc104a60 0x7fcebc106e40 unknown :-1 s=HELLO_CONNECTING pgs=0 cs=0 l=0 rev1=1 crypto rx=0 tx=0 comp rx=0 tx=0).handle_hello peer v2:172.21.15.88:3300/0 says I am v2:172.21.15.88:33926/0 (socket says 172.21.15.88:33926)
2023-01-25T05:54:25.077 INFO:teuthology.orchestra.run.smithi088.stdout:/usr/bin/ceph: stderr
2023-01-25T05:54:24.345+0000 7fcebb7fe700 1 -- 172.21.15.88:0/1863297252 learned_addr learned my addr 172.21.15.88:0/1863297252 (peer_addr_for_me v2:172.21.15.88:0/0)
2023-01-25T05:54:25.078 INFO:teuthology.orchestra.run.smithi088.stdout:/usr/bin/ceph: stderr
2023-01-25T05:54:24.345+0000 7fcebb7fe700 1 -- 172.21.15.88:0/1863297252 --> [v2:172.21.15.88:3300/0,v1:172.21.15.88:6789/0] -- mon_subscribe({config=0+,monmap=0+}) v3 -- 0x7fcebc073890 con 0x7fcebc104a60
2023-01-25T05:54:25.078 INFO:teuthology.orchestra.run.smithi088.stdout:/usr/bin/ceph: stderr
2023-01-25T05:54:24.345+0000 7fcebb7fe700 1 --2- 172.21.15.88:0/1863297252 >> [v2:172.21.15.88:3300/0,v1:172.21.15.88:6789/0] conn(0x7fcebc104a60 0x7fcebc106e40 secure :-1 s=READY pgs=37 cs=0 l=1 rev1=1 crypto rx=0x7fceac0098a0 tx=0x7fceac009bb0 comp rx=0 tx=0).ready entity=mon.0 client_cookie=2038a5564cfb7135 server_cookie=0 in_seq=0 out_seq=0
2023-01-25T05:54:25.078 INFO:teuthology.orchestra.run.smithi088.stdout:/usr/bin/ceph: stderr
2023-01-25T05:54:24.345+0000 7fceba7fc700 1 -- 172.21.15.88:0/1863297252 <== mon.0 v2:172.21.15.88:3300/0 1 ==== mon_map magic: 0 v1 ==== 205+0+0 (secure 0 0 0) 0x7fceac004160 con 0x7fcebc104a60
2023-01-25T05:54:25.078 INFO:teuthology.orchestra.run.smithi088.stdout:/usr/bin/ceph: stderr
2023-01-25T05:54:24.345+0000 7fceba7fc700 1 -- 172.21.15.88:0/1863297252 <== mon.0 v2:172.21.15.88:3300/0 2 ==== config(24 keys) v1 ==== 1004+0+0 (secure 0 0 0) 0x7fceac0036a0 con 0x7fcebc104a60
2023-01-25T05:54:25.078 INFO:teuthology.orchestra.run.smithi088.stdout:/usr/bin/ceph: stderr
2023-01-25T05:54:24.345+0000 7fceba7fc700 1 -- 172.21.15.88:0/1863297252 <== mon.0 v2:172.21.15.88:3300/0 3 ==== mon_map magic: 0 v1 ==== 205+0+0 (secure 0 0 0) 0x7fceac011870 con 0x7fcebc104a60
2023-01-25T05:54:25.078 INFO:teuthology.orchestra.run.smithi088.stdout:/usr/bin/ceph: stderr
2023-01-25T05:54:24.346+0000 7fcec1cfc700 1 -- 172.21.15.88:0/1863297252 >> [v2:172.21.15.88:3300/0,v1:172.21.15.88:6789/0] conn(0x7fcebc104a60 msgr2=0x7fcebc106e40 secure :-1 s=STATE_CONNECTION_ESTABLISHED l=1).mark_down
2023-01-25T05:54:25.079 INFO:teuthology.orchestra.run.smithi088.stdout:/usr/bin/ceph: stderr
2023-01-25T05:54:24.346+0000 7fcec1cfc700 1 --2- 172.21.15.88:0/1863297252 >> [v2:172.21.15.88:3300/0,v1:172.21.15.88:6789/0] conn(0x7fcebc104a60 0x7fcebc106e40 secure :-1 s=READY pgs=37 cs=0 l=1 rev1=1 crypto rx=0x7fceac0098a0 tx=0x7fceac009bb0 comp rx=0 tx=0).stop
2023-01-25T05:54:25.079 INFO:teuthology.orchestra.run.smithi088.stdout:/usr/bin/ceph: stderr
2023-01-25T05:54:24.346+0000 7fcec1cfc700 1 -- 172.21.15.88:0/1863297252 shutdown_connections
2023-01-25T05:54:25.079 INFO:teuthology.orchestra.run.smithi088.stdout:/usr/bin/ceph: stderr
2023-01-25T05:54:24.346+0000 7fcec1cfc700 1 --2- 172.21.15.88:0/1863297252 >> [v2:172.21.15.88:3300/0,v1:172.21.15.88:6789/0] conn(0x7fcebc104a60 0x7fcebc106e40 unknown :-1 s=CLOSED pgs=37 cs=0 l=1 rev1=1 crypto rx=0 tx=0 comp rx=0 tx=0).stop
2023-01-25T05:54:25.079 INFO:teuthology.orchestra.run.smithi088.stdout:/usr/bin/ceph: stderr
2023-01-25T05:54:24.346+0000 7fcec1cfc700 1 -- 172.21.15.88:0/1863297252 >> 172.21.15.88:0/1863297252 conn(0x7fcebc0fe400 msgr2=0x7fcebc100870 unknown :-1 s=STATE_NONE l=0).mark_down
2023-01-25T05:54:25.079 INFO:teuthology.orchestra.run.smithi088.stdout:/usr/bin/ceph: stderr
2023-01-25T05:54:24.346+0000 7fcec1cfc700 1 -- 172.21.15.88:0/1863297252 shutdown_connections
2023-01-25T05:54:25.080 INFO:teuthology.orchestra.run.smithi088.stdout:/usr/bin/ceph: stderr
2023-01-25T05:54:24.346+0000 7fcec1cfc700 1 -- 172.21.15.88:0/1863297252 wait complete.
2023-01-25T05:54:25.080 INFO:teuthology.orchestra.run.smithi088.stdout:/usr/bin/ceph: stderr
2023-01-25T05:54:24.346+0000 7fcec1cfc700 1 Processor -- start
2023-01-25T05:54:25.080 INFO:teuthology.orchestra.run.smithi088.stdout:/usr/bin/ceph: stderr
2023-01-25T05:54:24.347+0000 7fcec1cfc700 1 -- start start
2023-01-25T05:54:25.080 INFO:teuthology.orchestra.run.smithi088.stdout:/usr/bin/ceph: stderr
2023-01-25T05:54:24.347+0000 7fcec1cfc700 1 --2- >> [v2:172.21.15.88:3300/0,v1:172.21.15.88:6789/0] conn(0x7fcebc104a60 0x7fcebc1043d0 unknown :-1 s=NONE pgs=0 cs=0 l=1 rev1=0 crypto rx=0 tx=0 comp rx=0 tx=0).connect
2023-01-25T05:54:25.080 INFO:teuthology.orchestra.run.smithi088.stdout:/usr/bin/ceph: stderr
2023-01-25T05:54:24.347+0000 7fcec1cfc700 1 -- --> [v2:172.21.15.88:3300/0,v1:172.21.15.88:6789/0] -- mon_getmap magic: 0 v1 -- 0x7fcebc104910 con 0x7fcebc104a60
2023-01-25T05:54:25.081 INFO:teuthology.orchestra.run.smithi088.stdout:/usr/bin/ceph: stderr
2023-01-25T05:54:24.347+0000 7fcebb7fe700 1 --2- >> [v2:172.21.15.88:3300/0,v1:172.21.15.88:6789/0] conn(0x7fcebc104a60 0x7fcebc1043d0 unknown :-1 s=BANNER_CONNECTING pgs=0 cs=0 l=1 rev1=0 crypto rx=0 tx=0 comp rx=0 tx=0)._handle_peer_banner_payload supported=3 required=0
2023-01-25T05:54:25.081 INFO:teuthology.orchestra.run.smithi088.stdout:/usr/bin/ceph: stderr
2023-01-25T05:54:24.347+0000 7fcebb7fe700 1 --2- >> [v2:172.21.15.88:3300/0,v1:172.21.15.88:6789/0] conn(0x7fcebc104a60 0x7fcebc1043d0 unknown :-1 s=HELLO_CONNECTING pgs=0 cs=0 l=1 rev1=1 crypto rx=0 tx=0 comp rx=0 tx=0).handle_hello peer v2:172.21.15.88:3300/0 says I am v2:172.21.15.88:33940/0 (socket says 172.21.15.88:33940)
2023-01-25T05:54:25.081 INFO:teuthology.orchestra.run.smithi088.stdout:/usr/bin/ceph: stderr
2023-01-25T05:54:24.347+0000 7fcebb7fe700 1 -- 172.21.15.88:0/377450444 learned_addr learned my addr 172.21.15.88:0/377450444 (peer_addr_for_me v2:172.21.15.88:0/0)
2023-01-25T05:54:25.081 INFO:teuthology.orchestra.run.smithi088.stdout:/usr/bin/ceph: stderr
2023-01-25T05:54:24.347+0000 7fcebb7fe700 1 -- 172.21.15.88:0/377450444 --> [v2:172.21.15.88:3300/0,v1:172.21.15.88:6789/0] -- mon_subscribe({config=0+,monmap=0+}) v3 -- 0x7fceac009550 con 0x7fcebc104a60
2023-01-25T05:54:25.081 INFO:teuthology.orchestra.run.smithi088.stdout:/usr/bin/ceph: stderr
2023-01-25T05:54:24.347+0000 7fcebb7fe700 1 --2- 172.21.15.88:0/377450444 >> [v2:172.21.15.88:3300/0,v1:172.21.15.88:6789/0] conn(0x7fcebc104a60 0x7fcebc1043d0 secure :-1 s=READY pgs=38 cs=0 l=1 rev1=1 crypto rx=0x7fceac000c00 tx=0x7fceac011ae0 comp rx=0 tx=0).ready entity=mon.0 client_cookie=0 server_cookie=0 in_seq=0 out_seq=0
2023-01-25T05:54:25.082 INFO:teuthology.orchestra.run.smithi088.stdout:/usr/bin/ceph: stderr
2023-01-25T05:54:24.347+0000 7fceb8ff9700 1 -- 172.21.15.88:0/377450444 <== mon.0 v2:172.21.15.88:3300/0 1 ==== mon_map magic: 0 v1 ==== 205+0+0 (secure 0 0 0) 0x7fceac004110 con 0x7fcebc104a60
2023-01-25T05:54:25.082 INFO:teuthology.orchestra.run.smithi088.stdout:/usr/bin/ceph: stderr
2023-01-25T05:54:24.347+0000 7fceb8ff9700 1 -- 172.21.15.88:0/377450444 <== mon.0 v2:172.21.15.88:3300/0 2 ==== config(24 keys) v1 ==== 1004+0+0 (secure 0 0 0) 0x7fceac01b440 con 0x7fcebc104a60
2023-01-25T05:54:25.082 INFO:teuthology.orchestra.run.smithi088.stdout:/usr/bin/ceph: stderr
2023-01-25T05:54:24.347+0000 7fcec1cfc700 1 -- 172.21.15.88:0/377450444 --> [v2:172.21.15.88:3300/0,v1:172.21.15.88:6789/0] -- mon_subscribe({mgrmap=0+}) v3 -- 0x7fcebc1080c0 con 0x7fcebc104a60
2023-01-25T05:54:25.082 INFO:teuthology.orchestra.run.smithi088.stdout:/usr/bin/ceph: stderr
2023-01-25T05:54:24.347+0000 7fceb8ff9700 1 -- 172.21.15.88:0/377450444 <== mon.0 v2:172.21.15.88:3300/0 3 ==== mon_map magic: 0 v1 ==== 205+0+0 (secure 0 0 0) 0x7fceac0193f0 con 0x7fcebc104a60
2023-01-25T05:54:25.082 INFO:teuthology.orchestra.run.smithi088.stdout:/usr/bin/ceph: stderr
2023-01-25T05:54:24.348+0000 7fcec1cfc700 1 -- 172.21.15.88:0/377450444 --> [v2:172.21.15.88:3300/0,v1:172.21.15.88:6789/0] -- mon_subscribe({osdmap=0}) v3 -- 0x7fcebc107f30 con 0x7fcebc104a60
2023-01-25T05:54:25.083 INFO:teuthology.orchestra.run.smithi088.stdout:/usr/bin/ceph: stderr
2023-01-25T05:54:24.348+0000 7fceb8ff9700 1 -- 172.21.15.88:0/377450444 <== mon.0 v2:172.21.15.88:3300/0 4 ==== mgrmap(e 8) v1 ==== 43509+0+0 (secure 0 0 0) 0x7fceac02b070 con 0x7fcebc104a60
2023-01-25T05:54:25.083 INFO:teuthology.orchestra.run.smithi088.stdout:/usr/bin/ceph: stderr
2023-01-25T05:54:24.348+0000 7fceb8ff9700 20 mgrc handle_mgr_map mgrmap(e 8) v1
2023-01-25T05:54:25.083 INFO:teuthology.orchestra.run.smithi088.stdout:/usr/bin/ceph: stderr
2023-01-25T05:54:24.348+0000 7fceb8ff9700 4 mgrc handle_mgr_map Got map version 8
2023-01-25T05:54:25.083 INFO:teuthology.orchestra.run.smithi088.stdout:/usr/bin/ceph: stderr
2023-01-25T05:54:24.348+0000 7fceb8ff9700 4 mgrc handle_mgr_map Active mgr is now [v2:172.21.15.88:6800/2989680299,v1:172.21.15.88:6801/2989680299]
2023-01-25T05:54:25.083 INFO:teuthology.orchestra.run.smithi088.stdout:/usr/bin/ceph: stderr
2023-01-25T05:54:24.348+0000 7fceb8ff9700 4 mgrc reconnect Starting new session with [v2:172.21.15.88:6800/2989680299,v1:172.21.15.88:6801/2989680299]
2023-01-25T05:54:25.084 INFO:teuthology.orchestra.run.smithi088.stdout:/usr/bin/ceph: stderr
2023-01-25T05:54:24.348+0000 7fceb8ff9700 1 --2- 172.21.15.88:0/377450444 >> [v2:172.21.15.88:6800/2989680299,v1:172.21.15.88:6801/2989680299] conn(0x7fcea4036870 0x7fcea4038d20 unknown :-1 s=NONE pgs=0 cs=0 l=1 rev1=0 crypto rx=0 tx=0 comp rx=0 tx=0).connect
2023-01-25T05:54:25.084 INFO:teuthology.orchestra.run.smithi088.stdout:/usr/bin/ceph: stderr
2023-01-25T05:54:24.348+0000 7fcec1cfc700 1 -- 172.21.15.88:0/377450444 --> [v2:172.21.15.88:3300/0,v1:172.21.15.88:6789/0] -- mon_command({"prefix": "get_command_descriptions"} v 0) v1 -- 0x7fcebc108250 con 0x7fcebc104a60
2023-01-25T05:54:25.084 INFO:teuthology.orchestra.run.smithi088.stdout:/usr/bin/ceph: stderr
2023-01-25T05:54:24.349+0000 7fceb8ff9700 1 -- 172.21.15.88:0/377450444 <== mon.0 v2:172.21.15.88:3300/0 5 ==== osd_map(2..2 src has 1..2) v4 ==== 940+0+0 (secure 0 0 0) 0x7fceac049a70 con 0x7fcebc104a60
2023-01-25T05:54:25.084 INFO:teuthology.orchestra.run.smithi088.stdout:/usr/bin/ceph: stderr
2023-01-25T05:54:24.349+0000 7fcebaffd700 1 --2- 172.21.15.88:0/377450444 >> [v2:172.21.15.88:6800/2989680299,v1:172.21.15.88:6801/2989680299] conn(0x7fcea4036870 0x7fcea4038d20 unknown :-1 s=BANNER_CONNECTING pgs=0 cs=0 l=1 rev1=0 crypto rx=0 tx=0 comp rx=0 tx=0)._handle_peer_banner_payload supported=3 required=0
2023-01-25T05:54:25.085 INFO:teuthology.orchestra.run.smithi088.stdout:/usr/bin/ceph: stderr
2023-01-25T05:54:24.349+0000 7fcebaffd700 1 --2- 172.21.15.88:0/377450444 >> [v2:172.21.15.88:6800/2989680299,v1:172.21.15.88:6801/2989680299] conn(0x7fcea4036870 0x7fcea4038d20 secure :-1 s=READY pgs=7 cs=0 l=1 rev1=1 crypto rx=0x7fceb0006fd0 tx=0x7fceb0006e40 comp rx=0 tx=0).ready entity=mgr.14120 client_cookie=0 server_cookie=0 in_seq=0 out_seq=0
2023-01-25T05:54:25.085 INFO:teuthology.orchestra.run.smithi088.stdout:/usr/bin/ceph: stderr
2023-01-25T05:54:24.353+0000 7fceb8ff9700 1 -- 172.21.15.88:0/377450444 <== mon.0 v2:172.21.15.88:3300/0 6 ==== mon_command_ack([{"prefix": "get_command_descriptions"}]=0 v0) v1 ==== 72+0+173756 (secure 0 0 0) 0x7fceac018350 con 0x7fcebc104a60
2023-01-25T05:54:25.085 INFO:teuthology.orchestra.run.smithi088.stdout:/usr/bin/ceph: stderr
2023-01-25T05:54:24.560+0000 7fcec1cfc700 20 mgrc start_command cmd: [{"prefix": "orch set backend", "module_name": "cephadm", "target": ["mon-mgr", ""]}]
2023-01-25T05:54:25.085 INFO:teuthology.orchestra.run.smithi088.stdout:/usr/bin/ceph: stderr
2023-01-25T05:54:24.560+0000 7fcec1cfc700 1 -- 172.21.15.88:0/377450444 --> [v2:172.21.15.88:6800/2989680299,v1:172.21.15.88:6801/2989680299] -- mgr_command(tid 0: {"prefix": "orch set backend", "module_name": "cephadm", "target": ["mon-mgr", ""]}) v1 -- 0x7fcebc061b90 con 0x7fcea4036870
2023-01-25T05:54:25.085 INFO:teuthology.orchestra.run.smithi088.stdout:/usr/bin/ceph: stderr
2023-01-25T05:54:24.566+0000 7fceb8ff9700 1 -- 172.21.15.88:0/377450444 <== mgr.14120 v2:172.21.15.88:6800/2989680299 1 ==== mgr_command_reply(tid 0: 0 ) v1 ==== 8+0+0 (secure 0 0 0) 0x7fcebc061b90 con 0x7fcea4036870
2023-01-25T05:54:25.086 INFO:teuthology.orchestra.run.smithi088.stdout:/usr/bin/ceph: stderr
2023-01-25T05:54:24.566+0000 7fceb8ff9700 20 mgrc handle_command_reply tid 0 r 0
2023-01-25T05:54:25.086 INFO:teuthology.orchestra.run.smithi088.stdout:/usr/bin/ceph: stderr
2023-01-25T05:54:24.568+0000 7fcec1cfc700 10 mgrc shutdown
2023-01-25T05:54:25.086 INFO:teuthology.orchestra.run.smithi088.stdout:/usr/bin/ceph: stderr
2023-01-25T05:54:24.568+0000 7fcec1cfc700 1 -- 172.21.15.88:0/377450444 >> [v2:172.21.15.88:6800/2989680299,v1:172.21.15.88:6801/2989680299] conn(0x7fcea4036870 msgr2=0x7fcea4038d20 secure :-1 s=STATE_CONNECTION_ESTABLISHED l=1).mark_down
2023-01-25T05:54:25.086 INFO:teuthology.orchestra.run.smithi088.stdout:/usr/bin/ceph: stderr
2023-01-25T05:54:24.568+0000 7fcec1cfc700 1 --2- 172.21.15.88:0/377450444 >> [v2:172.21.15.88:6800/2989680299,v1:172.21.15.88:6801/2989680299] conn(0x7fcea4036870 0x7fcea4038d20 secure :-1 s=READY pgs=7 cs=0 l=1 rev1=1 crypto rx=0x7fceb0006fd0 tx=0x7fceb0006e40 comp rx=0 tx=0).stop
2023-01-25T05:54:25.086 INFO:teuthology.orchestra.run.smithi088.stdout:/usr/bin/ceph: stderr
2023-01-25T05:54:24.568+0000 7fcec1cfc700 1 -- 172.21.15.88:0/377450444 >> [v2:172.21.15.88:3300/0,v1:172.21.15.88:6789/0] conn(0x7fcebc104a60 msgr2=0x7fcebc1043d0 secure :-1 s=STATE_CONNECTION_ESTABLISHED l=1).mark_down
2023-01-25T05:54:25.087 INFO:teuthology.orchestra.run.smithi088.stdout:/usr/bin/ceph: stderr
2023-01-25T05:54:24.568+0000 7fcec1cfc700 1 --2- 172.21.15.88:0/377450444 >> [v2:172.21.15.88:3300/0,v1:172.21.15.88:6789/0] conn(0x7fcebc104a60 0x7fcebc1043d0 secure :-1 s=READY pgs=38 cs=0 l=1 rev1=1 crypto rx=0x7fceac000c00 tx=0x7fceac011ae0 comp rx=0 tx=0).stop
2023-01-25T05:54:25.087 INFO:teuthology.orchestra.run.smithi088.stdout:/usr/bin/ceph: stderr
2023-01-25T05:54:24.568+0000 7fcec1cfc700 1 -- 172.21.15.88:0/377450444 shutdown_connections
2023-01-25T05:54:25.087 INFO:teuthology.orchestra.run.smithi088.stdout:/usr/bin/ceph: stderr
2023-01-25T05:54:24.568+0000 7fcec1cfc700 1 --2- 172.21.15.88:0/377450444 >> [v2:172.21.15.88:6800/2989680299,v1:172.21.15.88:6801/2989680299] conn(0x7fcea4036870 0x7fcea4038d20 unknown :-1 s=CLOSED pgs=7 cs=0 l=1 rev1=1 crypto rx=0 tx=0 comp rx=0 tx=0).stop
2023-01-25T05:54:25.087 INFO:teuthology.orchestra.run.smithi088.stdout:/usr/bin/ceph: stderr
2023-01-25T05:54:24.568+0000 7fcec1cfc700 1 --2- 172.21.15.88:0/377450444 >> [v2:172.21.15.88:3300/0,v1:172.21.15.88:6789/0] conn(0x7fcebc104a60 0x7fcebc1043d0 unknown :-1 s=CLOSED pgs=38 cs=0 l=1 rev1=1 crypto rx=0 tx=0 comp rx=0 tx=0).stop
2023-01-25T05:54:25.087 INFO:teuthology.orchestra.run.smithi088.stdout:/usr/bin/ceph: stderr
2023-01-25T05:54:24.568+0000 7fcec1cfc700 1 -- 172.21.15.88:0/377450444 >> 172.21.15.88:0/377450444 conn(0x7fcebc0fe400 msgr2=0x7fcebc0ff180 unknown :-1 s=STATE_NONE l=0).mark_down
2023-01-25T05:54:25.088 INFO:teuthology.orchestra.run.smithi088.stdout:/usr/bin/ceph: stderr
2023-01-25T05:54:24.568+0000 7fcec1cfc700 1 -- 172.21.15.88:0/377450444 shutdown_connections
2023-01-25T05:54:25.088 INFO:teuthology.orchestra.run.smithi088.stdout:/usr/bin/ceph: stderr
2023-01-25T05:54:24.568+0000 7fcec1cfc700 1 -- 172.21.15.88:0/377450444 wait complete.
2023-01-25T05:54:25.299 INFO:journalctl@ceph.mon.a.smithi088.stdout:Jan 25 05:54:25 smithi088 ceph-mon[102165]: mgrmap e8: a(active, since 2s)
2023-01-25T05:54:25.300 INFO:journalctl@ceph.mon.a.smithi088.stdout:Jan 25 05:54:25 smithi088 ceph-mon[102165]: from='client.14132 -' entity='client.admin' cmd=[{"prefix": "orch set backend", "module_name": "cephadm", "target": ["mon-mgr", ""]}]: dispatch
2023-01-25T05:54:25.300 INFO:journalctl@ceph.mon.a.smithi088.stdout:Jan 25 05:54:25 smithi088 ceph-mon[102165]: from='mgr.14120 172.21.15.88:0/2842429951' entity='mgr.a'
2023-01-25T05:54:25.300 INFO:journalctl@ceph.mon.a.smithi088.stdout:Jan 25 05:54:25 smithi088 ceph-mon[102165]: from='mgr.14120 172.21.15.88:0/2842429951' entity='mgr.a' cmd=[{"prefix": "config dump", "format": "json"}]: dispatch
2023-01-25T05:54:26.124 INFO:teuthology.orchestra.run.smithi088.stdout:/usr/bin/ceph: stdout value unchanged
2023-01-25T05:54:26.125 INFO:teuthology.orchestra.run.smithi088.stdout:/usr/bin/ceph: stderr
2023-01-25T05:54:25.488+0000 7f1d4bc84700 1 Processor -- start
2023-01-25T05:54:26.125 INFO:teuthology.orchestra.run.smithi088.stdout:/usr/bin/ceph: stderr
2023-01-25T05:54:25.488+0000 7f1d4bc84700 1 -- start start
2023-01-25T05:54:26.125 INFO:teuthology.orchestra.run.smithi088.stdout:/usr/bin/ceph: stderr
2023-01-25T05:54:25.488+0000 7f1d4bc84700 1 --2- >> [v2:172.21.15.88:3300/0,v1:172.21.15.88:6789/0] conn(0x7f1d44102210 0x7f1d44102620 unknown :-1 s=NONE pgs=0 cs=0 l=0 rev1=0 crypto rx=0 tx=0 comp rx=0 tx=0).connect
2023-01-25T05:54:26.125 INFO:teuthology.orchestra.run.smithi088.stdout:/usr/bin/ceph: stderr
2023-01-25T05:54:25.488+0000 7f1d4bc84700 1 -- --> [v2:172.21.15.88:3300/0,v1:172.21.15.88:6789/0] -- mon_getmap magic: 0 v1 -- 0x7f1d44102b60 con 0x7f1d44102210
2023-01-25T05:54:26.126 INFO:teuthology.orchestra.run.smithi088.stdout:/usr/bin/ceph: stderr
2023-01-25T05:54:25.489+0000 7f1d49a20700 1 --2- >> [v2:172.21.15.88:3300/0,v1:172.21.15.88:6789/0] conn(0x7f1d44102210 0x7f1d44102620 unknown :-1 s=BANNER_CONNECTING pgs=0 cs=0 l=0 rev1=0 crypto rx=0 tx=0 comp rx=0 tx=0)._handle_peer_banner_payload supported=3 required=0
2023-01-25T05:54:26.126 INFO:teuthology.orchestra.run.smithi088.stdout:/usr/bin/ceph: stderr
2023-01-25T05:54:25.489+0000 7f1d49a20700 1 --2- >> [v2:172.21.15.88:3300/0,v1:172.21.15.88:6789/0] conn(0x7f1d44102210 0x7f1d44102620 unknown :-1 s=HELLO_CONNECTING pgs=0 cs=0 l=0 rev1=1 crypto rx=0 tx=0 comp rx=0 tx=0).handle_hello peer v2:172.21.15.88:3300/0 says I am v2:172.21.15.88:33946/0 (socket says 172.21.15.88:33946)
2023-01-25T05:54:26.126 INFO:teuthology.orchestra.run.smithi088.stdout:/usr/bin/ceph: stderr
2023-01-25T05:54:25.489+0000 7f1d49a20700 1 -- 172.21.15.88:0/3689154324 learned_addr learned my addr 172.21.15.88:0/3689154324 (peer_addr_for_me v2:172.21.15.88:0/0)
2023-01-25T05:54:26.126 INFO:teuthology.orchestra.run.smithi088.stdout:/usr/bin/ceph: stderr
2023-01-25T05:54:25.489+0000 7f1d49a20700 1 -- 172.21.15.88:0/3689154324 --> [v2:172.21.15.88:3300/0,v1:172.21.15.88:6789/0] -- mon_subscribe({config=0+,monmap=0+}) v3 -- 0x7f1d44102ca0 con 0x7f1d44102210
2023-01-25T05:54:26.126 INFO:teuthology.orchestra.run.smithi088.stdout:/usr/bin/ceph: stderr
2023-01-25T05:54:25.489+0000 7f1d49a20700 1 --2- 172.21.15.88:0/3689154324 >> [v2:172.21.15.88:3300/0,v1:172.21.15.88:6789/0] conn(0x7f1d44102210 0x7f1d44102620 secure :-1 s=READY pgs=39 cs=0 l=1 rev1=1 crypto rx=0x7f1d340098a0 tx=0x7f1d34009bb0 comp rx=0 tx=0).ready entity=mon.0 client_cookie=3593c0f5987421b8 server_cookie=0 in_seq=0 out_seq=0
2023-01-25T05:54:26.127 INFO:teuthology.orchestra.run.smithi088.stdout:/usr/bin/ceph: stderr
2023-01-25T05:54:25.489+0000 7f1d48a1e700 1 -- 172.21.15.88:0/3689154324 <== mon.0 v2:172.21.15.88:3300/0 1 ==== mon_map magic: 0 v1 ==== 205+0+0 (secure 0 0 0) 0x7f1d34004160 con 0x7f1d44102210
2023-01-25T05:54:26.127 INFO:teuthology.orchestra.run.smithi088.stdout:/usr/bin/ceph: stderr
2023-01-25T05:54:25.489+0000 7f1d48a1e700 1 -- 172.21.15.88:0/3689154324 <== mon.0 v2:172.21.15.88:3300/0 2 ==== config(24 keys) v1 ==== 1004+0+0 (secure 0 0 0) 0x7f1d340036a0 con 0x7f1d44102210
2023-01-25T05:54:26.127 INFO:teuthology.orchestra.run.smithi088.stdout:/usr/bin/ceph: stderr
2023-01-25T05:54:25.489+0000 7f1d48a1e700 1 -- 172.21.15.88:0/3689154324 <== mon.0 v2:172.21.15.88:3300/0 3 ==== mon_map magic: 0 v1 ==== 205+0+0 (secure 0 0 0) 0x7f1d34011870 con 0x7f1d44102210
2023-01-25T05:54:26.127 INFO:teuthology.orchestra.run.smithi088.stdout:/usr/bin/ceph: stderr
2023-01-25T05:54:25.490+0000 7f1d4bc84700 1 -- 172.21.15.88:0/3689154324 >> [v2:172.21.15.88:3300/0,v1:172.21.15.88:6789/0] conn(0x7f1d44102210 msgr2=0x7f1d44102620 secure :-1 s=STATE_CONNECTION_ESTABLISHED l=1).mark_down
2023-01-25T05:54:26.127 INFO:teuthology.orchestra.run.smithi088.stdout:/usr/bin/ceph: stderr
2023-01-25T05:54:25.490+0000 7f1d4bc84700 1 --2- 172.21.15.88:0/3689154324 >> [v2:172.21.15.88:3300/0,v1:172.21.15.88:6789/0] conn(0x7f1d44102210 0x7f1d44102620 secure :-1 s=READY pgs=39 cs=0 l=1 rev1=1 crypto rx=0x7f1d340098a0 tx=0x7f1d34009bb0 comp rx=0 tx=0).stop
2023-01-25T05:54:26.128 INFO:teuthology.orchestra.run.smithi088.stdout:/usr/bin/ceph: stderr
2023-01-25T05:54:25.490+0000 7f1d4bc84700 1 -- 172.21.15.88:0/3689154324 shutdown_connections
2023-01-25T05:54:26.128 INFO:teuthology.orchestra.run.smithi088.stdout:/usr/bin/ceph: stderr
2023-01-25T05:54:25.490+0000 7f1d4bc84700 1 --2- 172.21.15.88:0/3689154324 >> [v2:172.21.15.88:3300/0,v1:172.21.15.88:6789/0] conn(0x7f1d44102210 0x7f1d44102620 unknown :-1 s=CLOSED pgs=39 cs=0 l=1 rev1=1 crypto rx=0 tx=0 comp rx=0 tx=0).stop
2023-01-25T05:54:26.128 INFO:teuthology.orchestra.run.smithi088.stdout:/usr/bin/ceph: stderr
2023-01-25T05:54:25.490+0000 7f1d4bc84700 1 -- 172.21.15.88:0/3689154324 >> 172.21.15.88:0/3689154324 conn(0x7f1d440fdbe0 msgr2=0x7f1d440ffff0 unknown :-1 s=STATE_NONE l=0).mark_down
2023-01-25T05:54:26.128 INFO:teuthology.orchestra.run.smithi088.stdout:/usr/bin/ceph: stderr
2023-01-25T05:54:25.490+0000 7f1d4bc84700 1 -- 172.21.15.88:0/3689154324 shutdown_connections
2023-01-25T05:54:26.128 INFO:teuthology.orchestra.run.smithi088.stdout:/usr/bin/ceph: stderr
2023-01-25T05:54:25.490+0000 7f1d4bc84700 1 -- 172.21.15.88:0/3689154324 wait complete.
2023-01-25T05:54:26.129 INFO:teuthology.orchestra.run.smithi088.stdout:/usr/bin/ceph: stderr
2023-01-25T05:54:25.490+0000 7f1d4bc84700 1 Processor -- start
2023-01-25T05:54:26.129 INFO:teuthology.orchestra.run.smithi088.stdout:/usr/bin/ceph: stderr
2023-01-25T05:54:25.490+0000 7f1d4bc84700 1 -- start start
2023-01-25T05:54:26.129 INFO:teuthology.orchestra.run.smithi088.stdout:/usr/bin/ceph: stderr
2023-01-25T05:54:25.491+0000 7f1d4bc84700 1 --2- >> [v2:172.21.15.88:3300/0,v1:172.21.15.88:6789/0] conn(0x7f1d44102210 0x7f1d44199d50 unknown :-1 s=NONE pgs=0 cs=0 l=1 rev1=0 crypto rx=0 tx=0 comp rx=0 tx=0).connect
2023-01-25T05:54:26.129 INFO:teuthology.orchestra.run.smithi088.stdout:/usr/bin/ceph: stderr
2023-01-25T05:54:25.491+0000 7f1d4bc84700 1 -- --> [v2:172.21.15.88:3300/0,v1:172.21.15.88:6789/0] -- mon_getmap magic: 0 v1 -- 0x7f1d4419a290 con 0x7f1d44102210
2023-01-25T05:54:26.130 INFO:teuthology.orchestra.run.smithi088.stdout:/usr/bin/ceph: stderr
2023-01-25T05:54:25.491+0000 7f1d49a20700 1 --2- >> [v2:172.21.15.88:3300/0,v1:172.21.15.88:6789/0] conn(0x7f1d44102210 0x7f1d44199d50 unknown :-1 s=BANNER_CONNECTING pgs=0 cs=0 l=1 rev1=0 crypto rx=0 tx=0 comp rx=0 tx=0)._handle_peer_banner_payload supported=3 required=0
2023-01-25T05:54:26.130 INFO:teuthology.orchestra.run.smithi088.stdout:/usr/bin/ceph: stderr
2023-01-25T05:54:25.491+0000 7f1d49a20700 1 --2- >> [v2:172.21.15.88:3300/0,v1:172.21.15.88:6789/0] conn(0x7f1d44102210 0x7f1d44199d50 unknown :-1 s=HELLO_CONNECTING pgs=0 cs=0 l=1 rev1=1 crypto rx=0 tx=0 comp rx=0 tx=0).handle_hello peer v2:172.21.15.88:3300/0 says I am v2:172.21.15.88:33960/0 (socket says 172.21.15.88:33960)
2023-01-25T05:54:26.130 INFO:teuthology.orchestra.run.smithi088.stdout:/usr/bin/ceph: stderr
2023-01-25T05:54:25.491+0000 7f1d49a20700 1 -- 172.21.15.88:0/599448961 learned_addr learned my addr 172.21.15.88:0/599448961 (peer_addr_for_me v2:172.21.15.88:0/0)
2023-01-25T05:54:26.130 INFO:teuthology.orchestra.run.smithi088.stdout:/usr/bin/ceph: stderr
2023-01-25T05:54:25.491+0000 7f1d49a20700 1 -- 172.21.15.88:0/599448961 --> [v2:172.21.15.88:3300/0,v1:172.21.15.88:6789/0] -- mon_subscribe({config=0+,monmap=0+}) v3 -- 0x7f1d34009550 con 0x7f1d44102210
2023-01-25T05:54:26.130 INFO:teuthology.orchestra.run.smithi088.stdout:/usr/bin/ceph: stderr
2023-01-25T05:54:25.491+0000 7f1d49a20700 1 --2- 172.21.15.88:0/599448961 >> [v2:172.21.15.88:3300/0,v1:172.21.15.88:6789/0] conn(0x7f1d44102210 0x7f1d44199d50 secure :-1 s=READY pgs=40 cs=0 l=1 rev1=1 crypto rx=0x7f1d34009fb0 tx=0x7f1d34011980 comp rx=0 tx=0).ready entity=mon.0 client_cookie=0 server_cookie=0 in_seq=0 out_seq=0
2023-01-25T05:54:26.130 INFO:teuthology.orchestra.run.smithi088.stdout:/usr/bin/ceph: stderr
2023-01-25T05:54:25.491+0000 7f1d3affd700 1 -- 172.21.15.88:0/599448961 <== mon.0 v2:172.21.15.88:3300/0 1 ==== mon_map magic: 0 v1 ==== 205+0+0 (secure 0 0 0) 0x7f1d34003fe0 con 0x7f1d44102210
2023-01-25T05:54:26.131 INFO:teuthology.orchestra.run.smithi088.stdout:/usr/bin/ceph: stderr
2023-01-25T05:54:25.491+0000 7f1d3affd700 1 -- 172.21.15.88:0/599448961 <== mon.0 v2:172.21.15.88:3300/0 2 ==== config(24 keys) v1 ==== 1004+0+0 (secure 0 0 0) 0x7f1d34004590 con 0x7f1d44102210
2023-01-25T05:54:26.131 INFO:teuthology.orchestra.run.smithi088.stdout:/usr/bin/ceph: stderr
2023-01-25T05:54:25.491+0000 7f1d4bc84700 1 -- 172.21.15.88:0/599448961 --> [v2:172.21.15.88:3300/0,v1:172.21.15.88:6789/0] -- mon_subscribe({mgrmap=0+}) v3 -- 0x7f1d44105f10 con 0x7f1d44102210
2023-01-25T05:54:26.131 INFO:teuthology.orchestra.run.smithi088.stdout:/usr/bin/ceph: stderr
2023-01-25T05:54:25.491+0000 7f1d3affd700 1 -- 172.21.15.88:0/599448961 <== mon.0 v2:172.21.15.88:3300/0 3 ==== mon_map magic: 0 v1 ==== 205+0+0 (secure 0 0 0) 0x7f1d3401a3d0 con 0x7f1d44102210
2023-01-25T05:54:26.131 INFO:teuthology.orchestra.run.smithi088.stdout:/usr/bin/ceph: stderr
2023-01-25T05:54:25.491+0000 7f1d4bc84700 1 -- 172.21.15.88:0/599448961 --> [v2:172.21.15.88:3300/0,v1:172.21.15.88:6789/0] -- mon_subscribe({osdmap=0}) v3 -- 0x7f1d44105d80 con 0x7f1d44102210
2023-01-25T05:54:26.131 INFO:teuthology.orchestra.run.smithi088.stdout:/usr/bin/ceph: stderr
2023-01-25T05:54:25.492+0000 7f1d3affd700 1 -- 172.21.15.88:0/599448961 <== mon.0 v2:172.21.15.88:3300/0 4 ==== mgrmap(e 8) v1 ==== 43509+0+0 (secure 0 0 0) 0x7f1d3402a070 con 0x7f1d44102210
2023-01-25T05:54:26.132 INFO:teuthology.orchestra.run.smithi088.stdout:/usr/bin/ceph: stderr
2023-01-25T05:54:25.492+0000 7f1d3affd700 20 mgrc handle_mgr_map mgrmap(e 8) v1
2023-01-25T05:54:26.132 INFO:teuthology.orchestra.run.smithi088.stdout:/usr/bin/ceph: stderr
2023-01-25T05:54:25.492+0000 7f1d3affd700 4 mgrc handle_mgr_map Got map version 8
2023-01-25T05:54:26.132 INFO:teuthology.orchestra.run.smithi088.stdout:/usr/bin/ceph: stderr
2023-01-25T05:54:25.492+0000 7f1d3affd700 4 mgrc handle_mgr_map Active mgr is now [v2:172.21.15.88:6800/2989680299,v1:172.21.15.88:6801/2989680299]
2023-01-25T05:54:26.132 INFO:teuthology.orchestra.run.smithi088.stdout:/usr/bin/ceph: stderr
2023-01-25T05:54:25.492+0000 7f1d3affd700 4 mgrc reconnect Starting new session with [v2:172.21.15.88:6800/2989680299,v1:172.21.15.88:6801/2989680299]
2023-01-25T05:54:26.132 INFO:teuthology.orchestra.run.smithi088.stdout:/usr/bin/ceph: stderr
2023-01-25T05:54:25.492+0000 7f1d4bc84700 1 -- 172.21.15.88:0/599448961 --> [v2:172.21.15.88:3300/0,v1:172.21.15.88:6789/0] -- mon_command({"prefix": "get_command_descriptions"} v 0) v1 -- 0x7f1d441060a0 con 0x7f1d44102210
2023-01-25T05:54:26.133 INFO:teuthology.orchestra.run.smithi088.stdout:/usr/bin/ceph: stderr
2023-01-25T05:54:25.492+0000 7f1d3affd700 1 --2- 172.21.15.88:0/599448961 >> [v2:172.21.15.88:6800/2989680299,v1:172.21.15.88:6801/2989680299] conn(0x7f1d30036800 0x7f1d30038cb0 unknown :-1 s=NONE pgs=0 cs=0 l=1 rev1=0 crypto rx=0 tx=0 comp rx=0 tx=0).connect
2023-01-25T05:54:26.133 INFO:teuthology.orchestra.run.smithi088.stdout:/usr/bin/ceph: stderr
2023-01-25T05:54:25.492+0000 7f1d3affd700 1 -- 172.21.15.88:0/599448961 <== mon.0 v2:172.21.15.88:3300/0 5 ==== osd_map(2..2 src has 1..2) v4 ==== 940+0+0 (secure 0 0 0) 0x7f1d34049980 con 0x7f1d44102210
2023-01-25T05:54:26.133 INFO:teuthology.orchestra.run.smithi088.stdout:/usr/bin/ceph: stderr
2023-01-25T05:54:25.492+0000 7f1d4921f700 1 --2- 172.21.15.88:0/599448961 >> [v2:172.21.15.88:6800/2989680299,v1:172.21.15.88:6801/2989680299] conn(0x7f1d30036800 0x7f1d30038cb0 unknown :-1 s=BANNER_CONNECTING pgs=0 cs=0 l=1 rev1=0 crypto rx=0 tx=0 comp rx=0 tx=0)._handle_peer_banner_payload supported=3 required=0
2023-01-25T05:54:26.133 INFO:teuthology.orchestra.run.smithi088.stdout:/usr/bin/ceph: stderr
2023-01-25T05:54:25.493+0000 7f1d4921f700 1 --2- 172.21.15.88:0/599448961 >> [v2:172.21.15.88:6800/2989680299,v1:172.21.15.88:6801/2989680299] conn(0x7f1d30036800 0x7f1d30038cb0 secure :-1 s=READY pgs=8 cs=0 l=1 rev1=1 crypto rx=0x7f1d40006fd0 tx=0x7f1d40006e40 comp rx=0 tx=0).ready entity=mgr.14120 client_cookie=0 server_cookie=0 in_seq=0 out_seq=0
2023-01-25T05:54:26.133 INFO:teuthology.orchestra.run.smithi088.stdout:/usr/bin/ceph: stderr
2023-01-25T05:54:25.497+0000 7f1d3affd700 1 -- 172.21.15.88:0/599448961 <== mon.0 v2:172.21.15.88:3300/0 6 ==== mon_command_ack([{"prefix": "get_command_descriptions"}]=0 v0) v1 ==== 72+0+173756 (secure 0 0 0) 0x7f1d441060a0 con 0x7f1d44102210
2023-01-25T05:54:26.134 INFO:teuthology.orchestra.run.smithi088.stdout:/usr/bin/ceph: stderr
2023-01-25T05:54:25.692+0000 7f1d4bc84700 20 mgrc start_command cmd: [{"prefix": "cephadm set-user", "user": "root", "target": ["mon-mgr", ""]}]
2023-01-25T05:54:26.134 INFO:teuthology.orchestra.run.smithi088.stdout:/usr/bin/ceph: stderr
2023-01-25T05:54:25.692+0000 7f1d4bc84700 1 -- 172.21.15.88:0/599448961 --> [v2:172.21.15.88:6800/2989680299,v1:172.21.15.88:6801/2989680299] -- mgr_command(tid 0: {"prefix": "cephadm set-user", "user": "root", "target": ["mon-mgr", ""]}) v1 -- 0x7f1d441060a0 con 0x7f1d30036800
2023-01-25T05:54:26.134 INFO:teuthology.orchestra.run.smithi088.stdout:/usr/bin/ceph: stderr
2023-01-25T05:54:25.693+0000 7f1d3affd700 1 -- 172.21.15.88:0/599448961 <== mgr.14120 v2:172.21.15.88:6800/2989680299 1 ==== mgr_command_reply(tid 0: 0 ) v1 ==== 8+0+16 (secure 0 0 0) 0x7f1d441060a0 con 0x7f1d30036800
2023-01-25T05:54:26.134 INFO:teuthology.orchestra.run.smithi088.stdout:/usr/bin/ceph: stderr
2023-01-25T05:54:25.693+0000 7f1d3affd700 20 mgrc handle_command_reply tid 0 r 0
2023-01-25T05:54:26.134 INFO:teuthology.orchestra.run.smithi088.stdout:/usr/bin/ceph: stderr
2023-01-25T05:54:25.694+0000 7f1d4bc84700 10 mgrc shutdown
2023-01-25T05:54:26.135 INFO:teuthology.orchestra.run.smithi088.stdout:/usr/bin/ceph: stderr
2023-01-25T05:54:25.694+0000 7f1d4bc84700 1 -- 172.21.15.88:0/599448961 >> [v2:172.21.15.88:6800/2989680299,v1:172.21.15.88:6801/2989680299] conn(0x7f1d30036800 msgr2=0x7f1d30038cb0 secure :-1 s=STATE_CONNECTION_ESTABLISHED l=1).mark_down
2023-01-25T05:54:26.135 INFO:teuthology.orchestra.run.smithi088.stdout:/usr/bin/ceph: stderr
2023-01-25T05:54:25.695+0000 7f1d4bc84700 1 --2- 172.21.15.88:0/599448961 >> [v2:172.21.15.88:6800/2989680299,v1:172.21.15.88:6801/2989680299] conn(0x7f1d30036800 0x7f1d30038cb0 secure :-1 s=READY pgs=8 cs=0 l=1 rev1=1 crypto rx=0x7f1d40006fd0 tx=0x7f1d40006e40 comp rx=0 tx=0).stop
2023-01-25T05:54:26.135 INFO:teuthology.orchestra.run.smithi088.stdout:/usr/bin/ceph: stderr
2023-01-25T05:54:25.695+0000 7f1d4bc84700 1 -- 172.21.15.88:0/599448961 >> [v2:172.21.15.88:3300/0,v1:172.21.15.88:6789/0] conn(0x7f1d44102210 msgr2=0x7f1d44199d50 secure :-1 s=STATE_CONNECTION_ESTABLISHED l=1).mark_down
2023-01-25T05:54:26.135 INFO:teuthology.orchestra.run.smithi088.stdout:/usr/bin/ceph: stderr
2023-01-25T05:54:25.695+0000 7f1d4bc84700 1 --2- 172.21.15.88:0/599448961 >> [v2:172.21.15.88:3300/0,v1:172.21.15.88:6789/0] conn(0x7f1d44102210 0x7f1d44199d50 secure :-1 s=READY pgs=40 cs=0 l=1 rev1=1 crypto rx=0x7f1d34009fb0 tx=0x7f1d34011980 comp rx=0 tx=0).stop
2023-01-25T05:54:26.135 INFO:teuthology.orchestra.run.smithi088.stdout:/usr/bin/ceph: stderr
2023-01-25T05:54:25.695+0000 7f1d4bc84700 1 -- 172.21.15.88:0/599448961 shutdown_connections
2023-01-25T05:54:26.136 INFO:teuthology.orchestra.run.smithi088.stdout:/usr/bin/ceph: stderr
2023-01-25T05:54:25.695+0000 7f1d4bc84700 1 --2- 172.21.15.88:0/599448961 >> [v2:172.21.15.88:6800/2989680299,v1:172.21.15.88:6801/2989680299] conn(0x7f1d30036800 0x7f1d30038cb0 unknown :-1 s=CLOSED pgs=8 cs=0 l=1 rev1=1 crypto rx=0 tx=0 comp rx=0 tx=0).stop
2023-01-25T05:54:26.136 INFO:teuthology.orchestra.run.smithi088.stdout:/usr/bin/ceph: stderr
2023-01-25T05:54:25.695+0000 7f1d4bc84700 1 --2- 172.21.15.88:0/599448961 >> [v2:172.21.15.88:3300/0,v1:172.21.15.88:6789/0] conn(0x7f1d44102210 0x7f1d44199d50 unknown :-1 s=CLOSED pgs=40 cs=0 l=1 rev1=1 crypto rx=0 tx=0 comp rx=0 tx=0).stop
2023-01-25T05:54:26.136 INFO:teuthology.orchestra.run.smithi088.stdout:/usr/bin/ceph: stderr
2023-01-25T05:54:25.695+0000 7f1d4bc84700 1 -- 172.21.15.88:0/599448961 >> 172.21.15.88:0/599448961 conn(0x7f1d440fdbe0 msgr2=0x7f1d440fe8c0 unknown :-1 s=STATE_NONE l=0).mark_down
2023-01-25T05:54:26.136 INFO:teuthology.orchestra.run.smithi088.stdout:/usr/bin/ceph: stderr
2023-01-25T05:54:25.695+0000 7f1d4bc84700 1 -- 172.21.15.88:0/599448961 shutdown_connections
2023-01-25T05:54:26.136 INFO:teuthology.orchestra.run.smithi088.stdout:/usr/bin/ceph: stderr
2023-01-25T05:54:25.695+0000 7f1d4bc84700 1 -- 172.21.15.88:0/599448961 wait complete.
2023-01-25T05:54:26.137 INFO:teuthology.orchestra.run.smithi088.stdout:Generating ssh key...
2023-01-25T05:54:26.379 INFO:journalctl@ceph.mon.a.smithi088.stdout:Jan 25 05:54:26 smithi088 ceph-mon[102165]: [25/Jan/2023:05:54:25] ENGINE Bus STARTING
2023-01-25T05:54:26.379 INFO:journalctl@ceph.mon.a.smithi088.stdout:Jan 25 05:54:26 smithi088 ceph-mon[102165]: from='client.14134 -' entity='client.admin' cmd=[{"prefix": "cephadm set-user", "user": "root", "target": ["mon-mgr", ""]}]: dispatch
2023-01-25T05:54:26.379 INFO:journalctl@ceph.mon.a.smithi088.stdout:Jan 25 05:54:26 smithi088 ceph-mon[102165]: [25/Jan/2023:05:54:25] ENGINE Serving on https://172.21.15.88:7150
2023-01-25T05:54:26.380 INFO:journalctl@ceph.mon.a.smithi088.stdout:Jan 25 05:54:26 smithi088 ceph-mon[102165]: from='mgr.14120 172.21.15.88:0/2842429951' entity='mgr.a' cmd=[{"prefix": "config dump", "format": "json"}]: dispatch
2023-01-25T05:54:27.208 INFO:journalctl@ceph.mgr.a.smithi088.stdout:Jan 25 05:54:26 smithi088 ceph-8e1fe42c-9c74-11ed-9e56-001a4aab830c-mgr-a[102390]: Generating public/private rsa key pair.
2023-01-25T05:54:27.208 INFO:journalctl@ceph.mgr.a.smithi088.stdout:Jan 25 05:54:26 smithi088 ceph-8e1fe42c-9c74-11ed-9e56-001a4aab830c-mgr-a[102390]: Your identification has been saved in /tmp/tmpdpyawilh/key.
2023-01-25T05:54:27.209 INFO:journalctl@ceph.mgr.a.smithi088.stdout:Jan 25 05:54:26 smithi088 ceph-8e1fe42c-9c74-11ed-9e56-001a4aab830c-mgr-a[102390]: Your public key has been saved in /tmp/tmpdpyawilh/key.pub.
2023-01-25T05:54:27.209 INFO:journalctl@ceph.mgr.a.smithi088.stdout:Jan 25 05:54:26 smithi088 ceph-8e1fe42c-9c74-11ed-9e56-001a4aab830c-mgr-a[102390]: The key fingerprint is:
2023-01-25T05:54:27.209 INFO:journalctl@ceph.mgr.a.smithi088.stdout:Jan 25 05:54:26 smithi088 ceph-8e1fe42c-9c74-11ed-9e56-001a4aab830c-mgr-a[102390]: SHA256:5ZDXzj9AznD76hpKLbBERsu/yotA0WKaEDOLn3Qj+sc ceph-8e1fe42c-9c74-11ed-9e56-001a4aab830c
2023-01-25T05:54:27.209 INFO:journalctl@ceph.mgr.a.smithi088.stdout:Jan 25 05:54:26 smithi088 ceph-8e1fe42c-9c74-11ed-9e56-001a4aab830c-mgr-a[102390]: The key's randomart image is:
2023-01-25T05:54:27.209 INFO:journalctl@ceph.mgr.a.smithi088.stdout:Jan 25 05:54:26 smithi088 ceph-8e1fe42c-9c74-11ed-9e56-001a4aab830c-mgr-a[102390]: +---[RSA 3072]----+
2023-01-25T05:54:27.210 INFO:journalctl@ceph.mgr.a.smithi088.stdout:Jan 25 05:54:26 smithi088 ceph-8e1fe42c-9c74-11ed-9e56-001a4aab830c-mgr-a[102390]: |+ . |
2023-01-25T05:54:27.210 INFO:journalctl@ceph.mgr.a.smithi088.stdout:Jan 25 05:54:26 smithi088 ceph-8e1fe42c-9c74-11ed-9e56-001a4aab830c-mgr-a[102390]: |.= . o . . . |
2023-01-25T05:54:27.210 INFO:journalctl@ceph.mgr.a.smithi088.stdout:Jan 25 05:54:26 smithi088 ceph-8e1fe42c-9c74-11ed-9e56-001a4aab830c-mgr-a[102390]: |+ * + = o + + |
2023-01-25T05:54:27.210 INFO:journalctl@ceph.mgr.a.smithi088.stdout:Jan 25 05:54:26 smithi088 ceph-8e1fe42c-9c74-11ed-9e56-001a4aab830c-mgr-a[102390]: |.B * + . = O . |
2023-01-25T05:54:27.210 INFO:journalctl@ceph.mgr.a.smithi088.stdout:Jan 25 05:54:26 smithi088 ceph-8e1fe42c-9c74-11ed-9e56-001a4aab830c-mgr-a[102390]: |+ + o S . B |
2023-01-25T05:54:27.211 INFO:journalctl@ceph.mgr.a.smithi088.stdout:Jan 25 05:54:26 smithi088 ceph-8e1fe42c-9c74-11ed-9e56-001a4aab830c-mgr-a[102390]: | o . . o o + |
2023-01-25T05:54:27.211 INFO:journalctl@ceph.mgr.a.smithi088.stdout:Jan 25 05:54:26 smithi088 ceph-8e1fe42c-9c74-11ed-9e56-001a4aab830c-mgr-a[102390]: | o E . + o + |
2023-01-25T05:54:27.211 INFO:journalctl@ceph.mgr.a.smithi088.stdout:Jan 25 05:54:26 smithi088 ceph-8e1fe42c-9c74-11ed-9e56-001a4aab830c-mgr-a[102390]: | o o o o . . . |
2023-01-25T05:54:27.211 INFO:journalctl@ceph.mgr.a.smithi088.stdout:Jan 25 05:54:26 smithi088 ceph-8e1fe42c-9c74-11ed-9e56-001a4aab830c-mgr-a[102390]: | . +.. .oo |
2023-01-25T05:54:27.211 INFO:journalctl@ceph.mgr.a.smithi088.stdout:Jan 25 05:54:26 smithi088 ceph-8e1fe42c-9c74-11ed-9e56-001a4aab830c-mgr-a[102390]: +----[SHA256]-----+
2023-01-25T05:54:27.265 INFO:teuthology.orchestra.run.smithi088.stdout:/usr/bin/ceph: stderr
2023-01-25T05:54:26.524+0000 7faf84252700 1 Processor -- start
2023-01-25T05:54:27.266 INFO:teuthology.orchestra.run.smithi088.stdout:/usr/bin/ceph: stderr
2023-01-25T05:54:26.525+0000 7faf84252700 1 -- start start
2023-01-25T05:54:27.266 INFO:teuthology.orchestra.run.smithi088.stdout:/usr/bin/ceph: stderr
2023-01-25T05:54:26.525+0000 7faf84252700 1 --2- >> [v2:172.21.15.88:3300/0,v1:172.21.15.88:6789/0] conn(0x7faf7c104a80 0x7faf7c106e60 unknown :-1 s=NONE pgs=0 cs=0 l=0 rev1=0 crypto rx=0 tx=0 comp rx=0 tx=0).connect
2023-01-25T05:54:27.266 INFO:teuthology.orchestra.run.smithi088.stdout:/usr/bin/ceph: stderr
2023-01-25T05:54:26.525+0000 7faf84252700 1 -- --> [v2:172.21.15.88:3300/0,v1:172.21.15.88:6789/0] -- mon_getmap magic: 0 v1 -- 0x7faf7c073730 con 0x7faf7c104a80
2023-01-25T05:54:27.266 INFO:teuthology.orchestra.run.smithi088.stdout:/usr/bin/ceph: stderr
2023-01-25T05:54:26.525+0000 7faf81fee700 1 --2- >> [v2:172.21.15.88:3300/0,v1:172.21.15.88:6789/0] conn(0x7faf7c104a80 0x7faf7c106e60 unknown :-1 s=BANNER_CONNECTING pgs=0 cs=0 l=0 rev1=0 crypto rx=0 tx=0 comp rx=0 tx=0)._handle_peer_banner_payload supported=3 required=0
2023-01-25T05:54:27.266 INFO:teuthology.orchestra.run.smithi088.stdout:/usr/bin/ceph: stderr
2023-01-25T05:54:26.525+0000 7faf81fee700 1 --2- >> [v2:172.21.15.88:3300/0,v1:172.21.15.88:6789/0] conn(0x7faf7c104a80 0x7faf7c106e60 unknown :-1 s=HELLO_CONNECTING pgs=0 cs=0 l=0 rev1=1 crypto rx=0 tx=0 comp rx=0 tx=0).handle_hello peer v2:172.21.15.88:3300/0 says I am v2:172.21.15.88:44164/0 (socket says 172.21.15.88:44164)
2023-01-25T05:54:27.267 INFO:teuthology.orchestra.run.smithi088.stdout:/usr/bin/ceph: stderr
2023-01-25T05:54:26.525+0000 7faf81fee700 1 -- 172.21.15.88:0/157243381 learned_addr learned my addr 172.21.15.88:0/157243381 (peer_addr_for_me v2:172.21.15.88:0/0)
2023-01-25T05:54:27.267 INFO:teuthology.orchestra.run.smithi088.stdout:/usr/bin/ceph: stderr
2023-01-25T05:54:26.526+0000 7faf81fee700 1 -- 172.21.15.88:0/157243381 --> [v2:172.21.15.88:3300/0,v1:172.21.15.88:6789/0] -- mon_subscribe({config=0+,monmap=0+}) v3 -- 0x7faf7c073870 con 0x7faf7c104a80
2023-01-25T05:54:27.267 INFO:teuthology.orchestra.run.smithi088.stdout:/usr/bin/ceph: stderr
2023-01-25T05:54:26.526+0000 7faf81fee700 1 --2- 172.21.15.88:0/157243381 >> [v2:172.21.15.88:3300/0,v1:172.21.15.88:6789/0] conn(0x7faf7c104a80 0x7faf7c106e60 secure :-1 s=READY pgs=41 cs=0 l=1 rev1=1 crypto rx=0x7faf780098a0 tx=0x7faf78009bb0 comp rx=0 tx=0).ready entity=mon.0 client_cookie=cda8a17fbd6650cc server_cookie=0 in_seq=0 out_seq=0
2023-01-25T05:54:27.267 INFO:teuthology.orchestra.run.smithi088.stdout:/usr/bin/ceph: stderr
2023-01-25T05:54:26.526+0000 7faf80fec700 1 -- 172.21.15.88:0/157243381 <== mon.0 v2:172.21.15.88:3300/0 1 ==== mon_map magic: 0 v1 ==== 205+0+0 (secure 0 0 0) 0x7faf78004160 con 0x7faf7c104a80
2023-01-25T05:54:27.267 INFO:teuthology.orchestra.run.smithi088.stdout:/usr/bin/ceph: stderr
2023-01-25T05:54:26.526+0000 7faf80fec700 1 -- 172.21.15.88:0/157243381 <== mon.0 v2:172.21.15.88:3300/0 2 ==== config(24 keys) v1 ==== 1004+0+0 (secure 0 0 0) 0x7faf780036a0 con 0x7faf7c104a80
2023-01-25T05:54:27.268 INFO:teuthology.orchestra.run.smithi088.stdout:/usr/bin/ceph: stderr
2023-01-25T05:54:26.526+0000 7faf80fec700 1 -- 172.21.15.88:0/157243381 <== mon.0 v2:172.21.15.88:3300/0 3 ==== mon_map magic: 0 v1 ==== 205+0+0 (secure 0 0 0) 0x7faf78011870 con 0x7faf7c104a80
2023-01-25T05:54:27.268 INFO:teuthology.orchestra.run.smithi088.stdout:/usr/bin/ceph: stderr
2023-01-25T05:54:26.526+0000 7faf84252700 1 -- 172.21.15.88:0/157243381 >> [v2:172.21.15.88:3300/0,v1:172.21.15.88:6789/0] conn(0x7faf7c104a80 msgr2=0x7faf7c106e60 secure :-1 s=STATE_CONNECTION_ESTABLISHED l=1).mark_down
2023-01-25T05:54:27.268 INFO:teuthology.orchestra.run.smithi088.stdout:/usr/bin/ceph: stderr
2023-01-25T05:54:26.526+0000 7faf84252700 1 --2- 172.21.15.88:0/157243381 >> [v2:172.21.15.88:3300/0,v1:172.21.15.88:6789/0] conn(0x7faf7c104a80 0x7faf7c106e60 secure :-1 s=READY pgs=41 cs=0 l=1 rev1=1 crypto rx=0x7faf780098a0 tx=0x7faf78009bb0 comp rx=0 tx=0).stop
2023-01-25T05:54:27.268 INFO:teuthology.orchestra.run.smithi088.stdout:/usr/bin/ceph: stderr
2023-01-25T05:54:26.526+0000 7faf84252700 1 -- 172.21.15.88:0/157243381 shutdown_connections
2023-01-25T05:54:27.269 INFO:teuthology.orchestra.run.smithi088.stdout:/usr/bin/ceph: stderr
2023-01-25T05:54:26.526+0000 7faf84252700 1 --2- 172.21.15.88:0/157243381 >> [v2:172.21.15.88:3300/0,v1:172.21.15.88:6789/0] conn(0x7faf7c104a80 0x7faf7c106e60 unknown :-1 s=CLOSED pgs=41 cs=0 l=1 rev1=1 crypto rx=0 tx=0 comp rx=0 tx=0).stop
2023-01-25T05:54:27.269 INFO:teuthology.orchestra.run.smithi088.stdout:/usr/bin/ceph: stderr
2023-01-25T05:54:26.526+0000 7faf84252700 1 -- 172.21.15.88:0/157243381 >> 172.21.15.88:0/157243381 conn(0x7faf7c0fe400 msgr2=0x7faf7c100870 unknown :-1 s=STATE_NONE l=0).mark_down
2023-01-25T05:54:27.269 INFO:teuthology.orchestra.run.smithi088.stdout:/usr/bin/ceph: stderr
2023-01-25T05:54:26.527+0000 7faf84252700 1 -- 172.21.15.88:0/157243381 shutdown_connections
2023-01-25T05:54:27.269 INFO:teuthology.orchestra.run.smithi088.stdout:/usr/bin/ceph: stderr
2023-01-25T05:54:26.527+0000 7faf84252700 1 -- 172.21.15.88:0/157243381 wait complete.
2023-01-25T05:54:27.269 INFO:teuthology.orchestra.run.smithi088.stdout:/usr/bin/ceph: stderr
2023-01-25T05:54:26.527+0000 7faf84252700 1 Processor -- start
2023-01-25T05:54:27.270 INFO:teuthology.orchestra.run.smithi088.stdout:/usr/bin/ceph: stderr
2023-01-25T05:54:26.527+0000 7faf84252700 1 -- start start
2023-01-25T05:54:27.270 INFO:teuthology.orchestra.run.smithi088.stdout:/usr/bin/ceph: stderr
2023-01-25T05:54:26.527+0000 7faf84252700 1 --2- >> [v2:172.21.15.88:3300/0,v1:172.21.15.88:6789/0] conn(0x7faf7c104a80 0x7faf7c197b40 unknown :-1 s=NONE pgs=0 cs=0 l=1 rev1=0 crypto rx=0 tx=0 comp rx=0 tx=0).connect
2023-01-25T05:54:27.270 INFO:teuthology.orchestra.run.smithi088.stdout:/usr/bin/ceph: stderr
2023-01-25T05:54:26.527+0000 7faf84252700 1 -- --> [v2:172.21.15.88:3300/0,v1:172.21.15.88:6789/0] -- mon_getmap magic: 0 v1 -- 0x7faf7c198080 con 0x7faf7c104a80
2023-01-25T05:54:27.270 INFO:teuthology.orchestra.run.smithi088.stdout:/usr/bin/ceph: stderr
2023-01-25T05:54:26.527+0000 7faf81fee700 1 --2- >> [v2:172.21.15.88:3300/0,v1:172.21.15.88:6789/0] conn(0x7faf7c104a80 0x7faf7c197b40 unknown :-1 s=BANNER_CONNECTING pgs=0 cs=0 l=1 rev1=0 crypto rx=0 tx=0 comp rx=0 tx=0)._handle_peer_banner_payload supported=3 required=0
2023-01-25T05:54:27.270 INFO:teuthology.orchestra.run.smithi088.stdout:/usr/bin/ceph: stderr
2023-01-25T05:54:26.527+0000 7faf81fee700 1 --2- >> [v2:172.21.15.88:3300/0,v1:172.21.15.88:6789/0] conn(0x7faf7c104a80 0x7faf7c197b40 unknown :-1 s=HELLO_CONNECTING pgs=0 cs=0 l=1 rev1=1 crypto rx=0 tx=0 comp rx=0 tx=0).handle_hello peer v2:172.21.15.88:3300/0 says I am v2:172.21.15.88:44180/0 (socket says 172.21.15.88:44180)
2023-01-25T05:54:27.271 INFO:teuthology.orchestra.run.smithi088.stdout:/usr/bin/ceph: stderr
2023-01-25T05:54:26.527+0000 7faf81fee700 1 -- 172.21.15.88:0/1735029457 learned_addr learned my addr 172.21.15.88:0/1735029457 (peer_addr_for_me v2:172.21.15.88:0/0)
2023-01-25T05:54:27.271 INFO:teuthology.orchestra.run.smithi088.stdout:/usr/bin/ceph: stderr
2023-01-25T05:54:26.528+0000 7faf81fee700 1 -- 172.21.15.88:0/1735029457 --> [v2:172.21.15.88:3300/0,v1:172.21.15.88:6789/0] -- mon_subscribe({config=0+,monmap=0+}) v3 -- 0x7faf78009550 con 0x7faf7c104a80
2023-01-25T05:54:27.271 INFO:teuthology.orchestra.run.smithi088.stdout:/usr/bin/ceph: stderr
2023-01-25T05:54:26.528+0000 7faf81fee700 1 --2- 172.21.15.88:0/1735029457 >> [v2:172.21.15.88:3300/0,v1:172.21.15.88:6789/0] conn(0x7faf7c104a80 0x7faf7c197b40 secure :-1 s=READY pgs=42 cs=0 l=1 rev1=1 crypto rx=0x7faf78003b60 tx=0x7faf78011a50 comp rx=0 tx=0).ready entity=mon.0 client_cookie=0 server_cookie=0 in_seq=0 out_seq=0
2023-01-25T05:54:27.271 INFO:teuthology.orchestra.run.smithi088.stdout:/usr/bin/ceph: stderr
2023-01-25T05:54:26.528+0000 7faf72ffd700 1 -- 172.21.15.88:0/1735029457 <== mon.0 v2:172.21.15.88:3300/0 1 ==== mon_map magic: 0 v1 ==== 205+0+0 (secure 0 0 0) 0x7faf78004110 con 0x7faf7c104a80
2023-01-25T05:54:27.271 INFO:teuthology.orchestra.run.smithi088.stdout:/usr/bin/ceph: stderr
2023-01-25T05:54:26.528+0000 7faf72ffd700 1 -- 172.21.15.88:0/1735029457 <== mon.0 v2:172.21.15.88:3300/0 2 ==== config(24 keys) v1 ==== 1004+0+0 (secure 0 0 0) 0x7faf7801b440 con 0x7faf7c104a80
2023-01-25T05:54:27.272 INFO:teuthology.orchestra.run.smithi088.stdout:/usr/bin/ceph: stderr
2023-01-25T05:54:26.528+0000 7faf84252700 1 -- 172.21.15.88:0/1735029457 --> [v2:172.21.15.88:3300/0,v1:172.21.15.88:6789/0] -- mon_subscribe({mgrmap=0+}) v3 -- 0x7faf7c1080e0 con 0x7faf7c104a80
2023-01-25T05:54:27.272 INFO:teuthology.orchestra.run.smithi088.stdout:/usr/bin/ceph: stderr
2023-01-25T05:54:26.528+0000 7faf72ffd700 1 -- 172.21.15.88:0/1735029457 <== mon.0 v2:172.21.15.88:3300/0 3 ==== mon_map magic: 0 v1 ==== 205+0+0 (secure 0 0 0) 0x7faf780193d0 con 0x7faf7c104a80
2023-01-25T05:54:27.272 INFO:teuthology.orchestra.run.smithi088.stdout:/usr/bin/ceph: stderr
2023-01-25T05:54:26.528+0000 7faf84252700 1 -- 172.21.15.88:0/1735029457 --> [v2:172.21.15.88:3300/0,v1:172.21.15.88:6789/0] -- mon_subscribe({osdmap=0}) v3 -- 0x7faf7c107f50 con 0x7faf7c104a80
2023-01-25T05:54:27.272 INFO:teuthology.orchestra.run.smithi088.stdout:/usr/bin/ceph: stderr
2023-01-25T05:54:26.529+0000 7faf72ffd700 1 -- 172.21.15.88:0/1735029457 <== mon.0 v2:172.21.15.88:3300/0 4 ==== mgrmap(e 8) v1 ==== 43509+0+0 (secure 0 0 0) 0x7faf7802a070 con 0x7faf7c104a80
2023-01-25T05:54:27.273 INFO:teuthology.orchestra.run.smithi088.stdout:/usr/bin/ceph: stderr
2023-01-25T05:54:26.529+0000 7faf72ffd700 20 mgrc handle_mgr_map mgrmap(e 8) v1
2023-01-25T05:54:27.273 INFO:teuthology.orchestra.run.smithi088.stdout:/usr/bin/ceph: stderr
2023-01-25T05:54:26.529+0000 7faf84252700 1 -- 172.21.15.88:0/1735029457 --> [v2:172.21.15.88:3300/0,v1:172.21.15.88:6789/0] -- mon_command({"prefix": "get_command_descriptions"} v 0) v1 -- 0x7faf7c108270 con 0x7faf7c104a80
2023-01-25T05:54:27.273 INFO:teuthology.orchestra.run.smithi088.stdout:/usr/bin/ceph: stderr
2023-01-25T05:54:26.529+0000 7faf72ffd700 4 mgrc handle_mgr_map Got map version 8
2023-01-25T05:54:27.273 INFO:teuthology.orchestra.run.smithi088.stdout:/usr/bin/ceph: stderr
2023-01-25T05:54:26.529+0000 7faf72ffd700 4 mgrc handle_mgr_map Active mgr is now [v2:172.21.15.88:6800/2989680299,v1:172.21.15.88:6801/2989680299]
2023-01-25T05:54:27.273 INFO:teuthology.orchestra.run.smithi088.stdout:/usr/bin/ceph: stderr
2023-01-25T05:54:26.529+0000 7faf72ffd700 4 mgrc reconnect Starting new session with [v2:172.21.15.88:6800/2989680299,v1:172.21.15.88:6801/2989680299]
