2023-01-25T05:54:46.605+0000 7fb8c2704700 1 -- 172.21.15.88:0/1290790442 >> [v2:172.21.15.88:6800/1117401986,v1:172.21.15.88:6801/1117401986] conn(0x7fb8a80367e0 msgr2=0x7fb8a8038c90 secure :-1 s=STATE_CONNECTION_ESTABLISHED l=1).mark_down
2023-01-25T05:54:47.621 INFO:teuthology.orchestra.run.smithi088.stdout:/usr/bin/ceph: stderr
2023-01-25T05:54:46.605+0000 7fb8c2704700 1 --2- 172.21.15.88:0/1290790442 >> [v2:172.21.15.88:6800/1117401986,v1:172.21.15.88:6801/1117401986] conn(0x7fb8a80367e0 0x7fb8a8038c90 secure :-1 s=READY pgs=7 cs=0 l=1 rev1=1 crypto rx=0x7fb8a4006fd0 tx=0x7fb8a4006e40 comp rx=0 tx=0).stop
2023-01-25T05:54:47.621 INFO:teuthology.orchestra.run.smithi088.stdout:/usr/bin/ceph: stderr
2023-01-25T05:54:46.605+0000 7fb8c2704700 1 -- 172.21.15.88:0/1290790442 >> [v2:172.21.15.88:3300/0,v1:172.21.15.88:6789/0] conn(0x7fb8bc1049e0 msgr2=0x7fb8bc104350 secure :-1 s=STATE_CONNECTION_ESTABLISHED l=1).mark_down
2023-01-25T05:54:47.622 INFO:teuthology.orchestra.run.smithi088.stdout:/usr/bin/ceph: stderr
2023-01-25T05:54:46.605+0000 7fb8c2704700 1 --2- 172.21.15.88:0/1290790442 >> [v2:172.21.15.88:3300/0,v1:172.21.15.88:6789/0] conn(0x7fb8bc1049e0 0x7fb8bc104350 secure :-1 s=READY pgs=71 cs=0 l=1 rev1=1 crypto rx=0x7fb8ac011860 tx=0x7fb8ac011940 comp rx=0 tx=0).stop
2023-01-25T05:54:47.622 INFO:teuthology.orchestra.run.smithi088.stdout:/usr/bin/ceph: stderr
2023-01-25T05:54:46.605+0000 7fb8c2704700 1 -- 172.21.15.88:0/1290790442 shutdown_connections
2023-01-25T05:54:47.622 INFO:teuthology.orchestra.run.smithi088.stdout:/usr/bin/ceph: stderr
2023-01-25T05:54:46.605+0000 7fb8c2704700 1 --2- 172.21.15.88:0/1290790442 >> [v2:172.21.15.88:6800/1117401986,v1:172.21.15.88:6801/1117401986] conn(0x7fb8a80367e0 0x7fb8a8038c90 unknown :-1 s=CLOSED pgs=7 cs=0 l=1 rev1=1 crypto rx=0 tx=0 comp rx=0 tx=0).stop
2023-01-25T05:54:47.622 INFO:teuthology.orchestra.run.smithi088.stdout:/usr/bin/ceph: stderr
2023-01-25T05:54:46.605+0000 7fb8c2704700 1 --2- 172.21.15.88:0/1290790442 >> [v2:172.21.15.88:3300/0,v1:172.21.15.88:6789/0] conn(0x7fb8bc1049e0 0x7fb8bc104350 unknown :-1 s=CLOSED pgs=71 cs=0 l=1 rev1=1 crypto rx=0 tx=0 comp rx=0 tx=0).stop
2023-01-25T05:54:47.622 INFO:teuthology.orchestra.run.smithi088.stdout:/usr/bin/ceph: stderr
2023-01-25T05:54:46.605+0000 7fb8c2704700 1 -- 172.21.15.88:0/1290790442 >> 172.21.15.88:0/1290790442 conn(0x7fb8bc0fe3c0 msgr2=0x7fb8bc0ff0c0 unknown :-1 s=STATE_NONE l=0).mark_down
2023-01-25T05:54:47.623 INFO:teuthology.orchestra.run.smithi088.stdout:/usr/bin/ceph: stderr
2023-01-25T05:54:46.605+0000 7fb8c2704700 1 -- 172.21.15.88:0/1290790442 shutdown_connections
2023-01-25T05:54:47.623 INFO:teuthology.orchestra.run.smithi088.stdout:/usr/bin/ceph: stderr
2023-01-25T05:54:46.605+0000 7fb8c2704700 1 -- 172.21.15.88:0/1290790442 wait complete.
2023-01-25T05:54:47.623 INFO:teuthology.orchestra.run.smithi088.stdout:Creating initial admin user...
2023-01-25T05:54:47.649 INFO:journalctl@ceph.mon.a.smithi088.stdout:Jan 25 05:54:47 smithi088 ceph-mon[102165]: [25/Jan/2023:05:54:46] ENGINE Bus STARTING
2023-01-25T05:54:47.649 INFO:journalctl@ceph.mon.a.smithi088.stdout:Jan 25 05:54:47 smithi088 ceph-mon[102165]: [25/Jan/2023:05:54:46] ENGINE Serving on https://172.21.15.88:7150
2023-01-25T05:54:47.649 INFO:journalctl@ceph.mon.a.smithi088.stdout:Jan 25 05:54:47 smithi088 ceph-mon[102165]: from='client.14164 -' entity='client.admin' cmd=[{"prefix": "dashboard create-self-signed-cert", "target": ["mon-mgr", ""]}]: dispatch
2023-01-25T05:54:47.649 INFO:journalctl@ceph.mon.a.smithi088.stdout:Jan 25 05:54:47 smithi088 ceph-mon[102165]: [25/Jan/2023:05:54:46] ENGINE Serving on https://172.21.15.88:8765
2023-01-25T05:54:47.649 INFO:journalctl@ceph.mon.a.smithi088.stdout:Jan 25 05:54:47 smithi088 ceph-mon[102165]: [25/Jan/2023:05:54:46] ENGINE Bus STARTED
2023-01-25T05:54:47.650 INFO:journalctl@ceph.mon.a.smithi088.stdout:Jan 25 05:54:47 smithi088 ceph-mon[102165]: from='mgr.14152 172.21.15.88:0/2582955863' entity='mgr.a'
2023-01-25T05:54:47.650 INFO:journalctl@ceph.mon.a.smithi088.stdout:Jan 25 05:54:47 smithi088 ceph-mon[102165]: from='mgr.14152 172.21.15.88:0/2582955863' entity='mgr.a'
2023-01-25T05:54:47.650 INFO:journalctl@ceph.mon.a.smithi088.stdout:Jan 25 05:54:47 smithi088 ceph-mon[102165]: mgrmap e12: a(active, since 2s)
2023-01-25T05:54:47.650 INFO:journalctl@ceph.mon.a.smithi088.stdout:Jan 25 05:54:47 smithi088 ceph-mon[102165]: from='mgr.14152 172.21.15.88:0/2582955863' entity='mgr.a'
2023-01-25T05:54:49.051 INFO:teuthology.orchestra.run.smithi088.stdout:/usr/bin/ceph: stdout {"username": "admin", "password": "$2b$12$wjmUTuWxYFSYCWly1Wjahu1QWchOUo2jEzXlHKoZnfXVdnTTbGlKC", "roles": ["administrator"], "name": null, "email": null, "lastUpdate": 1674626088, "enabled": true, "pwdExpirationDate": null, "pwdUpdateRequired": true}
2023-01-25T05:54:49.051 INFO:teuthology.orchestra.run.smithi088.stdout:/usr/bin/ceph: stderr
2023-01-25T05:54:48.094+0000 7effac14e700 1 Processor -- start
2023-01-25T05:54:49.052 INFO:teuthology.orchestra.run.smithi088.stdout:/usr/bin/ceph: stderr
2023-01-25T05:54:48.094+0000 7effac14e700 1 -- start start
2023-01-25T05:54:49.052 INFO:teuthology.orchestra.run.smithi088.stdout:/usr/bin/ceph: stderr
2023-01-25T05:54:48.094+0000 7effac14e700 1 --2- >> [v2:172.21.15.88:3300/0,v1:172.21.15.88:6789/0] conn(0x7effa4102e50 0x7effa4103260 unknown :-1 s=NONE pgs=0 cs=0 l=0 rev1=0 crypto rx=0 tx=0 comp rx=0 tx=0).connect
2023-01-25T05:54:49.052 INFO:teuthology.orchestra.run.smithi088.stdout:/usr/bin/ceph: stderr
2023-01-25T05:54:48.094+0000 7effac14e700 1 -- --> [v2:172.21.15.88:3300/0,v1:172.21.15.88:6789/0] -- mon_getmap magic: 0 v1 -- 0x7effa41037a0 con 0x7effa4102e50
2023-01-25T05:54:49.052 INFO:teuthology.orchestra.run.smithi088.stdout:/usr/bin/ceph: stderr
2023-01-25T05:54:48.094+0000 7effa9eea700 1 --2- >> [v2:172.21.15.88:3300/0,v1:172.21.15.88:6789/0] conn(0x7effa4102e50 0x7effa4103260 unknown :-1 s=BANNER_CONNECTING pgs=0 cs=0 l=0 rev1=0 crypto rx=0 tx=0 comp rx=0 tx=0)._handle_peer_banner_payload supported=3 required=0
2023-01-25T05:54:49.053 INFO:teuthology.orchestra.run.smithi088.stdout:/usr/bin/ceph: stderr
2023-01-25T05:54:48.094+0000 7effa9eea700 1 --2- >> [v2:172.21.15.88:3300/0,v1:172.21.15.88:6789/0] conn(0x7effa4102e50 0x7effa4103260 unknown :-1 s=HELLO_CONNECTING pgs=0 cs=0 l=0 rev1=1 crypto rx=0 tx=0 comp rx=0 tx=0).handle_hello peer v2:172.21.15.88:3300/0 says I am v2:172.21.15.88:45398/0 (socket says 172.21.15.88:45398)
2023-01-25T05:54:49.053 INFO:teuthology.orchestra.run.smithi088.stdout:/usr/bin/ceph: stderr
2023-01-25T05:54:48.094+0000 7effa9eea700 1 -- 172.21.15.88:0/2076181234 learned_addr learned my addr 172.21.15.88:0/2076181234 (peer_addr_for_me v2:172.21.15.88:0/0)
2023-01-25T05:54:49.053 INFO:teuthology.orchestra.run.smithi088.stdout:/usr/bin/ceph: stderr
2023-01-25T05:54:48.095+0000 7effa9eea700 1 -- 172.21.15.88:0/2076181234 --> [v2:172.21.15.88:3300/0,v1:172.21.15.88:6789/0] -- mon_subscribe({config=0+,monmap=0+}) v3 -- 0x7effa41038e0 con 0x7effa4102e50
2023-01-25T05:54:49.054 INFO:teuthology.orchestra.run.smithi088.stdout:/usr/bin/ceph: stderr
2023-01-25T05:54:48.095+0000 7effa9eea700 1 --2- 172.21.15.88:0/2076181234 >> [v2:172.21.15.88:3300/0,v1:172.21.15.88:6789/0] conn(0x7effa4102e50 0x7effa4103260 secure :-1 s=READY pgs=72 cs=0 l=1 rev1=1 crypto rx=0x7effa00098a0 tx=0x7effa0009bb0 comp rx=0 tx=0).ready entity=mon.0 client_cookie=d8100d54ab79c7b0 server_cookie=0 in_seq=0 out_seq=0
2023-01-25T05:54:49.054 INFO:teuthology.orchestra.run.smithi088.stdout:/usr/bin/ceph: stderr
2023-01-25T05:54:48.095+0000 7effa8ee8700 1 -- 172.21.15.88:0/2076181234 <== mon.0 v2:172.21.15.88:3300/0 1 ==== mon_map magic: 0 v1 ==== 205+0+0 (secure 0 0 0) 0x7effa0004160 con 0x7effa4102e50
2023-01-25T05:54:49.054 INFO:teuthology.orchestra.run.smithi088.stdout:/usr/bin/ceph: stderr
2023-01-25T05:54:48.095+0000 7effa8ee8700 1 -- 172.21.15.88:0/2076181234 <== mon.0 v2:172.21.15.88:3300/0 2 ==== config(24 keys) v1 ==== 1035+0+0 (secure 0 0 0) 0x7effa00042c0 con 0x7effa4102e50
2023-01-25T05:54:49.055 INFO:teuthology.orchestra.run.smithi088.stdout:/usr/bin/ceph: stderr
2023-01-25T05:54:48.095+0000 7effa8ee8700 1 -- 172.21.15.88:0/2076181234 <== mon.0 v2:172.21.15.88:3300/0 3 ==== mon_map magic: 0 v1 ==== 205+0+0 (secure 0 0 0) 0x7effa0011830 con 0x7effa4102e50
2023-01-25T05:54:49.055 INFO:teuthology.orchestra.run.smithi088.stdout:/usr/bin/ceph: stderr
2023-01-25T05:54:48.095+0000 7effac14e700 1 -- 172.21.15.88:0/2076181234 >> [v2:172.21.15.88:3300/0,v1:172.21.15.88:6789/0] conn(0x7effa4102e50 msgr2=0x7effa4103260 secure :-1 s=STATE_CONNECTION_ESTABLISHED l=1).mark_down
2023-01-25T05:54:49.055 INFO:teuthology.orchestra.run.smithi088.stdout:/usr/bin/ceph: stderr
2023-01-25T05:54:48.095+0000 7effac14e700 1 --2- 172.21.15.88:0/2076181234 >> [v2:172.21.15.88:3300/0,v1:172.21.15.88:6789/0] conn(0x7effa4102e50 0x7effa4103260 secure :-1 s=READY pgs=72 cs=0 l=1 rev1=1 crypto rx=0x7effa00098a0 tx=0x7effa0009bb0 comp rx=0 tx=0).stop
2023-01-25T05:54:49.055 INFO:teuthology.orchestra.run.smithi088.stdout:/usr/bin/ceph: stderr
2023-01-25T05:54:48.095+0000 7effac14e700 1 -- 172.21.15.88:0/2076181234 shutdown_connections
2023-01-25T05:54:49.055 INFO:teuthology.orchestra.run.smithi088.stdout:/usr/bin/ceph: stderr
2023-01-25T05:54:48.095+0000 7effac14e700 1 --2- 172.21.15.88:0/2076181234 >> [v2:172.21.15.88:3300/0,v1:172.21.15.88:6789/0] conn(0x7effa4102e50 0x7effa4103260 unknown :-1 s=CLOSED pgs=72 cs=0 l=1 rev1=1 crypto rx=0 tx=0 comp rx=0 tx=0).stop
2023-01-25T05:54:49.056 INFO:teuthology.orchestra.run.smithi088.stdout:/usr/bin/ceph: stderr
2023-01-25T05:54:48.095+0000 7effac14e700 1 -- 172.21.15.88:0/2076181234 >> 172.21.15.88:0/2076181234 conn(0x7effa40fe3b0 msgr2=0x7effa4100800 unknown :-1 s=STATE_NONE l=0).mark_down
2023-01-25T05:54:49.056 INFO:teuthology.orchestra.run.smithi088.stdout:/usr/bin/ceph: stderr
2023-01-25T05:54:48.096+0000 7effac14e700 1 -- 172.21.15.88:0/2076181234 shutdown_connections
2023-01-25T05:54:49.056 INFO:teuthology.orchestra.run.smithi088.stdout:/usr/bin/ceph: stderr
2023-01-25T05:54:48.096+0000 7effac14e700 1 -- 172.21.15.88:0/2076181234 wait complete.
2023-01-25T05:54:49.056 INFO:teuthology.orchestra.run.smithi088.stdout:/usr/bin/ceph: stderr
2023-01-25T05:54:48.096+0000 7effac14e700 1 Processor -- start
2023-01-25T05:54:49.056 INFO:teuthology.orchestra.run.smithi088.stdout:/usr/bin/ceph: stderr
2023-01-25T05:54:48.096+0000 7effac14e700 1 -- start start
2023-01-25T05:54:49.057 INFO:teuthology.orchestra.run.smithi088.stdout:/usr/bin/ceph: stderr
2023-01-25T05:54:48.096+0000 7effac14e700 1 --2- >> [v2:172.21.15.88:3300/0,v1:172.21.15.88:6789/0] conn(0x7effa4102e50 0x7effa418df90 unknown :-1 s=NONE pgs=0 cs=0 l=1 rev1=0 crypto rx=0 tx=0 comp rx=0 tx=0).connect
2023-01-25T05:54:49.057 INFO:teuthology.orchestra.run.smithi088.stdout:/usr/bin/ceph: stderr
2023-01-25T05:54:48.096+0000 7effac14e700 1 -- --> [v2:172.21.15.88:3300/0,v1:172.21.15.88:6789/0] -- mon_getmap magic: 0 v1 -- 0x7effa418e4d0 con 0x7effa4102e50
2023-01-25T05:54:49.057 INFO:teuthology.orchestra.run.smithi088.stdout:/usr/bin/ceph: stderr
2023-01-25T05:54:48.096+0000 7effa9eea700 1 --2- >> [v2:172.21.15.88:3300/0,v1:172.21.15.88:6789/0] conn(0x7effa4102e50 0x7effa418df90 unknown :-1 s=BANNER_CONNECTING pgs=0 cs=0 l=1 rev1=0 crypto rx=0 tx=0 comp rx=0 tx=0)._handle_peer_banner_payload supported=3 required=0
2023-01-25T05:54:49.057 INFO:teuthology.orchestra.run.smithi088.stdout:/usr/bin/ceph: stderr
2023-01-25T05:54:48.096+0000 7effa9eea700 1 --2- >> [v2:172.21.15.88:3300/0,v1:172.21.15.88:6789/0] conn(0x7effa4102e50 0x7effa418df90 unknown :-1 s=HELLO_CONNECTING pgs=0 cs=0 l=1 rev1=1 crypto rx=0 tx=0 comp rx=0 tx=0).handle_hello peer v2:172.21.15.88:3300/0 says I am v2:172.21.15.88:45410/0 (socket says 172.21.15.88:45410)
2023-01-25T05:54:49.058 INFO:teuthology.orchestra.run.smithi088.stdout:/usr/bin/ceph: stderr
2023-01-25T05:54:48.096+0000 7effa9eea700 1 -- 172.21.15.88:0/2115348080 learned_addr learned my addr 172.21.15.88:0/2115348080 (peer_addr_for_me v2:172.21.15.88:0/0)
2023-01-25T05:54:49.058 INFO:teuthology.orchestra.run.smithi088.stdout:/usr/bin/ceph: stderr
2023-01-25T05:54:48.097+0000 7effa9eea700 1 -- 172.21.15.88:0/2115348080 --> [v2:172.21.15.88:3300/0,v1:172.21.15.88:6789/0] -- mon_subscribe({config=0+,monmap=0+}) v3 -- 0x7effa0009550 con 0x7effa4102e50
2023-01-25T05:54:49.058 INFO:teuthology.orchestra.run.smithi088.stdout:/usr/bin/ceph: stderr
2023-01-25T05:54:48.097+0000 7effa9eea700 1 --2- 172.21.15.88:0/2115348080 >> [v2:172.21.15.88:3300/0,v1:172.21.15.88:6789/0] conn(0x7effa4102e50 0x7effa418df90 secure :-1 s=READY pgs=73 cs=0 l=1 rev1=1 crypto rx=0x7effa0009290 tx=0x7effa0011910 comp rx=0 tx=0).ready entity=mon.0 client_cookie=0 server_cookie=0 in_seq=0 out_seq=0
2023-01-25T05:54:49.058 INFO:teuthology.orchestra.run.smithi088.stdout:/usr/bin/ceph: stderr
2023-01-25T05:54:48.097+0000 7eff9affd700 1 -- 172.21.15.88:0/2115348080 <== mon.0 v2:172.21.15.88:3300/0 1 ==== mon_map magic: 0 v1 ==== 205+0+0 (secure 0 0 0) 0x7effa0011e40 con 0x7effa4102e50
2023-01-25T05:54:49.058 INFO:teuthology.orchestra.run.smithi088.stdout:/usr/bin/ceph: stderr
2023-01-25T05:54:48.097+0000 7eff9affd700 1 -- 172.21.15.88:0/2115348080 <== mon.0 v2:172.21.15.88:3300/0 2 ==== config(24 keys) v1 ==== 1035+0+0 (secure 0 0 0) 0x7effa0024440 con 0x7effa4102e50
2023-01-25T05:54:49.059 INFO:teuthology.orchestra.run.smithi088.stdout:/usr/bin/ceph: stderr
2023-01-25T05:54:48.097+0000 7effac14e700 1 -- 172.21.15.88:0/2115348080 --> [v2:172.21.15.88:3300/0,v1:172.21.15.88:6789/0] -- mon_subscribe({mgrmap=0+}) v3 -- 0x7effa4104d80 con 0x7effa4102e50
2023-01-25T05:54:49.059 INFO:teuthology.orchestra.run.smithi088.stdout:/usr/bin/ceph: stderr
2023-01-25T05:54:48.097+0000 7eff9affd700 1 -- 172.21.15.88:0/2115348080 <== mon.0 v2:172.21.15.88:3300/0 3 ==== mon_map magic: 0 v1 ==== 205+0+0 (secure 0 0 0) 0x7effa001a430 con 0x7effa4102e50
2023-01-25T05:54:49.059 INFO:teuthology.orchestra.run.smithi088.stdout:/usr/bin/ceph: stderr
2023-01-25T05:54:48.097+0000 7effac14e700 1 -- 172.21.15.88:0/2115348080 --> [v2:172.21.15.88:3300/0,v1:172.21.15.88:6789/0] -- mon_subscribe({osdmap=0}) v3 -- 0x7effa4104bf0 con 0x7effa4102e50
2023-01-25T05:54:49.059 INFO:teuthology.orchestra.run.smithi088.stdout:/usr/bin/ceph: stderr
2023-01-25T05:54:48.098+0000 7eff9affd700 1 -- 172.21.15.88:0/2115348080 <== mon.0 v2:172.21.15.88:3300/0 4 ==== mgrmap(e 12) v1 ==== 43522+0+0 (secure 0 0 0) 0x7effa0017020 con 0x7effa4102e50
2023-01-25T05:54:49.059 INFO:teuthology.orchestra.run.smithi088.stdout:/usr/bin/ceph: stderr
2023-01-25T05:54:48.098+0000 7eff9affd700 20 mgrc handle_mgr_map mgrmap(e 12) v1
2023-01-25T05:54:49.060 INFO:teuthology.orchestra.run.smithi088.stdout:/usr/bin/ceph: stderr
2023-01-25T05:54:48.098+0000 7eff9affd700 4 mgrc handle_mgr_map Got map version 12
2023-01-25T05:54:49.060 INFO:teuthology.orchestra.run.smithi088.stdout:/usr/bin/ceph: stderr
2023-01-25T05:54:48.098+0000 7eff9affd700 4 mgrc handle_mgr_map Active mgr is now [v2:172.21.15.88:6800/1117401986,v1:172.21.15.88:6801/1117401986]
2023-01-25T05:54:49.060 INFO:teuthology.orchestra.run.smithi088.stdout:/usr/bin/ceph: stderr
2023-01-25T05:54:48.098+0000 7eff9affd700 4 mgrc reconnect Starting new session with [v2:172.21.15.88:6800/1117401986,v1:172.21.15.88:6801/1117401986]
2023-01-25T05:54:49.060 INFO:teuthology.orchestra.run.smithi088.stdout:/usr/bin/ceph: stderr
2023-01-25T05:54:48.098+0000 7eff9affd700 1 --2- 172.21.15.88:0/2115348080 >> [v2:172.21.15.88:6800/1117401986,v1:172.21.15.88:6801/1117401986] conn(0x7eff90036820 0x7eff90038cd0 unknown :-1 s=NONE pgs=0 cs=0 l=1 rev1=0 crypto rx=0 tx=0 comp rx=0 tx=0).connect
2023-01-25T05:54:49.061 INFO:teuthology.orchestra.run.smithi088.stdout:/usr/bin/ceph: stderr
2023-01-25T05:54:48.098+0000 7effac14e700 1 -- 172.21.15.88:0/2115348080 --> [v2:172.21.15.88:3300/0,v1:172.21.15.88:6789/0] -- mon_command({"prefix": "get_command_descriptions"} v 0) v1 -- 0x7effa4107260 con 0x7effa4102e50
2023-01-25T05:54:49.061 INFO:teuthology.orchestra.run.smithi088.stdout:/usr/bin/ceph: stderr
2023-01-25T05:54:48.098+0000 7eff9affd700 1 -- 172.21.15.88:0/2115348080 <== mon.0 v2:172.21.15.88:3300/0 5 ==== osd_map(3..3 src has 1..3) v4 ==== 1155+0+0 (secure 0 0 0) 0x7effa0049ec0 con 0x7effa4102e50
2023-01-25T05:54:49.061 INFO:teuthology.orchestra.run.smithi088.stdout:/usr/bin/ceph: stderr
2023-01-25T05:54:48.098+0000 7effa96e9700 1 --2- 172.21.15.88:0/2115348080 >> [v2:172.21.15.88:6800/1117401986,v1:172.21.15.88:6801/1117401986] conn(0x7eff90036820 0x7eff90038cd0 unknown :-1 s=BANNER_CONNECTING pgs=0 cs=0 l=1 rev1=0 crypto rx=0 tx=0 comp rx=0 tx=0)._handle_peer_banner_payload supported=3 required=0
2023-01-25T05:54:49.061 INFO:teuthology.orchestra.run.smithi088.stdout:/usr/bin/ceph: stderr
2023-01-25T05:54:48.098+0000 7effa96e9700 1 --2- 172.21.15.88:0/2115348080 >> [v2:172.21.15.88:6800/1117401986,v1:172.21.15.88:6801/1117401986] conn(0x7eff90036820 0x7eff90038cd0 secure :-1 s=READY pgs=8 cs=0 l=1 rev1=1 crypto rx=0x7eff94006fd0 tx=0x7eff94006e40 comp rx=0 tx=0).ready entity=mgr.14152 client_cookie=0 server_cookie=0 in_seq=0 out_seq=0
2023-01-25T05:54:49.061 INFO:teuthology.orchestra.run.smithi088.stdout:/usr/bin/ceph: stderr
2023-01-25T05:54:48.103+0000 7eff9affd700 1 -- 172.21.15.88:0/2115348080 <== mon.0 v2:172.21.15.88:3300/0 6 ==== mon_command_ack([{"prefix": "get_command_descriptions"}]=0 v0) v1 ==== 72+0+173756 (secure 0 0 0) 0x7effa002d490 con 0x7effa4102e50
2023-01-25T05:54:49.062 INFO:teuthology.orchestra.run.smithi088.stdout:/usr/bin/ceph: stderr
2023-01-25T05:54:48.321+0000 7effac14e700 20 mgrc start_command cmd: [{"prefix": "dashboard ac-user-create", "username": "admin", "rolename": "administrator", "force_password": true, "pwd_update_required": true, "target": ["mon-mgr", ""]}]
2023-01-25T05:54:49.062 INFO:teuthology.orchestra.run.smithi088.stdout:/usr/bin/ceph: stderr
2023-01-25T05:54:48.321+0000 7effac14e700 1 -- 172.21.15.88:0/2115348080 --> [v2:172.21.15.88:6800/1117401986,v1:172.21.15.88:6801/1117401986] -- mgr_command(tid 0: {"prefix": "dashboard ac-user-create", "username": "admin", "rolename": "administrator", "force_password": true, "pwd_update_required": true, "target": ["mon-mgr", ""]}) v1 -- 0x7effa40619b0 con 0x7eff90036820
2023-01-25T05:54:49.062 INFO:teuthology.orchestra.run.smithi088.stdout:/usr/bin/ceph: stderr
2023-01-25T05:54:48.544+0000 7eff9affd700 1 -- 172.21.15.88:0/2115348080 <== mgr.14152 v2:172.21.15.88:6800/1117401986 1 ==== mgr_command_reply(tid 0: 0 ) v1 ==== 8+0+252 (secure 0 0 0) 0x7effa40619b0 con 0x7eff90036820
2023-01-25T05:54:49.062 INFO:teuthology.orchestra.run.smithi088.stdout:/usr/bin/ceph: stderr
2023-01-25T05:54:48.544+0000 7eff9affd700 20 mgrc handle_command_reply tid 0 r 0
2023-01-25T05:54:49.062 INFO:teuthology.orchestra.run.smithi088.stdout:/usr/bin/ceph: stderr
2023-01-25T05:54:48.546+0000 7effac14e700 10 mgrc shutdown
2023-01-25T05:54:49.063 INFO:teuthology.orchestra.run.smithi088.stdout:/usr/bin/ceph: stderr
2023-01-25T05:54:48.546+0000 7effac14e700 1 -- 172.21.15.88:0/2115348080 >> [v2:172.21.15.88:6800/1117401986,v1:172.21.15.88:6801/1117401986] conn(0x7eff90036820 msgr2=0x7eff90038cd0 secure :-1 s=STATE_CONNECTION_ESTABLISHED l=1).mark_down
2023-01-25T05:54:49.063 INFO:teuthology.orchestra.run.smithi088.stdout:/usr/bin/ceph: stderr
2023-01-25T05:54:48.546+0000 7effac14e700 1 --2- 172.21.15.88:0/2115348080 >> [v2:172.21.15.88:6800/1117401986,v1:172.21.15.88:6801/1117401986] conn(0x7eff90036820 0x7eff90038cd0 secure :-1 s=READY pgs=8 cs=0 l=1 rev1=1 crypto rx=0x7eff94006fd0 tx=0x7eff94006e40 comp rx=0 tx=0).stop
2023-01-25T05:54:49.063 INFO:teuthology.orchestra.run.smithi088.stdout:/usr/bin/ceph: stderr
2023-01-25T05:54:48.546+0000 7effac14e700 1 -- 172.21.15.88:0/2115348080 >> [v2:172.21.15.88:3300/0,v1:172.21.15.88:6789/0] conn(0x7effa4102e50 msgr2=0x7effa418df90 secure :-1 s=STATE_CONNECTION_ESTABLISHED l=1).mark_down
2023-01-25T05:54:49.063 INFO:teuthology.orchestra.run.smithi088.stdout:/usr/bin/ceph: stderr
2023-01-25T05:54:48.546+0000 7effac14e700 1 --2- 172.21.15.88:0/2115348080 >> [v2:172.21.15.88:3300/0,v1:172.21.15.88:6789/0] conn(0x7effa4102e50 0x7effa418df90 secure :-1 s=READY pgs=73 cs=0 l=1 rev1=1 crypto rx=0x7effa0009290 tx=0x7effa0011910 comp rx=0 tx=0).stop
2023-01-25T05:54:49.063 INFO:teuthology.orchestra.run.smithi088.stdout:/usr/bin/ceph: stderr
2023-01-25T05:54:48.546+0000 7effac14e700 1 -- 172.21.15.88:0/2115348080 shutdown_connections
2023-01-25T05:54:49.064 INFO:teuthology.orchestra.run.smithi088.stdout:/usr/bin/ceph: stderr
2023-01-25T05:54:48.546+0000 7effac14e700 1 --2- 172.21.15.88:0/2115348080 >> [v2:172.21.15.88:6800/1117401986,v1:172.21.15.88:6801/1117401986] conn(0x7eff90036820 0x7eff90038cd0 unknown :-1 s=CLOSED pgs=8 cs=0 l=1 rev1=1 crypto rx=0 tx=0 comp rx=0 tx=0).stop
2023-01-25T05:54:49.064 INFO:teuthology.orchestra.run.smithi088.stdout:/usr/bin/ceph: stderr
2023-01-25T05:54:48.546+0000 7effac14e700 1 --2- 172.21.15.88:0/2115348080 >> [v2:172.21.15.88:3300/0,v1:172.21.15.88:6789/0] conn(0x7effa4102e50 0x7effa418df90 unknown :-1 s=CLOSED pgs=73 cs=0 l=1 rev1=1 crypto rx=0 tx=0 comp rx=0 tx=0).stop
2023-01-25T05:54:49.064 INFO:teuthology.orchestra.run.smithi088.stdout:/usr/bin/ceph: stderr
2023-01-25T05:54:48.546+0000 7effac14e700 1 -- 172.21.15.88:0/2115348080 >> 172.21.15.88:0/2115348080 conn(0x7effa40fe3b0 msgr2=0x7effa40778c0 unknown :-1 s=STATE_NONE l=0).mark_down
2023-01-25T05:54:49.064 INFO:teuthology.orchestra.run.smithi088.stdout:/usr/bin/ceph: stderr
2023-01-25T05:54:48.547+0000 7effac14e700 1 -- 172.21.15.88:0/2115348080 shutdown_connections
2023-01-25T05:54:49.064 INFO:teuthology.orchestra.run.smithi088.stdout:/usr/bin/ceph: stderr
2023-01-25T05:54:48.547+0000 7effac14e700 1 -- 172.21.15.88:0/2115348080 wait complete.
2023-01-25T05:54:49.065 INFO:teuthology.orchestra.run.smithi088.stdout:Fetching dashboard port number...
2023-01-25T05:54:49.629 INFO:journalctl@ceph.mon.a.smithi088.stdout:Jan 25 05:54:49 smithi088 ceph-mon[102165]: from='client.14166 -' entity='client.admin' cmd=[{"prefix": "dashboard ac-user-create", "username": "admin", "rolename": "administrator", "force_password": true, "pwd_update_required": true, "target": ["mon-mgr", ""]}]: dispatch
2023-01-25T05:54:49.630 INFO:journalctl@ceph.mon.a.smithi088.stdout:Jan 25 05:54:49 smithi088 ceph-mon[102165]: from='mgr.14152 172.21.15.88:0/2582955863' entity='mgr.a'
2023-01-25T05:54:50.087 INFO:teuthology.orchestra.run.smithi088.stdout:/usr/bin/ceph: stdout 8443
2023-01-25T05:54:50.088 INFO:teuthology.orchestra.run.smithi088.stdout:/usr/bin/ceph: stderr
2023-01-25T05:54:49.408+0000 7f20bfa43700 1 Processor -- start
2023-01-25T05:54:50.088 INFO:teuthology.orchestra.run.smithi088.stdout:/usr/bin/ceph: stderr
2023-01-25T05:54:49.408+0000 7f20bfa43700 1 -- start start
2023-01-25T05:54:50.088 INFO:teuthology.orchestra.run.smithi088.stdout:/usr/bin/ceph: stderr
2023-01-25T05:54:49.408+0000 7f20bfa43700 1 --2- >> [v2:172.21.15.88:3300/0,v1:172.21.15.88:6789/0] conn(0x7f20b8104a20 0x7f20b8106e00 unknown :-1 s=NONE pgs=0 cs=0 l=0 rev1=0 crypto rx=0 tx=0 comp rx=0 tx=0).connect
2023-01-25T05:54:50.088 INFO:teuthology.orchestra.run.smithi088.stdout:/usr/bin/ceph: stderr
2023-01-25T05:54:49.408+0000 7f20bfa43700 1 -- --> [v2:172.21.15.88:3300/0,v1:172.21.15.88:6789/0] -- mon_getmap magic: 0 v1 -- 0x7f20b8073790 con 0x7f20b8104a20
2023-01-25T05:54:50.089 INFO:teuthology.orchestra.run.smithi088.stdout:/usr/bin/ceph: stderr
2023-01-25T05:54:49.409+0000 7f20bd7df700 1 --2- >> [v2:172.21.15.88:3300/0,v1:172.21.15.88:6789/0] conn(0x7f20b8104a20 0x7f20b8106e00 unknown :-1 s=BANNER_CONNECTING pgs=0 cs=0 l=0 rev1=0 crypto rx=0 tx=0 comp rx=0 tx=0)._handle_peer_banner_payload supported=3 required=0
2023-01-25T05:54:50.089 INFO:teuthology.orchestra.run.smithi088.stdout:/usr/bin/ceph: stderr
2023-01-25T05:54:49.409+0000 7f20bd7df700 1 --2- >> [v2:172.21.15.88:3300/0,v1:172.21.15.88:6789/0] conn(0x7f20b8104a20 0x7f20b8106e00 unknown :-1 s=HELLO_CONNECTING pgs=0 cs=0 l=0 rev1=1 crypto rx=0 tx=0 comp rx=0 tx=0).handle_hello peer v2:172.21.15.88:3300/0 says I am v2:172.21.15.88:45412/0 (socket says 172.21.15.88:45412)
2023-01-25T05:54:50.089 INFO:teuthology.orchestra.run.smithi088.stdout:/usr/bin/ceph: stderr
2023-01-25T05:54:49.409+0000 7f20bd7df700 1 -- 172.21.15.88:0/1003067960 learned_addr learned my addr 172.21.15.88:0/1003067960 (peer_addr_for_me v2:172.21.15.88:0/0)
2023-01-25T05:54:50.089 INFO:teuthology.orchestra.run.smithi088.stdout:/usr/bin/ceph: stderr
2023-01-25T05:54:49.409+0000 7f20bd7df700 1 -- 172.21.15.88:0/1003067960 --> [v2:172.21.15.88:3300/0,v1:172.21.15.88:6789/0] -- mon_subscribe({config=0+,monmap=0+}) v3 -- 0x7f20b80738d0 con 0x7f20b8104a20
2023-01-25T05:54:50.089 INFO:teuthology.orchestra.run.smithi088.stdout:/usr/bin/ceph: stderr
2023-01-25T05:54:49.409+0000 7f20bd7df700 1 --2- 172.21.15.88:0/1003067960 >> [v2:172.21.15.88:3300/0,v1:172.21.15.88:6789/0] conn(0x7f20b8104a20 0x7f20b8106e00 secure :-1 s=READY pgs=74 cs=0 l=1 rev1=1 crypto rx=0x7f20b40098a0 tx=0x7f20b4009bb0 comp rx=0 tx=0).ready entity=mon.0 client_cookie=ce4b5092ac03a5f1 server_cookie=0 in_seq=0 out_seq=0
2023-01-25T05:54:50.090 INFO:teuthology.orchestra.run.smithi088.stdout:/usr/bin/ceph: stderr
2023-01-25T05:54:49.409+0000 7f20affff700 1 -- 172.21.15.88:0/1003067960 <== mon.0 v2:172.21.15.88:3300/0 1 ==== mon_map magic: 0 v1 ==== 205+0+0 (secure 0 0 0) 0x7f20b4004160 con 0x7f20b8104a20
2023-01-25T05:54:50.090 INFO:teuthology.orchestra.run.smithi088.stdout:/usr/bin/ceph: stderr
2023-01-25T05:54:49.409+0000 7f20affff700 1 -- 172.21.15.88:0/1003067960 <== mon.0 v2:172.21.15.88:3300/0 2 ==== config(24 keys) v1 ==== 1035+0+0 (secure 0 0 0) 0x7f20b40042c0 con 0x7f20b8104a20
2023-01-25T05:54:50.090 INFO:teuthology.orchestra.run.smithi088.stdout:/usr/bin/ceph: stderr
2023-01-25T05:54:49.409+0000 7f20affff700 1 -- 172.21.15.88:0/1003067960 <== mon.0 v2:172.21.15.88:3300/0 3 ==== mon_map magic: 0 v1 ==== 205+0+0 (secure 0 0 0) 0x7f20b4011830 con 0x7f20b8104a20
2023-01-25T05:54:50.090 INFO:teuthology.orchestra.run.smithi088.stdout:/usr/bin/ceph: stderr
2023-01-25T05:54:49.410+0000 7f20bfa43700 1 -- 172.21.15.88:0/1003067960 >> [v2:172.21.15.88:3300/0,v1:172.21.15.88:6789/0] conn(0x7f20b8104a20 msgr2=0x7f20b8106e00 secure :-1 s=STATE_CONNECTION_ESTABLISHED l=1).mark_down
2023-01-25T05:54:50.090 INFO:teuthology.orchestra.run.smithi088.stdout:/usr/bin/ceph: stderr
2023-01-25T05:54:49.410+0000 7f20bfa43700 1 --2- 172.21.15.88:0/1003067960 >> [v2:172.21.15.88:3300/0,v1:172.21.15.88:6789/0] conn(0x7f20b8104a20 0x7f20b8106e00 secure :-1 s=READY pgs=74 cs=0 l=1 rev1=1 crypto rx=0x7f20b40098a0 tx=0x7f20b4009bb0 comp rx=0 tx=0).stop
2023-01-25T05:54:50.091 INFO:teuthology.orchestra.run.smithi088.stdout:/usr/bin/ceph: stderr
2023-01-25T05:54:49.410+0000 7f20bfa43700 1 -- 172.21.15.88:0/1003067960 shutdown_connections
2023-01-25T05:54:50.091 INFO:teuthology.orchestra.run.smithi088.stdout:/usr/bin/ceph: stderr
2023-01-25T05:54:49.410+0000 7f20bfa43700 1 --2- 172.21.15.88:0/1003067960 >> [v2:172.21.15.88:3300/0,v1:172.21.15.88:6789/0] conn(0x7f20b8104a20 0x7f20b8106e00 unknown :-1 s=CLOSED pgs=74 cs=0 l=1 rev1=1 crypto rx=0 tx=0 comp rx=0 tx=0).stop
2023-01-25T05:54:50.091 INFO:teuthology.orchestra.run.smithi088.stdout:/usr/bin/ceph: stderr
2023-01-25T05:54:49.410+0000 7f20bfa43700 1 -- 172.21.15.88:0/1003067960 >> 172.21.15.88:0/1003067960 conn(0x7f20b80fe400 msgr2=0x7f20b8100870 unknown :-1 s=STATE_NONE l=0).mark_down
2023-01-25T05:54:50.091 INFO:teuthology.orchestra.run.smithi088.stdout:/usr/bin/ceph: stderr
2023-01-25T05:54:49.410+0000 7f20bfa43700 1 -- 172.21.15.88:0/1003067960 shutdown_connections
2023-01-25T05:54:50.091 INFO:teuthology.orchestra.run.smithi088.stdout:/usr/bin/ceph: stderr
2023-01-25T05:54:49.410+0000 7f20bfa43700 1 -- 172.21.15.88:0/1003067960 wait complete.
2023-01-25T05:54:50.092 INFO:teuthology.orchestra.run.smithi088.stdout:/usr/bin/ceph: stderr
2023-01-25T05:54:49.410+0000 7f20bfa43700 1 Processor -- start
2023-01-25T05:54:50.092 INFO:teuthology.orchestra.run.smithi088.stdout:/usr/bin/ceph: stderr
2023-01-25T05:54:49.410+0000 7f20bfa43700 1 -- start start
2023-01-25T05:54:50.092 INFO:teuthology.orchestra.run.smithi088.stdout:/usr/bin/ceph: stderr
2023-01-25T05:54:49.411+0000 7f20bfa43700 1 --2- >> [v2:172.21.15.88:3300/0,v1:172.21.15.88:6789/0] conn(0x7f20b8104a20 0x7f20b8104390 unknown :-1 s=NONE pgs=0 cs=0 l=1 rev1=0 crypto rx=0 tx=0 comp rx=0 tx=0).connect
2023-01-25T05:54:50.092 INFO:teuthology.orchestra.run.smithi088.stdout:/usr/bin/ceph: stderr
2023-01-25T05:54:49.411+0000 7f20bfa43700 1 -- --> [v2:172.21.15.88:3300/0,v1:172.21.15.88:6789/0] -- mon_getmap magic: 0 v1 -- 0x7f20b81048d0 con 0x7f20b8104a20
2023-01-25T05:54:50.093 INFO:teuthology.orchestra.run.smithi088.stdout:/usr/bin/ceph: stderr
2023-01-25T05:54:49.411+0000 7f20bd7df700 1 --2- >> [v2:172.21.15.88:3300/0,v1:172.21.15.88:6789/0] conn(0x7f20b8104a20 0x7f20b8104390 unknown :-1 s=BANNER_CONNECTING pgs=0 cs=0 l=1 rev1=0 crypto rx=0 tx=0 comp rx=0 tx=0)._handle_peer_banner_payload supported=3 required=0
2023-01-25T05:54:50.093 INFO:teuthology.orchestra.run.smithi088.stdout:/usr/bin/ceph: stderr
2023-01-25T05:54:49.411+0000 7f20bd7df700 1 --2- >> [v2:172.21.15.88:3300/0,v1:172.21.15.88:6789/0] conn(0x7f20b8104a20 0x7f20b8104390 unknown :-1 s=HELLO_CONNECTING pgs=0 cs=0 l=1 rev1=1 crypto rx=0 tx=0 comp rx=0 tx=0).handle_hello peer v2:172.21.15.88:3300/0 says I am v2:172.21.15.88:45416/0 (socket says 172.21.15.88:45416)
2023-01-25T05:54:50.093 INFO:teuthology.orchestra.run.smithi088.stdout:/usr/bin/ceph: stderr
2023-01-25T05:54:49.411+0000 7f20bd7df700 1 -- 172.21.15.88:0/3887111722 learned_addr learned my addr 172.21.15.88:0/3887111722 (peer_addr_for_me v2:172.21.15.88:0/0)
2023-01-25T05:54:50.093 INFO:teuthology.orchestra.run.smithi088.stdout:/usr/bin/ceph: stderr
2023-01-25T05:54:49.411+0000 7f20bd7df700 1 -- 172.21.15.88:0/3887111722 --> [v2:172.21.15.88:3300/0,v1:172.21.15.88:6789/0] -- mon_subscribe({config=0+,monmap=0+}) v3 -- 0x7f20b4009550 con 0x7f20b8104a20
2023-01-25T05:54:50.094 INFO:teuthology.orchestra.run.smithi088.stdout:/usr/bin/ceph: stderr
2023-01-25T05:54:49.411+0000 7f20bd7df700 1 --2- 172.21.15.88:0/3887111722 >> [v2:172.21.15.88:3300/0,v1:172.21.15.88:6789/0] conn(0x7f20b8104a20 0x7f20b8104390 secure :-1 s=READY pgs=75 cs=0 l=1 rev1=1 crypto rx=0x7f20b4006ba0 tx=0x7f20b4011910 comp rx=0 tx=0).ready entity=mon.0 client_cookie=0 server_cookie=0 in_seq=0 out_seq=0
2023-01-25T05:54:50.094 INFO:teuthology.orchestra.run.smithi088.stdout:/usr/bin/ceph: stderr
2023-01-25T05:54:49.411+0000 7f20ae7fc700 1 -- 172.21.15.88:0/3887111722 <== mon.0 v2:172.21.15.88:3300/0 1 ==== mon_map magic: 0 v1 ==== 205+0+0 (secure 0 0 0) 0x7f20b4011e40 con 0x7f20b8104a20
2023-01-25T05:54:50.094 INFO:teuthology.orchestra.run.smithi088.stdout:/usr/bin/ceph: stderr
2023-01-25T05:54:49.411+0000 7f20ae7fc700 1 -- 172.21.15.88:0/3887111722 <== mon.0 v2:172.21.15.88:3300/0 2 ==== config(24 keys) v1 ==== 1035+0+0 (secure 0 0 0) 0x7f20b401a430 con 0x7f20b8104a20
2023-01-25T05:54:50.094 INFO:teuthology.orchestra.run.smithi088.stdout:/usr/bin/ceph: stderr
2023-01-25T05:54:49.411+0000 7f20bfa43700 1 -- 172.21.15.88:0/3887111722 --> [v2:172.21.15.88:3300/0,v1:172.21.15.88:6789/0] -- mon_subscribe({mgrmap=0+}) v3 -- 0x7f20b8108120 con 0x7f20b8104a20
2023-01-25T05:54:50.095 INFO:teuthology.orchestra.run.smithi088.stdout:/usr/bin/ceph: stderr
2023-01-25T05:54:49.411+0000 7f20ae7fc700 1 -- 172.21.15.88:0/3887111722 <== mon.0 v2:172.21.15.88:3300/0 3 ==== mon_map magic: 0 v1 ==== 205+0+0 (secure 0 0 0) 0x7f20b40193c0 con 0x7f20b8104a20
2023-01-25T05:54:50.095 INFO:teuthology.orchestra.run.smithi088.stdout:/usr/bin/ceph: stderr
2023-01-25T05:54:49.411+0000 7f20bfa43700 1 -- 172.21.15.88:0/3887111722 --> [v2:172.21.15.88:3300/0,v1:172.21.15.88:6789/0] -- mon_subscribe({osdmap=0}) v3 -- 0x7f20b8107f90 con 0x7f20b8104a20
2023-01-25T05:54:50.095 INFO:teuthology.orchestra.run.smithi088.stdout:/usr/bin/ceph: stderr
2023-01-25T05:54:49.412+0000 7f20ae7fc700 1 -- 172.21.15.88:0/3887111722 <== mon.0 v2:172.21.15.88:3300/0 4 ==== mgrmap(e 12) v1 ==== 43522+0+0 (secure 0 0 0) 0x7f20b402a020 con 0x7f20b8104a20
2023-01-25T05:54:50.095 INFO:teuthology.orchestra.run.smithi088.stdout:/usr/bin/ceph: stderr
2023-01-25T05:54:49.412+0000 7f20ae7fc700 20 mgrc handle_mgr_map mgrmap(e 12) v1
2023-01-25T05:54:50.095 INFO:teuthology.orchestra.run.smithi088.stdout:/usr/bin/ceph: stderr
2023-01-25T05:54:49.412+0000 7f20ae7fc700 4 mgrc handle_mgr_map Got map version 12
2023-01-25T05:54:50.095 INFO:teuthology.orchestra.run.smithi088.stdout:/usr/bin/ceph: stderr
2023-01-25T05:54:49.412+0000 7f20ae7fc700 4 mgrc handle_mgr_map Active mgr is now [v2:172.21.15.88:6800/1117401986,v1:172.21.15.88:6801/1117401986]
2023-01-25T05:54:50.096 INFO:teuthology.orchestra.run.smithi088.stdout:/usr/bin/ceph: stderr
2023-01-25T05:54:49.412+0000 7f20ae7fc700 4 mgrc reconnect Starting new session with [v2:172.21.15.88:6800/1117401986,v1:172.21.15.88:6801/1117401986]
2023-01-25T05:54:50.096 INFO:teuthology.orchestra.run.smithi088.stdout:/usr/bin/ceph: stderr
2023-01-25T05:54:49.412+0000 7f20ae7fc700 1 --2- 172.21.15.88:0/3887111722 >> [v2:172.21.15.88:6800/1117401986,v1:172.21.15.88:6801/1117401986] conn(0x7f20a4036800 0x7f20a4038cb0 unknown :-1 s=NONE pgs=0 cs=0 l=1 rev1=0 crypto rx=0 tx=0 comp rx=0 tx=0).connect
2023-01-25T05:54:50.096 INFO:teuthology.orchestra.run.smithi088.stdout:/usr/bin/ceph: stderr
2023-01-25T05:54:49.412+0000 7f20ae7fc700 1 -- 172.21.15.88:0/3887111722 <== mon.0 v2:172.21.15.88:3300/0 5 ==== osd_map(3..3 src has 1..3) v4 ==== 1155+0+0 (secure 0 0 0) 0x7f20b4049b80 con 0x7f20b8104a20
2023-01-25T05:54:50.096 INFO:teuthology.orchestra.run.smithi088.stdout:/usr/bin/ceph: stderr
2023-01-25T05:54:49.412+0000 7f20bfa43700 1 -- 172.21.15.88:0/3887111722 --> [v2:172.21.15.88:3300/0,v1:172.21.15.88:6789/0] -- mon_command({"prefix": "get_command_descriptions"} v 0) v1 -- 0x7f20b81082b0 con 0x7f20b8104a20
2023-01-25T05:54:50.097 INFO:teuthology.orchestra.run.smithi088.stdout:/usr/bin/ceph: stderr
2023-01-25T05:54:49.412+0000 7f20bcfde700 1 --2- 172.21.15.88:0/3887111722 >> [v2:172.21.15.88:6800/1117401986,v1:172.21.15.88:6801/1117401986] conn(0x7f20a4036800 0x7f20a4038cb0 unknown :-1 s=BANNER_CONNECTING pgs=0 cs=0 l=1 rev1=0 crypto rx=0 tx=0 comp rx=0 tx=0)._handle_peer_banner_payload supported=3 required=0
2023-01-25T05:54:50.097 INFO:teuthology.orchestra.run.smithi088.stdout:/usr/bin/ceph: stderr
2023-01-25T05:54:49.413+0000 7f20bcfde700 1 --2- 172.21.15.88:0/3887111722 >> [v2:172.21.15.88:6800/1117401986,v1:172.21.15.88:6801/1117401986] conn(0x7f20a4036800 0x7f20a4038cb0 secure :-1 s=READY pgs=9 cs=0 l=1 rev1=1 crypto rx=0x7f20a8006fd0 tx=0x7f20a8006e40 comp rx=0 tx=0).ready entity=mgr.14152 client_cookie=0 server_cookie=0 in_seq=0 out_seq=0
2023-01-25T05:54:50.097 INFO:teuthology.orchestra.run.smithi088.stdout:/usr/bin/ceph: stderr
2023-01-25T05:54:49.417+0000 7f20ae7fc700 1 -- 172.21.15.88:0/3887111722 <== mon.0 v2:172.21.15.88:3300/0 6 ==== mon_command_ack([{"prefix": "get_command_descriptions"}]=0 v0) v1 ==== 72+0+173756 (secure 0 0 0) 0x7f20b401a8d0 con 0x7f20b8104a20
2023-01-25T05:54:50.097 INFO:teuthology.orchestra.run.smithi088.stdout:/usr/bin/ceph: stderr
2023-01-25T05:54:49.605+0000 7f20bfa43700 1 -- 172.21.15.88:0/3887111722 --> [v2:172.21.15.88:3300/0,v1:172.21.15.88:6789/0] -- mon_command({"prefix": "config get", "who": "mgr", "key": "mgr/dashboard/ssl_server_port"} v 0) v1 -- 0x7f20b8061b90 con 0x7f20b8104a20
2023-01-25T05:54:50.097 INFO:teuthology.orchestra.run.smithi088.stdout:/usr/bin/ceph: stderr
2023-01-25T05:54:49.605+0000 7f20ae7fc700 1 -- 172.21.15.88:0/3887111722 <== mon.0 v2:172.21.15.88:3300/0 7 ==== mon_command_ack([{"prefix": "config get", "who": "mgr", "key": "mgr/dashboard/ssl_server_port"}]=0 v8) v1 ==== 112+0+5 (secure 0 0 0) 0x7f20b4023b80 con 0x7f20b8104a20
2023-01-25T05:54:50.098 INFO:teuthology.orchestra.run.smithi088.stdout:/usr/bin/ceph: stderr
2023-01-25T05:54:49.607+0000 7f20bfa43700 10 mgrc shutdown
2023-01-25T05:54:50.098 INFO:teuthology.orchestra.run.smithi088.stdout:/usr/bin/ceph: stderr
2023-01-25T05:54:49.607+0000 7f20bfa43700 1 -- 172.21.15.88:0/3887111722 >> [v2:172.21.15.88:6800/1117401986,v1:172.21.15.88:6801/1117401986] conn(0x7f20a4036800 msgr2=0x7f20a4038cb0 secure :-1 s=STATE_CONNECTION_ESTABLISHED l=1).mark_down
2023-01-25T05:54:50.098 INFO:teuthology.orchestra.run.smithi088.stdout:/usr/bin/ceph: stderr
2023-01-25T05:54:49.607+0000 7f20bfa43700 1 --2- 172.21.15.88:0/3887111722 >> [v2:172.21.15.88:6800/1117401986,v1:172.21.15.88:6801/1117401986] conn(0x7f20a4036800 0x7f20a4038cb0 secure :-1 s=READY pgs=9 cs=0 l=1 rev1=1 crypto rx=0x7f20a8006fd0 tx=0x7f20a8006e40 comp rx=0 tx=0).stop
2023-01-25T05:54:50.098 INFO:teuthology.orchestra.run.smithi088.stdout:/usr/bin/ceph: stderr
2023-01-25T05:54:49.607+0000 7f20bfa43700 1 -- 172.21.15.88:0/3887111722 >> [v2:172.21.15.88:3300/0,v1:172.21.15.88:6789/0] conn(0x7f20b8104a20 msgr2=0x7f20b8104390 secure :-1 s=STATE_CONNECTION_ESTABLISHED l=1).mark_down
2023-01-25T05:54:50.099 INFO:teuthology.orchestra.run.smithi088.stdout:/usr/bin/ceph: stderr
2023-01-25T05:54:49.607+0000 7f20bfa43700 1 --2- 172.21.15.88:0/3887111722 >> [v2:172.21.15.88:3300/0,v1:172.21.15.88:6789/0] conn(0x7f20b8104a20 0x7f20b8104390 secure :-1 s=READY pgs=75 cs=0 l=1 rev1=1 crypto rx=0x7f20b4006ba0 tx=0x7f20b4011910 comp rx=0 tx=0).stop
2023-01-25T05:54:50.099 INFO:teuthology.orchestra.run.smithi088.stdout:/usr/bin/ceph: stderr
2023-01-25T05:54:49.608+0000 7f20bfa43700 1 -- 172.21.15.88:0/3887111722 shutdown_connections
2023-01-25T05:54:50.099 INFO:teuthology.orchestra.run.smithi088.stdout:/usr/bin/ceph: stderr
2023-01-25T05:54:49.608+0000 7f20bfa43700 1 --2- 172.21.15.88:0/3887111722 >> [v2:172.21.15.88:6800/1117401986,v1:172.21.15.88:6801/1117401986] conn(0x7f20a4036800 0x7f20a4038cb0 unknown :-1 s=CLOSED pgs=9 cs=0 l=1 rev1=1 crypto rx=0 tx=0 comp rx=0 tx=0).stop
2023-01-25T05:54:50.099 INFO:teuthology.orchestra.run.smithi088.stdout:/usr/bin/ceph: stderr
2023-01-25T05:54:49.608+0000 7f20bfa43700 1 --2- 172.21.15.88:0/3887111722 >> [v2:172.21.15.88:3300/0,v1:172.21.15.88:6789/0] conn(0x7f20b8104a20 0x7f20b8104390 unknown :-1 s=CLOSED pgs=75 cs=0 l=1 rev1=1 crypto rx=0 tx=0 comp rx=0 tx=0).stop
2023-01-25T05:54:50.099 INFO:teuthology.orchestra.run.smithi088.stdout:/usr/bin/ceph: stderr
2023-01-25T05:54:49.608+0000 7f20bfa43700 1 -- 172.21.15.88:0/3887111722 >> 172.21.15.88:0/3887111722 conn(0x7f20b80fe400 msgr2=0x7f20b80ff160 unknown :-1 s=STATE_NONE l=0).mark_down
2023-01-25T05:54:50.100 INFO:teuthology.orchestra.run.smithi088.stdout:/usr/bin/ceph: stderr
2023-01-25T05:54:49.608+0000 7f20bfa43700 1 -- 172.21.15.88:0/3887111722 shutdown_connections
2023-01-25T05:54:50.100 INFO:teuthology.orchestra.run.smithi088.stdout:/usr/bin/ceph: stderr
2023-01-25T05:54:49.608+0000 7f20bfa43700 1 -- 172.21.15.88:0/3887111722 wait complete.
2023-01-25T05:54:50.101 INFO:teuthology.orchestra.run.smithi088.stdout:Non-zero exit code 1 from systemctl is-enabled firewalld.service
2023-01-25T05:54:50.101 INFO:teuthology.orchestra.run.smithi088.stdout:systemctl: stdout disabled
2023-01-25T05:54:50.102 INFO:teuthology.orchestra.run.smithi088.stdout:Non-zero exit code 3 from systemctl is-active firewalld.service
2023-01-25T05:54:50.102 INFO:teuthology.orchestra.run.smithi088.stdout:systemctl: stdout inactive
2023-01-25T05:54:50.102 INFO:teuthology.orchestra.run.smithi088.stdout:firewalld.service is not enabled
2023-01-25T05:54:50.102 INFO:teuthology.orchestra.run.smithi088.stdout:Not possible to open ports <[8443]>. firewalld.service is not available
2023-01-25T05:54:50.104 INFO:teuthology.orchestra.run.smithi088.stdout:Ceph Dashboard is now available at:
2023-01-25T05:54:50.104 INFO:teuthology.orchestra.run.smithi088.stdout:
2023-01-25T05:54:50.104 INFO:teuthology.orchestra.run.smithi088.stdout: URL: https://smithi088.front.sepia.ceph.com:8443/
2023-01-25T05:54:50.104 INFO:teuthology.orchestra.run.smithi088.stdout: User: admin
2023-01-25T05:54:50.105 INFO:teuthology.orchestra.run.smithi088.stdout: Password: br2mp7f31a
2023-01-25T05:54:50.105 INFO:teuthology.orchestra.run.smithi088.stdout:
2023-01-25T05:54:50.105 INFO:teuthology.orchestra.run.smithi088.stdout:Saving cluster configuration to /var/lib/ceph/8e1fe42c-9c74-11ed-9e56-001a4aab830c/config directory
2023-01-25T05:54:50.105 INFO:teuthology.orchestra.run.smithi088.stdout:Enabling autotune for osd_memory_target
2023-01-25T05:54:50.738 INFO:journalctl@ceph.mon.a.smithi088.stdout:Jan 25 05:54:50 smithi088 ceph-mon[102165]: from='client.? 172.21.15.88:0/3887111722' entity='client.admin' cmd=[{"prefix": "config get", "who": "mgr", "key": "mgr/dashboard/ssl_server_port"}]: dispatch
2023-01-25T05:54:51.245 INFO:teuthology.orchestra.run.smithi088.stdout:/usr/bin/ceph: stderr
2023-01-25T05:54:50.559+0000 7fd5983e7700 1 Processor -- start
2023-01-25T05:54:51.245 INFO:teuthology.orchestra.run.smithi088.stdout:/usr/bin/ceph: stderr
2023-01-25T05:54:50.559+0000 7fd5983e7700 1 -- start start
2023-01-25T05:54:51.245 INFO:teuthology.orchestra.run.smithi088.stdout:/usr/bin/ceph: stderr
2023-01-25T05:54:50.559+0000 7fd5983e7700 1 --2- >> [v2:172.21.15.88:3300/0,v1:172.21.15.88:6789/0] conn(0x7fd590104a20 0x7fd590106e00 unknown :-1 s=NONE pgs=0 cs=0 l=0 rev1=0 crypto rx=0 tx=0 comp rx=0 tx=0).connect
2023-01-25T05:54:51.246 INFO:teuthology.orchestra.run.smithi088.stdout:/usr/bin/ceph: stderr
2023-01-25T05:54:50.559+0000 7fd5983e7700 1 -- --> [v2:172.21.15.88:3300/0,v1:172.21.15.88:6789/0] -- mon_getmap magic: 0 v1 -- 0x7fd590073790 con 0x7fd590104a20
2023-01-25T05:54:51.246 INFO:teuthology.orchestra.run.smithi088.stdout:/usr/bin/ceph: stderr
2023-01-25T05:54:50.560+0000 7fd596183700 1 --2- >> [v2:172.21.15.88:3300/0,v1:172.21.15.88:6789/0] conn(0x7fd590104a20 0x7fd590106e00 unknown :-1 s=BANNER_CONNECTING pgs=0 cs=0 l=0 rev1=0 crypto rx=0 tx=0 comp rx=0 tx=0)._handle_peer_banner_payload supported=3 required=0
2023-01-25T05:54:51.246 INFO:teuthology.orchestra.run.smithi088.stdout:/usr/bin/ceph: stderr
2023-01-25T05:54:50.560+0000 7fd596183700 1 --2- >> [v2:172.21.15.88:3300/0,v1:172.21.15.88:6789/0] conn(0x7fd590104a20 0x7fd590106e00 unknown :-1 s=HELLO_CONNECTING pgs=0 cs=0 l=0 rev1=1 crypto rx=0 tx=0 comp rx=0 tx=0).handle_hello peer v2:172.21.15.88:3300/0 says I am v2:172.21.15.88:45420/0 (socket says 172.21.15.88:45420)
2023-01-25T05:54:51.246 INFO:teuthology.orchestra.run.smithi088.stdout:/usr/bin/ceph: stderr
2023-01-25T05:54:50.560+0000 7fd596183700 1 -- 172.21.15.88:0/465951917 learned_addr learned my addr 172.21.15.88:0/465951917 (peer_addr_for_me v2:172.21.15.88:0/0)
2023-01-25T05:54:51.247 INFO:teuthology.orchestra.run.smithi088.stdout:/usr/bin/ceph: stderr
2023-01-25T05:54:50.560+0000 7fd596183700 1 -- 172.21.15.88:0/465951917 --> [v2:172.21.15.88:3300/0,v1:172.21.15.88:6789/0] -- mon_subscribe({config=0+,monmap=0+}) v3 -- 0x7fd5900738d0 con 0x7fd590104a20
2023-01-25T05:54:51.247 INFO:teuthology.orchestra.run.smithi088.stdout:/usr/bin/ceph: stderr
2023-01-25T05:54:50.560+0000 7fd596183700 1 --2- 172.21.15.88:0/465951917 >> [v2:172.21.15.88:3300/0,v1:172.21.15.88:6789/0] conn(0x7fd590104a20 0x7fd590106e00 secure :-1 s=READY pgs=76 cs=0 l=1 rev1=1 crypto rx=0x7fd58c0098a0 tx=0x7fd58c009bb0 comp rx=0 tx=0).ready entity=mon.0 client_cookie=db3d6d434eae9163 server_cookie=0 in_seq=0 out_seq=0
2023-01-25T05:54:51.247 INFO:teuthology.orchestra.run.smithi088.stdout:/usr/bin/ceph: stderr
2023-01-25T05:54:50.560+0000 7fd595181700 1 -- 172.21.15.88:0/465951917 <== mon.0 v2:172.21.15.88:3300/0 1 ==== mon_map magic: 0 v1 ==== 205+0+0 (secure 0 0 0) 0x7fd58c004160 con 0x7fd590104a20
2023-01-25T05:54:51.247 INFO:teuthology.orchestra.run.smithi088.stdout:/usr/bin/ceph: stderr
2023-01-25T05:54:50.560+0000 7fd595181700 1 -- 172.21.15.88:0/465951917 <== mon.0 v2:172.21.15.88:3300/0 2 ==== config(24 keys) v1 ==== 1035+0+0 (secure 0 0 0) 0x7fd58c0042c0 con 0x7fd590104a20
2023-01-25T05:54:51.247 INFO:teuthology.orchestra.run.smithi088.stdout:/usr/bin/ceph: stderr
2023-01-25T05:54:50.560+0000 7fd595181700 1 -- 172.21.15.88:0/465951917 <== mon.0 v2:172.21.15.88:3300/0 3 ==== mon_map magic: 0 v1 ==== 205+0+0 (secure 0 0 0) 0x7fd58c011830 con 0x7fd590104a20
2023-01-25T05:54:51.248 INFO:teuthology.orchestra.run.smithi088.stdout:/usr/bin/ceph: stderr
2023-01-25T05:54:50.561+0000 7fd5983e7700 1 -- 172.21.15.88:0/465951917 >> [v2:172.21.15.88:3300/0,v1:172.21.15.88:6789/0] conn(0x7fd590104a20 msgr2=0x7fd590106e00 secure :-1 s=STATE_CONNECTION_ESTABLISHED l=1).mark_down
2023-01-25T05:54:51.248 INFO:teuthology.orchestra.run.smithi088.stdout:/usr/bin/ceph: stderr
2023-01-25T05:54:50.561+0000 7fd5983e7700 1 --2- 172.21.15.88:0/465951917 >> [v2:172.21.15.88:3300/0,v1:172.21.15.88:6789/0] conn(0x7fd590104a20 0x7fd590106e00 secure :-1 s=READY pgs=76 cs=0 l=1 rev1=1 crypto rx=0x7fd58c0098a0 tx=0x7fd58c009bb0 comp rx=0 tx=0).stop
2023-01-25T05:54:51.248 INFO:teuthology.orchestra.run.smithi088.stdout:/usr/bin/ceph: stderr
2023-01-25T05:54:50.561+0000 7fd5983e7700 1 -- 172.21.15.88:0/465951917 shutdown_connections
2023-01-25T05:54:51.248 INFO:teuthology.orchestra.run.smithi088.stdout:/usr/bin/ceph: stderr
2023-01-25T05:54:50.561+0000 7fd5983e7700 1 --2- 172.21.15.88:0/465951917 >> [v2:172.21.15.88:3300/0,v1:172.21.15.88:6789/0] conn(0x7fd590104a20 0x7fd590106e00 unknown :-1 s=CLOSED pgs=76 cs=0 l=1 rev1=1 crypto rx=0 tx=0 comp rx=0 tx=0).stop
2023-01-25T05:54:51.249 INFO:teuthology.orchestra.run.smithi088.stdout:/usr/bin/ceph: stderr
2023-01-25T05:54:50.561+0000 7fd5983e7700 1 -- 172.21.15.88:0/465951917 >> 172.21.15.88:0/465951917 conn(0x7fd5900fe400 msgr2=0x7fd590100870 unknown :-1 s=STATE_NONE l=0).mark_down
2023-01-25T05:54:51.249 INFO:teuthology.orchestra.run.smithi088.stdout:/usr/bin/ceph: stderr
2023-01-25T05:54:50.561+0000 7fd5983e7700 1 -- 172.21.15.88:0/465951917 shutdown_connections
2023-01-25T05:54:51.249 INFO:teuthology.orchestra.run.smithi088.stdout:/usr/bin/ceph: stderr
2023-01-25T05:54:50.561+0000 7fd5983e7700 1 -- 172.21.15.88:0/465951917 wait complete.
2023-01-25T05:54:51.249 INFO:teuthology.orchestra.run.smithi088.stdout:/usr/bin/ceph: stderr
2023-01-25T05:54:50.561+0000 7fd5983e7700 1 Processor -- start
2023-01-25T05:54:51.249 INFO:teuthology.orchestra.run.smithi088.stdout:/usr/bin/ceph: stderr
2023-01-25T05:54:50.561+0000 7fd5983e7700 1 -- start start
2023-01-25T05:54:51.250 INFO:teuthology.orchestra.run.smithi088.stdout:/usr/bin/ceph: stderr
2023-01-25T05:54:50.562+0000 7fd5983e7700 1 --2- >> [v2:172.21.15.88:3300/0,v1:172.21.15.88:6789/0] conn(0x7fd590104a20 0x7fd590197b30 unknown :-1 s=NONE pgs=0 cs=0 l=1 rev1=0 crypto rx=0 tx=0 comp rx=0 tx=0).connect
2023-01-25T05:54:51.250 INFO:teuthology.orchestra.run.smithi088.stdout:/usr/bin/ceph: stderr
2023-01-25T05:54:50.562+0000 7fd5983e7700 1 -- --> [v2:172.21.15.88:3300/0,v1:172.21.15.88:6789/0] -- mon_getmap magic: 0 v1 -- 0x7fd590198070 con 0x7fd590104a20
2023-01-25T05:54:51.250 INFO:teuthology.orchestra.run.smithi088.stdout:/usr/bin/ceph: stderr
2023-01-25T05:54:50.562+0000 7fd596183700 1 --2- >> [v2:172.21.15.88:3300/0,v1:172.21.15.88:6789/0] conn(0x7fd590104a20 0x7fd590197b30 unknown :-1 s=BANNER_CONNECTING pgs=0 cs=0 l=1 rev1=0 crypto rx=0 tx=0 comp rx=0 tx=0)._handle_peer_banner_payload supported=3 required=0
2023-01-25T05:54:51.250 INFO:teuthology.orchestra.run.smithi088.stdout:/usr/bin/ceph: stderr
2023-01-25T05:54:50.562+0000 7fd596183700 1 --2- >> [v2:172.21.15.88:3300/0,v1:172.21.15.88:6789/0] conn(0x7fd590104a20 0x7fd590197b30 unknown :-1 s=HELLO_CONNECTING pgs=0 cs=0 l=1 rev1=1 crypto rx=0 tx=0 comp rx=0 tx=0).handle_hello peer v2:172.21.15.88:3300/0 says I am v2:172.21.15.88:45424/0 (socket says 172.21.15.88:45424)
2023-01-25T05:54:51.251 INFO:teuthology.orchestra.run.smithi088.stdout:/usr/bin/ceph: stderr
2023-01-25T05:54:50.562+0000 7fd596183700 1 -- 172.21.15.88:0/3327116164 learned_addr learned my addr 172.21.15.88:0/3327116164 (peer_addr_for_me v2:172.21.15.88:0/0)
2023-01-25T05:54:51.251 INFO:teuthology.orchestra.run.smithi088.stdout:/usr/bin/ceph: stderr
2023-01-25T05:54:50.562+0000 7fd596183700 1 -- 172.21.15.88:0/3327116164 --> [v2:172.21.15.88:3300/0,v1:172.21.15.88:6789/0] -- mon_subscribe({config=0+,monmap=0+}) v3 -- 0x7fd58c009550 con 0x7fd590104a20
2023-01-25T05:54:51.251 INFO:teuthology.orchestra.run.smithi088.stdout:/usr/bin/ceph: stderr
2023-01-25T05:54:50.562+0000 7fd596183700 1 --2- 172.21.15.88:0/3327116164 >> [v2:172.21.15.88:3300/0,v1:172.21.15.88:6789/0] conn(0x7fd590104a20 0x7fd590197b30 secure :-1 s=READY pgs=77 cs=0 l=1 rev1=1 crypto rx=0x7fd58c011860 tx=0x7fd58c011940 comp rx=0 tx=0).ready entity=mon.0 client_cookie=0 server_cookie=0 in_seq=0 out_seq=0
2023-01-25T05:54:51.251 INFO:teuthology.orchestra.run.smithi088.stdout:/usr/bin/ceph: stderr
2023-01-25T05:54:50.562+0000 7fd5877fe700 1 -- 172.21.15.88:0/3327116164 <== mon.0 v2:172.21.15.88:3300/0 1 ==== mon_map magic: 0 v1 ==== 205+0+0 (secure 0 0 0) 0x7fd58c0037d0 con 0x7fd590104a20
2023-01-25T05:54:51.251 INFO:teuthology.orchestra.run.smithi088.stdout:/usr/bin/ceph: stderr
2023-01-25T05:54:50.562+0000 7fd5877fe700 1 -- 172.21.15.88:0/3327116164 <== mon.0 v2:172.21.15.88:3300/0 2 ==== config(24 keys) v1 ==== 1035+0+0 (secure 0 0 0) 0x7fd58c003930 con 0x7fd590104a20
2023-01-25T05:54:51.252 INFO:teuthology.orchestra.run.smithi088.stdout:/usr/bin/ceph: stderr
2023-01-25T05:54:50.562+0000 7fd5983e7700 1 -- 172.21.15.88:0/3327116164 --> [v2:172.21.15.88:3300/0,v1:172.21.15.88:6789/0] -- mon_subscribe({mgrmap=0+}) v3 -- 0x7fd590108120 con 0x7fd590104a20
2023-01-25T05:54:51.252 INFO:teuthology.orchestra.run.smithi088.stdout:/usr/bin/ceph: stderr
