2023-01-25T05:54:35.531+0000 7f5858baa700 1 -- 172.21.15.88:0/3996189674 >> [v2:172.21.15.88:3300/0,v1:172.21.15.88:6789/0] conn(0x7f585410acd0 msgr2=0x7f585410d0b0 secure :-1 s=STATE_CONNECTION_ESTABLISHED l=1).mark_down
2023-01-25T05:54:36.242 INFO:teuthology.orchestra.run.smithi088.stdout:/usr/bin/ceph: stderr
2023-01-25T05:54:35.531+0000 7f5858baa700 1 --2- 172.21.15.88:0/3996189674 >> [v2:172.21.15.88:3300/0,v1:172.21.15.88:6789/0] conn(0x7f585410acd0 0x7f585410d0b0 secure :-1 s=READY pgs=53 cs=0 l=1 rev1=1 crypto rx=0x7f58440098a0 tx=0x7f5844009bb0 comp rx=0 tx=0).stop
2023-01-25T05:54:36.243 INFO:teuthology.orchestra.run.smithi088.stdout:/usr/bin/ceph: stderr
2023-01-25T05:54:35.531+0000 7f5858baa700 1 -- 172.21.15.88:0/3996189674 shutdown_connections
2023-01-25T05:54:36.243 INFO:teuthology.orchestra.run.smithi088.stdout:/usr/bin/ceph: stderr
2023-01-25T05:54:35.531+0000 7f5858baa700 1 --2- 172.21.15.88:0/3996189674 >> [v2:172.21.15.88:3300/0,v1:172.21.15.88:6789/0] conn(0x7f585410acd0 0x7f585410d0b0 unknown :-1 s=CLOSED pgs=53 cs=0 l=1 rev1=1 crypto rx=0 tx=0 comp rx=0 tx=0).stop
2023-01-25T05:54:36.243 INFO:teuthology.orchestra.run.smithi088.stdout:/usr/bin/ceph: stderr
2023-01-25T05:54:35.531+0000 7f5858baa700 1 -- 172.21.15.88:0/3996189674 >> 172.21.15.88:0/3996189674 conn(0x7f58540795c0 msgr2=0x7f585407b9d0 unknown :-1 s=STATE_NONE l=0).mark_down
2023-01-25T05:54:36.243 INFO:teuthology.orchestra.run.smithi088.stdout:/usr/bin/ceph: stderr
2023-01-25T05:54:35.531+0000 7f5858baa700 1 -- 172.21.15.88:0/3996189674 shutdown_connections
2023-01-25T05:54:36.243 INFO:teuthology.orchestra.run.smithi088.stdout:/usr/bin/ceph: stderr
2023-01-25T05:54:35.531+0000 7f5858baa700 1 -- 172.21.15.88:0/3996189674 wait complete.
2023-01-25T05:54:36.244 INFO:teuthology.orchestra.run.smithi088.stdout:/usr/bin/ceph: stderr
2023-01-25T05:54:35.531+0000 7f5858baa700 1 Processor -- start
2023-01-25T05:54:36.244 INFO:teuthology.orchestra.run.smithi088.stdout:/usr/bin/ceph: stderr
2023-01-25T05:54:35.531+0000 7f5858baa700 1 -- start start
2023-01-25T05:54:36.244 INFO:teuthology.orchestra.run.smithi088.stdout:/usr/bin/ceph: stderr
2023-01-25T05:54:35.532+0000 7f5858baa700 1 --2- >> [v2:172.21.15.88:3300/0,v1:172.21.15.88:6789/0] conn(0x7f585410acd0 0x7f585419e130 unknown :-1 s=NONE pgs=0 cs=0 l=1 rev1=0 crypto rx=0 tx=0 comp rx=0 tx=0).connect
2023-01-25T05:54:36.244 INFO:teuthology.orchestra.run.smithi088.stdout:/usr/bin/ceph: stderr
2023-01-25T05:54:35.532+0000 7f5858baa700 1 -- --> [v2:172.21.15.88:3300/0,v1:172.21.15.88:6789/0] -- mon_getmap magic: 0 v1 -- 0x7f585419e670 con 0x7f585410acd0
2023-01-25T05:54:36.244 INFO:teuthology.orchestra.run.smithi088.stdout:/usr/bin/ceph: stderr
2023-01-25T05:54:35.532+0000 7f585259c700 1 --2- >> [v2:172.21.15.88:3300/0,v1:172.21.15.88:6789/0] conn(0x7f585410acd0 0x7f585419e130 unknown :-1 s=BANNER_CONNECTING pgs=0 cs=0 l=1 rev1=0 crypto rx=0 tx=0 comp rx=0 tx=0)._handle_peer_banner_payload supported=3 required=0
2023-01-25T05:54:36.245 INFO:teuthology.orchestra.run.smithi088.stdout:/usr/bin/ceph: stderr
2023-01-25T05:54:35.532+0000 7f585259c700 1 --2- >> [v2:172.21.15.88:3300/0,v1:172.21.15.88:6789/0] conn(0x7f585410acd0 0x7f585419e130 unknown :-1 s=HELLO_CONNECTING pgs=0 cs=0 l=1 rev1=1 crypto rx=0 tx=0 comp rx=0 tx=0).handle_hello peer v2:172.21.15.88:3300/0 says I am v2:172.21.15.88:44284/0 (socket says 172.21.15.88:44284)
2023-01-25T05:54:36.245 INFO:teuthology.orchestra.run.smithi088.stdout:/usr/bin/ceph: stderr
2023-01-25T05:54:35.532+0000 7f585259c700 1 -- 172.21.15.88:0/2379349464 learned_addr learned my addr 172.21.15.88:0/2379349464 (peer_addr_for_me v2:172.21.15.88:0/0)
2023-01-25T05:54:36.245 INFO:teuthology.orchestra.run.smithi088.stdout:/usr/bin/ceph: stderr
2023-01-25T05:54:35.532+0000 7f585259c700 1 -- 172.21.15.88:0/2379349464 --> [v2:172.21.15.88:3300/0,v1:172.21.15.88:6789/0] -- mon_subscribe({config=0+,monmap=0+}) v3 -- 0x7f5844009550 con 0x7f585410acd0
2023-01-25T05:54:36.245 INFO:teuthology.orchestra.run.smithi088.stdout:/usr/bin/ceph: stderr
2023-01-25T05:54:35.532+0000 7f585259c700 1 --2- 172.21.15.88:0/2379349464 >> [v2:172.21.15.88:3300/0,v1:172.21.15.88:6789/0] conn(0x7f585410acd0 0x7f585419e130 secure :-1 s=READY pgs=54 cs=0 l=1 rev1=1 crypto rx=0x7f5844011860 tx=0x7f5844011940 comp rx=0 tx=0).ready entity=mon.0 client_cookie=0 server_cookie=0 in_seq=0 out_seq=0
2023-01-25T05:54:36.245 INFO:teuthology.orchestra.run.smithi088.stdout:/usr/bin/ceph: stderr
2023-01-25T05:54:35.532+0000 7f584b7fe700 1 -- 172.21.15.88:0/2379349464 <== mon.0 v2:172.21.15.88:3300/0 1 ==== mon_map magic: 0 v1 ==== 205+0+0 (secure 0 0 0) 0x7f58440037d0 con 0x7f585410acd0
2023-01-25T05:54:36.246 INFO:teuthology.orchestra.run.smithi088.stdout:/usr/bin/ceph: stderr
2023-01-25T05:54:35.532+0000 7f5858baa700 1 -- 172.21.15.88:0/2379349464 --> [v2:172.21.15.88:3300/0,v1:172.21.15.88:6789/0] -- mon_subscribe({mgrmap=0+}) v3 -- 0x7f585410e730 con 0x7f585410acd0
2023-01-25T05:54:36.246 INFO:teuthology.orchestra.run.smithi088.stdout:/usr/bin/ceph: stderr
2023-01-25T05:54:35.532+0000 7f584b7fe700 1 -- 172.21.15.88:0/2379349464 <== mon.0 v2:172.21.15.88:3300/0 2 ==== config(24 keys) v1 ==== 1035+0+0 (secure 0 0 0) 0x7f5844003930 con 0x7f585410acd0
2023-01-25T05:54:36.246 INFO:teuthology.orchestra.run.smithi088.stdout:/usr/bin/ceph: stderr
2023-01-25T05:54:35.532+0000 7f584b7fe700 1 -- 172.21.15.88:0/2379349464 <== mon.0 v2:172.21.15.88:3300/0 3 ==== mon_map magic: 0 v1 ==== 205+0+0 (secure 0 0 0) 0x7f5844024410 con 0x7f585410acd0
2023-01-25T05:54:36.246 INFO:teuthology.orchestra.run.smithi088.stdout:/usr/bin/ceph: stderr
2023-01-25T05:54:35.532+0000 7f5858baa700 1 -- 172.21.15.88:0/2379349464 --> [v2:172.21.15.88:3300/0,v1:172.21.15.88:6789/0] -- mon_subscribe({osdmap=0}) v3 -- 0x7f585410e5a0 con 0x7f585410acd0
2023-01-25T05:54:36.246 INFO:teuthology.orchestra.run.smithi088.stdout:/usr/bin/ceph: stderr
2023-01-25T05:54:35.533+0000 7f584b7fe700 1 -- 172.21.15.88:0/2379349464 <== mon.0 v2:172.21.15.88:3300/0 4 ==== mgrmap(e 8) v1 ==== 43509+0+0 (secure 0 0 0) 0x7f5844017020 con 0x7f585410acd0
2023-01-25T05:54:36.247 INFO:teuthology.orchestra.run.smithi088.stdout:/usr/bin/ceph: stderr
2023-01-25T05:54:35.533+0000 7f584b7fe700 20 mgrc handle_mgr_map mgrmap(e 8) v1
2023-01-25T05:54:36.247 INFO:teuthology.orchestra.run.smithi088.stdout:/usr/bin/ceph: stderr
2023-01-25T05:54:35.533+0000 7f584b7fe700 4 mgrc handle_mgr_map Got map version 8
2023-01-25T05:54:36.247 INFO:teuthology.orchestra.run.smithi088.stdout:/usr/bin/ceph: stderr
2023-01-25T05:54:35.533+0000 7f584b7fe700 4 mgrc handle_mgr_map Active mgr is now [v2:172.21.15.88:6800/2989680299,v1:172.21.15.88:6801/2989680299]
2023-01-25T05:54:36.247 INFO:teuthology.orchestra.run.smithi088.stdout:/usr/bin/ceph: stderr
2023-01-25T05:54:35.533+0000 7f584b7fe700 4 mgrc reconnect Starting new session with [v2:172.21.15.88:6800/2989680299,v1:172.21.15.88:6801/2989680299]
2023-01-25T05:54:36.248 INFO:teuthology.orchestra.run.smithi088.stdout:/usr/bin/ceph: stderr
2023-01-25T05:54:35.533+0000 7f584b7fe700 1 --2- 172.21.15.88:0/2379349464 >> [v2:172.21.15.88:6800/2989680299,v1:172.21.15.88:6801/2989680299] conn(0x7f5840036820 0x7f5840038cd0 unknown :-1 s=NONE pgs=0 cs=0 l=1 rev1=0 crypto rx=0 tx=0 comp rx=0 tx=0).connect
2023-01-25T05:54:36.248 INFO:teuthology.orchestra.run.smithi088.stdout:/usr/bin/ceph: stderr
2023-01-25T05:54:35.533+0000 7f5858baa700 1 -- 172.21.15.88:0/2379349464 --> [v2:172.21.15.88:3300/0,v1:172.21.15.88:6789/0] -- mon_command({"prefix": "get_command_descriptions"} v 0) v1 -- 0x7f585410e8c0 con 0x7f585410acd0
2023-01-25T05:54:36.248 INFO:teuthology.orchestra.run.smithi088.stdout:/usr/bin/ceph: stderr
2023-01-25T05:54:35.533+0000 7f584b7fe700 1 -- 172.21.15.88:0/2379349464 <== mon.0 v2:172.21.15.88:3300/0 5 ==== osd_map(2..2 src has 1..2) v4 ==== 940+0+0 (secure 0 0 0) 0x7f5844049d70 con 0x7f585410acd0
2023-01-25T05:54:36.248 INFO:teuthology.orchestra.run.smithi088.stdout:/usr/bin/ceph: stderr
2023-01-25T05:54:35.534+0000 7f584bfff700 1 --2- 172.21.15.88:0/2379349464 >> [v2:172.21.15.88:6800/2989680299,v1:172.21.15.88:6801/2989680299] conn(0x7f5840036820 0x7f5840038cd0 unknown :-1 s=BANNER_CONNECTING pgs=0 cs=0 l=1 rev1=0 crypto rx=0 tx=0 comp rx=0 tx=0)._handle_peer_banner_payload supported=3 required=0
2023-01-25T05:54:36.248 INFO:teuthology.orchestra.run.smithi088.stdout:/usr/bin/ceph: stderr
2023-01-25T05:54:35.534+0000 7f584bfff700 1 --2- 172.21.15.88:0/2379349464 >> [v2:172.21.15.88:6800/2989680299,v1:172.21.15.88:6801/2989680299] conn(0x7f5840036820 0x7f5840038cd0 secure :-1 s=READY pgs=15 cs=0 l=1 rev1=1 crypto rx=0x7f583c006fd0 tx=0x7f583c006e40 comp rx=0 tx=0).ready entity=mgr.14120 client_cookie=0 server_cookie=0 in_seq=0 out_seq=0
2023-01-25T05:54:36.249 INFO:teuthology.orchestra.run.smithi088.stdout:/usr/bin/ceph: stderr
2023-01-25T05:54:35.538+0000 7f584b7fe700 1 -- 172.21.15.88:0/2379349464 <== mon.0 v2:172.21.15.88:3300/0 6 ==== mon_command_ack([{"prefix": "get_command_descriptions"}]=0 v0) v1 ==== 72+0+173756 (secure 0 0 0) 0x7f5844022900 con 0x7f585410acd0
2023-01-25T05:54:36.249 INFO:teuthology.orchestra.run.smithi088.stdout:/usr/bin/ceph: stderr
2023-01-25T05:54:35.749+0000 7f5858baa700 1 -- 172.21.15.88:0/2379349464 --> [v2:172.21.15.88:3300/0,v1:172.21.15.88:6789/0] -- mon_command([{prefix=config set, name=mgr/dashboard/ssl_server_port}] v 0) v1 -- 0x7f5854061b90 con 0x7f585410acd0
2023-01-25T05:54:36.249 INFO:teuthology.orchestra.run.smithi088.stdout:/usr/bin/ceph: stderr
2023-01-25T05:54:35.752+0000 7f584b7fe700 1 -- 172.21.15.88:0/2379349464 <== mon.0 v2:172.21.15.88:3300/0 7 ==== mon_command_ack([{prefix=config set, name=mgr/dashboard/ssl_server_port}]=0 v8)=0 v8) v1 ==== 130+0+0 (secure 0 0 0) 0x7f5844016260 con 0x7f585410acd0
2023-01-25T05:54:36.249 INFO:teuthology.orchestra.run.smithi088.stdout:/usr/bin/ceph: stderr
2023-01-25T05:54:35.754+0000 7f5858baa700 10 mgrc shutdown
2023-01-25T05:54:36.249 INFO:teuthology.orchestra.run.smithi088.stdout:/usr/bin/ceph: stderr
2023-01-25T05:54:35.754+0000 7f5858baa700 1 -- 172.21.15.88:0/2379349464 >> [v2:172.21.15.88:6800/2989680299,v1:172.21.15.88:6801/2989680299] conn(0x7f5840036820 msgr2=0x7f5840038cd0 secure :-1 s=STATE_CONNECTION_ESTABLISHED l=1).mark_down
2023-01-25T05:54:36.250 INFO:teuthology.orchestra.run.smithi088.stdout:/usr/bin/ceph: stderr
2023-01-25T05:54:35.754+0000 7f5858baa700 1 --2- 172.21.15.88:0/2379349464 >> [v2:172.21.15.88:6800/2989680299,v1:172.21.15.88:6801/2989680299] conn(0x7f5840036820 0x7f5840038cd0 secure :-1 s=READY pgs=15 cs=0 l=1 rev1=1 crypto rx=0x7f583c006fd0 tx=0x7f583c006e40 comp rx=0 tx=0).stop
2023-01-25T05:54:36.250 INFO:teuthology.orchestra.run.smithi088.stdout:/usr/bin/ceph: stderr
2023-01-25T05:54:35.754+0000 7f5858baa700 1 -- 172.21.15.88:0/2379349464 >> [v2:172.21.15.88:3300/0,v1:172.21.15.88:6789/0] conn(0x7f585410acd0 msgr2=0x7f585419e130 secure :-1 s=STATE_CONNECTION_ESTABLISHED l=1).mark_down
2023-01-25T05:54:36.250 INFO:teuthology.orchestra.run.smithi088.stdout:/usr/bin/ceph: stderr
2023-01-25T05:54:35.754+0000 7f5858baa700 1 --2- 172.21.15.88:0/2379349464 >> [v2:172.21.15.88:3300/0,v1:172.21.15.88:6789/0] conn(0x7f585410acd0 0x7f585419e130 secure :-1 s=READY pgs=54 cs=0 l=1 rev1=1 crypto rx=0x7f5844011860 tx=0x7f5844011940 comp rx=0 tx=0).stop
2023-01-25T05:54:36.250 INFO:teuthology.orchestra.run.smithi088.stdout:/usr/bin/ceph: stderr
2023-01-25T05:54:35.754+0000 7f5858baa700 1 -- 172.21.15.88:0/2379349464 shutdown_connections
2023-01-25T05:54:36.250 INFO:teuthology.orchestra.run.smithi088.stdout:/usr/bin/ceph: stderr
2023-01-25T05:54:35.754+0000 7f5858baa700 1 --2- 172.21.15.88:0/2379349464 >> [v2:172.21.15.88:6800/2989680299,v1:172.21.15.88:6801/2989680299] conn(0x7f5840036820 0x7f5840038cd0 unknown :-1 s=CLOSED pgs=15 cs=0 l=1 rev1=1 crypto rx=0 tx=0 comp rx=0 tx=0).stop
2023-01-25T05:54:36.251 INFO:teuthology.orchestra.run.smithi088.stdout:/usr/bin/ceph: stderr
2023-01-25T05:54:35.754+0000 7f5858baa700 1 --2- 172.21.15.88:0/2379349464 >> [v2:172.21.15.88:3300/0,v1:172.21.15.88:6789/0] conn(0x7f585410acd0 0x7f585419e130 unknown :-1 s=CLOSED pgs=54 cs=0 l=1 rev1=1 crypto rx=0 tx=0 comp rx=0 tx=0).stop
2023-01-25T05:54:36.251 INFO:teuthology.orchestra.run.smithi088.stdout:/usr/bin/ceph: stderr
2023-01-25T05:54:35.754+0000 7f5858baa700 1 -- 172.21.15.88:0/2379349464 >> 172.21.15.88:0/2379349464 conn(0x7f58540795c0 msgr2=0x7f585407a2b0 unknown :-1 s=STATE_NONE l=0).mark_down
2023-01-25T05:54:36.251 INFO:teuthology.orchestra.run.smithi088.stdout:/usr/bin/ceph: stderr
2023-01-25T05:54:35.754+0000 7f5858baa700 1 -- 172.21.15.88:0/2379349464 shutdown_connections
2023-01-25T05:54:36.251 INFO:teuthology.orchestra.run.smithi088.stdout:/usr/bin/ceph: stderr
2023-01-25T05:54:35.754+0000 7f5858baa700 1 -- 172.21.15.88:0/2379349464 wait complete.
2023-01-25T05:54:36.251 INFO:teuthology.orchestra.run.smithi088.stdout:Enabling the dashboard module...
2023-01-25T05:54:36.738 INFO:journalctl@ceph.mon.a.smithi088.stdout:Jan 25 05:54:36 smithi088 ceph-mon[102165]: from='mgr.14120 172.21.15.88:0/2842429951' entity='mgr.a'
2023-01-25T05:54:36.739 INFO:journalctl@ceph.mon.a.smithi088.stdout:Jan 25 05:54:36 smithi088 ceph-mon[102165]: from='client.? 172.21.15.88:0/2379349464' entity='client.admin'
2023-01-25T05:54:37.978 INFO:journalctl@ceph.mon.a.smithi088.stdout:Jan 25 05:54:37 smithi088 ceph-mon[102165]: from='mgr.14120 172.21.15.88:0/2842429951' entity='mgr.a'
2023-01-25T05:54:37.979 INFO:journalctl@ceph.mon.a.smithi088.stdout:Jan 25 05:54:37 smithi088 ceph-mon[102165]: from='client.? 172.21.15.88:0/1582508752' entity='client.admin' cmd=[{"prefix": "mgr module enable", "module": "dashboard"}]: dispatch
2023-01-25T05:54:37.979 INFO:journalctl@ceph.mgr.a.smithi088.stdout:Jan 25 05:54:37 smithi088 ceph-8e1fe42c-9c74-11ed-9e56-001a4aab830c-mgr-a[102390]: ignoring --setuser ceph since I am not root
2023-01-25T05:54:37.979 INFO:journalctl@ceph.mgr.a.smithi088.stdout:Jan 25 05:54:37 smithi088 ceph-8e1fe42c-9c74-11ed-9e56-001a4aab830c-mgr-a[102390]: ignoring --setgroup ceph since I am not root
2023-01-25T05:54:38.183 INFO:teuthology.orchestra.run.smithi088.stdout:/usr/bin/ceph: stderr
2023-01-25T05:54:36.678+0000 7eff18869700 1 Processor -- start
2023-01-25T05:54:38.184 INFO:teuthology.orchestra.run.smithi088.stdout:/usr/bin/ceph: stderr
2023-01-25T05:54:36.678+0000 7eff18869700 1 -- start start
2023-01-25T05:54:38.184 INFO:teuthology.orchestra.run.smithi088.stdout:/usr/bin/ceph: stderr
2023-01-25T05:54:36.678+0000 7eff18869700 1 --2- >> [v2:172.21.15.88:3300/0,v1:172.21.15.88:6789/0] conn(0x7eff14104a70 0x7eff14106e50 unknown :-1 s=NONE pgs=0 cs=0 l=0 rev1=0 crypto rx=0 tx=0 comp rx=0 tx=0).connect
2023-01-25T05:54:38.184 INFO:teuthology.orchestra.run.smithi088.stdout:/usr/bin/ceph: stderr
2023-01-25T05:54:36.678+0000 7eff18869700 1 -- --> [v2:172.21.15.88:3300/0,v1:172.21.15.88:6789/0] -- mon_getmap magic: 0 v1 -- 0x7eff14077d50 con 0x7eff14104a70
2023-01-25T05:54:38.184 INFO:teuthology.orchestra.run.smithi088.stdout:/usr/bin/ceph: stderr
2023-01-25T05:54:36.679+0000 7eff1259c700 1 --2- >> [v2:172.21.15.88:3300/0,v1:172.21.15.88:6789/0] conn(0x7eff14104a70 0x7eff14106e50 unknown :-1 s=BANNER_CONNECTING pgs=0 cs=0 l=0 rev1=0 crypto rx=0 tx=0 comp rx=0 tx=0)._handle_peer_banner_payload supported=3 required=0
2023-01-25T05:54:38.185 INFO:teuthology.orchestra.run.smithi088.stdout:/usr/bin/ceph: stderr
2023-01-25T05:54:36.679+0000 7eff1259c700 1 --2- >> [v2:172.21.15.88:3300/0,v1:172.21.15.88:6789/0] conn(0x7eff14104a70 0x7eff14106e50 unknown :-1 s=HELLO_CONNECTING pgs=0 cs=0 l=0 rev1=1 crypto rx=0 tx=0 comp rx=0 tx=0).handle_hello peer v2:172.21.15.88:3300/0 says I am v2:172.21.15.88:33250/0 (socket says 172.21.15.88:33250)
2023-01-25T05:54:38.185 INFO:teuthology.orchestra.run.smithi088.stdout:/usr/bin/ceph: stderr
2023-01-25T05:54:36.679+0000 7eff1259c700 1 -- 172.21.15.88:0/577519040 learned_addr learned my addr 172.21.15.88:0/577519040 (peer_addr_for_me v2:172.21.15.88:0/0)
2023-01-25T05:54:38.185 INFO:teuthology.orchestra.run.smithi088.stdout:/usr/bin/ceph: stderr
2023-01-25T05:54:36.679+0000 7eff1259c700 1 -- 172.21.15.88:0/577519040 --> [v2:172.21.15.88:3300/0,v1:172.21.15.88:6789/0] -- mon_subscribe({config=0+,monmap=0+}) v3 -- 0x7eff14077e90 con 0x7eff14104a70
2023-01-25T05:54:38.185 INFO:teuthology.orchestra.run.smithi088.stdout:/usr/bin/ceph: stderr
2023-01-25T05:54:36.679+0000 7eff1259c700 1 --2- 172.21.15.88:0/577519040 >> [v2:172.21.15.88:3300/0,v1:172.21.15.88:6789/0] conn(0x7eff14104a70 0x7eff14106e50 secure :-1 s=READY pgs=55 cs=0 l=1 rev1=1 crypto rx=0x7eff040098a0 tx=0x7eff04009bb0 comp rx=0 tx=0).ready entity=mon.0 client_cookie=d53ba3c6280f1472 server_cookie=0 in_seq=0 out_seq=0
2023-01-25T05:54:38.186 INFO:teuthology.orchestra.run.smithi088.stdout:/usr/bin/ceph: stderr
2023-01-25T05:54:36.679+0000 7eff1159a700 1 -- 172.21.15.88:0/577519040 <== mon.0 v2:172.21.15.88:3300/0 1 ==== mon_map magic: 0 v1 ==== 205+0+0 (secure 0 0 0) 0x7eff04004160 con 0x7eff14104a70
2023-01-25T05:54:38.186 INFO:teuthology.orchestra.run.smithi088.stdout:/usr/bin/ceph: stderr
2023-01-25T05:54:36.679+0000 7eff1159a700 1 -- 172.21.15.88:0/577519040 <== mon.0 v2:172.21.15.88:3300/0 2 ==== config(24 keys) v1 ==== 1035+0+0 (secure 0 0 0) 0x7eff040042c0 con 0x7eff14104a70
2023-01-25T05:54:38.186 INFO:teuthology.orchestra.run.smithi088.stdout:/usr/bin/ceph: stderr
2023-01-25T05:54:36.679+0000 7eff1159a700 1 -- 172.21.15.88:0/577519040 <== mon.0 v2:172.21.15.88:3300/0 3 ==== mon_map magic: 0 v1 ==== 205+0+0 (secure 0 0 0) 0x7eff04011830 con 0x7eff14104a70
2023-01-25T05:54:38.186 INFO:teuthology.orchestra.run.smithi088.stdout:/usr/bin/ceph: stderr
2023-01-25T05:54:36.680+0000 7eff18869700 1 -- 172.21.15.88:0/577519040 >> [v2:172.21.15.88:3300/0,v1:172.21.15.88:6789/0] conn(0x7eff14104a70 msgr2=0x7eff14106e50 secure :-1 s=STATE_CONNECTION_ESTABLISHED l=1).mark_down
2023-01-25T05:54:38.186 INFO:teuthology.orchestra.run.smithi088.stdout:/usr/bin/ceph: stderr
2023-01-25T05:54:36.680+0000 7eff18869700 1 --2- 172.21.15.88:0/577519040 >> [v2:172.21.15.88:3300/0,v1:172.21.15.88:6789/0] conn(0x7eff14104a70 0x7eff14106e50 secure :-1 s=READY pgs=55 cs=0 l=1 rev1=1 crypto rx=0x7eff040098a0 tx=0x7eff04009bb0 comp rx=0 tx=0).stop
2023-01-25T05:54:38.187 INFO:teuthology.orchestra.run.smithi088.stdout:/usr/bin/ceph: stderr
2023-01-25T05:54:36.680+0000 7eff18869700 1 -- 172.21.15.88:0/577519040 shutdown_connections
2023-01-25T05:54:38.187 INFO:teuthology.orchestra.run.smithi088.stdout:/usr/bin/ceph: stderr
2023-01-25T05:54:36.680+0000 7eff18869700 1 --2- 172.21.15.88:0/577519040 >> [v2:172.21.15.88:3300/0,v1:172.21.15.88:6789/0] conn(0x7eff14104a70 0x7eff14106e50 unknown :-1 s=CLOSED pgs=55 cs=0 l=1 rev1=1 crypto rx=0 tx=0 comp rx=0 tx=0).stop
2023-01-25T05:54:38.187 INFO:teuthology.orchestra.run.smithi088.stdout:/usr/bin/ceph: stderr
2023-01-25T05:54:36.680+0000 7eff18869700 1 -- 172.21.15.88:0/577519040 >> 172.21.15.88:0/577519040 conn(0x7eff140fe450 msgr2=0x7eff14100880 unknown :-1 s=STATE_NONE l=0).mark_down
2023-01-25T05:54:38.187 INFO:teuthology.orchestra.run.smithi088.stdout:/usr/bin/ceph: stderr
2023-01-25T05:54:36.680+0000 7eff18869700 1 -- 172.21.15.88:0/577519040 shutdown_connections
2023-01-25T05:54:38.187 INFO:teuthology.orchestra.run.smithi088.stdout:/usr/bin/ceph: stderr
2023-01-25T05:54:36.680+0000 7eff18869700 1 -- 172.21.15.88:0/577519040 wait complete.
2023-01-25T05:54:38.188 INFO:teuthology.orchestra.run.smithi088.stdout:/usr/bin/ceph: stderr
2023-01-25T05:54:36.681+0000 7eff18869700 1 Processor -- start
2023-01-25T05:54:38.188 INFO:teuthology.orchestra.run.smithi088.stdout:/usr/bin/ceph: stderr
2023-01-25T05:54:36.681+0000 7eff18869700 1 -- start start
2023-01-25T05:54:38.188 INFO:teuthology.orchestra.run.smithi088.stdout:/usr/bin/ceph: stderr
2023-01-25T05:54:36.681+0000 7eff18869700 1 --2- >> [v2:172.21.15.88:3300/0,v1:172.21.15.88:6789/0] conn(0x7eff14104a70 0x7eff14197b40 unknown :-1 s=NONE pgs=0 cs=0 l=1 rev1=0 crypto rx=0 tx=0 comp rx=0 tx=0).connect
2023-01-25T05:54:38.188 INFO:teuthology.orchestra.run.smithi088.stdout:/usr/bin/ceph: stderr
2023-01-25T05:54:36.681+0000 7eff18869700 1 -- --> [v2:172.21.15.88:3300/0,v1:172.21.15.88:6789/0] -- mon_getmap magic: 0 v1 -- 0x7eff14198080 con 0x7eff14104a70
2023-01-25T05:54:38.188 INFO:teuthology.orchestra.run.smithi088.stdout:/usr/bin/ceph: stderr
2023-01-25T05:54:36.681+0000 7eff1259c700 1 --2- >> [v2:172.21.15.88:3300/0,v1:172.21.15.88:6789/0] conn(0x7eff14104a70 0x7eff14197b40 unknown :-1 s=BANNER_CONNECTING pgs=0 cs=0 l=1 rev1=0 crypto rx=0 tx=0 comp rx=0 tx=0)._handle_peer_banner_payload supported=3 required=0
2023-01-25T05:54:38.189 INFO:teuthology.orchestra.run.smithi088.stdout:/usr/bin/ceph: stderr
2023-01-25T05:54:36.681+0000 7eff1259c700 1 --2- >> [v2:172.21.15.88:3300/0,v1:172.21.15.88:6789/0] conn(0x7eff14104a70 0x7eff14197b40 unknown :-1 s=HELLO_CONNECTING pgs=0 cs=0 l=1 rev1=1 crypto rx=0 tx=0 comp rx=0 tx=0).handle_hello peer v2:172.21.15.88:3300/0 says I am v2:172.21.15.88:33256/0 (socket says 172.21.15.88:33256)
2023-01-25T05:54:38.189 INFO:teuthology.orchestra.run.smithi088.stdout:/usr/bin/ceph: stderr
2023-01-25T05:54:36.681+0000 7eff1259c700 1 -- 172.21.15.88:0/1582508752 learned_addr learned my addr 172.21.15.88:0/1582508752 (peer_addr_for_me v2:172.21.15.88:0/0)
2023-01-25T05:54:38.189 INFO:teuthology.orchestra.run.smithi088.stdout:/usr/bin/ceph: stderr
2023-01-25T05:54:36.682+0000 7eff1259c700 1 -- 172.21.15.88:0/1582508752 --> [v2:172.21.15.88:3300/0,v1:172.21.15.88:6789/0] -- mon_subscribe({config=0+,monmap=0+}) v3 -- 0x7eff04009550 con 0x7eff14104a70
2023-01-25T05:54:38.189 INFO:teuthology.orchestra.run.smithi088.stdout:/usr/bin/ceph: stderr
2023-01-25T05:54:36.682+0000 7eff1259c700 1 --2- 172.21.15.88:0/1582508752 >> [v2:172.21.15.88:3300/0,v1:172.21.15.88:6789/0] conn(0x7eff14104a70 0x7eff14197b40 secure :-1 s=READY pgs=56 cs=0 l=1 rev1=1 crypto rx=0x7eff04011860 tx=0x7eff04011940 comp rx=0 tx=0).ready entity=mon.0 client_cookie=0 server_cookie=0 in_seq=0 out_seq=0
2023-01-25T05:54:38.189 INFO:teuthology.orchestra.run.smithi088.stdout:/usr/bin/ceph: stderr
2023-01-25T05:54:36.682+0000 7eff037fe700 1 -- 172.21.15.88:0/1582508752 <== mon.0 v2:172.21.15.88:3300/0 1 ==== mon_map magic: 0 v1 ==== 205+0+0 (secure 0 0 0) 0x7eff040037d0 con 0x7eff14104a70
2023-01-25T05:54:38.190 INFO:teuthology.orchestra.run.smithi088.stdout:/usr/bin/ceph: stderr
2023-01-25T05:54:36.682+0000 7eff037fe700 1 -- 172.21.15.88:0/1582508752 <== mon.0 v2:172.21.15.88:3300/0 2 ==== config(24 keys) v1 ==== 1035+0+0 (secure 0 0 0) 0x7eff04003930 con 0x7eff14104a70
2023-01-25T05:54:38.190 INFO:teuthology.orchestra.run.smithi088.stdout:/usr/bin/ceph: stderr
2023-01-25T05:54:36.682+0000 7eff037fe700 1 -- 172.21.15.88:0/1582508752 <== mon.0 v2:172.21.15.88:3300/0 3 ==== mon_map magic: 0 v1 ==== 205+0+0 (secure 0 0 0) 0x7eff04024410 con 0x7eff14104a70
2023-01-25T05:54:38.190 INFO:teuthology.orchestra.run.smithi088.stdout:/usr/bin/ceph: stderr
2023-01-25T05:54:36.682+0000 7eff18869700 1 -- 172.21.15.88:0/1582508752 --> [v2:172.21.15.88:3300/0,v1:172.21.15.88:6789/0] -- mon_subscribe({mgrmap=0+}) v3 -- 0x7eff14108110 con 0x7eff14104a70
2023-01-25T05:54:38.190 INFO:teuthology.orchestra.run.smithi088.stdout:/usr/bin/ceph: stderr
2023-01-25T05:54:36.683+0000 7eff18869700 1 -- 172.21.15.88:0/1582508752 --> [v2:172.21.15.88:3300/0,v1:172.21.15.88:6789/0] -- mon_subscribe({osdmap=0}) v3 -- 0x7eff14107f80 con 0x7eff14104a70
2023-01-25T05:54:38.190 INFO:teuthology.orchestra.run.smithi088.stdout:/usr/bin/ceph: stderr
2023-01-25T05:54:36.683+0000 7eff037fe700 1 -- 172.21.15.88:0/1582508752 <== mon.0 v2:172.21.15.88:3300/0 4 ==== mgrmap(e 8) v1 ==== 43509+0+0 (secure 0 0 0) 0x7eff04017020 con 0x7eff14104a70
2023-01-25T05:54:38.190 INFO:teuthology.orchestra.run.smithi088.stdout:/usr/bin/ceph: stderr
2023-01-25T05:54:36.683+0000 7eff037fe700 20 mgrc handle_mgr_map mgrmap(e 8) v1
2023-01-25T05:54:38.191 INFO:teuthology.orchestra.run.smithi088.stdout:/usr/bin/ceph: stderr
2023-01-25T05:54:36.683+0000 7eff037fe700 4 mgrc handle_mgr_map Got map version 8
2023-01-25T05:54:38.191 INFO:teuthology.orchestra.run.smithi088.stdout:/usr/bin/ceph: stderr
2023-01-25T05:54:36.683+0000 7eff037fe700 4 mgrc handle_mgr_map Active mgr is now [v2:172.21.15.88:6800/2989680299,v1:172.21.15.88:6801/2989680299]
2023-01-25T05:54:38.191 INFO:teuthology.orchestra.run.smithi088.stdout:/usr/bin/ceph: stderr
2023-01-25T05:54:36.683+0000 7eff037fe700 4 mgrc reconnect Starting new session with [v2:172.21.15.88:6800/2989680299,v1:172.21.15.88:6801/2989680299]
2023-01-25T05:54:38.191 INFO:teuthology.orchestra.run.smithi088.stdout:/usr/bin/ceph: stderr
2023-01-25T05:54:36.683+0000 7eff037fe700 1 --2- 172.21.15.88:0/1582508752 >> [v2:172.21.15.88:6800/2989680299,v1:172.21.15.88:6801/2989680299] conn(0x7efefc036900 0x7efefc038db0 unknown :-1 s=NONE pgs=0 cs=0 l=1 rev1=0 crypto rx=0 tx=0 comp rx=0 tx=0).connect
2023-01-25T05:54:38.191 INFO:teuthology.orchestra.run.smithi088.stdout:/usr/bin/ceph: stderr
2023-01-25T05:54:36.683+0000 7eff18869700 1 -- 172.21.15.88:0/1582508752 --> [v2:172.21.15.88:3300/0,v1:172.21.15.88:6789/0] -- mon_command({"prefix": "get_command_descriptions"} v 0) v1 -- 0x7eff141082a0 con 0x7eff14104a70
2023-01-25T05:54:38.192 INFO:teuthology.orchestra.run.smithi088.stdout:/usr/bin/ceph: stderr
2023-01-25T05:54:36.684+0000 7eff037fe700 1 -- 172.21.15.88:0/1582508752 <== mon.0 v2:172.21.15.88:3300/0 5 ==== osd_map(2..2 src has 1..2) v4 ==== 940+0+0 (secure 0 0 0) 0x7eff04049bf0 con 0x7eff14104a70
2023-01-25T05:54:38.192 INFO:teuthology.orchestra.run.smithi088.stdout:/usr/bin/ceph: stderr
2023-01-25T05:54:36.684+0000 7eff11d9b700 1 --2- 172.21.15.88:0/1582508752 >> [v2:172.21.15.88:6800/2989680299,v1:172.21.15.88:6801/2989680299] conn(0x7efefc036900 0x7efefc038db0 unknown :-1 s=BANNER_CONNECTING pgs=0 cs=0 l=1 rev1=0 crypto rx=0 tx=0 comp rx=0 tx=0)._handle_peer_banner_payload supported=3 required=0
2023-01-25T05:54:38.192 INFO:teuthology.orchestra.run.smithi088.stdout:/usr/bin/ceph: stderr
2023-01-25T05:54:36.684+0000 7eff11d9b700 1 --2- 172.21.15.88:0/1582508752 >> [v2:172.21.15.88:6800/2989680299,v1:172.21.15.88:6801/2989680299] conn(0x7efefc036900 0x7efefc038db0 secure :-1 s=READY pgs=16 cs=0 l=1 rev1=1 crypto rx=0x7eff08006fd0 tx=0x7eff08006e40 comp rx=0 tx=0).ready entity=mgr.14120 client_cookie=0 server_cookie=0 in_seq=0 out_seq=0
2023-01-25T05:54:38.192 INFO:teuthology.orchestra.run.smithi088.stdout:/usr/bin/ceph: stderr
2023-01-25T05:54:36.689+0000 7eff037fe700 1 -- 172.21.15.88:0/1582508752 <== mon.0 v2:172.21.15.88:3300/0 6 ==== mon_command_ack([{"prefix": "get_command_descriptions"}]=0 v0) v1 ==== 72+0+173756 (secure 0 0 0) 0x7eff04024570 con 0x7eff14104a70
2023-01-25T05:54:38.192 INFO:teuthology.orchestra.run.smithi088.stdout:/usr/bin/ceph: stderr
2023-01-25T05:54:36.940+0000 7eff18869700 1 -- 172.21.15.88:0/1582508752 --> [v2:172.21.15.88:3300/0,v1:172.21.15.88:6789/0] -- mon_command({"prefix": "mgr module enable", "module": "dashboard"} v 0) v1 -- 0x7eff14061b90 con 0x7eff14104a70
2023-01-25T05:54:38.193 INFO:teuthology.orchestra.run.smithi088.stdout:/usr/bin/ceph: stderr
2023-01-25T05:54:37.647+0000 7eff037fe700 1 -- 172.21.15.88:0/1582508752 <== mon.0 v2:172.21.15.88:3300/0 7 ==== mgrmap(e 9) v1 ==== 43522+0+0 (secure 0 0 0) 0x7eff0400f050 con 0x7eff14104a70
2023-01-25T05:54:38.193 INFO:teuthology.orchestra.run.smithi088.stdout:/usr/bin/ceph: stderr
2023-01-25T05:54:37.647+0000 7eff037fe700 20 mgrc handle_mgr_map mgrmap(e 9) v1
2023-01-25T05:54:38.193 INFO:teuthology.orchestra.run.smithi088.stdout:/usr/bin/ceph: stderr
2023-01-25T05:54:37.647+0000 7eff037fe700 4 mgrc handle_mgr_map Got map version 9
2023-01-25T05:54:38.193 INFO:teuthology.orchestra.run.smithi088.stdout:/usr/bin/ceph: stderr
2023-01-25T05:54:37.647+0000 7eff037fe700 4 mgrc handle_mgr_map Active mgr is now [v2:172.21.15.88:6800/2989680299,v1:172.21.15.88:6801/2989680299]
2023-01-25T05:54:38.193 INFO:teuthology.orchestra.run.smithi088.stdout:/usr/bin/ceph: stderr
2023-01-25T05:54:37.648+0000 7eff037fe700 1 -- 172.21.15.88:0/1582508752 <== mon.0 v2:172.21.15.88:3300/0 8 ==== mon_command_ack([{"prefix": "mgr module enable", "module": "dashboard"}]=0 v9) v1 ==== 88+0+0 (secure 0 0 0) 0x7eff04003aa0 con 0x7eff14104a70
2023-01-25T05:54:38.194 INFO:teuthology.orchestra.run.smithi088.stdout:/usr/bin/ceph: stderr
2023-01-25T05:54:37.651+0000 7eff18869700 10 mgrc shutdown
2023-01-25T05:54:38.194 INFO:teuthology.orchestra.run.smithi088.stdout:/usr/bin/ceph: stderr
2023-01-25T05:54:37.651+0000 7eff18869700 1 -- 172.21.15.88:0/1582508752 >> [v2:172.21.15.88:6800/2989680299,v1:172.21.15.88:6801/2989680299] conn(0x7efefc036900 msgr2=0x7efefc038db0 secure :-1 s=STATE_CONNECTION_ESTABLISHED l=1).mark_down
2023-01-25T05:54:38.194 INFO:teuthology.orchestra.run.smithi088.stdout:/usr/bin/ceph: stderr
2023-01-25T05:54:37.651+0000 7eff18869700 1 --2- 172.21.15.88:0/1582508752 >> [v2:172.21.15.88:6800/2989680299,v1:172.21.15.88:6801/2989680299] conn(0x7efefc036900 0x7efefc038db0 secure :-1 s=READY pgs=16 cs=0 l=1 rev1=1 crypto rx=0x7eff08006fd0 tx=0x7eff08006e40 comp rx=0 tx=0).stop
2023-01-25T05:54:38.194 INFO:teuthology.orchestra.run.smithi088.stdout:/usr/bin/ceph: stderr
2023-01-25T05:54:37.651+0000 7eff18869700 1 -- 172.21.15.88:0/1582508752 >> [v2:172.21.15.88:3300/0,v1:172.21.15.88:6789/0] conn(0x7eff14104a70 msgr2=0x7eff14197b40 secure :-1 s=STATE_CONNECTION_ESTABLISHED l=1).mark_down
2023-01-25T05:54:38.194 INFO:teuthology.orchestra.run.smithi088.stdout:/usr/bin/ceph: stderr
2023-01-25T05:54:37.651+0000 7eff18869700 1 --2- 172.21.15.88:0/1582508752 >> [v2:172.21.15.88:3300/0,v1:172.21.15.88:6789/0] conn(0x7eff14104a70 0x7eff14197b40 secure :-1 s=READY pgs=56 cs=0 l=1 rev1=1 crypto rx=0x7eff04011860 tx=0x7eff04011940 comp rx=0 tx=0).stop
2023-01-25T05:54:38.195 INFO:teuthology.orchestra.run.smithi088.stdout:/usr/bin/ceph: stderr
2023-01-25T05:54:37.651+0000 7eff18869700 1 -- 172.21.15.88:0/1582508752 shutdown_connections
2023-01-25T05:54:38.195 INFO:teuthology.orchestra.run.smithi088.stdout:/usr/bin/ceph: stderr
2023-01-25T05:54:37.651+0000 7eff18869700 1 --2- 172.21.15.88:0/1582508752 >> [v2:172.21.15.88:6800/2989680299,v1:172.21.15.88:6801/2989680299] conn(0x7efefc036900 0x7efefc038db0 unknown :-1 s=CLOSED pgs=16 cs=0 l=1 rev1=1 crypto rx=0 tx=0 comp rx=0 tx=0).stop
2023-01-25T05:54:38.195 INFO:teuthology.orchestra.run.smithi088.stdout:/usr/bin/ceph: stderr
2023-01-25T05:54:37.651+0000 7eff18869700 1 --2- 172.21.15.88:0/1582508752 >> [v2:172.21.15.88:3300/0,v1:172.21.15.88:6789/0] conn(0x7eff14104a70 0x7eff14197b40 unknown :-1 s=CLOSED pgs=56 cs=0 l=1 rev1=1 crypto rx=0 tx=0 comp rx=0 tx=0).stop
2023-01-25T05:54:38.195 INFO:teuthology.orchestra.run.smithi088.stdout:/usr/bin/ceph: stderr
2023-01-25T05:54:37.651+0000 7eff18869700 1 -- 172.21.15.88:0/1582508752 >> 172.21.15.88:0/1582508752 conn(0x7eff140fe450 msgr2=0x7eff140ff1b0 unknown :-1 s=STATE_NONE l=0).mark_down
2023-01-25T05:54:38.196 INFO:teuthology.orchestra.run.smithi088.stdout:/usr/bin/ceph: stderr
2023-01-25T05:54:37.651+0000 7eff18869700 1 -- 172.21.15.88:0/1582508752 shutdown_connections
2023-01-25T05:54:38.196 INFO:teuthology.orchestra.run.smithi088.stdout:/usr/bin/ceph: stderr
2023-01-25T05:54:37.651+0000 7eff18869700 1 -- 172.21.15.88:0/1582508752 wait complete.
2023-01-25T05:54:38.681 INFO:journalctl@ceph.mon.a.smithi088.stdout:Jan 25 05:54:38 smithi088 ceph-mon[102165]: from='client.? 172.21.15.88:0/1582508752' entity='client.admin' cmd='[{"prefix": "mgr module enable", "module": "dashboard"}]': finished
2023-01-25T05:54:38.682 INFO:journalctl@ceph.mon.a.smithi088.stdout:Jan 25 05:54:38 smithi088 ceph-mon[102165]: mgrmap e9: a(active, since 15s)
2023-01-25T05:54:38.682 INFO:journalctl@ceph.mgr.a.smithi088.stdout:Jan 25 05:54:38 smithi088 ceph-8e1fe42c-9c74-11ed-9e56-001a4aab830c-mgr-a[102390]:
2023-01-25T05:54:38.567+0000 7f6b94328200 -1 mgr[py] Module alerts has missing NOTIFY_TYPES member
2023-01-25T05:54:39.418 INFO:journalctl@ceph.mgr.a.smithi088.stdout:Jan 25 05:54:39 smithi088 ceph-8e1fe42c-9c74-11ed-9e56-001a4aab830c-mgr-a[102390]:
2023-01-25T05:54:39.143+0000 7f6b94328200 -1 mgr[py] Module influx has missing NOTIFY_TYPES member
2023-01-25T05:54:39.418 INFO:journalctl@ceph.mgr.a.smithi088.stdout:Jan 25 05:54:39 smithi088 ceph-8e1fe42c-9c74-11ed-9e56-001a4aab830c-mgr-a[102390]:
2023-01-25T05:54:39.236+0000 7f6b94328200 -1 mgr[py] Module selftest has missing NOTIFY_TYPES member
2023-01-25T05:54:39.602 INFO:teuthology.orchestra.run.smithi088.stdout:/usr/bin/ceph: stdout {
2023-01-25T05:54:39.603 INFO:teuthology.orchestra.run.smithi088.stdout:/usr/bin/ceph: stdout "epoch": 9,
2023-01-25T05:54:39.603 INFO:teuthology.orchestra.run.smithi088.stdout:/usr/bin/ceph: stdout "available": true,
2023-01-25T05:54:39.603 INFO:teuthology.orchestra.run.smithi088.stdout:/usr/bin/ceph: stdout "active_name": "a",
2023-01-25T05:54:39.603 INFO:teuthology.orchestra.run.smithi088.stdout:/usr/bin/ceph: stdout "num_standby": 0
2023-01-25T05:54:39.603 INFO:teuthology.orchestra.run.smithi088.stdout:/usr/bin/ceph: stdout }
2023-01-25T05:54:39.604 INFO:teuthology.orchestra.run.smithi088.stdout:/usr/bin/ceph: stderr
2023-01-25T05:54:38.875+0000 7fb55ea2e700 1 Processor -- start
2023-01-25T05:54:39.604 INFO:teuthology.orchestra.run.smithi088.stdout:/usr/bin/ceph: stderr
2023-01-25T05:54:38.875+0000 7fb55ea2e700 1 -- start start
2023-01-25T05:54:39.604 INFO:teuthology.orchestra.run.smithi088.stdout:/usr/bin/ceph: stderr
2023-01-25T05:54:38.875+0000 7fb55ea2e700 1 --2- >> [v2:172.21.15.88:3300/0,v1:172.21.15.88:6789/0] conn(0x7fb558104410 0x7fb558104820 unknown :-1 s=NONE pgs=0 cs=0 l=0 rev1=0 crypto rx=0 tx=0 comp rx=0 tx=0).connect
2023-01-25T05:54:39.604 INFO:teuthology.orchestra.run.smithi088.stdout:/usr/bin/ceph: stderr
2023-01-25T05:54:38.875+0000 7fb55ea2e700 1 -- --> [v2:172.21.15.88:3300/0,v1:172.21.15.88:6789/0] -- mon_getmap magic: 0 v1 -- 0x7fb558104df0 con 0x7fb558104410
2023-01-25T05:54:39.605 INFO:teuthology.orchestra.run.smithi088.stdout:/usr/bin/ceph: stderr
2023-01-25T05:54:38.876+0000 7fb557fff700 1 --2- >> [v2:172.21.15.88:3300/0,v1:172.21.15.88:6789/0] conn(0x7fb558104410 0x7fb558104820 unknown :-1 s=BANNER_CONNECTING pgs=0 cs=0 l=0 rev1=0 crypto rx=0 tx=0 comp rx=0 tx=0)._handle_peer_banner_payload supported=3 required=0
2023-01-25T05:54:39.605 INFO:teuthology.orchestra.run.smithi088.stdout:/usr/bin/ceph: stderr
2023-01-25T05:54:38.876+0000 7fb557fff700 1 --2- >> [v2:172.21.15.88:3300/0,v1:172.21.15.88:6789/0] conn(0x7fb558104410 0x7fb558104820 unknown :-1 s=HELLO_CONNECTING pgs=0 cs=0 l=0 rev1=1 crypto rx=0 tx=0 comp rx=0 tx=0).handle_hello peer v2:172.21.15.88:3300/0 says I am v2:172.21.15.88:33278/0 (socket says 172.21.15.88:33278)
2023-01-25T05:54:39.605 INFO:teuthology.orchestra.run.smithi088.stdout:/usr/bin/ceph: stderr
2023-01-25T05:54:38.876+0000 7fb557fff700 1 -- 172.21.15.88:0/318610133 learned_addr learned my addr 172.21.15.88:0/318610133 (peer_addr_for_me v2:172.21.15.88:0/0)
2023-01-25T05:54:39.605 INFO:teuthology.orchestra.run.smithi088.stdout:/usr/bin/ceph: stderr
2023-01-25T05:54:38.876+0000 7fb557fff700 1 -- 172.21.15.88:0/318610133 --> [v2:172.21.15.88:3300/0,v1:172.21.15.88:6789/0] -- mon_subscribe({config=0+,monmap=0+}) v3 -- 0x7fb558103010 con 0x7fb558104410
2023-01-25T05:54:39.605 INFO:teuthology.orchestra.run.smithi088.stdout:/usr/bin/ceph: stderr
2023-01-25T05:54:38.876+0000 7fb557fff700 1 --2- 172.21.15.88:0/318610133 >> [v2:172.21.15.88:3300/0,v1:172.21.15.88:6789/0] conn(0x7fb558104410 0x7fb558104820 secure :-1 s=READY pgs=59 cs=0 l=1 rev1=1 crypto rx=0x7fb5480098a0 tx=0x7fb548009bb0 comp rx=0 tx=0).ready entity=mon.0 client_cookie=837729b1faca75d9 server_cookie=0 in_seq=0 out_seq=0
2023-01-25T05:54:39.606 INFO:teuthology.orchestra.run.smithi088.stdout:/usr/bin/ceph: stderr
2023-01-25T05:54:38.876+0000 7fb556ffd700 1 -- 172.21.15.88:0/318610133 <== mon.0 v2:172.21.15.88:3300/0 1 ==== mon_map magic: 0 v1 ==== 205+0+0 (secure 0 0 0) 0x7fb548004160 con 0x7fb558104410
2023-01-25T05:54:39.606 INFO:teuthology.orchestra.run.smithi088.stdout:/usr/bin/ceph: stderr
2023-01-25T05:54:38.876+0000 7fb556ffd700 1 -- 172.21.15.88:0/318610133 <== mon.0 v2:172.21.15.88:3300/0 2 ==== config(24 keys) v1 ==== 1035+0+0 (secure 0 0 0) 0x7fb5480042c0 con 0x7fb558104410
2023-01-25T05:54:39.606 INFO:teuthology.orchestra.run.smithi088.stdout:/usr/bin/ceph: stderr
2023-01-25T05:54:38.876+0000 7fb556ffd700 1 -- 172.21.15.88:0/318610133 <== mon.0 v2:172.21.15.88:3300/0 3 ==== mon_map magic: 0 v1 ==== 205+0+0 (secure 0 0 0) 0x7fb548011830 con 0x7fb558104410
2023-01-25T05:54:39.606 INFO:teuthology.orchestra.run.smithi088.stdout:/usr/bin/ceph: stderr
2023-01-25T05:54:38.877+0000 7fb55ea2e700 1 -- 172.21.15.88:0/318610133 >> [v2:172.21.15.88:3300/0,v1:172.21.15.88:6789/0] conn(0x7fb558104410 msgr2=0x7fb558104820 secure :-1 s=STATE_CONNECTION_ESTABLISHED l=1).mark_down
2023-01-25T05:54:39.606 INFO:teuthology.orchestra.run.smithi088.stdout:/usr/bin/ceph: stderr
2023-01-25T05:54:38.877+0000 7fb55ea2e700 1 --2- 172.21.15.88:0/318610133 >> [v2:172.21.15.88:3300/0,v1:172.21.15.88:6789/0] conn(0x7fb558104410 0x7fb558104820 secure :-1 s=READY pgs=59 cs=0 l=1 rev1=1 crypto rx=0x7fb5480098a0 tx=0x7fb548009bb0 comp rx=0 tx=0).stop
2023-01-25T05:54:39.607 INFO:teuthology.orchestra.run.smithi088.stdout:/usr/bin/ceph: stderr
2023-01-25T05:54:38.877+0000 7fb55ea2e700 1 -- 172.21.15.88:0/318610133 shutdown_connections
2023-01-25T05:54:39.607 INFO:teuthology.orchestra.run.smithi088.stdout:/usr/bin/ceph: stderr
2023-01-25T05:54:38.877+0000 7fb55ea2e700 1 --2- 172.21.15.88:0/318610133 >> [v2:172.21.15.88:3300/0,v1:172.21.15.88:6789/0] conn(0x7fb558104410 0x7fb558104820 unknown :-1 s=CLOSED pgs=59 cs=0 l=1 rev1=1 crypto rx=0 tx=0 comp rx=0 tx=0).stop
2023-01-25T05:54:39.607 INFO:teuthology.orchestra.run.smithi088.stdout:/usr/bin/ceph: stderr
2023-01-25T05:54:38.877+0000 7fb55ea2e700 1 -- 172.21.15.88:0/318610133 >> 172.21.15.88:0/318610133 conn(0x7fb5580fdb10 msgr2=0x7fb5580fff60 unknown :-1 s=STATE_NONE l=0).mark_down
2023-01-25T05:54:39.607 INFO:teuthology.orchestra.run.smithi088.stdout:/usr/bin/ceph: stderr
2023-01-25T05:54:38.877+0000 7fb55ea2e700 1 -- 172.21.15.88:0/318610133 shutdown_connections
2023-01-25T05:54:39.607 INFO:teuthology.orchestra.run.smithi088.stdout:/usr/bin/ceph: stderr
2023-01-25T05:54:38.877+0000 7fb55ea2e700 1 -- 172.21.15.88:0/318610133 wait complete.
2023-01-25T05:54:39.608 INFO:teuthology.orchestra.run.smithi088.stdout:/usr/bin/ceph: stderr
2023-01-25T05:54:38.878+0000 7fb55ea2e700 1 Processor -- start
2023-01-25T05:54:39.608 INFO:teuthology.orchestra.run.smithi088.stdout:/usr/bin/ceph: stderr
2023-01-25T05:54:38.878+0000 7fb55ea2e700 1 -- start start
2023-01-25T05:54:39.608 INFO:teuthology.orchestra.run.smithi088.stdout:/usr/bin/ceph: stderr
2023-01-25T05:54:38.878+0000 7fb55ea2e700 1 --2- >> [v2:172.21.15.88:3300/0,v1:172.21.15.88:6789/0] conn(0x7fb558104410 0x7fb558102a90 unknown :-1 s=NONE pgs=0 cs=0 l=1 rev1=0 crypto rx=0 tx=0 comp rx=0 tx=0).connect
2023-01-25T05:54:39.608 INFO:teuthology.orchestra.run.smithi088.stdout:/usr/bin/ceph: stderr
2023-01-25T05:54:38.878+0000 7fb55ea2e700 1 -- --> [v2:172.21.15.88:3300/0,v1:172.21.15.88:6789/0] -- mon_getmap magic: 0 v1 -- 0x7fb55819a880 con 0x7fb558104410
2023-01-25T05:54:39.608 INFO:teuthology.orchestra.run.smithi088.stdout:/usr/bin/ceph: stderr
2023-01-25T05:54:38.878+0000 7fb557fff700 1 --2- >> [v2:172.21.15.88:3300/0,v1:172.21.15.88:6789/0] conn(0x7fb558104410 0x7fb558102a90 unknown :-1 s=BANNER_CONNECTING pgs=0 cs=0 l=1 rev1=0 crypto rx=0 tx=0 comp rx=0 tx=0)._handle_peer_banner_payload supported=3 required=0
2023-01-25T05:54:39.609 INFO:teuthology.orchestra.run.smithi088.stdout:/usr/bin/ceph: stderr
2023-01-25T05:54:38.878+0000 7fb557fff700 1 --2- >> [v2:172.21.15.88:3300/0,v1:172.21.15.88:6789/0] conn(0x7fb558104410 0x7fb558102a90 unknown :-1 s=HELLO_CONNECTING pgs=0 cs=0 l=1 rev1=1 crypto rx=0 tx=0 comp rx=0 tx=0).handle_hello peer v2:172.21.15.88:3300/0 says I am v2:172.21.15.88:33294/0 (socket says 172.21.15.88:33294)
2023-01-25T05:54:39.609 INFO:teuthology.orchestra.run.smithi088.stdout:/usr/bin/ceph: stderr
2023-01-25T05:54:38.878+0000 7fb557fff700 1 -- 172.21.15.88:0/3578642900 learned_addr learned my addr 172.21.15.88:0/3578642900 (peer_addr_for_me v2:172.21.15.88:0/0)
2023-01-25T05:54:39.609 INFO:teuthology.orchestra.run.smithi088.stdout:/usr/bin/ceph: stderr
2023-01-25T05:54:38.879+0000 7fb557fff700 1 -- 172.21.15.88:0/3578642900 --> [v2:172.21.15.88:3300/0,v1:172.21.15.88:6789/0] -- mon_subscribe({config=0+,monmap=0+}) v3 -- 0x7fb548009550 con 0x7fb558104410
2023-01-25T05:54:39.609 INFO:teuthology.orchestra.run.smithi088.stdout:/usr/bin/ceph: stderr
2023-01-25T05:54:38.879+0000 7fb557fff700 1 --2- 172.21.15.88:0/3578642900 >> [v2:172.21.15.88:3300/0,v1:172.21.15.88:6789/0] conn(0x7fb558104410 0x7fb558102a90 secure :-1 s=READY pgs=60 cs=0 l=1 rev1=1 crypto rx=0x7fb548006ba0 tx=0x7fb548011910 comp rx=0 tx=0).ready entity=mon.0 client_cookie=0 server_cookie=0 in_seq=0 out_seq=0
2023-01-25T05:54:39.609 INFO:teuthology.orchestra.run.smithi088.stdout:/usr/bin/ceph: stderr
2023-01-25T05:54:38.879+0000 7fb5557fa700 1 -- 172.21.15.88:0/3578642900 <== mon.0 v2:172.21.15.88:3300/0 1 ==== mon_map magic: 0 v1 ==== 205+0+0 (secure 0 0 0) 0x7fb548011e40 con 0x7fb558104410
2023-01-25T05:54:39.610 INFO:teuthology.orchestra.run.smithi088.stdout:/usr/bin/ceph: stderr
2023-01-25T05:54:38.879+0000 7fb5557fa700 1 -- 172.21.15.88:0/3578642900 <== mon.0 v2:172.21.15.88:3300/0 2 ==== config(24 keys) v1 ==== 1035+0+0 (secure 0 0 0) 0x7fb54801a430 con 0x7fb558104410
2023-01-25T05:54:39.610 INFO:teuthology.orchestra.run.smithi088.stdout:/usr/bin/ceph: stderr
2023-01-25T05:54:38.879+0000 7fb55ea2e700 1 -- 172.21.15.88:0/3578642900 --> [v2:172.21.15.88:3300/0,v1:172.21.15.88:6789/0] -- mon_subscribe({mgrmap=0+}) v3 -- 0x7fb558107250 con 0x7fb558104410
2023-01-25T05:54:39.610 INFO:teuthology.orchestra.run.smithi088.stdout:/usr/bin/ceph: stderr
2023-01-25T05:54:38.879+0000 7fb5557fa700 1 -- 172.21.15.88:0/3578642900 <== mon.0 v2:172.21.15.88:3300/0 3 ==== mon_map magic: 0 v1 ==== 205+0+0 (secure 0 0 0) 0x7fb5480193c0 con 0x7fb558104410
2023-01-25T05:54:39.610 INFO:teuthology.orchestra.run.smithi088.stdout:/usr/bin/ceph: stderr
2023-01-25T05:54:38.879+0000 7fb55ea2e700 1 -- 172.21.15.88:0/3578642900 --> [v2:172.21.15.88:3300/0,v1:172.21.15.88:6789/0] -- mon_subscribe({osdmap=0}) v3 -- 0x7fb558103e00 con 0x7fb558104410
2023-01-25T05:54:39.610 INFO:teuthology.orchestra.run.smithi088.stdout:/usr/bin/ceph: stderr
2023-01-25T05:54:38.880+0000 7fb5557fa700 1 -- 172.21.15.88:0/3578642900 <== mon.0 v2:172.21.15.88:3300/0 4 ==== mgrmap(e 9) v1 ==== 43522+0+0 (secure 0 0 0) 0x7fb54802a020 con 0x7fb558104410
2023-01-25T05:54:39.611 INFO:teuthology.orchestra.run.smithi088.stdout:/usr/bin/ceph: stderr
2023-01-25T05:54:38.880+0000 7fb5557fa700 20 mgrc handle_mgr_map mgrmap(e 9) v1
2023-01-25T05:54:39.611 INFO:teuthology.orchestra.run.smithi088.stdout:/usr/bin/ceph: stderr
2023-01-25T05:54:38.880+0000 7fb5557fa700 4 mgrc handle_mgr_map Got map version 9
2023-01-25T05:54:39.611 INFO:teuthology.orchestra.run.smithi088.stdout:/usr/bin/ceph: stderr
2023-01-25T05:54:38.880+0000 7fb5557fa700 4 mgrc handle_mgr_map Active mgr is now [v2:172.21.15.88:6800/2989680299,v1:172.21.15.88:6801/2989680299]
2023-01-25T05:54:39.611 INFO:teuthology.orchestra.run.smithi088.stdout:/usr/bin/ceph: stderr
2023-01-25T05:54:38.880+0000 7fb5557fa700 4 mgrc reconnect Starting new session with [v2:172.21.15.88:6800/2989680299,v1:172.21.15.88:6801/2989680299]
2023-01-25T05:54:39.611 INFO:teuthology.orchestra.run.smithi088.stdout:/usr/bin/ceph: stderr
2023-01-25T05:54:38.880+0000 7fb5557fa700 1 --2- 172.21.15.88:0/3578642900 >> [v2:172.21.15.88:6800/2989680299,v1:172.21.15.88:6801/2989680299] conn(0x7fb540036800 0x7fb540038cb0 unknown :-1 s=NONE pgs=0 cs=0 l=1 rev1=0 crypto rx=0 tx=0 comp rx=0 tx=0).connect
2023-01-25T05:54:39.612 INFO:teuthology.orchestra.run.smithi088.stdout:/usr/bin/ceph: stderr
2023-01-25T05:54:38.880+0000 7fb5557fa700 1 -- 172.21.15.88:0/3578642900 <== mon.0 v2:172.21.15.88:3300/0 5 ==== osd_map(2..2 src has 1..2) v4 ==== 940+0+0 (secure 0 0 0) 0x7fb54801a5a0 con 0x7fb558104410
2023-01-25T05:54:39.612 INFO:teuthology.orchestra.run.smithi088.stdout:/usr/bin/ceph: stderr
2023-01-25T05:54:38.880+0000 7fb5577fe700 1 -- 172.21.15.88:0/3578642900 >> [v2:172.21.15.88:6800/2989680299,v1:172.21.15.88:6801/2989680299] conn(0x7fb540036800 msgr2=0x7fb540038cb0 unknown :-1 s=STATE_CONNECTING_RE l=1).process reconnect failed to v2:172.21.15.88:6800/2989680299
2023-01-25T05:54:39.612 INFO:teuthology.orchestra.run.smithi088.stdout:/usr/bin/ceph: stderr
2023-01-25T05:54:38.880+0000 7fb5577fe700 1 --2- 172.21.15.88:0/3578642900 >> [v2:172.21.15.88:6800/2989680299,v1:172.21.15.88:6801/2989680299] conn(0x7fb540036800 0x7fb540038cb0 unknown :-1 s=START_CONNECT pgs=0 cs=0 l=1 rev1=0 crypto rx=0 tx=0 comp rx=0 tx=0)._fault waiting 0.200000
2023-01-25T05:54:39.612 INFO:teuthology.orchestra.run.smithi088.stdout:/usr/bin/ceph: stderr
2023-01-25T05:54:38.881+0000 7fb55ea2e700 1 -- 172.21.15.88:0/3578642900 --> [v2:172.21.15.88:3300/0,v1:172.21.15.88:6789/0] -- mon_command({"prefix": "get_command_descriptions"} v 0) v1 -- 0x7fb5581073e0 con 0x7fb558104410
2023-01-25T05:54:39.612 INFO:teuthology.orchestra.run.smithi088.stdout:/usr/bin/ceph: stderr
2023-01-25T05:54:38.885+0000 7fb5557fa700 1 -- 172.21.15.88:0/3578642900 <== mon.0 v2:172.21.15.88:3300/0 6 ==== mon_command_ack([{"prefix": "get_command_descriptions"}]=0 v0) v1 ==== 72+0+173756 (secure 0 0 0) 0x7fb548019680 con 0x7fb558104410
2023-01-25T05:54:39.613 INFO:teuthology.orchestra.run.smithi088.stdout:/usr/bin/ceph: stderr
2023-01-25T05:54:39.081+0000 7fb5577fe700 1 -- 172.21.15.88:0/3578642900 >> [v2:172.21.15.88:6800/2989680299,v1:172.21.15.88:6801/2989680299] conn(0x7fb540036800 msgr2=0x7fb540038cb0 unknown :-1 s=STATE_CONNECTING_RE l=1).process reconnect failed to v2:172.21.15.88:6800/2989680299
2023-01-25T05:54:39.613 INFO:teuthology.orchestra.run.smithi088.stdout:/usr/bin/ceph: stderr
2023-01-25T05:54:39.081+0000 7fb5577fe700 1 --2- 172.21.15.88:0/3578642900 >> [v2:172.21.15.88:6800/2989680299,v1:172.21.15.88:6801/2989680299] conn(0x7fb540036800 0x7fb540038cb0 unknown :-1 s=START_CONNECT pgs=0 cs=0 l=1 rev1=0 crypto rx=0 tx=0 comp rx=0 tx=0)._fault waiting 0.400000
2023-01-25T05:54:39.613 INFO:teuthology.orchestra.run.smithi088.stdout:/usr/bin/ceph: stderr
2023-01-25T05:54:39.168+0000 7fb55ea2e700 1 -- 172.21.15.88:0/3578642900 --> [v2:172.21.15.88:3300/0,v1:172.21.15.88:6789/0] -- mon_command({"prefix": "mgr stat"} v 0) v1 -- 0x7fb55819b0e0 con 0x7fb558104410
2023-01-25T05:54:39.613 INFO:teuthology.orchestra.run.smithi088.stdout:/usr/bin/ceph: stderr
2023-01-25T05:54:39.169+0000 7fb5557fa700 1 -- 172.21.15.88:0/3578642900 <== mon.0 v2:172.21.15.88:3300/0 7 ==== mon_command_ack([{"prefix": "mgr stat"}]=0 v9) v1 ==== 56+0+88 (secure 0 0 0) 0x7fb548018350 con 0x7fb558104410
2023-01-25T05:54:39.613 INFO:teuthology.orchestra.run.smithi088.stdout:/usr/bin/ceph: stderr
2023-01-25T05:54:39.171+0000 7fb55ea2e700 10 mgrc shutdown
2023-01-25T05:54:39.614 INFO:teuthology.orchestra.run.smithi088.stdout:/usr/bin/ceph: stderr
2023-01-25T05:54:39.171+0000 7fb55ea2e700 1 -- 172.21.15.88:0/3578642900 >> [v2:172.21.15.88:6800/2989680299,v1:172.21.15.88:6801/2989680299] conn(0x7fb540036800 msgr2=0x7fb540038cb0 unknown :-1 s=STATE_CONNECTING l=1).mark_down
2023-01-25T05:54:39.614 INFO:teuthology.orchestra.run.smithi088.stdout:/usr/bin/ceph: stderr
2023-01-25T05:54:39.171+0000 7fb55ea2e700 1 --2- 172.21.15.88:0/3578642900 >> [v2:172.21.15.88:6800/2989680299,v1:172.21.15.88:6801/2989680299] conn(0x7fb540036800 0x7fb540038cb0 unknown :-1 s=START_CONNECT pgs=0 cs=0 l=1 rev1=0 crypto rx=0 tx=0 comp rx=0 tx=0).stop
2023-01-25T05:54:39.614 INFO:teuthology.orchestra.run.smithi088.stdout:/usr/bin/ceph: stderr
2023-01-25T05:54:39.171+0000 7fb55ea2e700 1 -- 172.21.15.88:0/3578642900 >> [v2:172.21.15.88:3300/0,v1:172.21.15.88:6789/0] conn(0x7fb558104410 msgr2=0x7fb558102a90 secure :-1 s=STATE_CONNECTION_ESTABLISHED l=1).mark_down
2023-01-25T05:54:39.614 INFO:teuthology.orchestra.run.smithi088.stdout:/usr/bin/ceph: stderr
2023-01-25T05:54:39.171+0000 7fb55ea2e700 1 --2- 172.21.15.88:0/3578642900 >> [v2:172.21.15.88:3300/0,v1:172.21.15.88:6789/0] conn(0x7fb558104410 0x7fb558102a90 secure :-1 s=READY pgs=60 cs=0 l=1 rev1=1 crypto rx=0x7fb548006ba0 tx=0x7fb548011910 comp rx=0 tx=0).stop
2023-01-25T05:54:39.614 INFO:teuthology.orchestra.run.smithi088.stdout:/usr/bin/ceph: stderr
2023-01-25T05:54:39.171+0000 7fb55ea2e700 1 -- 172.21.15.88:0/3578642900 shutdown_connections
2023-01-25T05:54:39.615 INFO:teuthology.orchestra.run.smithi088.stdout:/usr/bin/ceph: stderr
2023-01-25T05:54:39.171+0000 7fb55ea2e700 1 --2- 172.21.15.88:0/3578642900 >> [v2:172.21.15.88:6800/2989680299,v1:172.21.15.88:6801/2989680299] conn(0x7fb540036800 0x7fb540038cb0 unknown :-1 s=CLOSED pgs=0 cs=0 l=1 rev1=0 crypto rx=0 tx=0 comp rx=0 tx=0).stop
2023-01-25T05:54:39.615 INFO:teuthology.orchestra.run.smithi088.stdout:/usr/bin/ceph: stderr
2023-01-25T05:54:39.171+0000 7fb55ea2e700 1 --2- 172.21.15.88:0/3578642900 >> [v2:172.21.15.88:3300/0,v1:172.21.15.88:6789/0] conn(0x7fb558104410 0x7fb558102a90 unknown :-1 s=CLOSED pgs=60 cs=0 l=1 rev1=1 crypto rx=0 tx=0 comp rx=0 tx=0).stop
2023-01-25T05:54:39.615 INFO:teuthology.orchestra.run.smithi088.stdout:/usr/bin/ceph: stderr
2023-01-25T05:54:39.171+0000 7fb55ea2e700 1 -- 172.21.15.88:0/3578642900 >> 172.21.15.88:0/3578642900 conn(0x7fb5580fdb10 msgr2=0x7fb5580fe860 unknown :-1 s=STATE_NONE l=0).mark_down
2023-01-25T05:54:39.615 INFO:teuthology.orchestra.run.smithi088.stdout:/usr/bin/ceph: stderr
