2023-01-25T05:54:14.085 INFO:teuthology.orchestra.run.smithi088.stdout:/usr/bin/ceph: stderr
2023-01-25T05:54:13.025+0000 7f9874ff9700 1 -- 172.21.15.88:0/1020093752 <== mon.0 v2:172.21.15.88:3300/0 2 ==== config(24 keys) v1 ==== 1004+0+0 (secure 0 0 0) 0x7f986801b440 con 0x7f9878073710
2023-01-25T05:54:14.085 INFO:teuthology.orchestra.run.smithi088.stdout:/usr/bin/ceph: stderr
2023-01-25T05:54:13.025+0000 7f987d6c1700 1 -- 172.21.15.88:0/1020093752 --> [v2:172.21.15.88:3300/0,v1:172.21.15.88:6789/0] -- mon_subscribe({mgrmap=0+}) v3 -- 0x7f987810a2c0 con 0x7f9878073710
2023-01-25T05:54:14.085 INFO:teuthology.orchestra.run.smithi088.stdout:/usr/bin/ceph: stderr
2023-01-25T05:54:13.025+0000 7f9874ff9700 1 -- 172.21.15.88:0/1020093752 <== mon.0 v2:172.21.15.88:3300/0 3 ==== mon_map magic: 0 v1 ==== 205+0+0 (secure 0 0 0) 0x7f98680193d0 con 0x7f9878073710
2023-01-25T05:54:14.085 INFO:teuthology.orchestra.run.smithi088.stdout:/usr/bin/ceph: stderr
2023-01-25T05:54:13.025+0000 7f987d6c1700 1 -- 172.21.15.88:0/1020093752 --> [v2:172.21.15.88:3300/0,v1:172.21.15.88:6789/0] -- mon_subscribe({osdmap=0}) v3 -- 0x7f987810a130 con 0x7f9878073710
2023-01-25T05:54:14.086 INFO:teuthology.orchestra.run.smithi088.stdout:/usr/bin/ceph: stderr
2023-01-25T05:54:13.026+0000 7f9874ff9700 1 -- 172.21.15.88:0/1020093752 <== mon.0 v2:172.21.15.88:3300/0 4 ==== mgrmap(e 4) v1 ==== 43498+0+0 (secure 0 0 0) 0x7f986802a070 con 0x7f9878073710
2023-01-25T05:54:14.086 INFO:teuthology.orchestra.run.smithi088.stdout:/usr/bin/ceph: stderr
2023-01-25T05:54:13.026+0000 7f9874ff9700 20 mgrc handle_mgr_map mgrmap(e 4) v1
2023-01-25T05:54:14.086 INFO:teuthology.orchestra.run.smithi088.stdout:/usr/bin/ceph: stderr
2023-01-25T05:54:13.026+0000 7f987d6c1700 1 -- 172.21.15.88:0/1020093752 --> [v2:172.21.15.88:3300/0,v1:172.21.15.88:6789/0] -- mon_command({"prefix": "get_command_descriptions"} v 0) v1 -- 0x7f987810a450 con 0x7f9878073710
2023-01-25T05:54:14.086 INFO:teuthology.orchestra.run.smithi088.stdout:/usr/bin/ceph: stderr
2023-01-25T05:54:13.026+0000 7f9874ff9700 4 mgrc handle_mgr_map Got map version 4
2023-01-25T05:54:14.086 INFO:teuthology.orchestra.run.smithi088.stdout:/usr/bin/ceph: stderr
2023-01-25T05:54:13.026+0000 7f9874ff9700 4 mgrc handle_mgr_map Active mgr is now [v2:172.21.15.88:6800/1245326124,v1:172.21.15.88:6801/1245326124]
2023-01-25T05:54:14.087 INFO:teuthology.orchestra.run.smithi088.stdout:/usr/bin/ceph: stderr
2023-01-25T05:54:13.026+0000 7f9874ff9700 4 mgrc reconnect Starting new session with [v2:172.21.15.88:6800/1245326124,v1:172.21.15.88:6801/1245326124]
2023-01-25T05:54:14.087 INFO:teuthology.orchestra.run.smithi088.stdout:/usr/bin/ceph: stderr
2023-01-25T05:54:13.026+0000 7f9874ff9700 1 --2- 172.21.15.88:0/1020093752 >> [v2:172.21.15.88:6800/1245326124,v1:172.21.15.88:6801/1245326124] conn(0x7f9864036760 0x7f9864038c10 unknown :-1 s=NONE pgs=0 cs=0 l=1 rev1=0 crypto rx=0 tx=0 comp rx=0 tx=0).connect
2023-01-25T05:54:14.087 INFO:teuthology.orchestra.run.smithi088.stdout:/usr/bin/ceph: stderr
2023-01-25T05:54:13.026+0000 7f9874ff9700 1 -- 172.21.15.88:0/1020093752 <== mon.0 v2:172.21.15.88:3300/0 5 ==== osd_map(1..1 src has 1..1) v4 ==== 725+0+0 (secure 0 0 0) 0x7f9868049a50 con 0x7f9878073710
2023-01-25T05:54:14.087 INFO:teuthology.orchestra.run.smithi088.stdout:/usr/bin/ceph: stderr
2023-01-25T05:54:13.026+0000 7f986e7fc700 1 --2- 172.21.15.88:0/1020093752 >> [v2:172.21.15.88:6800/1245326124,v1:172.21.15.88:6801/1245326124] conn(0x7f9864036760 0x7f9864038c10 unknown :-1 s=BANNER_CONNECTING pgs=0 cs=0 l=1 rev1=0 crypto rx=0 tx=0 comp rx=0 tx=0)._handle_peer_banner_payload supported=3 required=0
2023-01-25T05:54:14.087 INFO:teuthology.orchestra.run.smithi088.stdout:/usr/bin/ceph: stderr
2023-01-25T05:54:13.026+0000 7f986e7fc700 1 --2- 172.21.15.88:0/1020093752 >> [v2:172.21.15.88:6800/1245326124,v1:172.21.15.88:6801/1245326124] conn(0x7f9864036760 0x7f9864038c10 secure :-1 s=READY pgs=6 cs=0 l=1 rev1=1 crypto rx=0x7f9860006fd0 tx=0x7f9860006e40 comp rx=0 tx=0).ready entity=mgr.14100 client_cookie=0 server_cookie=0 in_seq=0 out_seq=0
2023-01-25T05:54:14.088 INFO:teuthology.orchestra.run.smithi088.stdout:/usr/bin/ceph: stderr
2023-01-25T05:54:13.031+0000 7f9874ff9700 1 -- 172.21.15.88:0/1020093752 <== mon.0 v2:172.21.15.88:3300/0 6 ==== mon_command_ack([{"prefix": "get_command_descriptions"}]=0 v0) v1 ==== 72+0+173756 (secure 0 0 0) 0x7f986802b920 con 0x7f9878073710
2023-01-25T05:54:14.088 INFO:teuthology.orchestra.run.smithi088.stdout:/usr/bin/ceph: stderr
2023-01-25T05:54:13.294+0000 7f987d6c1700 1 -- 172.21.15.88:0/1020093752 --> [v2:172.21.15.88:3300/0,v1:172.21.15.88:6789/0] -- mon_command({"prefix": "status", "format": "json-pretty"} v 0) v1 -- 0x7f9878061b90 con 0x7f9878073710
2023-01-25T05:54:14.088 INFO:teuthology.orchestra.run.smithi088.stdout:/usr/bin/ceph: stderr
2023-01-25T05:54:13.294+0000 7f9874ff9700 1 -- 172.21.15.88:0/1020093752 <== mon.0 v2:172.21.15.88:3300/0 7 ==== mon_command_ack([{"prefix": "status", "format": "json-pretty"}]=0 v0) v1 ==== 79+0+1238 (secure 0 0 0) 0x7f986802b350 con 0x7f9878073710
2023-01-25T05:54:14.088 INFO:teuthology.orchestra.run.smithi088.stdout:/usr/bin/ceph: stderr
2023-01-25T05:54:13.296+0000 7f987d6c1700 10 mgrc shutdown
2023-01-25T05:54:14.089 INFO:teuthology.orchestra.run.smithi088.stdout:/usr/bin/ceph: stderr
2023-01-25T05:54:13.296+0000 7f987d6c1700 1 -- 172.21.15.88:0/1020093752 >> [v2:172.21.15.88:6800/1245326124,v1:172.21.15.88:6801/1245326124] conn(0x7f9864036760 msgr2=0x7f9864038c10 secure :-1 s=STATE_CONNECTION_ESTABLISHED l=1).mark_down
2023-01-25T05:54:14.089 INFO:teuthology.orchestra.run.smithi088.stdout:/usr/bin/ceph: stderr
2023-01-25T05:54:13.296+0000 7f987d6c1700 1 --2- 172.21.15.88:0/1020093752 >> [v2:172.21.15.88:6800/1245326124,v1:172.21.15.88:6801/1245326124] conn(0x7f9864036760 0x7f9864038c10 secure :-1 s=READY pgs=6 cs=0 l=1 rev1=1 crypto rx=0x7f9860006fd0 tx=0x7f9860006e40 comp rx=0 tx=0).stop
2023-01-25T05:54:14.089 INFO:teuthology.orchestra.run.smithi088.stdout:/usr/bin/ceph: stderr
2023-01-25T05:54:13.296+0000 7f987d6c1700 1 -- 172.21.15.88:0/1020093752 >> [v2:172.21.15.88:3300/0,v1:172.21.15.88:6789/0] conn(0x7f9878073710 msgr2=0x7f9878199d40 secure :-1 s=STATE_CONNECTION_ESTABLISHED l=1).mark_down
2023-01-25T05:54:14.089 INFO:teuthology.orchestra.run.smithi088.stdout:/usr/bin/ceph: stderr
2023-01-25T05:54:13.296+0000 7f987d6c1700 1 --2- 172.21.15.88:0/1020093752 >> [v2:172.21.15.88:3300/0,v1:172.21.15.88:6789/0] conn(0x7f9878073710 0x7f9878199d40 secure :-1 s=READY pgs=19 cs=0 l=1 rev1=1 crypto rx=0x7f9868003b60 tx=0x7f9868011a50 comp rx=0 tx=0).stop
2023-01-25T05:54:14.089 INFO:teuthology.orchestra.run.smithi088.stdout:/usr/bin/ceph: stderr
2023-01-25T05:54:13.296+0000 7f987d6c1700 1 -- 172.21.15.88:0/1020093752 shutdown_connections
2023-01-25T05:54:14.090 INFO:teuthology.orchestra.run.smithi088.stdout:/usr/bin/ceph: stderr
2023-01-25T05:54:13.296+0000 7f987d6c1700 1 --2- 172.21.15.88:0/1020093752 >> [v2:172.21.15.88:6800/1245326124,v1:172.21.15.88:6801/1245326124] conn(0x7f9864036760 0x7f9864038c10 unknown :-1 s=CLOSED pgs=6 cs=0 l=1 rev1=1 crypto rx=0 tx=0 comp rx=0 tx=0).stop
2023-01-25T05:54:14.090 INFO:teuthology.orchestra.run.smithi088.stdout:/usr/bin/ceph: stderr
2023-01-25T05:54:13.296+0000 7f987d6c1700 1 --2- 172.21.15.88:0/1020093752 >> [v2:172.21.15.88:3300/0,v1:172.21.15.88:6789/0] conn(0x7f9878073710 0x7f9878199d40 unknown :-1 s=CLOSED pgs=19 cs=0 l=1 rev1=1 crypto rx=0 tx=0 comp rx=0 tx=0).stop
2023-01-25T05:54:14.090 INFO:teuthology.orchestra.run.smithi088.stdout:/usr/bin/ceph: stderr
2023-01-25T05:54:13.296+0000 7f987d6c1700 1 -- 172.21.15.88:0/1020093752 >> 172.21.15.88:0/1020093752 conn(0x7f98780fe400 msgr2=0x7f98780ff190 unknown :-1 s=STATE_NONE l=0).mark_down
2023-01-25T05:54:14.090 INFO:teuthology.orchestra.run.smithi088.stdout:/usr/bin/ceph: stderr
2023-01-25T05:54:13.296+0000 7f987d6c1700 1 -- 172.21.15.88:0/1020093752 shutdown_connections
2023-01-25T05:54:14.090 INFO:teuthology.orchestra.run.smithi088.stdout:/usr/bin/ceph: stderr
2023-01-25T05:54:13.296+0000 7f987d6c1700 1 -- 172.21.15.88:0/1020093752 wait complete.
2023-01-25T05:54:14.091 INFO:teuthology.orchestra.run.smithi088.stdout:mgr is available
2023-01-25T05:54:14.988 INFO:journalctl@ceph.mon.a.smithi088.stdout:Jan 25 05:54:14 smithi088 ceph-mon[102165]: from='client.? 172.21.15.88:0/4150546935' entity='client.admin' cmd=[{"prefix": "config assimilate-conf"}]: dispatch
2023-01-25T05:54:15.088 INFO:teuthology.orchestra.run.smithi088.stdout:/usr/bin/ceph: stdout
2023-01-25T05:54:15.095 INFO:teuthology.orchestra.run.smithi088.stdout:/usr/bin/ceph: stdout [global]
2023-01-25T05:54:15.095 INFO:teuthology.orchestra.run.smithi088.stdout:/usr/bin/ceph: stdout fsid = 8e1fe42c-9c74-11ed-9e56-001a4aab830c
2023-01-25T05:54:15.096 INFO:teuthology.orchestra.run.smithi088.stdout:/usr/bin/ceph: stdout mon_osd_allow_pg_remap = true
2023-01-25T05:54:15.096 INFO:teuthology.orchestra.run.smithi088.stdout:/usr/bin/ceph: stdout mon_osd_allow_primary_affinity = true
2023-01-25T05:54:15.096 INFO:teuthology.orchestra.run.smithi088.stdout:/usr/bin/ceph: stdout mon_warn_on_no_sortbitwise = false
2023-01-25T05:54:15.096 INFO:teuthology.orchestra.run.smithi088.stdout:/usr/bin/ceph: stdout osd_crush_chooseleaf_type = 0
2023-01-25T05:54:15.096 INFO:teuthology.orchestra.run.smithi088.stdout:/usr/bin/ceph: stdout
2023-01-25T05:54:15.097 INFO:teuthology.orchestra.run.smithi088.stdout:/usr/bin/ceph: stdout [mgr]
2023-01-25T05:54:15.097 INFO:teuthology.orchestra.run.smithi088.stdout:/usr/bin/ceph: stdout mgr/telemetry/nag = false
2023-01-25T05:54:15.097 INFO:teuthology.orchestra.run.smithi088.stdout:/usr/bin/ceph: stdout
2023-01-25T05:54:15.097 INFO:teuthology.orchestra.run.smithi088.stdout:/usr/bin/ceph: stdout [osd]
2023-01-25T05:54:15.097 INFO:teuthology.orchestra.run.smithi088.stdout:/usr/bin/ceph: stdout mon_osd_backfillfull_ratio = 0.85
2023-01-25T05:54:15.098 INFO:teuthology.orchestra.run.smithi088.stdout:/usr/bin/ceph: stdout mon_osd_full_ratio = 0.9
2023-01-25T05:54:15.098 INFO:teuthology.orchestra.run.smithi088.stdout:/usr/bin/ceph: stdout mon_osd_nearfull_ratio = 0.8
2023-01-25T05:54:15.098 INFO:teuthology.orchestra.run.smithi088.stdout:/usr/bin/ceph: stdout osd_map_max_advance = 10
2023-01-25T05:54:15.098 INFO:teuthology.orchestra.run.smithi088.stdout:/usr/bin/ceph: stdout osd_sloppy_crc = true
2023-01-25T05:54:15.099 INFO:teuthology.orchestra.run.smithi088.stdout:/usr/bin/ceph: stderr
2023-01-25T05:54:14.457+0000 7efeeb83b700 1 Processor -- start
2023-01-25T05:54:15.099 INFO:teuthology.orchestra.run.smithi088.stdout:/usr/bin/ceph: stderr
2023-01-25T05:54:14.457+0000 7efeeb83b700 1 -- start start
2023-01-25T05:54:15.099 INFO:teuthology.orchestra.run.smithi088.stdout:/usr/bin/ceph: stderr
2023-01-25T05:54:14.457+0000 7efeeb83b700 1 --2- >> [v2:172.21.15.88:3300/0,v1:172.21.15.88:6789/0] conn(0x7efee41049b0 0x7efee4106d90 unknown :-1 s=NONE pgs=0 cs=0 l=0 rev1=0 crypto rx=0 tx=0 comp rx=0 tx=0).connect
2023-01-25T05:54:15.099 INFO:teuthology.orchestra.run.smithi088.stdout:/usr/bin/ceph: stderr
2023-01-25T05:54:14.457+0000 7efeeb83b700 1 -- --> [v2:172.21.15.88:3300/0,v1:172.21.15.88:6789/0] -- mon_getmap magic: 0 v1 -- 0x7efee4077ec0 con 0x7efee41049b0
2023-01-25T05:54:15.099 INFO:teuthology.orchestra.run.smithi088.stdout:/usr/bin/ceph: stderr
2023-01-25T05:54:14.457+0000 7efee95d7700 1 --2- >> [v2:172.21.15.88:3300/0,v1:172.21.15.88:6789/0] conn(0x7efee41049b0 0x7efee4106d90 unknown :-1 s=BANNER_CONNECTING pgs=0 cs=0 l=0 rev1=0 crypto rx=0 tx=0 comp rx=0 tx=0)._handle_peer_banner_payload supported=3 required=0
2023-01-25T05:54:15.100 INFO:teuthology.orchestra.run.smithi088.stdout:/usr/bin/ceph: stderr
2023-01-25T05:54:14.457+0000 7efee95d7700 1 --2- >> [v2:172.21.15.88:3300/0,v1:172.21.15.88:6789/0] conn(0x7efee41049b0 0x7efee4106d90 unknown :-1 s=HELLO_CONNECTING pgs=0 cs=0 l=0 rev1=1 crypto rx=0 tx=0 comp rx=0 tx=0).handle_hello peer v2:172.21.15.88:3300/0 says I am v2:172.21.15.88:51146/0 (socket says 172.21.15.88:51146)
2023-01-25T05:54:15.100 INFO:teuthology.orchestra.run.smithi088.stdout:/usr/bin/ceph: stderr
2023-01-25T05:54:14.457+0000 7efee95d7700 1 -- 172.21.15.88:0/363065617 learned_addr learned my addr 172.21.15.88:0/363065617 (peer_addr_for_me v2:172.21.15.88:0/0)
2023-01-25T05:54:15.100 INFO:teuthology.orchestra.run.smithi088.stdout:/usr/bin/ceph: stderr
2023-01-25T05:54:14.458+0000 7efee95d7700 1 -- 172.21.15.88:0/363065617 --> [v2:172.21.15.88:3300/0,v1:172.21.15.88:6789/0] -- mon_subscribe({config=0+,monmap=0+}) v3 -- 0x7efee41072d0 con 0x7efee41049b0
2023-01-25T05:54:15.100 INFO:teuthology.orchestra.run.smithi088.stdout:/usr/bin/ceph: stderr
2023-01-25T05:54:14.458+0000 7efee95d7700 1 --2- 172.21.15.88:0/363065617 >> [v2:172.21.15.88:3300/0,v1:172.21.15.88:6789/0] conn(0x7efee41049b0 0x7efee4106d90 secure :-1 s=READY pgs=20 cs=0 l=1 rev1=1 crypto rx=0x7efee00098a0 tx=0x7efee0009bb0 comp rx=0 tx=0).ready entity=mon.0 client_cookie=40f59b507591b7 server_cookie=0 in_seq=0 out_seq=0
2023-01-25T05:54:15.100 INFO:teuthology.orchestra.run.smithi088.stdout:/usr/bin/ceph: stderr
2023-01-25T05:54:14.458+0000 7efedbfff700 1 -- 172.21.15.88:0/363065617 <== mon.0 v2:172.21.15.88:3300/0 1 ==== mon_map magic: 0 v1 ==== 205+0+0 (secure 0 0 0) 0x7efee0004160 con 0x7efee41049b0
2023-01-25T05:54:15.101 INFO:teuthology.orchestra.run.smithi088.stdout:/usr/bin/ceph: stderr
2023-01-25T05:54:14.458+0000 7efedbfff700 1 -- 172.21.15.88:0/363065617 <== mon.0 v2:172.21.15.88:3300/0 2 ==== config(24 keys) v1 ==== 1004+0+0 (secure 0 0 0) 0x7efee00036a0 con 0x7efee41049b0
2023-01-25T05:54:15.101 INFO:teuthology.orchestra.run.smithi088.stdout:/usr/bin/ceph: stderr
2023-01-25T05:54:14.458+0000 7efedbfff700 1 -- 172.21.15.88:0/363065617 <== mon.0 v2:172.21.15.88:3300/0 3 ==== mon_map magic: 0 v1 ==== 205+0+0 (secure 0 0 0) 0x7efee0011870 con 0x7efee41049b0
2023-01-25T05:54:15.101 INFO:teuthology.orchestra.run.smithi088.stdout:/usr/bin/ceph: stderr
2023-01-25T05:54:14.458+0000 7efeeb83b700 1 -- 172.21.15.88:0/363065617 >> [v2:172.21.15.88:3300/0,v1:172.21.15.88:6789/0] conn(0x7efee41049b0 msgr2=0x7efee4106d90 secure :-1 s=STATE_CONNECTION_ESTABLISHED l=1).mark_down
2023-01-25T05:54:15.101 INFO:teuthology.orchestra.run.smithi088.stdout:/usr/bin/ceph: stderr
2023-01-25T05:54:14.458+0000 7efeeb83b700 1 --2- 172.21.15.88:0/363065617 >> [v2:172.21.15.88:3300/0,v1:172.21.15.88:6789/0] conn(0x7efee41049b0 0x7efee4106d90 secure :-1 s=READY pgs=20 cs=0 l=1 rev1=1 crypto rx=0x7efee00098a0 tx=0x7efee0009bb0 comp rx=0 tx=0).stop
2023-01-25T05:54:15.101 INFO:teuthology.orchestra.run.smithi088.stdout:/usr/bin/ceph: stderr
2023-01-25T05:54:14.459+0000 7efeeb83b700 1 -- 172.21.15.88:0/363065617 shutdown_connections
2023-01-25T05:54:15.102 INFO:teuthology.orchestra.run.smithi088.stdout:/usr/bin/ceph: stderr
2023-01-25T05:54:14.459+0000 7efeeb83b700 1 --2- 172.21.15.88:0/363065617 >> [v2:172.21.15.88:3300/0,v1:172.21.15.88:6789/0] conn(0x7efee41049b0 0x7efee4106d90 unknown :-1 s=CLOSED pgs=20 cs=0 l=1 rev1=1 crypto rx=0 tx=0 comp rx=0 tx=0).stop
2023-01-25T05:54:15.102 INFO:teuthology.orchestra.run.smithi088.stdout:/usr/bin/ceph: stderr
2023-01-25T05:54:14.459+0000 7efeeb83b700 1 -- 172.21.15.88:0/363065617 >> 172.21.15.88:0/363065617 conn(0x7efee40fe3b0 msgr2=0x7efee4100800 unknown :-1 s=STATE_NONE l=0).mark_down
2023-01-25T05:54:15.102 INFO:teuthology.orchestra.run.smithi088.stdout:/usr/bin/ceph: stderr
2023-01-25T05:54:14.459+0000 7efeeb83b700 1 -- 172.21.15.88:0/363065617 shutdown_connections
2023-01-25T05:54:15.102 INFO:teuthology.orchestra.run.smithi088.stdout:/usr/bin/ceph: stderr
2023-01-25T05:54:14.459+0000 7efeeb83b700 1 -- 172.21.15.88:0/363065617 wait complete.
2023-01-25T05:54:15.102 INFO:teuthology.orchestra.run.smithi088.stdout:/usr/bin/ceph: stderr
2023-01-25T05:54:14.459+0000 7efeeb83b700 1 Processor -- start
2023-01-25T05:54:15.103 INFO:teuthology.orchestra.run.smithi088.stdout:/usr/bin/ceph: stderr
2023-01-25T05:54:14.459+0000 7efeeb83b700 1 -- start start
2023-01-25T05:54:15.103 INFO:teuthology.orchestra.run.smithi088.stdout:/usr/bin/ceph: stderr
2023-01-25T05:54:14.459+0000 7efeeb83b700 1 --2- >> [v2:172.21.15.88:3300/0,v1:172.21.15.88:6789/0] conn(0x7efee41049b0 0x7efee4197ad0 unknown :-1 s=NONE pgs=0 cs=0 l=1 rev1=0 crypto rx=0 tx=0 comp rx=0 tx=0).connect
2023-01-25T05:54:15.103 INFO:teuthology.orchestra.run.smithi088.stdout:/usr/bin/ceph: stderr
2023-01-25T05:54:14.459+0000 7efeeb83b700 1 -- --> [v2:172.21.15.88:3300/0,v1:172.21.15.88:6789/0] -- mon_getmap magic: 0 v1 -- 0x7efee4198010 con 0x7efee41049b0
2023-01-25T05:54:15.103 INFO:teuthology.orchestra.run.smithi088.stdout:/usr/bin/ceph: stderr
2023-01-25T05:54:14.459+0000 7efee95d7700 1 --2- >> [v2:172.21.15.88:3300/0,v1:172.21.15.88:6789/0] conn(0x7efee41049b0 0x7efee4197ad0 unknown :-1 s=BANNER_CONNECTING pgs=0 cs=0 l=1 rev1=0 crypto rx=0 tx=0 comp rx=0 tx=0)._handle_peer_banner_payload supported=3 required=0
2023-01-25T05:54:15.103 INFO:teuthology.orchestra.run.smithi088.stdout:/usr/bin/ceph: stderr
2023-01-25T05:54:14.459+0000 7efee95d7700 1 --2- >> [v2:172.21.15.88:3300/0,v1:172.21.15.88:6789/0] conn(0x7efee41049b0 0x7efee4197ad0 unknown :-1 s=HELLO_CONNECTING pgs=0 cs=0 l=1 rev1=1 crypto rx=0 tx=0 comp rx=0 tx=0).handle_hello peer v2:172.21.15.88:3300/0 says I am v2:172.21.15.88:51162/0 (socket says 172.21.15.88:51162)
2023-01-25T05:54:15.104 INFO:teuthology.orchestra.run.smithi088.stdout:/usr/bin/ceph: stderr
2023-01-25T05:54:14.459+0000 7efee95d7700 1 -- 172.21.15.88:0/4150546935 learned_addr learned my addr 172.21.15.88:0/4150546935 (peer_addr_for_me v2:172.21.15.88:0/0)
2023-01-25T05:54:15.104 INFO:teuthology.orchestra.run.smithi088.stdout:/usr/bin/ceph: stderr
2023-01-25T05:54:14.460+0000 7efee95d7700 1 -- 172.21.15.88:0/4150546935 --> [v2:172.21.15.88:3300/0,v1:172.21.15.88:6789/0] -- mon_subscribe({config=0+,monmap=0+}) v3 -- 0x7efee0009550 con 0x7efee41049b0
2023-01-25T05:54:15.104 INFO:teuthology.orchestra.run.smithi088.stdout:/usr/bin/ceph: stderr
2023-01-25T05:54:14.460+0000 7efee95d7700 1 --2- 172.21.15.88:0/4150546935 >> [v2:172.21.15.88:3300/0,v1:172.21.15.88:6789/0] conn(0x7efee41049b0 0x7efee4197ad0 secure :-1 s=READY pgs=21 cs=0 l=1 rev1=1 crypto rx=0x7efee00119a0 tx=0x7efee0011b30 comp rx=0 tx=0).ready entity=mon.0 client_cookie=0 server_cookie=0 in_seq=0 out_seq=0
2023-01-25T05:54:15.104 INFO:teuthology.orchestra.run.smithi088.stdout:/usr/bin/ceph: stderr
2023-01-25T05:54:14.460+0000 7efeda7fc700 1 -- 172.21.15.88:0/4150546935 <== mon.0 v2:172.21.15.88:3300/0 1 ==== mon_map magic: 0 v1 ==== 205+0+0 (secure 0 0 0) 0x7efee0004110 con 0x7efee41049b0
2023-01-25T05:54:15.104 INFO:teuthology.orchestra.run.smithi088.stdout:/usr/bin/ceph: stderr
2023-01-25T05:54:14.460+0000 7efeeb83b700 1 -- 172.21.15.88:0/4150546935 --> [v2:172.21.15.88:3300/0,v1:172.21.15.88:6789/0] -- mon_subscribe({mgrmap=0+}) v3 -- 0x7efee41081a0 con 0x7efee41049b0
2023-01-25T05:54:15.105 INFO:teuthology.orchestra.run.smithi088.stdout:/usr/bin/ceph: stderr
2023-01-25T05:54:14.460+0000 7efeda7fc700 1 -- 172.21.15.88:0/4150546935 <== mon.0 v2:172.21.15.88:3300/0 2 ==== config(24 keys) v1 ==== 1004+0+0 (secure 0 0 0) 0x7efee001b440 con 0x7efee41049b0
2023-01-25T05:54:15.105 INFO:teuthology.orchestra.run.smithi088.stdout:/usr/bin/ceph: stderr
2023-01-25T05:54:14.460+0000 7efeda7fc700 1 -- 172.21.15.88:0/4150546935 <== mon.0 v2:172.21.15.88:3300/0 3 ==== mon_map magic: 0 v1 ==== 205+0+0 (secure 0 0 0) 0x7efee00193d0 con 0x7efee41049b0
2023-01-25T05:54:15.105 INFO:teuthology.orchestra.run.smithi088.stdout:/usr/bin/ceph: stderr
2023-01-25T05:54:14.460+0000 7efeeb83b700 1 -- 172.21.15.88:0/4150546935 --> [v2:172.21.15.88:3300/0,v1:172.21.15.88:6789/0] -- mon_subscribe({osdmap=0}) v3 -- 0x7efee4108010 con 0x7efee41049b0
2023-01-25T05:54:15.105 INFO:teuthology.orchestra.run.smithi088.stdout:/usr/bin/ceph: stderr
2023-01-25T05:54:14.461+0000 7efeda7fc700 1 -- 172.21.15.88:0/4150546935 <== mon.0 v2:172.21.15.88:3300/0 4 ==== mgrmap(e 4) v1 ==== 43498+0+0 (secure 0 0 0) 0x7efee002a070 con 0x7efee41049b0
2023-01-25T05:54:15.105 INFO:teuthology.orchestra.run.smithi088.stdout:/usr/bin/ceph: stderr
2023-01-25T05:54:14.461+0000 7efeda7fc700 20 mgrc handle_mgr_map mgrmap(e 4) v1
2023-01-25T05:54:15.106 INFO:teuthology.orchestra.run.smithi088.stdout:/usr/bin/ceph: stderr
2023-01-25T05:54:14.461+0000 7efeda7fc700 4 mgrc handle_mgr_map Got map version 4
2023-01-25T05:54:15.106 INFO:teuthology.orchestra.run.smithi088.stdout:/usr/bin/ceph: stderr
2023-01-25T05:54:14.461+0000 7efeda7fc700 4 mgrc handle_mgr_map Active mgr is now [v2:172.21.15.88:6800/1245326124,v1:172.21.15.88:6801/1245326124]
2023-01-25T05:54:15.106 INFO:teuthology.orchestra.run.smithi088.stdout:/usr/bin/ceph: stderr
2023-01-25T05:54:14.461+0000 7efeda7fc700 4 mgrc reconnect Starting new session with [v2:172.21.15.88:6800/1245326124,v1:172.21.15.88:6801/1245326124]
2023-01-25T05:54:15.106 INFO:teuthology.orchestra.run.smithi088.stdout:/usr/bin/ceph: stderr
2023-01-25T05:54:14.461+0000 7efeda7fc700 1 --2- 172.21.15.88:0/4150546935 >> [v2:172.21.15.88:6800/1245326124,v1:172.21.15.88:6801/1245326124] conn(0x7efed00367b0 0x7efed0038c60 unknown :-1 s=NONE pgs=0 cs=0 l=1 rev1=0 crypto rx=0 tx=0 comp rx=0 tx=0).connect
2023-01-25T05:54:15.107 INFO:teuthology.orchestra.run.smithi088.stdout:/usr/bin/ceph: stderr
2023-01-25T05:54:14.461+0000 7efeda7fc700 1 -- 172.21.15.88:0/4150546935 <== mon.0 v2:172.21.15.88:3300/0 5 ==== osd_map(1..1 src has 1..1) v4 ==== 725+0+0 (secure 0 0 0) 0x7efee0049a10 con 0x7efee41049b0
2023-01-25T05:54:15.107 INFO:teuthology.orchestra.run.smithi088.stdout:/usr/bin/ceph: stderr
2023-01-25T05:54:14.461+0000 7efeeb83b700 1 -- 172.21.15.88:0/4150546935 --> [v2:172.21.15.88:3300/0,v1:172.21.15.88:6789/0] -- mon_command({"prefix": "get_command_descriptions"} v 0) v1 -- 0x7efee4108330 con 0x7efee41049b0
2023-01-25T05:54:15.107 INFO:teuthology.orchestra.run.smithi088.stdout:/usr/bin/ceph: stderr
2023-01-25T05:54:14.461+0000 7efee8dd6700 1 --2- 172.21.15.88:0/4150546935 >> [v2:172.21.15.88:6800/1245326124,v1:172.21.15.88:6801/1245326124] conn(0x7efed00367b0 0x7efed0038c60 unknown :-1 s=BANNER_CONNECTING pgs=0 cs=0 l=1 rev1=0 crypto rx=0 tx=0 comp rx=0 tx=0)._handle_peer_banner_payload supported=3 required=0
2023-01-25T05:54:15.107 INFO:teuthology.orchestra.run.smithi088.stdout:/usr/bin/ceph: stderr
2023-01-25T05:54:14.461+0000 7efee8dd6700 1 --2- 172.21.15.88:0/4150546935 >> [v2:172.21.15.88:6800/1245326124,v1:172.21.15.88:6801/1245326124] conn(0x7efed00367b0 0x7efed0038c60 secure :-1 s=READY pgs=7 cs=0 l=1 rev1=1 crypto rx=0x7efed4006fd0 tx=0x7efed4006e40 comp rx=0 tx=0).ready entity=mgr.14100 client_cookie=0 server_cookie=0 in_seq=0 out_seq=0
2023-01-25T05:54:15.107 INFO:teuthology.orchestra.run.smithi088.stdout:/usr/bin/ceph: stderr
2023-01-25T05:54:14.466+0000 7efeda7fc700 1 -- 172.21.15.88:0/4150546935 <== mon.0 v2:172.21.15.88:3300/0 6 ==== mon_command_ack([{"prefix": "get_command_descriptions"}]=0 v0) v1 ==== 72+0+173756 (secure 0 0 0) 0x7efee002b530 con 0x7efee41049b0
2023-01-25T05:54:15.108 INFO:teuthology.orchestra.run.smithi088.stdout:/usr/bin/ceph: stderr
2023-01-25T05:54:14.651+0000 7efeeb83b700 1 -- 172.21.15.88:0/4150546935 --> [v2:172.21.15.88:3300/0,v1:172.21.15.88:6789/0] -- mon_command({"prefix": "config assimilate-conf"} v 0) v1 -- 0x7efee4061b90 con 0x7efee41049b0
2023-01-25T05:54:15.108 INFO:teuthology.orchestra.run.smithi088.stdout:/usr/bin/ceph: stderr
2023-01-25T05:54:14.652+0000 7efeda7fc700 1 -- 172.21.15.88:0/4150546935 <== mon.0 v2:172.21.15.88:3300/0 7 ==== mon_command_ack([{"prefix": "config assimilate-conf"}]=0 v3) v1 ==== 70+0+373 (secure 0 0 0) 0x7efee002b350 con 0x7efee41049b0
2023-01-25T05:54:15.108 INFO:teuthology.orchestra.run.smithi088.stdout:/usr/bin/ceph: stderr
2023-01-25T05:54:14.654+0000 7efeeb83b700 10 mgrc shutdown
2023-01-25T05:54:15.108 INFO:teuthology.orchestra.run.smithi088.stdout:/usr/bin/ceph: stderr
2023-01-25T05:54:14.654+0000 7efeeb83b700 1 -- 172.21.15.88:0/4150546935 >> [v2:172.21.15.88:6800/1245326124,v1:172.21.15.88:6801/1245326124] conn(0x7efed00367b0 msgr2=0x7efed0038c60 secure :-1 s=STATE_CONNECTION_ESTABLISHED l=1).mark_down
2023-01-25T05:54:15.108 INFO:teuthology.orchestra.run.smithi088.stdout:/usr/bin/ceph: stderr
2023-01-25T05:54:14.654+0000 7efeeb83b700 1 --2- 172.21.15.88:0/4150546935 >> [v2:172.21.15.88:6800/1245326124,v1:172.21.15.88:6801/1245326124] conn(0x7efed00367b0 0x7efed0038c60 secure :-1 s=READY pgs=7 cs=0 l=1 rev1=1 crypto rx=0x7efed4006fd0 tx=0x7efed4006e40 comp rx=0 tx=0).stop
2023-01-25T05:54:15.109 INFO:teuthology.orchestra.run.smithi088.stdout:/usr/bin/ceph: stderr
2023-01-25T05:54:14.654+0000 7efeeb83b700 1 -- 172.21.15.88:0/4150546935 >> [v2:172.21.15.88:3300/0,v1:172.21.15.88:6789/0] conn(0x7efee41049b0 msgr2=0x7efee4197ad0 secure :-1 s=STATE_CONNECTION_ESTABLISHED l=1).mark_down
2023-01-25T05:54:15.109 INFO:teuthology.orchestra.run.smithi088.stdout:/usr/bin/ceph: stderr
2023-01-25T05:54:14.654+0000 7efeeb83b700 1 --2- 172.21.15.88:0/4150546935 >> [v2:172.21.15.88:3300/0,v1:172.21.15.88:6789/0] conn(0x7efee41049b0 0x7efee4197ad0 secure :-1 s=READY pgs=21 cs=0 l=1 rev1=1 crypto rx=0x7efee00119a0 tx=0x7efee0011b30 comp rx=0 tx=0).stop
2023-01-25T05:54:15.109 INFO:teuthology.orchestra.run.smithi088.stdout:/usr/bin/ceph: stderr
2023-01-25T05:54:14.654+0000 7efeeb83b700 1 -- 172.21.15.88:0/4150546935 shutdown_connections
2023-01-25T05:54:15.109 INFO:teuthology.orchestra.run.smithi088.stdout:/usr/bin/ceph: stderr
2023-01-25T05:54:14.654+0000 7efeeb83b700 1 --2- 172.21.15.88:0/4150546935 >> [v2:172.21.15.88:6800/1245326124,v1:172.21.15.88:6801/1245326124] conn(0x7efed00367b0 0x7efed0038c60 unknown :-1 s=CLOSED pgs=7 cs=0 l=1 rev1=1 crypto rx=0 tx=0 comp rx=0 tx=0).stop
2023-01-25T05:54:15.109 INFO:teuthology.orchestra.run.smithi088.stdout:/usr/bin/ceph: stderr
2023-01-25T05:54:14.654+0000 7efeeb83b700 1 --2- 172.21.15.88:0/4150546935 >> [v2:172.21.15.88:3300/0,v1:172.21.15.88:6789/0] conn(0x7efee41049b0 0x7efee4197ad0 unknown :-1 s=CLOSED pgs=21 cs=0 l=1 rev1=1 crypto rx=0 tx=0 comp rx=0 tx=0).stop
2023-01-25T05:54:15.110 INFO:teuthology.orchestra.run.smithi088.stdout:/usr/bin/ceph: stderr
2023-01-25T05:54:14.654+0000 7efeeb83b700 1 -- 172.21.15.88:0/4150546935 >> 172.21.15.88:0/4150546935 conn(0x7efee40fe3b0 msgr2=0x7efee40ff0d0 unknown :-1 s=STATE_NONE l=0).mark_down
2023-01-25T05:54:15.110 INFO:teuthology.orchestra.run.smithi088.stdout:/usr/bin/ceph: stderr
2023-01-25T05:54:14.654+0000 7efeeb83b700 1 -- 172.21.15.88:0/4150546935 shutdown_connections
2023-01-25T05:54:15.110 INFO:teuthology.orchestra.run.smithi088.stdout:/usr/bin/ceph: stderr
2023-01-25T05:54:14.654+0000 7efeeb83b700 1 -- 172.21.15.88:0/4150546935 wait complete.
2023-01-25T05:54:15.110 INFO:teuthology.orchestra.run.smithi088.stdout:Enabling cephadm module...
2023-01-25T05:54:16.038 INFO:journalctl@ceph.mgr.a.smithi088.stdout:Jan 25 05:54:15 smithi088 ceph-8e1fe42c-9c74-11ed-9e56-001a4aab830c-mgr-a[102390]: ignoring --setuser ceph since I am not root
2023-01-25T05:54:16.038 INFO:journalctl@ceph.mgr.a.smithi088.stdout:Jan 25 05:54:15 smithi088 ceph-8e1fe42c-9c74-11ed-9e56-001a4aab830c-mgr-a[102390]: ignoring --setgroup ceph since I am not root
2023-01-25T05:54:16.038 INFO:journalctl@ceph.mon.a.smithi088.stdout:Jan 25 05:54:15 smithi088 ceph-mon[102165]: from='client.? 172.21.15.88:0/2195895795' entity='client.admin' cmd=[{"prefix": "mgr module enable", "module": "cephadm"}]: dispatch
2023-01-25T05:54:16.334 INFO:teuthology.orchestra.run.smithi088.stdout:/usr/bin/ceph: stderr
2023-01-25T05:54:15.487+0000 7f3b4e123700 1 Processor -- start
2023-01-25T05:54:16.335 INFO:teuthology.orchestra.run.smithi088.stdout:/usr/bin/ceph: stderr
2023-01-25T05:54:15.487+0000 7f3b4e123700 1 -- start start
2023-01-25T05:54:16.335 INFO:teuthology.orchestra.run.smithi088.stdout:/usr/bin/ceph: stderr
2023-01-25T05:54:15.487+0000 7f3b4e123700 1 --2- >> [v2:172.21.15.88:3300/0,v1:172.21.15.88:6789/0] conn(0x7f3b48103f40 0x7f3b48104350 unknown :-1 s=NONE pgs=0 cs=0 l=0 rev1=0 crypto rx=0 tx=0 comp rx=0 tx=0).connect
2023-01-25T05:54:16.339 INFO:teuthology.orchestra.run.smithi088.stdout:/usr/bin/ceph: stderr
2023-01-25T05:54:15.487+0000 7f3b4e123700 1 -- --> [v2:172.21.15.88:3300/0,v1:172.21.15.88:6789/0] -- mon_getmap magic: 0 v1 -- 0x7f3b48104890 con 0x7f3b48103f40
2023-01-25T05:54:16.339 INFO:teuthology.orchestra.run.smithi088.stdout:/usr/bin/ceph: stderr
2023-01-25T05:54:15.487+0000 7f3b477fe700 1 --2- >> [v2:172.21.15.88:3300/0,v1:172.21.15.88:6789/0] conn(0x7f3b48103f40 0x7f3b48104350 unknown :-1 s=BANNER_CONNECTING pgs=0 cs=0 l=0 rev1=0 crypto rx=0 tx=0 comp rx=0 tx=0)._handle_peer_banner_payload supported=3 required=0
2023-01-25T05:54:16.339 INFO:teuthology.orchestra.run.smithi088.stdout:/usr/bin/ceph: stderr
2023-01-25T05:54:15.487+0000 7f3b477fe700 1 --2- >> [v2:172.21.15.88:3300/0,v1:172.21.15.88:6789/0] conn(0x7f3b48103f40 0x7f3b48104350 unknown :-1 s=HELLO_CONNECTING pgs=0 cs=0 l=0 rev1=1 crypto rx=0 tx=0 comp rx=0 tx=0).handle_hello peer v2:172.21.15.88:3300/0 says I am v2:172.21.15.88:51170/0 (socket says 172.21.15.88:51170)
2023-01-25T05:54:16.340 INFO:teuthology.orchestra.run.smithi088.stdout:/usr/bin/ceph: stderr
2023-01-25T05:54:15.487+0000 7f3b477fe700 1 -- 172.21.15.88:0/2017296493 learned_addr learned my addr 172.21.15.88:0/2017296493 (peer_addr_for_me v2:172.21.15.88:0/0)
2023-01-25T05:54:16.340 INFO:teuthology.orchestra.run.smithi088.stdout:/usr/bin/ceph: stderr
2023-01-25T05:54:15.487+0000 7f3b477fe700 1 -- 172.21.15.88:0/2017296493 --> [v2:172.21.15.88:3300/0,v1:172.21.15.88:6789/0] -- mon_subscribe({config=0+,monmap=0+}) v3 -- 0x7f3b481049d0 con 0x7f3b48103f40
2023-01-25T05:54:16.340 INFO:teuthology.orchestra.run.smithi088.stdout:/usr/bin/ceph: stderr
2023-01-25T05:54:15.487+0000 7f3b477fe700 1 --2- 172.21.15.88:0/2017296493 >> [v2:172.21.15.88:3300/0,v1:172.21.15.88:6789/0] conn(0x7f3b48103f40 0x7f3b48104350 secure :-1 s=READY pgs=22 cs=0 l=1 rev1=1 crypto rx=0x7f3b380098a0 tx=0x7f3b38009bb0 comp rx=0 tx=0).ready entity=mon.0 client_cookie=c3a946abae1b8943 server_cookie=0 in_seq=0 out_seq=0
2023-01-25T05:54:16.340 INFO:teuthology.orchestra.run.smithi088.stdout:/usr/bin/ceph: stderr
2023-01-25T05:54:15.487+0000 7f3b467fc700 1 -- 172.21.15.88:0/2017296493 <== mon.0 v2:172.21.15.88:3300/0 1 ==== mon_map magic: 0 v1 ==== 205+0+0 (secure 0 0 0) 0x7f3b38004160 con 0x7f3b48103f40
2023-01-25T05:54:16.340 INFO:teuthology.orchestra.run.smithi088.stdout:/usr/bin/ceph: stderr
2023-01-25T05:54:15.487+0000 7f3b467fc700 1 -- 172.21.15.88:0/2017296493 <== mon.0 v2:172.21.15.88:3300/0 2 ==== config(24 keys) v1 ==== 1004+0+0 (secure 0 0 0) 0x7f3b380036a0 con 0x7f3b48103f40
2023-01-25T05:54:16.341 INFO:teuthology.orchestra.run.smithi088.stdout:/usr/bin/ceph: stderr
2023-01-25T05:54:15.487+0000 7f3b467fc700 1 -- 172.21.15.88:0/2017296493 <== mon.0 v2:172.21.15.88:3300/0 3 ==== mon_map magic: 0 v1 ==== 205+0+0 (secure 0 0 0) 0x7f3b38011870 con 0x7f3b48103f40
2023-01-25T05:54:16.341 INFO:teuthology.orchestra.run.smithi088.stdout:/usr/bin/ceph: stderr
2023-01-25T05:54:15.487+0000 7f3b4e123700 1 -- 172.21.15.88:0/2017296493 >> [v2:172.21.15.88:3300/0,v1:172.21.15.88:6789/0] conn(0x7f3b48103f40 msgr2=0x7f3b48104350 secure :-1 s=STATE_CONNECTION_ESTABLISHED l=1).mark_down
2023-01-25T05:54:16.341 INFO:teuthology.orchestra.run.smithi088.stdout:/usr/bin/ceph: stderr
2023-01-25T05:54:15.487+0000 7f3b4e123700 1 --2- 172.21.15.88:0/2017296493 >> [v2:172.21.15.88:3300/0,v1:172.21.15.88:6789/0] conn(0x7f3b48103f40 0x7f3b48104350 secure :-1 s=READY pgs=22 cs=0 l=1 rev1=1 crypto rx=0x7f3b380098a0 tx=0x7f3b38009bb0 comp rx=0 tx=0).stop
2023-01-25T05:54:16.341 INFO:teuthology.orchestra.run.smithi088.stdout:/usr/bin/ceph: stderr
2023-01-25T05:54:15.487+0000 7f3b4e123700 1 -- 172.21.15.88:0/2017296493 shutdown_connections
2023-01-25T05:54:16.341 INFO:teuthology.orchestra.run.smithi088.stdout:/usr/bin/ceph: stderr
2023-01-25T05:54:15.487+0000 7f3b4e123700 1 --2- 172.21.15.88:0/2017296493 >> [v2:172.21.15.88:3300/0,v1:172.21.15.88:6789/0] conn(0x7f3b48103f40 0x7f3b48104350 unknown :-1 s=CLOSED pgs=22 cs=0 l=1 rev1=1 crypto rx=0 tx=0 comp rx=0 tx=0).stop
2023-01-25T05:54:16.342 INFO:teuthology.orchestra.run.smithi088.stdout:/usr/bin/ceph: stderr
2023-01-25T05:54:15.487+0000 7f3b4e123700 1 -- 172.21.15.88:0/2017296493 >> 172.21.15.88:0/2017296493 conn(0x7f3b480ff560 msgr2=0x7f3b48101990 unknown :-1 s=STATE_NONE l=0).mark_down
2023-01-25T05:54:16.342 INFO:teuthology.orchestra.run.smithi088.stdout:/usr/bin/ceph: stderr
2023-01-25T05:54:15.487+0000 7f3b4e123700 1 -- 172.21.15.88:0/2017296493 shutdown_connections
2023-01-25T05:54:16.342 INFO:teuthology.orchestra.run.smithi088.stdout:/usr/bin/ceph: stderr
2023-01-25T05:54:15.487+0000 7f3b4e123700 1 -- 172.21.15.88:0/2017296493 wait complete.
2023-01-25T05:54:16.342 INFO:teuthology.orchestra.run.smithi088.stdout:/usr/bin/ceph: stderr
2023-01-25T05:54:15.488+0000 7f3b4e123700 1 Processor -- start
2023-01-25T05:54:16.342 INFO:teuthology.orchestra.run.smithi088.stdout:/usr/bin/ceph: stderr
2023-01-25T05:54:15.488+0000 7f3b4e123700 1 -- start start
2023-01-25T05:54:16.343 INFO:teuthology.orchestra.run.smithi088.stdout:/usr/bin/ceph: stderr
2023-01-25T05:54:15.488+0000 7f3b4e123700 1 --2- >> [v2:172.21.15.88:3300/0,v1:172.21.15.88:6789/0] conn(0x7f3b48103f40 0x7f3b48197ae0 unknown :-1 s=NONE pgs=0 cs=0 l=1 rev1=0 crypto rx=0 tx=0 comp rx=0 tx=0).connect
2023-01-25T05:54:16.343 INFO:teuthology.orchestra.run.smithi088.stdout:/usr/bin/ceph: stderr
2023-01-25T05:54:15.488+0000 7f3b4e123700 1 -- --> [v2:172.21.15.88:3300/0,v1:172.21.15.88:6789/0] -- mon_getmap magic: 0 v1 -- 0x7f3b48198020 con 0x7f3b48103f40
2023-01-25T05:54:16.343 INFO:teuthology.orchestra.run.smithi088.stdout:/usr/bin/ceph: stderr
2023-01-25T05:54:15.488+0000 7f3b477fe700 1 --2- >> [v2:172.21.15.88:3300/0,v1:172.21.15.88:6789/0] conn(0x7f3b48103f40 0x7f3b48197ae0 unknown :-1 s=BANNER_CONNECTING pgs=0 cs=0 l=1 rev1=0 crypto rx=0 tx=0 comp rx=0 tx=0)._handle_peer_banner_payload supported=3 required=0
2023-01-25T05:54:16.343 INFO:teuthology.orchestra.run.smithi088.stdout:/usr/bin/ceph: stderr
2023-01-25T05:54:15.488+0000 7f3b477fe700 1 --2- >> [v2:172.21.15.88:3300/0,v1:172.21.15.88:6789/0] conn(0x7f3b48103f40 0x7f3b48197ae0 unknown :-1 s=HELLO_CONNECTING pgs=0 cs=0 l=1 rev1=1 crypto rx=0 tx=0 comp rx=0 tx=0).handle_hello peer v2:172.21.15.88:3300/0 says I am v2:172.21.15.88:51174/0 (socket says 172.21.15.88:51174)
2023-01-25T05:54:16.344 INFO:teuthology.orchestra.run.smithi088.stdout:/usr/bin/ceph: stderr
2023-01-25T05:54:15.488+0000 7f3b477fe700 1 -- 172.21.15.88:0/2195895795 learned_addr learned my addr 172.21.15.88:0/2195895795 (peer_addr_for_me v2:172.21.15.88:0/0)
2023-01-25T05:54:16.344 INFO:teuthology.orchestra.run.smithi088.stdout:/usr/bin/ceph: stderr
2023-01-25T05:54:15.488+0000 7f3b477fe700 1 -- 172.21.15.88:0/2195895795 --> [v2:172.21.15.88:3300/0,v1:172.21.15.88:6789/0] -- mon_subscribe({config=0+,monmap=0+}) v3 -- 0x7f3b38009550 con 0x7f3b48103f40
2023-01-25T05:54:16.344 INFO:teuthology.orchestra.run.smithi088.stdout:/usr/bin/ceph: stderr
2023-01-25T05:54:15.489+0000 7f3b477fe700 1 --2- 172.21.15.88:0/2195895795 >> [v2:172.21.15.88:3300/0,v1:172.21.15.88:6789/0] conn(0x7f3b48103f40 0x7f3b48197ae0 secure :-1 s=READY pgs=23 cs=0 l=1 rev1=1 crypto rx=0x7f3b38000c00 tx=0x7f3b38011ae0 comp rx=0 tx=0).ready entity=mon.0 client_cookie=0 server_cookie=0 in_seq=0 out_seq=0
2023-01-25T05:54:16.344 INFO:teuthology.orchestra.run.smithi088.stdout:/usr/bin/ceph: stderr
2023-01-25T05:54:15.489+0000 7f3b44ff9700 1 -- 172.21.15.88:0/2195895795 <== mon.0 v2:172.21.15.88:3300/0 1 ==== mon_map magic: 0 v1 ==== 205+0+0 (secure 0 0 0) 0x7f3b38004110 con 0x7f3b48103f40
2023-01-25T05:54:16.344 INFO:teuthology.orchestra.run.smithi088.stdout:/usr/bin/ceph: stderr
2023-01-25T05:54:15.489+0000 7f3b44ff9700 1 -- 172.21.15.88:0/2195895795 <== mon.0 v2:172.21.15.88:3300/0 2 ==== config(24 keys) v1 ==== 1004+0+0 (secure 0 0 0) 0x7f3b3801b440 con 0x7f3b48103f40
2023-01-25T05:54:16.345 INFO:teuthology.orchestra.run.smithi088.stdout:/usr/bin/ceph: stderr
2023-01-25T05:54:15.489+0000 7f3b44ff9700 1 -- 172.21.15.88:0/2195895795 <== mon.0 v2:172.21.15.88:3300/0 3 ==== mon_map magic: 0 v1 ==== 205+0+0 (secure 0 0 0) 0x7f3b380193f0 con 0x7f3b48103f40
2023-01-25T05:54:16.345 INFO:teuthology.orchestra.run.smithi088.stdout:/usr/bin/ceph: stderr
2023-01-25T05:54:15.489+0000 7f3b4e123700 1 -- 172.21.15.88:0/2195895795 --> [v2:172.21.15.88:3300/0,v1:172.21.15.88:6789/0] -- mon_subscribe({mgrmap=0+}) v3 -- 0x7f3b48105f10 con 0x7f3b48103f40
2023-01-25T05:54:16.345 INFO:teuthology.orchestra.run.smithi088.stdout:/usr/bin/ceph: stderr
2023-01-25T05:54:15.489+0000 7f3b4e123700 1 -- 172.21.15.88:0/2195895795 --> [v2:172.21.15.88:3300/0,v1:172.21.15.88:6789/0] -- mon_subscribe({osdmap=0}) v3 -- 0x7f3b48105d80 con 0x7f3b48103f40
2023-01-25T05:54:16.345 INFO:teuthology.orchestra.run.smithi088.stdout:/usr/bin/ceph: stderr
2023-01-25T05:54:15.490+0000 7f3b44ff9700 1 -- 172.21.15.88:0/2195895795 <== mon.0 v2:172.21.15.88:3300/0 4 ==== mgrmap(e 4) v1 ==== 43498+0+0 (secure 0 0 0) 0x7f3b3802b070 con 0x7f3b48103f40
2023-01-25T05:54:16.345 INFO:teuthology.orchestra.run.smithi088.stdout:/usr/bin/ceph: stderr
2023-01-25T05:54:15.490+0000 7f3b44ff9700 20 mgrc handle_mgr_map mgrmap(e 4) v1
2023-01-25T05:54:16.346 INFO:teuthology.orchestra.run.smithi088.stdout:/usr/bin/ceph: stderr
2023-01-25T05:54:15.490+0000 7f3b44ff9700 4 mgrc handle_mgr_map Got map version 4
2023-01-25T05:54:16.346 INFO:teuthology.orchestra.run.smithi088.stdout:/usr/bin/ceph: stderr
2023-01-25T05:54:15.490+0000 7f3b44ff9700 4 mgrc handle_mgr_map Active mgr is now [v2:172.21.15.88:6800/1245326124,v1:172.21.15.88:6801/1245326124]
2023-01-25T05:54:16.346 INFO:teuthology.orchestra.run.smithi088.stdout:/usr/bin/ceph: stderr
2023-01-25T05:54:15.490+0000 7f3b44ff9700 4 mgrc reconnect Starting new session with [v2:172.21.15.88:6800/1245326124,v1:172.21.15.88:6801/1245326124]
2023-01-25T05:54:16.346 INFO:teuthology.orchestra.run.smithi088.stdout:/usr/bin/ceph: stderr
2023-01-25T05:54:15.490+0000 7f3b4e123700 1 -- 172.21.15.88:0/2195895795 --> [v2:172.21.15.88:3300/0,v1:172.21.15.88:6789/0] -- mon_command({"prefix": "get_command_descriptions"} v 0) v1 -- 0x7f3b48108400 con 0x7f3b48103f40
2023-01-25T05:54:16.347 INFO:teuthology.orchestra.run.smithi088.stdout:/usr/bin/ceph: stderr
2023-01-25T05:54:15.490+0000 7f3b44ff9700 1 --2- 172.21.15.88:0/2195895795 >> [v2:172.21.15.88:6800/1245326124,v1:172.21.15.88:6801/1245326124] conn(0x7f3b30036820 0x7f3b30038cd0 unknown :-1 s=NONE pgs=0 cs=0 l=1 rev1=0 crypto rx=0 tx=0 comp rx=0 tx=0).connect
2023-01-25T05:54:16.347 INFO:teuthology.orchestra.run.smithi088.stdout:/usr/bin/ceph: stderr
2023-01-25T05:54:15.490+0000 7f3b44ff9700 1 -- 172.21.15.88:0/2195895795 <== mon.0 v2:172.21.15.88:3300/0 5 ==== osd_map(1..1 src has 1..1) v4 ==== 725+0+0 (secure 0 0 0) 0x7f3b38049a20 con 0x7f3b48103f40
2023-01-25T05:54:16.347 INFO:teuthology.orchestra.run.smithi088.stdout:/usr/bin/ceph: stderr
2023-01-25T05:54:15.490+0000 7f3b46ffd700 1 --2- 172.21.15.88:0/2195895795 >> [v2:172.21.15.88:6800/1245326124,v1:172.21.15.88:6801/1245326124] conn(0x7f3b30036820 0x7f3b30038cd0 unknown :-1 s=BANNER_CONNECTING pgs=0 cs=0 l=1 rev1=0 crypto rx=0 tx=0 comp rx=0 tx=0)._handle_peer_banner_payload supported=3 required=0
2023-01-25T05:54:16.347 INFO:teuthology.orchestra.run.smithi088.stdout:/usr/bin/ceph: stderr
2023-01-25T05:54:15.490+0000 7f3b46ffd700 1 --2- 172.21.15.88:0/2195895795 >> [v2:172.21.15.88:6800/1245326124,v1:172.21.15.88:6801/1245326124] conn(0x7f3b30036820 0x7f3b30038cd0 secure :-1 s=READY pgs=8 cs=0 l=1 rev1=1 crypto rx=0x7f3b3c006fd0 tx=0x7f3b3c006e40 comp rx=0 tx=0).ready entity=mgr.14100 client_cookie=0 server_cookie=0 in_seq=0 out_seq=0
2023-01-25T05:54:16.348 INFO:teuthology.orchestra.run.smithi088.stdout:/usr/bin/ceph: stderr
2023-01-25T05:54:15.495+0000 7f3b44ff9700 1 -- 172.21.15.88:0/2195895795 <== mon.0 v2:172.21.15.88:3300/0 6 ==== mon_command_ack([{"prefix": "get_command_descriptions"}]=0 v0) v1 ==== 72+0+173756 (secure 0 0 0) 0x7f3b38004270 con 0x7f3b48103f40
2023-01-25T05:54:16.348 INFO:teuthology.orchestra.run.smithi088.stdout:/usr/bin/ceph: stderr
2023-01-25T05:54:15.731+0000 7f3b4e123700 1 -- 172.21.15.88:0/2195895795 --> [v2:172.21.15.88:3300/0,v1:172.21.15.88:6789/0] -- mon_command({"prefix": "mgr module enable", "module": "cephadm"} v 0) v1 -- 0x7f3b48061b90 con 0x7f3b48103f40
2023-01-25T05:54:16.348 INFO:teuthology.orchestra.run.smithi088.stdout:/usr/bin/ceph: stderr
2023-01-25T05:54:15.783+0000 7f3b44ff9700 1 -- 172.21.15.88:0/2195895795 <== mon.0 v2:172.21.15.88:3300/0 7 ==== mgrmap(e 5) v1 ==== 43509+0+0 (secure 0 0 0) 0x7f3b38021030 con 0x7f3b48103f40
2023-01-25T05:54:16.348 INFO:teuthology.orchestra.run.smithi088.stdout:/usr/bin/ceph: stderr
2023-01-25T05:54:15.783+0000 7f3b44ff9700 20 mgrc handle_mgr_map mgrmap(e 5) v1
2023-01-25T05:54:16.348 INFO:teuthology.orchestra.run.smithi088.stdout:/usr/bin/ceph: stderr
2023-01-25T05:54:15.784+0000 7f3b44ff9700 4 mgrc handle_mgr_map Got map version 5
2023-01-25T05:54:16.349 INFO:teuthology.orchestra.run.smithi088.stdout:/usr/bin/ceph: stderr
2023-01-25T05:54:15.784+0000 7f3b44ff9700 4 mgrc handle_mgr_map Active mgr is now [v2:172.21.15.88:6800/1245326124,v1:172.21.15.88:6801/1245326124]
2023-01-25T05:54:16.349 INFO:teuthology.orchestra.run.smithi088.stdout:/usr/bin/ceph: stderr
2023-01-25T05:54:15.785+0000 7f3b44ff9700 1 -- 172.21.15.88:0/2195895795 <== mon.0 v2:172.21.15.88:3300/0 8 ==== mon_command_ack([{"prefix": "mgr module enable", "module": "cephadm"}]=0 v5) v1 ==== 86+0+0 (secure 0 0 0) 0x7f3b3801b690 con 0x7f3b48103f40
2023-01-25T05:54:16.349 INFO:teuthology.orchestra.run.smithi088.stdout:/usr/bin/ceph: stderr
2023-01-25T05:54:15.788+0000 7f3b4e123700 10 mgrc shutdown
2023-01-25T05:54:16.349 INFO:teuthology.orchestra.run.smithi088.stdout:/usr/bin/ceph: stderr
2023-01-25T05:54:15.788+0000 7f3b4e123700 1 -- 172.21.15.88:0/2195895795 >> [v2:172.21.15.88:6800/1245326124,v1:172.21.15.88:6801/1245326124] conn(0x7f3b30036820 msgr2=0x7f3b30038cd0 secure :-1 s=STATE_CONNECTION_ESTABLISHED l=1).mark_down
2023-01-25T05:54:16.349 INFO:teuthology.orchestra.run.smithi088.stdout:/usr/bin/ceph: stderr
2023-01-25T05:54:15.788+0000 7f3b4e123700 1 --2- 172.21.15.88:0/2195895795 >> [v2:172.21.15.88:6800/1245326124,v1:172.21.15.88:6801/1245326124] conn(0x7f3b30036820 0x7f3b30038cd0 secure :-1 s=READY pgs=8 cs=0 l=1 rev1=1 crypto rx=0x7f3b3c006fd0 tx=0x7f3b3c006e40 comp rx=0 tx=0).stop
2023-01-25T05:54:16.350 INFO:teuthology.orchestra.run.smithi088.stdout:/usr/bin/ceph: stderr
2023-01-25T05:54:15.788+0000 7f3b4e123700 1 -- 172.21.15.88:0/2195895795 >> [v2:172.21.15.88:3300/0,v1:172.21.15.88:6789/0] conn(0x7f3b48103f40 msgr2=0x7f3b48197ae0 secure :-1 s=STATE_CONNECTION_ESTABLISHED l=1).mark_down
2023-01-25T05:54:16.350 INFO:teuthology.orchestra.run.smithi088.stdout:/usr/bin/ceph: stderr
2023-01-25T05:54:15.788+0000 7f3b4e123700 1 --2- 172.21.15.88:0/2195895795 >> [v2:172.21.15.88:3300/0,v1:172.21.15.88:6789/0] conn(0x7f3b48103f40 0x7f3b48197ae0 secure :-1 s=READY pgs=23 cs=0 l=1 rev1=1 crypto rx=0x7f3b38000c00 tx=0x7f3b38011ae0 comp rx=0 tx=0).stop
2023-01-25T05:54:16.350 INFO:teuthology.orchestra.run.smithi088.stdout:/usr/bin/ceph: stderr
2023-01-25T05:54:15.788+0000 7f3b4e123700 1 -- 172.21.15.88:0/2195895795 shutdown_connections
2023-01-25T05:54:16.350 INFO:teuthology.orchestra.run.smithi088.stdout:/usr/bin/ceph: stderr
2023-01-25T05:54:15.788+0000 7f3b4e123700 1 --2- 172.21.15.88:0/2195895795 >> [v2:172.21.15.88:6800/1245326124,v1:172.21.15.88:6801/1245326124] conn(0x7f3b30036820 0x7f3b30038cd0 unknown :-1 s=CLOSED pgs=8 cs=0 l=1 rev1=1 crypto rx=0 tx=0 comp rx=0 tx=0).stop
2023-01-25T05:54:16.351 INFO:teuthology.orchestra.run.smithi088.stdout:/usr/bin/ceph: stderr
2023-01-25T05:54:15.788+0000 7f3b4e123700 1 --2- 172.21.15.88:0/2195895795 >> [v2:172.21.15.88:3300/0,v1:172.21.15.88:6789/0] conn(0x7f3b48103f40 0x7f3b48197ae0 unknown :-1 s=CLOSED pgs=23 cs=0 l=1 rev1=1 crypto rx=0 tx=0 comp rx=0 tx=0).stop
2023-01-25T05:54:16.351 INFO:teuthology.orchestra.run.smithi088.stdout:/usr/bin/ceph: stderr
2023-01-25T05:54:15.788+0000 7f3b4e123700 1 -- 172.21.15.88:0/2195895795 >> 172.21.15.88:0/2195895795 conn(0x7f3b480ff560 msgr2=0x7f3b48100220 unknown :-1 s=STATE_NONE l=0).mark_down
2023-01-25T05:54:16.351 INFO:teuthology.orchestra.run.smithi088.stdout:/usr/bin/ceph: stderr
2023-01-25T05:54:15.788+0000 7f3b4e123700 1 -- 172.21.15.88:0/2195895795 shutdown_connections
2023-01-25T05:54:16.351 INFO:teuthology.orchestra.run.smithi088.stdout:/usr/bin/ceph: stderr
2023-01-25T05:54:15.788+0000 7f3b4e123700 1 -- 172.21.15.88:0/2195895795 wait complete.
2023-01-25T05:54:16.988 INFO:journalctl@ceph.mon.a.smithi088.stdout:Jan 25 05:54:16 smithi088 ceph-mon[102165]: from='client.? 172.21.15.88:0/2195895795' entity='client.admin' cmd='[{"prefix": "mgr module enable", "module": "cephadm"}]': finished
2023-01-25T05:54:16.989 INFO:journalctl@ceph.mon.a.smithi088.stdout:Jan 25 05:54:16 smithi088 ceph-mon[102165]: mgrmap e5: a(active, since 9s)
2023-01-25T05:54:16.989 INFO:journalctl@ceph.mgr.a.smithi088.stdout:Jan 25 05:54:16 smithi088 ceph-8e1fe42c-9c74-11ed-9e56-001a4aab830c-mgr-a[102390]:
2023-01-25T05:54:16.705+0000 7f3d81016200 -1 mgr[py] Module alerts has missing NOTIFY_TYPES member
2023-01-25T05:54:17.372 INFO:journalctl@ceph.mgr.a.smithi088.stdout:Jan 25 05:54:17 smithi088 ceph-8e1fe42c-9c74-11ed-9e56-001a4aab830c-mgr-a[102390]:
2023-01-25T05:54:17.282+0000 7f3d81016200 -1 mgr[py] Module influx has missing NOTIFY_TYPES member
2023-01-25T05:54:17.482 INFO:teuthology.orchestra.run.smithi088.stdout:/usr/bin/ceph: stdout {
2023-01-25T05:54:17.483 INFO:teuthology.orchestra.run.smithi088.stdout:/usr/bin/ceph: stdout "epoch": 5,
2023-01-25T05:54:17.483 INFO:teuthology.orchestra.run.smithi088.stdout:/usr/bin/ceph: stdout "available": true,
2023-01-25T05:54:17.483 INFO:teuthology.orchestra.run.smithi088.stdout:/usr/bin/ceph: stdout "active_name": "a",
2023-01-25T05:54:17.484 INFO:teuthology.orchestra.run.smithi088.stdout:/usr/bin/ceph: stdout "num_standby": 0
2023-01-25T05:54:17.484 INFO:teuthology.orchestra.run.smithi088.stdout:/usr/bin/ceph: stdout }
2023-01-25T05:54:17.484 INFO:teuthology.orchestra.run.smithi088.stdout:/usr/bin/ceph: stderr
2023-01-25T05:54:16.762+0000 7fb8cad51700 1 Processor -- start
2023-01-25T05:54:17.484 INFO:teuthology.orchestra.run.smithi088.stdout:/usr/bin/ceph: stderr
2023-01-25T05:54:16.762+0000 7fb8cad51700 1 -- start start
2023-01-25T05:54:17.485 INFO:teuthology.orchestra.run.smithi088.stdout:/usr/bin/ceph: stderr
2023-01-25T05:54:16.762+0000 7fb8cad51700 1 --2- >> [v2:172.21.15.88:3300/0,v1:172.21.15.88:6789/0] conn(0x7fb8c4104340 0x7fb8c4104750 unknown :-1 s=NONE pgs=0 cs=0 l=0 rev1=0 crypto rx=0 tx=0 comp rx=0 tx=0).connect
2023-01-25T05:54:17.485 INFO:teuthology.orchestra.run.smithi088.stdout:/usr/bin/ceph: stderr
2023-01-25T05:54:16.762+0000 7fb8cad51700 1 -- --> [v2:172.21.15.88:3300/0,v1:172.21.15.88:6789/0] -- mon_getmap magic: 0 v1 -- 0x7fb8c4104c90 con 0x7fb8c4104340
2023-01-25T05:54:17.485 INFO:teuthology.orchestra.run.smithi088.stdout:/usr/bin/ceph: stderr
2023-01-25T05:54:16.762+0000 7fb8c8aed700 1 --2- >> [v2:172.21.15.88:3300/0,v1:172.21.15.88:6789/0] conn(0x7fb8c4104340 0x7fb8c4104750 unknown :-1 s=BANNER_CONNECTING pgs=0 cs=0 l=0 rev1=0 crypto rx=0 tx=0 comp rx=0 tx=0)._handle_peer_banner_payload supported=3 required=0
2023-01-25T05:54:17.485 INFO:teuthology.orchestra.run.smithi088.stdout:/usr/bin/ceph: stderr
2023-01-25T05:54:16.762+0000 7fb8c8aed700 1 --2- >> [v2:172.21.15.88:3300/0,v1:172.21.15.88:6789/0] conn(0x7fb8c4104340 0x7fb8c4104750 unknown :-1 s=HELLO_CONNECTING pgs=0 cs=0 l=0 rev1=1 crypto rx=0 tx=0 comp rx=0 tx=0).handle_hello peer v2:172.21.15.88:3300/0 says I am v2:172.21.15.88:33852/0 (socket says 172.21.15.88:33852)
2023-01-25T05:54:17.486 INFO:teuthology.orchestra.run.smithi088.stdout:/usr/bin/ceph: stderr
2023-01-25T05:54:16.762+0000 7fb8c8aed700 1 -- 172.21.15.88:0/3282655920 learned_addr learned my addr 172.21.15.88:0/3282655920 (peer_addr_for_me v2:172.21.15.88:0/0)
2023-01-25T05:54:17.486 INFO:teuthology.orchestra.run.smithi088.stdout:/usr/bin/ceph: stderr
2023-01-25T05:54:16.763+0000 7fb8c8aed700 1 -- 172.21.15.88:0/3282655920 --> [v2:172.21.15.88:3300/0,v1:172.21.15.88:6789/0] -- mon_subscribe({config=0+,monmap=0+}) v3 -- 0x7fb8c4104dd0 con 0x7fb8c4104340
2023-01-25T05:54:17.486 INFO:teuthology.orchestra.run.smithi088.stdout:/usr/bin/ceph: stderr
2023-01-25T05:54:16.763+0000 7fb8c8aed700 1 --2- 172.21.15.88:0/3282655920 >> [v2:172.21.15.88:3300/0,v1:172.21.15.88:6789/0] conn(0x7fb8c4104340 0x7fb8c4104750 secure :-1 s=READY pgs=26 cs=0 l=1 rev1=1 crypto rx=0x7fb8b800bb40 tx=0x7fb8b800be50 comp rx=0 tx=0).ready entity=mon.0 client_cookie=e0c1abdc92f13beb server_cookie=0 in_seq=0 out_seq=0
2023-01-25T05:54:17.486 INFO:teuthology.orchestra.run.smithi088.stdout:/usr/bin/ceph: stderr
2023-01-25T05:54:16.763+0000 7fb8c37fe700 1 -- 172.21.15.88:0/3282655920 <== mon.0 v2:172.21.15.88:3300/0 1 ==== mon_map magic: 0 v1 ==== 205+0+0 (secure 0 0 0) 0x7fb8b800dbe0 con 0x7fb8c4104340
2023-01-25T05:54:17.487 INFO:teuthology.orchestra.run.smithi088.stdout:/usr/bin/ceph: stderr
2023-01-25T05:54:16.763+0000 7fb8c37fe700 1 -- 172.21.15.88:0/3282655920 <== mon.0 v2:172.21.15.88:3300/0 2 ==== config(24 keys) v1 ==== 1004+0+0 (secure 0 0 0) 0x7fb8b8004480 con 0x7fb8c4104340
2023-01-25T05:54:17.487 INFO:teuthology.orchestra.run.smithi088.stdout:/usr/bin/ceph: stderr
2023-01-25T05:54:16.763+0000 7fb8c37fe700 1 -- 172.21.15.88:0/3282655920 <== mon.0 v2:172.21.15.88:3300/0 3 ==== mon_map magic: 0 v1 ==== 205+0+0 (secure 0 0 0) 0x7fb8b8003d20 con 0x7fb8c4104340
