2023-05-16T07:06:51.337+0000 7fb381ffb700 1 -- 172.21.15.125:0/348906162 <== mon.0 v2:172.21.15.125:3300/0 3 ==== mon_map magic: 0 v1 ==== 229+0+0 (secure 0 0 0) 0x7fb38801b710 con 0x7fb38c0fbbc0
2023-05-16T07:06:51.346 INFO:teuthology.orchestra.run.smithi125.stderr:/usr/bin/ceph:
2023-05-16T07:06:51.337+0000 7fb393407700 1 -- 172.21.15.125:0/348906162 --> [v2:172.21.15.125:3300/0,v1:172.21.15.125:6789/0] -- mon_subscribe({osdmap=0}) v3 -- 0x7fb38c10b510 con 0x7fb38c0fbbc0
2023-05-16T07:06:51.346 INFO:teuthology.orchestra.run.smithi125.stderr:/usr/bin/ceph:
2023-05-16T07:06:51.338+0000 7fb381ffb700 1 -- 172.21.15.125:0/348906162 <== mon.0 v2:172.21.15.125:3300/0 4 ==== mgrmap(e 7) v1 ==== 36120+0+0 (secure 0 0 0) 0x7fb38800f070 con 0x7fb38c0fbbc0
2023-05-16T07:06:51.346 INFO:teuthology.orchestra.run.smithi125.stderr:/usr/bin/ceph:
2023-05-16T07:06:51.338+0000 7fb393407700 1 -- 172.21.15.125:0/348906162 --> [v2:172.21.15.125:3300/0,v1:172.21.15.125:6789/0] -- mon_command({"prefix": "get_command_descriptions"} v 0) v1 -- 0x7fb38c045ad0 con 0x7fb38c0fbbc0
2023-05-16T07:06:51.346 INFO:teuthology.orchestra.run.smithi125.stderr:/usr/bin/ceph:
2023-05-16T07:06:51.338+0000 7fb381ffb700 1 --2- 172.21.15.125:0/348906162 >> [v2:172.21.15.125:6800/1784765343,v1:172.21.15.125:6801/1784765343] conn(0x7fb37002fdb0 0x7fb370032270 unknown :-1 s=NONE pgs=0 cs=0 l=1 rev1=0 rx=0 tx=0).connect
2023-05-16T07:06:51.347 INFO:teuthology.orchestra.run.smithi125.stderr:/usr/bin/ceph:
2023-05-16T07:06:51.338+0000 7fb381ffb700 1 -- 172.21.15.125:0/348906162 <== mon.0 v2:172.21.15.125:3300/0 5 ==== osd_map(2..2 src has 1..2) v4 ==== 926+0+0 (secure 0 0 0) 0x7fb3880410d0 con 0x7fb38c0fbbc0
2023-05-16T07:06:51.347 INFO:teuthology.orchestra.run.smithi125.stderr:/usr/bin/ceph:
2023-05-16T07:06:51.339+0000 7fb3909a2700 1 --2- 172.21.15.125:0/348906162 >> [v2:172.21.15.125:6800/1784765343,v1:172.21.15.125:6801/1784765343] conn(0x7fb37002fdb0 0x7fb370032270 unknown :-1 s=BANNER_CONNECTING pgs=0 cs=0 l=1 rev1=0 rx=0 tx=0)._handle_peer_banner_payload supported=1 required=0
2023-05-16T07:06:51.347 INFO:teuthology.orchestra.run.smithi125.stderr:/usr/bin/ceph:
2023-05-16T07:06:51.339+0000 7fb3909a2700 1 --2- 172.21.15.125:0/348906162 >> [v2:172.21.15.125:6800/1784765343,v1:172.21.15.125:6801/1784765343] conn(0x7fb37002fdb0 0x7fb370032270 secure :-1 s=READY pgs=11 cs=0 l=1 rev1=1 rx=0x7fb37c0096a0 tx=0x7fb37c006b40).ready entity=mgr.14114 client_cookie=0 server_cookie=0 in_seq=0 out_seq=0
2023-05-16T07:06:51.347 INFO:teuthology.orchestra.run.smithi125.stderr:/usr/bin/ceph:
2023-05-16T07:06:51.343+0000 7fb381ffb700 1 -- 172.21.15.125:0/348906162 <== mon.0 v2:172.21.15.125:3300/0 6 ==== mon_command_ack([{"prefix": "get_command_descriptions"}]=0 v0) v1 ==== 72+0+152212 (secure 0 0 0) 0x7fb388019af0 con 0x7fb38c0fbbc0
2023-05-16T07:06:51.523 INFO:teuthology.orchestra.run.smithi125.stderr:/usr/bin/ceph:
2023-05-16T07:06:51.519+0000 7fb393407700 1 -- 172.21.15.125:0/348906162 --> [v2:172.21.15.125:6800/1784765343,v1:172.21.15.125:6801/1784765343] -- mgr_command(tid 0: {"prefix": "orch apply", "service_type": "mon", "target": ["mon-mgr", ""]}) v1 -- 0x7fb38c10bdf0 con 0x7fb37002fdb0
2023-05-16T07:06:51.526 INFO:teuthology.orchestra.run.smithi125.stderr:/usr/bin/ceph:
2023-05-16T07:06:51.523+0000 7fb381ffb700 1 -- 172.21.15.125:0/348906162 <== mgr.14114 v2:172.21.15.125:6800/1784765343 1 ==== mgr_command_reply(tid 0: 0 ) v1 ==== 8+0+24 (secure 0 0 0) 0x7fb38c10bdf0 con 0x7fb37002fdb0
2023-05-16T07:06:51.527 INFO:teuthology.orchestra.run.smithi125.stderr:/usr/bin/ceph: Scheduled mon update...
2023-05-16T07:06:51.528 INFO:teuthology.orchestra.run.smithi125.stderr:/usr/bin/ceph:
2023-05-16T07:06:51.525+0000 7fb393407700 1 -- 172.21.15.125:0/348906162 >> [v2:172.21.15.125:6800/1784765343,v1:172.21.15.125:6801/1784765343] conn(0x7fb37002fdb0 msgr2=0x7fb370032270 secure :-1 s=STATE_CONNECTION_ESTABLISHED l=1).mark_down
2023-05-16T07:06:51.529 INFO:teuthology.orchestra.run.smithi125.stderr:/usr/bin/ceph:
2023-05-16T07:06:51.525+0000 7fb393407700 1 --2- 172.21.15.125:0/348906162 >> [v2:172.21.15.125:6800/1784765343,v1:172.21.15.125:6801/1784765343] conn(0x7fb37002fdb0 0x7fb370032270 secure :-1 s=READY pgs=11 cs=0 l=1 rev1=1 rx=0x7fb37c0096a0 tx=0x7fb37c006b40).stop
2023-05-16T07:06:51.529 INFO:teuthology.orchestra.run.smithi125.stderr:/usr/bin/ceph:
2023-05-16T07:06:51.525+0000 7fb393407700 1 -- 172.21.15.125:0/348906162 >> [v2:172.21.15.125:3300/0,v1:172.21.15.125:6789/0] conn(0x7fb38c0fbbc0 msgr2=0x7fb38c10aa10 secure :-1 s=STATE_CONNECTION_ESTABLISHED l=1).mark_down
2023-05-16T07:06:51.529 INFO:teuthology.orchestra.run.smithi125.stderr:/usr/bin/ceph:
2023-05-16T07:06:51.525+0000 7fb393407700 1 --2- 172.21.15.125:0/348906162 >> [v2:172.21.15.125:3300/0,v1:172.21.15.125:6789/0] conn(0x7fb38c0fbbc0 0x7fb38c10aa10 secure :-1 s=READY pgs=40 cs=0 l=1 rev1=1 rx=0x7fb388000c00 tx=0x7fb388006ee0).stop
2023-05-16T07:06:51.529 INFO:teuthology.orchestra.run.smithi125.stderr:/usr/bin/ceph:
2023-05-16T07:06:51.525+0000 7fb393407700 1 -- 172.21.15.125:0/348906162 shutdown_connections
2023-05-16T07:06:51.529 INFO:teuthology.orchestra.run.smithi125.stderr:/usr/bin/ceph:
2023-05-16T07:06:51.525+0000 7fb393407700 1 --2- 172.21.15.125:0/348906162 >> [v2:172.21.15.125:6800/1784765343,v1:172.21.15.125:6801/1784765343] conn(0x7fb37002fdb0 0x7fb370032270 unknown :-1 s=CLOSED pgs=11 cs=0 l=1 rev1=1 rx=0 tx=0).stop
2023-05-16T07:06:51.529 INFO:teuthology.orchestra.run.smithi125.stderr:/usr/bin/ceph:
2023-05-16T07:06:51.525+0000 7fb393407700 1 --2- 172.21.15.125:0/348906162 >> [v2:172.21.15.125:3300/0,v1:172.21.15.125:6789/0] conn(0x7fb38c0fbbc0 0x7fb38c10aa10 unknown :-1 s=CLOSED pgs=40 cs=0 l=1 rev1=1 rx=0 tx=0).stop
2023-05-16T07:06:51.530 INFO:teuthology.orchestra.run.smithi125.stderr:/usr/bin/ceph:
2023-05-16T07:06:51.525+0000 7fb393407700 1 -- 172.21.15.125:0/348906162 >> 172.21.15.125:0/348906162 conn(0x7fb38c0f73e0 msgr2=0x7fb38c0f8fc0 unknown :-1 s=STATE_NONE l=0).mark_down
2023-05-16T07:06:51.530 INFO:teuthology.orchestra.run.smithi125.stderr:/usr/bin/ceph:
2023-05-16T07:06:51.525+0000 7fb393407700 1 -- 172.21.15.125:0/348906162 shutdown_connections
2023-05-16T07:06:51.530 INFO:teuthology.orchestra.run.smithi125.stderr:/usr/bin/ceph:
2023-05-16T07:06:51.525+0000 7fb393407700 1 -- 172.21.15.125:0/348906162 wait complete.
2023-05-16T07:06:51.937 INFO:teuthology.orchestra.run.smithi125.stderr:Deploying mgr service with default placement...
2023-05-16T07:06:51.938 INFO:teuthology.orchestra.run.smithi125.stderr:Running command: /bin/podman run --rm --ipc=host --no-hosts --net=host --entrypoint /usr/bin/ceph --init -e CONTAINER_IMAGE=docker.io/ceph/ceph:v16.2.4 -e NODE_NAME=smithi125 -e CEPH_USE_RANDOM_NONCE=1 -v /var/log/ceph/1b8c2c5e-f3b8-11ed-9b02-001a4aab830c:/var/log/ceph:z -v /tmp/ceph-tmpkiehsdgn:/etc/ceph/ceph.client.admin.keyring:z -v /tmp/ceph-tmpybvk2ovy:/etc/ceph/ceph.conf:z docker.io/ceph/ceph:v16.2.4 orch apply mgr
2023-05-16T07:06:52.281 INFO:journalctl@ceph.mon.smithi125.smithi125.stdout:May 16 07:06:51 smithi125 ceph-1b8c2c5e-f3b8-11ed-9b02-001a4aab830c-mon.smithi125[101220]: cephadm
2023-05-16T07:06:50.556494+0000 mgr.smithi125.wwywgk (mgr.14114) 9 : cephadm [INF] Added host smithi125
2023-05-16T07:06:52.281 INFO:journalctl@ceph.mon.smithi125.smithi125.stdout:May 16 07:06:51 smithi125 ceph-1b8c2c5e-f3b8-11ed-9b02-001a4aab830c-mon.smithi125[101220]: audit
2023-05-16T07:06:51.523452+0000 mon.smithi125 (mon.0) 55 : audit [INF] from='mgr.14114 172.21.15.125:0/486497402' entity='mgr.smithi125.wwywgk'
2023-05-16T07:06:52.529 INFO:teuthology.orchestra.run.smithi125.stderr:/usr/bin/ceph:
2023-05-16T07:06:52.523+0000 7f324759e700 1 Processor -- start
2023-05-16T07:06:52.529 INFO:teuthology.orchestra.run.smithi125.stderr:/usr/bin/ceph:
2023-05-16T07:06:52.523+0000 7f324759e700 1 -- start start
2023-05-16T07:06:52.529 INFO:teuthology.orchestra.run.smithi125.stderr:/usr/bin/ceph:
2023-05-16T07:06:52.523+0000 7f324759e700 1 --2- >> [v2:172.21.15.125:3300/0,v1:172.21.15.125:6789/0] conn(0x7f324806fc30 0x7f32480fe650 unknown :-1 s=NONE pgs=0 cs=0 l=0 rev1=0 rx=0 tx=0).connect
2023-05-16T07:06:52.530 INFO:teuthology.orchestra.run.smithi125.stderr:/usr/bin/ceph:
2023-05-16T07:06:52.523+0000 7f324759e700 1 -- --> [v2:172.21.15.125:3300/0,v1:172.21.15.125:6789/0] -- mon_getmap magic: 0 v1 -- 0x7f32480feb40 con 0x7f324806fc30
2023-05-16T07:06:52.530 INFO:teuthology.orchestra.run.smithi125.stderr:/usr/bin/ceph:
2023-05-16T07:06:52.524+0000 7f324659c700 1 --2- >> [v2:172.21.15.125:3300/0,v1:172.21.15.125:6789/0] conn(0x7f324806fc30 0x7f32480fe650 unknown :-1 s=BANNER_CONNECTING pgs=0 cs=0 l=0 rev1=0 rx=0 tx=0)._handle_peer_banner_payload supported=1 required=0
2023-05-16T07:06:52.530 INFO:teuthology.orchestra.run.smithi125.stderr:/usr/bin/ceph:
2023-05-16T07:06:52.524+0000 7f324659c700 1 --2- >> [v2:172.21.15.125:3300/0,v1:172.21.15.125:6789/0] conn(0x7f324806fc30 0x7f32480fe650 unknown :-1 s=HELLO_CONNECTING pgs=0 cs=0 l=0 rev1=1 rx=0 tx=0).handle_hello peer v2:172.21.15.125:3300/0 says I am v2:172.21.15.125:50088/0 (socket says 172.21.15.125:50088)
2023-05-16T07:06:52.530 INFO:teuthology.orchestra.run.smithi125.stderr:/usr/bin/ceph:
2023-05-16T07:06:52.524+0000 7f324659c700 1 -- 172.21.15.125:0/1714719415 learned_addr learned my addr 172.21.15.125:0/1714719415 (peer_addr_for_me v2:172.21.15.125:0/0)
2023-05-16T07:06:52.530 INFO:teuthology.orchestra.run.smithi125.stderr:/usr/bin/ceph:
2023-05-16T07:06:52.524+0000 7f324659c700 1 -- 172.21.15.125:0/1714719415 --> [v2:172.21.15.125:3300/0,v1:172.21.15.125:6789/0] -- mon_subscribe({config=0+,monmap=0+}) v3 -- 0x7f32480fec80 con 0x7f324806fc30
2023-05-16T07:06:52.530 INFO:teuthology.orchestra.run.smithi125.stderr:/usr/bin/ceph:
2023-05-16T07:06:52.524+0000 7f324659c700 1 --2- 172.21.15.125:0/1714719415 >> [v2:172.21.15.125:3300/0,v1:172.21.15.125:6789/0] conn(0x7f324806fc30 0x7f32480fe650 secure :-1 s=READY pgs=41 cs=0 l=1 rev1=1 rx=0x7f323800b5f0 tx=0x7f3238006ee0).ready entity=mon.0 client_cookie=bb143b62ee3fa0b4 server_cookie=0 in_seq=0 out_seq=0
2023-05-16T07:06:52.531 INFO:teuthology.orchestra.run.smithi125.stderr:/usr/bin/ceph:
2023-05-16T07:06:52.524+0000 7f3245d9b700 1 -- 172.21.15.125:0/1714719415 <== mon.0 v2:172.21.15.125:3300/0 1 ==== mon_map magic: 0 v1 ==== 229+0+0 (secure 0 0 0) 0x7f323800d600 con 0x7f324806fc30
2023-05-16T07:06:52.531 INFO:teuthology.orchestra.run.smithi125.stderr:/usr/bin/ceph:
2023-05-16T07:06:52.524+0000 7f3245d9b700 1 -- 172.21.15.125:0/1714719415 <== mon.0 v2:172.21.15.125:3300/0 2 ==== config(25 keys) v1 ==== 1010+0+0 (secure 0 0 0) 0x7f323800dbd0 con 0x7f324806fc30
2023-05-16T07:06:52.531 INFO:teuthology.orchestra.run.smithi125.stderr:/usr/bin/ceph:
2023-05-16T07:06:52.524+0000 7f3245d9b700 1 -- 172.21.15.125:0/1714719415 <== mon.0 v2:172.21.15.125:3300/0 3 ==== mon_map magic: 0 v1 ==== 229+0+0 (secure 0 0 0) 0x7f3238011c00 con 0x7f324806fc30
2023-05-16T07:06:52.531 INFO:teuthology.orchestra.run.smithi125.stderr:/usr/bin/ceph:
2023-05-16T07:06:52.525+0000 7f324759e700 1 -- 172.21.15.125:0/1714719415 >> [v2:172.21.15.125:3300/0,v1:172.21.15.125:6789/0] conn(0x7f324806fc30 msgr2=0x7f32480fe650 secure :-1 s=STATE_CONNECTION_ESTABLISHED l=1).mark_down
2023-05-16T07:06:52.531 INFO:teuthology.orchestra.run.smithi125.stderr:/usr/bin/ceph:
2023-05-16T07:06:52.525+0000 7f324759e700 1 --2- 172.21.15.125:0/1714719415 >> [v2:172.21.15.125:3300/0,v1:172.21.15.125:6789/0] conn(0x7f324806fc30 0x7f32480fe650 secure :-1 s=READY pgs=41 cs=0 l=1 rev1=1 rx=0x7f323800b5f0 tx=0x7f3238006ee0).stop
2023-05-16T07:06:52.531 INFO:teuthology.orchestra.run.smithi125.stderr:/usr/bin/ceph:
2023-05-16T07:06:52.525+0000 7f324759e700 1 -- 172.21.15.125:0/1714719415 shutdown_connections
2023-05-16T07:06:52.531 INFO:teuthology.orchestra.run.smithi125.stderr:/usr/bin/ceph:
2023-05-16T07:06:52.525+0000 7f324759e700 1 --2- 172.21.15.125:0/1714719415 >> [v2:172.21.15.125:3300/0,v1:172.21.15.125:6789/0] conn(0x7f324806fc30 0x7f32480fe650 unknown :-1 s=CLOSED pgs=41 cs=0 l=1 rev1=1 rx=0 tx=0).stop
2023-05-16T07:06:52.532 INFO:teuthology.orchestra.run.smithi125.stderr:/usr/bin/ceph:
2023-05-16T07:06:52.525+0000 7f324759e700 1 -- 172.21.15.125:0/1714719415 >> 172.21.15.125:0/1714719415 conn(0x7f32480f6130 msgr2=0x7f32480f8550 unknown :-1 s=STATE_NONE l=0).mark_down
2023-05-16T07:06:52.532 INFO:teuthology.orchestra.run.smithi125.stderr:/usr/bin/ceph:
2023-05-16T07:06:52.525+0000 7f324759e700 1 -- 172.21.15.125:0/1714719415 shutdown_connections
2023-05-16T07:06:52.532 INFO:teuthology.orchestra.run.smithi125.stderr:/usr/bin/ceph:
2023-05-16T07:06:52.525+0000 7f324759e700 1 -- 172.21.15.125:0/1714719415 wait complete.
2023-05-16T07:06:52.532 INFO:teuthology.orchestra.run.smithi125.stderr:/usr/bin/ceph:
2023-05-16T07:06:52.525+0000 7f324759e700 1 Processor -- start
2023-05-16T07:06:52.532 INFO:teuthology.orchestra.run.smithi125.stderr:/usr/bin/ceph:
2023-05-16T07:06:52.525+0000 7f324759e700 1 -- start start
2023-05-16T07:06:52.534 INFO:teuthology.orchestra.run.smithi125.stderr:/usr/bin/ceph:
2023-05-16T07:06:52.526+0000 7f324759e700 1 --2- >> [v2:172.21.15.125:3300/0,v1:172.21.15.125:6789/0] conn(0x7f324806fc30 0x7f324810a7e0 unknown :-1 s=NONE pgs=0 cs=0 l=1 rev1=0 rx=0 tx=0).connect
2023-05-16T07:06:52.534 INFO:teuthology.orchestra.run.smithi125.stderr:/usr/bin/ceph:
2023-05-16T07:06:52.526+0000 7f324759e700 1 -- --> [v2:172.21.15.125:3300/0,v1:172.21.15.125:6789/0] -- mon_getmap magic: 0 v1 -- 0x7f324810acd0 con 0x7f324806fc30
2023-05-16T07:06:52.534 INFO:teuthology.orchestra.run.smithi125.stderr:/usr/bin/ceph:
2023-05-16T07:06:52.526+0000 7f324659c700 1 --2- >> [v2:172.21.15.125:3300/0,v1:172.21.15.125:6789/0] conn(0x7f324806fc30 0x7f324810a7e0 unknown :-1 s=BANNER_CONNECTING pgs=0 cs=0 l=1 rev1=0 rx=0 tx=0)._handle_peer_banner_payload supported=1 required=0
2023-05-16T07:06:52.534 INFO:teuthology.orchestra.run.smithi125.stderr:/usr/bin/ceph:
2023-05-16T07:06:52.526+0000 7f324659c700 1 --2- >> [v2:172.21.15.125:3300/0,v1:172.21.15.125:6789/0] conn(0x7f324806fc30 0x7f324810a7e0 unknown :-1 s=HELLO_CONNECTING pgs=0 cs=0 l=1 rev1=1 rx=0 tx=0).handle_hello peer v2:172.21.15.125:3300/0 says I am v2:172.21.15.125:50090/0 (socket says 172.21.15.125:50090)
2023-05-16T07:06:52.534 INFO:teuthology.orchestra.run.smithi125.stderr:/usr/bin/ceph:
2023-05-16T07:06:52.526+0000 7f324659c700 1 -- 172.21.15.125:0/1098485054 learned_addr learned my addr 172.21.15.125:0/1098485054 (peer_addr_for_me v2:172.21.15.125:0/0)
2023-05-16T07:06:52.535 INFO:teuthology.orchestra.run.smithi125.stderr:/usr/bin/ceph:
2023-05-16T07:06:52.526+0000 7f324659c700 1 -- 172.21.15.125:0/1098485054 --> [v2:172.21.15.125:3300/0,v1:172.21.15.125:6789/0] -- mon_subscribe({config=0+,monmap=0+}) v3 -- 0x7f323800b200 con 0x7f324806fc30
2023-05-16T07:06:52.535 INFO:teuthology.orchestra.run.smithi125.stderr:/usr/bin/ceph:
2023-05-16T07:06:52.526+0000 7f324659c700 1 --2- 172.21.15.125:0/1098485054 >> [v2:172.21.15.125:3300/0,v1:172.21.15.125:6789/0] conn(0x7f324806fc30 0x7f324810a7e0 secure :-1 s=READY pgs=42 cs=0 l=1 rev1=1 rx=0x7f323800e040 tx=0x7f3238006ee0).ready entity=mon.0 client_cookie=0 server_cookie=0 in_seq=0 out_seq=0
2023-05-16T07:06:52.535 INFO:teuthology.orchestra.run.smithi125.stderr:/usr/bin/ceph:
2023-05-16T07:06:52.526+0000 7f323effd700 1 -- 172.21.15.125:0/1098485054 <== mon.0 v2:172.21.15.125:3300/0 1 ==== mon_map magic: 0 v1 ==== 229+0+0 (secure 0 0 0) 0x7f323800d9f0 con 0x7f324806fc30
2023-05-16T07:06:52.535 INFO:teuthology.orchestra.run.smithi125.stderr:/usr/bin/ceph:
2023-05-16T07:06:52.526+0000 7f323effd700 1 -- 172.21.15.125:0/1098485054 <== mon.0 v2:172.21.15.125:3300/0 2 ==== config(25 keys) v1 ==== 1010+0+0 (secure 0 0 0) 0x7f323801a9f0 con 0x7f324806fc30
2023-05-16T07:06:52.535 INFO:teuthology.orchestra.run.smithi125.stderr:/usr/bin/ceph:
2023-05-16T07:06:52.526+0000 7f323effd700 1 -- 172.21.15.125:0/1098485054 <== mon.0 v2:172.21.15.125:3300/0 3 ==== mon_map magic: 0 v1 ==== 229+0+0 (secure 0 0 0) 0x7f323801b8c0 con 0x7f324806fc30
2023-05-16T07:06:52.535 INFO:teuthology.orchestra.run.smithi125.stderr:/usr/bin/ceph:
2023-05-16T07:06:52.526+0000 7f324759e700 1 -- 172.21.15.125:0/1098485054 --> [v2:172.21.15.125:3300/0,v1:172.21.15.125:6789/0] -- mon_subscribe({mgrmap=0+}) v3 -- 0x7f324810aed0 con 0x7f324806fc30
2023-05-16T07:06:52.535 INFO:teuthology.orchestra.run.smithi125.stderr:/usr/bin/ceph:
2023-05-16T07:06:52.526+0000 7f324759e700 1 -- 172.21.15.125:0/1098485054 --> [v2:172.21.15.125:3300/0,v1:172.21.15.125:6789/0] -- mon_subscribe({osdmap=0}) v3 -- 0x7f324810b2e0 con 0x7f324806fc30
2023-05-16T07:06:52.535 INFO:teuthology.orchestra.run.smithi125.stderr:/usr/bin/ceph:
2023-05-16T07:06:52.527+0000 7f323effd700 1 -- 172.21.15.125:0/1098485054 <== mon.0 v2:172.21.15.125:3300/0 4 ==== mgrmap(e 7) v1 ==== 36120+0+0 (secure 0 0 0) 0x7f323800f070 con 0x7f324806fc30
2023-05-16T07:06:52.536 INFO:teuthology.orchestra.run.smithi125.stderr:/usr/bin/ceph:
2023-05-16T07:06:52.527+0000 7f323effd700 1 --2- 172.21.15.125:0/1098485054 >> [v2:172.21.15.125:6800/1784765343,v1:172.21.15.125:6801/1784765343] conn(0x7f322802fdb0 0x7f3228032270 unknown :-1 s=NONE pgs=0 cs=0 l=1 rev1=0 rx=0 tx=0).connect
2023-05-16T07:06:52.536 INFO:teuthology.orchestra.run.smithi125.stderr:/usr/bin/ceph:
2023-05-16T07:06:52.527+0000 7f323effd700 1 -- 172.21.15.125:0/1098485054 <== mon.0 v2:172.21.15.125:3300/0 5 ==== osd_map(2..2 src has 1..2) v4 ==== 926+0+0 (secure 0 0 0) 0x7f32380412e0 con 0x7f324806fc30
2023-05-16T07:06:52.536 INFO:teuthology.orchestra.run.smithi125.stderr:/usr/bin/ceph:
2023-05-16T07:06:52.528+0000 7f323ffff700 1 --2- 172.21.15.125:0/1098485054 >> [v2:172.21.15.125:6800/1784765343,v1:172.21.15.125:6801/1784765343] conn(0x7f322802fdb0 0x7f3228032270 unknown :-1 s=BANNER_CONNECTING pgs=0 cs=0 l=1 rev1=0 rx=0 tx=0)._handle_peer_banner_payload supported=1 required=0
2023-05-16T07:06:52.536 INFO:teuthology.orchestra.run.smithi125.stderr:/usr/bin/ceph:
2023-05-16T07:06:52.528+0000 7f323ffff700 1 --2- 172.21.15.125:0/1098485054 >> [v2:172.21.15.125:6800/1784765343,v1:172.21.15.125:6801/1784765343] conn(0x7f322802fdb0 0x7f3228032270 secure :-1 s=READY pgs=12 cs=0 l=1 rev1=1 rx=0x7f32300096a0 tx=0x7f3230006b40).ready entity=mgr.14114 client_cookie=0 server_cookie=0 in_seq=0 out_seq=0
2023-05-16T07:06:52.536 INFO:teuthology.orchestra.run.smithi125.stderr:/usr/bin/ceph:
2023-05-16T07:06:52.528+0000 7f324759e700 1 -- 172.21.15.125:0/1098485054 --> [v2:172.21.15.125:3300/0,v1:172.21.15.125:6789/0] -- mon_command({"prefix": "get_command_descriptions"} v 0) v1 -- 0x7f3248059100 con 0x7f324806fc30
2023-05-16T07:06:52.537 INFO:teuthology.orchestra.run.smithi125.stderr:/usr/bin/ceph:
2023-05-16T07:06:52.532+0000 7f323effd700 1 -- 172.21.15.125:0/1098485054 <== mon.0 v2:172.21.15.125:3300/0 6 ==== mon_command_ack([{"prefix": "get_command_descriptions"}]=0 v0) v1 ==== 72+0+152212 (secure 0 0 0) 0x7f3238016070 con 0x7f324806fc30
2023-05-16T07:06:52.664 INFO:teuthology.orchestra.run.smithi125.stderr:/usr/bin/ceph:
2023-05-16T07:06:52.660+0000 7f323effd700 1 -- 172.21.15.125:0/1098485054 <== mon.0 v2:172.21.15.125:3300/0 7 ==== config(25 keys) v1 ==== 1074+0+0 (secure 0 0 0) 0x7f3238025460 con 0x7f324806fc30
2023-05-16T07:06:52.723 INFO:teuthology.orchestra.run.smithi125.stderr:/usr/bin/ceph:
2023-05-16T07:06:52.720+0000 7f324759e700 1 -- 172.21.15.125:0/1098485054 --> [v2:172.21.15.125:6800/1784765343,v1:172.21.15.125:6801/1784765343] -- mgr_command(tid 0: {"prefix": "orch apply", "service_type": "mgr", "target": ["mon-mgr", ""]}) v1 -- 0x7f3248104650 con 0x7f322802fdb0
2023-05-16T07:06:52.727 INFO:teuthology.orchestra.run.smithi125.stderr:/usr/bin/ceph:
2023-05-16T07:06:52.724+0000 7f323effd700 1 -- 172.21.15.125:0/1098485054 <== mgr.14114 v2:172.21.15.125:6800/1784765343 1 ==== mgr_command_reply(tid 0: 0 ) v1 ==== 8+0+24 (secure 0 0 0) 0x7f3248104650 con 0x7f322802fdb0
2023-05-16T07:06:52.728 INFO:teuthology.orchestra.run.smithi125.stderr:/usr/bin/ceph: Scheduled mgr update...
2023-05-16T07:06:52.731 INFO:teuthology.orchestra.run.smithi125.stderr:/usr/bin/ceph:
2023-05-16T07:06:52.727+0000 7f324759e700 1 -- 172.21.15.125:0/1098485054 >> [v2:172.21.15.125:6800/1784765343,v1:172.21.15.125:6801/1784765343] conn(0x7f322802fdb0 msgr2=0x7f3228032270 secure :-1 s=STATE_CONNECTION_ESTABLISHED l=1).mark_down
2023-05-16T07:06:52.731 INFO:teuthology.orchestra.run.smithi125.stderr:/usr/bin/ceph:
2023-05-16T07:06:52.727+0000 7f324759e700 1 --2- 172.21.15.125:0/1098485054 >> [v2:172.21.15.125:6800/1784765343,v1:172.21.15.125:6801/1784765343] conn(0x7f322802fdb0 0x7f3228032270 secure :-1 s=READY pgs=12 cs=0 l=1 rev1=1 rx=0x7f32300096a0 tx=0x7f3230006b40).stop
2023-05-16T07:06:52.731 INFO:teuthology.orchestra.run.smithi125.stderr:/usr/bin/ceph:
2023-05-16T07:06:52.727+0000 7f324759e700 1 -- 172.21.15.125:0/1098485054 >> [v2:172.21.15.125:3300/0,v1:172.21.15.125:6789/0] conn(0x7f324806fc30 msgr2=0x7f324810a7e0 secure :-1 s=STATE_CONNECTION_ESTABLISHED l=1).mark_down
2023-05-16T07:06:52.732 INFO:teuthology.orchestra.run.smithi125.stderr:/usr/bin/ceph:
2023-05-16T07:06:52.727+0000 7f324759e700 1 --2- 172.21.15.125:0/1098485054 >> [v2:172.21.15.125:3300/0,v1:172.21.15.125:6789/0] conn(0x7f324806fc30 0x7f324810a7e0 secure :-1 s=READY pgs=42 cs=0 l=1 rev1=1 rx=0x7f323800e040 tx=0x7f3238006ee0).stop
2023-05-16T07:06:52.732 INFO:teuthology.orchestra.run.smithi125.stderr:/usr/bin/ceph:
2023-05-16T07:06:52.727+0000 7f324759e700 1 -- 172.21.15.125:0/1098485054 shutdown_connections
2023-05-16T07:06:52.732 INFO:teuthology.orchestra.run.smithi125.stderr:/usr/bin/ceph:
2023-05-16T07:06:52.727+0000 7f324759e700 1 --2- 172.21.15.125:0/1098485054 >> [v2:172.21.15.125:6800/1784765343,v1:172.21.15.125:6801/1784765343] conn(0x7f322802fdb0 0x7f3228032270 unknown :-1 s=CLOSED pgs=12 cs=0 l=1 rev1=1 rx=0 tx=0).stop
2023-05-16T07:06:52.732 INFO:teuthology.orchestra.run.smithi125.stderr:/usr/bin/ceph:
2023-05-16T07:06:52.727+0000 7f324759e700 1 --2- 172.21.15.125:0/1098485054 >> [v2:172.21.15.125:3300/0,v1:172.21.15.125:6789/0] conn(0x7f324806fc30 0x7f324810a7e0 unknown :-1 s=CLOSED pgs=42 cs=0 l=1 rev1=1 rx=0 tx=0).stop
2023-05-16T07:06:52.732 INFO:teuthology.orchestra.run.smithi125.stderr:/usr/bin/ceph:
2023-05-16T07:06:52.727+0000 7f324759e700 1 -- 172.21.15.125:0/1098485054 >> 172.21.15.125:0/1098485054 conn(0x7f32480f6130 msgr2=0x7f32480f7c60 unknown :-1 s=STATE_NONE l=0).mark_down
2023-05-16T07:06:52.732 INFO:teuthology.orchestra.run.smithi125.stderr:/usr/bin/ceph:
2023-05-16T07:06:52.727+0000 7f324759e700 1 -- 172.21.15.125:0/1098485054 shutdown_connections
2023-05-16T07:06:52.733 INFO:teuthology.orchestra.run.smithi125.stderr:/usr/bin/ceph:
2023-05-16T07:06:52.727+0000 7f324759e700 1 -- 172.21.15.125:0/1098485054 wait complete.
2023-05-16T07:06:53.074 INFO:teuthology.orchestra.run.smithi125.stderr:Deploying crash service with default placement...
2023-05-16T07:06:53.074 INFO:teuthology.orchestra.run.smithi125.stderr:Running command: /bin/podman run --rm --ipc=host --no-hosts --net=host --entrypoint /usr/bin/ceph --init -e CONTAINER_IMAGE=docker.io/ceph/ceph:v16.2.4 -e NODE_NAME=smithi125 -e CEPH_USE_RANDOM_NONCE=1 -v /var/log/ceph/1b8c2c5e-f3b8-11ed-9b02-001a4aab830c:/var/log/ceph:z -v /tmp/ceph-tmpkiehsdgn:/etc/ceph/ceph.client.admin.keyring:z -v /tmp/ceph-tmpybvk2ovy:/etc/ceph/ceph.conf:z docker.io/ceph/ceph:v16.2.4 orch apply crash
2023-05-16T07:06:53.263 INFO:journalctl@ceph.mon.smithi125.smithi125.stdout:May 16 07:06:52 smithi125 ceph-1b8c2c5e-f3b8-11ed-9b02-001a4aab830c-mon.smithi125[101220]: audit
2023-05-16T07:06:51.520566+0000 mgr.smithi125.wwywgk (mgr.14114) 10 : audit [DBG] from='client.14134 -' entity='client.admin' cmd=[{"prefix": "orch apply", "service_type": "mon", "target": ["mon-mgr", ""]}]: dispatch
2023-05-16T07:06:53.264 INFO:journalctl@ceph.mon.smithi125.smithi125.stdout:May 16 07:06:52 smithi125 ceph-1b8c2c5e-f3b8-11ed-9b02-001a4aab830c-mon.smithi125[101220]: cephadm
2023-05-16T07:06:51.521254+0000 mgr.smithi125.wwywgk (mgr.14114) 11 : cephadm [INF] Saving service mon spec with placement count:5
2023-05-16T07:06:53.264 INFO:journalctl@ceph.mon.smithi125.smithi125.stdout:May 16 07:06:52 smithi125 ceph-1b8c2c5e-f3b8-11ed-9b02-001a4aab830c-mon.smithi125[101220]: audit
2023-05-16T07:06:52.661203+0000 mon.smithi125 (mon.0) 56 : audit [INF] from='mgr.14114 172.21.15.125:0/486497402' entity='mgr.smithi125.wwywgk'
2023-05-16T07:06:53.264 INFO:journalctl@ceph.mon.smithi125.smithi125.stdout:May 16 07:06:52 smithi125 ceph-1b8c2c5e-f3b8-11ed-9b02-001a4aab830c-mon.smithi125[101220]: audit
2023-05-16T07:06:52.724451+0000 mon.smithi125 (mon.0) 57 : audit [INF] from='mgr.14114 172.21.15.125:0/486497402' entity='mgr.smithi125.wwywgk'
2023-05-16T07:06:53.264 INFO:journalctl@ceph.mon.smithi125.smithi125.stdout:May 16 07:06:52 smithi125 ceph-1b8c2c5e-f3b8-11ed-9b02-001a4aab830c-mon.smithi125[101220]: audit
2023-05-16T07:06:52.895382+0000 mon.smithi125 (mon.0) 58 : audit [INF] from='mgr.14114 172.21.15.125:0/486497402' entity='mgr.smithi125.wwywgk'
2023-05-16T07:06:53.516 INFO:teuthology.orchestra.run.smithi125.stderr:/usr/bin/ceph:
2023-05-16T07:06:53.512+0000 7fc8480b7700 1 Processor -- start
2023-05-16T07:06:53.516 INFO:teuthology.orchestra.run.smithi125.stderr:/usr/bin/ceph:
2023-05-16T07:06:53.512+0000 7fc8480b7700 1 -- start start
2023-05-16T07:06:53.517 INFO:teuthology.orchestra.run.smithi125.stderr:/usr/bin/ceph:
2023-05-16T07:06:53.513+0000 7fc8480b7700 1 --2- >> [v2:172.21.15.125:3300/0,v1:172.21.15.125:6789/0] conn(0x7fc8400fc090 0x7fc8400fc4b0 unknown :-1 s=NONE pgs=0 cs=0 l=0 rev1=0 rx=0 tx=0).connect
2023-05-16T07:06:53.517 INFO:teuthology.orchestra.run.smithi125.stderr:/usr/bin/ceph:
2023-05-16T07:06:53.513+0000 7fc8480b7700 1 -- --> [v2:172.21.15.125:3300/0,v1:172.21.15.125:6789/0] -- mon_getmap magic: 0 v1 -- 0x7fc8400fca30 con 0x7fc8400fc090
2023-05-16T07:06:53.518 INFO:teuthology.orchestra.run.smithi125.stderr:/usr/bin/ceph:
2023-05-16T07:06:53.514+0000 7fc845e53700 1 --2- >> [v2:172.21.15.125:3300/0,v1:172.21.15.125:6789/0] conn(0x7fc8400fc090 0x7fc8400fc4b0 unknown :-1 s=BANNER_CONNECTING pgs=0 cs=0 l=0 rev1=0 rx=0 tx=0)._handle_peer_banner_payload supported=1 required=0
2023-05-16T07:06:53.518 INFO:teuthology.orchestra.run.smithi125.stderr:/usr/bin/ceph:
2023-05-16T07:06:53.514+0000 7fc845e53700 1 --2- >> [v2:172.21.15.125:3300/0,v1:172.21.15.125:6789/0] conn(0x7fc8400fc090 0x7fc8400fc4b0 unknown :-1 s=HELLO_CONNECTING pgs=0 cs=0 l=0 rev1=1 rx=0 tx=0).handle_hello peer v2:172.21.15.125:3300/0 says I am v2:172.21.15.125:50104/0 (socket says 172.21.15.125:50104)
2023-05-16T07:06:53.518 INFO:teuthology.orchestra.run.smithi125.stderr:/usr/bin/ceph:
2023-05-16T07:06:53.514+0000 7fc845e53700 1 -- 172.21.15.125:0/1009825502 learned_addr learned my addr 172.21.15.125:0/1009825502 (peer_addr_for_me v2:172.21.15.125:0/0)
2023-05-16T07:06:53.518 INFO:teuthology.orchestra.run.smithi125.stderr:/usr/bin/ceph:
2023-05-16T07:06:53.514+0000 7fc845e53700 1 -- 172.21.15.125:0/1009825502 --> [v2:172.21.15.125:3300/0,v1:172.21.15.125:6789/0] -- mon_subscribe({config=0+,monmap=0+}) v3 -- 0x7fc8400fcb70 con 0x7fc8400fc090
2023-05-16T07:06:53.518 INFO:teuthology.orchestra.run.smithi125.stderr:/usr/bin/ceph:
2023-05-16T07:06:53.514+0000 7fc845e53700 1 --2- 172.21.15.125:0/1009825502 >> [v2:172.21.15.125:3300/0,v1:172.21.15.125:6789/0] conn(0x7fc8400fc090 0x7fc8400fc4b0 secure :-1 s=READY pgs=43 cs=0 l=1 rev1=1 rx=0x7fc83c00b5f0 tx=0x7fc83c006ee0).ready entity=mon.0 client_cookie=80a2d24880b03f3 server_cookie=0 in_seq=0 out_seq=0
2023-05-16T07:06:53.518 INFO:teuthology.orchestra.run.smithi125.stderr:/usr/bin/ceph:
2023-05-16T07:06:53.514+0000 7fc844e51700 1 -- 172.21.15.125:0/1009825502 <== mon.0 v2:172.21.15.125:3300/0 1 ==== mon_map magic: 0 v1 ==== 229+0+0 (secure 0 0 0) 0x7fc83c00d600 con 0x7fc8400fc090
2023-05-16T07:06:53.519 INFO:teuthology.orchestra.run.smithi125.stderr:/usr/bin/ceph:
2023-05-16T07:06:53.514+0000 7fc844e51700 1 -- 172.21.15.125:0/1009825502 <== mon.0 v2:172.21.15.125:3300/0 2 ==== config(25 keys) v1 ==== 1074+0+0 (secure 0 0 0) 0x7fc83c00dc10 con 0x7fc8400fc090
2023-05-16T07:06:53.519 INFO:teuthology.orchestra.run.smithi125.stderr:/usr/bin/ceph:
2023-05-16T07:06:53.514+0000 7fc844e51700 1 -- 172.21.15.125:0/1009825502 <== mon.0 v2:172.21.15.125:3300/0 3 ==== mon_map magic: 0 v1 ==== 229+0+0 (secure 0 0 0) 0x7fc83c011cd0 con 0x7fc8400fc090
2023-05-16T07:06:53.520 INFO:teuthology.orchestra.run.smithi125.stderr:/usr/bin/ceph:
2023-05-16T07:06:53.515+0000 7fc8480b7700 1 -- 172.21.15.125:0/1009825502 >> [v2:172.21.15.125:3300/0,v1:172.21.15.125:6789/0] conn(0x7fc8400fc090 msgr2=0x7fc8400fc4b0 secure :-1 s=STATE_CONNECTION_ESTABLISHED l=1).mark_down
2023-05-16T07:06:53.520 INFO:teuthology.orchestra.run.smithi125.stderr:/usr/bin/ceph:
2023-05-16T07:06:53.515+0000 7fc8480b7700 1 --2- 172.21.15.125:0/1009825502 >> [v2:172.21.15.125:3300/0,v1:172.21.15.125:6789/0] conn(0x7fc8400fc090 0x7fc8400fc4b0 secure :-1 s=READY pgs=43 cs=0 l=1 rev1=1 rx=0x7fc83c00b5f0 tx=0x7fc83c006ee0).stop
2023-05-16T07:06:53.520 INFO:teuthology.orchestra.run.smithi125.stderr:/usr/bin/ceph:
2023-05-16T07:06:53.515+0000 7fc8480b7700 1 -- 172.21.15.125:0/1009825502 shutdown_connections
2023-05-16T07:06:53.520 INFO:teuthology.orchestra.run.smithi125.stderr:/usr/bin/ceph:
2023-05-16T07:06:53.515+0000 7fc8480b7700 1 --2- 172.21.15.125:0/1009825502 >> [v2:172.21.15.125:3300/0,v1:172.21.15.125:6789/0] conn(0x7fc8400fc090 0x7fc8400fc4b0 secure :-1 s=CLOSED pgs=43 cs=0 l=1 rev1=1 rx=0x7fc83c00b5f0 tx=0x7fc83c006ee0).stop
2023-05-16T07:06:53.520 INFO:teuthology.orchestra.run.smithi125.stderr:/usr/bin/ceph:
2023-05-16T07:06:53.515+0000 7fc8480b7700 1 -- 172.21.15.125:0/1009825502 >> 172.21.15.125:0/1009825502 conn(0x7fc8400f59e0 msgr2=0x7fc8400f7e00 unknown :-1 s=STATE_NONE l=0).mark_down
2023-05-16T07:06:53.520 INFO:teuthology.orchestra.run.smithi125.stderr:/usr/bin/ceph:
2023-05-16T07:06:53.515+0000 7fc8480b7700 1 -- 172.21.15.125:0/1009825502 shutdown_connections
2023-05-16T07:06:53.521 INFO:teuthology.orchestra.run.smithi125.stderr:/usr/bin/ceph:
2023-05-16T07:06:53.515+0000 7fc8480b7700 1 -- 172.21.15.125:0/1009825502 wait complete.
2023-05-16T07:06:53.521 INFO:teuthology.orchestra.run.smithi125.stderr:/usr/bin/ceph:
2023-05-16T07:06:53.516+0000 7fc8480b7700 1 Processor -- start
2023-05-16T07:06:53.521 INFO:teuthology.orchestra.run.smithi125.stderr:/usr/bin/ceph:
2023-05-16T07:06:53.516+0000 7fc8480b7700 1 -- start start
2023-05-16T07:06:53.521 INFO:teuthology.orchestra.run.smithi125.stderr:/usr/bin/ceph:
2023-05-16T07:06:53.516+0000 7fc8480b7700 1 --2- >> [v2:172.21.15.125:3300/0,v1:172.21.15.125:6789/0] conn(0x7fc8401110c0 0x7fc8401114e0 unknown :-1 s=NONE pgs=0 cs=0 l=1 rev1=0 rx=0 tx=0).connect
2023-05-16T07:06:53.521 INFO:teuthology.orchestra.run.smithi125.stderr:/usr/bin/ceph:
2023-05-16T07:06:53.516+0000 7fc8480b7700 1 -- --> [v2:172.21.15.125:3300/0,v1:172.21.15.125:6789/0] -- mon_getmap magic: 0 v1 -- 0x7fc8401119d0 con 0x7fc8401110c0
2023-05-16T07:06:53.521 INFO:teuthology.orchestra.run.smithi125.stderr:/usr/bin/ceph:
2023-05-16T07:06:53.516+0000 7fc845e53700 1 --2- >> [v2:172.21.15.125:3300/0,v1:172.21.15.125:6789/0] conn(0x7fc8401110c0 0x7fc8401114e0 unknown :-1 s=BANNER_CONNECTING pgs=0 cs=0 l=1 rev1=0 rx=0 tx=0)._handle_peer_banner_payload supported=1 required=0
2023-05-16T07:06:53.521 INFO:teuthology.orchestra.run.smithi125.stderr:/usr/bin/ceph:
2023-05-16T07:06:53.516+0000 7fc845e53700 1 --2- >> [v2:172.21.15.125:3300/0,v1:172.21.15.125:6789/0] conn(0x7fc8401110c0 0x7fc8401114e0 unknown :-1 s=HELLO_CONNECTING pgs=0 cs=0 l=1 rev1=1 rx=0 tx=0).handle_hello peer v2:172.21.15.125:3300/0 says I am v2:172.21.15.125:50118/0 (socket says 172.21.15.125:50118)
2023-05-16T07:06:53.522 INFO:teuthology.orchestra.run.smithi125.stderr:/usr/bin/ceph:
2023-05-16T07:06:53.516+0000 7fc845e53700 1 -- 172.21.15.125:0/94201205 learned_addr learned my addr 172.21.15.125:0/94201205 (peer_addr_for_me v2:172.21.15.125:0/0)
2023-05-16T07:06:53.522 INFO:teuthology.orchestra.run.smithi125.stderr:/usr/bin/ceph:
2023-05-16T07:06:53.516+0000 7fc845e53700 1 -- 172.21.15.125:0/94201205 --> [v2:172.21.15.125:3300/0,v1:172.21.15.125:6789/0] -- mon_subscribe({config=0+,monmap=0+}) v3 -- 0x7fc83c00b200 con 0x7fc8401110c0
2023-05-16T07:06:53.523 INFO:teuthology.orchestra.run.smithi125.stderr:/usr/bin/ceph:
2023-05-16T07:06:53.516+0000 7fc845e53700 1 --2- 172.21.15.125:0/94201205 >> [v2:172.21.15.125:3300/0,v1:172.21.15.125:6789/0] conn(0x7fc8401110c0 0x7fc8401114e0 secure :-1 s=READY pgs=44 cs=0 l=1 rev1=1 rx=0x7fc83c00dbd0 tx=0x7fc83c006ee0).ready entity=mon.0 client_cookie=0 server_cookie=0 in_seq=0 out_seq=0
2023-05-16T07:06:53.523 INFO:teuthology.orchestra.run.smithi125.stderr:/usr/bin/ceph:
2023-05-16T07:06:53.516+0000 7fc82e7fc700 1 -- 172.21.15.125:0/94201205 <== mon.0 v2:172.21.15.125:3300/0 1 ==== mon_map magic: 0 v1 ==== 229+0+0 (secure 0 0 0) 0x7fc83c011df0 con 0x7fc8401110c0
2023-05-16T07:06:53.523 INFO:teuthology.orchestra.run.smithi125.stderr:/usr/bin/ceph:
2023-05-16T07:06:53.517+0000 7fc82e7fc700 1 -- 172.21.15.125:0/94201205 <== mon.0 v2:172.21.15.125:3300/0 2 ==== config(25 keys) v1 ==== 1074+0+0 (secure 0 0 0) 0x7fc83c01b8c0 con 0x7fc8401110c0
2023-05-16T07:06:53.523 INFO:teuthology.orchestra.run.smithi125.stderr:/usr/bin/ceph:
2023-05-16T07:06:53.517+0000 7fc82e7fc700 1 -- 172.21.15.125:0/94201205 <== mon.0 v2:172.21.15.125:3300/0 3 ==== mon_map magic: 0 v1 ==== 229+0+0 (secure 0 0 0) 0x7fc83c01a760 con 0x7fc8401110c0
2023-05-16T07:06:53.523 INFO:teuthology.orchestra.run.smithi125.stderr:/usr/bin/ceph:
2023-05-16T07:06:53.517+0000 7fc8480b7700 1 -- 172.21.15.125:0/94201205 --> [v2:172.21.15.125:3300/0,v1:172.21.15.125:6789/0] -- mon_subscribe({mgrmap=0+}) v3 -- 0x7fc840111bd0 con 0x7fc8401110c0
2023-05-16T07:06:53.523 INFO:teuthology.orchestra.run.smithi125.stderr:/usr/bin/ceph:
2023-05-16T07:06:53.517+0000 7fc8480b7700 1 -- 172.21.15.125:0/94201205 --> [v2:172.21.15.125:3300/0,v1:172.21.15.125:6789/0] -- mon_subscribe({osdmap=0}) v3 -- 0x7fc8401126a0 con 0x7fc8401110c0
2023-05-16T07:06:53.523 INFO:teuthology.orchestra.run.smithi125.stderr:/usr/bin/ceph:
2023-05-16T07:06:53.517+0000 7fc82e7fc700 1 -- 172.21.15.125:0/94201205 <== mon.0 v2:172.21.15.125:3300/0 4 ==== mgrmap(e 7) v1 ==== 36120+0+0 (secure 0 0 0) 0x7fc83c00f070 con 0x7fc8401110c0
2023-05-16T07:06:53.523 INFO:teuthology.orchestra.run.smithi125.stderr:/usr/bin/ceph:
2023-05-16T07:06:53.517+0000 7fc82e7fc700 1 --2- 172.21.15.125:0/94201205 >> [v2:172.21.15.125:6800/1784765343,v1:172.21.15.125:6801/1784765343] conn(0x7fc828031ff0 0x7fc8280344b0 unknown :-1 s=NONE pgs=0 cs=0 l=1 rev1=0 rx=0 tx=0).connect
2023-05-16T07:06:53.524 INFO:teuthology.orchestra.run.smithi125.stderr:/usr/bin/ceph:
2023-05-16T07:06:53.518+0000 7fc82e7fc700 1 -- 172.21.15.125:0/94201205 <== mon.0 v2:172.21.15.125:3300/0 5 ==== osd_map(2..2 src has 1..2) v4 ==== 926+0+0 (secure 0 0 0) 0x7fc83c040e10 con 0x7fc8401110c0
2023-05-16T07:06:53.524 INFO:teuthology.orchestra.run.smithi125.stderr:/usr/bin/ceph:
2023-05-16T07:06:53.518+0000 7fc845652700 1 --2- 172.21.15.125:0/94201205 >> [v2:172.21.15.125:6800/1784765343,v1:172.21.15.125:6801/1784765343] conn(0x7fc828031ff0 0x7fc8280344b0 unknown :-1 s=BANNER_CONNECTING pgs=0 cs=0 l=1 rev1=0 rx=0 tx=0)._handle_peer_banner_payload supported=1 required=0
2023-05-16T07:06:53.524 INFO:teuthology.orchestra.run.smithi125.stderr:/usr/bin/ceph:
2023-05-16T07:06:53.518+0000 7fc8480b7700 1 -- 172.21.15.125:0/94201205 --> [v2:172.21.15.125:3300/0,v1:172.21.15.125:6789/0] -- mon_command({"prefix": "get_command_descriptions"} v 0) v1 -- 0x7fc840059100 con 0x7fc8401110c0
2023-05-16T07:06:53.524 INFO:teuthology.orchestra.run.smithi125.stderr:/usr/bin/ceph:
2023-05-16T07:06:53.518+0000 7fc845652700 1 --2- 172.21.15.125:0/94201205 >> [v2:172.21.15.125:6800/1784765343,v1:172.21.15.125:6801/1784765343] conn(0x7fc828031ff0 0x7fc8280344b0 secure :-1 s=READY pgs=13 cs=0 l=1 rev1=1 rx=0x7fc8300096a0 tx=0x7fc830006b40).ready entity=mgr.14114 client_cookie=0 server_cookie=0 in_seq=0 out_seq=0
2023-05-16T07:06:53.526 INFO:teuthology.orchestra.run.smithi125.stderr:/usr/bin/ceph:
2023-05-16T07:06:53.522+0000 7fc82e7fc700 1 -- 172.21.15.125:0/94201205 <== mon.0 v2:172.21.15.125:3300/0 6 ==== mon_command_ack([{"prefix": "get_command_descriptions"}]=0 v0) v1 ==== 72+0+152212 (secure 0 0 0) 0x7fc83c016070 con 0x7fc8401110c0
2023-05-16T07:06:53.713 INFO:teuthology.orchestra.run.smithi125.stderr:/usr/bin/ceph:
2023-05-16T07:06:53.709+0000 7fc8480b7700 1 -- 172.21.15.125:0/94201205 --> [v2:172.21.15.125:6800/1784765343,v1:172.21.15.125:6801/1784765343] -- mgr_command(tid 0: {"prefix": "orch apply", "service_type": "crash", "target": ["mon-mgr", ""]}) v1 -- 0x7fc840065e70 con 0x7fc828031ff0
2023-05-16T07:06:53.717 INFO:teuthology.orchestra.run.smithi125.stderr:/usr/bin/ceph:
2023-05-16T07:06:53.713+0000 7fc82e7fc700 1 -- 172.21.15.125:0/94201205 <== mgr.14114 v2:172.21.15.125:6800/1784765343 1 ==== mgr_command_reply(tid 0: 0 ) v1 ==== 8+0+26 (secure 0 0 0) 0x7fc840065e70 con 0x7fc828031ff0
2023-05-16T07:06:53.717 INFO:teuthology.orchestra.run.smithi125.stderr:/usr/bin/ceph: Scheduled crash update...
2023-05-16T07:06:53.720 INFO:teuthology.orchestra.run.smithi125.stderr:/usr/bin/ceph:
2023-05-16T07:06:53.716+0000 7fc8480b7700 1 -- 172.21.15.125:0/94201205 >> [v2:172.21.15.125:6800/1784765343,v1:172.21.15.125:6801/1784765343] conn(0x7fc828031ff0 msgr2=0x7fc8280344b0 secure :-1 s=STATE_CONNECTION_ESTABLISHED l=1).mark_down
2023-05-16T07:06:53.720 INFO:teuthology.orchestra.run.smithi125.stderr:/usr/bin/ceph:
2023-05-16T07:06:53.716+0000 7fc8480b7700 1 --2- 172.21.15.125:0/94201205 >> [v2:172.21.15.125:6800/1784765343,v1:172.21.15.125:6801/1784765343] conn(0x7fc828031ff0 0x7fc8280344b0 secure :-1 s=READY pgs=13 cs=0 l=1 rev1=1 rx=0x7fc8300096a0 tx=0x7fc830006b40).stop
2023-05-16T07:06:53.720 INFO:teuthology.orchestra.run.smithi125.stderr:/usr/bin/ceph:
2023-05-16T07:06:53.716+0000 7fc8480b7700 1 -- 172.21.15.125:0/94201205 >> [v2:172.21.15.125:3300/0,v1:172.21.15.125:6789/0] conn(0x7fc8401110c0 msgr2=0x7fc8401114e0 secure :-1 s=STATE_CONNECTION_ESTABLISHED l=1).mark_down
2023-05-16T07:06:53.721 INFO:teuthology.orchestra.run.smithi125.stderr:/usr/bin/ceph:
2023-05-16T07:06:53.716+0000 7fc8480b7700 1 --2- 172.21.15.125:0/94201205 >> [v2:172.21.15.125:3300/0,v1:172.21.15.125:6789/0] conn(0x7fc8401110c0 0x7fc8401114e0 secure :-1 s=READY pgs=44 cs=0 l=1 rev1=1 rx=0x7fc83c00dbd0 tx=0x7fc83c006ee0).stop
2023-05-16T07:06:53.721 INFO:teuthology.orchestra.run.smithi125.stderr:/usr/bin/ceph:
2023-05-16T07:06:53.716+0000 7fc8480b7700 1 -- 172.21.15.125:0/94201205 shutdown_connections
2023-05-16T07:06:53.721 INFO:teuthology.orchestra.run.smithi125.stderr:/usr/bin/ceph:
2023-05-16T07:06:53.716+0000 7fc8480b7700 1 --2- 172.21.15.125:0/94201205 >> [v2:172.21.15.125:6800/1784765343,v1:172.21.15.125:6801/1784765343] conn(0x7fc828031ff0 0x7fc8280344b0 unknown :-1 s=CLOSED pgs=13 cs=0 l=1 rev1=1 rx=0 tx=0).stop
2023-05-16T07:06:53.721 INFO:teuthology.orchestra.run.smithi125.stderr:/usr/bin/ceph:
2023-05-16T07:06:53.716+0000 7fc8480b7700 1 --2- 172.21.15.125:0/94201205 >> [v2:172.21.15.125:3300/0,v1:172.21.15.125:6789/0] conn(0x7fc8401110c0 0x7fc8401114e0 unknown :-1 s=CLOSED pgs=44 cs=0 l=1 rev1=1 rx=0 tx=0).stop
2023-05-16T07:06:53.721 INFO:teuthology.orchestra.run.smithi125.stderr:/usr/bin/ceph:
2023-05-16T07:06:53.716+0000 7fc8480b7700 1 -- 172.21.15.125:0/94201205 >> 172.21.15.125:0/94201205 conn(0x7fc8400f59e0 msgr2=0x7fc840063500 unknown :-1 s=STATE_NONE l=0).mark_down
2023-05-16T07:06:53.722 INFO:teuthology.orchestra.run.smithi125.stderr:/usr/bin/ceph:
2023-05-16T07:06:53.717+0000 7fc8480b7700 1 -- 172.21.15.125:0/94201205 shutdown_connections
2023-05-16T07:06:53.722 INFO:teuthology.orchestra.run.smithi125.stderr:/usr/bin/ceph:
2023-05-16T07:06:53.717+0000 7fc8480b7700 1 -- 172.21.15.125:0/94201205 wait complete.
2023-05-16T07:06:54.076 INFO:journalctl@ceph.mon.smithi125.smithi125.stdout:May 16 07:06:53 smithi125 ceph-1b8c2c5e-f3b8-11ed-9b02-001a4aab830c-mon.smithi125[101220]: audit
2023-05-16T07:06:52.721313+0000 mgr.smithi125.wwywgk (mgr.14114) 12 : audit [DBG] from='client.14136 -' entity='client.admin' cmd=[{"prefix": "orch apply", "service_type": "mgr", "target": ["mon-mgr", ""]}]: dispatch
2023-05-16T07:06:54.076 INFO:journalctl@ceph.mon.smithi125.smithi125.stdout:May 16 07:06:53 smithi125 ceph-1b8c2c5e-f3b8-11ed-9b02-001a4aab830c-mon.smithi125[101220]: cephadm
2023-05-16T07:06:52.721829+0000 mgr.smithi125.wwywgk (mgr.14114) 13 : cephadm [INF] Saving service mgr spec with placement count:2
2023-05-16T07:06:54.077 INFO:journalctl@ceph.mon.smithi125.smithi125.stdout:May 16 07:06:53 smithi125 ceph-1b8c2c5e-f3b8-11ed-9b02-001a4aab830c-mon.smithi125[101220]: audit
2023-05-16T07:06:53.713970+0000 mon.smithi125 (mon.0) 59 : audit [INF] from='mgr.14114 172.21.15.125:0/486497402' entity='mgr.smithi125.wwywgk'
2023-05-16T07:06:54.140 INFO:teuthology.orchestra.run.smithi125.stderr:Enabling mgr prometheus module...
2023-05-16T07:06:54.141 INFO:teuthology.orchestra.run.smithi125.stderr:Running command: /bin/podman run --rm --ipc=host --no-hosts --net=host --entrypoint /usr/bin/ceph --init -e CONTAINER_IMAGE=docker.io/ceph/ceph:v16.2.4 -e NODE_NAME=smithi125 -e CEPH_USE_RANDOM_NONCE=1 -v /var/log/ceph/1b8c2c5e-f3b8-11ed-9b02-001a4aab830c:/var/log/ceph:z -v /tmp/ceph-tmpkiehsdgn:/etc/ceph/ceph.client.admin.keyring:z -v /tmp/ceph-tmpybvk2ovy:/etc/ceph/ceph.conf:z docker.io/ceph/ceph:v16.2.4 mgr module enable prometheus
2023-05-16T07:06:54.563 INFO:teuthology.orchestra.run.smithi125.stderr:/usr/bin/ceph:
2023-05-16T07:06:54.558+0000 7f1da9580700 1 Processor -- start
2023-05-16T07:06:54.563 INFO:teuthology.orchestra.run.smithi125.stderr:/usr/bin/ceph:
2023-05-16T07:06:54.558+0000 7f1da9580700 1 -- start start
2023-05-16T07:06:54.563 INFO:teuthology.orchestra.run.smithi125.stderr:/usr/bin/ceph:
2023-05-16T07:06:54.559+0000 7f1da9580700 1 --2- >> [v2:172.21.15.125:3300/0,v1:172.21.15.125:6789/0] conn(0x7f1da4071cb0 0x7f1da4070250 unknown :-1 s=NONE pgs=0 cs=0 l=0 rev1=0 rx=0 tx=0).connect
2023-05-16T07:06:54.564 INFO:teuthology.orchestra.run.smithi125.stderr:/usr/bin/ceph:
2023-05-16T07:06:54.559+0000 7f1da9580700 1 -- --> [v2:172.21.15.125:3300/0,v1:172.21.15.125:6789/0] -- mon_getmap magic: 0 v1 -- 0x7f1da40720d0 con 0x7f1da4071cb0
2023-05-16T07:06:54.564 INFO:teuthology.orchestra.run.smithi125.stderr:/usr/bin/ceph:
2023-05-16T07:06:54.559+0000 7f1da2ffd700 1 --2- >> [v2:172.21.15.125:3300/0,v1:172.21.15.125:6789/0] conn(0x7f1da4071cb0 0x7f1da4070250 unknown :-1 s=BANNER_CONNECTING pgs=0 cs=0 l=0 rev1=0 rx=0 tx=0)._handle_peer_banner_payload supported=1 required=0
2023-05-16T07:06:54.564 INFO:teuthology.orchestra.run.smithi125.stderr:/usr/bin/ceph:
2023-05-16T07:06:54.559+0000 7f1da2ffd700 1 --2- >> [v2:172.21.15.125:3300/0,v1:172.21.15.125:6789/0] conn(0x7f1da4071cb0 0x7f1da4070250 unknown :-1 s=HELLO_CONNECTING pgs=0 cs=0 l=0 rev1=1 rx=0 tx=0).handle_hello peer v2:172.21.15.125:3300/0 says I am v2:172.21.15.125:50132/0 (socket says 172.21.15.125:50132)
2023-05-16T07:06:54.564 INFO:teuthology.orchestra.run.smithi125.stderr:/usr/bin/ceph:
2023-05-16T07:06:54.559+0000 7f1da2ffd700 1 -- 172.21.15.125:0/3890861760 learned_addr learned my addr 172.21.15.125:0/3890861760 (peer_addr_for_me v2:172.21.15.125:0/0)
2023-05-16T07:06:54.564 INFO:teuthology.orchestra.run.smithi125.stderr:/usr/bin/ceph:
2023-05-16T07:06:54.559+0000 7f1da2ffd700 1 -- 172.21.15.125:0/3890861760 --> [v2:172.21.15.125:3300/0,v1:172.21.15.125:6789/0] -- mon_subscribe({config=0+,monmap=0+}) v3 -- 0x7f1da4070740 con 0x7f1da4071cb0
2023-05-16T07:06:54.564 INFO:teuthology.orchestra.run.smithi125.stderr:/usr/bin/ceph:
2023-05-16T07:06:54.559+0000 7f1da2ffd700 1 --2- 172.21.15.125:0/3890861760 >> [v2:172.21.15.125:3300/0,v1:172.21.15.125:6789/0] conn(0x7f1da4071cb0 0x7f1da4070250 secure :-1 s=READY pgs=45 cs=0 l=1 rev1=1 rx=0x7f1d9400b5f0 tx=0x7f1d94006ee0).ready entity=mon.0 client_cookie=e52671bfe9559d0a server_cookie=0 in_seq=0 out_seq=0
2023-05-16T07:06:54.564 INFO:teuthology.orchestra.run.smithi125.stderr:/usr/bin/ceph:
2023-05-16T07:06:54.559+0000 7f1da1ffb700 1 -- 172.21.15.125:0/3890861760 <== mon.0 v2:172.21.15.125:3300/0 1 ==== mon_map magic: 0 v1 ==== 229+0+0 (secure 0 0 0) 0x7f1d9400d600 con 0x7f1da4071cb0
2023-05-16T07:06:54.565 INFO:teuthology.orchestra.run.smithi125.stderr:/usr/bin/ceph:
2023-05-16T07:06:54.560+0000 7f1da1ffb700 1 -- 172.21.15.125:0/3890861760 <== mon.0 v2:172.21.15.125:3300/0 2 ==== config(25 keys) v1 ==== 1074+0+0 (secure 0 0 0) 0x7f1d9400dc10 con 0x7f1da4071cb0
2023-05-16T07:06:54.565 INFO:teuthology.orchestra.run.smithi125.stderr:/usr/bin/ceph:
2023-05-16T07:06:54.560+0000 7f1da1ffb700 1 -- 172.21.15.125:0/3890861760 <== mon.0 v2:172.21.15.125:3300/0 3 ==== mon_map magic: 0 v1 ==== 229+0+0 (secure 0 0 0) 0x7f1d94011cd0 con 0x7f1da4071cb0
2023-05-16T07:06:54.567 INFO:teuthology.orchestra.run.smithi125.stderr:/usr/bin/ceph:
2023-05-16T07:06:54.560+0000 7f1da9580700 1 -- 172.21.15.125:0/3890861760 >> [v2:172.21.15.125:3300/0,v1:172.21.15.125:6789/0] conn(0x7f1da4071cb0 msgr2=0x7f1da4070250 secure :-1 s=STATE_CONNECTION_ESTABLISHED l=1).mark_down
2023-05-16T07:06:54.567 INFO:teuthology.orchestra.run.smithi125.stderr:/usr/bin/ceph:
2023-05-16T07:06:54.560+0000 7f1da9580700 1 --2- 172.21.15.125:0/3890861760 >> [v2:172.21.15.125:3300/0,v1:172.21.15.125:6789/0] conn(0x7f1da4071cb0 0x7f1da4070250 secure :-1 s=READY pgs=45 cs=0 l=1 rev1=1 rx=0x7f1d9400b5f0 tx=0x7f1d94006ee0).stop
2023-05-16T07:06:54.567 INFO:teuthology.orchestra.run.smithi125.stderr:/usr/bin/ceph:
2023-05-16T07:06:54.560+0000 7f1da9580700 1 -- 172.21.15.125:0/3890861760 shutdown_connections
2023-05-16T07:06:54.567 INFO:teuthology.orchestra.run.smithi125.stderr:/usr/bin/ceph:
2023-05-16T07:06:54.560+0000 7f1da9580700 1 --2- 172.21.15.125:0/3890861760 >> [v2:172.21.15.125:3300/0,v1:172.21.15.125:6789/0] conn(0x7f1da4071cb0 0x7f1da4070250 unknown :-1 s=CLOSED pgs=45 cs=0 l=1 rev1=1 rx=0 tx=0).stop
2023-05-16T07:06:54.567 INFO:teuthology.orchestra.run.smithi125.stderr:/usr/bin/ceph:
2023-05-16T07:06:54.560+0000 7f1da9580700 1 -- 172.21.15.125:0/3890861760 >> 172.21.15.125:0/3890861760 conn(0x7f1da40f7450 msgr2=0x7f1da40f9870 unknown :-1 s=STATE_NONE l=0).mark_down
2023-05-16T07:06:54.568 INFO:teuthology.orchestra.run.smithi125.stderr:/usr/bin/ceph:
2023-05-16T07:06:54.560+0000 7f1da9580700 1 -- 172.21.15.125:0/3890861760 shutdown_connections
2023-05-16T07:06:54.568 INFO:teuthology.orchestra.run.smithi125.stderr:/usr/bin/ceph:
2023-05-16T07:06:54.560+0000 7f1da9580700 1 -- 172.21.15.125:0/3890861760 wait complete.
2023-05-16T07:06:54.568 INFO:teuthology.orchestra.run.smithi125.stderr:/usr/bin/ceph:
2023-05-16T07:06:54.561+0000 7f1da9580700 1 Processor -- start
2023-05-16T07:06:54.568 INFO:teuthology.orchestra.run.smithi125.stderr:/usr/bin/ceph:
2023-05-16T07:06:54.561+0000 7f1da9580700 1 -- start start
2023-05-16T07:06:54.568 INFO:teuthology.orchestra.run.smithi125.stderr:/usr/bin/ceph:
2023-05-16T07:06:54.561+0000 7f1da9580700 1 --2- >> [v2:172.21.15.125:3300/0,v1:172.21.15.125:6789/0] conn(0x7f1da4071cb0 0x7f1da410cbe0 unknown :-1 s=NONE pgs=0 cs=0 l=1 rev1=0 rx=0 tx=0).connect
2023-05-16T07:06:54.568 INFO:teuthology.orchestra.run.smithi125.stderr:/usr/bin/ceph:
2023-05-16T07:06:54.561+0000 7f1da9580700 1 -- --> [v2:172.21.15.125:3300/0,v1:172.21.15.125:6789/0] -- mon_getmap magic: 0 v1 -- 0x7f1da410d0d0 con 0x7f1da4071cb0
2023-05-16T07:06:54.568 INFO:teuthology.orchestra.run.smithi125.stderr:/usr/bin/ceph:
2023-05-16T07:06:54.561+0000 7f1da2ffd700 1 --2- >> [v2:172.21.15.125:3300/0,v1:172.21.15.125:6789/0] conn(0x7f1da4071cb0 0x7f1da410cbe0 unknown :-1 s=BANNER_CONNECTING pgs=0 cs=0 l=1 rev1=0 rx=0 tx=0)._handle_peer_banner_payload supported=1 required=0
2023-05-16T07:06:54.569 INFO:teuthology.orchestra.run.smithi125.stderr:/usr/bin/ceph:
2023-05-16T07:06:54.561+0000 7f1da2ffd700 1 --2- >> [v2:172.21.15.125:3300/0,v1:172.21.15.125:6789/0] conn(0x7f1da4071cb0 0x7f1da410cbe0 unknown :-1 s=HELLO_CONNECTING pgs=0 cs=0 l=1 rev1=1 rx=0 tx=0).handle_hello peer v2:172.21.15.125:3300/0 says I am v2:172.21.15.125:50146/0 (socket says 172.21.15.125:50146)
2023-05-16T07:06:54.569 INFO:teuthology.orchestra.run.smithi125.stderr:/usr/bin/ceph:
2023-05-16T07:06:54.561+0000 7f1da2ffd700 1 -- 172.21.15.125:0/3510370694 learned_addr learned my addr 172.21.15.125:0/3510370694 (peer_addr_for_me v2:172.21.15.125:0/0)
2023-05-16T07:06:54.569 INFO:teuthology.orchestra.run.smithi125.stderr:/usr/bin/ceph:
2023-05-16T07:06:54.561+0000 7f1da2ffd700 1 -- 172.21.15.125:0/3510370694 --> [v2:172.21.15.125:3300/0,v1:172.21.15.125:6789/0] -- mon_subscribe({config=0+,monmap=0+}) v3 -- 0x7f1d9400b200 con 0x7f1da4071cb0
2023-05-16T07:06:54.569 INFO:teuthology.orchestra.run.smithi125.stderr:/usr/bin/ceph:
2023-05-16T07:06:54.562+0000 7f1da2ffd700 1 --2- 172.21.15.125:0/3510370694 >> [v2:172.21.15.125:3300/0,v1:172.21.15.125:6789/0] conn(0x7f1da4071cb0 0x7f1da410cbe0 secure :-1 s=READY pgs=46 cs=0 l=1 rev1=1 rx=0x7f1d94006a40 tx=0x7f1d94006ee0).ready entity=mon.0 client_cookie=0 server_cookie=0 in_seq=0 out_seq=0
2023-05-16T07:06:54.569 INFO:teuthology.orchestra.run.smithi125.stderr:/usr/bin/ceph:
2023-05-16T07:06:54.562+0000 7f1d8b7fe700 1 -- 172.21.15.125:0/3510370694 <== mon.0 v2:172.21.15.125:3300/0 1 ==== mon_map magic: 0 v1 ==== 229+0+0 (secure 0 0 0) 0x7f1d94011c90 con 0x7f1da4071cb0
2023-05-16T07:06:54.569 INFO:teuthology.orchestra.run.smithi125.stderr:/usr/bin/ceph:
2023-05-16T07:06:54.562+0000 7f1da9580700 1 -- 172.21.15.125:0/3510370694 --> [v2:172.21.15.125:3300/0,v1:172.21.15.125:6789/0] -- mon_subscribe({mgrmap=0+}) v3 -- 0x7f1da410d2d0 con 0x7f1da4071cb0
2023-05-16T07:06:54.569 INFO:teuthology.orchestra.run.smithi125.stderr:/usr/bin/ceph:
