2023-05-16T07:06:47.762+0000 7f2ddcff9700 1 -- 172.21.15.125:0/2665987843 <== mon.0 v2:172.21.15.125:3300/0 3 ==== mon_map magic: 0 v1 ==== 229+0+0 (secure 0 0 0) 0x7f2dd001a700 con 0x7f2de0071cb0
2023-05-16T07:06:47.770 INFO:teuthology.orchestra.run.smithi125.stderr:/usr/bin/ceph:
2023-05-16T07:06:47.762+0000 7f2de673b700 1 -- 172.21.15.125:0/2665987843 --> [v2:172.21.15.125:3300/0,v1:172.21.15.125:6789/0] -- mon_subscribe({mgrmap=0+}) v3 -- 0x7f2de010d2d0 con 0x7f2de0071cb0
2023-05-16T07:06:47.770 INFO:teuthology.orchestra.run.smithi125.stderr:/usr/bin/ceph:
2023-05-16T07:06:47.762+0000 7f2de673b700 1 -- 172.21.15.125:0/2665987843 --> [v2:172.21.15.125:3300/0,v1:172.21.15.125:6789/0] -- mon_subscribe({osdmap=0}) v3 -- 0x7f2de010d6e0 con 0x7f2de0071cb0
2023-05-16T07:06:47.770 INFO:teuthology.orchestra.run.smithi125.stderr:/usr/bin/ceph:
2023-05-16T07:06:47.763+0000 7f2ddcff9700 1 -- 172.21.15.125:0/2665987843 <== mon.0 v2:172.21.15.125:3300/0 4 ==== mgrmap(e 7) v1 ==== 36120+0+0 (secure 0 0 0) 0x7f2dd000f070 con 0x7f2de0071cb0
2023-05-16T07:06:47.770 INFO:teuthology.orchestra.run.smithi125.stderr:/usr/bin/ceph:
2023-05-16T07:06:47.763+0000 7f2ddcff9700 1 --2- 172.21.15.125:0/2665987843 >> [v2:172.21.15.125:6800/1784765343,v1:172.21.15.125:6801/1784765343] conn(0x7f2dcc02fd50 0x7f2dcc032210 unknown :-1 s=NONE pgs=0 cs=0 l=1 rev1=0 rx=0 tx=0).connect
2023-05-16T07:06:47.771 INFO:teuthology.orchestra.run.smithi125.stderr:/usr/bin/ceph:
2023-05-16T07:06:47.763+0000 7f2ddcff9700 1 -- 172.21.15.125:0/2665987843 <== mon.0 v2:172.21.15.125:3300/0 5 ==== osd_map(2..2 src has 1..2) v4 ==== 926+0+0 (secure 0 0 0) 0x7f2dd0041080 con 0x7f2de0071cb0
2023-05-16T07:06:47.771 INFO:teuthology.orchestra.run.smithi125.stderr:/usr/bin/ceph:
2023-05-16T07:06:47.763+0000 7f2de673b700 1 -- 172.21.15.125:0/2665987843 --> [v2:172.21.15.125:3300/0,v1:172.21.15.125:6789/0] -- mon_command({"prefix": "get_command_descriptions"} v 0) v1 -- 0x7f2de0045ad0 con 0x7f2de0071cb0
2023-05-16T07:06:47.771 INFO:teuthology.orchestra.run.smithi125.stderr:/usr/bin/ceph:
2023-05-16T07:06:47.763+0000 7f2ddf7fe700 1 --2- 172.21.15.125:0/2665987843 >> [v2:172.21.15.125:6800/1784765343,v1:172.21.15.125:6801/1784765343] conn(0x7f2dcc02fd50 0x7f2dcc032210 unknown :-1 s=BANNER_CONNECTING pgs=0 cs=0 l=1 rev1=0 rx=0 tx=0)._handle_peer_banner_payload supported=1 required=0
2023-05-16T07:06:47.771 INFO:teuthology.orchestra.run.smithi125.stderr:/usr/bin/ceph:
2023-05-16T07:06:47.764+0000 7f2ddf7fe700 1 --2- 172.21.15.125:0/2665987843 >> [v2:172.21.15.125:6800/1784765343,v1:172.21.15.125:6801/1784765343] conn(0x7f2dcc02fd50 0x7f2dcc032210 secure :-1 s=READY pgs=8 cs=0 l=1 rev1=1 rx=0x7f2dd40096a0 tx=0x7f2dd4006b40).ready entity=mgr.14114 client_cookie=0 server_cookie=0 in_seq=0 out_seq=0
2023-05-16T07:06:47.771 INFO:teuthology.orchestra.run.smithi125.stderr:/usr/bin/ceph:
2023-05-16T07:06:47.768+0000 7f2ddcff9700 1 -- 172.21.15.125:0/2665987843 <== mon.0 v2:172.21.15.125:3300/0 6 ==== mon_command_ack([{"prefix": "get_command_descriptions"}]=0 v0) v1 ==== 72+0+152212 (secure 0 0 0) 0x7f2dd0016080 con 0x7f2de0071cb0
2023-05-16T07:06:47.920 INFO:teuthology.orchestra.run.smithi125.stderr:/usr/bin/ceph:
2023-05-16T07:06:47.916+0000 7f2de673b700 1 -- 172.21.15.125:0/2665987843 --> [v2:172.21.15.125:6800/1784765343,v1:172.21.15.125:6801/1784765343] -- mgr_command(tid 0: {"prefix": "cephadm generate-key", "target": ["mon-mgr", ""]}) v1 -- 0x7f2de010dfc0 con 0x7f2dcc02fd50
2023-05-16T07:06:47.986 INFO:teuthology.orchestra.run.smithi125.stderr:/usr/bin/ceph:
2023-05-16T07:06:47.982+0000 7f2ddcff9700 1 -- 172.21.15.125:0/2665987843 <== mgr.14114 v2:172.21.15.125:6800/1784765343 1 ==== mgr_command_reply(tid 0: 0 ) v1 ==== 8+0+0 (secure 0 0 0) 0x7f2de010dfc0 con 0x7f2dcc02fd50
2023-05-16T07:06:47.988 INFO:teuthology.orchestra.run.smithi125.stderr:/usr/bin/ceph:
2023-05-16T07:06:47.984+0000 7f2de673b700 1 -- 172.21.15.125:0/2665987843 >> [v2:172.21.15.125:6800/1784765343,v1:172.21.15.125:6801/1784765343] conn(0x7f2dcc02fd50 msgr2=0x7f2dcc032210 secure :-1 s=STATE_CONNECTION_ESTABLISHED l=1).mark_down
2023-05-16T07:06:47.989 INFO:teuthology.orchestra.run.smithi125.stderr:/usr/bin/ceph:
2023-05-16T07:06:47.984+0000 7f2de673b700 1 --2- 172.21.15.125:0/2665987843 >> [v2:172.21.15.125:6800/1784765343,v1:172.21.15.125:6801/1784765343] conn(0x7f2dcc02fd50 0x7f2dcc032210 secure :-1 s=READY pgs=8 cs=0 l=1 rev1=1 rx=0x7f2dd40096a0 tx=0x7f2dd4006b40).stop
2023-05-16T07:06:47.989 INFO:teuthology.orchestra.run.smithi125.stderr:/usr/bin/ceph:
2023-05-16T07:06:47.984+0000 7f2de673b700 1 -- 172.21.15.125:0/2665987843 >> [v2:172.21.15.125:3300/0,v1:172.21.15.125:6789/0] conn(0x7f2de0071cb0 msgr2=0x7f2de010cbe0 secure :-1 s=STATE_CONNECTION_ESTABLISHED l=1).mark_down
2023-05-16T07:06:47.989 INFO:teuthology.orchestra.run.smithi125.stderr:/usr/bin/ceph:
2023-05-16T07:06:47.984+0000 7f2de673b700 1 --2- 172.21.15.125:0/2665987843 >> [v2:172.21.15.125:3300/0,v1:172.21.15.125:6789/0] conn(0x7f2de0071cb0 0x7f2de010cbe0 secure :-1 s=READY pgs=34 cs=0 l=1 rev1=1 rx=0x7f2dd000b1d0 tx=0x7f2dd0006ee0).stop
2023-05-16T07:06:47.989 INFO:teuthology.orchestra.run.smithi125.stderr:/usr/bin/ceph:
2023-05-16T07:06:47.984+0000 7f2de673b700 1 -- 172.21.15.125:0/2665987843 shutdown_connections
2023-05-16T07:06:47.989 INFO:teuthology.orchestra.run.smithi125.stderr:/usr/bin/ceph:
2023-05-16T07:06:47.984+0000 7f2de673b700 1 --2- 172.21.15.125:0/2665987843 >> [v2:172.21.15.125:6800/1784765343,v1:172.21.15.125:6801/1784765343] conn(0x7f2dcc02fd50 0x7f2dcc032210 unknown :-1 s=CLOSED pgs=8 cs=0 l=1 rev1=1 rx=0 tx=0).stop
2023-05-16T07:06:47.989 INFO:teuthology.orchestra.run.smithi125.stderr:/usr/bin/ceph:
2023-05-16T07:06:47.984+0000 7f2de673b700 1 --2- 172.21.15.125:0/2665987843 >> [v2:172.21.15.125:3300/0,v1:172.21.15.125:6789/0] conn(0x7f2de0071cb0 0x7f2de010cbe0 unknown :-1 s=CLOSED pgs=34 cs=0 l=1 rev1=1 rx=0 tx=0).stop
2023-05-16T07:06:47.989 INFO:teuthology.orchestra.run.smithi125.stderr:/usr/bin/ceph:
2023-05-16T07:06:47.984+0000 7f2de673b700 1 -- 172.21.15.125:0/2665987843 >> 172.21.15.125:0/2665987843 conn(0x7f2de00f73e0 msgr2=0x7f2de00f8f80 unknown :-1 s=STATE_NONE l=0).mark_down
2023-05-16T07:06:47.990 INFO:teuthology.orchestra.run.smithi125.stderr:/usr/bin/ceph:
2023-05-16T07:06:47.984+0000 7f2de673b700 1 -- 172.21.15.125:0/2665987843 shutdown_connections
2023-05-16T07:06:47.990 INFO:teuthology.orchestra.run.smithi125.stderr:/usr/bin/ceph:
2023-05-16T07:06:47.985+0000 7f2de673b700 1 -- 172.21.15.125:0/2665987843 wait complete.
2023-05-16T07:06:48.341 INFO:teuthology.orchestra.run.smithi125.stderr:Running command: /bin/podman run --rm --ipc=host --no-hosts --net=host --entrypoint /usr/bin/ceph --init -e CONTAINER_IMAGE=docker.io/ceph/ceph:v16.2.4 -e NODE_NAME=smithi125 -e CEPH_USE_RANDOM_NONCE=1 -v /var/log/ceph/1b8c2c5e-f3b8-11ed-9b02-001a4aab830c:/var/log/ceph:z -v /tmp/ceph-tmpkiehsdgn:/etc/ceph/ceph.client.admin.keyring:z -v /tmp/ceph-tmpybvk2ovy:/etc/ceph/ceph.conf:z docker.io/ceph/ceph:v16.2.4 cephadm get-pub-key
2023-05-16T07:06:48.814 INFO:teuthology.orchestra.run.smithi125.stderr:/usr/bin/ceph:
2023-05-16T07:06:48.809+0000 7f8ba1cfc700 1 Processor -- start
2023-05-16T07:06:48.814 INFO:teuthology.orchestra.run.smithi125.stderr:/usr/bin/ceph:
2023-05-16T07:06:48.809+0000 7f8ba1cfc700 1 -- start start
2023-05-16T07:06:48.815 INFO:teuthology.orchestra.run.smithi125.stderr:/usr/bin/ceph:
2023-05-16T07:06:48.809+0000 7f8ba1cfc700 1 --2- >> [v2:172.21.15.125:3300/0,v1:172.21.15.125:6789/0] conn(0x7f8b9c0fbbb0 0x7f8b9c0fbfd0 unknown :-1 s=NONE pgs=0 cs=0 l=0 rev1=0 rx=0 tx=0).connect
2023-05-16T07:06:48.815 INFO:teuthology.orchestra.run.smithi125.stderr:/usr/bin/ceph:
2023-05-16T07:06:48.809+0000 7f8ba1cfc700 1 -- --> [v2:172.21.15.125:3300/0,v1:172.21.15.125:6789/0] -- mon_getmap magic: 0 v1 -- 0x7f8b9c0fc4c0 con 0x7f8b9c0fbbb0
2023-05-16T07:06:48.815 INFO:teuthology.orchestra.run.smithi125.stderr:/usr/bin/ceph:
2023-05-16T07:06:48.809+0000 7f8b9b7fe700 1 --2- >> [v2:172.21.15.125:3300/0,v1:172.21.15.125:6789/0] conn(0x7f8b9c0fbbb0 0x7f8b9c0fbfd0 unknown :-1 s=BANNER_CONNECTING pgs=0 cs=0 l=0 rev1=0 rx=0 tx=0)._handle_peer_banner_payload supported=1 required=0
2023-05-16T07:06:48.815 INFO:teuthology.orchestra.run.smithi125.stderr:/usr/bin/ceph:
2023-05-16T07:06:48.809+0000 7f8b9b7fe700 1 --2- >> [v2:172.21.15.125:3300/0,v1:172.21.15.125:6789/0] conn(0x7f8b9c0fbbb0 0x7f8b9c0fbfd0 unknown :-1 s=HELLO_CONNECTING pgs=0 cs=0 l=0 rev1=1 rx=0 tx=0).handle_hello peer v2:172.21.15.125:3300/0 says I am v2:172.21.15.125:50026/0 (socket says 172.21.15.125:50026)
2023-05-16T07:06:48.815 INFO:teuthology.orchestra.run.smithi125.stderr:/usr/bin/ceph:
2023-05-16T07:06:48.809+0000 7f8b9b7fe700 1 -- 172.21.15.125:0/1561895355 learned_addr learned my addr 172.21.15.125:0/1561895355 (peer_addr_for_me v2:172.21.15.125:0/0)
2023-05-16T07:06:48.815 INFO:teuthology.orchestra.run.smithi125.stderr:/usr/bin/ceph:
2023-05-16T07:06:48.809+0000 7f8b9b7fe700 1 -- 172.21.15.125:0/1561895355 --> [v2:172.21.15.125:3300/0,v1:172.21.15.125:6789/0] -- mon_subscribe({config=0+,monmap=0+}) v3 -- 0x7f8b9c0fc600 con 0x7f8b9c0fbbb0
2023-05-16T07:06:48.816 INFO:teuthology.orchestra.run.smithi125.stderr:/usr/bin/ceph:
2023-05-16T07:06:48.809+0000 7f8b9b7fe700 1 --2- 172.21.15.125:0/1561895355 >> [v2:172.21.15.125:3300/0,v1:172.21.15.125:6789/0] conn(0x7f8b9c0fbbb0 0x7f8b9c0fbfd0 secure :-1 s=READY pgs=35 cs=0 l=1 rev1=1 rx=0x7f8b8c00b5f0 tx=0x7f8b8c006ee0).ready entity=mon.0 client_cookie=a167b8343b408dc8 server_cookie=0 in_seq=0 out_seq=0
2023-05-16T07:06:48.816 INFO:teuthology.orchestra.run.smithi125.stderr:/usr/bin/ceph:
2023-05-16T07:06:48.810+0000 7f8b9a7fc700 1 -- 172.21.15.125:0/1561895355 <== mon.0 v2:172.21.15.125:3300/0 1 ==== mon_map magic: 0 v1 ==== 229+0+0 (secure 0 0 0) 0x7f8b8c00d600 con 0x7f8b9c0fbbb0
2023-05-16T07:06:48.816 INFO:teuthology.orchestra.run.smithi125.stderr:/usr/bin/ceph:
2023-05-16T07:06:48.810+0000 7f8b9a7fc700 1 -- 172.21.15.125:0/1561895355 <== mon.0 v2:172.21.15.125:3300/0 2 ==== config(25 keys) v1 ==== 1010+0+0 (secure 0 0 0) 0x7f8b8c00dbd0 con 0x7f8b9c0fbbb0
2023-05-16T07:06:48.816 INFO:teuthology.orchestra.run.smithi125.stderr:/usr/bin/ceph:
2023-05-16T07:06:48.810+0000 7f8b9a7fc700 1 -- 172.21.15.125:0/1561895355 <== mon.0 v2:172.21.15.125:3300/0 3 ==== mon_map magic: 0 v1 ==== 229+0+0 (secure 0 0 0) 0x7f8b8c011c00 con 0x7f8b9c0fbbb0
2023-05-16T07:06:48.816 INFO:teuthology.orchestra.run.smithi125.stderr:/usr/bin/ceph:
2023-05-16T07:06:48.810+0000 7f8ba1cfc700 1 -- 172.21.15.125:0/1561895355 >> [v2:172.21.15.125:3300/0,v1:172.21.15.125:6789/0] conn(0x7f8b9c0fbbb0 msgr2=0x7f8b9c0fbfd0 secure :-1 s=STATE_CONNECTION_ESTABLISHED l=1).mark_down
2023-05-16T07:06:48.817 INFO:teuthology.orchestra.run.smithi125.stderr:/usr/bin/ceph:
2023-05-16T07:06:48.810+0000 7f8ba1cfc700 1 --2- 172.21.15.125:0/1561895355 >> [v2:172.21.15.125:3300/0,v1:172.21.15.125:6789/0] conn(0x7f8b9c0fbbb0 0x7f8b9c0fbfd0 secure :-1 s=READY pgs=35 cs=0 l=1 rev1=1 rx=0x7f8b8c00b5f0 tx=0x7f8b8c006ee0).stop
2023-05-16T07:06:48.817 INFO:teuthology.orchestra.run.smithi125.stderr:/usr/bin/ceph:
2023-05-16T07:06:48.810+0000 7f8ba1cfc700 1 -- 172.21.15.125:0/1561895355 shutdown_connections
2023-05-16T07:06:48.817 INFO:teuthology.orchestra.run.smithi125.stderr:/usr/bin/ceph:
2023-05-16T07:06:48.810+0000 7f8ba1cfc700 1 --2- 172.21.15.125:0/1561895355 >> [v2:172.21.15.125:3300/0,v1:172.21.15.125:6789/0] conn(0x7f8b9c0fbbb0 0x7f8b9c0fbfd0 unknown :-1 s=CLOSED pgs=35 cs=0 l=1 rev1=1 rx=0 tx=0).stop
2023-05-16T07:06:48.817 INFO:teuthology.orchestra.run.smithi125.stderr:/usr/bin/ceph:
2023-05-16T07:06:48.810+0000 7f8ba1cfc700 1 -- 172.21.15.125:0/1561895355 >> 172.21.15.125:0/1561895355 conn(0x7f8b9c0f73f0 msgr2=0x7f8b9c0f9810 unknown :-1 s=STATE_NONE l=0).mark_down
2023-05-16T07:06:48.817 INFO:teuthology.orchestra.run.smithi125.stderr:/usr/bin/ceph:
2023-05-16T07:06:48.810+0000 7f8ba1cfc700 1 -- 172.21.15.125:0/1561895355 shutdown_connections
2023-05-16T07:06:48.817 INFO:teuthology.orchestra.run.smithi125.stderr:/usr/bin/ceph:
2023-05-16T07:06:48.810+0000 7f8ba1cfc700 1 -- 172.21.15.125:0/1561895355 wait complete.
2023-05-16T07:06:48.817 INFO:teuthology.orchestra.run.smithi125.stderr:/usr/bin/ceph:
2023-05-16T07:06:48.811+0000 7f8ba1cfc700 1 Processor -- start
2023-05-16T07:06:48.819 INFO:teuthology.orchestra.run.smithi125.stderr:/usr/bin/ceph:
2023-05-16T07:06:48.811+0000 7f8ba1cfc700 1 -- start start
2023-05-16T07:06:48.819 INFO:teuthology.orchestra.run.smithi125.stderr:/usr/bin/ceph:
2023-05-16T07:06:48.811+0000 7f8ba1cfc700 1 --2- >> [v2:172.21.15.125:3300/0,v1:172.21.15.125:6789/0] conn(0x7f8b9c0fbbb0 0x7f8b9c10a980 unknown :-1 s=NONE pgs=0 cs=0 l=1 rev1=0 rx=0 tx=0).connect
2023-05-16T07:06:48.819 INFO:teuthology.orchestra.run.smithi125.stderr:/usr/bin/ceph:
2023-05-16T07:06:48.811+0000 7f8ba1cfc700 1 -- --> [v2:172.21.15.125:3300/0,v1:172.21.15.125:6789/0] -- mon_getmap magic: 0 v1 -- 0x7f8b9c10ae70 con 0x7f8b9c0fbbb0
2023-05-16T07:06:48.819 INFO:teuthology.orchestra.run.smithi125.stderr:/usr/bin/ceph:
2023-05-16T07:06:48.811+0000 7f8b9b7fe700 1 --2- >> [v2:172.21.15.125:3300/0,v1:172.21.15.125:6789/0] conn(0x7f8b9c0fbbb0 0x7f8b9c10a980 unknown :-1 s=BANNER_CONNECTING pgs=0 cs=0 l=1 rev1=0 rx=0 tx=0)._handle_peer_banner_payload supported=1 required=0
2023-05-16T07:06:48.820 INFO:teuthology.orchestra.run.smithi125.stderr:/usr/bin/ceph:
2023-05-16T07:06:48.811+0000 7f8b9b7fe700 1 --2- >> [v2:172.21.15.125:3300/0,v1:172.21.15.125:6789/0] conn(0x7f8b9c0fbbb0 0x7f8b9c10a980 unknown :-1 s=HELLO_CONNECTING pgs=0 cs=0 l=1 rev1=1 rx=0 tx=0).handle_hello peer v2:172.21.15.125:3300/0 says I am v2:172.21.15.125:50038/0 (socket says 172.21.15.125:50038)
2023-05-16T07:06:48.820 INFO:teuthology.orchestra.run.smithi125.stderr:/usr/bin/ceph:
2023-05-16T07:06:48.811+0000 7f8b9b7fe700 1 -- 172.21.15.125:0/797202396 learned_addr learned my addr 172.21.15.125:0/797202396 (peer_addr_for_me v2:172.21.15.125:0/0)
2023-05-16T07:06:48.820 INFO:teuthology.orchestra.run.smithi125.stderr:/usr/bin/ceph:
2023-05-16T07:06:48.812+0000 7f8b9b7fe700 1 -- 172.21.15.125:0/797202396 --> [v2:172.21.15.125:3300/0,v1:172.21.15.125:6789/0] -- mon_subscribe({config=0+,monmap=0+}) v3 -- 0x7f8b8c00b200 con 0x7f8b9c0fbbb0
2023-05-16T07:06:48.820 INFO:teuthology.orchestra.run.smithi125.stderr:/usr/bin/ceph:
2023-05-16T07:06:48.812+0000 7f8b9b7fe700 1 --2- 172.21.15.125:0/797202396 >> [v2:172.21.15.125:3300/0,v1:172.21.15.125:6789/0] conn(0x7f8b9c0fbbb0 0x7f8b9c10a980 secure :-1 s=READY pgs=36 cs=0 l=1 rev1=1 rx=0x7f8b8c00e040 tx=0x7f8b8c006ee0).ready entity=mon.0 client_cookie=0 server_cookie=0 in_seq=0 out_seq=0
2023-05-16T07:06:48.820 INFO:teuthology.orchestra.run.smithi125.stderr:/usr/bin/ceph:
2023-05-16T07:06:48.812+0000 7f8b83fff700 1 -- 172.21.15.125:0/797202396 <== mon.0 v2:172.21.15.125:3300/0 1 ==== mon_map magic: 0 v1 ==== 229+0+0 (secure 0 0 0) 0x7f8b8c01b410 con 0x7f8b9c0fbbb0
2023-05-16T07:06:48.820 INFO:teuthology.orchestra.run.smithi125.stderr:/usr/bin/ceph:
2023-05-16T07:06:48.812+0000 7f8b83fff700 1 -- 172.21.15.125:0/797202396 <== mon.0 v2:172.21.15.125:3300/0 2 ==== config(25 keys) v1 ==== 1010+0+0 (secure 0 0 0) 0x7f8b8c01b9e0 con 0x7f8b9c0fbbb0
2023-05-16T07:06:48.821 INFO:teuthology.orchestra.run.smithi125.stderr:/usr/bin/ceph:
2023-05-16T07:06:48.812+0000 7f8b83fff700 1 -- 172.21.15.125:0/797202396 <== mon.0 v2:172.21.15.125:3300/0 3 ==== mon_map magic: 0 v1 ==== 229+0+0 (secure 0 0 0) 0x7f8b8c01a820 con 0x7f8b9c0fbbb0
2023-05-16T07:06:48.821 INFO:teuthology.orchestra.run.smithi125.stderr:/usr/bin/ceph:
2023-05-16T07:06:48.812+0000 7f8ba1cfc700 1 -- 172.21.15.125:0/797202396 --> [v2:172.21.15.125:3300/0,v1:172.21.15.125:6789/0] -- mon_subscribe({mgrmap=0+}) v3 -- 0x7f8b9c10b070 con 0x7f8b9c0fbbb0
2023-05-16T07:06:48.821 INFO:teuthology.orchestra.run.smithi125.stderr:/usr/bin/ceph:
2023-05-16T07:06:48.812+0000 7f8ba1cfc700 1 -- 172.21.15.125:0/797202396 --> [v2:172.21.15.125:3300/0,v1:172.21.15.125:6789/0] -- mon_subscribe({osdmap=0}) v3 -- 0x7f8b9c10b480 con 0x7f8b9c0fbbb0
2023-05-16T07:06:48.821 INFO:teuthology.orchestra.run.smithi125.stderr:/usr/bin/ceph:
2023-05-16T07:06:48.813+0000 7f8b83fff700 1 -- 172.21.15.125:0/797202396 <== mon.0 v2:172.21.15.125:3300/0 4 ==== mgrmap(e 7) v1 ==== 36120+0+0 (secure 0 0 0) 0x7f8b8c00f070 con 0x7f8b9c0fbbb0
2023-05-16T07:06:48.821 INFO:teuthology.orchestra.run.smithi125.stderr:/usr/bin/ceph:
2023-05-16T07:06:48.813+0000 7f8b83fff700 1 --2- 172.21.15.125:0/797202396 >> [v2:172.21.15.125:6800/1784765343,v1:172.21.15.125:6801/1784765343] conn(0x7f8b8802fdb0 0x7f8b88032270 unknown :-1 s=NONE pgs=0 cs=0 l=1 rev1=0 rx=0 tx=0).connect
2023-05-16T07:06:48.821 INFO:teuthology.orchestra.run.smithi125.stderr:/usr/bin/ceph:
2023-05-16T07:06:48.813+0000 7f8b83fff700 1 -- 172.21.15.125:0/797202396 <== mon.0 v2:172.21.15.125:3300/0 5 ==== osd_map(2..2 src has 1..2) v4 ==== 926+0+0 (secure 0 0 0) 0x7f8b8c0409f0 con 0x7f8b9c0fbbb0
2023-05-16T07:06:48.821 INFO:teuthology.orchestra.run.smithi125.stderr:/usr/bin/ceph:
2023-05-16T07:06:48.813+0000 7f8b9affd700 1 --2- 172.21.15.125:0/797202396 >> [v2:172.21.15.125:6800/1784765343,v1:172.21.15.125:6801/1784765343] conn(0x7f8b8802fdb0 0x7f8b88032270 unknown :-1 s=BANNER_CONNECTING pgs=0 cs=0 l=1 rev1=0 rx=0 tx=0)._handle_peer_banner_payload supported=1 required=0
2023-05-16T07:06:48.821 INFO:teuthology.orchestra.run.smithi125.stderr:/usr/bin/ceph:
2023-05-16T07:06:48.813+0000 7f8ba1cfc700 1 -- 172.21.15.125:0/797202396 --> [v2:172.21.15.125:3300/0,v1:172.21.15.125:6789/0] -- mon_command({"prefix": "get_command_descriptions"} v 0) v1 -- 0x7f8b9c059100 con 0x7f8b9c0fbbb0
2023-05-16T07:06:48.822 INFO:teuthology.orchestra.run.smithi125.stderr:/usr/bin/ceph:
2023-05-16T07:06:48.814+0000 7f8b9affd700 1 --2- 172.21.15.125:0/797202396 >> [v2:172.21.15.125:6800/1784765343,v1:172.21.15.125:6801/1784765343] conn(0x7f8b8802fdb0 0x7f8b88032270 secure :-1 s=READY pgs=9 cs=0 l=1 rev1=1 rx=0x7f8b900096a0 tx=0x7f8b90006b40).ready entity=mgr.14114 client_cookie=0 server_cookie=0 in_seq=0 out_seq=0
2023-05-16T07:06:48.822 INFO:teuthology.orchestra.run.smithi125.stderr:/usr/bin/ceph:
2023-05-16T07:06:48.818+0000 7f8b83fff700 1 -- 172.21.15.125:0/797202396 <== mon.0 v2:172.21.15.125:3300/0 6 ==== mon_command_ack([{"prefix": "get_command_descriptions"}]=0 v0) v1 ==== 72+0+152212 (secure 0 0 0) 0x7f8b8c016020 con 0x7f8b9c0fbbb0
2023-05-16T07:06:48.971 INFO:teuthology.orchestra.run.smithi125.stderr:/usr/bin/ceph:
2023-05-16T07:06:48.967+0000 7f8ba1cfc700 1 -- 172.21.15.125:0/797202396 --> [v2:172.21.15.125:6800/1784765343,v1:172.21.15.125:6801/1784765343] -- mgr_command(tid 0: {"prefix": "cephadm get-pub-key", "target": ["mon-mgr", ""]}) v1 -- 0x7f8b9c104860 con 0x7f8b8802fdb0
2023-05-16T07:06:48.972 INFO:teuthology.orchestra.run.smithi125.stderr:/usr/bin/ceph:
2023-05-16T07:06:48.968+0000 7f8b83fff700 1 -- 172.21.15.125:0/797202396 <== mgr.14114 v2:172.21.15.125:6800/1784765343 1 ==== mgr_command_reply(tid 0: 0 ) v1 ==== 8+0+595 (secure 0 0 0) 0x7f8b9c104860 con 0x7f8b8802fdb0
2023-05-16T07:06:48.972 INFO:teuthology.orchestra.run.smithi125.stderr:/usr/bin/ceph: ssh-rsa AAAAB3NzaC1yc2EAAAADAQABAAABgQDSJJVdiS+xBvdYqPDE7jxXR6ymScmp+mENJydmlPjPE1ugV0WtBPeaVuEMRaQglTMpUA8NKG5n3HFng1/E5EFY5CFbCjosOtqmhAvm6reMbkL/htMlG/ENnDAB8oUAAXuU1P+yxPK6bGZYPsrkNW+PkdBmWzul1DLAJCtQenb9tZWwTA7AJ/gyqq05rezXi+cCvxkE0eK2TH4OcaEk77HazG3sneoQQQecaq5qfHCsJjR+MMEis05E4dxA1lOocrjOP1Iw+FL/N2QhoiRgO/vC3hPAk1Hm8ktq4SuC1FHk5AgZuWH72CFl4kaG/hMsSLILYUc0zNoOnjb9b4hlg3qfkrrTHZQJ2IgRKnBQ9O6lQMxiG3afWGo/x7Wesy0SFTQjM7999rTNPsJ2spFau4QndeEtxYSbbtviFtLgywcuodg/e/FsTQQS4DKqRXqa4cfrmb0gYl+5pjLXTZaV+u+QemibOKZiQJGr4gyFp2jO/a2ErTja7ZQezRjSpppmClk= ceph-1b8c2c5e-f3b8-11ed-9b02-001a4aab830c
2023-05-16T07:06:48.974 INFO:teuthology.orchestra.run.smithi125.stderr:/usr/bin/ceph:
2023-05-16T07:06:48.969+0000 7f8ba1cfc700 1 -- 172.21.15.125:0/797202396 >> [v2:172.21.15.125:6800/1784765343,v1:172.21.15.125:6801/1784765343] conn(0x7f8b8802fdb0 msgr2=0x7f8b88032270 secure :-1 s=STATE_CONNECTION_ESTABLISHED l=1).mark_down
2023-05-16T07:06:48.975 INFO:teuthology.orchestra.run.smithi125.stderr:/usr/bin/ceph:
2023-05-16T07:06:48.969+0000 7f8ba1cfc700 1 --2- 172.21.15.125:0/797202396 >> [v2:172.21.15.125:6800/1784765343,v1:172.21.15.125:6801/1784765343] conn(0x7f8b8802fdb0 0x7f8b88032270 secure :-1 s=READY pgs=9 cs=0 l=1 rev1=1 rx=0x7f8b900096a0 tx=0x7f8b90006b40).stop
2023-05-16T07:06:48.975 INFO:teuthology.orchestra.run.smithi125.stderr:/usr/bin/ceph:
2023-05-16T07:06:48.969+0000 7f8ba1cfc700 1 -- 172.21.15.125:0/797202396 >> [v2:172.21.15.125:3300/0,v1:172.21.15.125:6789/0] conn(0x7f8b9c0fbbb0 msgr2=0x7f8b9c10a980 secure :-1 s=STATE_CONNECTION_ESTABLISHED l=1).mark_down
2023-05-16T07:06:48.975 INFO:teuthology.orchestra.run.smithi125.stderr:/usr/bin/ceph:
2023-05-16T07:06:48.969+0000 7f8ba1cfc700 1 --2- 172.21.15.125:0/797202396 >> [v2:172.21.15.125:3300/0,v1:172.21.15.125:6789/0] conn(0x7f8b9c0fbbb0 0x7f8b9c10a980 secure :-1 s=READY pgs=36 cs=0 l=1 rev1=1 rx=0x7f8b8c00e040 tx=0x7f8b8c006ee0).stop
2023-05-16T07:06:48.975 INFO:teuthology.orchestra.run.smithi125.stderr:/usr/bin/ceph:
2023-05-16T07:06:48.969+0000 7f8ba1cfc700 1 -- 172.21.15.125:0/797202396 shutdown_connections
2023-05-16T07:06:48.976 INFO:teuthology.orchestra.run.smithi125.stderr:/usr/bin/ceph:
2023-05-16T07:06:48.969+0000 7f8ba1cfc700 1 --2- 172.21.15.125:0/797202396 >> [v2:172.21.15.125:6800/1784765343,v1:172.21.15.125:6801/1784765343] conn(0x7f8b8802fdb0 0x7f8b88032270 unknown :-1 s=CLOSED pgs=9 cs=0 l=1 rev1=1 rx=0 tx=0).stop
2023-05-16T07:06:48.976 INFO:teuthology.orchestra.run.smithi125.stderr:/usr/bin/ceph:
2023-05-16T07:06:48.969+0000 7f8ba1cfc700 1 --2- 172.21.15.125:0/797202396 >> [v2:172.21.15.125:3300/0,v1:172.21.15.125:6789/0] conn(0x7f8b9c0fbbb0 0x7f8b9c10a980 unknown :-1 s=CLOSED pgs=36 cs=0 l=1 rev1=1 rx=0 tx=0).stop
2023-05-16T07:06:48.976 INFO:teuthology.orchestra.run.smithi125.stderr:/usr/bin/ceph:
2023-05-16T07:06:48.969+0000 7f8ba1cfc700 1 -- 172.21.15.125:0/797202396 >> 172.21.15.125:0/797202396 conn(0x7f8b9c0f73f0 msgr2=0x7f8b9c0f8f70 unknown :-1 s=STATE_NONE l=0).mark_down
2023-05-16T07:06:48.977 INFO:teuthology.orchestra.run.smithi125.stderr:/usr/bin/ceph:
2023-05-16T07:06:48.970+0000 7f8ba1cfc700 1 -- 172.21.15.125:0/797202396 shutdown_connections
2023-05-16T07:06:48.977 INFO:teuthology.orchestra.run.smithi125.stderr:/usr/bin/ceph:
2023-05-16T07:06:48.970+0000 7f8ba1cfc700 1 -- 172.21.15.125:0/797202396 wait complete.
2023-05-16T07:06:49.326 INFO:journalctl@ceph.mon.smithi125.smithi125.stdout:May 16 07:06:48 smithi125 ceph-1b8c2c5e-f3b8-11ed-9b02-001a4aab830c-mon.smithi125[101220]: cephadm
2023-05-16T07:06:47.918010+0000 mgr.smithi125.wwywgk (mgr.14114) 6 : cephadm [INF] Generating ssh key...
2023-05-16T07:06:49.326 INFO:journalctl@ceph.mon.smithi125.smithi125.stdout:May 16 07:06:48 smithi125 ceph-1b8c2c5e-f3b8-11ed-9b02-001a4aab830c-mon.smithi125[101220]: audit
2023-05-16T07:06:47.980535+0000 mon.smithi125 (mon.0) 51 : audit [INF] from='mgr.14114 172.21.15.125:0/486497402' entity='mgr.smithi125.wwywgk'
2023-05-16T07:06:49.327 INFO:journalctl@ceph.mon.smithi125.smithi125.stdout:May 16 07:06:48 smithi125 ceph-1b8c2c5e-f3b8-11ed-9b02-001a4aab830c-mon.smithi125[101220]: audit
2023-05-16T07:06:47.982255+0000 mon.smithi125 (mon.0) 52 : audit [INF] from='mgr.14114 172.21.15.125:0/486497402' entity='mgr.smithi125.wwywgk'
2023-05-16T07:06:49.341 INFO:teuthology.orchestra.run.smithi125.stderr:Wrote public SSH key to /home/ubuntu/cephtest/ceph.pub
2023-05-16T07:06:49.342 INFO:teuthology.orchestra.run.smithi125.stderr:Adding key to root@localhost authorized_keys...
2023-05-16T07:06:49.342 INFO:teuthology.orchestra.run.smithi125.stderr:Adding host smithi125...
2023-05-16T07:06:49.343 INFO:teuthology.orchestra.run.smithi125.stderr:Running command: /bin/podman run --rm --ipc=host --no-hosts --net=host --entrypoint /usr/bin/ceph --init -e CONTAINER_IMAGE=docker.io/ceph/ceph:v16.2.4 -e NODE_NAME=smithi125 -e CEPH_USE_RANDOM_NONCE=1 -v /var/log/ceph/1b8c2c5e-f3b8-11ed-9b02-001a4aab830c:/var/log/ceph:z -v /tmp/ceph-tmpkiehsdgn:/etc/ceph/ceph.client.admin.keyring:z -v /tmp/ceph-tmpybvk2ovy:/etc/ceph/ceph.conf:z docker.io/ceph/ceph:v16.2.4 orch host add smithi125 172.21.15.125
2023-05-16T07:06:49.801 INFO:teuthology.orchestra.run.smithi125.stderr:/usr/bin/ceph:
2023-05-16T07:06:49.793+0000 7fed8a46f700 1 Processor -- start
2023-05-16T07:06:49.802 INFO:teuthology.orchestra.run.smithi125.stderr:/usr/bin/ceph:
2023-05-16T07:06:49.793+0000 7fed8a46f700 1 -- start start
2023-05-16T07:06:49.802 INFO:teuthology.orchestra.run.smithi125.stderr:/usr/bin/ceph:
2023-05-16T07:06:49.793+0000 7fed8a46f700 1 --2- >> [v2:172.21.15.125:3300/0,v1:172.21.15.125:6789/0] conn(0x7fed84071cb0 0x7fed84070250 unknown :-1 s=NONE pgs=0 cs=0 l=0 rev1=0 rx=0 tx=0).connect
2023-05-16T07:06:49.802 INFO:teuthology.orchestra.run.smithi125.stderr:/usr/bin/ceph:
2023-05-16T07:06:49.793+0000 7fed8a46f700 1 -- --> [v2:172.21.15.125:3300/0,v1:172.21.15.125:6789/0] -- mon_getmap magic: 0 v1 -- 0x7fed840720d0 con 0x7fed84071cb0
2023-05-16T07:06:49.802 INFO:teuthology.orchestra.run.smithi125.stderr:/usr/bin/ceph:
2023-05-16T07:06:49.794+0000 7fed83fff700 1 --2- >> [v2:172.21.15.125:3300/0,v1:172.21.15.125:6789/0] conn(0x7fed84071cb0 0x7fed84070250 unknown :-1 s=BANNER_CONNECTING pgs=0 cs=0 l=0 rev1=0 rx=0 tx=0)._handle_peer_banner_payload supported=1 required=0
2023-05-16T07:06:49.802 INFO:teuthology.orchestra.run.smithi125.stderr:/usr/bin/ceph:
2023-05-16T07:06:49.794+0000 7fed83fff700 1 --2- >> [v2:172.21.15.125:3300/0,v1:172.21.15.125:6789/0] conn(0x7fed84071cb0 0x7fed84070250 unknown :-1 s=HELLO_CONNECTING pgs=0 cs=0 l=0 rev1=1 rx=0 tx=0).handle_hello peer v2:172.21.15.125:3300/0 says I am v2:172.21.15.125:50052/0 (socket says 172.21.15.125:50052)
2023-05-16T07:06:49.802 INFO:teuthology.orchestra.run.smithi125.stderr:/usr/bin/ceph:
2023-05-16T07:06:49.794+0000 7fed83fff700 1 -- 172.21.15.125:0/1621490041 learned_addr learned my addr 172.21.15.125:0/1621490041 (peer_addr_for_me v2:172.21.15.125:0/0)
2023-05-16T07:06:49.802 INFO:teuthology.orchestra.run.smithi125.stderr:/usr/bin/ceph:
2023-05-16T07:06:49.794+0000 7fed83fff700 1 -- 172.21.15.125:0/1621490041 --> [v2:172.21.15.125:3300/0,v1:172.21.15.125:6789/0] -- mon_subscribe({config=0+,monmap=0+}) v3 -- 0x7fed84070740 con 0x7fed84071cb0
2023-05-16T07:06:49.803 INFO:teuthology.orchestra.run.smithi125.stderr:/usr/bin/ceph:
2023-05-16T07:06:49.794+0000 7fed83fff700 1 --2- 172.21.15.125:0/1621490041 >> [v2:172.21.15.125:3300/0,v1:172.21.15.125:6789/0] conn(0x7fed84071cb0 0x7fed84070250 secure :-1 s=READY pgs=37 cs=0 l=1 rev1=1 rx=0x7fed7400b5f0 tx=0x7fed74006ee0).ready entity=mon.0 client_cookie=29d19f2cdb0cb834 server_cookie=0 in_seq=0 out_seq=0
2023-05-16T07:06:49.803 INFO:teuthology.orchestra.run.smithi125.stderr:/usr/bin/ceph:
2023-05-16T07:06:49.794+0000 7fed82ffd700 1 -- 172.21.15.125:0/1621490041 <== mon.0 v2:172.21.15.125:3300/0 1 ==== mon_map magic: 0 v1 ==== 229+0+0 (secure 0 0 0) 0x7fed7400d600 con 0x7fed84071cb0
2023-05-16T07:06:49.803 INFO:teuthology.orchestra.run.smithi125.stderr:/usr/bin/ceph:
2023-05-16T07:06:49.794+0000 7fed82ffd700 1 -- 172.21.15.125:0/1621490041 <== mon.0 v2:172.21.15.125:3300/0 2 ==== config(25 keys) v1 ==== 1010+0+0 (secure 0 0 0) 0x7fed7400dbd0 con 0x7fed84071cb0
2023-05-16T07:06:49.803 INFO:teuthology.orchestra.run.smithi125.stderr:/usr/bin/ceph:
2023-05-16T07:06:49.794+0000 7fed82ffd700 1 -- 172.21.15.125:0/1621490041 <== mon.0 v2:172.21.15.125:3300/0 3 ==== mon_map magic: 0 v1 ==== 229+0+0 (secure 0 0 0) 0x7fed74011c00 con 0x7fed84071cb0
2023-05-16T07:06:49.803 INFO:teuthology.orchestra.run.smithi125.stderr:/usr/bin/ceph:
2023-05-16T07:06:49.795+0000 7fed8a46f700 1 -- 172.21.15.125:0/1621490041 >> [v2:172.21.15.125:3300/0,v1:172.21.15.125:6789/0] conn(0x7fed84071cb0 msgr2=0x7fed84070250 secure :-1 s=STATE_CONNECTION_ESTABLISHED l=1).mark_down
2023-05-16T07:06:49.803 INFO:teuthology.orchestra.run.smithi125.stderr:/usr/bin/ceph:
2023-05-16T07:06:49.795+0000 7fed8a46f700 1 --2- 172.21.15.125:0/1621490041 >> [v2:172.21.15.125:3300/0,v1:172.21.15.125:6789/0] conn(0x7fed84071cb0 0x7fed84070250 secure :-1 s=READY pgs=37 cs=0 l=1 rev1=1 rx=0x7fed7400b5f0 tx=0x7fed74006ee0).stop
2023-05-16T07:06:49.804 INFO:teuthology.orchestra.run.smithi125.stderr:/usr/bin/ceph:
2023-05-16T07:06:49.795+0000 7fed8a46f700 1 -- 172.21.15.125:0/1621490041 shutdown_connections
2023-05-16T07:06:49.804 INFO:teuthology.orchestra.run.smithi125.stderr:/usr/bin/ceph:
2023-05-16T07:06:49.795+0000 7fed8a46f700 1 --2- 172.21.15.125:0/1621490041 >> [v2:172.21.15.125:3300/0,v1:172.21.15.125:6789/0] conn(0x7fed84071cb0 0x7fed84070250 unknown :-1 s=CLOSED pgs=37 cs=0 l=1 rev1=1 rx=0 tx=0).stop
2023-05-16T07:06:49.804 INFO:teuthology.orchestra.run.smithi125.stderr:/usr/bin/ceph:
2023-05-16T07:06:49.795+0000 7fed8a46f700 1 -- 172.21.15.125:0/1621490041 >> 172.21.15.125:0/1621490041 conn(0x7fed840f73f0 msgr2=0x7fed840f9810 unknown :-1 s=STATE_NONE l=0).mark_down
2023-05-16T07:06:49.804 INFO:teuthology.orchestra.run.smithi125.stderr:/usr/bin/ceph:
2023-05-16T07:06:49.795+0000 7fed8a46f700 1 -- 172.21.15.125:0/1621490041 shutdown_connections
2023-05-16T07:06:49.804 INFO:teuthology.orchestra.run.smithi125.stderr:/usr/bin/ceph:
2023-05-16T07:06:49.795+0000 7fed8a46f700 1 -- 172.21.15.125:0/1621490041 wait complete.
2023-05-16T07:06:49.804 INFO:teuthology.orchestra.run.smithi125.stderr:/usr/bin/ceph:
2023-05-16T07:06:49.795+0000 7fed8a46f700 1 Processor -- start
2023-05-16T07:06:49.804 INFO:teuthology.orchestra.run.smithi125.stderr:/usr/bin/ceph:
2023-05-16T07:06:49.796+0000 7fed8a46f700 1 -- start start
2023-05-16T07:06:49.805 INFO:teuthology.orchestra.run.smithi125.stderr:/usr/bin/ceph:
2023-05-16T07:06:49.796+0000 7fed8a46f700 1 --2- >> [v2:172.21.15.125:3300/0,v1:172.21.15.125:6789/0] conn(0x7fed84071cb0 0x7fed8410cbc0 unknown :-1 s=NONE pgs=0 cs=0 l=1 rev1=0 rx=0 tx=0).connect
2023-05-16T07:06:49.805 INFO:teuthology.orchestra.run.smithi125.stderr:/usr/bin/ceph:
2023-05-16T07:06:49.796+0000 7fed8a46f700 1 -- --> [v2:172.21.15.125:3300/0,v1:172.21.15.125:6789/0] -- mon_getmap magic: 0 v1 -- 0x7fed8410d0b0 con 0x7fed84071cb0
2023-05-16T07:06:49.805 INFO:teuthology.orchestra.run.smithi125.stderr:/usr/bin/ceph:
2023-05-16T07:06:49.796+0000 7fed83fff700 1 --2- >> [v2:172.21.15.125:3300/0,v1:172.21.15.125:6789/0] conn(0x7fed84071cb0 0x7fed8410cbc0 unknown :-1 s=BANNER_CONNECTING pgs=0 cs=0 l=1 rev1=0 rx=0 tx=0)._handle_peer_banner_payload supported=1 required=0
2023-05-16T07:06:49.805 INFO:teuthology.orchestra.run.smithi125.stderr:/usr/bin/ceph:
2023-05-16T07:06:49.796+0000 7fed83fff700 1 --2- >> [v2:172.21.15.125:3300/0,v1:172.21.15.125:6789/0] conn(0x7fed84071cb0 0x7fed8410cbc0 unknown :-1 s=HELLO_CONNECTING pgs=0 cs=0 l=1 rev1=1 rx=0 tx=0).handle_hello peer v2:172.21.15.125:3300/0 says I am v2:172.21.15.125:50062/0 (socket says 172.21.15.125:50062)
2023-05-16T07:06:49.805 INFO:teuthology.orchestra.run.smithi125.stderr:/usr/bin/ceph:
2023-05-16T07:06:49.796+0000 7fed83fff700 1 -- 172.21.15.125:0/761566408 learned_addr learned my addr 172.21.15.125:0/761566408 (peer_addr_for_me v2:172.21.15.125:0/0)
2023-05-16T07:06:49.806 INFO:teuthology.orchestra.run.smithi125.stderr:/usr/bin/ceph:
2023-05-16T07:06:49.796+0000 7fed83fff700 1 -- 172.21.15.125:0/761566408 --> [v2:172.21.15.125:3300/0,v1:172.21.15.125:6789/0] -- mon_subscribe({config=0+,monmap=0+}) v3 -- 0x7fed7400b200 con 0x7fed84071cb0
2023-05-16T07:06:49.806 INFO:teuthology.orchestra.run.smithi125.stderr:/usr/bin/ceph:
2023-05-16T07:06:49.796+0000 7fed83fff700 1 --2- 172.21.15.125:0/761566408 >> [v2:172.21.15.125:3300/0,v1:172.21.15.125:6789/0] conn(0x7fed84071cb0 0x7fed8410cbc0 secure :-1 s=READY pgs=38 cs=0 l=1 rev1=1 rx=0x7fed7400e040 tx=0x7fed74006ee0).ready entity=mon.0 client_cookie=0 server_cookie=0 in_seq=0 out_seq=0
2023-05-16T07:06:49.806 INFO:teuthology.orchestra.run.smithi125.stderr:/usr/bin/ceph:
2023-05-16T07:06:49.796+0000 7fed80ff9700 1 -- 172.21.15.125:0/761566408 <== mon.0 v2:172.21.15.125:3300/0 1 ==== mon_map magic: 0 v1 ==== 229+0+0 (secure 0 0 0) 0x7fed7400d9f0 con 0x7fed84071cb0
2023-05-16T07:06:49.806 INFO:teuthology.orchestra.run.smithi125.stderr:/usr/bin/ceph:
2023-05-16T07:06:49.796+0000 7fed80ff9700 1 -- 172.21.15.125:0/761566408 <== mon.0 v2:172.21.15.125:3300/0 2 ==== config(25 keys) v1 ==== 1010+0+0 (secure 0 0 0) 0x7fed7401a9f0 con 0x7fed84071cb0
2023-05-16T07:06:49.806 INFO:teuthology.orchestra.run.smithi125.stderr:/usr/bin/ceph:
2023-05-16T07:06:49.796+0000 7fed8a46f700 1 -- 172.21.15.125:0/761566408 --> [v2:172.21.15.125:3300/0,v1:172.21.15.125:6789/0] -- mon_subscribe({mgrmap=0+}) v3 -- 0x7fed8410d2b0 con 0x7fed84071cb0
2023-05-16T07:06:49.806 INFO:teuthology.orchestra.run.smithi125.stderr:/usr/bin/ceph:
2023-05-16T07:06:49.796+0000 7fed80ff9700 1 -- 172.21.15.125:0/761566408 <== mon.0 v2:172.21.15.125:3300/0 3 ==== mon_map magic: 0 v1 ==== 229+0+0 (secure 0 0 0) 0x7fed7401b8c0 con 0x7fed84071cb0
2023-05-16T07:06:49.808 INFO:teuthology.orchestra.run.smithi125.stderr:/usr/bin/ceph:
2023-05-16T07:06:49.796+0000 7fed8a46f700 1 -- 172.21.15.125:0/761566408 --> [v2:172.21.15.125:3300/0,v1:172.21.15.125:6789/0] -- mon_subscribe({osdmap=0}) v3 -- 0x7fed8410d6c0 con 0x7fed84071cb0
2023-05-16T07:06:49.808 INFO:teuthology.orchestra.run.smithi125.stderr:/usr/bin/ceph:
2023-05-16T07:06:49.797+0000 7fed80ff9700 1 -- 172.21.15.125:0/761566408 <== mon.0 v2:172.21.15.125:3300/0 4 ==== mgrmap(e 7) v1 ==== 36120+0+0 (secure 0 0 0) 0x7fed7400f070 con 0x7fed84071cb0
2023-05-16T07:06:49.808 INFO:teuthology.orchestra.run.smithi125.stderr:/usr/bin/ceph:
2023-05-16T07:06:49.797+0000 7fed8a46f700 1 -- 172.21.15.125:0/761566408 --> [v2:172.21.15.125:3300/0,v1:172.21.15.125:6789/0] -- mon_command({"prefix": "get_command_descriptions"} v 0) v1 -- 0x7fed84045ad0 con 0x7fed84071cb0
2023-05-16T07:06:49.809 INFO:teuthology.orchestra.run.smithi125.stderr:/usr/bin/ceph:
2023-05-16T07:06:49.797+0000 7fed80ff9700 1 --2- 172.21.15.125:0/761566408 >> [v2:172.21.15.125:6800/1784765343,v1:172.21.15.125:6801/1784765343] conn(0x7fed6402fd50 0x7fed64032210 unknown :-1 s=NONE pgs=0 cs=0 l=1 rev1=0 rx=0 tx=0).connect
2023-05-16T07:06:49.809 INFO:teuthology.orchestra.run.smithi125.stderr:/usr/bin/ceph:
2023-05-16T07:06:49.798+0000 7fed80ff9700 1 -- 172.21.15.125:0/761566408 <== mon.0 v2:172.21.15.125:3300/0 5 ==== osd_map(2..2 src has 1..2) v4 ==== 926+0+0 (secure 0 0 0) 0x7fed74041320 con 0x7fed84071cb0
2023-05-16T07:06:49.810 INFO:teuthology.orchestra.run.smithi125.stderr:/usr/bin/ceph:
2023-05-16T07:06:49.798+0000 7fed837fe700 1 --2- 172.21.15.125:0/761566408 >> [v2:172.21.15.125:6800/1784765343,v1:172.21.15.125:6801/1784765343] conn(0x7fed6402fd50 0x7fed64032210 unknown :-1 s=BANNER_CONNECTING pgs=0 cs=0 l=1 rev1=0 rx=0 tx=0)._handle_peer_banner_payload supported=1 required=0
2023-05-16T07:06:49.810 INFO:teuthology.orchestra.run.smithi125.stderr:/usr/bin/ceph:
2023-05-16T07:06:49.798+0000 7fed837fe700 1 --2- 172.21.15.125:0/761566408 >> [v2:172.21.15.125:6800/1784765343,v1:172.21.15.125:6801/1784765343] conn(0x7fed6402fd50 0x7fed64032210 secure :-1 s=READY pgs=10 cs=0 l=1 rev1=1 rx=0x7fed6c0096a0 tx=0x7fed6c006b40).ready entity=mgr.14114 client_cookie=0 server_cookie=0 in_seq=0 out_seq=0
2023-05-16T07:06:49.810 INFO:teuthology.orchestra.run.smithi125.stderr:/usr/bin/ceph:
2023-05-16T07:06:49.802+0000 7fed80ff9700 1 -- 172.21.15.125:0/761566408 <== mon.0 v2:172.21.15.125:3300/0 6 ==== mon_command_ack([{"prefix": "get_command_descriptions"}]=0 v0) v1 ==== 72+0+152212 (secure 0 0 0) 0x7fed74022d70 con 0x7fed84071cb0
2023-05-16T07:06:49.974 INFO:teuthology.orchestra.run.smithi125.stderr:/usr/bin/ceph:
2023-05-16T07:06:49.970+0000 7fed8a46f700 1 -- 172.21.15.125:0/761566408 --> [v2:172.21.15.125:6800/1784765343,v1:172.21.15.125:6801/1784765343] -- mgr_command(tid 0: {"prefix": "orch host add", "hostname": "smithi125", "addr": "172.21.15.125", "target": ["mon-mgr", ""]}) v1 -- 0x7fed8410e000 con 0x7fed6402fd50
2023-05-16T07:06:50.326 INFO:journalctl@ceph.mon.smithi125.smithi125.stdout:May 16 07:06:49 smithi125 ceph-1b8c2c5e-f3b8-11ed-9b02-001a4aab830c-mon.smithi125[101220]: audit
2023-05-16T07:06:48.968343+0000 mgr.smithi125.wwywgk (mgr.14114) 7 : audit [DBG] from='client.14130 -' entity='client.admin' cmd=[{"prefix": "cephadm get-pub-key", "target": ["mon-mgr", ""]}]: dispatch
2023-05-16T07:06:50.563 INFO:teuthology.orchestra.run.smithi125.stderr:/usr/bin/ceph: Added host 'smithi125'
2023-05-16T07:06:50.564 INFO:teuthology.orchestra.run.smithi125.stderr:/usr/bin/ceph:
2023-05-16T07:06:50.556+0000 7fed80ff9700 1 -- 172.21.15.125:0/761566408 <== mgr.14114 v2:172.21.15.125:6800/1784765343 1 ==== mgr_command_reply(tid 0: 0 ) v1 ==== 8+0+23 (secure 0 0 0) 0x7fed8410e000 con 0x7fed6402fd50
2023-05-16T07:06:50.564 INFO:teuthology.orchestra.run.smithi125.stderr:/usr/bin/ceph:
2023-05-16T07:06:50.558+0000 7fed8a46f700 1 -- 172.21.15.125:0/761566408 >> [v2:172.21.15.125:6800/1784765343,v1:172.21.15.125:6801/1784765343] conn(0x7fed6402fd50 msgr2=0x7fed64032210 secure :-1 s=STATE_CONNECTION_ESTABLISHED l=1).mark_down
2023-05-16T07:06:50.564 INFO:teuthology.orchestra.run.smithi125.stderr:/usr/bin/ceph:
2023-05-16T07:06:50.558+0000 7fed8a46f700 1 --2- 172.21.15.125:0/761566408 >> [v2:172.21.15.125:6800/1784765343,v1:172.21.15.125:6801/1784765343] conn(0x7fed6402fd50 0x7fed64032210 secure :-1 s=READY pgs=10 cs=0 l=1 rev1=1 rx=0x7fed6c0096a0 tx=0x7fed6c006b40).stop
2023-05-16T07:06:50.564 INFO:teuthology.orchestra.run.smithi125.stderr:/usr/bin/ceph:
2023-05-16T07:06:50.559+0000 7fed8a46f700 1 -- 172.21.15.125:0/761566408 >> [v2:172.21.15.125:3300/0,v1:172.21.15.125:6789/0] conn(0x7fed84071cb0 msgr2=0x7fed8410cbc0 secure :-1 s=STATE_CONNECTION_ESTABLISHED l=1).mark_down
2023-05-16T07:06:50.565 INFO:teuthology.orchestra.run.smithi125.stderr:/usr/bin/ceph:
2023-05-16T07:06:50.559+0000 7fed8a46f700 1 --2- 172.21.15.125:0/761566408 >> [v2:172.21.15.125:3300/0,v1:172.21.15.125:6789/0] conn(0x7fed84071cb0 0x7fed8410cbc0 secure :-1 s=READY pgs=38 cs=0 l=1 rev1=1 rx=0x7fed7400e040 tx=0x7fed74006ee0).stop
2023-05-16T07:06:50.565 INFO:teuthology.orchestra.run.smithi125.stderr:/usr/bin/ceph:
2023-05-16T07:06:50.559+0000 7fed8a46f700 1 -- 172.21.15.125:0/761566408 shutdown_connections
2023-05-16T07:06:50.565 INFO:teuthology.orchestra.run.smithi125.stderr:/usr/bin/ceph:
2023-05-16T07:06:50.559+0000 7fed8a46f700 1 --2- 172.21.15.125:0/761566408 >> [v2:172.21.15.125:6800/1784765343,v1:172.21.15.125:6801/1784765343] conn(0x7fed6402fd50 0x7fed64032210 unknown :-1 s=CLOSED pgs=10 cs=0 l=1 rev1=1 rx=0 tx=0).stop
2023-05-16T07:06:50.565 INFO:teuthology.orchestra.run.smithi125.stderr:/usr/bin/ceph:
2023-05-16T07:06:50.559+0000 7fed8a46f700 1 --2- 172.21.15.125:0/761566408 >> [v2:172.21.15.125:3300/0,v1:172.21.15.125:6789/0] conn(0x7fed84071cb0 0x7fed8410cbc0 unknown :-1 s=CLOSED pgs=38 cs=0 l=1 rev1=1 rx=0 tx=0).stop
2023-05-16T07:06:50.566 INFO:teuthology.orchestra.run.smithi125.stderr:/usr/bin/ceph:
2023-05-16T07:06:50.559+0000 7fed8a46f700 1 -- 172.21.15.125:0/761566408 >> 172.21.15.125:0/761566408 conn(0x7fed840f73f0 msgr2=0x7fed840f9000 unknown :-1 s=STATE_NONE l=0).mark_down
2023-05-16T07:06:50.566 INFO:teuthology.orchestra.run.smithi125.stderr:/usr/bin/ceph:
2023-05-16T07:06:50.559+0000 7fed8a46f700 1 -- 172.21.15.125:0/761566408 shutdown_connections
2023-05-16T07:06:50.566 INFO:teuthology.orchestra.run.smithi125.stderr:/usr/bin/ceph:
2023-05-16T07:06:50.559+0000 7fed8a46f700 1 -- 172.21.15.125:0/761566408 wait complete.
2023-05-16T07:06:50.883 INFO:teuthology.orchestra.run.smithi125.stderr:Deploying mon service with default placement...
2023-05-16T07:06:50.884 INFO:teuthology.orchestra.run.smithi125.stderr:Running command: /bin/podman run --rm --ipc=host --no-hosts --net=host --entrypoint /usr/bin/ceph --init -e CONTAINER_IMAGE=docker.io/ceph/ceph:v16.2.4 -e NODE_NAME=smithi125 -e CEPH_USE_RANDOM_NONCE=1 -v /var/log/ceph/1b8c2c5e-f3b8-11ed-9b02-001a4aab830c:/var/log/ceph:z -v /tmp/ceph-tmpkiehsdgn:/etc/ceph/ceph.client.admin.keyring:z -v /tmp/ceph-tmpybvk2ovy:/etc/ceph/ceph.conf:z docker.io/ceph/ceph:v16.2.4 orch apply mon
2023-05-16T07:06:51.160 INFO:journalctl@ceph.mon.smithi125.smithi125.stdout:May 16 07:06:50 smithi125 ceph-1b8c2c5e-f3b8-11ed-9b02-001a4aab830c-mon.smithi125[101220]: audit
2023-05-16T07:06:49.971553+0000 mgr.smithi125.wwywgk (mgr.14114) 8 : audit [DBG] from='client.14132 -' entity='client.admin' cmd=[{"prefix": "orch host add", "hostname": "smithi125", "addr": "172.21.15.125", "target": ["mon-mgr", ""]}]: dispatch
2023-05-16T07:06:51.161 INFO:journalctl@ceph.mon.smithi125.smithi125.stdout:May 16 07:06:50 smithi125 ceph-1b8c2c5e-f3b8-11ed-9b02-001a4aab830c-mon.smithi125[101220]: audit
2023-05-16T07:06:50.556190+0000 mon.smithi125 (mon.0) 53 : audit [INF] from='mgr.14114 172.21.15.125:0/486497402' entity='mgr.smithi125.wwywgk'
2023-05-16T07:06:51.161 INFO:journalctl@ceph.mon.smithi125.smithi125.stdout:May 16 07:06:50 smithi125 ceph-1b8c2c5e-f3b8-11ed-9b02-001a4aab830c-mon.smithi125[101220]: audit
2023-05-16T07:06:50.556718+0000 mon.smithi125 (mon.0) 54 : audit [DBG] from='mgr.14114 172.21.15.125:0/486497402' entity='mgr.smithi125.wwywgk' cmd=[{"prefix": "config dump", "format": "json"}]: dispatch
2023-05-16T07:06:51.339 INFO:teuthology.orchestra.run.smithi125.stderr:/usr/bin/ceph:
2023-05-16T07:06:51.334+0000 7fb393407700 1 Processor -- start
2023-05-16T07:06:51.339 INFO:teuthology.orchestra.run.smithi125.stderr:/usr/bin/ceph:
2023-05-16T07:06:51.334+0000 7fb393407700 1 -- start start
2023-05-16T07:06:51.339 INFO:teuthology.orchestra.run.smithi125.stderr:/usr/bin/ceph:
2023-05-16T07:06:51.334+0000 7fb393407700 1 --2- >> [v2:172.21.15.125:3300/0,v1:172.21.15.125:6789/0] conn(0x7fb38c0fbbc0 0x7fb38c0fbfe0 unknown :-1 s=NONE pgs=0 cs=0 l=0 rev1=0 rx=0 tx=0).connect
2023-05-16T07:06:51.339 INFO:teuthology.orchestra.run.smithi125.stderr:/usr/bin/ceph:
2023-05-16T07:06:51.334+0000 7fb393407700 1 -- --> [v2:172.21.15.125:3300/0,v1:172.21.15.125:6789/0] -- mon_getmap magic: 0 v1 -- 0x7fb38c0fc4d0 con 0x7fb38c0fbbc0
2023-05-16T07:06:51.340 INFO:teuthology.orchestra.run.smithi125.stderr:/usr/bin/ceph:
2023-05-16T07:06:51.335+0000 7fb3911a3700 1 --2- >> [v2:172.21.15.125:3300/0,v1:172.21.15.125:6789/0] conn(0x7fb38c0fbbc0 0x7fb38c0fbfe0 unknown :-1 s=BANNER_CONNECTING pgs=0 cs=0 l=0 rev1=0 rx=0 tx=0)._handle_peer_banner_payload supported=1 required=0
2023-05-16T07:06:51.340 INFO:teuthology.orchestra.run.smithi125.stderr:/usr/bin/ceph:
2023-05-16T07:06:51.335+0000 7fb3911a3700 1 --2- >> [v2:172.21.15.125:3300/0,v1:172.21.15.125:6789/0] conn(0x7fb38c0fbbc0 0x7fb38c0fbfe0 unknown :-1 s=HELLO_CONNECTING pgs=0 cs=0 l=0 rev1=1 rx=0 tx=0).handle_hello peer v2:172.21.15.125:3300/0 says I am v2:172.21.15.125:50070/0 (socket says 172.21.15.125:50070)
2023-05-16T07:06:51.340 INFO:teuthology.orchestra.run.smithi125.stderr:/usr/bin/ceph:
2023-05-16T07:06:51.335+0000 7fb3911a3700 1 -- 172.21.15.125:0/1966940720 learned_addr learned my addr 172.21.15.125:0/1966940720 (peer_addr_for_me v2:172.21.15.125:0/0)
2023-05-16T07:06:51.340 INFO:teuthology.orchestra.run.smithi125.stderr:/usr/bin/ceph:
2023-05-16T07:06:51.335+0000 7fb3911a3700 1 -- 172.21.15.125:0/1966940720 --> [v2:172.21.15.125:3300/0,v1:172.21.15.125:6789/0] -- mon_subscribe({config=0+,monmap=0+}) v3 -- 0x7fb38c0fc610 con 0x7fb38c0fbbc0
2023-05-16T07:06:51.340 INFO:teuthology.orchestra.run.smithi125.stderr:/usr/bin/ceph:
2023-05-16T07:06:51.335+0000 7fb3911a3700 1 --2- 172.21.15.125:0/1966940720 >> [v2:172.21.15.125:3300/0,v1:172.21.15.125:6789/0] conn(0x7fb38c0fbbc0 0x7fb38c0fbfe0 secure :-1 s=READY pgs=39 cs=0 l=1 rev1=1 rx=0x7fb38800b5f0 tx=0x7fb388006ee0).ready entity=mon.0 client_cookie=e73cbb3e6b62dae5 server_cookie=0 in_seq=0 out_seq=0
2023-05-16T07:06:51.340 INFO:teuthology.orchestra.run.smithi125.stderr:/usr/bin/ceph:
2023-05-16T07:06:51.335+0000 7fb383fff700 1 -- 172.21.15.125:0/1966940720 <== mon.0 v2:172.21.15.125:3300/0 1 ==== mon_map magic: 0 v1 ==== 229+0+0 (secure 0 0 0) 0x7fb38800d600 con 0x7fb38c0fbbc0
2023-05-16T07:06:51.340 INFO:teuthology.orchestra.run.smithi125.stderr:/usr/bin/ceph:
2023-05-16T07:06:51.335+0000 7fb383fff700 1 -- 172.21.15.125:0/1966940720 <== mon.0 v2:172.21.15.125:3300/0 2 ==== config(25 keys) v1 ==== 1010+0+0 (secure 0 0 0) 0x7fb38800dbd0 con 0x7fb38c0fbbc0
2023-05-16T07:06:51.340 INFO:teuthology.orchestra.run.smithi125.stderr:/usr/bin/ceph:
2023-05-16T07:06:51.335+0000 7fb383fff700 1 -- 172.21.15.125:0/1966940720 <== mon.0 v2:172.21.15.125:3300/0 3 ==== mon_map magic: 0 v1 ==== 229+0+0 (secure 0 0 0) 0x7fb388011c00 con 0x7fb38c0fbbc0
2023-05-16T07:06:51.343 INFO:teuthology.orchestra.run.smithi125.stderr:/usr/bin/ceph:
2023-05-16T07:06:51.336+0000 7fb393407700 1 -- 172.21.15.125:0/1966940720 >> [v2:172.21.15.125:3300/0,v1:172.21.15.125:6789/0] conn(0x7fb38c0fbbc0 msgr2=0x7fb38c0fbfe0 secure :-1 s=STATE_CONNECTION_ESTABLISHED l=1).mark_down
2023-05-16T07:06:51.343 INFO:teuthology.orchestra.run.smithi125.stderr:/usr/bin/ceph:
2023-05-16T07:06:51.336+0000 7fb393407700 1 --2- 172.21.15.125:0/1966940720 >> [v2:172.21.15.125:3300/0,v1:172.21.15.125:6789/0] conn(0x7fb38c0fbbc0 0x7fb38c0fbfe0 secure :-1 s=READY pgs=39 cs=0 l=1 rev1=1 rx=0x7fb38800b5f0 tx=0x7fb388006ee0).stop
2023-05-16T07:06:51.343 INFO:teuthology.orchestra.run.smithi125.stderr:/usr/bin/ceph:
2023-05-16T07:06:51.336+0000 7fb393407700 1 -- 172.21.15.125:0/1966940720 shutdown_connections
2023-05-16T07:06:51.343 INFO:teuthology.orchestra.run.smithi125.stderr:/usr/bin/ceph:
2023-05-16T07:06:51.336+0000 7fb393407700 1 --2- 172.21.15.125:0/1966940720 >> [v2:172.21.15.125:3300/0,v1:172.21.15.125:6789/0] conn(0x7fb38c0fbbc0 0x7fb38c0fbfe0 unknown :-1 s=CLOSED pgs=39 cs=0 l=1 rev1=1 rx=0 tx=0).stop
2023-05-16T07:06:51.343 INFO:teuthology.orchestra.run.smithi125.stderr:/usr/bin/ceph:
2023-05-16T07:06:51.336+0000 7fb393407700 1 -- 172.21.15.125:0/1966940720 >> 172.21.15.125:0/1966940720 conn(0x7fb38c0f73e0 msgr2=0x7fb38c0f9800 unknown :-1 s=STATE_NONE l=0).mark_down
2023-05-16T07:06:51.343 INFO:teuthology.orchestra.run.smithi125.stderr:/usr/bin/ceph:
2023-05-16T07:06:51.336+0000 7fb393407700 1 -- 172.21.15.125:0/1966940720 shutdown_connections
2023-05-16T07:06:51.344 INFO:teuthology.orchestra.run.smithi125.stderr:/usr/bin/ceph:
2023-05-16T07:06:51.336+0000 7fb393407700 1 -- 172.21.15.125:0/1966940720 wait complete.
2023-05-16T07:06:51.344 INFO:teuthology.orchestra.run.smithi125.stderr:/usr/bin/ceph:
2023-05-16T07:06:51.336+0000 7fb393407700 1 Processor -- start
2023-05-16T07:06:51.344 INFO:teuthology.orchestra.run.smithi125.stderr:/usr/bin/ceph:
2023-05-16T07:06:51.336+0000 7fb393407700 1 -- start start
2023-05-16T07:06:51.344 INFO:teuthology.orchestra.run.smithi125.stderr:/usr/bin/ceph:
2023-05-16T07:06:51.336+0000 7fb393407700 1 --2- >> [v2:172.21.15.125:3300/0,v1:172.21.15.125:6789/0] conn(0x7fb38c0fbbc0 0x7fb38c10aa10 unknown :-1 s=NONE pgs=0 cs=0 l=1 rev1=0 rx=0 tx=0).connect
2023-05-16T07:06:51.344 INFO:teuthology.orchestra.run.smithi125.stderr:/usr/bin/ceph:
2023-05-16T07:06:51.337+0000 7fb393407700 1 -- --> [v2:172.21.15.125:3300/0,v1:172.21.15.125:6789/0] -- mon_getmap magic: 0 v1 -- 0x7fb38c10af00 con 0x7fb38c0fbbc0
2023-05-16T07:06:51.344 INFO:teuthology.orchestra.run.smithi125.stderr:/usr/bin/ceph:
2023-05-16T07:06:51.337+0000 7fb3911a3700 1 --2- >> [v2:172.21.15.125:3300/0,v1:172.21.15.125:6789/0] conn(0x7fb38c0fbbc0 0x7fb38c10aa10 unknown :-1 s=BANNER_CONNECTING pgs=0 cs=0 l=1 rev1=0 rx=0 tx=0)._handle_peer_banner_payload supported=1 required=0
2023-05-16T07:06:51.345 INFO:teuthology.orchestra.run.smithi125.stderr:/usr/bin/ceph:
2023-05-16T07:06:51.337+0000 7fb3911a3700 1 --2- >> [v2:172.21.15.125:3300/0,v1:172.21.15.125:6789/0] conn(0x7fb38c0fbbc0 0x7fb38c10aa10 unknown :-1 s=HELLO_CONNECTING pgs=0 cs=0 l=1 rev1=1 rx=0 tx=0).handle_hello peer v2:172.21.15.125:3300/0 says I am v2:172.21.15.125:50072/0 (socket says 172.21.15.125:50072)
2023-05-16T07:06:51.345 INFO:teuthology.orchestra.run.smithi125.stderr:/usr/bin/ceph:
2023-05-16T07:06:51.337+0000 7fb3911a3700 1 -- 172.21.15.125:0/348906162 learned_addr learned my addr 172.21.15.125:0/348906162 (peer_addr_for_me v2:172.21.15.125:0/0)
2023-05-16T07:06:51.345 INFO:teuthology.orchestra.run.smithi125.stderr:/usr/bin/ceph:
2023-05-16T07:06:51.337+0000 7fb3911a3700 1 -- 172.21.15.125:0/348906162 --> [v2:172.21.15.125:3300/0,v1:172.21.15.125:6789/0] -- mon_subscribe({config=0+,monmap=0+}) v3 -- 0x7fb38800b200 con 0x7fb38c0fbbc0
2023-05-16T07:06:51.345 INFO:teuthology.orchestra.run.smithi125.stderr:/usr/bin/ceph:
2023-05-16T07:06:51.337+0000 7fb3911a3700 1 --2- 172.21.15.125:0/348906162 >> [v2:172.21.15.125:3300/0,v1:172.21.15.125:6789/0] conn(0x7fb38c0fbbc0 0x7fb38c10aa10 secure :-1 s=READY pgs=40 cs=0 l=1 rev1=1 rx=0x7fb388000c00 tx=0x7fb388006ee0).ready entity=mon.0 client_cookie=0 server_cookie=0 in_seq=0 out_seq=0
2023-05-16T07:06:51.346 INFO:teuthology.orchestra.run.smithi125.stderr:/usr/bin/ceph:
2023-05-16T07:06:51.337+0000 7fb381ffb700 1 -- 172.21.15.125:0/348906162 <== mon.0 v2:172.21.15.125:3300/0 1 ==== mon_map magic: 0 v1 ==== 229+0+0 (secure 0 0 0) 0x7fb388011690 con 0x7fb38c0fbbc0
2023-05-16T07:06:51.346 INFO:teuthology.orchestra.run.smithi125.stderr:/usr/bin/ceph:
2023-05-16T07:06:51.337+0000 7fb381ffb700 1 -- 172.21.15.125:0/348906162 <== mon.0 v2:172.21.15.125:3300/0 2 ==== config(25 keys) v1 ==== 1010+0+0 (secure 0 0 0) 0x7fb38800d9f0 con 0x7fb38c0fbbc0
2023-05-16T07:06:51.346 INFO:teuthology.orchestra.run.smithi125.stderr:/usr/bin/ceph:
2023-05-16T07:06:51.337+0000 7fb393407700 1 -- 172.21.15.125:0/348906162 --> [v2:172.21.15.125:3300/0,v1:172.21.15.125:6789/0] -- mon_subscribe({mgrmap=0+}) v3 -- 0x7fb38c10b100 con 0x7fb38c0fbbc0
2023-05-16T07:06:51.346 INFO:teuthology.orchestra.run.smithi125.stderr:/usr/bin/ceph:
