2023-05-16T07:07:02.363+0000 7f76dbcb5700 1 --2- 172.21.15.125:0/2400126626 >> [v2:172.21.15.125:3300/0,v1:172.21.15.125:6789/0] conn(0x7f76d406fc70 0x7f76d410cc10 secure :-1 s=READY pgs=57 cs=0 l=1 rev1=1 rx=0x7f76c400b1d0 tx=0x7f76c4006ee0).stop
2023-05-16T07:07:02.368 INFO:teuthology.orchestra.run.smithi125.stderr:/usr/bin/ceph:
2023-05-16T07:07:02.363+0000 7f76dbcb5700 1 -- 172.21.15.125:0/2400126626 shutdown_connections
2023-05-16T07:07:02.368 INFO:teuthology.orchestra.run.smithi125.stderr:/usr/bin/ceph:
2023-05-16T07:07:02.363+0000 7f76dbcb5700 1 --2- 172.21.15.125:0/2400126626 >> [v2:172.21.15.125:6800/687498379,v1:172.21.15.125:6801/687498379] conn(0x7f76bc02fd10 0x7f76bc0321d0 unknown :-1 s=CLOSED pgs=6 cs=0 l=1 rev1=1 rx=0 tx=0).stop
2023-05-16T07:07:02.369 INFO:teuthology.orchestra.run.smithi125.stderr:/usr/bin/ceph:
2023-05-16T07:07:02.363+0000 7f76dbcb5700 1 --2- 172.21.15.125:0/2400126626 >> [v2:172.21.15.125:3300/0,v1:172.21.15.125:6789/0] conn(0x7f76d406fc70 0x7f76d410cc10 unknown :-1 s=CLOSED pgs=57 cs=0 l=1 rev1=1 rx=0 tx=0).stop
2023-05-16T07:07:02.369 INFO:teuthology.orchestra.run.smithi125.stderr:/usr/bin/ceph:
2023-05-16T07:07:02.363+0000 7f76dbcb5700 1 -- 172.21.15.125:0/2400126626 >> 172.21.15.125:0/2400126626 conn(0x7f76d40f6280 msgr2=0x7f76d40f7de0 unknown :-1 s=STATE_NONE l=0).mark_down
2023-05-16T07:07:02.369 INFO:teuthology.orchestra.run.smithi125.stderr:/usr/bin/ceph:
2023-05-16T07:07:02.364+0000 7f76dbcb5700 1 -- 172.21.15.125:0/2400126626 shutdown_connections
2023-05-16T07:07:02.369 INFO:teuthology.orchestra.run.smithi125.stderr:/usr/bin/ceph:
2023-05-16T07:07:02.364+0000 7f76dbcb5700 1 -- 172.21.15.125:0/2400126626 wait complete.
2023-05-16T07:07:02.530 INFO:journalctl@ceph.mon.smithi125.smithi125.stdout:May 16 07:07:02 smithi125 ceph-1b8c2c5e-f3b8-11ed-9b02-001a4aab830c-mon.smithi125[101220]: cluster
2023-05-16T07:07:01.263496+0000 mon.smithi125 (mon.0) 79 : cluster [DBG] mgrmap e10: smithi125.wwywgk(active, since 1.065s)
2023-05-16T07:07:02.530 INFO:journalctl@ceph.mon.smithi125.smithi125.stdout:May 16 07:07:02 smithi125 ceph-1b8c2c5e-f3b8-11ed-9b02-001a4aab830c-mon.smithi125[101220]: cephadm
2023-05-16T07:07:01.264691+0000 mgr.smithi125.wwywgk (mgr.14142) 2 : cephadm [INF] Saving service prometheus spec with placement count:1
2023-05-16T07:07:02.531 INFO:journalctl@ceph.mon.smithi125.smithi125.stdout:May 16 07:07:02 smithi125 ceph-1b8c2c5e-f3b8-11ed-9b02-001a4aab830c-mon.smithi125[101220]: audit
2023-05-16T07:07:01.269472+0000 mon.smithi125 (mon.0) 80 : audit [INF] from='mgr.14142 172.21.15.125:0/953998986' entity='mgr.smithi125.wwywgk'
2023-05-16T07:07:02.732 INFO:teuthology.orchestra.run.smithi125.stderr:Deploying node-exporter service with default placement...
2023-05-16T07:07:02.732 INFO:teuthology.orchestra.run.smithi125.stderr:Running command: /bin/podman run --rm --ipc=host --no-hosts --net=host --entrypoint /usr/bin/ceph --init -e CONTAINER_IMAGE=docker.io/ceph/ceph:v16.2.4 -e NODE_NAME=smithi125 -e CEPH_USE_RANDOM_NONCE=1 -v /var/log/ceph/1b8c2c5e-f3b8-11ed-9b02-001a4aab830c:/var/log/ceph:z -v /tmp/ceph-tmpkiehsdgn:/etc/ceph/ceph.client.admin.keyring:z -v /tmp/ceph-tmpybvk2ovy:/etc/ceph/ceph.conf:z docker.io/ceph/ceph:v16.2.4 orch apply node-exporter
2023-05-16T07:07:03.196 INFO:teuthology.orchestra.run.smithi125.stderr:/usr/bin/ceph:
2023-05-16T07:07:03.191+0000 7f8d65fe1700 1 Processor -- start
2023-05-16T07:07:03.197 INFO:teuthology.orchestra.run.smithi125.stderr:/usr/bin/ceph:
2023-05-16T07:07:03.192+0000 7f8d65fe1700 1 -- start start
2023-05-16T07:07:03.197 INFO:teuthology.orchestra.run.smithi125.stderr:/usr/bin/ceph:
2023-05-16T07:07:03.192+0000 7f8d65fe1700 1 --2- >> [v2:172.21.15.125:3300/0,v1:172.21.15.125:6789/0] conn(0x7f8d600fd290 0x7f8d600fd6b0 unknown :-1 s=NONE pgs=0 cs=0 l=0 rev1=0 rx=0 tx=0).connect
2023-05-16T07:07:03.197 INFO:teuthology.orchestra.run.smithi125.stderr:/usr/bin/ceph:
2023-05-16T07:07:03.192+0000 7f8d65fe1700 1 -- --> [v2:172.21.15.125:3300/0,v1:172.21.15.125:6789/0] -- mon_getmap magic: 0 v1 -- 0x7f8d600fdba0 con 0x7f8d600fd290
2023-05-16T07:07:03.197 INFO:teuthology.orchestra.run.smithi125.stderr:/usr/bin/ceph:
2023-05-16T07:07:03.192+0000 7f8d5f7fe700 1 --2- >> [v2:172.21.15.125:3300/0,v1:172.21.15.125:6789/0] conn(0x7f8d600fd290 0x7f8d600fd6b0 unknown :-1 s=BANNER_CONNECTING pgs=0 cs=0 l=0 rev1=0 rx=0 tx=0)._handle_peer_banner_payload supported=1 required=0
2023-05-16T07:07:03.197 INFO:teuthology.orchestra.run.smithi125.stderr:/usr/bin/ceph:
2023-05-16T07:07:03.192+0000 7f8d5f7fe700 1 --2- >> [v2:172.21.15.125:3300/0,v1:172.21.15.125:6789/0] conn(0x7f8d600fd290 0x7f8d600fd6b0 unknown :-1 s=HELLO_CONNECTING pgs=0 cs=0 l=0 rev1=1 rx=0 tx=0).handle_hello peer v2:172.21.15.125:3300/0 says I am v2:172.21.15.125:57432/0 (socket says 172.21.15.125:57432)
2023-05-16T07:07:03.197 INFO:teuthology.orchestra.run.smithi125.stderr:/usr/bin/ceph:
2023-05-16T07:07:03.192+0000 7f8d5f7fe700 1 -- 172.21.15.125:0/750396227 learned_addr learned my addr 172.21.15.125:0/750396227 (peer_addr_for_me v2:172.21.15.125:0/0)
2023-05-16T07:07:03.197 INFO:teuthology.orchestra.run.smithi125.stderr:/usr/bin/ceph:
2023-05-16T07:07:03.192+0000 7f8d5f7fe700 1 -- 172.21.15.125:0/750396227 --> [v2:172.21.15.125:3300/0,v1:172.21.15.125:6789/0] -- mon_subscribe({config=0+,monmap=0+}) v3 -- 0x7f8d600fdce0 con 0x7f8d600fd290
2023-05-16T07:07:03.198 INFO:teuthology.orchestra.run.smithi125.stderr:/usr/bin/ceph:
2023-05-16T07:07:03.192+0000 7f8d5f7fe700 1 --2- 172.21.15.125:0/750396227 >> [v2:172.21.15.125:3300/0,v1:172.21.15.125:6789/0] conn(0x7f8d600fd290 0x7f8d600fd6b0 secure :-1 s=READY pgs=58 cs=0 l=1 rev1=1 rx=0x7f8d5000b5f0 tx=0x7f8d50006ee0).ready entity=mon.0 client_cookie=981452555c03f4c1 server_cookie=0 in_seq=0 out_seq=0
2023-05-16T07:07:03.199 INFO:teuthology.orchestra.run.smithi125.stderr:/usr/bin/ceph:
2023-05-16T07:07:03.193+0000 7f8d5e7fc700 1 -- 172.21.15.125:0/750396227 <== mon.0 v2:172.21.15.125:3300/0 1 ==== mon_map magic: 0 v1 ==== 229+0+0 (secure 0 0 0) 0x7f8d5000d600 con 0x7f8d600fd290
2023-05-16T07:07:03.199 INFO:teuthology.orchestra.run.smithi125.stderr:/usr/bin/ceph:
2023-05-16T07:07:03.193+0000 7f8d5e7fc700 1 -- 172.21.15.125:0/750396227 <== mon.0 v2:172.21.15.125:3300/0 2 ==== config(25 keys) v1 ==== 1074+0+0 (secure 0 0 0) 0x7f8d5000dc10 con 0x7f8d600fd290
2023-05-16T07:07:03.199 INFO:teuthology.orchestra.run.smithi125.stderr:/usr/bin/ceph:
2023-05-16T07:07:03.193+0000 7f8d5e7fc700 1 -- 172.21.15.125:0/750396227 <== mon.0 v2:172.21.15.125:3300/0 3 ==== mon_map magic: 0 v1 ==== 229+0+0 (secure 0 0 0) 0x7f8d50011cd0 con 0x7f8d600fd290
2023-05-16T07:07:03.200 INFO:teuthology.orchestra.run.smithi125.stderr:/usr/bin/ceph:
2023-05-16T07:07:03.193+0000 7f8d65fe1700 1 -- 172.21.15.125:0/750396227 >> [v2:172.21.15.125:3300/0,v1:172.21.15.125:6789/0] conn(0x7f8d600fd290 msgr2=0x7f8d600fd6b0 secure :-1 s=STATE_CONNECTION_ESTABLISHED l=1).mark_down
2023-05-16T07:07:03.200 INFO:teuthology.orchestra.run.smithi125.stderr:/usr/bin/ceph:
2023-05-16T07:07:03.193+0000 7f8d65fe1700 1 --2- 172.21.15.125:0/750396227 >> [v2:172.21.15.125:3300/0,v1:172.21.15.125:6789/0] conn(0x7f8d600fd290 0x7f8d600fd6b0 secure :-1 s=READY pgs=58 cs=0 l=1 rev1=1 rx=0x7f8d5000b5f0 tx=0x7f8d50006ee0).stop
2023-05-16T07:07:03.200 INFO:teuthology.orchestra.run.smithi125.stderr:/usr/bin/ceph:
2023-05-16T07:07:03.193+0000 7f8d65fe1700 1 -- 172.21.15.125:0/750396227 shutdown_connections
2023-05-16T07:07:03.200 INFO:teuthology.orchestra.run.smithi125.stderr:/usr/bin/ceph:
2023-05-16T07:07:03.193+0000 7f8d65fe1700 1 --2- 172.21.15.125:0/750396227 >> [v2:172.21.15.125:3300/0,v1:172.21.15.125:6789/0] conn(0x7f8d600fd290 0x7f8d600fd6b0 unknown :-1 s=CLOSED pgs=58 cs=0 l=1 rev1=1 rx=0 tx=0).stop
2023-05-16T07:07:03.200 INFO:teuthology.orchestra.run.smithi125.stderr:/usr/bin/ceph:
2023-05-16T07:07:03.193+0000 7f8d65fe1700 1 -- 172.21.15.125:0/750396227 >> 172.21.15.125:0/750396227 conn(0x7f8d600f5a70 msgr2=0x7f8d600f7e90 unknown :-1 s=STATE_NONE l=0).mark_down
2023-05-16T07:07:03.200 INFO:teuthology.orchestra.run.smithi125.stderr:/usr/bin/ceph:
2023-05-16T07:07:03.193+0000 7f8d65fe1700 1 -- 172.21.15.125:0/750396227 shutdown_connections
2023-05-16T07:07:03.200 INFO:teuthology.orchestra.run.smithi125.stderr:/usr/bin/ceph:
2023-05-16T07:07:03.193+0000 7f8d65fe1700 1 -- 172.21.15.125:0/750396227 wait complete.
2023-05-16T07:07:03.201 INFO:teuthology.orchestra.run.smithi125.stderr:/usr/bin/ceph:
2023-05-16T07:07:03.194+0000 7f8d65fe1700 1 Processor -- start
2023-05-16T07:07:03.201 INFO:teuthology.orchestra.run.smithi125.stderr:/usr/bin/ceph:
2023-05-16T07:07:03.194+0000 7f8d65fe1700 1 -- start start
2023-05-16T07:07:03.201 INFO:teuthology.orchestra.run.smithi125.stderr:/usr/bin/ceph:
2023-05-16T07:07:03.194+0000 7f8d65fe1700 1 --2- >> [v2:172.21.15.125:3300/0,v1:172.21.15.125:6789/0] conn(0x7f8d600fd290 0x7f8d600fcb60 unknown :-1 s=NONE pgs=0 cs=0 l=1 rev1=0 rx=0 tx=0).connect
2023-05-16T07:07:03.201 INFO:teuthology.orchestra.run.smithi125.stderr:/usr/bin/ceph:
2023-05-16T07:07:03.194+0000 7f8d65fe1700 1 -- --> [v2:172.21.15.125:3300/0,v1:172.21.15.125:6789/0] -- mon_getmap magic: 0 v1 -- 0x7f8d600fafe0 con 0x7f8d600fd290
2023-05-16T07:07:03.201 INFO:teuthology.orchestra.run.smithi125.stderr:/usr/bin/ceph:
2023-05-16T07:07:03.194+0000 7f8d5f7fe700 1 --2- >> [v2:172.21.15.125:3300/0,v1:172.21.15.125:6789/0] conn(0x7f8d600fd290 0x7f8d600fcb60 unknown :-1 s=BANNER_CONNECTING pgs=0 cs=0 l=1 rev1=0 rx=0 tx=0)._handle_peer_banner_payload supported=1 required=0
2023-05-16T07:07:03.201 INFO:teuthology.orchestra.run.smithi125.stderr:/usr/bin/ceph:
2023-05-16T07:07:03.194+0000 7f8d5f7fe700 1 --2- >> [v2:172.21.15.125:3300/0,v1:172.21.15.125:6789/0] conn(0x7f8d600fd290 0x7f8d600fcb60 unknown :-1 s=HELLO_CONNECTING pgs=0 cs=0 l=1 rev1=1 rx=0 tx=0).handle_hello peer v2:172.21.15.125:3300/0 says I am v2:172.21.15.125:57434/0 (socket says 172.21.15.125:57434)
2023-05-16T07:07:03.201 INFO:teuthology.orchestra.run.smithi125.stderr:/usr/bin/ceph:
2023-05-16T07:07:03.194+0000 7f8d5f7fe700 1 -- 172.21.15.125:0/782894593 learned_addr learned my addr 172.21.15.125:0/782894593 (peer_addr_for_me v2:172.21.15.125:0/0)
2023-05-16T07:07:03.202 INFO:teuthology.orchestra.run.smithi125.stderr:/usr/bin/ceph:
2023-05-16T07:07:03.194+0000 7f8d5f7fe700 1 -- 172.21.15.125:0/782894593 --> [v2:172.21.15.125:3300/0,v1:172.21.15.125:6789/0] -- mon_subscribe({config=0+,monmap=0+}) v3 -- 0x7f8d5000b200 con 0x7f8d600fd290
2023-05-16T07:07:03.202 INFO:teuthology.orchestra.run.smithi125.stderr:/usr/bin/ceph:
2023-05-16T07:07:03.195+0000 7f8d5f7fe700 1 --2- 172.21.15.125:0/782894593 >> [v2:172.21.15.125:3300/0,v1:172.21.15.125:6789/0] conn(0x7f8d600fd290 0x7f8d600fcb60 secure :-1 s=READY pgs=59 cs=0 l=1 rev1=1 rx=0x7f8d5000dfb0 tx=0x7f8d50006ee0).ready entity=mon.0 client_cookie=0 server_cookie=0 in_seq=0 out_seq=0
2023-05-16T07:07:03.202 INFO:teuthology.orchestra.run.smithi125.stderr:/usr/bin/ceph:
2023-05-16T07:07:03.195+0000 7f8d47fff700 1 -- 172.21.15.125:0/782894593 <== mon.0 v2:172.21.15.125:3300/0 1 ==== mon_map magic: 0 v1 ==== 229+0+0 (secure 0 0 0) 0x7f8d50011df0 con 0x7f8d600fd290
2023-05-16T07:07:03.202 INFO:teuthology.orchestra.run.smithi125.stderr:/usr/bin/ceph:
2023-05-16T07:07:03.195+0000 7f8d47fff700 1 -- 172.21.15.125:0/782894593 <== mon.0 v2:172.21.15.125:3300/0 2 ==== config(25 keys) v1 ==== 1074+0+0 (secure 0 0 0) 0x7f8d5001b8c0 con 0x7f8d600fd290
2023-05-16T07:07:03.202 INFO:teuthology.orchestra.run.smithi125.stderr:/usr/bin/ceph:
2023-05-16T07:07:03.195+0000 7f8d65fe1700 1 -- 172.21.15.125:0/782894593 --> [v2:172.21.15.125:3300/0,v1:172.21.15.125:6789/0] -- mon_subscribe({mgrmap=0+}) v3 -- 0x7f8d600fb180 con 0x7f8d600fd290
2023-05-16T07:07:03.202 INFO:teuthology.orchestra.run.smithi125.stderr:/usr/bin/ceph:
2023-05-16T07:07:03.195+0000 7f8d47fff700 1 -- 172.21.15.125:0/782894593 <== mon.0 v2:172.21.15.125:3300/0 3 ==== mon_map magic: 0 v1 ==== 229+0+0 (secure 0 0 0) 0x7f8d5001a7c0 con 0x7f8d600fd290
2023-05-16T07:07:03.203 INFO:teuthology.orchestra.run.smithi125.stderr:/usr/bin/ceph:
2023-05-16T07:07:03.195+0000 7f8d65fe1700 1 -- 172.21.15.125:0/782894593 --> [v2:172.21.15.125:3300/0,v1:172.21.15.125:6789/0] -- mon_subscribe({osdmap=0}) v3 -- 0x7f8d600fb590 con 0x7f8d600fd290
2023-05-16T07:07:03.203 INFO:teuthology.orchestra.run.smithi125.stderr:/usr/bin/ceph:
2023-05-16T07:07:03.195+0000 7f8d47fff700 1 -- 172.21.15.125:0/782894593 <== mon.0 v2:172.21.15.125:3300/0 4 ==== mgrmap(e 11) v1 ==== 36195+0+0 (secure 0 0 0) 0x7f8d5000f070 con 0x7f8d600fd290
2023-05-16T07:07:03.203 INFO:teuthology.orchestra.run.smithi125.stderr:/usr/bin/ceph:
2023-05-16T07:07:03.196+0000 7f8d47fff700 1 --2- 172.21.15.125:0/782894593 >> [v2:172.21.15.125:6800/687498379,v1:172.21.15.125:6801/687498379] conn(0x7f8d4c02fe60 0x7f8d4c032320 unknown :-1 s=NONE pgs=0 cs=0 l=1 rev1=0 rx=0 tx=0).connect
2023-05-16T07:07:03.203 INFO:teuthology.orchestra.run.smithi125.stderr:/usr/bin/ceph:
2023-05-16T07:07:03.196+0000 7f8d47fff700 1 -- 172.21.15.125:0/782894593 <== mon.0 v2:172.21.15.125:3300/0 5 ==== osd_map(3..3 src has 1..3) v4 ==== 1098+0+0 (secure 0 0 0) 0x7f8d50041080 con 0x7f8d600fd290
2023-05-16T07:07:03.203 INFO:teuthology.orchestra.run.smithi125.stderr:/usr/bin/ceph:
2023-05-16T07:07:03.196+0000 7f8d5effd700 1 --2- 172.21.15.125:0/782894593 >> [v2:172.21.15.125:6800/687498379,v1:172.21.15.125:6801/687498379] conn(0x7f8d4c02fe60 0x7f8d4c032320 unknown :-1 s=BANNER_CONNECTING pgs=0 cs=0 l=1 rev1=0 rx=0 tx=0)._handle_peer_banner_payload supported=1 required=0
2023-05-16T07:07:03.203 INFO:teuthology.orchestra.run.smithi125.stderr:/usr/bin/ceph:
2023-05-16T07:07:03.196+0000 7f8d5effd700 1 --2- 172.21.15.125:0/782894593 >> [v2:172.21.15.125:6800/687498379,v1:172.21.15.125:6801/687498379] conn(0x7f8d4c02fe60 0x7f8d4c032320 secure :-1 s=READY pgs=7 cs=0 l=1 rev1=1 rx=0x7f8d540096a0 tx=0x7f8d54006b40).ready entity=mgr.14142 client_cookie=0 server_cookie=0 in_seq=0 out_seq=0
2023-05-16T07:07:03.203 INFO:teuthology.orchestra.run.smithi125.stderr:/usr/bin/ceph:
2023-05-16T07:07:03.196+0000 7f8d65fe1700 1 -- 172.21.15.125:0/782894593 --> [v2:172.21.15.125:3300/0,v1:172.21.15.125:6789/0] -- mon_command({"prefix": "get_command_descriptions"} v 0) v1 -- 0x7f8d60059100 con 0x7f8d600fd290
2023-05-16T07:07:03.204 INFO:teuthology.orchestra.run.smithi125.stderr:/usr/bin/ceph:
2023-05-16T07:07:03.200+0000 7f8d47fff700 1 -- 172.21.15.125:0/782894593 <== mon.0 v2:172.21.15.125:3300/0 6 ==== mon_command_ack([{"prefix": "get_command_descriptions"}]=0 v0) v1 ==== 72+0+152212 (secure 0 0 0) 0x7f8d50024410 con 0x7f8d600fd290
2023-05-16T07:07:03.385 INFO:teuthology.orchestra.run.smithi125.stderr:/usr/bin/ceph:
2023-05-16T07:07:03.381+0000 7f8d65fe1700 1 -- 172.21.15.125:0/782894593 --> [v2:172.21.15.125:6800/687498379,v1:172.21.15.125:6801/687498379] -- mgr_command(tid 0: {"prefix": "orch apply", "service_type": "node-exporter", "target": ["mon-mgr", ""]}) v1 -- 0x7f8d601045f0 con 0x7f8d4c02fe60
2023-05-16T07:07:03.388 INFO:teuthology.orchestra.run.smithi125.stderr:/usr/bin/ceph:
2023-05-16T07:07:03.385+0000 7f8d47fff700 1 -- 172.21.15.125:0/782894593 <== mgr.14142 v2:172.21.15.125:6800/687498379 1 ==== mgr_command_reply(tid 0: 0 ) v1 ==== 8+0+34 (secure 0 0 0) 0x7f8d601045f0 con 0x7f8d4c02fe60
2023-05-16T07:07:03.388 INFO:teuthology.orchestra.run.smithi125.stderr:/usr/bin/ceph: Scheduled node-exporter update...
2023-05-16T07:07:03.390 INFO:teuthology.orchestra.run.smithi125.stderr:/usr/bin/ceph:
2023-05-16T07:07:03.386+0000 7f8d65fe1700 1 -- 172.21.15.125:0/782894593 >> [v2:172.21.15.125:6800/687498379,v1:172.21.15.125:6801/687498379] conn(0x7f8d4c02fe60 msgr2=0x7f8d4c032320 secure :-1 s=STATE_CONNECTION_ESTABLISHED l=1).mark_down
2023-05-16T07:07:03.391 INFO:teuthology.orchestra.run.smithi125.stderr:/usr/bin/ceph:
2023-05-16T07:07:03.386+0000 7f8d65fe1700 1 --2- 172.21.15.125:0/782894593 >> [v2:172.21.15.125:6800/687498379,v1:172.21.15.125:6801/687498379] conn(0x7f8d4c02fe60 0x7f8d4c032320 secure :-1 s=READY pgs=7 cs=0 l=1 rev1=1 rx=0x7f8d540096a0 tx=0x7f8d54006b40).stop
2023-05-16T07:07:03.391 INFO:teuthology.orchestra.run.smithi125.stderr:/usr/bin/ceph:
2023-05-16T07:07:03.386+0000 7f8d65fe1700 1 -- 172.21.15.125:0/782894593 >> [v2:172.21.15.125:3300/0,v1:172.21.15.125:6789/0] conn(0x7f8d600fd290 msgr2=0x7f8d600fcb60 secure :-1 s=STATE_CONNECTION_ESTABLISHED l=1).mark_down
2023-05-16T07:07:03.391 INFO:teuthology.orchestra.run.smithi125.stderr:/usr/bin/ceph:
2023-05-16T07:07:03.386+0000 7f8d65fe1700 1 --2- 172.21.15.125:0/782894593 >> [v2:172.21.15.125:3300/0,v1:172.21.15.125:6789/0] conn(0x7f8d600fd290 0x7f8d600fcb60 secure :-1 s=READY pgs=59 cs=0 l=1 rev1=1 rx=0x7f8d5000dfb0 tx=0x7f8d50006ee0).stop
2023-05-16T07:07:03.391 INFO:teuthology.orchestra.run.smithi125.stderr:/usr/bin/ceph:
2023-05-16T07:07:03.387+0000 7f8d65fe1700 1 -- 172.21.15.125:0/782894593 shutdown_connections
2023-05-16T07:07:03.391 INFO:teuthology.orchestra.run.smithi125.stderr:/usr/bin/ceph:
2023-05-16T07:07:03.387+0000 7f8d65fe1700 1 --2- 172.21.15.125:0/782894593 >> [v2:172.21.15.125:6800/687498379,v1:172.21.15.125:6801/687498379] conn(0x7f8d4c02fe60 0x7f8d4c032320 unknown :-1 s=CLOSED pgs=7 cs=0 l=1 rev1=1 rx=0 tx=0).stop
2023-05-16T07:07:03.391 INFO:teuthology.orchestra.run.smithi125.stderr:/usr/bin/ceph:
2023-05-16T07:07:03.387+0000 7f8d65fe1700 1 --2- 172.21.15.125:0/782894593 >> [v2:172.21.15.125:3300/0,v1:172.21.15.125:6789/0] conn(0x7f8d600fd290 0x7f8d600fcb60 unknown :-1 s=CLOSED pgs=59 cs=0 l=1 rev1=1 rx=0 tx=0).stop
2023-05-16T07:07:03.391 INFO:teuthology.orchestra.run.smithi125.stderr:/usr/bin/ceph:
2023-05-16T07:07:03.387+0000 7f8d65fe1700 1 -- 172.21.15.125:0/782894593 >> 172.21.15.125:0/782894593 conn(0x7f8d600f5a70 msgr2=0x7f8d600ff2d0 unknown :-1 s=STATE_NONE l=0).mark_down
2023-05-16T07:07:03.392 INFO:teuthology.orchestra.run.smithi125.stderr:/usr/bin/ceph:
2023-05-16T07:07:03.387+0000 7f8d65fe1700 1 -- 172.21.15.125:0/782894593 shutdown_connections
2023-05-16T07:07:03.392 INFO:teuthology.orchestra.run.smithi125.stderr:/usr/bin/ceph:
2023-05-16T07:07:03.387+0000 7f8d65fe1700 1 -- 172.21.15.125:0/782894593 wait complete.
2023-05-16T07:07:03.576 INFO:journalctl@ceph.mon.smithi125.smithi125.stdout:May 16 07:07:03 smithi125 ceph-1b8c2c5e-f3b8-11ed-9b02-001a4aab830c-mon.smithi125[101220]: cluster
2023-05-16T07:07:02.270935+0000 mon.smithi125 (mon.0) 81 : cluster [DBG] mgrmap e11: smithi125.wwywgk(active, since 2s)
2023-05-16T07:07:03.576 INFO:journalctl@ceph.mon.smithi125.smithi125.stdout:May 16 07:07:03 smithi125 ceph-1b8c2c5e-f3b8-11ed-9b02-001a4aab830c-mon.smithi125[101220]: audit
2023-05-16T07:07:02.362224+0000 mon.smithi125 (mon.0) 82 : audit [INF] from='mgr.14142 172.21.15.125:0/953998986' entity='mgr.smithi125.wwywgk'
2023-05-16T07:07:03.764 INFO:teuthology.orchestra.run.smithi125.stderr:Deploying alertmanager service with default placement...
2023-05-16T07:07:03.765 INFO:teuthology.orchestra.run.smithi125.stderr:Running command: /bin/podman run --rm --ipc=host --no-hosts --net=host --entrypoint /usr/bin/ceph --init -e CONTAINER_IMAGE=docker.io/ceph/ceph:v16.2.4 -e NODE_NAME=smithi125 -e CEPH_USE_RANDOM_NONCE=1 -v /var/log/ceph/1b8c2c5e-f3b8-11ed-9b02-001a4aab830c:/var/log/ceph:z -v /tmp/ceph-tmpkiehsdgn:/etc/ceph/ceph.client.admin.keyring:z -v /tmp/ceph-tmpybvk2ovy:/etc/ceph/ceph.conf:z docker.io/ceph/ceph:v16.2.4 orch apply alertmanager
2023-05-16T07:07:04.178 INFO:teuthology.orchestra.run.smithi125.stderr:/usr/bin/ceph:
2023-05-16T07:07:04.173+0000 7f5bd4ccb700 1 Processor -- start
2023-05-16T07:07:04.178 INFO:teuthology.orchestra.run.smithi125.stderr:/usr/bin/ceph:
2023-05-16T07:07:04.173+0000 7f5bd4ccb700 1 -- start start
2023-05-16T07:07:04.179 INFO:teuthology.orchestra.run.smithi125.stderr:/usr/bin/ceph:
2023-05-16T07:07:04.174+0000 7f5bd4ccb700 1 --2- >> [v2:172.21.15.125:3300/0,v1:172.21.15.125:6789/0] conn(0x7f5bd00fbbc0 0x7f5bd00fbfe0 unknown :-1 s=NONE pgs=0 cs=0 l=0 rev1=0 rx=0 tx=0).connect
2023-05-16T07:07:04.179 INFO:teuthology.orchestra.run.smithi125.stderr:/usr/bin/ceph:
2023-05-16T07:07:04.174+0000 7f5bd4ccb700 1 -- --> [v2:172.21.15.125:3300/0,v1:172.21.15.125:6789/0] -- mon_getmap magic: 0 v1 -- 0x7f5bd00fc4d0 con 0x7f5bd00fbbc0
2023-05-16T07:07:04.179 INFO:teuthology.orchestra.run.smithi125.stderr:/usr/bin/ceph:
2023-05-16T07:07:04.174+0000 7f5bce59c700 1 --2- >> [v2:172.21.15.125:3300/0,v1:172.21.15.125:6789/0] conn(0x7f5bd00fbbc0 0x7f5bd00fbfe0 unknown :-1 s=BANNER_CONNECTING pgs=0 cs=0 l=0 rev1=0 rx=0 tx=0)._handle_peer_banner_payload supported=1 required=0
2023-05-16T07:07:04.179 INFO:teuthology.orchestra.run.smithi125.stderr:/usr/bin/ceph:
2023-05-16T07:07:04.174+0000 7f5bce59c700 1 --2- >> [v2:172.21.15.125:3300/0,v1:172.21.15.125:6789/0] conn(0x7f5bd00fbbc0 0x7f5bd00fbfe0 unknown :-1 s=HELLO_CONNECTING pgs=0 cs=0 l=0 rev1=1 rx=0 tx=0).handle_hello peer v2:172.21.15.125:3300/0 says I am v2:172.21.15.125:57436/0 (socket says 172.21.15.125:57436)
2023-05-16T07:07:04.179 INFO:teuthology.orchestra.run.smithi125.stderr:/usr/bin/ceph:
2023-05-16T07:07:04.174+0000 7f5bce59c700 1 -- 172.21.15.125:0/85414017 learned_addr learned my addr 172.21.15.125:0/85414017 (peer_addr_for_me v2:172.21.15.125:0/0)
2023-05-16T07:07:04.179 INFO:teuthology.orchestra.run.smithi125.stderr:/usr/bin/ceph:
2023-05-16T07:07:04.174+0000 7f5bce59c700 1 -- 172.21.15.125:0/85414017 --> [v2:172.21.15.125:3300/0,v1:172.21.15.125:6789/0] -- mon_subscribe({config=0+,monmap=0+}) v3 -- 0x7f5bd00fc610 con 0x7f5bd00fbbc0
2023-05-16T07:07:04.179 INFO:teuthology.orchestra.run.smithi125.stderr:/usr/bin/ceph:
2023-05-16T07:07:04.174+0000 7f5bce59c700 1 --2- 172.21.15.125:0/85414017 >> [v2:172.21.15.125:3300/0,v1:172.21.15.125:6789/0] conn(0x7f5bd00fbbc0 0x7f5bd00fbfe0 secure :-1 s=READY pgs=60 cs=0 l=1 rev1=1 rx=0x7f5bb800b5f0 tx=0x7f5bb8006ee0).ready entity=mon.0 client_cookie=7fadfba4f011f7e8 server_cookie=0 in_seq=0 out_seq=0
2023-05-16T07:07:04.179 INFO:teuthology.orchestra.run.smithi125.stderr:/usr/bin/ceph:
2023-05-16T07:07:04.174+0000 7f5bcd59a700 1 -- 172.21.15.125:0/85414017 <== mon.0 v2:172.21.15.125:3300/0 1 ==== mon_map magic: 0 v1 ==== 229+0+0 (secure 0 0 0) 0x7f5bb800d600 con 0x7f5bd00fbbc0
2023-05-16T07:07:04.180 INFO:teuthology.orchestra.run.smithi125.stderr:/usr/bin/ceph:
2023-05-16T07:07:04.174+0000 7f5bcd59a700 1 -- 172.21.15.125:0/85414017 <== mon.0 v2:172.21.15.125:3300/0 2 ==== config(25 keys) v1 ==== 1074+0+0 (secure 0 0 0) 0x7f5bb800dc10 con 0x7f5bd00fbbc0
2023-05-16T07:07:04.180 INFO:teuthology.orchestra.run.smithi125.stderr:/usr/bin/ceph:
2023-05-16T07:07:04.175+0000 7f5bcd59a700 1 -- 172.21.15.125:0/85414017 <== mon.0 v2:172.21.15.125:3300/0 3 ==== mon_map magic: 0 v1 ==== 229+0+0 (secure 0 0 0) 0x7f5bb8011cd0 con 0x7f5bd00fbbc0
2023-05-16T07:07:04.182 INFO:teuthology.orchestra.run.smithi125.stderr:/usr/bin/ceph:
2023-05-16T07:07:04.175+0000 7f5bd4ccb700 1 -- 172.21.15.125:0/85414017 >> [v2:172.21.15.125:3300/0,v1:172.21.15.125:6789/0] conn(0x7f5bd00fbbc0 msgr2=0x7f5bd00fbfe0 secure :-1 s=STATE_CONNECTION_ESTABLISHED l=1).mark_down
2023-05-16T07:07:04.182 INFO:teuthology.orchestra.run.smithi125.stderr:/usr/bin/ceph:
2023-05-16T07:07:04.175+0000 7f5bd4ccb700 1 --2- 172.21.15.125:0/85414017 >> [v2:172.21.15.125:3300/0,v1:172.21.15.125:6789/0] conn(0x7f5bd00fbbc0 0x7f5bd00fbfe0 secure :-1 s=READY pgs=60 cs=0 l=1 rev1=1 rx=0x7f5bb800b5f0 tx=0x7f5bb8006ee0).stop
2023-05-16T07:07:04.182 INFO:teuthology.orchestra.run.smithi125.stderr:/usr/bin/ceph:
2023-05-16T07:07:04.175+0000 7f5bd4ccb700 1 -- 172.21.15.125:0/85414017 shutdown_connections
2023-05-16T07:07:04.182 INFO:teuthology.orchestra.run.smithi125.stderr:/usr/bin/ceph:
2023-05-16T07:07:04.175+0000 7f5bd4ccb700 1 --2- 172.21.15.125:0/85414017 >> [v2:172.21.15.125:3300/0,v1:172.21.15.125:6789/0] conn(0x7f5bd00fbbc0 0x7f5bd00fbfe0 unknown :-1 s=CLOSED pgs=60 cs=0 l=1 rev1=1 rx=0 tx=0).stop
2023-05-16T07:07:04.183 INFO:teuthology.orchestra.run.smithi125.stderr:/usr/bin/ceph:
2023-05-16T07:07:04.175+0000 7f5bd4ccb700 1 -- 172.21.15.125:0/85414017 >> 172.21.15.125:0/85414017 conn(0x7f5bd00f73e0 msgr2=0x7f5bd00f9800 unknown :-1 s=STATE_NONE l=0).mark_down
2023-05-16T07:07:04.183 INFO:teuthology.orchestra.run.smithi125.stderr:/usr/bin/ceph:
2023-05-16T07:07:04.175+0000 7f5bd4ccb700 1 -- 172.21.15.125:0/85414017 shutdown_connections
2023-05-16T07:07:04.183 INFO:teuthology.orchestra.run.smithi125.stderr:/usr/bin/ceph:
2023-05-16T07:07:04.175+0000 7f5bd4ccb700 1 -- 172.21.15.125:0/85414017 wait complete.
2023-05-16T07:07:04.183 INFO:teuthology.orchestra.run.smithi125.stderr:/usr/bin/ceph:
2023-05-16T07:07:04.176+0000 7f5bd4ccb700 1 Processor -- start
2023-05-16T07:07:04.183 INFO:teuthology.orchestra.run.smithi125.stderr:/usr/bin/ceph:
2023-05-16T07:07:04.176+0000 7f5bd4ccb700 1 -- start start
2023-05-16T07:07:04.183 INFO:teuthology.orchestra.run.smithi125.stderr:/usr/bin/ceph:
2023-05-16T07:07:04.176+0000 7f5bd4ccb700 1 --2- >> [v2:172.21.15.125:3300/0,v1:172.21.15.125:6789/0] conn(0x7f5bd00fbbc0 0x7f5bd010aa30 unknown :-1 s=NONE pgs=0 cs=0 l=1 rev1=0 rx=0 tx=0).connect
2023-05-16T07:07:04.183 INFO:teuthology.orchestra.run.smithi125.stderr:/usr/bin/ceph:
2023-05-16T07:07:04.176+0000 7f5bd4ccb700 1 -- --> [v2:172.21.15.125:3300/0,v1:172.21.15.125:6789/0] -- mon_getmap magic: 0 v1 -- 0x7f5bd010af20 con 0x7f5bd00fbbc0
2023-05-16T07:07:04.184 INFO:teuthology.orchestra.run.smithi125.stderr:/usr/bin/ceph:
2023-05-16T07:07:04.176+0000 7f5bce59c700 1 --2- >> [v2:172.21.15.125:3300/0,v1:172.21.15.125:6789/0] conn(0x7f5bd00fbbc0 0x7f5bd010aa30 unknown :-1 s=BANNER_CONNECTING pgs=0 cs=0 l=1 rev1=0 rx=0 tx=0)._handle_peer_banner_payload supported=1 required=0
2023-05-16T07:07:04.184 INFO:teuthology.orchestra.run.smithi125.stderr:/usr/bin/ceph:
2023-05-16T07:07:04.176+0000 7f5bce59c700 1 --2- >> [v2:172.21.15.125:3300/0,v1:172.21.15.125:6789/0] conn(0x7f5bd00fbbc0 0x7f5bd010aa30 unknown :-1 s=HELLO_CONNECTING pgs=0 cs=0 l=1 rev1=1 rx=0 tx=0).handle_hello peer v2:172.21.15.125:3300/0 says I am v2:172.21.15.125:57440/0 (socket says 172.21.15.125:57440)
2023-05-16T07:07:04.184 INFO:teuthology.orchestra.run.smithi125.stderr:/usr/bin/ceph:
2023-05-16T07:07:04.176+0000 7f5bce59c700 1 -- 172.21.15.125:0/551436300 learned_addr learned my addr 172.21.15.125:0/551436300 (peer_addr_for_me v2:172.21.15.125:0/0)
2023-05-16T07:07:04.184 INFO:teuthology.orchestra.run.smithi125.stderr:/usr/bin/ceph:
2023-05-16T07:07:04.176+0000 7f5bce59c700 1 -- 172.21.15.125:0/551436300 --> [v2:172.21.15.125:3300/0,v1:172.21.15.125:6789/0] -- mon_subscribe({config=0+,monmap=0+}) v3 -- 0x7f5bb800b200 con 0x7f5bd00fbbc0
2023-05-16T07:07:04.184 INFO:teuthology.orchestra.run.smithi125.stderr:/usr/bin/ceph:
2023-05-16T07:07:04.177+0000 7f5bce59c700 1 --2- 172.21.15.125:0/551436300 >> [v2:172.21.15.125:3300/0,v1:172.21.15.125:6789/0] conn(0x7f5bd00fbbc0 0x7f5bd010aa30 secure :-1 s=READY pgs=61 cs=0 l=1 rev1=1 rx=0x7f5bb8006cb0 tx=0x7f5bb8006ee0).ready entity=mon.0 client_cookie=0 server_cookie=0 in_seq=0 out_seq=0
2023-05-16T07:07:04.184 INFO:teuthology.orchestra.run.smithi125.stderr:/usr/bin/ceph:
2023-05-16T07:07:04.177+0000 7f5bc6ffd700 1 -- 172.21.15.125:0/551436300 <== mon.0 v2:172.21.15.125:3300/0 1 ==== mon_map magic: 0 v1 ==== 229+0+0 (secure 0 0 0) 0x7f5bb8011df0 con 0x7f5bd00fbbc0
2023-05-16T07:07:04.184 INFO:teuthology.orchestra.run.smithi125.stderr:/usr/bin/ceph:
2023-05-16T07:07:04.177+0000 7f5bc6ffd700 1 -- 172.21.15.125:0/551436300 <== mon.0 v2:172.21.15.125:3300/0 2 ==== config(25 keys) v1 ==== 1074+0+0 (secure 0 0 0) 0x7f5bb801b8c0 con 0x7f5bd00fbbc0
2023-05-16T07:07:04.185 INFO:teuthology.orchestra.run.smithi125.stderr:/usr/bin/ceph:
2023-05-16T07:07:04.177+0000 7f5bd4ccb700 1 -- 172.21.15.125:0/551436300 --> [v2:172.21.15.125:3300/0,v1:172.21.15.125:6789/0] -- mon_subscribe({mgrmap=0+}) v3 -- 0x7f5bd010b120 con 0x7f5bd00fbbc0
2023-05-16T07:07:04.185 INFO:teuthology.orchestra.run.smithi125.stderr:/usr/bin/ceph:
2023-05-16T07:07:04.177+0000 7f5bc6ffd700 1 -- 172.21.15.125:0/551436300 <== mon.0 v2:172.21.15.125:3300/0 3 ==== mon_map magic: 0 v1 ==== 229+0+0 (secure 0 0 0) 0x7f5bb801a930 con 0x7f5bd00fbbc0
2023-05-16T07:07:04.185 INFO:teuthology.orchestra.run.smithi125.stderr:/usr/bin/ceph:
2023-05-16T07:07:04.177+0000 7f5bd4ccb700 1 -- 172.21.15.125:0/551436300 --> [v2:172.21.15.125:3300/0,v1:172.21.15.125:6789/0] -- mon_subscribe({osdmap=0}) v3 -- 0x7f5bd010b530 con 0x7f5bd00fbbc0
2023-05-16T07:07:04.185 INFO:teuthology.orchestra.run.smithi125.stderr:/usr/bin/ceph:
2023-05-16T07:07:04.178+0000 7f5bc6ffd700 1 -- 172.21.15.125:0/551436300 <== mon.0 v2:172.21.15.125:3300/0 4 ==== mgrmap(e 11) v1 ==== 36195+0+0 (secure 0 0 0) 0x7f5bb800f070 con 0x7f5bd00fbbc0
2023-05-16T07:07:04.185 INFO:teuthology.orchestra.run.smithi125.stderr:/usr/bin/ceph:
2023-05-16T07:07:04.178+0000 7f5bc6ffd700 1 --2- 172.21.15.125:0/551436300 >> [v2:172.21.15.125:6800/687498379,v1:172.21.15.125:6801/687498379] conn(0x7f5bb002feb0 0x7f5bb0032370 unknown :-1 s=NONE pgs=0 cs=0 l=1 rev1=0 rx=0 tx=0).connect
2023-05-16T07:07:04.185 INFO:teuthology.orchestra.run.smithi125.stderr:/usr/bin/ceph:
2023-05-16T07:07:04.178+0000 7f5bc6ffd700 1 -- 172.21.15.125:0/551436300 <== mon.0 v2:172.21.15.125:3300/0 5 ==== osd_map(3..3 src has 1..3) v4 ==== 1098+0+0 (secure 0 0 0) 0x7f5bb8040f40 con 0x7f5bd00fbbc0
2023-05-16T07:07:04.185 INFO:teuthology.orchestra.run.smithi125.stderr:/usr/bin/ceph:
2023-05-16T07:07:04.178+0000 7f5bcdd9b700 1 --2- 172.21.15.125:0/551436300 >> [v2:172.21.15.125:6800/687498379,v1:172.21.15.125:6801/687498379] conn(0x7f5bb002feb0 0x7f5bb0032370 unknown :-1 s=BANNER_CONNECTING pgs=0 cs=0 l=1 rev1=0 rx=0 tx=0)._handle_peer_banner_payload supported=1 required=0
2023-05-16T07:07:04.185 INFO:teuthology.orchestra.run.smithi125.stderr:/usr/bin/ceph:
2023-05-16T07:07:04.178+0000 7f5bcdd9b700 1 --2- 172.21.15.125:0/551436300 >> [v2:172.21.15.125:6800/687498379,v1:172.21.15.125:6801/687498379] conn(0x7f5bb002feb0 0x7f5bb0032370 secure :-1 s=READY pgs=8 cs=0 l=1 rev1=1 rx=0x7f5bc00096a0 tx=0x7f5bc0006b40).ready entity=mgr.14142 client_cookie=0 server_cookie=0 in_seq=0 out_seq=0
2023-05-16T07:07:04.186 INFO:teuthology.orchestra.run.smithi125.stderr:/usr/bin/ceph:
2023-05-16T07:07:04.179+0000 7f5bd4ccb700 1 -- 172.21.15.125:0/551436300 --> [v2:172.21.15.125:3300/0,v1:172.21.15.125:6789/0] -- mon_command({"prefix": "get_command_descriptions"} v 0) v1 -- 0x7f5bd0059100 con 0x7f5bd00fbbc0
2023-05-16T07:07:04.186 INFO:teuthology.orchestra.run.smithi125.stderr:/usr/bin/ceph:
2023-05-16T07:07:04.183+0000 7f5bc6ffd700 1 -- 172.21.15.125:0/551436300 <== mon.0 v2:172.21.15.125:3300/0 6 ==== mon_command_ack([{"prefix": "get_command_descriptions"}]=0 v0) v1 ==== 72+0+152212 (secure 0 0 0) 0x7f5bb8024410 con 0x7f5bd00fbbc0
2023-05-16T07:07:04.367 INFO:teuthology.orchestra.run.smithi125.stderr:/usr/bin/ceph:
2023-05-16T07:07:04.364+0000 7f5bd4ccb700 1 -- 172.21.15.125:0/551436300 --> [v2:172.21.15.125:6800/687498379,v1:172.21.15.125:6801/687498379] -- mgr_command(tid 0: {"prefix": "orch apply", "service_type": "alertmanager", "target": ["mon-mgr", ""]}) v1 -- 0x7f5bd01048b0 con 0x7f5bb002feb0
2023-05-16T07:07:04.373 INFO:teuthology.orchestra.run.smithi125.stderr:/usr/bin/ceph:
2023-05-16T07:07:04.370+0000 7f5bc6ffd700 1 -- 172.21.15.125:0/551436300 <== mgr.14142 v2:172.21.15.125:6800/687498379 1 ==== mgr_command_reply(tid 0: 0 ) v1 ==== 8+0+33 (secure 0 0 0) 0x7f5bd01048b0 con 0x7f5bb002feb0
2023-05-16T07:07:04.374 INFO:teuthology.orchestra.run.smithi125.stderr:/usr/bin/ceph: Scheduled alertmanager update...
2023-05-16T07:07:04.376 INFO:teuthology.orchestra.run.smithi125.stderr:/usr/bin/ceph:
2023-05-16T07:07:04.372+0000 7f5bd4ccb700 1 -- 172.21.15.125:0/551436300 >> [v2:172.21.15.125:6800/687498379,v1:172.21.15.125:6801/687498379] conn(0x7f5bb002feb0 msgr2=0x7f5bb0032370 secure :-1 s=STATE_CONNECTION_ESTABLISHED l=1).mark_down
2023-05-16T07:07:04.376 INFO:teuthology.orchestra.run.smithi125.stderr:/usr/bin/ceph:
2023-05-16T07:07:04.372+0000 7f5bd4ccb700 1 --2- 172.21.15.125:0/551436300 >> [v2:172.21.15.125:6800/687498379,v1:172.21.15.125:6801/687498379] conn(0x7f5bb002feb0 0x7f5bb0032370 secure :-1 s=READY pgs=8 cs=0 l=1 rev1=1 rx=0x7f5bc00096a0 tx=0x7f5bc0006b40).stop
2023-05-16T07:07:04.376 INFO:teuthology.orchestra.run.smithi125.stderr:/usr/bin/ceph:
2023-05-16T07:07:04.372+0000 7f5bd4ccb700 1 -- 172.21.15.125:0/551436300 >> [v2:172.21.15.125:3300/0,v1:172.21.15.125:6789/0] conn(0x7f5bd00fbbc0 msgr2=0x7f5bd010aa30 secure :-1 s=STATE_CONNECTION_ESTABLISHED l=1).mark_down
2023-05-16T07:07:04.376 INFO:teuthology.orchestra.run.smithi125.stderr:/usr/bin/ceph:
2023-05-16T07:07:04.372+0000 7f5bd4ccb700 1 --2- 172.21.15.125:0/551436300 >> [v2:172.21.15.125:3300/0,v1:172.21.15.125:6789/0] conn(0x7f5bd00fbbc0 0x7f5bd010aa30 secure :-1 s=READY pgs=61 cs=0 l=1 rev1=1 rx=0x7f5bb8006cb0 tx=0x7f5bb8006ee0).stop
2023-05-16T07:07:04.376 INFO:teuthology.orchestra.run.smithi125.stderr:/usr/bin/ceph:
2023-05-16T07:07:04.372+0000 7f5bd4ccb700 1 -- 172.21.15.125:0/551436300 shutdown_connections
2023-05-16T07:07:04.377 INFO:teuthology.orchestra.run.smithi125.stderr:/usr/bin/ceph:
2023-05-16T07:07:04.372+0000 7f5bd4ccb700 1 --2- 172.21.15.125:0/551436300 >> [v2:172.21.15.125:6800/687498379,v1:172.21.15.125:6801/687498379] conn(0x7f5bb002feb0 0x7f5bb0032370 unknown :-1 s=CLOSED pgs=8 cs=0 l=1 rev1=1 rx=0 tx=0).stop
2023-05-16T07:07:04.377 INFO:teuthology.orchestra.run.smithi125.stderr:/usr/bin/ceph:
2023-05-16T07:07:04.372+0000 7f5bd4ccb700 1 --2- 172.21.15.125:0/551436300 >> [v2:172.21.15.125:3300/0,v1:172.21.15.125:6789/0] conn(0x7f5bd00fbbc0 0x7f5bd010aa30 unknown :-1 s=CLOSED pgs=61 cs=0 l=1 rev1=1 rx=0 tx=0).stop
2023-05-16T07:07:04.377 INFO:teuthology.orchestra.run.smithi125.stderr:/usr/bin/ceph:
2023-05-16T07:07:04.372+0000 7f5bd4ccb700 1 -- 172.21.15.125:0/551436300 >> 172.21.15.125:0/551436300 conn(0x7f5bd00f73e0 msgr2=0x7f5bd00f8f60 unknown :-1 s=STATE_NONE l=0).mark_down
2023-05-16T07:07:04.377 INFO:teuthology.orchestra.run.smithi125.stderr:/usr/bin/ceph:
2023-05-16T07:07:04.372+0000 7f5bd4ccb700 1 -- 172.21.15.125:0/551436300 shutdown_connections
2023-05-16T07:07:04.377 INFO:teuthology.orchestra.run.smithi125.stderr:/usr/bin/ceph:
2023-05-16T07:07:04.372+0000 7f5bd4ccb700 1 -- 172.21.15.125:0/551436300 wait complete.
2023-05-16T07:07:04.576 INFO:journalctl@ceph.mon.smithi125.smithi125.stdout:May 16 07:07:04 smithi125 ceph-1b8c2c5e-f3b8-11ed-9b02-001a4aab830c-mon.smithi125[101220]: audit
2023-05-16T07:07:02.359596+0000 mgr.smithi125.wwywgk (mgr.14142) 3 : audit [DBG] from='client.14150 -' entity='client.admin' cmd=[{"prefix": "orch apply", "service_type": "grafana", "target": ["mon-mgr", ""]}]: dispatch
2023-05-16T07:07:04.577 INFO:journalctl@ceph.mon.smithi125.smithi125.stdout:May 16 07:07:04 smithi125 ceph-1b8c2c5e-f3b8-11ed-9b02-001a4aab830c-mon.smithi125[101220]: cephadm
2023-05-16T07:07:02.360100+0000 mgr.smithi125.wwywgk (mgr.14142) 4 : cephadm [INF] Saving service grafana spec with placement count:1
2023-05-16T07:07:04.577 INFO:journalctl@ceph.mon.smithi125.smithi125.stdout:May 16 07:07:04 smithi125 ceph-1b8c2c5e-f3b8-11ed-9b02-001a4aab830c-mon.smithi125[101220]: audit
2023-05-16T07:07:03.385186+0000 mon.smithi125 (mon.0) 83 : audit [INF] from='mgr.14142 172.21.15.125:0/953998986' entity='mgr.smithi125.wwywgk'
2023-05-16T07:07:04.722 INFO:teuthology.orchestra.run.smithi125.stderr:Running command: /bin/podman run --rm --ipc=host --no-hosts --net=host --entrypoint /usr/bin/ceph --init -e CONTAINER_IMAGE=docker.io/ceph/ceph:v16.2.4 -e NODE_NAME=smithi125 -e CEPH_USE_RANDOM_NONCE=1 -v /var/log/ceph/1b8c2c5e-f3b8-11ed-9b02-001a4aab830c:/var/log/ceph:z -v /tmp/ceph-tmpkiehsdgn:/etc/ceph/ceph.client.admin.keyring:z -v /tmp/ceph-tmpybvk2ovy:/etc/ceph/ceph.conf:z docker.io/ceph/ceph:v16.2.4 config set mgr mgr/cephadm/container_init True --force
2023-05-16T07:07:05.159 INFO:teuthology.orchestra.run.smithi125.stderr:/usr/bin/ceph:
2023-05-16T07:07:05.155+0000 7f6747ab1700 1 Processor -- start
2023-05-16T07:07:05.159 INFO:teuthology.orchestra.run.smithi125.stderr:/usr/bin/ceph:
2023-05-16T07:07:05.155+0000 7f6747ab1700 1 -- start start
2023-05-16T07:07:05.159 INFO:teuthology.orchestra.run.smithi125.stderr:/usr/bin/ceph:
2023-05-16T07:07:05.155+0000 7f6747ab1700 1 --2- >> [v2:172.21.15.125:3300/0,v1:172.21.15.125:6789/0] conn(0x7f6740071c90 0x7f6740070230 unknown :-1 s=NONE pgs=0 cs=0 l=0 rev1=0 rx=0 tx=0).connect
2023-05-16T07:07:05.161 INFO:teuthology.orchestra.run.smithi125.stderr:/usr/bin/ceph:
2023-05-16T07:07:05.155+0000 7f6747ab1700 1 -- --> [v2:172.21.15.125:3300/0,v1:172.21.15.125:6789/0] -- mon_getmap magic: 0 v1 -- 0x7f67400720b0 con 0x7f6740071c90
2023-05-16T07:07:05.161 INFO:teuthology.orchestra.run.smithi125.stderr:/usr/bin/ceph:
2023-05-16T07:07:05.155+0000 7f674584d700 1 --2- >> [v2:172.21.15.125:3300/0,v1:172.21.15.125:6789/0] conn(0x7f6740071c90 0x7f6740070230 unknown :-1 s=BANNER_CONNECTING pgs=0 cs=0 l=0 rev1=0 rx=0 tx=0)._handle_peer_banner_payload supported=1 required=0
2023-05-16T07:07:05.161 INFO:teuthology.orchestra.run.smithi125.stderr:/usr/bin/ceph:
2023-05-16T07:07:05.156+0000 7f674584d700 1 --2- >> [v2:172.21.15.125:3300/0,v1:172.21.15.125:6789/0] conn(0x7f6740071c90 0x7f6740070230 unknown :-1 s=HELLO_CONNECTING pgs=0 cs=0 l=0 rev1=1 rx=0 tx=0).handle_hello peer v2:172.21.15.125:3300/0 says I am v2:172.21.15.125:57454/0 (socket says 172.21.15.125:57454)
2023-05-16T07:07:05.161 INFO:teuthology.orchestra.run.smithi125.stderr:/usr/bin/ceph:
2023-05-16T07:07:05.156+0000 7f674584d700 1 -- 172.21.15.125:0/3046238662 learned_addr learned my addr 172.21.15.125:0/3046238662 (peer_addr_for_me v2:172.21.15.125:0/0)
2023-05-16T07:07:05.162 INFO:teuthology.orchestra.run.smithi125.stderr:/usr/bin/ceph:
2023-05-16T07:07:05.156+0000 7f674584d700 1 -- 172.21.15.125:0/3046238662 --> [v2:172.21.15.125:3300/0,v1:172.21.15.125:6789/0] -- mon_subscribe({config=0+,monmap=0+}) v3 -- 0x7f6740070720 con 0x7f6740071c90
2023-05-16T07:07:05.162 INFO:teuthology.orchestra.run.smithi125.stderr:/usr/bin/ceph:
2023-05-16T07:07:05.156+0000 7f674584d700 1 --2- 172.21.15.125:0/3046238662 >> [v2:172.21.15.125:3300/0,v1:172.21.15.125:6789/0] conn(0x7f6740071c90 0x7f6740070230 secure :-1 s=READY pgs=62 cs=0 l=1 rev1=1 rx=0x7f673c00b5f0 tx=0x7f673c006ee0).ready entity=mon.0 client_cookie=7175dd8a9c71a629 server_cookie=0 in_seq=0 out_seq=0
2023-05-16T07:07:05.162 INFO:teuthology.orchestra.run.smithi125.stderr:/usr/bin/ceph:
2023-05-16T07:07:05.156+0000 7f674484b700 1 -- 172.21.15.125:0/3046238662 <== mon.0 v2:172.21.15.125:3300/0 1 ==== mon_map magic: 0 v1 ==== 229+0+0 (secure 0 0 0) 0x7f673c00d600 con 0x7f6740071c90
2023-05-16T07:07:05.162 INFO:teuthology.orchestra.run.smithi125.stderr:/usr/bin/ceph:
2023-05-16T07:07:05.156+0000 7f674484b700 1 -- 172.21.15.125:0/3046238662 <== mon.0 v2:172.21.15.125:3300/0 2 ==== config(25 keys) v1 ==== 1074+0+0 (secure 0 0 0) 0x7f673c00dc10 con 0x7f6740071c90
2023-05-16T07:07:05.162 INFO:teuthology.orchestra.run.smithi125.stderr:/usr/bin/ceph:
2023-05-16T07:07:05.156+0000 7f674484b700 1 -- 172.21.15.125:0/3046238662 <== mon.0 v2:172.21.15.125:3300/0 3 ==== mon_map magic: 0 v1 ==== 229+0+0 (secure 0 0 0) 0x7f673c011cd0 con 0x7f6740071c90
2023-05-16T07:07:05.162 INFO:teuthology.orchestra.run.smithi125.stderr:/usr/bin/ceph:
2023-05-16T07:07:05.157+0000 7f6747ab1700 1 -- 172.21.15.125:0/3046238662 >> [v2:172.21.15.125:3300/0,v1:172.21.15.125:6789/0] conn(0x7f6740071c90 msgr2=0x7f6740070230 secure :-1 s=STATE_CONNECTION_ESTABLISHED l=1).mark_down
2023-05-16T07:07:05.162 INFO:teuthology.orchestra.run.smithi125.stderr:/usr/bin/ceph:
2023-05-16T07:07:05.157+0000 7f6747ab1700 1 --2- 172.21.15.125:0/3046238662 >> [v2:172.21.15.125:3300/0,v1:172.21.15.125:6789/0] conn(0x7f6740071c90 0x7f6740070230 secure :-1 s=READY pgs=62 cs=0 l=1 rev1=1 rx=0x7f673c00b5f0 tx=0x7f673c006ee0).stop
2023-05-16T07:07:05.162 INFO:teuthology.orchestra.run.smithi125.stderr:/usr/bin/ceph:
2023-05-16T07:07:05.157+0000 7f6747ab1700 1 -- 172.21.15.125:0/3046238662 shutdown_connections
2023-05-16T07:07:05.163 INFO:teuthology.orchestra.run.smithi125.stderr:/usr/bin/ceph:
2023-05-16T07:07:05.157+0000 7f6747ab1700 1 --2- 172.21.15.125:0/3046238662 >> [v2:172.21.15.125:3300/0,v1:172.21.15.125:6789/0] conn(0x7f6740071c90 0x7f6740070230 unknown :-1 s=CLOSED pgs=62 cs=0 l=1 rev1=1 rx=0 tx=0).stop
2023-05-16T07:07:05.163 INFO:teuthology.orchestra.run.smithi125.stderr:/usr/bin/ceph:
2023-05-16T07:07:05.157+0000 7f6747ab1700 1 -- 172.21.15.125:0/3046238662 >> 172.21.15.125:0/3046238662 conn(0x7f67400f73e0 msgr2=0x7f67400f9800 unknown :-1 s=STATE_NONE l=0).mark_down
2023-05-16T07:07:05.163 INFO:teuthology.orchestra.run.smithi125.stderr:/usr/bin/ceph:
2023-05-16T07:07:05.157+0000 7f6747ab1700 1 -- 172.21.15.125:0/3046238662 shutdown_connections
2023-05-16T07:07:05.163 INFO:teuthology.orchestra.run.smithi125.stderr:/usr/bin/ceph:
2023-05-16T07:07:05.157+0000 7f6747ab1700 1 -- 172.21.15.125:0/3046238662 wait complete.
2023-05-16T07:07:05.163 INFO:teuthology.orchestra.run.smithi125.stderr:/usr/bin/ceph:
2023-05-16T07:07:05.157+0000 7f6747ab1700 1 Processor -- start
2023-05-16T07:07:05.163 INFO:teuthology.orchestra.run.smithi125.stderr:/usr/bin/ceph:
2023-05-16T07:07:05.157+0000 7f6747ab1700 1 -- start start
2023-05-16T07:07:05.163 INFO:teuthology.orchestra.run.smithi125.stderr:/usr/bin/ceph:
2023-05-16T07:07:05.158+0000 7f6747ab1700 1 --2- >> [v2:172.21.15.125:3300/0,v1:172.21.15.125:6789/0] conn(0x7f6740071c90 0x7f674010cd30 unknown :-1 s=NONE pgs=0 cs=0 l=1 rev1=0 rx=0 tx=0).connect
2023-05-16T07:07:05.165 INFO:teuthology.orchestra.run.smithi125.stderr:/usr/bin/ceph:
2023-05-16T07:07:05.158+0000 7f6747ab1700 1 -- --> [v2:172.21.15.125:3300/0,v1:172.21.15.125:6789/0] -- mon_getmap magic: 0 v1 -- 0x7f674010d220 con 0x7f6740071c90
2023-05-16T07:07:05.165 INFO:teuthology.orchestra.run.smithi125.stderr:/usr/bin/ceph:
2023-05-16T07:07:05.158+0000 7f674584d700 1 --2- >> [v2:172.21.15.125:3300/0,v1:172.21.15.125:6789/0] conn(0x7f6740071c90 0x7f674010cd30 unknown :-1 s=BANNER_CONNECTING pgs=0 cs=0 l=1 rev1=0 rx=0 tx=0)._handle_peer_banner_payload supported=1 required=0
2023-05-16T07:07:05.165 INFO:teuthology.orchestra.run.smithi125.stderr:/usr/bin/ceph:
2023-05-16T07:07:05.158+0000 7f674584d700 1 --2- >> [v2:172.21.15.125:3300/0,v1:172.21.15.125:6789/0] conn(0x7f6740071c90 0x7f674010cd30 unknown :-1 s=HELLO_CONNECTING pgs=0 cs=0 l=1 rev1=1 rx=0 tx=0).handle_hello peer v2:172.21.15.125:3300/0 says I am v2:172.21.15.125:57456/0 (socket says 172.21.15.125:57456)
2023-05-16T07:07:05.165 INFO:teuthology.orchestra.run.smithi125.stderr:/usr/bin/ceph:
2023-05-16T07:07:05.158+0000 7f674584d700 1 -- 172.21.15.125:0/1419606170 learned_addr learned my addr 172.21.15.125:0/1419606170 (peer_addr_for_me v2:172.21.15.125:0/0)
2023-05-16T07:07:05.165 INFO:teuthology.orchestra.run.smithi125.stderr:/usr/bin/ceph:
2023-05-16T07:07:05.158+0000 7f674584d700 1 -- 172.21.15.125:0/1419606170 --> [v2:172.21.15.125:3300/0,v1:172.21.15.125:6789/0] -- mon_subscribe({config=0+,monmap=0+}) v3 -- 0x7f673c00b200 con 0x7f6740071c90
2023-05-16T07:07:05.165 INFO:teuthology.orchestra.run.smithi125.stderr:/usr/bin/ceph:
2023-05-16T07:07:05.158+0000 7f674584d700 1 --2- 172.21.15.125:0/1419606170 >> [v2:172.21.15.125:3300/0,v1:172.21.15.125:6789/0] conn(0x7f6740071c90 0x7f674010cd30 secure :-1 s=READY pgs=63 cs=0 l=1 rev1=1 rx=0x7f673c006c70 tx=0x7f673c006ee0).ready entity=mon.0 client_cookie=0 server_cookie=0 in_seq=0 out_seq=0
2023-05-16T07:07:05.166 INFO:teuthology.orchestra.run.smithi125.stderr:/usr/bin/ceph:
2023-05-16T07:07:05.158+0000 7f672e7fc700 1 -- 172.21.15.125:0/1419606170 <== mon.0 v2:172.21.15.125:3300/0 1 ==== mon_map magic: 0 v1 ==== 229+0+0 (secure 0 0 0) 0x7f673c011d50 con 0x7f6740071c90
2023-05-16T07:07:05.166 INFO:teuthology.orchestra.run.smithi125.stderr:/usr/bin/ceph:
2023-05-16T07:07:05.158+0000 7f672e7fc700 1 -- 172.21.15.125:0/1419606170 <== mon.0 v2:172.21.15.125:3300/0 2 ==== config(25 keys) v1 ==== 1074+0+0 (secure 0 0 0) 0x7f673c01b8c0 con 0x7f6740071c90
2023-05-16T07:07:05.166 INFO:teuthology.orchestra.run.smithi125.stderr:/usr/bin/ceph:
2023-05-16T07:07:05.158+0000 7f672e7fc700 1 -- 172.21.15.125:0/1419606170 <== mon.0 v2:172.21.15.125:3300/0 3 ==== mon_map magic: 0 v1 ==== 229+0+0 (secure 0 0 0) 0x7f673c01a930 con 0x7f6740071c90
2023-05-16T07:07:05.166 INFO:teuthology.orchestra.run.smithi125.stderr:/usr/bin/ceph:
2023-05-16T07:07:05.159+0000 7f6747ab1700 1 -- 172.21.15.125:0/1419606170 --> [v2:172.21.15.125:3300/0,v1:172.21.15.125:6789/0] -- mon_subscribe({mgrmap=0+}) v3 -- 0x7f674010d420 con 0x7f6740071c90
2023-05-16T07:07:05.166 INFO:teuthology.orchestra.run.smithi125.stderr:/usr/bin/ceph:
2023-05-16T07:07:05.159+0000 7f6747ab1700 1 -- 172.21.15.125:0/1419606170 --> [v2:172.21.15.125:3300/0,v1:172.21.15.125:6789/0] -- mon_subscribe({osdmap=0}) v3 -- 0x7f674010d830 con 0x7f6740071c90
2023-05-16T07:07:05.166 INFO:teuthology.orchestra.run.smithi125.stderr:/usr/bin/ceph:
2023-05-16T07:07:05.159+0000 7f672e7fc700 1 -- 172.21.15.125:0/1419606170 <== mon.0 v2:172.21.15.125:3300/0 4 ==== mgrmap(e 11) v1 ==== 36195+0+0 (secure 0 0 0) 0x7f673c00f070 con 0x7f6740071c90
2023-05-16T07:07:05.166 INFO:teuthology.orchestra.run.smithi125.stderr:/usr/bin/ceph:
2023-05-16T07:07:05.159+0000 7f672e7fc700 1 --2- 172.21.15.125:0/1419606170 >> [v2:172.21.15.125:6800/687498379,v1:172.21.15.125:6801/687498379] conn(0x7f672802feb0 0x7f6728032370 unknown :-1 s=NONE pgs=0 cs=0 l=1 rev1=0 rx=0 tx=0).connect
2023-05-16T07:07:05.167 INFO:teuthology.orchestra.run.smithi125.stderr:/usr/bin/ceph:
2023-05-16T07:07:05.159+0000 7f6747ab1700 1 -- 172.21.15.125:0/1419606170 --> [v2:172.21.15.125:3300/0,v1:172.21.15.125:6789/0] -- mon_command({"prefix": "get_command_descriptions"} v 0) v1 -- 0x7f6740045ad0 con 0x7f6740071c90
2023-05-16T07:07:05.167 INFO:teuthology.orchestra.run.smithi125.stderr:/usr/bin/ceph:
2023-05-16T07:07:05.160+0000 7f672e7fc700 1 -- 172.21.15.125:0/1419606170 <== mon.0 v2:172.21.15.125:3300/0 5 ==== osd_map(3..3 src has 1..3) v4 ==== 1098+0+0 (secure 0 0 0) 0x7f673c041020 con 0x7f6740071c90
2023-05-16T07:07:05.167 INFO:teuthology.orchestra.run.smithi125.stderr:/usr/bin/ceph:
2023-05-16T07:07:05.160+0000 7f674504c700 1 --2- 172.21.15.125:0/1419606170 >> [v2:172.21.15.125:6800/687498379,v1:172.21.15.125:6801/687498379] conn(0x7f672802feb0 0x7f6728032370 unknown :-1 s=BANNER_CONNECTING pgs=0 cs=0 l=1 rev1=0 rx=0 tx=0)._handle_peer_banner_payload supported=1 required=0
2023-05-16T07:07:05.167 INFO:teuthology.orchestra.run.smithi125.stderr:/usr/bin/ceph:
2023-05-16T07:07:05.160+0000 7f674504c700 1 --2- 172.21.15.125:0/1419606170 >> [v2:172.21.15.125:6800/687498379,v1:172.21.15.125:6801/687498379] conn(0x7f672802feb0 0x7f6728032370 secure :-1 s=READY pgs=9 cs=0 l=1 rev1=1 rx=0x7f67300096a0 tx=0x7f6730006b40).ready entity=mgr.14142 client_cookie=0 server_cookie=0 in_seq=0 out_seq=0
2023-05-16T07:07:05.167 INFO:teuthology.orchestra.run.smithi125.stderr:/usr/bin/ceph:
2023-05-16T07:07:05.164+0000 7f672e7fc700 1 -- 172.21.15.125:0/1419606170 <== mon.0 v2:172.21.15.125:3300/0 6 ==== mon_command_ack([{"prefix": "get_command_descriptions"}]=0 v0) v1 ==== 72+0+152212 (secure 0 0 0) 0x7f673c016080 con 0x7f6740071c90
2023-05-16T07:07:05.319 INFO:teuthology.orchestra.run.smithi125.stderr:/usr/bin/ceph:
2023-05-16T07:07:05.316+0000 7f6747ab1700 1 -- 172.21.15.125:0/1419606170 --> [v2:172.21.15.125:3300/0,v1:172.21.15.125:6789/0] -- mon_command([{prefix=config set, name=mgr/cephadm/container_init}] v 0) v1 -- 0x7f6740101dd0 con 0x7f6740071c90
2023-05-16T07:07:05.325 INFO:teuthology.orchestra.run.smithi125.stderr:/usr/bin/ceph:
2023-05-16T07:07:05.321+0000 7f672e7fc700 1 -- 172.21.15.125:0/1419606170 <== mon.0 v2:172.21.15.125:3300/0 7 ==== mon_command_ack([{prefix=config set, name=mgr/cephadm/container_init}]=0 v9)=0 v9) v1 ==== 142+0+0 (secure 0 0 0) 0x7f673c019d60 con 0x7f6740071c90
2023-05-16T07:07:05.327 INFO:teuthology.orchestra.run.smithi125.stderr:/usr/bin/ceph:
2023-05-16T07:07:05.323+0000 7f6747ab1700 1 -- 172.21.15.125:0/1419606170 >> [v2:172.21.15.125:6800/687498379,v1:172.21.15.125:6801/687498379] conn(0x7f672802feb0 msgr2=0x7f6728032370 secure :-1 s=STATE_CONNECTION_ESTABLISHED l=1).mark_down
2023-05-16T07:07:05.328 INFO:teuthology.orchestra.run.smithi125.stderr:/usr/bin/ceph:
2023-05-16T07:07:05.323+0000 7f6747ab1700 1 --2- 172.21.15.125:0/1419606170 >> [v2:172.21.15.125:6800/687498379,v1:172.21.15.125:6801/687498379] conn(0x7f672802feb0 0x7f6728032370 secure :-1 s=READY pgs=9 cs=0 l=1 rev1=1 rx=0x7f67300096a0 tx=0x7f6730006b40).stop
2023-05-16T07:07:05.328 INFO:teuthology.orchestra.run.smithi125.stderr:/usr/bin/ceph:
2023-05-16T07:07:05.323+0000 7f6747ab1700 1 -- 172.21.15.125:0/1419606170 >> [v2:172.21.15.125:3300/0,v1:172.21.15.125:6789/0] conn(0x7f6740071c90 msgr2=0x7f674010cd30 secure :-1 s=STATE_CONNECTION_ESTABLISHED l=1).mark_down
2023-05-16T07:07:05.328 INFO:teuthology.orchestra.run.smithi125.stderr:/usr/bin/ceph:
2023-05-16T07:07:05.323+0000 7f6747ab1700 1 --2- 172.21.15.125:0/1419606170 >> [v2:172.21.15.125:3300/0,v1:172.21.15.125:6789/0] conn(0x7f6740071c90 0x7f674010cd30 secure :-1 s=READY pgs=63 cs=0 l=1 rev1=1 rx=0x7f673c006c70 tx=0x7f673c006ee0).stop
2023-05-16T07:07:05.328 INFO:teuthology.orchestra.run.smithi125.stderr:/usr/bin/ceph:
2023-05-16T07:07:05.323+0000 7f6747ab1700 1 -- 172.21.15.125:0/1419606170 shutdown_connections
2023-05-16T07:07:05.328 INFO:teuthology.orchestra.run.smithi125.stderr:/usr/bin/ceph:
2023-05-16T07:07:05.323+0000 7f6747ab1700 1 --2- 172.21.15.125:0/1419606170 >> [v2:172.21.15.125:6800/687498379,v1:172.21.15.125:6801/687498379] conn(0x7f672802feb0 0x7f6728032370 unknown :-1 s=CLOSED pgs=9 cs=0 l=1 rev1=1 rx=0 tx=0).stop
2023-05-16T07:07:05.328 INFO:teuthology.orchestra.run.smithi125.stderr:/usr/bin/ceph:
