2023-05-16T11:59:28.420 INFO:teuthology.orchestra.run.smithi062.stderr:/usr/bin/ceph:
2023-05-16T11:59:28.415+0000 7fa1bdd79700 1 --2- >> [v2:172.21.15.62:3300/0,v1:172.21.15.62:6789/0] conn(0x7fa1b806fcd0 0x7fa1b80fe7a0 unknown :-1 s=HELLO_CONNECTING pgs=0 cs=0 l=0 rev1=1 rx=0 tx=0).handle_hello peer v2:172.21.15.62:3300/0 says I am v2:172.21.15.62:46550/0 (socket says 172.21.15.62:46550)
2023-05-16T11:59:28.421 INFO:teuthology.orchestra.run.smithi062.stderr:/usr/bin/ceph:
2023-05-16T11:59:28.415+0000 7fa1bdd79700 1 -- 172.21.15.62:0/3282276893 learned_addr learned my addr 172.21.15.62:0/3282276893 (peer_addr_for_me v2:172.21.15.62:0/0)
2023-05-16T11:59:28.421 INFO:teuthology.orchestra.run.smithi062.stderr:/usr/bin/ceph:
2023-05-16T11:59:28.415+0000 7fa1bdd79700 1 -- 172.21.15.62:0/3282276893 --> [v2:172.21.15.62:3300/0,v1:172.21.15.62:6789/0] -- mon_subscribe({config=0+,monmap=0+}) v3 -- 0x7fa1b80fee60 con 0x7fa1b806fcd0
2023-05-16T11:59:28.422 INFO:teuthology.orchestra.run.smithi062.stderr:/usr/bin/ceph:
2023-05-16T11:59:28.415+0000 7fa1bdd79700 1 --2- 172.21.15.62:0/3282276893 >> [v2:172.21.15.62:3300/0,v1:172.21.15.62:6789/0] conn(0x7fa1b806fcd0 0x7fa1b80fe7a0 secure :-1 s=READY pgs=49 cs=0 l=1 rev1=1 rx=0x7fa1b400b5f0 tx=0x7fa1b4006ee0).ready entity=mon.0 client_cookie=9af64e1d552e1786 server_cookie=0 in_seq=0 out_seq=0
2023-05-16T11:59:28.422 INFO:teuthology.orchestra.run.smithi062.stderr:/usr/bin/ceph:
2023-05-16T11:59:28.416+0000 7fa1bcd77700 1 -- 172.21.15.62:0/3282276893 <== mon.0 v2:172.21.15.62:3300/0 1 ==== mon_map magic: 0 v1 ==== 229+0+0 (secure 0 0 0) 0x7fa1b400d600 con 0x7fa1b806fcd0
2023-05-16T11:59:28.423 INFO:teuthology.orchestra.run.smithi062.stderr:/usr/bin/ceph:
2023-05-16T11:59:28.416+0000 7fa1bcd77700 1 -- 172.21.15.62:0/3282276893 <== mon.0 v2:172.21.15.62:3300/0 2 ==== config(25 keys) v1 ==== 1074+0+0 (secure 0 0 0) 0x7fa1b400dc10 con 0x7fa1b806fcd0
2023-05-16T11:59:28.423 INFO:teuthology.orchestra.run.smithi062.stderr:/usr/bin/ceph:
2023-05-16T11:59:28.416+0000 7fa1bcd77700 1 -- 172.21.15.62:0/3282276893 <== mon.0 v2:172.21.15.62:3300/0 3 ==== mon_map magic: 0 v1 ==== 229+0+0 (secure 0 0 0) 0x7fa1b4011cd0 con 0x7fa1b806fcd0
2023-05-16T11:59:28.423 INFO:teuthology.orchestra.run.smithi062.stderr:/usr/bin/ceph:
2023-05-16T11:59:28.416+0000 7fa1bffdd700 1 -- 172.21.15.62:0/3282276893 >> [v2:172.21.15.62:3300/0,v1:172.21.15.62:6789/0] conn(0x7fa1b806fcd0 msgr2=0x7fa1b80fe7a0 secure :-1 s=STATE_CONNECTION_ESTABLISHED l=1).mark_down
2023-05-16T11:59:28.423 INFO:teuthology.orchestra.run.smithi062.stderr:/usr/bin/ceph:
2023-05-16T11:59:28.416+0000 7fa1bffdd700 1 --2- 172.21.15.62:0/3282276893 >> [v2:172.21.15.62:3300/0,v1:172.21.15.62:6789/0] conn(0x7fa1b806fcd0 0x7fa1b80fe7a0 secure :-1 s=READY pgs=49 cs=0 l=1 rev1=1 rx=0x7fa1b400b5f0 tx=0x7fa1b4006ee0).stop
2023-05-16T11:59:28.423 INFO:teuthology.orchestra.run.smithi062.stderr:/usr/bin/ceph:
2023-05-16T11:59:28.417+0000 7fa1bffdd700 1 -- 172.21.15.62:0/3282276893 shutdown_connections
2023-05-16T11:59:28.423 INFO:teuthology.orchestra.run.smithi062.stderr:/usr/bin/ceph:
2023-05-16T11:59:28.417+0000 7fa1bffdd700 1 --2- 172.21.15.62:0/3282276893 >> [v2:172.21.15.62:3300/0,v1:172.21.15.62:6789/0] conn(0x7fa1b806fcd0 0x7fa1b80fe7a0 unknown :-1 s=CLOSED pgs=49 cs=0 l=1 rev1=1 rx=0 tx=0).stop
2023-05-16T11:59:28.423 INFO:teuthology.orchestra.run.smithi062.stderr:/usr/bin/ceph:
2023-05-16T11:59:28.417+0000 7fa1bffdd700 1 -- 172.21.15.62:0/3282276893 >> 172.21.15.62:0/3282276893 conn(0x7fa1b80f6280 msgr2=0x7fa1b80f86a0 unknown :-1 s=STATE_NONE l=0).mark_down
2023-05-16T11:59:28.423 INFO:teuthology.orchestra.run.smithi062.stderr:/usr/bin/ceph:
2023-05-16T11:59:28.417+0000 7fa1bffdd700 1 -- 172.21.15.62:0/3282276893 shutdown_connections
2023-05-16T11:59:28.424 INFO:teuthology.orchestra.run.smithi062.stderr:/usr/bin/ceph:
2023-05-16T11:59:28.417+0000 7fa1bffdd700 1 -- 172.21.15.62:0/3282276893 wait complete.
2023-05-16T11:59:28.424 INFO:teuthology.orchestra.run.smithi062.stderr:/usr/bin/ceph:
2023-05-16T11:59:28.417+0000 7fa1bffdd700 1 Processor -- start
2023-05-16T11:59:28.424 INFO:teuthology.orchestra.run.smithi062.stderr:/usr/bin/ceph:
2023-05-16T11:59:28.417+0000 7fa1bffdd700 1 -- start start
2023-05-16T11:59:28.424 INFO:teuthology.orchestra.run.smithi062.stderr:/usr/bin/ceph:
2023-05-16T11:59:28.417+0000 7fa1bffdd700 1 --2- >> [v2:172.21.15.62:3300/0,v1:172.21.15.62:6789/0] conn(0x7fa1b806fcd0 0x7fa1b810aa40 unknown :-1 s=NONE pgs=0 cs=0 l=1 rev1=0 rx=0 tx=0).connect
2023-05-16T11:59:28.424 INFO:teuthology.orchestra.run.smithi062.stderr:/usr/bin/ceph:
2023-05-16T11:59:28.417+0000 7fa1bffdd700 1 -- --> [v2:172.21.15.62:3300/0,v1:172.21.15.62:6789/0] -- mon_getmap magic: 0 v1 -- 0x7fa1b810af30 con 0x7fa1b806fcd0
2023-05-16T11:59:28.424 INFO:teuthology.orchestra.run.smithi062.stderr:/usr/bin/ceph:
2023-05-16T11:59:28.418+0000 7fa1bdd79700 1 --2- >> [v2:172.21.15.62:3300/0,v1:172.21.15.62:6789/0] conn(0x7fa1b806fcd0 0x7fa1b810aa40 unknown :-1 s=BANNER_CONNECTING pgs=0 cs=0 l=1 rev1=0 rx=0 tx=0)._handle_peer_banner_payload supported=1 required=0
2023-05-16T11:59:28.424 INFO:teuthology.orchestra.run.smithi062.stderr:/usr/bin/ceph:
2023-05-16T11:59:28.418+0000 7fa1bdd79700 1 --2- >> [v2:172.21.15.62:3300/0,v1:172.21.15.62:6789/0] conn(0x7fa1b806fcd0 0x7fa1b810aa40 unknown :-1 s=HELLO_CONNECTING pgs=0 cs=0 l=1 rev1=1 rx=0 tx=0).handle_hello peer v2:172.21.15.62:3300/0 says I am v2:172.21.15.62:46566/0 (socket says 172.21.15.62:46566)
2023-05-16T11:59:28.425 INFO:teuthology.orchestra.run.smithi062.stderr:/usr/bin/ceph:
2023-05-16T11:59:28.418+0000 7fa1bdd79700 1 -- 172.21.15.62:0/528616669 learned_addr learned my addr 172.21.15.62:0/528616669 (peer_addr_for_me v2:172.21.15.62:0/0)
2023-05-16T11:59:28.425 INFO:teuthology.orchestra.run.smithi062.stderr:/usr/bin/ceph:
2023-05-16T11:59:28.418+0000 7fa1bdd79700 1 -- 172.21.15.62:0/528616669 --> [v2:172.21.15.62:3300/0,v1:172.21.15.62:6789/0] -- mon_subscribe({config=0+,monmap=0+}) v3 -- 0x7fa1b400b200 con 0x7fa1b806fcd0
2023-05-16T11:59:28.426 INFO:teuthology.orchestra.run.smithi062.stderr:/usr/bin/ceph:
2023-05-16T11:59:28.418+0000 7fa1bdd79700 1 --2- 172.21.15.62:0/528616669 >> [v2:172.21.15.62:3300/0,v1:172.21.15.62:6789/0] conn(0x7fa1b806fcd0 0x7fa1b810aa40 secure :-1 s=READY pgs=50 cs=0 l=1 rev1=1 rx=0x7fa1b400dfb0 tx=0x7fa1b4006ee0).ready entity=mon.0 client_cookie=0 server_cookie=0 in_seq=0 out_seq=0
2023-05-16T11:59:28.426 INFO:teuthology.orchestra.run.smithi062.stderr:/usr/bin/ceph:
2023-05-16T11:59:28.418+0000 7fa1a67fc700 1 -- 172.21.15.62:0/528616669 <== mon.0 v2:172.21.15.62:3300/0 1 ==== mon_map magic: 0 v1 ==== 229+0+0 (secure 0 0 0) 0x7fa1b4011df0 con 0x7fa1b806fcd0
2023-05-16T11:59:28.426 INFO:teuthology.orchestra.run.smithi062.stderr:/usr/bin/ceph:
2023-05-16T11:59:28.418+0000 7fa1a67fc700 1 -- 172.21.15.62:0/528616669 <== mon.0 v2:172.21.15.62:3300/0 2 ==== config(25 keys) v1 ==== 1074+0+0 (secure 0 0 0) 0x7fa1b401b8c0 con 0x7fa1b806fcd0
2023-05-16T11:59:28.426 INFO:teuthology.orchestra.run.smithi062.stderr:/usr/bin/ceph:
2023-05-16T11:59:28.418+0000 7fa1a67fc700 1 -- 172.21.15.62:0/528616669 <== mon.0 v2:172.21.15.62:3300/0 3 ==== mon_map magic: 0 v1 ==== 229+0+0 (secure 0 0 0) 0x7fa1b401a800 con 0x7fa1b806fcd0
2023-05-16T11:59:28.426 INFO:teuthology.orchestra.run.smithi062.stderr:/usr/bin/ceph:
2023-05-16T11:59:28.418+0000 7fa1bffdd700 1 -- 172.21.15.62:0/528616669 --> [v2:172.21.15.62:3300/0,v1:172.21.15.62:6789/0] -- mon_subscribe({mgrmap=0+}) v3 -- 0x7fa1b810b130 con 0x7fa1b806fcd0
2023-05-16T11:59:28.426 INFO:teuthology.orchestra.run.smithi062.stderr:/usr/bin/ceph:
2023-05-16T11:59:28.418+0000 7fa1bffdd700 1 -- 172.21.15.62:0/528616669 --> [v2:172.21.15.62:3300/0,v1:172.21.15.62:6789/0] -- mon_subscribe({osdmap=0}) v3 -- 0x7fa1b810b540 con 0x7fa1b806fcd0
2023-05-16T11:59:28.426 INFO:teuthology.orchestra.run.smithi062.stderr:/usr/bin/ceph:
2023-05-16T11:59:28.419+0000 7fa1bffdd700 1 -- 172.21.15.62:0/528616669 --> [v2:172.21.15.62:3300/0,v1:172.21.15.62:6789/0] -- mon_command({"prefix": "get_command_descriptions"} v 0) v1 -- 0x7fa1b8045ad0 con 0x7fa1b806fcd0
2023-05-16T11:59:28.426 INFO:teuthology.orchestra.run.smithi062.stderr:/usr/bin/ceph:
2023-05-16T11:59:28.419+0000 7fa1a67fc700 1 -- 172.21.15.62:0/528616669 <== mon.0 v2:172.21.15.62:3300/0 4 ==== mgrmap(e 8) v1 ==== 36134+0+0 (secure 0 0 0) 0x7fa1b400f070 con 0x7fa1b806fcd0
2023-05-16T11:59:28.427 INFO:teuthology.orchestra.run.smithi062.stderr:/usr/bin/ceph:
2023-05-16T11:59:28.420+0000 7fa1a67fc700 1 --2- 172.21.15.62:0/528616669 >> [v2:172.21.15.62:6800/554108150,v1:172.21.15.62:6801/554108150] conn(0x7fa1a002fe00 0x7fa1a00322c0 unknown :-1 s=NONE pgs=0 cs=0 l=1 rev1=0 rx=0 tx=0).connect
2023-05-16T11:59:28.427 INFO:teuthology.orchestra.run.smithi062.stderr:/usr/bin/ceph:
2023-05-16T11:59:28.420+0000 7fa1a67fc700 1 -- 172.21.15.62:0/528616669 <== mon.0 v2:172.21.15.62:3300/0 5 ==== osd_map(2..2 src has 1..2) v4 ==== 926+0+0 (secure 0 0 0) 0x7fa1b4040de0 con 0x7fa1b806fcd0
2023-05-16T11:59:28.427 INFO:teuthology.orchestra.run.smithi062.stderr:/usr/bin/ceph:
2023-05-16T11:59:28.420+0000 7fa1bd578700 1 -- 172.21.15.62:0/528616669 >> [v2:172.21.15.62:6800/554108150,v1:172.21.15.62:6801/554108150] conn(0x7fa1a002fe00 msgr2=0x7fa1a00322c0 unknown :-1 s=STATE_CONNECTING_RE l=1).process reconnect failed to v2:172.21.15.62:6800/554108150
2023-05-16T11:59:28.427 INFO:teuthology.orchestra.run.smithi062.stderr:/usr/bin/ceph:
2023-05-16T11:59:28.420+0000 7fa1bd578700 1 --2- 172.21.15.62:0/528616669 >> [v2:172.21.15.62:6800/554108150,v1:172.21.15.62:6801/554108150] conn(0x7fa1a002fe00 0x7fa1a00322c0 unknown :-1 s=START_CONNECT pgs=0 cs=0 l=1 rev1=0 rx=0 tx=0)._fault waiting 0.200000
2023-05-16T11:59:28.428 INFO:teuthology.orchestra.run.smithi062.stderr:/usr/bin/ceph:
2023-05-16T11:59:28.424+0000 7fa1a67fc700 1 -- 172.21.15.62:0/528616669 <== mon.0 v2:172.21.15.62:3300/0 6 ==== mon_command_ack([{"prefix": "get_command_descriptions"}]=0 v0) v1 ==== 72+0+152212 (secure 0 0 0) 0x7fa1b4019770 con 0x7fa1b806fcd0
2023-05-16T11:59:28.625 INFO:teuthology.orchestra.run.smithi062.stderr:/usr/bin/ceph:
2023-05-16T11:59:28.621+0000 7fa1bd578700 1 -- 172.21.15.62:0/528616669 >> [v2:172.21.15.62:6800/554108150,v1:172.21.15.62:6801/554108150] conn(0x7fa1a002fe00 msgr2=0x7fa1a00322c0 unknown :-1 s=STATE_CONNECTING_RE l=1).process reconnect failed to v2:172.21.15.62:6800/554108150
2023-05-16T11:59:28.625 INFO:teuthology.orchestra.run.smithi062.stderr:/usr/bin/ceph:
2023-05-16T11:59:28.621+0000 7fa1bd578700 1 --2- 172.21.15.62:0/528616669 >> [v2:172.21.15.62:6800/554108150,v1:172.21.15.62:6801/554108150] conn(0x7fa1a002fe00 0x7fa1a00322c0 unknown :-1 s=START_CONNECT pgs=0 cs=0 l=1 rev1=0 rx=0 tx=0)._fault waiting 0.400000
2023-05-16T11:59:28.665 INFO:teuthology.orchestra.run.smithi062.stderr:/usr/bin/ceph:
2023-05-16T11:59:28.661+0000 7fa1bffdd700 1 -- 172.21.15.62:0/528616669 --> [v2:172.21.15.62:6800/554108150,v1:172.21.15.62:6801/554108150] -- mgr_command(tid 0: {"prefix": "orch apply", "service_type": "prometheus", "target": ["mon-mgr", ""]}) v1 -- 0x7fa1b810be20 con 0x7fa1a002fe00
2023-05-16T11:59:28.996 INFO:journalctl@ceph.mon.smithi062.smithi062.stdout:May 16 11:59:28 smithi062 ceph-f8f77882-f3e0-11ed-9b02-001a4aab830c-mon.smithi062[101157]: audit
2023-05-16T11:59:27.601075+0000 mon.smithi062 (mon.0) 62 : audit [INF] from='client.? 172.21.15.62:0/1045933435' entity='client.admin' cmd='[{"prefix": "mgr module enable", "module": "prometheus"}]': finished
2023-05-16T11:59:28.996 INFO:journalctl@ceph.mon.smithi062.smithi062.stdout:May 16 11:59:28 smithi062 ceph-f8f77882-f3e0-11ed-9b02-001a4aab830c-mon.smithi062[101157]: cluster
2023-05-16T11:59:27.601143+0000 mon.smithi062 (mon.0) 63 : cluster [DBG] mgrmap e8: smithi062.gaijep(active, since 17s)
2023-05-16T11:59:29.026 INFO:teuthology.orchestra.run.smithi062.stderr:/usr/bin/ceph:
2023-05-16T11:59:29.022+0000 7fa1bd578700 1 -- 172.21.15.62:0/528616669 >> [v2:172.21.15.62:6800/554108150,v1:172.21.15.62:6801/554108150] conn(0x7fa1a002fe00 msgr2=0x7fa1a00322c0 unknown :-1 s=STATE_CONNECTING_RE l=1).process reconnect failed to v2:172.21.15.62:6800/554108150
2023-05-16T11:59:29.026 INFO:teuthology.orchestra.run.smithi062.stderr:/usr/bin/ceph:
2023-05-16T11:59:29.022+0000 7fa1bd578700 1 --2- 172.21.15.62:0/528616669 >> [v2:172.21.15.62:6800/554108150,v1:172.21.15.62:6801/554108150] conn(0x7fa1a002fe00 0x7fa1a00322c0 unknown :-1 s=START_CONNECT pgs=0 cs=0 l=1 rev1=0 rx=0 tx=0)._fault waiting 0.800000
2023-05-16T11:59:29.827 INFO:teuthology.orchestra.run.smithi062.stderr:/usr/bin/ceph:
2023-05-16T11:59:29.823+0000 7fa1bd578700 1 -- 172.21.15.62:0/528616669 >> [v2:172.21.15.62:6800/554108150,v1:172.21.15.62:6801/554108150] conn(0x7fa1a002fe00 msgr2=0x7fa1a00322c0 unknown :-1 s=STATE_CONNECTING_RE l=1).process reconnect failed to v2:172.21.15.62:6800/554108150
2023-05-16T11:59:29.827 INFO:teuthology.orchestra.run.smithi062.stderr:/usr/bin/ceph:
2023-05-16T11:59:29.823+0000 7fa1bd578700 1 --2- 172.21.15.62:0/528616669 >> [v2:172.21.15.62:6800/554108150,v1:172.21.15.62:6801/554108150] conn(0x7fa1a002fe00 0x7fa1a00322c0 unknown :-1 s=START_CONNECT pgs=0 cs=0 l=1 rev1=0 rx=0 tx=0)._fault waiting 1.600000
2023-05-16T11:59:31.429 INFO:teuthology.orchestra.run.smithi062.stderr:/usr/bin/ceph:
2023-05-16T11:59:31.424+0000 7fa1bd578700 1 -- 172.21.15.62:0/528616669 >> [v2:172.21.15.62:6800/554108150,v1:172.21.15.62:6801/554108150] conn(0x7fa1a002fe00 msgr2=0x7fa1a00322c0 unknown :-1 s=STATE_CONNECTING_RE l=1).process reconnect failed to v2:172.21.15.62:6800/554108150
2023-05-16T11:59:31.429 INFO:teuthology.orchestra.run.smithi062.stderr:/usr/bin/ceph:
2023-05-16T11:59:31.424+0000 7fa1bd578700 1 --2- 172.21.15.62:0/528616669 >> [v2:172.21.15.62:6800/554108150,v1:172.21.15.62:6801/554108150] conn(0x7fa1a002fe00 0x7fa1a00322c0 unknown :-1 s=START_CONNECT pgs=0 cs=0 l=1 rev1=0 rx=0 tx=0)._fault waiting 3.200000
2023-05-16T11:59:32.869 INFO:teuthology.orchestra.run.smithi062.stderr:/usr/bin/ceph:
2023-05-16T11:59:32.864+0000 7fa1a67fc700 1 -- 172.21.15.62:0/528616669 <== mon.0 v2:172.21.15.62:3300/0 7 ==== mgrmap(e 9) v1 ==== 35984+0+0 (secure 0 0 0) 0x7fa1b4019d70 con 0x7fa1b806fcd0
2023-05-16T11:59:32.869 INFO:teuthology.orchestra.run.smithi062.stderr:/usr/bin/ceph:
2023-05-16T11:59:32.865+0000 7fa1a67fc700 1 -- 172.21.15.62:0/528616669 >> [v2:172.21.15.62:6800/554108150,v1:172.21.15.62:6801/554108150] conn(0x7fa1a002fe00 msgr2=0x7fa1a00322c0 unknown :-1 s=STATE_CONNECTING l=1).mark_down
2023-05-16T11:59:32.869 INFO:teuthology.orchestra.run.smithi062.stderr:/usr/bin/ceph:
2023-05-16T11:59:32.865+0000 7fa1a67fc700 1 --2- 172.21.15.62:0/528616669 >> [v2:172.21.15.62:6800/554108150,v1:172.21.15.62:6801/554108150] conn(0x7fa1a002fe00 0x7fa1a00322c0 unknown :-1 s=START_CONNECT pgs=0 cs=0 l=1 rev1=0 rx=0 tx=0).stop
2023-05-16T11:59:33.871 INFO:teuthology.orchestra.run.smithi062.stderr:/usr/bin/ceph:
2023-05-16T11:59:33.866+0000 7fa1a67fc700 1 -- 172.21.15.62:0/528616669 <== mon.0 v2:172.21.15.62:3300/0 8 ==== mgrmap(e 10) v1 ==== 36054+0+0 (secure 0 0 0) 0x7fa1b403d290 con 0x7fa1b806fcd0
2023-05-16T11:59:33.872 INFO:teuthology.orchestra.run.smithi062.stderr:/usr/bin/ceph:
2023-05-16T11:59:33.867+0000 7fa1a67fc700 1 --2- 172.21.15.62:0/528616669 >> [v2:172.21.15.62:6800/660390469,v1:172.21.15.62:6801/660390469] conn(0x7fa1a0033c20 0x7fa1a0036010 unknown :-1 s=NONE pgs=0 cs=0 l=1 rev1=0 rx=0 tx=0).connect
2023-05-16T11:59:33.872 INFO:teuthology.orchestra.run.smithi062.stderr:/usr/bin/ceph:
2023-05-16T11:59:33.867+0000 7fa1a67fc700 1 -- 172.21.15.62:0/528616669 --> [v2:172.21.15.62:6800/660390469,v1:172.21.15.62:6801/660390469] -- mgr_command(tid 0: {"prefix": "orch apply", "service_type": "prometheus", "target": ["mon-mgr", ""]}) v1 -- 0x7fa1b810be20 con 0x7fa1a0033c20
2023-05-16T11:59:33.872 INFO:teuthology.orchestra.run.smithi062.stderr:/usr/bin/ceph:
2023-05-16T11:59:33.867+0000 7fa1bd578700 1 --2- 172.21.15.62:0/528616669 >> [v2:172.21.15.62:6800/660390469,v1:172.21.15.62:6801/660390469] conn(0x7fa1a0033c20 0x7fa1a0036010 unknown :-1 s=BANNER_CONNECTING pgs=0 cs=0 l=1 rev1=0 rx=0 tx=0)._handle_peer_banner_payload supported=1 required=0
2023-05-16T11:59:33.873 INFO:teuthology.orchestra.run.smithi062.stderr:/usr/bin/ceph:
2023-05-16T11:59:33.868+0000 7fa1bd578700 1 --2- 172.21.15.62:0/528616669 >> [v2:172.21.15.62:6800/660390469,v1:172.21.15.62:6801/660390469] conn(0x7fa1a0033c20 0x7fa1a0036010 secure :-1 s=READY pgs=4 cs=0 l=1 rev1=1 rx=0x7fa1a8006fd0 tx=0x7fa1a8006d30).ready entity=mgr.14142 client_cookie=0 server_cookie=0 in_seq=0 out_seq=0
2023-05-16T11:59:33.878 INFO:teuthology.orchestra.run.smithi062.stderr:/usr/bin/ceph:
2023-05-16T11:59:33.874+0000 7fa1a67fc700 1 -- 172.21.15.62:0/528616669 <== mgr.14142 v2:172.21.15.62:6800/660390469 1 ==== mgr_command_reply(tid 0: 0 ) v1 ==== 8+0+31 (secure 0 0 0) 0x7fa1b810be20 con 0x7fa1a0033c20
2023-05-16T11:59:33.878 INFO:teuthology.orchestra.run.smithi062.stderr:/usr/bin/ceph: Scheduled prometheus update...
2023-05-16T11:59:33.880 INFO:teuthology.orchestra.run.smithi062.stderr:/usr/bin/ceph:
2023-05-16T11:59:33.875+0000 7fa1bffdd700 1 -- 172.21.15.62:0/528616669 >> [v2:172.21.15.62:6800/660390469,v1:172.21.15.62:6801/660390469] conn(0x7fa1a0033c20 msgr2=0x7fa1a0036010 secure :-1 s=STATE_CONNECTION_ESTABLISHED l=1).mark_down
2023-05-16T11:59:33.881 INFO:teuthology.orchestra.run.smithi062.stderr:/usr/bin/ceph:
2023-05-16T11:59:33.875+0000 7fa1bffdd700 1 --2- 172.21.15.62:0/528616669 >> [v2:172.21.15.62:6800/660390469,v1:172.21.15.62:6801/660390469] conn(0x7fa1a0033c20 0x7fa1a0036010 secure :-1 s=READY pgs=4 cs=0 l=1 rev1=1 rx=0x7fa1a8006fd0 tx=0x7fa1a8006d30).stop
2023-05-16T11:59:33.881 INFO:teuthology.orchestra.run.smithi062.stderr:/usr/bin/ceph:
2023-05-16T11:59:33.876+0000 7fa1bffdd700 1 -- 172.21.15.62:0/528616669 >> [v2:172.21.15.62:3300/0,v1:172.21.15.62:6789/0] conn(0x7fa1b806fcd0 msgr2=0x7fa1b810aa40 secure :-1 s=STATE_CONNECTION_ESTABLISHED l=1).mark_down
2023-05-16T11:59:33.881 INFO:teuthology.orchestra.run.smithi062.stderr:/usr/bin/ceph:
2023-05-16T11:59:33.876+0000 7fa1bffdd700 1 --2- 172.21.15.62:0/528616669 >> [v2:172.21.15.62:3300/0,v1:172.21.15.62:6789/0] conn(0x7fa1b806fcd0 0x7fa1b810aa40 secure :-1 s=READY pgs=50 cs=0 l=1 rev1=1 rx=0x7fa1b400dfb0 tx=0x7fa1b4006ee0).stop
2023-05-16T11:59:33.881 INFO:teuthology.orchestra.run.smithi062.stderr:/usr/bin/ceph:
2023-05-16T11:59:33.876+0000 7fa1bffdd700 1 -- 172.21.15.62:0/528616669 shutdown_connections
2023-05-16T11:59:33.882 INFO:teuthology.orchestra.run.smithi062.stderr:/usr/bin/ceph:
2023-05-16T11:59:33.876+0000 7fa1bffdd700 1 --2- 172.21.15.62:0/528616669 >> [v2:172.21.15.62:3300/0,v1:172.21.15.62:6789/0] conn(0x7fa1b806fcd0 0x7fa1b810aa40 unknown :-1 s=CLOSED pgs=50 cs=0 l=1 rev1=1 rx=0 tx=0).stop
2023-05-16T11:59:33.882 INFO:teuthology.orchestra.run.smithi062.stderr:/usr/bin/ceph:
2023-05-16T11:59:33.876+0000 7fa1bffdd700 1 --2- 172.21.15.62:0/528616669 >> [v2:172.21.15.62:6800/660390469,v1:172.21.15.62:6801/660390469] conn(0x7fa1a0033c20 0x7fa1a0036010 unknown :-1 s=CLOSED pgs=4 cs=0 l=1 rev1=1 rx=0 tx=0).stop
2023-05-16T11:59:33.882 INFO:teuthology.orchestra.run.smithi062.stderr:/usr/bin/ceph:
2023-05-16T11:59:33.876+0000 7fa1bffdd700 1 --2- 172.21.15.62:0/528616669 >> [v2:172.21.15.62:6800/554108150,v1:172.21.15.62:6801/554108150] conn(0x7fa1a002fe00 0x7fa1a00322c0 unknown :-1 s=CLOSED pgs=0 cs=0 l=1 rev1=0 rx=0 tx=0).stop
2023-05-16T11:59:33.883 INFO:teuthology.orchestra.run.smithi062.stderr:/usr/bin/ceph:
2023-05-16T11:59:33.876+0000 7fa1bffdd700 1 -- 172.21.15.62:0/528616669 >> 172.21.15.62:0/528616669 conn(0x7fa1b80f6280 msgr2=0x7fa1b80f7e80 unknown :-1 s=STATE_NONE l=0).mark_down
2023-05-16T11:59:33.883 INFO:teuthology.orchestra.run.smithi062.stderr:/usr/bin/ceph:
2023-05-16T11:59:33.876+0000 7fa1bffdd700 1 -- 172.21.15.62:0/528616669 shutdown_connections
2023-05-16T11:59:33.883 INFO:teuthology.orchestra.run.smithi062.stderr:/usr/bin/ceph:
2023-05-16T11:59:33.876+0000 7fa1bffdd700 1 -- 172.21.15.62:0/528616669 wait complete.
2023-05-16T11:59:34.245 INFO:teuthology.orchestra.run.smithi062.stderr:Deploying grafana service with default placement...
2023-05-16T11:59:34.246 INFO:teuthology.orchestra.run.smithi062.stderr:Running command: /bin/podman run --rm --ipc=host --no-hosts --net=host --entrypoint /usr/bin/ceph --init -e CONTAINER_IMAGE=docker.io/ceph/ceph:v16.2.4 -e NODE_NAME=smithi062 -e CEPH_USE_RANDOM_NONCE=1 -v /var/log/ceph/f8f77882-f3e0-11ed-9b02-001a4aab830c:/var/log/ceph:z -v /tmp/ceph-tmpmx_w5bfv:/etc/ceph/ceph.client.admin.keyring:z -v /tmp/ceph-tmpanwf4c3i:/etc/ceph/ceph.conf:z docker.io/ceph/ceph:v16.2.4 orch apply grafana
2023-05-16T11:59:34.246 INFO:journalctl@ceph.mon.smithi062.smithi062.stdout:May 16 11:59:33 smithi062 ceph-f8f77882-f3e0-11ed-9b02-001a4aab830c-mon.smithi062[101157]: cluster
2023-05-16T11:59:32.813883+0000 mon.smithi062 (mon.0) 64 : cluster [INF] Active manager daemon smithi062.gaijep restarted
2023-05-16T11:59:34.246 INFO:journalctl@ceph.mon.smithi062.smithi062.stdout:May 16 11:59:33 smithi062 ceph-f8f77882-f3e0-11ed-9b02-001a4aab830c-mon.smithi062[101157]: cluster
2023-05-16T11:59:32.814319+0000 mon.smithi062 (mon.0) 65 : cluster [INF] Activating manager daemon smithi062.gaijep
2023-05-16T11:59:34.246 INFO:journalctl@ceph.mon.smithi062.smithi062.stdout:May 16 11:59:33 smithi062 ceph-f8f77882-f3e0-11ed-9b02-001a4aab830c-mon.smithi062[101157]: cluster
2023-05-16T11:59:32.815977+0000 mon.smithi062 (mon.0) 66 : cluster [DBG] osdmap e3: 0 total, 0 up, 0 in
2023-05-16T11:59:34.246 INFO:journalctl@ceph.mon.smithi062.smithi062.stdout:May 16 11:59:33 smithi062 ceph-f8f77882-f3e0-11ed-9b02-001a4aab830c-mon.smithi062[101157]: cluster
2023-05-16T11:59:32.866851+0000 mon.smithi062 (mon.0) 67 : cluster [DBG] mgrmap e9: smithi062.gaijep(active, starting, since 0.0526421s)
2023-05-16T11:59:34.247 INFO:journalctl@ceph.mon.smithi062.smithi062.stdout:May 16 11:59:33 smithi062 ceph-f8f77882-f3e0-11ed-9b02-001a4aab830c-mon.smithi062[101157]: audit
2023-05-16T11:59:32.867876+0000 mon.smithi062 (mon.0) 68 : audit [DBG] from='mgr.14142 172.21.15.62:0/2837474436' entity='mgr.smithi062.gaijep' cmd=[{"prefix": "mon metadata", "id": "smithi062"}]: dispatch
2023-05-16T11:59:34.247 INFO:journalctl@ceph.mon.smithi062.smithi062.stdout:May 16 11:59:33 smithi062 ceph-f8f77882-f3e0-11ed-9b02-001a4aab830c-mon.smithi062[101157]: audit
2023-05-16T11:59:32.868528+0000 mon.smithi062 (mon.0) 69 : audit [DBG] from='mgr.14142 172.21.15.62:0/2837474436' entity='mgr.smithi062.gaijep' cmd=[{"prefix": "mgr metadata", "who": "smithi062.gaijep", "id": "smithi062.gaijep"}]: dispatch
2023-05-16T11:59:34.247 INFO:journalctl@ceph.mon.smithi062.smithi062.stdout:May 16 11:59:33 smithi062 ceph-f8f77882-f3e0-11ed-9b02-001a4aab830c-mon.smithi062[101157]: audit
2023-05-16T11:59:32.869462+0000 mon.smithi062 (mon.0) 70 : audit [DBG] from='mgr.14142 172.21.15.62:0/2837474436' entity='mgr.smithi062.gaijep' cmd=[{"prefix": "mds metadata"}]: dispatch
2023-05-16T11:59:34.247 INFO:journalctl@ceph.mon.smithi062.smithi062.stdout:May 16 11:59:33 smithi062 ceph-f8f77882-f3e0-11ed-9b02-001a4aab830c-mon.smithi062[101157]: audit
2023-05-16T11:59:32.869642+0000 mon.smithi062 (mon.0) 71 : audit [DBG] from='mgr.14142 172.21.15.62:0/2837474436' entity='mgr.smithi062.gaijep' cmd=[{"prefix": "osd metadata"}]: dispatch
2023-05-16T11:59:34.247 INFO:journalctl@ceph.mon.smithi062.smithi062.stdout:May 16 11:59:33 smithi062 ceph-f8f77882-f3e0-11ed-9b02-001a4aab830c-mon.smithi062[101157]: audit
2023-05-16T11:59:32.869781+0000 mon.smithi062 (mon.0) 72 : audit [DBG] from='mgr.14142 172.21.15.62:0/2837474436' entity='mgr.smithi062.gaijep' cmd=[{"prefix": "mon metadata"}]: dispatch
2023-05-16T11:59:34.247 INFO:journalctl@ceph.mon.smithi062.smithi062.stdout:May 16 11:59:33 smithi062 ceph-f8f77882-f3e0-11ed-9b02-001a4aab830c-mon.smithi062[101157]: cluster
2023-05-16T11:59:32.884676+0000 mon.smithi062 (mon.0) 73 : cluster [INF] Manager daemon smithi062.gaijep is now available
2023-05-16T11:59:34.247 INFO:journalctl@ceph.mon.smithi062.smithi062.stdout:May 16 11:59:33 smithi062 ceph-f8f77882-f3e0-11ed-9b02-001a4aab830c-mon.smithi062[101157]: audit
2023-05-16T11:59:32.989294+0000 mon.smithi062 (mon.0) 74 : audit [DBG] from='mgr.14142 172.21.15.62:0/2837474436' entity='mgr.smithi062.gaijep' cmd=[{"prefix": "config dump", "format": "json"}]: dispatch
2023-05-16T11:59:34.248 INFO:journalctl@ceph.mon.smithi062.smithi062.stdout:May 16 11:59:33 smithi062 ceph-f8f77882-f3e0-11ed-9b02-001a4aab830c-mon.smithi062[101157]: audit
2023-05-16T11:59:32.990538+0000 mon.smithi062 (mon.0) 75 : audit [DBG] from='mgr.14142 172.21.15.62:0/2837474436' entity='mgr.smithi062.gaijep' cmd=[{"prefix": "config dump", "format": "json"}]: dispatch
2023-05-16T11:59:34.248 INFO:journalctl@ceph.mon.smithi062.smithi062.stdout:May 16 11:59:33 smithi062 ceph-f8f77882-f3e0-11ed-9b02-001a4aab830c-mon.smithi062[101157]: audit
2023-05-16T11:59:33.005948+0000 mon.smithi062 (mon.0) 76 : audit [INF] from='mgr.14142 172.21.15.62:0/2837474436' entity='mgr.smithi062.gaijep' cmd=[{"prefix":"config rm","who":"mgr","name":"mgr/rbd_support/smithi062.gaijep/mirror_snapshot_schedule"}]: dispatch
2023-05-16T11:59:34.248 INFO:journalctl@ceph.mon.smithi062.smithi062.stdout:May 16 11:59:33 smithi062 ceph-f8f77882-f3e0-11ed-9b02-001a4aab830c-mon.smithi062[101157]: audit
2023-05-16T11:59:33.007907+0000 mon.smithi062 (mon.0) 77 : audit [INF] from='mgr.14142 172.21.15.62:0/2837474436' entity='mgr.smithi062.gaijep' cmd=[{"prefix":"config rm","who":"mgr","name":"mgr/rbd_support/smithi062.gaijep/trash_purge_schedule"}]: dispatch
2023-05-16T11:59:34.981 INFO:teuthology.orchestra.run.smithi062.stderr:/usr/bin/ceph:
2023-05-16T11:59:34.975+0000 7fa9520c0700 1 Processor -- start
2023-05-16T11:59:34.981 INFO:teuthology.orchestra.run.smithi062.stderr:/usr/bin/ceph:
2023-05-16T11:59:34.976+0000 7fa9520c0700 1 -- start start
2023-05-16T11:59:34.982 INFO:teuthology.orchestra.run.smithi062.stderr:/usr/bin/ceph:
2023-05-16T11:59:34.976+0000 7fa9520c0700 1 --2- >> [v2:172.21.15.62:3300/0,v1:172.21.15.62:6789/0] conn(0x7fa94c0ff480 0x7fa94c0ff8a0 unknown :-1 s=NONE pgs=0 cs=0 l=0 rev1=0 rx=0 tx=0).connect
2023-05-16T11:59:34.982 INFO:teuthology.orchestra.run.smithi062.stderr:/usr/bin/ceph:
2023-05-16T11:59:34.976+0000 7fa9520c0700 1 -- --> [v2:172.21.15.62:3300/0,v1:172.21.15.62:6789/0] -- mon_getmap magic: 0 v1 -- 0x7fa94c0ffd90 con 0x7fa94c0ff480
2023-05-16T11:59:34.982 INFO:teuthology.orchestra.run.smithi062.stderr:/usr/bin/ceph:
2023-05-16T11:59:34.976+0000 7fa94b7fe700 1 --2- >> [v2:172.21.15.62:3300/0,v1:172.21.15.62:6789/0] conn(0x7fa94c0ff480 0x7fa94c0ff8a0 unknown :-1 s=BANNER_CONNECTING pgs=0 cs=0 l=0 rev1=0 rx=0 tx=0)._handle_peer_banner_payload supported=1 required=0
2023-05-16T11:59:34.982 INFO:teuthology.orchestra.run.smithi062.stderr:/usr/bin/ceph:
2023-05-16T11:59:34.976+0000 7fa94b7fe700 1 --2- >> [v2:172.21.15.62:3300/0,v1:172.21.15.62:6789/0] conn(0x7fa94c0ff480 0x7fa94c0ff8a0 unknown :-1 s=HELLO_CONNECTING pgs=0 cs=0 l=0 rev1=1 rx=0 tx=0).handle_hello peer v2:172.21.15.62:3300/0 says I am v2:172.21.15.62:46634/0 (socket says 172.21.15.62:46634)
2023-05-16T11:59:34.982 INFO:teuthology.orchestra.run.smithi062.stderr:/usr/bin/ceph:
2023-05-16T11:59:34.976+0000 7fa94b7fe700 1 -- 172.21.15.62:0/721925501 learned_addr learned my addr 172.21.15.62:0/721925501 (peer_addr_for_me v2:172.21.15.62:0/0)
2023-05-16T11:59:34.982 INFO:teuthology.orchestra.run.smithi062.stderr:/usr/bin/ceph:
2023-05-16T11:59:34.976+0000 7fa94b7fe700 1 -- 172.21.15.62:0/721925501 --> [v2:172.21.15.62:3300/0,v1:172.21.15.62:6789/0] -- mon_subscribe({config=0+,monmap=0+}) v3 -- 0x7fa94c0ffed0 con 0x7fa94c0ff480
2023-05-16T11:59:34.982 INFO:teuthology.orchestra.run.smithi062.stderr:/usr/bin/ceph:
2023-05-16T11:59:34.977+0000 7fa94b7fe700 1 --2- 172.21.15.62:0/721925501 >> [v2:172.21.15.62:3300/0,v1:172.21.15.62:6789/0] conn(0x7fa94c0ff480 0x7fa94c0ff8a0 secure :-1 s=READY pgs=56 cs=0 l=1 rev1=1 rx=0x7fa93c00b5f0 tx=0x7fa93c006ee0).ready entity=mon.0 client_cookie=380e247870c0f121 server_cookie=0 in_seq=0 out_seq=0
2023-05-16T11:59:34.983 INFO:teuthology.orchestra.run.smithi062.stderr:/usr/bin/ceph:
2023-05-16T11:59:34.977+0000 7fa94a7fc700 1 -- 172.21.15.62:0/721925501 <== mon.0 v2:172.21.15.62:3300/0 1 ==== mon_map magic: 0 v1 ==== 229+0+0 (secure 0 0 0) 0x7fa93c00d600 con 0x7fa94c0ff480
2023-05-16T11:59:34.983 INFO:teuthology.orchestra.run.smithi062.stderr:/usr/bin/ceph:
2023-05-16T11:59:34.977+0000 7fa94a7fc700 1 -- 172.21.15.62:0/721925501 <== mon.0 v2:172.21.15.62:3300/0 2 ==== config(25 keys) v1 ==== 1074+0+0 (secure 0 0 0) 0x7fa93c00dc10 con 0x7fa94c0ff480
2023-05-16T11:59:34.983 INFO:teuthology.orchestra.run.smithi062.stderr:/usr/bin/ceph:
2023-05-16T11:59:34.977+0000 7fa94a7fc700 1 -- 172.21.15.62:0/721925501 <== mon.0 v2:172.21.15.62:3300/0 3 ==== mon_map magic: 0 v1 ==== 229+0+0 (secure 0 0 0) 0x7fa93c011cd0 con 0x7fa94c0ff480
2023-05-16T11:59:34.985 INFO:teuthology.orchestra.run.smithi062.stderr:/usr/bin/ceph:
2023-05-16T11:59:34.977+0000 7fa9520c0700 1 -- 172.21.15.62:0/721925501 >> [v2:172.21.15.62:3300/0,v1:172.21.15.62:6789/0] conn(0x7fa94c0ff480 msgr2=0x7fa94c0ff8a0 secure :-1 s=STATE_CONNECTION_ESTABLISHED l=1).mark_down
2023-05-16T11:59:34.985 INFO:teuthology.orchestra.run.smithi062.stderr:/usr/bin/ceph:
2023-05-16T11:59:34.977+0000 7fa9520c0700 1 --2- 172.21.15.62:0/721925501 >> [v2:172.21.15.62:3300/0,v1:172.21.15.62:6789/0] conn(0x7fa94c0ff480 0x7fa94c0ff8a0 secure :-1 s=READY pgs=56 cs=0 l=1 rev1=1 rx=0x7fa93c00b5f0 tx=0x7fa93c006ee0).stop
2023-05-16T11:59:34.985 INFO:teuthology.orchestra.run.smithi062.stderr:/usr/bin/ceph:
2023-05-16T11:59:34.978+0000 7fa9520c0700 1 -- 172.21.15.62:0/721925501 shutdown_connections
2023-05-16T11:59:34.986 INFO:teuthology.orchestra.run.smithi062.stderr:/usr/bin/ceph:
2023-05-16T11:59:34.978+0000 7fa9520c0700 1 --2- 172.21.15.62:0/721925501 >> [v2:172.21.15.62:3300/0,v1:172.21.15.62:6789/0] conn(0x7fa94c0ff480 0x7fa94c0ff8a0 unknown :-1 s=CLOSED pgs=56 cs=0 l=1 rev1=1 rx=0 tx=0).stop
2023-05-16T11:59:34.986 INFO:teuthology.orchestra.run.smithi062.stderr:/usr/bin/ceph:
2023-05-16T11:59:34.978+0000 7fa9520c0700 1 -- 172.21.15.62:0/721925501 >> 172.21.15.62:0/721925501 conn(0x7fa94c071670 msgr2=0x7fa94c071a80 unknown :-1 s=STATE_NONE l=0).mark_down
2023-05-16T11:59:34.986 INFO:teuthology.orchestra.run.smithi062.stderr:/usr/bin/ceph:
2023-05-16T11:59:34.978+0000 7fa9520c0700 1 -- 172.21.15.62:0/721925501 shutdown_connections
2023-05-16T11:59:34.986 INFO:teuthology.orchestra.run.smithi062.stderr:/usr/bin/ceph:
2023-05-16T11:59:34.978+0000 7fa9520c0700 1 -- 172.21.15.62:0/721925501 wait complete.
2023-05-16T11:59:34.986 INFO:teuthology.orchestra.run.smithi062.stderr:/usr/bin/ceph:
2023-05-16T11:59:34.978+0000 7fa9520c0700 1 Processor -- start
2023-05-16T11:59:34.986 INFO:teuthology.orchestra.run.smithi062.stderr:/usr/bin/ceph:
2023-05-16T11:59:34.979+0000 7fa9520c0700 1 -- start start
2023-05-16T11:59:34.986 INFO:teuthology.orchestra.run.smithi062.stderr:/usr/bin/ceph:
2023-05-16T11:59:34.979+0000 7fa9520c0700 1 --2- >> [v2:172.21.15.62:3300/0,v1:172.21.15.62:6789/0] conn(0x7fa94c0ff480 0x7fa94c10cd30 unknown :-1 s=NONE pgs=0 cs=0 l=1 rev1=0 rx=0 tx=0).connect
2023-05-16T11:59:34.987 INFO:teuthology.orchestra.run.smithi062.stderr:/usr/bin/ceph:
2023-05-16T11:59:34.979+0000 7fa9520c0700 1 -- --> [v2:172.21.15.62:3300/0,v1:172.21.15.62:6789/0] -- mon_getmap magic: 0 v1 -- 0x7fa94c10d220 con 0x7fa94c0ff480
2023-05-16T11:59:34.987 INFO:teuthology.orchestra.run.smithi062.stderr:/usr/bin/ceph:
2023-05-16T11:59:34.979+0000 7fa94b7fe700 1 --2- >> [v2:172.21.15.62:3300/0,v1:172.21.15.62:6789/0] conn(0x7fa94c0ff480 0x7fa94c10cd30 unknown :-1 s=BANNER_CONNECTING pgs=0 cs=0 l=1 rev1=0 rx=0 tx=0)._handle_peer_banner_payload supported=1 required=0
2023-05-16T11:59:34.987 INFO:teuthology.orchestra.run.smithi062.stderr:/usr/bin/ceph:
2023-05-16T11:59:34.979+0000 7fa94b7fe700 1 --2- >> [v2:172.21.15.62:3300/0,v1:172.21.15.62:6789/0] conn(0x7fa94c0ff480 0x7fa94c10cd30 unknown :-1 s=HELLO_CONNECTING pgs=0 cs=0 l=1 rev1=1 rx=0 tx=0).handle_hello peer v2:172.21.15.62:3300/0 says I am v2:172.21.15.62:46648/0 (socket says 172.21.15.62:46648)
2023-05-16T11:59:34.987 INFO:teuthology.orchestra.run.smithi062.stderr:/usr/bin/ceph:
2023-05-16T11:59:34.979+0000 7fa94b7fe700 1 -- 172.21.15.62:0/12646900 learned_addr learned my addr 172.21.15.62:0/12646900 (peer_addr_for_me v2:172.21.15.62:0/0)
2023-05-16T11:59:34.987 INFO:teuthology.orchestra.run.smithi062.stderr:/usr/bin/ceph:
2023-05-16T11:59:34.979+0000 7fa94b7fe700 1 -- 172.21.15.62:0/12646900 --> [v2:172.21.15.62:3300/0,v1:172.21.15.62:6789/0] -- mon_subscribe({config=0+,monmap=0+}) v3 -- 0x7fa93c00b200 con 0x7fa94c0ff480
2023-05-16T11:59:34.987 INFO:teuthology.orchestra.run.smithi062.stderr:/usr/bin/ceph:
2023-05-16T11:59:34.979+0000 7fa94b7fe700 1 --2- 172.21.15.62:0/12646900 >> [v2:172.21.15.62:3300/0,v1:172.21.15.62:6789/0] conn(0x7fa94c0ff480 0x7fa94c10cd30 secure :-1 s=READY pgs=57 cs=0 l=1 rev1=1 rx=0x7fa93c00dfb0 tx=0x7fa93c006ee0).ready entity=mon.0 client_cookie=0 server_cookie=0 in_seq=0 out_seq=0
2023-05-16T11:59:34.987 INFO:teuthology.orchestra.run.smithi062.stderr:/usr/bin/ceph:
2023-05-16T11:59:34.980+0000 7fa933fff700 1 -- 172.21.15.62:0/12646900 <== mon.0 v2:172.21.15.62:3300/0 1 ==== mon_map magic: 0 v1 ==== 229+0+0 (secure 0 0 0) 0x7fa93c011df0 con 0x7fa94c0ff480
2023-05-16T11:59:34.987 INFO:teuthology.orchestra.run.smithi062.stderr:/usr/bin/ceph:
2023-05-16T11:59:34.980+0000 7fa9520c0700 1 -- 172.21.15.62:0/12646900 --> [v2:172.21.15.62:3300/0,v1:172.21.15.62:6789/0] -- mon_subscribe({mgrmap=0+}) v3 -- 0x7fa94c10d420 con 0x7fa94c0ff480
2023-05-16T11:59:34.988 INFO:teuthology.orchestra.run.smithi062.stderr:/usr/bin/ceph:
2023-05-16T11:59:34.980+0000 7fa933fff700 1 -- 172.21.15.62:0/12646900 <== mon.0 v2:172.21.15.62:3300/0 2 ==== config(25 keys) v1 ==== 1074+0+0 (secure 0 0 0) 0x7fa93c01b8c0 con 0x7fa94c0ff480
2023-05-16T11:59:34.988 INFO:teuthology.orchestra.run.smithi062.stderr:/usr/bin/ceph:
2023-05-16T11:59:34.980+0000 7fa933fff700 1 -- 172.21.15.62:0/12646900 <== mon.0 v2:172.21.15.62:3300/0 3 ==== mon_map magic: 0 v1 ==== 229+0+0 (secure 0 0 0) 0x7fa93c01a8c0 con 0x7fa94c0ff480
2023-05-16T11:59:34.988 INFO:teuthology.orchestra.run.smithi062.stderr:/usr/bin/ceph:
2023-05-16T11:59:34.980+0000 7fa9520c0700 1 -- 172.21.15.62:0/12646900 --> [v2:172.21.15.62:3300/0,v1:172.21.15.62:6789/0] -- mon_subscribe({osdmap=0}) v3 -- 0x7fa94c10d830 con 0x7fa94c0ff480
2023-05-16T11:59:34.988 INFO:teuthology.orchestra.run.smithi062.stderr:/usr/bin/ceph:
2023-05-16T11:59:34.980+0000 7fa933fff700 1 -- 172.21.15.62:0/12646900 <== mon.0 v2:172.21.15.62:3300/0 4 ==== mgrmap(e 10) v1 ==== 36054+0+0 (secure 0 0 0) 0x7fa93c00f070 con 0x7fa94c0ff480
2023-05-16T11:59:34.988 INFO:teuthology.orchestra.run.smithi062.stderr:/usr/bin/ceph:
2023-05-16T11:59:34.981+0000 7fa933fff700 1 --2- 172.21.15.62:0/12646900 >> [v2:172.21.15.62:6800/660390469,v1:172.21.15.62:6801/660390469] conn(0x7fa93802fcf0 0x7fa9380321b0 unknown :-1 s=NONE pgs=0 cs=0 l=1 rev1=0 rx=0 tx=0).connect
2023-05-16T11:59:34.988 INFO:teuthology.orchestra.run.smithi062.stderr:/usr/bin/ceph:
2023-05-16T11:59:34.981+0000 7fa933fff700 1 -- 172.21.15.62:0/12646900 <== mon.0 v2:172.21.15.62:3300/0 5 ==== osd_map(3..3 src has 1..3) v4 ==== 1098+0+0 (secure 0 0 0) 0x7fa93c01baa0 con 0x7fa94c0ff480
2023-05-16T11:59:34.989 INFO:teuthology.orchestra.run.smithi062.stderr:/usr/bin/ceph:
2023-05-16T11:59:34.981+0000 7fa94affd700 1 --2- 172.21.15.62:0/12646900 >> [v2:172.21.15.62:6800/660390469,v1:172.21.15.62:6801/660390469] conn(0x7fa93802fcf0 0x7fa9380321b0 unknown :-1 s=BANNER_CONNECTING pgs=0 cs=0 l=1 rev1=0 rx=0 tx=0)._handle_peer_banner_payload supported=1 required=0
2023-05-16T11:59:34.989 INFO:teuthology.orchestra.run.smithi062.stderr:/usr/bin/ceph:
2023-05-16T11:59:34.981+0000 7fa9520c0700 1 -- 172.21.15.62:0/12646900 --> [v2:172.21.15.62:3300/0,v1:172.21.15.62:6789/0] -- mon_command({"prefix": "get_command_descriptions"} v 0) v1 -- 0x7fa94c045ad0 con 0x7fa94c0ff480
2023-05-16T11:59:34.989 INFO:teuthology.orchestra.run.smithi062.stderr:/usr/bin/ceph:
2023-05-16T11:59:34.981+0000 7fa94affd700 1 --2- 172.21.15.62:0/12646900 >> [v2:172.21.15.62:6800/660390469,v1:172.21.15.62:6801/660390469] conn(0x7fa93802fcf0 0x7fa9380321b0 secure :-1 s=READY pgs=6 cs=0 l=1 rev1=1 rx=0x7fa9400096a0 tx=0x7fa940006b40).ready entity=mgr.14142 client_cookie=0 server_cookie=0 in_seq=0 out_seq=0
2023-05-16T11:59:34.989 INFO:teuthology.orchestra.run.smithi062.stderr:/usr/bin/ceph:
2023-05-16T11:59:34.985+0000 7fa933fff700 1 -- 172.21.15.62:0/12646900 <== mon.0 v2:172.21.15.62:3300/0 6 ==== mon_command_ack([{"prefix": "get_command_descriptions"}]=0 v0) v1 ==== 72+0+152212 (secure 0 0 0) 0x7fa93c016070 con 0x7fa94c0ff480
2023-05-16T11:59:34.996 INFO:journalctl@ceph.mon.smithi062.smithi062.stdout:May 16 11:59:34 smithi062 ceph-f8f77882-f3e0-11ed-9b02-001a4aab830c-mon.smithi062[101157]: cluster
2023-05-16T11:59:33.869492+0000 mon.smithi062 (mon.0) 78 : cluster [DBG] mgrmap e10: smithi062.gaijep(active, since 1.05528s)
2023-05-16T11:59:34.996 INFO:journalctl@ceph.mon.smithi062.smithi062.stdout:May 16 11:59:34 smithi062 ceph-f8f77882-f3e0-11ed-9b02-001a4aab830c-mon.smithi062[101157]: cephadm
2023-05-16T11:59:33.871396+0000 mgr.smithi062.gaijep (mgr.14142) 2 : cephadm [INF] Saving service prometheus spec with placement count:1
2023-05-16T11:59:34.997 INFO:journalctl@ceph.mon.smithi062.smithi062.stdout:May 16 11:59:34 smithi062 ceph-f8f77882-f3e0-11ed-9b02-001a4aab830c-mon.smithi062[101157]: audit
2023-05-16T11:59:33.874601+0000 mon.smithi062 (mon.0) 79 : audit [INF] from='mgr.14142 172.21.15.62:0/2837474436' entity='mgr.smithi062.gaijep'
2023-05-16T11:59:34.997 INFO:journalctl@ceph.mon.smithi062.smithi062.stdout:May 16 11:59:34 smithi062 ceph-f8f77882-f3e0-11ed-9b02-001a4aab830c-mon.smithi062[101157]: audit
2023-05-16T11:59:34.013392+0000 mon.smithi062 (mon.0) 80 : audit [INF] from='mgr.14142 172.21.15.62:0/2837474436' entity='mgr.smithi062.gaijep'
2023-05-16T11:59:35.181 INFO:teuthology.orchestra.run.smithi062.stderr:/usr/bin/ceph:
2023-05-16T11:59:35.177+0000 7fa9520c0700 1 -- 172.21.15.62:0/12646900 --> [v2:172.21.15.62:6800/660390469,v1:172.21.15.62:6801/660390469] -- mgr_command(tid 0: {"prefix": "orch apply", "service_type": "grafana", "target": ["mon-mgr", ""]}) v1 -- 0x7fa94c106b50 con 0x7fa93802fcf0
2023-05-16T11:59:35.187 INFO:teuthology.orchestra.run.smithi062.stderr:/usr/bin/ceph:
2023-05-16T11:59:35.183+0000 7fa933fff700 1 -- 172.21.15.62:0/12646900 <== mgr.14142 v2:172.21.15.62:6800/660390469 1 ==== mgr_command_reply(tid 0: 0 ) v1 ==== 8+0+28 (secure 0 0 0) 0x7fa94c106b50 con 0x7fa93802fcf0
2023-05-16T11:59:35.188 INFO:teuthology.orchestra.run.smithi062.stderr:/usr/bin/ceph: Scheduled grafana update...
2023-05-16T11:59:35.189 INFO:teuthology.orchestra.run.smithi062.stderr:/usr/bin/ceph:
2023-05-16T11:59:35.185+0000 7fa9520c0700 1 -- 172.21.15.62:0/12646900 >> [v2:172.21.15.62:6800/660390469,v1:172.21.15.62:6801/660390469] conn(0x7fa93802fcf0 msgr2=0x7fa9380321b0 secure :-1 s=STATE_CONNECTION_ESTABLISHED l=1).mark_down
2023-05-16T11:59:35.189 INFO:teuthology.orchestra.run.smithi062.stderr:/usr/bin/ceph:
2023-05-16T11:59:35.185+0000 7fa9520c0700 1 --2- 172.21.15.62:0/12646900 >> [v2:172.21.15.62:6800/660390469,v1:172.21.15.62:6801/660390469] conn(0x7fa93802fcf0 0x7fa9380321b0 secure :-1 s=READY pgs=6 cs=0 l=1 rev1=1 rx=0x7fa9400096a0 tx=0x7fa940006b40).stop
2023-05-16T11:59:35.189 INFO:teuthology.orchestra.run.smithi062.stderr:/usr/bin/ceph:
2023-05-16T11:59:35.185+0000 7fa9520c0700 1 -- 172.21.15.62:0/12646900 >> [v2:172.21.15.62:3300/0,v1:172.21.15.62:6789/0] conn(0x7fa94c0ff480 msgr2=0x7fa94c10cd30 secure :-1 s=STATE_CONNECTION_ESTABLISHED l=1).mark_down
2023-05-16T11:59:35.190 INFO:teuthology.orchestra.run.smithi062.stderr:/usr/bin/ceph:
2023-05-16T11:59:35.185+0000 7fa9520c0700 1 --2- 172.21.15.62:0/12646900 >> [v2:172.21.15.62:3300/0,v1:172.21.15.62:6789/0] conn(0x7fa94c0ff480 0x7fa94c10cd30 secure :-1 s=READY pgs=57 cs=0 l=1 rev1=1 rx=0x7fa93c00dfb0 tx=0x7fa93c006ee0).stop
2023-05-16T11:59:35.190 INFO:teuthology.orchestra.run.smithi062.stderr:/usr/bin/ceph:
2023-05-16T11:59:35.185+0000 7fa9520c0700 1 -- 172.21.15.62:0/12646900 shutdown_connections
2023-05-16T11:59:35.191 INFO:teuthology.orchestra.run.smithi062.stderr:/usr/bin/ceph:
2023-05-16T11:59:35.185+0000 7fa9520c0700 1 --2- 172.21.15.62:0/12646900 >> [v2:172.21.15.62:6800/660390469,v1:172.21.15.62:6801/660390469] conn(0x7fa93802fcf0 0x7fa9380321b0 unknown :-1 s=CLOSED pgs=6 cs=0 l=1 rev1=1 rx=0 tx=0).stop
2023-05-16T11:59:35.191 INFO:teuthology.orchestra.run.smithi062.stderr:/usr/bin/ceph:
2023-05-16T11:59:35.185+0000 7fa9520c0700 1 --2- 172.21.15.62:0/12646900 >> [v2:172.21.15.62:3300/0,v1:172.21.15.62:6789/0] conn(0x7fa94c0ff480 0x7fa94c10cd30 unknown :-1 s=CLOSED pgs=57 cs=0 l=1 rev1=1 rx=0 tx=0).stop
2023-05-16T11:59:35.191 INFO:teuthology.orchestra.run.smithi062.stderr:/usr/bin/ceph:
2023-05-16T11:59:35.185+0000 7fa9520c0700 1 -- 172.21.15.62:0/12646900 >> 172.21.15.62:0/12646900 conn(0x7fa94c071670 msgr2=0x7fa94c0fc520 unknown :-1 s=STATE_NONE l=0).mark_down
2023-05-16T11:59:35.191 INFO:teuthology.orchestra.run.smithi062.stderr:/usr/bin/ceph:
2023-05-16T11:59:35.185+0000 7fa9520c0700 1 -- 172.21.15.62:0/12646900 shutdown_connections
2023-05-16T11:59:35.191 INFO:teuthology.orchestra.run.smithi062.stderr:/usr/bin/ceph:
2023-05-16T11:59:35.185+0000 7fa9520c0700 1 -- 172.21.15.62:0/12646900 wait complete.
2023-05-16T11:59:35.554 INFO:teuthology.orchestra.run.smithi062.stderr:Deploying node-exporter service with default placement...
2023-05-16T11:59:35.555 INFO:teuthology.orchestra.run.smithi062.stderr:Running command: /bin/podman run --rm --ipc=host --no-hosts --net=host --entrypoint /usr/bin/ceph --init -e CONTAINER_IMAGE=docker.io/ceph/ceph:v16.2.4 -e NODE_NAME=smithi062 -e CEPH_USE_RANDOM_NONCE=1 -v /var/log/ceph/f8f77882-f3e0-11ed-9b02-001a4aab830c:/var/log/ceph:z -v /tmp/ceph-tmpmx_w5bfv:/etc/ceph/ceph.client.admin.keyring:z -v /tmp/ceph-tmpanwf4c3i:/etc/ceph/ceph.conf:z docker.io/ceph/ceph:v16.2.4 orch apply node-exporter
2023-05-16T11:59:36.030 INFO:teuthology.orchestra.run.smithi062.stderr:/usr/bin/ceph:
2023-05-16T11:59:36.025+0000 7fbf30518700 1 Processor -- start
2023-05-16T11:59:36.030 INFO:teuthology.orchestra.run.smithi062.stderr:/usr/bin/ceph:
2023-05-16T11:59:36.025+0000 7fbf30518700 1 -- start start
2023-05-16T11:59:36.030 INFO:teuthology.orchestra.run.smithi062.stderr:/usr/bin/ceph:
2023-05-16T11:59:36.025+0000 7fbf30518700 1 --2- >> [v2:172.21.15.62:3300/0,v1:172.21.15.62:6789/0] conn(0x7fbf280faae0 0x7fbf280faf00 unknown :-1 s=NONE pgs=0 cs=0 l=0 rev1=0 rx=0 tx=0).connect
2023-05-16T11:59:36.030 INFO:teuthology.orchestra.run.smithi062.stderr:/usr/bin/ceph:
2023-05-16T11:59:36.025+0000 7fbf30518700 1 -- --> [v2:172.21.15.62:3300/0,v1:172.21.15.62:6789/0] -- mon_getmap magic: 0 v1 -- 0x7fbf280fb480 con 0x7fbf280faae0
2023-05-16T11:59:36.030 INFO:teuthology.orchestra.run.smithi062.stderr:/usr/bin/ceph:
2023-05-16T11:59:36.026+0000 7fbf2e2b4700 1 --2- >> [v2:172.21.15.62:3300/0,v1:172.21.15.62:6789/0] conn(0x7fbf280faae0 0x7fbf280faf00 unknown :-1 s=BANNER_CONNECTING pgs=0 cs=0 l=0 rev1=0 rx=0 tx=0)._handle_peer_banner_payload supported=1 required=0
2023-05-16T11:59:36.032 INFO:teuthology.orchestra.run.smithi062.stderr:/usr/bin/ceph:
2023-05-16T11:59:36.026+0000 7fbf2e2b4700 1 --2- >> [v2:172.21.15.62:3300/0,v1:172.21.15.62:6789/0] conn(0x7fbf280faae0 0x7fbf280faf00 unknown :-1 s=HELLO_CONNECTING pgs=0 cs=0 l=0 rev1=1 rx=0 tx=0).handle_hello peer v2:172.21.15.62:3300/0 says I am v2:172.21.15.62:46660/0 (socket says 172.21.15.62:46660)
2023-05-16T11:59:36.033 INFO:teuthology.orchestra.run.smithi062.stderr:/usr/bin/ceph:
2023-05-16T11:59:36.026+0000 7fbf2e2b4700 1 -- 172.21.15.62:0/739174298 learned_addr learned my addr 172.21.15.62:0/739174298 (peer_addr_for_me v2:172.21.15.62:0/0)
2023-05-16T11:59:36.033 INFO:teuthology.orchestra.run.smithi062.stderr:/usr/bin/ceph:
2023-05-16T11:59:36.026+0000 7fbf2e2b4700 1 -- 172.21.15.62:0/739174298 --> [v2:172.21.15.62:3300/0,v1:172.21.15.62:6789/0] -- mon_subscribe({config=0+,monmap=0+}) v3 -- 0x7fbf280fb5c0 con 0x7fbf280faae0
2023-05-16T11:59:36.033 INFO:teuthology.orchestra.run.smithi062.stderr:/usr/bin/ceph:
2023-05-16T11:59:36.026+0000 7fbf2e2b4700 1 --2- 172.21.15.62:0/739174298 >> [v2:172.21.15.62:3300/0,v1:172.21.15.62:6789/0] conn(0x7fbf280faae0 0x7fbf280faf00 secure :-1 s=READY pgs=58 cs=0 l=1 rev1=1 rx=0x7fbf2400b5f0 tx=0x7fbf24006ee0).ready entity=mon.0 client_cookie=208845d823225d1b server_cookie=0 in_seq=0 out_seq=0
2023-05-16T11:59:36.033 INFO:teuthology.orchestra.run.smithi062.stderr:/usr/bin/ceph:
2023-05-16T11:59:36.026+0000 7fbf2d2b2700 1 -- 172.21.15.62:0/739174298 <== mon.0 v2:172.21.15.62:3300/0 1 ==== mon_map magic: 0 v1 ==== 229+0+0 (secure 0 0 0) 0x7fbf2400d600 con 0x7fbf280faae0
2023-05-16T11:59:36.033 INFO:teuthology.orchestra.run.smithi062.stderr:/usr/bin/ceph:
2023-05-16T11:59:36.026+0000 7fbf2d2b2700 1 -- 172.21.15.62:0/739174298 <== mon.0 v2:172.21.15.62:3300/0 2 ==== config(25 keys) v1 ==== 1074+0+0 (secure 0 0 0) 0x7fbf2400dc10 con 0x7fbf280faae0
2023-05-16T11:59:36.033 INFO:teuthology.orchestra.run.smithi062.stderr:/usr/bin/ceph:
2023-05-16T11:59:36.026+0000 7fbf2d2b2700 1 -- 172.21.15.62:0/739174298 <== mon.0 v2:172.21.15.62:3300/0 3 ==== mon_map magic: 0 v1 ==== 229+0+0 (secure 0 0 0) 0x7fbf24011cd0 con 0x7fbf280faae0
2023-05-16T11:59:36.033 INFO:teuthology.orchestra.run.smithi062.stderr:/usr/bin/ceph:
2023-05-16T11:59:36.027+0000 7fbf30518700 1 -- 172.21.15.62:0/739174298 >> [v2:172.21.15.62:3300/0,v1:172.21.15.62:6789/0] conn(0x7fbf280faae0 msgr2=0x7fbf280faf00 secure :-1 s=STATE_CONNECTION_ESTABLISHED l=1).mark_down
2023-05-16T11:59:36.034 INFO:teuthology.orchestra.run.smithi062.stderr:/usr/bin/ceph:
2023-05-16T11:59:36.027+0000 7fbf30518700 1 --2- 172.21.15.62:0/739174298 >> [v2:172.21.15.62:3300/0,v1:172.21.15.62:6789/0] conn(0x7fbf280faae0 0x7fbf280faf00 secure :-1 s=READY pgs=58 cs=0 l=1 rev1=1 rx=0x7fbf2400b5f0 tx=0x7fbf24006ee0).stop
2023-05-16T11:59:36.034 INFO:teuthology.orchestra.run.smithi062.stderr:/usr/bin/ceph:
2023-05-16T11:59:36.027+0000 7fbf30518700 1 -- 172.21.15.62:0/739174298 shutdown_connections
2023-05-16T11:59:36.034 INFO:teuthology.orchestra.run.smithi062.stderr:/usr/bin/ceph:
2023-05-16T11:59:36.027+0000 7fbf30518700 1 --2- 172.21.15.62:0/739174298 >> [v2:172.21.15.62:3300/0,v1:172.21.15.62:6789/0] conn(0x7fbf280faae0 0x7fbf280faf00 unknown :-1 s=CLOSED pgs=58 cs=0 l=1 rev1=1 rx=0 tx=0).stop
2023-05-16T11:59:36.034 INFO:teuthology.orchestra.run.smithi062.stderr:/usr/bin/ceph:
2023-05-16T11:59:36.027+0000 7fbf30518700 1 -- 172.21.15.62:0/739174298 >> 172.21.15.62:0/739174298 conn(0x7fbf280f6280 msgr2=0x7fbf280f86a0 unknown :-1 s=STATE_NONE l=0).mark_down
2023-05-16T11:59:36.034 INFO:teuthology.orchestra.run.smithi062.stderr:/usr/bin/ceph:
2023-05-16T11:59:36.027+0000 7fbf30518700 1 -- 172.21.15.62:0/739174298 shutdown_connections
2023-05-16T11:59:36.034 INFO:teuthology.orchestra.run.smithi062.stderr:/usr/bin/ceph:
2023-05-16T11:59:36.027+0000 7fbf30518700 1 -- 172.21.15.62:0/739174298 wait complete.
2023-05-16T11:59:36.034 INFO:teuthology.orchestra.run.smithi062.stderr:/usr/bin/ceph:
2023-05-16T11:59:36.027+0000 7fbf30518700 1 Processor -- start
2023-05-16T11:59:36.034 INFO:teuthology.orchestra.run.smithi062.stderr:/usr/bin/ceph:
2023-05-16T11:59:36.027+0000 7fbf30518700 1 -- start start
2023-05-16T11:59:36.035 INFO:teuthology.orchestra.run.smithi062.stderr:/usr/bin/ceph:
2023-05-16T11:59:36.028+0000 7fbf30518700 1 --2- >> [v2:172.21.15.62:3300/0,v1:172.21.15.62:6789/0] conn(0x7fbf280faae0 0x7fbf28108820 unknown :-1 s=NONE pgs=0 cs=0 l=1 rev1=0 rx=0 tx=0).connect
2023-05-16T11:59:36.035 INFO:teuthology.orchestra.run.smithi062.stderr:/usr/bin/ceph:
2023-05-16T11:59:36.028+0000 7fbf30518700 1 -- --> [v2:172.21.15.62:3300/0,v1:172.21.15.62:6789/0] -- mon_getmap magic: 0 v1 -- 0x7fbf28108d10 con 0x7fbf280faae0
2023-05-16T11:59:36.035 INFO:teuthology.orchestra.run.smithi062.stderr:/usr/bin/ceph:
2023-05-16T11:59:36.028+0000 7fbf2e2b4700 1 --2- >> [v2:172.21.15.62:3300/0,v1:172.21.15.62:6789/0] conn(0x7fbf280faae0 0x7fbf28108820 unknown :-1 s=BANNER_CONNECTING pgs=0 cs=0 l=1 rev1=0 rx=0 tx=0)._handle_peer_banner_payload supported=1 required=0
2023-05-16T11:59:36.035 INFO:teuthology.orchestra.run.smithi062.stderr:/usr/bin/ceph:
2023-05-16T11:59:36.028+0000 7fbf2e2b4700 1 --2- >> [v2:172.21.15.62:3300/0,v1:172.21.15.62:6789/0] conn(0x7fbf280faae0 0x7fbf28108820 unknown :-1 s=HELLO_CONNECTING pgs=0 cs=0 l=1 rev1=1 rx=0 tx=0).handle_hello peer v2:172.21.15.62:3300/0 says I am v2:172.21.15.62:46666/0 (socket says 172.21.15.62:46666)
2023-05-16T11:59:36.035 INFO:teuthology.orchestra.run.smithi062.stderr:/usr/bin/ceph:
2023-05-16T11:59:36.028+0000 7fbf2e2b4700 1 -- 172.21.15.62:0/2238803856 learned_addr learned my addr 172.21.15.62:0/2238803856 (peer_addr_for_me v2:172.21.15.62:0/0)
2023-05-16T11:59:36.035 INFO:teuthology.orchestra.run.smithi062.stderr:/usr/bin/ceph:
2023-05-16T11:59:36.028+0000 7fbf2e2b4700 1 -- 172.21.15.62:0/2238803856 --> [v2:172.21.15.62:3300/0,v1:172.21.15.62:6789/0] -- mon_subscribe({config=0+,monmap=0+}) v3 -- 0x7fbf2400b200 con 0x7fbf280faae0
2023-05-16T11:59:36.035 INFO:teuthology.orchestra.run.smithi062.stderr:/usr/bin/ceph:
2023-05-16T11:59:36.028+0000 7fbf2e2b4700 1 --2- 172.21.15.62:0/2238803856 >> [v2:172.21.15.62:3300/0,v1:172.21.15.62:6789/0] conn(0x7fbf280faae0 0x7fbf28108820 secure :-1 s=READY pgs=59 cs=0 l=1 rev1=1 rx=0x7fbf24006800 tx=0x7fbf24006ee0).ready entity=mon.0 client_cookie=0 server_cookie=0 in_seq=0 out_seq=0
