2023-05-16T11:59:36.035 INFO:teuthology.orchestra.run.smithi062.stderr:/usr/bin/ceph:
2023-05-16T11:59:36.028+0000 7fbf16ffd700 1 -- 172.21.15.62:0/2238803856 <== mon.0 v2:172.21.15.62:3300/0 1 ==== mon_map magic: 0 v1 ==== 229+0+0 (secure 0 0 0) 0x7fbf24011df0 con 0x7fbf280faae0
2023-05-16T11:59:36.041 INFO:teuthology.orchestra.run.smithi062.stderr:/usr/bin/ceph:
2023-05-16T11:59:36.028+0000 7fbf16ffd700 1 -- 172.21.15.62:0/2238803856 <== mon.0 v2:172.21.15.62:3300/0 2 ==== config(25 keys) v1 ==== 1074+0+0 (secure 0 0 0) 0x7fbf2401b8c0 con 0x7fbf280faae0
2023-05-16T11:59:36.041 INFO:teuthology.orchestra.run.smithi062.stderr:/usr/bin/ceph:
2023-05-16T11:59:36.028+0000 7fbf30518700 1 -- 172.21.15.62:0/2238803856 --> [v2:172.21.15.62:3300/0,v1:172.21.15.62:6789/0] -- mon_subscribe({mgrmap=0+}) v3 -- 0x7fbf28108f10 con 0x7fbf280faae0
2023-05-16T11:59:36.041 INFO:teuthology.orchestra.run.smithi062.stderr:/usr/bin/ceph:
2023-05-16T11:59:36.028+0000 7fbf16ffd700 1 -- 172.21.15.62:0/2238803856 <== mon.0 v2:172.21.15.62:3300/0 3 ==== mon_map magic: 0 v1 ==== 229+0+0 (secure 0 0 0) 0x7fbf2401a800 con 0x7fbf280faae0
2023-05-16T11:59:36.041 INFO:teuthology.orchestra.run.smithi062.stderr:/usr/bin/ceph:
2023-05-16T11:59:36.028+0000 7fbf30518700 1 -- 172.21.15.62:0/2238803856 --> [v2:172.21.15.62:3300/0,v1:172.21.15.62:6789/0] -- mon_subscribe({osdmap=0}) v3 -- 0x7fbf28109320 con 0x7fbf280faae0
2023-05-16T11:59:36.042 INFO:teuthology.orchestra.run.smithi062.stderr:/usr/bin/ceph:
2023-05-16T11:59:36.029+0000 7fbf30518700 1 -- 172.21.15.62:0/2238803856 --> [v2:172.21.15.62:3300/0,v1:172.21.15.62:6789/0] -- mon_command({"prefix": "get_command_descriptions"} v 0) v1 -- 0x7fbf28045ad0 con 0x7fbf280faae0
2023-05-16T11:59:36.042 INFO:teuthology.orchestra.run.smithi062.stderr:/usr/bin/ceph:
2023-05-16T11:59:36.029+0000 7fbf16ffd700 1 -- 172.21.15.62:0/2238803856 <== mon.0 v2:172.21.15.62:3300/0 4 ==== mgrmap(e 11) v1 ==== 36195+0+0 (secure 0 0 0) 0x7fbf2400f070 con 0x7fbf280faae0
2023-05-16T11:59:36.042 INFO:teuthology.orchestra.run.smithi062.stderr:/usr/bin/ceph:
2023-05-16T11:59:36.030+0000 7fbf16ffd700 1 --2- 172.21.15.62:0/2238803856 >> [v2:172.21.15.62:6800/660390469,v1:172.21.15.62:6801/660390469] conn(0x7fbf100320a0 0x7fbf10034560 unknown :-1 s=NONE pgs=0 cs=0 l=1 rev1=0 rx=0 tx=0).connect
2023-05-16T11:59:36.042 INFO:teuthology.orchestra.run.smithi062.stderr:/usr/bin/ceph:
2023-05-16T11:59:36.030+0000 7fbf16ffd700 1 -- 172.21.15.62:0/2238803856 <== mon.0 v2:172.21.15.62:3300/0 5 ==== osd_map(3..3 src has 1..3) v4 ==== 1098+0+0 (secure 0 0 0) 0x7fbf24040f80 con 0x7fbf280faae0
2023-05-16T11:59:36.042 INFO:teuthology.orchestra.run.smithi062.stderr:/usr/bin/ceph:
2023-05-16T11:59:36.030+0000 7fbf2dab3700 1 --2- 172.21.15.62:0/2238803856 >> [v2:172.21.15.62:6800/660390469,v1:172.21.15.62:6801/660390469] conn(0x7fbf100320a0 0x7fbf10034560 unknown :-1 s=BANNER_CONNECTING pgs=0 cs=0 l=1 rev1=0 rx=0 tx=0)._handle_peer_banner_payload supported=1 required=0
2023-05-16T11:59:36.042 INFO:teuthology.orchestra.run.smithi062.stderr:/usr/bin/ceph:
2023-05-16T11:59:36.030+0000 7fbf2dab3700 1 --2- 172.21.15.62:0/2238803856 >> [v2:172.21.15.62:6800/660390469,v1:172.21.15.62:6801/660390469] conn(0x7fbf100320a0 0x7fbf10034560 secure :-1 s=READY pgs=7 cs=0 l=1 rev1=1 rx=0x7fbf180096a0 tx=0x7fbf18006b40).ready entity=mgr.14142 client_cookie=0 server_cookie=0 in_seq=0 out_seq=0
2023-05-16T11:59:36.042 INFO:teuthology.orchestra.run.smithi062.stderr:/usr/bin/ceph:
2023-05-16T11:59:36.034+0000 7fbf16ffd700 1 -- 172.21.15.62:0/2238803856 <== mon.0 v2:172.21.15.62:3300/0 6 ==== mon_command_ack([{"prefix": "get_command_descriptions"}]=0 v0) v1 ==== 72+0+152212 (secure 0 0 0) 0x7fbf24019950 con 0x7fbf280faae0
2023-05-16T11:59:36.230 INFO:teuthology.orchestra.run.smithi062.stderr:/usr/bin/ceph:
2023-05-16T11:59:36.222+0000 7fbf30518700 1 -- 172.21.15.62:0/2238803856 --> [v2:172.21.15.62:6800/660390469,v1:172.21.15.62:6801/660390469] -- mgr_command(tid 0: {"prefix": "orch apply", "service_type": "node-exporter", "target": ["mon-mgr", ""]}) v1 -- 0x7fbf28109c60 con 0x7fbf100320a0
2023-05-16T11:59:36.235 INFO:teuthology.orchestra.run.smithi062.stderr:/usr/bin/ceph:
2023-05-16T11:59:36.226+0000 7fbf16ffd700 1 -- 172.21.15.62:0/2238803856 <== mgr.14142 v2:172.21.15.62:6800/660390469 1 ==== mgr_command_reply(tid 0: 0 ) v1 ==== 8+0+34 (secure 0 0 0) 0x7fbf28109c60 con 0x7fbf100320a0
2023-05-16T11:59:36.236 INFO:teuthology.orchestra.run.smithi062.stderr:/usr/bin/ceph: Scheduled node-exporter update...
2023-05-16T11:59:36.236 INFO:teuthology.orchestra.run.smithi062.stderr:/usr/bin/ceph:
2023-05-16T11:59:36.228+0000 7fbf30518700 1 -- 172.21.15.62:0/2238803856 >> [v2:172.21.15.62:6800/660390469,v1:172.21.15.62:6801/660390469] conn(0x7fbf100320a0 msgr2=0x7fbf10034560 secure :-1 s=STATE_CONNECTION_ESTABLISHED l=1).mark_down
2023-05-16T11:59:36.237 INFO:teuthology.orchestra.run.smithi062.stderr:/usr/bin/ceph:
2023-05-16T11:59:36.228+0000 7fbf30518700 1 --2- 172.21.15.62:0/2238803856 >> [v2:172.21.15.62:6800/660390469,v1:172.21.15.62:6801/660390469] conn(0x7fbf100320a0 0x7fbf10034560 secure :-1 s=READY pgs=7 cs=0 l=1 rev1=1 rx=0x7fbf180096a0 tx=0x7fbf18006b40).stop
2023-05-16T11:59:36.237 INFO:teuthology.orchestra.run.smithi062.stderr:/usr/bin/ceph:
2023-05-16T11:59:36.228+0000 7fbf30518700 1 -- 172.21.15.62:0/2238803856 >> [v2:172.21.15.62:3300/0,v1:172.21.15.62:6789/0] conn(0x7fbf280faae0 msgr2=0x7fbf28108820 secure :-1 s=STATE_CONNECTION_ESTABLISHED l=1).mark_down
2023-05-16T11:59:36.237 INFO:teuthology.orchestra.run.smithi062.stderr:/usr/bin/ceph:
2023-05-16T11:59:36.228+0000 7fbf30518700 1 --2- 172.21.15.62:0/2238803856 >> [v2:172.21.15.62:3300/0,v1:172.21.15.62:6789/0] conn(0x7fbf280faae0 0x7fbf28108820 secure :-1 s=READY pgs=59 cs=0 l=1 rev1=1 rx=0x7fbf24006800 tx=0x7fbf24006ee0).stop
2023-05-16T11:59:36.237 INFO:teuthology.orchestra.run.smithi062.stderr:/usr/bin/ceph:
2023-05-16T11:59:36.228+0000 7fbf30518700 1 -- 172.21.15.62:0/2238803856 shutdown_connections
2023-05-16T11:59:36.237 INFO:teuthology.orchestra.run.smithi062.stderr:/usr/bin/ceph:
2023-05-16T11:59:36.228+0000 7fbf30518700 1 --2- 172.21.15.62:0/2238803856 >> [v2:172.21.15.62:6800/660390469,v1:172.21.15.62:6801/660390469] conn(0x7fbf100320a0 0x7fbf10034560 unknown :-1 s=CLOSED pgs=7 cs=0 l=1 rev1=1 rx=0 tx=0).stop
2023-05-16T11:59:36.237 INFO:teuthology.orchestra.run.smithi062.stderr:/usr/bin/ceph:
2023-05-16T11:59:36.228+0000 7fbf30518700 1 --2- 172.21.15.62:0/2238803856 >> [v2:172.21.15.62:3300/0,v1:172.21.15.62:6789/0] conn(0x7fbf280faae0 0x7fbf28108820 unknown :-1 s=CLOSED pgs=59 cs=0 l=1 rev1=1 rx=0 tx=0).stop
2023-05-16T11:59:36.238 INFO:teuthology.orchestra.run.smithi062.stderr:/usr/bin/ceph:
2023-05-16T11:59:36.228+0000 7fbf30518700 1 -- 172.21.15.62:0/2238803856 >> 172.21.15.62:0/2238803856 conn(0x7fbf280f6280 msgr2=0x7fbf280ff7d0 unknown :-1 s=STATE_NONE l=0).mark_down
2023-05-16T11:59:36.238 INFO:teuthology.orchestra.run.smithi062.stderr:/usr/bin/ceph:
2023-05-16T11:59:36.228+0000 7fbf30518700 1 -- 172.21.15.62:0/2238803856 shutdown_connections
2023-05-16T11:59:36.238 INFO:teuthology.orchestra.run.smithi062.stderr:/usr/bin/ceph:
2023-05-16T11:59:36.228+0000 7fbf30518700 1 -- 172.21.15.62:0/2238803856 wait complete.
2023-05-16T11:59:36.505 INFO:journalctl@ceph.mon.smithi062.smithi062.stdout:May 16 11:59:36 smithi062 ceph-f8f77882-f3e0-11ed-9b02-001a4aab830c-mon.smithi062[101157]: audit
2023-05-16T11:59:35.178743+0000 mgr.smithi062.gaijep (mgr.14142) 3 : audit [DBG] from='client.14150 -' entity='client.admin' cmd=[{"prefix": "orch apply", "service_type": "grafana", "target": ["mon-mgr", ""]}]: dispatch
2023-05-16T11:59:36.505 INFO:journalctl@ceph.mon.smithi062.smithi062.stdout:May 16 11:59:36 smithi062 ceph-f8f77882-f3e0-11ed-9b02-001a4aab830c-mon.smithi062[101157]: cephadm
2023-05-16T11:59:35.179262+0000 mgr.smithi062.gaijep (mgr.14142) 4 : cephadm [INF] Saving service grafana spec with placement count:1
2023-05-16T11:59:36.505 INFO:journalctl@ceph.mon.smithi062.smithi062.stdout:May 16 11:59:36 smithi062 ceph-f8f77882-f3e0-11ed-9b02-001a4aab830c-mon.smithi062[101157]: audit
2023-05-16T11:59:35.184263+0000 mon.smithi062 (mon.0) 81 : audit [INF] from='mgr.14142 172.21.15.62:0/2837474436' entity='mgr.smithi062.gaijep'
2023-05-16T11:59:36.505 INFO:journalctl@ceph.mon.smithi062.smithi062.stdout:May 16 11:59:36 smithi062 ceph-f8f77882-f3e0-11ed-9b02-001a4aab830c-mon.smithi062[101157]: cluster
2023-05-16T11:59:35.796056+0000 mon.smithi062 (mon.0) 82 : cluster [DBG] mgrmap e11: smithi062.gaijep(active, since 2s)
2023-05-16T11:59:36.603 INFO:teuthology.orchestra.run.smithi062.stderr:Deploying alertmanager service with default placement...
2023-05-16T11:59:36.603 INFO:teuthology.orchestra.run.smithi062.stderr:Running command: /bin/podman run --rm --ipc=host --no-hosts --net=host --entrypoint /usr/bin/ceph --init -e CONTAINER_IMAGE=docker.io/ceph/ceph:v16.2.4 -e NODE_NAME=smithi062 -e CEPH_USE_RANDOM_NONCE=1 -v /var/log/ceph/f8f77882-f3e0-11ed-9b02-001a4aab830c:/var/log/ceph:z -v /tmp/ceph-tmpmx_w5bfv:/etc/ceph/ceph.client.admin.keyring:z -v /tmp/ceph-tmpanwf4c3i:/etc/ceph/ceph.conf:z docker.io/ceph/ceph:v16.2.4 orch apply alertmanager
2023-05-16T11:59:37.037 INFO:teuthology.orchestra.run.smithi062.stderr:/usr/bin/ceph:
2023-05-16T11:59:37.029+0000 7f99ea84b700 1 Processor -- start
2023-05-16T11:59:37.038 INFO:teuthology.orchestra.run.smithi062.stderr:/usr/bin/ceph:
2023-05-16T11:59:37.029+0000 7f99ea84b700 1 -- start start
2023-05-16T11:59:37.038 INFO:teuthology.orchestra.run.smithi062.stderr:/usr/bin/ceph:
2023-05-16T11:59:37.029+0000 7f99ea84b700 1 --2- >> [v2:172.21.15.62:3300/0,v1:172.21.15.62:6789/0] conn(0x7f99e40fdbb0 0x7f99e40fdfd0 unknown :-1 s=NONE pgs=0 cs=0 l=0 rev1=0 rx=0 tx=0).connect
2023-05-16T11:59:37.038 INFO:teuthology.orchestra.run.smithi062.stderr:/usr/bin/ceph:
2023-05-16T11:59:37.029+0000 7f99ea84b700 1 -- --> [v2:172.21.15.62:3300/0,v1:172.21.15.62:6789/0] -- mon_getmap magic: 0 v1 -- 0x7f99e40fe550 con 0x7f99e40fdbb0
2023-05-16T11:59:37.039 INFO:teuthology.orchestra.run.smithi062.stderr:/usr/bin/ceph:
2023-05-16T11:59:37.029+0000 7f99e9849700 1 --2- >> [v2:172.21.15.62:3300/0,v1:172.21.15.62:6789/0] conn(0x7f99e40fdbb0 0x7f99e40fdfd0 unknown :-1 s=BANNER_CONNECTING pgs=0 cs=0 l=0 rev1=0 rx=0 tx=0)._handle_peer_banner_payload supported=1 required=0
2023-05-16T11:59:37.039 INFO:teuthology.orchestra.run.smithi062.stderr:/usr/bin/ceph:
2023-05-16T11:59:37.029+0000 7f99e9849700 1 --2- >> [v2:172.21.15.62:3300/0,v1:172.21.15.62:6789/0] conn(0x7f99e40fdbb0 0x7f99e40fdfd0 unknown :-1 s=HELLO_CONNECTING pgs=0 cs=0 l=0 rev1=1 rx=0 tx=0).handle_hello peer v2:172.21.15.62:3300/0 says I am v2:172.21.15.62:58076/0 (socket says 172.21.15.62:58076)
2023-05-16T11:59:37.039 INFO:teuthology.orchestra.run.smithi062.stderr:/usr/bin/ceph:
2023-05-16T11:59:37.029+0000 7f99e9849700 1 -- 172.21.15.62:0/2617592324 learned_addr learned my addr 172.21.15.62:0/2617592324 (peer_addr_for_me v2:172.21.15.62:0/0)
2023-05-16T11:59:37.039 INFO:teuthology.orchestra.run.smithi062.stderr:/usr/bin/ceph:
2023-05-16T11:59:37.030+0000 7f99e9849700 1 -- 172.21.15.62:0/2617592324 --> [v2:172.21.15.62:3300/0,v1:172.21.15.62:6789/0] -- mon_subscribe({config=0+,monmap=0+}) v3 -- 0x7f99e40fe690 con 0x7f99e40fdbb0
2023-05-16T11:59:37.039 INFO:teuthology.orchestra.run.smithi062.stderr:/usr/bin/ceph:
2023-05-16T11:59:37.030+0000 7f99e9849700 1 --2- 172.21.15.62:0/2617592324 >> [v2:172.21.15.62:3300/0,v1:172.21.15.62:6789/0] conn(0x7f99e40fdbb0 0x7f99e40fdfd0 secure :-1 s=READY pgs=60 cs=0 l=1 rev1=1 rx=0x7f99e000b5f0 tx=0x7f99e0006ee0).ready entity=mon.0 client_cookie=b7be33ce71806edb server_cookie=0 in_seq=0 out_seq=0
2023-05-16T11:59:37.039 INFO:teuthology.orchestra.run.smithi062.stderr:/usr/bin/ceph:
2023-05-16T11:59:37.030+0000 7f99e8847700 1 -- 172.21.15.62:0/2617592324 <== mon.0 v2:172.21.15.62:3300/0 1 ==== mon_map magic: 0 v1 ==== 229+0+0 (secure 0 0 0) 0x7f99e000d600 con 0x7f99e40fdbb0
2023-05-16T11:59:37.040 INFO:teuthology.orchestra.run.smithi062.stderr:/usr/bin/ceph:
2023-05-16T11:59:37.030+0000 7f99e8847700 1 -- 172.21.15.62:0/2617592324 <== mon.0 v2:172.21.15.62:3300/0 2 ==== config(25 keys) v1 ==== 1074+0+0 (secure 0 0 0) 0x7f99e000dc10 con 0x7f99e40fdbb0
2023-05-16T11:59:37.040 INFO:teuthology.orchestra.run.smithi062.stderr:/usr/bin/ceph:
2023-05-16T11:59:37.030+0000 7f99e8847700 1 -- 172.21.15.62:0/2617592324 <== mon.0 v2:172.21.15.62:3300/0 3 ==== mon_map magic: 0 v1 ==== 229+0+0 (secure 0 0 0) 0x7f99e0011cd0 con 0x7f99e40fdbb0
2023-05-16T11:59:37.040 INFO:teuthology.orchestra.run.smithi062.stderr:/usr/bin/ceph:
2023-05-16T11:59:37.030+0000 7f99ea84b700 1 -- 172.21.15.62:0/2617592324 >> [v2:172.21.15.62:3300/0,v1:172.21.15.62:6789/0] conn(0x7f99e40fdbb0 msgr2=0x7f99e40fdfd0 secure :-1 s=STATE_CONNECTION_ESTABLISHED l=1).mark_down
2023-05-16T11:59:37.040 INFO:teuthology.orchestra.run.smithi062.stderr:/usr/bin/ceph:
2023-05-16T11:59:37.030+0000 7f99ea84b700 1 --2- 172.21.15.62:0/2617592324 >> [v2:172.21.15.62:3300/0,v1:172.21.15.62:6789/0] conn(0x7f99e40fdbb0 0x7f99e40fdfd0 secure :-1 s=READY pgs=60 cs=0 l=1 rev1=1 rx=0x7f99e000b5f0 tx=0x7f99e0006ee0).stop
2023-05-16T11:59:37.040 INFO:teuthology.orchestra.run.smithi062.stderr:/usr/bin/ceph:
2023-05-16T11:59:37.031+0000 7f99ea84b700 1 -- 172.21.15.62:0/2617592324 shutdown_connections
2023-05-16T11:59:37.041 INFO:teuthology.orchestra.run.smithi062.stderr:/usr/bin/ceph:
2023-05-16T11:59:37.031+0000 7f99ea84b700 1 --2- 172.21.15.62:0/2617592324 >> [v2:172.21.15.62:3300/0,v1:172.21.15.62:6789/0] conn(0x7f99e40fdbb0 0x7f99e40fdfd0 unknown :-1 s=CLOSED pgs=60 cs=0 l=1 rev1=1 rx=0 tx=0).stop
2023-05-16T11:59:37.041 INFO:teuthology.orchestra.run.smithi062.stderr:/usr/bin/ceph:
2023-05-16T11:59:37.031+0000 7f99ea84b700 1 -- 172.21.15.62:0/2617592324 >> 172.21.15.62:0/2617592324 conn(0x7f99e4071160 msgr2=0x7f99e4071570 unknown :-1 s=STATE_NONE l=0).mark_down
2023-05-16T11:59:37.041 INFO:teuthology.orchestra.run.smithi062.stderr:/usr/bin/ceph:
2023-05-16T11:59:37.031+0000 7f99ea84b700 1 -- 172.21.15.62:0/2617592324 shutdown_connections
2023-05-16T11:59:37.041 INFO:teuthology.orchestra.run.smithi062.stderr:/usr/bin/ceph:
2023-05-16T11:59:37.031+0000 7f99ea84b700 1 -- 172.21.15.62:0/2617592324 wait complete.
2023-05-16T11:59:37.041 INFO:teuthology.orchestra.run.smithi062.stderr:/usr/bin/ceph:
2023-05-16T11:59:37.031+0000 7f99ea84b700 1 Processor -- start
2023-05-16T11:59:37.042 INFO:teuthology.orchestra.run.smithi062.stderr:/usr/bin/ceph:
2023-05-16T11:59:37.031+0000 7f99ea84b700 1 -- start start
2023-05-16T11:59:37.042 INFO:teuthology.orchestra.run.smithi062.stderr:/usr/bin/ceph:
2023-05-16T11:59:37.031+0000 7f99ea84b700 1 --2- >> [v2:172.21.15.62:3300/0,v1:172.21.15.62:6789/0] conn(0x7f99e40fdbb0 0x7f99e410ca60 unknown :-1 s=NONE pgs=0 cs=0 l=1 rev1=0 rx=0 tx=0).connect
2023-05-16T11:59:37.042 INFO:teuthology.orchestra.run.smithi062.stderr:/usr/bin/ceph:
2023-05-16T11:59:37.031+0000 7f99ea84b700 1 -- --> [v2:172.21.15.62:3300/0,v1:172.21.15.62:6789/0] -- mon_getmap magic: 0 v1 -- 0x7f99e410cf50 con 0x7f99e40fdbb0
2023-05-16T11:59:37.042 INFO:teuthology.orchestra.run.smithi062.stderr:/usr/bin/ceph:
2023-05-16T11:59:37.032+0000 7f99e9849700 1 --2- >> [v2:172.21.15.62:3300/0,v1:172.21.15.62:6789/0] conn(0x7f99e40fdbb0 0x7f99e410ca60 unknown :-1 s=BANNER_CONNECTING pgs=0 cs=0 l=1 rev1=0 rx=0 tx=0)._handle_peer_banner_payload supported=1 required=0
2023-05-16T11:59:37.042 INFO:teuthology.orchestra.run.smithi062.stderr:/usr/bin/ceph:
2023-05-16T11:59:37.032+0000 7f99e9849700 1 --2- >> [v2:172.21.15.62:3300/0,v1:172.21.15.62:6789/0] conn(0x7f99e40fdbb0 0x7f99e410ca60 unknown :-1 s=HELLO_CONNECTING pgs=0 cs=0 l=1 rev1=1 rx=0 tx=0).handle_hello peer v2:172.21.15.62:3300/0 says I am v2:172.21.15.62:58092/0 (socket says 172.21.15.62:58092)
2023-05-16T11:59:37.042 INFO:teuthology.orchestra.run.smithi062.stderr:/usr/bin/ceph:
2023-05-16T11:59:37.032+0000 7f99e9849700 1 -- 172.21.15.62:0/2328838304 learned_addr learned my addr 172.21.15.62:0/2328838304 (peer_addr_for_me v2:172.21.15.62:0/0)
2023-05-16T11:59:37.043 INFO:teuthology.orchestra.run.smithi062.stderr:/usr/bin/ceph:
2023-05-16T11:59:37.032+0000 7f99e9849700 1 -- 172.21.15.62:0/2328838304 --> [v2:172.21.15.62:3300/0,v1:172.21.15.62:6789/0] -- mon_subscribe({config=0+,monmap=0+}) v3 -- 0x7f99e000b200 con 0x7f99e40fdbb0
2023-05-16T11:59:37.043 INFO:teuthology.orchestra.run.smithi062.stderr:/usr/bin/ceph:
2023-05-16T11:59:37.032+0000 7f99e9849700 1 --2- 172.21.15.62:0/2328838304 >> [v2:172.21.15.62:3300/0,v1:172.21.15.62:6789/0] conn(0x7f99e40fdbb0 0x7f99e410ca60 secure :-1 s=READY pgs=61 cs=0 l=1 rev1=1 rx=0x7f99e0006800 tx=0x7f99e0006ee0).ready entity=mon.0 client_cookie=0 server_cookie=0 in_seq=0 out_seq=0
2023-05-16T11:59:37.043 INFO:teuthology.orchestra.run.smithi062.stderr:/usr/bin/ceph:
2023-05-16T11:59:37.032+0000 7f99d27fc700 1 -- 172.21.15.62:0/2328838304 <== mon.0 v2:172.21.15.62:3300/0 1 ==== mon_map magic: 0 v1 ==== 229+0+0 (secure 0 0 0) 0x7f99e0011df0 con 0x7f99e40fdbb0
2023-05-16T11:59:37.043 INFO:teuthology.orchestra.run.smithi062.stderr:/usr/bin/ceph:
2023-05-16T11:59:37.032+0000 7f99d27fc700 1 -- 172.21.15.62:0/2328838304 <== mon.0 v2:172.21.15.62:3300/0 2 ==== config(25 keys) v1 ==== 1074+0+0 (secure 0 0 0) 0x7f99e001b8c0 con 0x7f99e40fdbb0
2023-05-16T11:59:37.043 INFO:teuthology.orchestra.run.smithi062.stderr:/usr/bin/ceph:
2023-05-16T11:59:37.032+0000 7f99ea84b700 1 -- 172.21.15.62:0/2328838304 --> [v2:172.21.15.62:3300/0,v1:172.21.15.62:6789/0] -- mon_subscribe({mgrmap=0+}) v3 -- 0x7f99e410d150 con 0x7f99e40fdbb0
2023-05-16T11:59:37.043 INFO:teuthology.orchestra.run.smithi062.stderr:/usr/bin/ceph:
2023-05-16T11:59:37.032+0000 7f99d27fc700 1 -- 172.21.15.62:0/2328838304 <== mon.0 v2:172.21.15.62:3300/0 3 ==== mon_map magic: 0 v1 ==== 229+0+0 (secure 0 0 0) 0x7f99e001a800 con 0x7f99e40fdbb0
2023-05-16T11:59:37.044 INFO:teuthology.orchestra.run.smithi062.stderr:/usr/bin/ceph:
2023-05-16T11:59:37.032+0000 7f99ea84b700 1 -- 172.21.15.62:0/2328838304 --> [v2:172.21.15.62:3300/0,v1:172.21.15.62:6789/0] -- mon_subscribe({osdmap=0}) v3 -- 0x7f99e410d560 con 0x7f99e40fdbb0
2023-05-16T11:59:37.044 INFO:teuthology.orchestra.run.smithi062.stderr:/usr/bin/ceph:
2023-05-16T11:59:37.033+0000 7f99ea84b700 1 -- 172.21.15.62:0/2328838304 --> [v2:172.21.15.62:3300/0,v1:172.21.15.62:6789/0] -- mon_command({"prefix": "get_command_descriptions"} v 0) v1 -- 0x7f99e4045ad0 con 0x7f99e40fdbb0
2023-05-16T11:59:37.045 INFO:teuthology.orchestra.run.smithi062.stderr:/usr/bin/ceph:
2023-05-16T11:59:37.033+0000 7f99d27fc700 1 -- 172.21.15.62:0/2328838304 <== mon.0 v2:172.21.15.62:3300/0 4 ==== mgrmap(e 11) v1 ==== 36195+0+0 (secure 0 0 0) 0x7f99e000f070 con 0x7f99e40fdbb0
2023-05-16T11:59:37.045 INFO:teuthology.orchestra.run.smithi062.stderr:/usr/bin/ceph:
2023-05-16T11:59:37.033+0000 7f99d27fc700 1 --2- 172.21.15.62:0/2328838304 >> [v2:172.21.15.62:6800/660390469,v1:172.21.15.62:6801/660390469] conn(0x7f99cc02feb0 0x7f99cc032370 unknown :-1 s=NONE pgs=0 cs=0 l=1 rev1=0 rx=0 tx=0).connect
2023-05-16T11:59:37.046 INFO:teuthology.orchestra.run.smithi062.stderr:/usr/bin/ceph:
2023-05-16T11:59:37.033+0000 7f99d27fc700 1 -- 172.21.15.62:0/2328838304 <== mon.0 v2:172.21.15.62:3300/0 5 ==== osd_map(3..3 src has 1..3) v4 ==== 1098+0+0 (secure 0 0 0) 0x7f99e0040f30 con 0x7f99e40fdbb0
2023-05-16T11:59:37.046 INFO:teuthology.orchestra.run.smithi062.stderr:/usr/bin/ceph:
2023-05-16T11:59:37.034+0000 7f99e9048700 1 --2- 172.21.15.62:0/2328838304 >> [v2:172.21.15.62:6800/660390469,v1:172.21.15.62:6801/660390469] conn(0x7f99cc02feb0 0x7f99cc032370 unknown :-1 s=BANNER_CONNECTING pgs=0 cs=0 l=1 rev1=0 rx=0 tx=0)._handle_peer_banner_payload supported=1 required=0
2023-05-16T11:59:37.046 INFO:teuthology.orchestra.run.smithi062.stderr:/usr/bin/ceph:
2023-05-16T11:59:37.034+0000 7f99e9048700 1 --2- 172.21.15.62:0/2328838304 >> [v2:172.21.15.62:6800/660390469,v1:172.21.15.62:6801/660390469] conn(0x7f99cc02feb0 0x7f99cc032370 secure :-1 s=READY pgs=8 cs=0 l=1 rev1=1 rx=0x7f99d40096a0 tx=0x7f99d4006b40).ready entity=mgr.14142 client_cookie=0 server_cookie=0 in_seq=0 out_seq=0
2023-05-16T11:59:37.046 INFO:teuthology.orchestra.run.smithi062.stderr:/usr/bin/ceph:
2023-05-16T11:59:37.038+0000 7f99d27fc700 1 -- 172.21.15.62:0/2328838304 <== mon.0 v2:172.21.15.62:3300/0 6 ==== mon_command_ack([{"prefix": "get_command_descriptions"}]=0 v0) v1 ==== 72+0+152212 (secure 0 0 0) 0x7f99e006d2b0 con 0x7f99e40fdbb0
2023-05-16T11:59:37.232 INFO:teuthology.orchestra.run.smithi062.stderr:/usr/bin/ceph:
2023-05-16T11:59:37.227+0000 7f99ea84b700 1 -- 172.21.15.62:0/2328838304 --> [v2:172.21.15.62:6800/660390469,v1:172.21.15.62:6801/660390469] -- mgr_command(tid 0: {"prefix": "orch apply", "service_type": "alertmanager", "target": ["mon-mgr", ""]}) v1 -- 0x7f99e410de40 con 0x7f99cc02feb0
2023-05-16T11:59:37.235 INFO:teuthology.orchestra.run.smithi062.stderr:/usr/bin/ceph:
2023-05-16T11:59:37.230+0000 7f99d27fc700 1 -- 172.21.15.62:0/2328838304 <== mgr.14142 v2:172.21.15.62:6800/660390469 1 ==== mgr_command_reply(tid 0: 0 ) v1 ==== 8+0+33 (secure 0 0 0) 0x7f99e410de40 con 0x7f99cc02feb0
2023-05-16T11:59:37.235 INFO:teuthology.orchestra.run.smithi062.stderr:/usr/bin/ceph: Scheduled alertmanager update...
2023-05-16T11:59:37.236 INFO:teuthology.orchestra.run.smithi062.stderr:/usr/bin/ceph:
2023-05-16T11:59:37.232+0000 7f99ea84b700 1 -- 172.21.15.62:0/2328838304 >> [v2:172.21.15.62:6800/660390469,v1:172.21.15.62:6801/660390469] conn(0x7f99cc02feb0 msgr2=0x7f99cc032370 secure :-1 s=STATE_CONNECTION_ESTABLISHED l=1).mark_down
2023-05-16T11:59:37.236 INFO:teuthology.orchestra.run.smithi062.stderr:/usr/bin/ceph:
2023-05-16T11:59:37.232+0000 7f99ea84b700 1 --2- 172.21.15.62:0/2328838304 >> [v2:172.21.15.62:6800/660390469,v1:172.21.15.62:6801/660390469] conn(0x7f99cc02feb0 0x7f99cc032370 secure :-1 s=READY pgs=8 cs=0 l=1 rev1=1 rx=0x7f99d40096a0 tx=0x7f99d4006b40).stop
2023-05-16T11:59:37.237 INFO:teuthology.orchestra.run.smithi062.stderr:/usr/bin/ceph:
2023-05-16T11:59:37.232+0000 7f99ea84b700 1 -- 172.21.15.62:0/2328838304 >> [v2:172.21.15.62:3300/0,v1:172.21.15.62:6789/0] conn(0x7f99e40fdbb0 msgr2=0x7f99e410ca60 secure :-1 s=STATE_CONNECTION_ESTABLISHED l=1).mark_down
2023-05-16T11:59:37.238 INFO:teuthology.orchestra.run.smithi062.stderr:/usr/bin/ceph:
2023-05-16T11:59:37.232+0000 7f99ea84b700 1 --2- 172.21.15.62:0/2328838304 >> [v2:172.21.15.62:3300/0,v1:172.21.15.62:6789/0] conn(0x7f99e40fdbb0 0x7f99e410ca60 secure :-1 s=READY pgs=61 cs=0 l=1 rev1=1 rx=0x7f99e0006800 tx=0x7f99e0006ee0).stop
2023-05-16T11:59:37.238 INFO:teuthology.orchestra.run.smithi062.stderr:/usr/bin/ceph:
2023-05-16T11:59:37.232+0000 7f99ea84b700 1 -- 172.21.15.62:0/2328838304 shutdown_connections
2023-05-16T11:59:37.238 INFO:teuthology.orchestra.run.smithi062.stderr:/usr/bin/ceph:
2023-05-16T11:59:37.232+0000 7f99ea84b700 1 --2- 172.21.15.62:0/2328838304 >> [v2:172.21.15.62:6800/660390469,v1:172.21.15.62:6801/660390469] conn(0x7f99cc02feb0 0x7f99cc032370 unknown :-1 s=CLOSED pgs=8 cs=0 l=1 rev1=1 rx=0 tx=0).stop
2023-05-16T11:59:37.238 INFO:teuthology.orchestra.run.smithi062.stderr:/usr/bin/ceph:
2023-05-16T11:59:37.232+0000 7f99ea84b700 1 --2- 172.21.15.62:0/2328838304 >> [v2:172.21.15.62:3300/0,v1:172.21.15.62:6789/0] conn(0x7f99e40fdbb0 0x7f99e410ca60 unknown :-1 s=CLOSED pgs=61 cs=0 l=1 rev1=1 rx=0 tx=0).stop
2023-05-16T11:59:37.238 INFO:teuthology.orchestra.run.smithi062.stderr:/usr/bin/ceph:
2023-05-16T11:59:37.232+0000 7f99ea84b700 1 -- 172.21.15.62:0/2328838304 >> 172.21.15.62:0/2328838304 conn(0x7f99e4071160 msgr2=0x7f99e40fc5d0 unknown :-1 s=STATE_NONE l=0).mark_down
2023-05-16T11:59:37.238 INFO:teuthology.orchestra.run.smithi062.stderr:/usr/bin/ceph:
2023-05-16T11:59:37.232+0000 7f99ea84b700 1 -- 172.21.15.62:0/2328838304 shutdown_connections
2023-05-16T11:59:37.239 INFO:teuthology.orchestra.run.smithi062.stderr:/usr/bin/ceph:
2023-05-16T11:59:37.232+0000 7f99ea84b700 1 -- 172.21.15.62:0/2328838304 wait complete.
2023-05-16T11:59:37.497 INFO:journalctl@ceph.mon.smithi062.smithi062.stdout:May 16 11:59:37 smithi062 ceph-f8f77882-f3e0-11ed-9b02-001a4aab830c-mon.smithi062[101157]: audit
2023-05-16T11:59:36.224518+0000 mgr.smithi062.gaijep (mgr.14142) 5 : audit [DBG] from='client.14152 -' entity='client.admin' cmd=[{"prefix": "orch apply", "service_type": "node-exporter", "target": ["mon-mgr", ""]}]: dispatch
2023-05-16T11:59:37.497 INFO:journalctl@ceph.mon.smithi062.smithi062.stdout:May 16 11:59:37 smithi062 ceph-f8f77882-f3e0-11ed-9b02-001a4aab830c-mon.smithi062[101157]: cephadm
2023-05-16T11:59:36.225135+0000 mgr.smithi062.gaijep (mgr.14142) 6 : cephadm [INF] Saving service node-exporter spec with placement *
2023-05-16T11:59:37.498 INFO:journalctl@ceph.mon.smithi062.smithi062.stdout:May 16 11:59:37 smithi062 ceph-f8f77882-f3e0-11ed-9b02-001a4aab830c-mon.smithi062[101157]: audit
2023-05-16T11:59:36.227166+0000 mon.smithi062 (mon.0) 83 : audit [INF] from='mgr.14142 172.21.15.62:0/2837474436' entity='mgr.smithi062.gaijep'
2023-05-16T11:59:37.604 INFO:teuthology.orchestra.run.smithi062.stderr:Running command: /bin/podman run --rm --ipc=host --no-hosts --net=host --entrypoint /usr/bin/ceph --init -e CONTAINER_IMAGE=docker.io/ceph/ceph:v16.2.4 -e NODE_NAME=smithi062 -e CEPH_USE_RANDOM_NONCE=1 -v /var/log/ceph/f8f77882-f3e0-11ed-9b02-001a4aab830c:/var/log/ceph:z -v /tmp/ceph-tmpmx_w5bfv:/etc/ceph/ceph.client.admin.keyring:z -v /tmp/ceph-tmpanwf4c3i:/etc/ceph/ceph.conf:z docker.io/ceph/ceph:v16.2.4 config set mgr mgr/cephadm/container_init True --force
2023-05-16T11:59:38.054 INFO:teuthology.orchestra.run.smithi062.stderr:/usr/bin/ceph:
2023-05-16T11:59:38.049+0000 7fd6ad4ff700 1 Processor -- start
2023-05-16T11:59:38.054 INFO:teuthology.orchestra.run.smithi062.stderr:/usr/bin/ceph:
2023-05-16T11:59:38.049+0000 7fd6ad4ff700 1 -- start start
2023-05-16T11:59:38.055 INFO:teuthology.orchestra.run.smithi062.stderr:/usr/bin/ceph:
2023-05-16T11:59:38.049+0000 7fd6ad4ff700 1 --2- >> [v2:172.21.15.62:3300/0,v1:172.21.15.62:6789/0] conn(0x7fd6a8071c90 0x7fd6a8070230 unknown :-1 s=NONE pgs=0 cs=0 l=0 rev1=0 rx=0 tx=0).connect
2023-05-16T11:59:38.055 INFO:teuthology.orchestra.run.smithi062.stderr:/usr/bin/ceph:
2023-05-16T11:59:38.049+0000 7fd6ad4ff700 1 -- --> [v2:172.21.15.62:3300/0,v1:172.21.15.62:6789/0] -- mon_getmap magic: 0 v1 -- 0x7fd6a80720b0 con 0x7fd6a8071c90
2023-05-16T11:59:38.055 INFO:teuthology.orchestra.run.smithi062.stderr:/usr/bin/ceph:
2023-05-16T11:59:38.049+0000 7fd6a7fff700 1 --2- >> [v2:172.21.15.62:3300/0,v1:172.21.15.62:6789/0] conn(0x7fd6a8071c90 0x7fd6a8070230 unknown :-1 s=BANNER_CONNECTING pgs=0 cs=0 l=0 rev1=0 rx=0 tx=0)._handle_peer_banner_payload supported=1 required=0
2023-05-16T11:59:38.055 INFO:teuthology.orchestra.run.smithi062.stderr:/usr/bin/ceph:
2023-05-16T11:59:38.049+0000 7fd6a7fff700 1 --2- >> [v2:172.21.15.62:3300/0,v1:172.21.15.62:6789/0] conn(0x7fd6a8071c90 0x7fd6a8070230 unknown :-1 s=HELLO_CONNECTING pgs=0 cs=0 l=0 rev1=1 rx=0 tx=0).handle_hello peer v2:172.21.15.62:3300/0 says I am v2:172.21.15.62:58108/0 (socket says 172.21.15.62:58108)
2023-05-16T11:59:38.055 INFO:teuthology.orchestra.run.smithi062.stderr:/usr/bin/ceph:
2023-05-16T11:59:38.049+0000 7fd6a7fff700 1 -- 172.21.15.62:0/3509549743 learned_addr learned my addr 172.21.15.62:0/3509549743 (peer_addr_for_me v2:172.21.15.62:0/0)
2023-05-16T11:59:38.055 INFO:teuthology.orchestra.run.smithi062.stderr:/usr/bin/ceph:
2023-05-16T11:59:38.050+0000 7fd6a7fff700 1 -- 172.21.15.62:0/3509549743 --> [v2:172.21.15.62:3300/0,v1:172.21.15.62:6789/0] -- mon_subscribe({config=0+,monmap=0+}) v3 -- 0x7fd6a8070720 con 0x7fd6a8071c90
2023-05-16T11:59:38.055 INFO:teuthology.orchestra.run.smithi062.stderr:/usr/bin/ceph:
2023-05-16T11:59:38.050+0000 7fd6a7fff700 1 --2- 172.21.15.62:0/3509549743 >> [v2:172.21.15.62:3300/0,v1:172.21.15.62:6789/0] conn(0x7fd6a8071c90 0x7fd6a8070230 secure :-1 s=READY pgs=62 cs=0 l=1 rev1=1 rx=0x7fd69800b5f0 tx=0x7fd698006ee0).ready entity=mon.0 client_cookie=69eccbedcacf300c server_cookie=0 in_seq=0 out_seq=0
2023-05-16T11:59:38.056 INFO:teuthology.orchestra.run.smithi062.stderr:/usr/bin/ceph:
2023-05-16T11:59:38.050+0000 7fd6a6ffd700 1 -- 172.21.15.62:0/3509549743 <== mon.0 v2:172.21.15.62:3300/0 1 ==== mon_map magic: 0 v1 ==== 229+0+0 (secure 0 0 0) 0x7fd69800d600 con 0x7fd6a8071c90
2023-05-16T11:59:38.056 INFO:teuthology.orchestra.run.smithi062.stderr:/usr/bin/ceph:
2023-05-16T11:59:38.050+0000 7fd6a6ffd700 1 -- 172.21.15.62:0/3509549743 <== mon.0 v2:172.21.15.62:3300/0 2 ==== config(25 keys) v1 ==== 1074+0+0 (secure 0 0 0) 0x7fd69800dc10 con 0x7fd6a8071c90
2023-05-16T11:59:38.058 INFO:teuthology.orchestra.run.smithi062.stderr:/usr/bin/ceph:
2023-05-16T11:59:38.050+0000 7fd6a6ffd700 1 -- 172.21.15.62:0/3509549743 <== mon.0 v2:172.21.15.62:3300/0 3 ==== mon_map magic: 0 v1 ==== 229+0+0 (secure 0 0 0) 0x7fd698011cd0 con 0x7fd6a8071c90
2023-05-16T11:59:38.058 INFO:teuthology.orchestra.run.smithi062.stderr:/usr/bin/ceph:
2023-05-16T11:59:38.050+0000 7fd6ad4ff700 1 -- 172.21.15.62:0/3509549743 >> [v2:172.21.15.62:3300/0,v1:172.21.15.62:6789/0] conn(0x7fd6a8071c90 msgr2=0x7fd6a8070230 secure :-1 s=STATE_CONNECTION_ESTABLISHED l=1).mark_down
2023-05-16T11:59:38.058 INFO:teuthology.orchestra.run.smithi062.stderr:/usr/bin/ceph:
2023-05-16T11:59:38.050+0000 7fd6ad4ff700 1 --2- 172.21.15.62:0/3509549743 >> [v2:172.21.15.62:3300/0,v1:172.21.15.62:6789/0] conn(0x7fd6a8071c90 0x7fd6a8070230 secure :-1 s=READY pgs=62 cs=0 l=1 rev1=1 rx=0x7fd69800b5f0 tx=0x7fd698006ee0).stop
2023-05-16T11:59:38.059 INFO:teuthology.orchestra.run.smithi062.stderr:/usr/bin/ceph:
2023-05-16T11:59:38.051+0000 7fd6ad4ff700 1 -- 172.21.15.62:0/3509549743 shutdown_connections
2023-05-16T11:59:38.059 INFO:teuthology.orchestra.run.smithi062.stderr:/usr/bin/ceph:
2023-05-16T11:59:38.051+0000 7fd6ad4ff700 1 --2- 172.21.15.62:0/3509549743 >> [v2:172.21.15.62:3300/0,v1:172.21.15.62:6789/0] conn(0x7fd6a8071c90 0x7fd6a8070230 unknown :-1 s=CLOSED pgs=62 cs=0 l=1 rev1=1 rx=0 tx=0).stop
2023-05-16T11:59:38.059 INFO:teuthology.orchestra.run.smithi062.stderr:/usr/bin/ceph:
2023-05-16T11:59:38.051+0000 7fd6ad4ff700 1 -- 172.21.15.62:0/3509549743 >> 172.21.15.62:0/3509549743 conn(0x7fd6a80f71d0 msgr2=0x7fd6a80f95f0 unknown :-1 s=STATE_NONE l=0).mark_down
2023-05-16T11:59:38.059 INFO:teuthology.orchestra.run.smithi062.stderr:/usr/bin/ceph:
2023-05-16T11:59:38.051+0000 7fd6ad4ff700 1 -- 172.21.15.62:0/3509549743 shutdown_connections
2023-05-16T11:59:38.059 INFO:teuthology.orchestra.run.smithi062.stderr:/usr/bin/ceph:
2023-05-16T11:59:38.051+0000 7fd6ad4ff700 1 -- 172.21.15.62:0/3509549743 wait complete.
2023-05-16T11:59:38.059 INFO:teuthology.orchestra.run.smithi062.stderr:/usr/bin/ceph:
2023-05-16T11:59:38.051+0000 7fd6ad4ff700 1 Processor -- start
2023-05-16T11:59:38.059 INFO:teuthology.orchestra.run.smithi062.stderr:/usr/bin/ceph:
2023-05-16T11:59:38.051+0000 7fd6ad4ff700 1 -- start start
2023-05-16T11:59:38.060 INFO:teuthology.orchestra.run.smithi062.stderr:/usr/bin/ceph:
2023-05-16T11:59:38.052+0000 7fd6ad4ff700 1 --2- >> [v2:172.21.15.62:3300/0,v1:172.21.15.62:6789/0] conn(0x7fd6a8071c90 0x7fd6a810caa0 unknown :-1 s=NONE pgs=0 cs=0 l=1 rev1=0 rx=0 tx=0).connect
2023-05-16T11:59:38.060 INFO:teuthology.orchestra.run.smithi062.stderr:/usr/bin/ceph:
2023-05-16T11:59:38.052+0000 7fd6ad4ff700 1 -- --> [v2:172.21.15.62:3300/0,v1:172.21.15.62:6789/0] -- mon_getmap magic: 0 v1 -- 0x7fd6a810cf90 con 0x7fd6a8071c90
2023-05-16T11:59:38.060 INFO:teuthology.orchestra.run.smithi062.stderr:/usr/bin/ceph:
2023-05-16T11:59:38.052+0000 7fd6a7fff700 1 --2- >> [v2:172.21.15.62:3300/0,v1:172.21.15.62:6789/0] conn(0x7fd6a8071c90 0x7fd6a810caa0 unknown :-1 s=BANNER_CONNECTING pgs=0 cs=0 l=1 rev1=0 rx=0 tx=0)._handle_peer_banner_payload supported=1 required=0
2023-05-16T11:59:38.060 INFO:teuthology.orchestra.run.smithi062.stderr:/usr/bin/ceph:
2023-05-16T11:59:38.052+0000 7fd6a7fff700 1 --2- >> [v2:172.21.15.62:3300/0,v1:172.21.15.62:6789/0] conn(0x7fd6a8071c90 0x7fd6a810caa0 unknown :-1 s=HELLO_CONNECTING pgs=0 cs=0 l=1 rev1=1 rx=0 tx=0).handle_hello peer v2:172.21.15.62:3300/0 says I am v2:172.21.15.62:58120/0 (socket says 172.21.15.62:58120)
2023-05-16T11:59:38.061 INFO:teuthology.orchestra.run.smithi062.stderr:/usr/bin/ceph:
2023-05-16T11:59:38.052+0000 7fd6a7fff700 1 -- 172.21.15.62:0/4262607351 learned_addr learned my addr 172.21.15.62:0/4262607351 (peer_addr_for_me v2:172.21.15.62:0/0)
2023-05-16T11:59:38.061 INFO:teuthology.orchestra.run.smithi062.stderr:/usr/bin/ceph:
2023-05-16T11:59:38.052+0000 7fd6a7fff700 1 -- 172.21.15.62:0/4262607351 --> [v2:172.21.15.62:3300/0,v1:172.21.15.62:6789/0] -- mon_subscribe({config=0+,monmap=0+}) v3 -- 0x7fd69800b200 con 0x7fd6a8071c90
2023-05-16T11:59:38.061 INFO:teuthology.orchestra.run.smithi062.stderr:/usr/bin/ceph:
2023-05-16T11:59:38.052+0000 7fd6a7fff700 1 --2- 172.21.15.62:0/4262607351 >> [v2:172.21.15.62:3300/0,v1:172.21.15.62:6789/0] conn(0x7fd6a8071c90 0x7fd6a810caa0 secure :-1 s=READY pgs=63 cs=0 l=1 rev1=1 rx=0x7fd69800df90 tx=0x7fd698006ee0).ready entity=mon.0 client_cookie=0 server_cookie=0 in_seq=0 out_seq=0
2023-05-16T11:59:38.061 INFO:teuthology.orchestra.run.smithi062.stderr:/usr/bin/ceph:
2023-05-16T11:59:38.052+0000 7fd6a4ff9700 1 -- 172.21.15.62:0/4262607351 <== mon.0 v2:172.21.15.62:3300/0 1 ==== mon_map magic: 0 v1 ==== 229+0+0 (secure 0 0 0) 0x7fd698011da0 con 0x7fd6a8071c90
2023-05-16T11:59:38.061 INFO:teuthology.orchestra.run.smithi062.stderr:/usr/bin/ceph:
2023-05-16T11:59:38.052+0000 7fd6a4ff9700 1 -- 172.21.15.62:0/4262607351 <== mon.0 v2:172.21.15.62:3300/0 2 ==== config(25 keys) v1 ==== 1074+0+0 (secure 0 0 0) 0x7fd69801b8c0 con 0x7fd6a8071c90
2023-05-16T11:59:38.061 INFO:teuthology.orchestra.run.smithi062.stderr:/usr/bin/ceph:
2023-05-16T11:59:38.052+0000 7fd6ad4ff700 1 -- 172.21.15.62:0/4262607351 --> [v2:172.21.15.62:3300/0,v1:172.21.15.62:6789/0] -- mon_subscribe({mgrmap=0+}) v3 -- 0x7fd6a810d190 con 0x7fd6a8071c90
2023-05-16T11:59:38.061 INFO:teuthology.orchestra.run.smithi062.stderr:/usr/bin/ceph:
2023-05-16T11:59:38.052+0000 7fd6a4ff9700 1 -- 172.21.15.62:0/4262607351 <== mon.0 v2:172.21.15.62:3300/0 3 ==== mon_map magic: 0 v1 ==== 229+0+0 (secure 0 0 0) 0x7fd69801a930 con 0x7fd6a8071c90
2023-05-16T11:59:38.062 INFO:teuthology.orchestra.run.smithi062.stderr:/usr/bin/ceph:
2023-05-16T11:59:38.052+0000 7fd6ad4ff700 1 -- 172.21.15.62:0/4262607351 --> [v2:172.21.15.62:3300/0,v1:172.21.15.62:6789/0] -- mon_subscribe({osdmap=0}) v3 -- 0x7fd6a810d5a0 con 0x7fd6a8071c90
2023-05-16T11:59:38.062 INFO:teuthology.orchestra.run.smithi062.stderr:/usr/bin/ceph:
2023-05-16T11:59:38.053+0000 7fd6a4ff9700 1 -- 172.21.15.62:0/4262607351 <== mon.0 v2:172.21.15.62:3300/0 4 ==== mgrmap(e 11) v1 ==== 36195+0+0 (secure 0 0 0) 0x7fd69800f070 con 0x7fd6a8071c90
2023-05-16T11:59:38.062 INFO:teuthology.orchestra.run.smithi062.stderr:/usr/bin/ceph:
2023-05-16T11:59:38.053+0000 7fd6a4ff9700 1 --2- 172.21.15.62:0/4262607351 >> [v2:172.21.15.62:6800/660390469,v1:172.21.15.62:6801/660390469] conn(0x7fd69402fe60 0x7fd694032320 unknown :-1 s=NONE pgs=0 cs=0 l=1 rev1=0 rx=0 tx=0).connect
2023-05-16T11:59:38.062 INFO:teuthology.orchestra.run.smithi062.stderr:/usr/bin/ceph:
2023-05-16T11:59:38.053+0000 7fd6a4ff9700 1 -- 172.21.15.62:0/4262607351 <== mon.0 v2:172.21.15.62:3300/0 5 ==== osd_map(3..3 src has 1..3) v4 ==== 1098+0+0 (secure 0 0 0) 0x7fd698041150 con 0x7fd6a8071c90
2023-05-16T11:59:38.062 INFO:teuthology.orchestra.run.smithi062.stderr:/usr/bin/ceph:
2023-05-16T11:59:38.053+0000 7fd6a77fe700 1 --2- 172.21.15.62:0/4262607351 >> [v2:172.21.15.62:6800/660390469,v1:172.21.15.62:6801/660390469] conn(0x7fd69402fe60 0x7fd694032320 unknown :-1 s=BANNER_CONNECTING pgs=0 cs=0 l=1 rev1=0 rx=0 tx=0)._handle_peer_banner_payload supported=1 required=0
2023-05-16T11:59:38.062 INFO:teuthology.orchestra.run.smithi062.stderr:/usr/bin/ceph:
2023-05-16T11:59:38.054+0000 7fd6ad4ff700 1 -- 172.21.15.62:0/4262607351 --> [v2:172.21.15.62:3300/0,v1:172.21.15.62:6789/0] -- mon_command({"prefix": "get_command_descriptions"} v 0) v1 -- 0x7fd6a8059100 con 0x7fd6a8071c90
2023-05-16T11:59:38.062 INFO:teuthology.orchestra.run.smithi062.stderr:/usr/bin/ceph:
2023-05-16T11:59:38.054+0000 7fd6a77fe700 1 --2- 172.21.15.62:0/4262607351 >> [v2:172.21.15.62:6800/660390469,v1:172.21.15.62:6801/660390469] conn(0x7fd69402fe60 0x7fd694032320 secure :-1 s=READY pgs=9 cs=0 l=1 rev1=1 rx=0x7fd69c0096a0 tx=0x7fd69c006b40).ready entity=mgr.14142 client_cookie=0 server_cookie=0 in_seq=0 out_seq=0
2023-05-16T11:59:38.063 INFO:teuthology.orchestra.run.smithi062.stderr:/usr/bin/ceph:
2023-05-16T11:59:38.058+0000 7fd6a4ff9700 1 -- 172.21.15.62:0/4262607351 <== mon.0 v2:172.21.15.62:3300/0 6 ==== mon_command_ack([{"prefix": "get_command_descriptions"}]=0 v0) v1 ==== 72+0+152212 (secure 0 0 0) 0x7fd698016070 con 0x7fd6a8071c90
2023-05-16T11:59:38.220 INFO:teuthology.orchestra.run.smithi062.stderr:/usr/bin/ceph:
2023-05-16T11:59:38.216+0000 7fd6ad4ff700 1 -- 172.21.15.62:0/4262607351 --> [v2:172.21.15.62:3300/0,v1:172.21.15.62:6789/0] -- mon_command([{prefix=config set, name=mgr/cephadm/container_init}] v 0) v1 -- 0x7fd6a8106850 con 0x7fd6a8071c90
2023-05-16T11:59:38.223 INFO:teuthology.orchestra.run.smithi062.stderr:/usr/bin/ceph:
2023-05-16T11:59:38.219+0000 7fd6a4ff9700 1 -- 172.21.15.62:0/4262607351 <== mon.0 v2:172.21.15.62:3300/0 7 ==== mon_command_ack([{prefix=config set, name=mgr/cephadm/container_init}]=0 v9)=0 v9) v1 ==== 142+0+0 (secure 0 0 0) 0x7fd698010be0 con 0x7fd6a8071c90
2023-05-16T11:59:38.225 INFO:teuthology.orchestra.run.smithi062.stderr:/usr/bin/ceph:
2023-05-16T11:59:38.220+0000 7fd6ad4ff700 1 -- 172.21.15.62:0/4262607351 >> [v2:172.21.15.62:6800/660390469,v1:172.21.15.62:6801/660390469] conn(0x7fd69402fe60 msgr2=0x7fd694032320 secure :-1 s=STATE_CONNECTION_ESTABLISHED l=1).mark_down
2023-05-16T11:59:38.225 INFO:teuthology.orchestra.run.smithi062.stderr:/usr/bin/ceph:
2023-05-16T11:59:38.220+0000 7fd6ad4ff700 1 --2- 172.21.15.62:0/4262607351 >> [v2:172.21.15.62:6800/660390469,v1:172.21.15.62:6801/660390469] conn(0x7fd69402fe60 0x7fd694032320 secure :-1 s=READY pgs=9 cs=0 l=1 rev1=1 rx=0x7fd69c0096a0 tx=0x7fd69c006b40).stop
2023-05-16T11:59:38.225 INFO:teuthology.orchestra.run.smithi062.stderr:/usr/bin/ceph:
2023-05-16T11:59:38.220+0000 7fd6ad4ff700 1 -- 172.21.15.62:0/4262607351 >> [v2:172.21.15.62:3300/0,v1:172.21.15.62:6789/0] conn(0x7fd6a8071c90 msgr2=0x7fd6a810caa0 secure :-1 s=STATE_CONNECTION_ESTABLISHED l=1).mark_down
2023-05-16T11:59:38.226 INFO:teuthology.orchestra.run.smithi062.stderr:/usr/bin/ceph:
2023-05-16T11:59:38.220+0000 7fd6ad4ff700 1 --2- 172.21.15.62:0/4262607351 >> [v2:172.21.15.62:3300/0,v1:172.21.15.62:6789/0] conn(0x7fd6a8071c90 0x7fd6a810caa0 secure :-1 s=READY pgs=63 cs=0 l=1 rev1=1 rx=0x7fd69800df90 tx=0x7fd698006ee0).stop
2023-05-16T11:59:38.226 INFO:teuthology.orchestra.run.smithi062.stderr:/usr/bin/ceph:
2023-05-16T11:59:38.220+0000 7fd6ad4ff700 1 -- 172.21.15.62:0/4262607351 shutdown_connections
2023-05-16T11:59:38.226 INFO:teuthology.orchestra.run.smithi062.stderr:/usr/bin/ceph:
2023-05-16T11:59:38.220+0000 7fd6ad4ff700 1 --2- 172.21.15.62:0/4262607351 >> [v2:172.21.15.62:6800/660390469,v1:172.21.15.62:6801/660390469] conn(0x7fd69402fe60 0x7fd694032320 unknown :-1 s=CLOSED pgs=9 cs=0 l=1 rev1=1 rx=0 tx=0).stop
2023-05-16T11:59:38.226 INFO:teuthology.orchestra.run.smithi062.stderr:/usr/bin/ceph:
2023-05-16T11:59:38.220+0000 7fd6ad4ff700 1 --2- 172.21.15.62:0/4262607351 >> [v2:172.21.15.62:3300/0,v1:172.21.15.62:6789/0] conn(0x7fd6a8071c90 0x7fd6a810caa0 unknown :-1 s=CLOSED pgs=63 cs=0 l=1 rev1=1 rx=0 tx=0).stop
2023-05-16T11:59:38.226 INFO:teuthology.orchestra.run.smithi062.stderr:/usr/bin/ceph:
2023-05-16T11:59:38.220+0000 7fd6ad4ff700 1 -- 172.21.15.62:0/4262607351 >> 172.21.15.62:0/4262607351 conn(0x7fd6a80f71d0 msgr2=0x7fd6a80f8db0 unknown :-1 s=STATE_NONE l=0).mark_down
2023-05-16T11:59:38.226 INFO:teuthology.orchestra.run.smithi062.stderr:/usr/bin/ceph:
2023-05-16T11:59:38.221+0000 7fd6ad4ff700 1 -- 172.21.15.62:0/4262607351 shutdown_connections
2023-05-16T11:59:38.227 INFO:teuthology.orchestra.run.smithi062.stderr:/usr/bin/ceph:
2023-05-16T11:59:38.221+0000 7fd6ad4ff700 1 -- 172.21.15.62:0/4262607351 wait complete.
2023-05-16T11:59:38.496 INFO:journalctl@ceph.mon.smithi062.smithi062.stdout:May 16 11:59:38 smithi062 ceph-f8f77882-f3e0-11ed-9b02-001a4aab830c-mon.smithi062[101157]: audit
2023-05-16T11:59:37.229232+0000 mgr.smithi062.gaijep (mgr.14142) 7 : audit [DBG] from='client.14154 -' entity='client.admin' cmd=[{"prefix": "orch apply", "service_type": "alertmanager", "target": ["mon-mgr", ""]}]: dispatch
2023-05-16T11:59:38.496 INFO:journalctl@ceph.mon.smithi062.smithi062.stdout:May 16 11:59:38 smithi062 ceph-f8f77882-f3e0-11ed-9b02-001a4aab830c-mon.smithi062[101157]: cephadm
2023-05-16T11:59:37.229703+0000 mgr.smithi062.gaijep (mgr.14142) 8 : cephadm [INF] Saving service alertmanager spec with placement count:1
2023-05-16T11:59:38.496 INFO:journalctl@ceph.mon.smithi062.smithi062.stdout:May 16 11:59:38 smithi062 ceph-f8f77882-f3e0-11ed-9b02-001a4aab830c-mon.smithi062[101157]: audit
2023-05-16T11:59:37.231438+0000 mon.smithi062 (mon.0) 84 : audit [INF] from='mgr.14142 172.21.15.62:0/2837474436' entity='mgr.smithi062.gaijep'
2023-05-16T11:59:38.496 INFO:journalctl@ceph.mon.smithi062.smithi062.stdout:May 16 11:59:38 smithi062 ceph-f8f77882-f3e0-11ed-9b02-001a4aab830c-mon.smithi062[101157]: audit
2023-05-16T11:59:38.220014+0000 mon.smithi062 (mon.0) 85 : audit [INF] from='client.? 172.21.15.62:0/4262607351' entity='client.admin'
2023-05-16T11:59:38.570 INFO:teuthology.orchestra.run.smithi062.stderr:Running command: /bin/podman run --rm --ipc=host --no-hosts --net=host --entrypoint /usr/bin/ceph --init -e CONTAINER_IMAGE=docker.io/ceph/ceph:v16.2.4 -e NODE_NAME=smithi062 -e CEPH_USE_RANDOM_NONCE=1 -v /var/log/ceph/f8f77882-f3e0-11ed-9b02-001a4aab830c:/var/log/ceph:z -v /tmp/ceph-tmpmx_w5bfv:/etc/ceph/ceph.client.admin.keyring:z -v /tmp/ceph-tmpanwf4c3i:/etc/ceph/ceph.conf:z docker.io/ceph/ceph:v16.2.4 config set mgr mgr/dashboard/ssl_server_port 8443
2023-05-16T11:59:39.032 INFO:teuthology.orchestra.run.smithi062.stderr:/usr/bin/ceph:
2023-05-16T11:59:39.025+0000 7f91952ed700 1 Processor -- start
2023-05-16T11:59:39.032 INFO:teuthology.orchestra.run.smithi062.stderr:/usr/bin/ceph:
2023-05-16T11:59:39.025+0000 7f91952ed700 1 -- start start
2023-05-16T11:59:39.032 INFO:teuthology.orchestra.run.smithi062.stderr:/usr/bin/ceph:
2023-05-16T11:59:39.026+0000 7f91952ed700 1 --2- >> [v2:172.21.15.62:3300/0,v1:172.21.15.62:6789/0] conn(0x7f919006fcd0 0x7f9190100ba0 unknown :-1 s=NONE pgs=0 cs=0 l=0 rev1=0 rx=0 tx=0).connect
2023-05-16T11:59:39.032 INFO:teuthology.orchestra.run.smithi062.stderr:/usr/bin/ceph:
2023-05-16T11:59:39.026+0000 7f91952ed700 1 -- --> [v2:172.21.15.62:3300/0,v1:172.21.15.62:6789/0] -- mon_getmap magic: 0 v1 -- 0x7f91900fc620 con 0x7f919006fcd0
2023-05-16T11:59:39.033 INFO:teuthology.orchestra.run.smithi062.stderr:/usr/bin/ceph:
2023-05-16T11:59:39.026+0000 7f918effd700 1 --2- >> [v2:172.21.15.62:3300/0,v1:172.21.15.62:6789/0] conn(0x7f919006fcd0 0x7f9190100ba0 unknown :-1 s=BANNER_CONNECTING pgs=0 cs=0 l=0 rev1=0 rx=0 tx=0)._handle_peer_banner_payload supported=1 required=0
2023-05-16T11:59:39.033 INFO:teuthology.orchestra.run.smithi062.stderr:/usr/bin/ceph:
2023-05-16T11:59:39.026+0000 7f918effd700 1 --2- >> [v2:172.21.15.62:3300/0,v1:172.21.15.62:6789/0] conn(0x7f919006fcd0 0x7f9190100ba0 unknown :-1 s=HELLO_CONNECTING pgs=0 cs=0 l=0 rev1=1 rx=0 tx=0).handle_hello peer v2:172.21.15.62:3300/0 says I am v2:172.21.15.62:58130/0 (socket says 172.21.15.62:58130)
2023-05-16T11:59:39.033 INFO:teuthology.orchestra.run.smithi062.stderr:/usr/bin/ceph:
2023-05-16T11:59:39.026+0000 7f918effd700 1 -- 172.21.15.62:0/1802136126 learned_addr learned my addr 172.21.15.62:0/1802136126 (peer_addr_for_me v2:172.21.15.62:0/0)
2023-05-16T11:59:39.033 INFO:teuthology.orchestra.run.smithi062.stderr:/usr/bin/ceph:
2023-05-16T11:59:39.026+0000 7f918effd700 1 -- 172.21.15.62:0/1802136126 --> [v2:172.21.15.62:3300/0,v1:172.21.15.62:6789/0] -- mon_subscribe({config=0+,monmap=0+}) v3 -- 0x7f9190101090 con 0x7f919006fcd0
2023-05-16T11:59:39.034 INFO:teuthology.orchestra.run.smithi062.stderr:/usr/bin/ceph:
2023-05-16T11:59:39.026+0000 7f918effd700 1 --2- 172.21.15.62:0/1802136126 >> [v2:172.21.15.62:3300/0,v1:172.21.15.62:6789/0] conn(0x7f919006fcd0 0x7f9190100ba0 secure :-1 s=READY pgs=64 cs=0 l=1 rev1=1 rx=0x7f918000b5f0 tx=0x7f9180006ee0).ready entity=mon.0 client_cookie=b6a816b0d035eab7 server_cookie=0 in_seq=0 out_seq=0
2023-05-16T11:59:39.034 INFO:teuthology.orchestra.run.smithi062.stderr:/usr/bin/ceph:
2023-05-16T11:59:39.026+0000 7f918e7fc700 1 -- 172.21.15.62:0/1802136126 <== mon.0 v2:172.21.15.62:3300/0 1 ==== mon_map magic: 0 v1 ==== 229+0+0 (secure 0 0 0) 0x7f918000d600 con 0x7f919006fcd0
2023-05-16T11:59:39.034 INFO:teuthology.orchestra.run.smithi062.stderr:/usr/bin/ceph:
2023-05-16T11:59:39.026+0000 7f918e7fc700 1 -- 172.21.15.62:0/1802136126 <== mon.0 v2:172.21.15.62:3300/0 2 ==== config(25 keys) v1 ==== 1074+0+0 (secure 0 0 0) 0x7f918000dc10 con 0x7f919006fcd0
2023-05-16T11:59:39.035 INFO:teuthology.orchestra.run.smithi062.stderr:/usr/bin/ceph:
2023-05-16T11:59:39.026+0000 7f918e7fc700 1 -- 172.21.15.62:0/1802136126 <== mon.0 v2:172.21.15.62:3300/0 3 ==== mon_map magic: 0 v1 ==== 229+0+0 (secure 0 0 0) 0x7f9180011cd0 con 0x7f919006fcd0
2023-05-16T11:59:39.035 INFO:teuthology.orchestra.run.smithi062.stderr:/usr/bin/ceph:
2023-05-16T11:59:39.027+0000 7f91952ed700 1 -- 172.21.15.62:0/1802136126 >> [v2:172.21.15.62:3300/0,v1:172.21.15.62:6789/0] conn(0x7f919006fcd0 msgr2=0x7f9190100ba0 secure :-1 s=STATE_CONNECTION_ESTABLISHED l=1).mark_down
2023-05-16T11:59:39.035 INFO:teuthology.orchestra.run.smithi062.stderr:/usr/bin/ceph:
2023-05-16T11:59:39.027+0000 7f91952ed700 1 --2- 172.21.15.62:0/1802136126 >> [v2:172.21.15.62:3300/0,v1:172.21.15.62:6789/0] conn(0x7f919006fcd0 0x7f9190100ba0 secure :-1 s=READY pgs=64 cs=0 l=1 rev1=1 rx=0x7f918000b5f0 tx=0x7f9180006ee0).stop
2023-05-16T11:59:39.036 INFO:teuthology.orchestra.run.smithi062.stderr:/usr/bin/ceph:
2023-05-16T11:59:39.027+0000 7f91952ed700 1 -- 172.21.15.62:0/1802136126 shutdown_connections
2023-05-16T11:59:39.036 INFO:teuthology.orchestra.run.smithi062.stderr:/usr/bin/ceph:
2023-05-16T11:59:39.027+0000 7f91952ed700 1 --2- 172.21.15.62:0/1802136126 >> [v2:172.21.15.62:3300/0,v1:172.21.15.62:6789/0] conn(0x7f919006fcd0 0x7f9190100ba0 unknown :-1 s=CLOSED pgs=64 cs=0 l=1 rev1=1 rx=0 tx=0).stop
2023-05-16T11:59:39.036 INFO:teuthology.orchestra.run.smithi062.stderr:/usr/bin/ceph:
2023-05-16T11:59:39.027+0000 7f91952ed700 1 -- 172.21.15.62:0/1802136126 >> 172.21.15.62:0/1802136126 conn(0x7f91900f6280 msgr2=0x7f91900f86a0 unknown :-1 s=STATE_NONE l=0).mark_down
2023-05-16T11:59:39.041 INFO:teuthology.orchestra.run.smithi062.stderr:/usr/bin/ceph:
2023-05-16T11:59:39.027+0000 7f91952ed700 1 -- 172.21.15.62:0/1802136126 shutdown_connections
2023-05-16T11:59:39.041 INFO:teuthology.orchestra.run.smithi062.stderr:/usr/bin/ceph:
2023-05-16T11:59:39.027+0000 7f91952ed700 1 -- 172.21.15.62:0/1802136126 wait complete.
2023-05-16T11:59:39.042 INFO:teuthology.orchestra.run.smithi062.stderr:/usr/bin/ceph:
2023-05-16T11:59:39.028+0000 7f91952ed700 1 Processor -- start
2023-05-16T11:59:39.042 INFO:teuthology.orchestra.run.smithi062.stderr:/usr/bin/ceph:
2023-05-16T11:59:39.028+0000 7f91952ed700 1 -- start start
2023-05-16T11:59:39.042 INFO:teuthology.orchestra.run.smithi062.stderr:/usr/bin/ceph:
2023-05-16T11:59:39.028+0000 7f91952ed700 1 --2- >> [v2:172.21.15.62:3300/0,v1:172.21.15.62:6789/0] conn(0x7f919006fcd0 0x7f919010ccd0 unknown :-1 s=NONE pgs=0 cs=0 l=1 rev1=0 rx=0 tx=0).connect
2023-05-16T11:59:39.042 INFO:teuthology.orchestra.run.smithi062.stderr:/usr/bin/ceph:
2023-05-16T11:59:39.028+0000 7f91952ed700 1 -- --> [v2:172.21.15.62:3300/0,v1:172.21.15.62:6789/0] -- mon_getmap magic: 0 v1 -- 0x7f919010d1c0 con 0x7f919006fcd0
2023-05-16T11:59:39.042 INFO:teuthology.orchestra.run.smithi062.stderr:/usr/bin/ceph:
2023-05-16T11:59:39.028+0000 7f918effd700 1 --2- >> [v2:172.21.15.62:3300/0,v1:172.21.15.62:6789/0] conn(0x7f919006fcd0 0x7f919010ccd0 unknown :-1 s=BANNER_CONNECTING pgs=0 cs=0 l=1 rev1=0 rx=0 tx=0)._handle_peer_banner_payload supported=1 required=0
2023-05-16T11:59:39.042 INFO:teuthology.orchestra.run.smithi062.stderr:/usr/bin/ceph:
2023-05-16T11:59:39.028+0000 7f918effd700 1 --2- >> [v2:172.21.15.62:3300/0,v1:172.21.15.62:6789/0] conn(0x7f919006fcd0 0x7f919010ccd0 unknown :-1 s=HELLO_CONNECTING pgs=0 cs=0 l=1 rev1=1 rx=0 tx=0).handle_hello peer v2:172.21.15.62:3300/0 says I am v2:172.21.15.62:58136/0 (socket says 172.21.15.62:58136)
2023-05-16T11:59:39.042 INFO:teuthology.orchestra.run.smithi062.stderr:/usr/bin/ceph:
2023-05-16T11:59:39.028+0000 7f918effd700 1 -- 172.21.15.62:0/1844093679 learned_addr learned my addr 172.21.15.62:0/1844093679 (peer_addr_for_me v2:172.21.15.62:0/0)
2023-05-16T11:59:39.043 INFO:teuthology.orchestra.run.smithi062.stderr:/usr/bin/ceph:
2023-05-16T11:59:39.029+0000 7f918effd700 1 -- 172.21.15.62:0/1844093679 --> [v2:172.21.15.62:3300/0,v1:172.21.15.62:6789/0] -- mon_subscribe({config=0+,monmap=0+}) v3 -- 0x7f918000b200 con 0x7f919006fcd0
2023-05-16T11:59:39.043 INFO:teuthology.orchestra.run.smithi062.stderr:/usr/bin/ceph:
2023-05-16T11:59:39.029+0000 7f918effd700 1 --2- 172.21.15.62:0/1844093679 >> [v2:172.21.15.62:3300/0,v1:172.21.15.62:6789/0] conn(0x7f919006fcd0 0x7f919010ccd0 secure :-1 s=READY pgs=65 cs=0 l=1 rev1=1 rx=0x7f918000bf40 tx=0x7f9180006ee0).ready entity=mon.0 client_cookie=0 server_cookie=0 in_seq=0 out_seq=0
2023-05-16T11:59:39.043 INFO:teuthology.orchestra.run.smithi062.stderr:/usr/bin/ceph:
