2023-06-22T16:36:08.884+0000 7f90fbfff700 1 -- 172.21.15.8:0/3237568174 learned_addr learned my addr 172.21.15.8:0/3237568174 (peer_addr_for_me v2:172.21.15.8:0/0)
2023-06-22T16:36:09.505 INFO:teuthology.orchestra.run.smithi008.stdout:/usr/bin/ceph: stderr
2023-06-22T16:36:08.885+0000 7f90fbfff700 1 -- 172.21.15.8:0/3237568174 --> [v2:172.21.15.8:3300/0,v1:172.21.15.8:6789/0] -- mon_subscribe({config=0+,monmap=0+}) v3 -- 0x7f90fc076600 con 0x7f90fc077bb0
2023-06-22T16:36:09.505 INFO:teuthology.orchestra.run.smithi008.stdout:/usr/bin/ceph: stderr
2023-06-22T16:36:08.885+0000 7f90fbfff700 1 --2- 172.21.15.8:0/3237568174 >> [v2:172.21.15.8:3300/0,v1:172.21.15.8:6789/0] conn(0x7f90fc077bb0 0x7f90fc0760c0 secure :-1 s=READY pgs=59 cs=0 l=1 rev1=1 crypto rx=0x7f90e40098e0 tx=0x7f90e4009250 comp rx=0 tx=0).ready entity=mon.0 client_cookie=d1e04203ec9e88ed server_cookie=0 in_seq=0 out_seq=0
2023-06-22T16:36:09.505 INFO:teuthology.orchestra.run.smithi008.stdout:/usr/bin/ceph: stderr
2023-06-22T16:36:08.885+0000 7f90faffd700 1 -- 172.21.15.8:0/3237568174 <== mon.0 v2:172.21.15.8:3300/0 1 ==== mon_map magic: 0 v1 ==== 205+0+0 (secure 0 0 0) 0x7f90e4009e80 con 0x7f90fc077bb0
2023-06-22T16:36:09.505 INFO:teuthology.orchestra.run.smithi008.stdout:/usr/bin/ceph: stderr
2023-06-22T16:36:08.885+0000 7f90faffd700 1 -- 172.21.15.8:0/3237568174 <== mon.0 v2:172.21.15.8:3300/0 2 ==== config(25 keys) v1 ==== 1067+0+0 (secure 0 0 0) 0x7f90e400bd00 con 0x7f90fc077bb0
2023-06-22T16:36:09.506 INFO:teuthology.orchestra.run.smithi008.stdout:/usr/bin/ceph: stderr
2023-06-22T16:36:08.885+0000 7f90faffd700 1 -- 172.21.15.8:0/3237568174 <== mon.0 v2:172.21.15.8:3300/0 3 ==== mon_map magic: 0 v1 ==== 205+0+0 (secure 0 0 0) 0x7f90e4011c00 con 0x7f90fc077bb0
2023-06-22T16:36:09.506 INFO:teuthology.orchestra.run.smithi008.stdout:/usr/bin/ceph: stderr
2023-06-22T16:36:08.886+0000 7f910259b700 1 -- 172.21.15.8:0/3237568174 >> [v2:172.21.15.8:3300/0,v1:172.21.15.8:6789/0] conn(0x7f90fc077bb0 msgr2=0x7f90fc0760c0 secure :-1 s=STATE_CONNECTION_ESTABLISHED l=1).mark_down
2023-06-22T16:36:09.506 INFO:teuthology.orchestra.run.smithi008.stdout:/usr/bin/ceph: stderr
2023-06-22T16:36:08.886+0000 7f910259b700 1 --2- 172.21.15.8:0/3237568174 >> [v2:172.21.15.8:3300/0,v1:172.21.15.8:6789/0] conn(0x7f90fc077bb0 0x7f90fc0760c0 secure :-1 s=READY pgs=59 cs=0 l=1 rev1=1 crypto rx=0x7f90e40098e0 tx=0x7f90e4009250 comp rx=0 tx=0).stop
2023-06-22T16:36:09.506 INFO:teuthology.orchestra.run.smithi008.stdout:/usr/bin/ceph: stderr
2023-06-22T16:36:08.886+0000 7f910259b700 1 -- 172.21.15.8:0/3237568174 shutdown_connections
2023-06-22T16:36:09.506 INFO:teuthology.orchestra.run.smithi008.stdout:/usr/bin/ceph: stderr
2023-06-22T16:36:08.886+0000 7f910259b700 1 --2- 172.21.15.8:0/3237568174 >> [v2:172.21.15.8:3300/0,v1:172.21.15.8:6789/0] conn(0x7f90fc077bb0 0x7f90fc0760c0 unknown :-1 s=CLOSED pgs=59 cs=0 l=1 rev1=1 crypto rx=0 tx=0 comp rx=0 tx=0).stop
2023-06-22T16:36:09.506 INFO:teuthology.orchestra.run.smithi008.stdout:/usr/bin/ceph: stderr
2023-06-22T16:36:08.886+0000 7f910259b700 1 -- 172.21.15.8:0/3237568174 >> 172.21.15.8:0/3237568174 conn(0x7f90fc0fd7c0 msgr2=0x7f90fc0ffbd0 unknown :-1 s=STATE_NONE l=0).mark_down
2023-06-22T16:36:09.506 INFO:teuthology.orchestra.run.smithi008.stdout:/usr/bin/ceph: stderr
2023-06-22T16:36:08.886+0000 7f910259b700 1 -- 172.21.15.8:0/3237568174 shutdown_connections
2023-06-22T16:36:09.506 INFO:teuthology.orchestra.run.smithi008.stdout:/usr/bin/ceph: stderr
2023-06-22T16:36:08.886+0000 7f910259b700 1 -- 172.21.15.8:0/3237568174 wait complete.
2023-06-22T16:36:09.507 INFO:teuthology.orchestra.run.smithi008.stdout:/usr/bin/ceph: stderr
2023-06-22T16:36:08.886+0000 7f910259b700 1 Processor -- start
2023-06-22T16:36:09.507 INFO:teuthology.orchestra.run.smithi008.stdout:/usr/bin/ceph: stderr
2023-06-22T16:36:08.887+0000 7f910259b700 1 -- start start
2023-06-22T16:36:09.507 INFO:teuthology.orchestra.run.smithi008.stdout:/usr/bin/ceph: stderr
2023-06-22T16:36:08.887+0000 7f910259b700 1 --2- >> [v2:172.21.15.8:3300/0,v1:172.21.15.8:6789/0] conn(0x7f90fc077bb0 0x7f90fc112ee0 unknown :-1 s=NONE pgs=0 cs=0 l=1 rev1=0 crypto rx=0 tx=0 comp rx=0 tx=0).connect
2023-06-22T16:36:09.507 INFO:teuthology.orchestra.run.smithi008.stdout:/usr/bin/ceph: stderr
2023-06-22T16:36:08.887+0000 7f910259b700 1 -- --> [v2:172.21.15.8:3300/0,v1:172.21.15.8:6789/0] -- mon_getmap magic: 0 v1 -- 0x7f90fc113420 con 0x7f90fc077bb0
2023-06-22T16:36:09.507 INFO:teuthology.orchestra.run.smithi008.stdout:/usr/bin/ceph: stderr
2023-06-22T16:36:08.887+0000 7f90fbfff700 1 --2- >> [v2:172.21.15.8:3300/0,v1:172.21.15.8:6789/0] conn(0x7f90fc077bb0 0x7f90fc112ee0 unknown :-1 s=BANNER_CONNECTING pgs=0 cs=0 l=1 rev1=0 crypto rx=0 tx=0 comp rx=0 tx=0)._handle_peer_banner_payload supported=3 required=0
2023-06-22T16:36:09.507 INFO:teuthology.orchestra.run.smithi008.stdout:/usr/bin/ceph: stderr
2023-06-22T16:36:08.887+0000 7f90fbfff700 1 --2- >> [v2:172.21.15.8:3300/0,v1:172.21.15.8:6789/0] conn(0x7f90fc077bb0 0x7f90fc112ee0 unknown :-1 s=HELLO_CONNECTING pgs=0 cs=0 l=1 rev1=1 crypto rx=0 tx=0 comp rx=0 tx=0).handle_hello peer v2:172.21.15.8:3300/0 says I am v2:172.21.15.8:53028/0 (socket says 172.21.15.8:53028)
2023-06-22T16:36:09.507 INFO:teuthology.orchestra.run.smithi008.stdout:/usr/bin/ceph: stderr
2023-06-22T16:36:08.887+0000 7f90fbfff700 1 -- 172.21.15.8:0/2574430942 learned_addr learned my addr 172.21.15.8:0/2574430942 (peer_addr_for_me v2:172.21.15.8:0/0)
2023-06-22T16:36:09.507 INFO:teuthology.orchestra.run.smithi008.stdout:/usr/bin/ceph: stderr
2023-06-22T16:36:08.887+0000 7f90fbfff700 1 -- 172.21.15.8:0/2574430942 --> [v2:172.21.15.8:3300/0,v1:172.21.15.8:6789/0] -- mon_subscribe({config=0+,monmap=0+}) v3 -- 0x7f90e40094f0 con 0x7f90fc077bb0
2023-06-22T16:36:09.508 INFO:teuthology.orchestra.run.smithi008.stdout:/usr/bin/ceph: stderr
2023-06-22T16:36:08.887+0000 7f90fbfff700 1 --2- 172.21.15.8:0/2574430942 >> [v2:172.21.15.8:3300/0,v1:172.21.15.8:6789/0] conn(0x7f90fc077bb0 0x7f90fc112ee0 secure :-1 s=READY pgs=60 cs=0 l=1 rev1=1 crypto rx=0x7f90e4009fd0 tx=0x7f90e4009250 comp rx=0 tx=0).ready entity=mon.0 client_cookie=0 server_cookie=0 in_seq=0 out_seq=0
2023-06-22T16:36:09.508 INFO:teuthology.orchestra.run.smithi008.stdout:/usr/bin/ceph: stderr
2023-06-22T16:36:08.888+0000 7f90f8ff9700 1 -- 172.21.15.8:0/2574430942 <== mon.0 v2:172.21.15.8:3300/0 1 ==== mon_map magic: 0 v1 ==== 205+0+0 (secure 0 0 0) 0x7f90e401a670 con 0x7f90fc077bb0
2023-06-22T16:36:09.508 INFO:teuthology.orchestra.run.smithi008.stdout:/usr/bin/ceph: stderr
2023-06-22T16:36:08.888+0000 7f910259b700 1 -- 172.21.15.8:0/2574430942 --> [v2:172.21.15.8:3300/0,v1:172.21.15.8:6789/0] -- mon_subscribe({mgrmap=0+}) v3 -- 0x7f90fc113620 con 0x7f90fc077bb0
2023-06-22T16:36:09.508 INFO:teuthology.orchestra.run.smithi008.stdout:/usr/bin/ceph: stderr
2023-06-22T16:36:08.888+0000 7f90f8ff9700 1 -- 172.21.15.8:0/2574430942 <== mon.0 v2:172.21.15.8:3300/0 2 ==== config(25 keys) v1 ==== 1067+0+0 (secure 0 0 0) 0x7f90e401ac70 con 0x7f90fc077bb0
2023-06-22T16:36:09.508 INFO:teuthology.orchestra.run.smithi008.stdout:/usr/bin/ceph: stderr
2023-06-22T16:36:08.888+0000 7f90f8ff9700 1 -- 172.21.15.8:0/2574430942 <== mon.0 v2:172.21.15.8:3300/0 3 ==== mon_map magic: 0 v1 ==== 205+0+0 (secure 0 0 0) 0x7f90e4022bb0 con 0x7f90fc077bb0
2023-06-22T16:36:09.508 INFO:teuthology.orchestra.run.smithi008.stdout:/usr/bin/ceph: stderr
2023-06-22T16:36:08.888+0000 7f910259b700 1 -- 172.21.15.8:0/2574430942 --> [v2:172.21.15.8:3300/0,v1:172.21.15.8:6789/0] -- mon_subscribe({osdmap=0}) v3 -- 0x7f90fc113a30 con 0x7f90fc077bb0
2023-06-22T16:36:09.508 INFO:teuthology.orchestra.run.smithi008.stdout:/usr/bin/ceph: stderr
2023-06-22T16:36:08.888+0000 7f90f8ff9700 1 -- 172.21.15.8:0/2574430942 <== mon.0 v2:172.21.15.8:3300/0 4 ==== mgrmap(e 9) v1 ==== 43232+0+0 (secure 0 0 0) 0x7f90e402c440 con 0x7f90fc077bb0
2023-06-22T16:36:09.509 INFO:teuthology.orchestra.run.smithi008.stdout:/usr/bin/ceph: stderr
2023-06-22T16:36:08.889+0000 7f910259b700 1 -- 172.21.15.8:0/2574430942 --> [v2:172.21.15.8:3300/0,v1:172.21.15.8:6789/0] -- mon_command({"prefix": "get_command_descriptions"} v 0) v1 -- 0x7f90fc04b970 con 0x7f90fc077bb0
2023-06-22T16:36:09.509 INFO:teuthology.orchestra.run.smithi008.stdout:/usr/bin/ceph: stderr
2023-06-22T16:36:08.889+0000 7f90f8ff9700 1 --2- 172.21.15.8:0/2574430942 >> [v2:172.21.15.8:6800/208861882,v1:172.21.15.8:6801/208861882] conn(0x7f90e8036610 0x7f90e8038ac0 unknown :-1 s=NONE pgs=0 cs=0 l=1 rev1=0 crypto rx=0 tx=0 comp rx=0 tx=0).connect
2023-06-22T16:36:09.509 INFO:teuthology.orchestra.run.smithi008.stdout:/usr/bin/ceph: stderr
2023-06-22T16:36:08.889+0000 7f90f8ff9700 1 -- 172.21.15.8:0/2574430942 <== mon.0 v2:172.21.15.8:3300/0 5 ==== osd_map(2..2 src has 1..2) v4 ==== 936+0+0 (secure 0 0 0) 0x7f90e404a680 con 0x7f90fc077bb0
2023-06-22T16:36:09.509 INFO:teuthology.orchestra.run.smithi008.stdout:/usr/bin/ceph: stderr
2023-06-22T16:36:08.889+0000 7f90fb7fe700 1 -- 172.21.15.8:0/2574430942 >> [v2:172.21.15.8:6800/208861882,v1:172.21.15.8:6801/208861882] conn(0x7f90e8036610 msgr2=0x7f90e8038ac0 unknown :-1 s=STATE_CONNECTING_RE l=1).process reconnect failed to v2:172.21.15.8:6800/208861882
2023-06-22T16:36:09.509 INFO:teuthology.orchestra.run.smithi008.stdout:/usr/bin/ceph: stderr
2023-06-22T16:36:08.889+0000 7f90fb7fe700 1 --2- 172.21.15.8:0/2574430942 >> [v2:172.21.15.8:6800/208861882,v1:172.21.15.8:6801/208861882] conn(0x7f90e8036610 0x7f90e8038ac0 unknown :-1 s=START_CONNECT pgs=0 cs=0 l=1 rev1=0 crypto rx=0 tx=0 comp rx=0 tx=0)._fault waiting 0.200000
2023-06-22T16:36:09.509 INFO:teuthology.orchestra.run.smithi008.stdout:/usr/bin/ceph: stderr
2023-06-22T16:36:08.893+0000 7f90f8ff9700 1 -- 172.21.15.8:0/2574430942 <== mon.0 v2:172.21.15.8:3300/0 6 ==== mon_command_ack([{"prefix": "get_command_descriptions"}]=0 v0) v1 ==== 72+0+174561 (secure 0 0 0) 0x7f90e4020940 con 0x7f90fc077bb0
2023-06-22T16:36:09.509 INFO:teuthology.orchestra.run.smithi008.stdout:/usr/bin/ceph: stderr
2023-06-22T16:36:09.090+0000 7f90fb7fe700 1 -- 172.21.15.8:0/2574430942 >> [v2:172.21.15.8:6800/208861882,v1:172.21.15.8:6801/208861882] conn(0x7f90e8036610 msgr2=0x7f90e8038ac0 unknown :-1 s=STATE_CONNECTING_RE l=1).process reconnect failed to v2:172.21.15.8:6800/208861882
2023-06-22T16:36:09.509 INFO:teuthology.orchestra.run.smithi008.stdout:/usr/bin/ceph: stderr
2023-06-22T16:36:09.090+0000 7f90fb7fe700 1 --2- 172.21.15.8:0/2574430942 >> [v2:172.21.15.8:6800/208861882,v1:172.21.15.8:6801/208861882] conn(0x7f90e8036610 0x7f90e8038ac0 unknown :-1 s=START_CONNECT pgs=0 cs=0 l=1 rev1=0 crypto rx=0 tx=0 comp rx=0 tx=0)._fault waiting 0.400000
2023-06-22T16:36:09.510 INFO:teuthology.orchestra.run.smithi008.stdout:/usr/bin/ceph: stderr
2023-06-22T16:36:09.144+0000 7f910259b700 1 -- 172.21.15.8:0/2574430942 --> [v2:172.21.15.8:3300/0,v1:172.21.15.8:6789/0] -- mon_command({"prefix": "mgr stat"} v 0) v1 -- 0x7f90fc114610 con 0x7f90fc077bb0
2023-06-22T16:36:09.510 INFO:teuthology.orchestra.run.smithi008.stdout:/usr/bin/ceph: stderr
2023-06-22T16:36:09.144+0000 7f90f8ff9700 1 -- 172.21.15.8:0/2574430942 <== mon.0 v2:172.21.15.8:3300/0 7 ==== mon_command_ack([{"prefix": "mgr stat"}]=0 v9) v1 ==== 56+0+88 (secure 0 0 0) 0x7f90e4020350 con 0x7f90fc077bb0
2023-06-22T16:36:09.510 INFO:teuthology.orchestra.run.smithi008.stdout:/usr/bin/ceph: stderr
2023-06-22T16:36:09.146+0000 7f910259b700 1 -- 172.21.15.8:0/2574430942 >> [v2:172.21.15.8:6800/208861882,v1:172.21.15.8:6801/208861882] conn(0x7f90e8036610 msgr2=0x7f90e8038ac0 unknown :-1 s=STATE_CONNECTING l=1).mark_down
2023-06-22T16:36:09.510 INFO:teuthology.orchestra.run.smithi008.stdout:/usr/bin/ceph: stderr
2023-06-22T16:36:09.146+0000 7f910259b700 1 --2- 172.21.15.8:0/2574430942 >> [v2:172.21.15.8:6800/208861882,v1:172.21.15.8:6801/208861882] conn(0x7f90e8036610 0x7f90e8038ac0 unknown :-1 s=START_CONNECT pgs=0 cs=0 l=1 rev1=0 crypto rx=0 tx=0 comp rx=0 tx=0).stop
2023-06-22T16:36:09.510 INFO:teuthology.orchestra.run.smithi008.stdout:/usr/bin/ceph: stderr
2023-06-22T16:36:09.146+0000 7f910259b700 1 -- 172.21.15.8:0/2574430942 >> [v2:172.21.15.8:3300/0,v1:172.21.15.8:6789/0] conn(0x7f90fc077bb0 msgr2=0x7f90fc112ee0 secure :-1 s=STATE_CONNECTION_ESTABLISHED l=1).mark_down
2023-06-22T16:36:09.510 INFO:teuthology.orchestra.run.smithi008.stdout:/usr/bin/ceph: stderr
2023-06-22T16:36:09.146+0000 7f910259b700 1 --2- 172.21.15.8:0/2574430942 >> [v2:172.21.15.8:3300/0,v1:172.21.15.8:6789/0] conn(0x7f90fc077bb0 0x7f90fc112ee0 secure :-1 s=READY pgs=60 cs=0 l=1 rev1=1 crypto rx=0x7f90e4009fd0 tx=0x7f90e4009250 comp rx=0 tx=0).stop
2023-06-22T16:36:09.510 INFO:teuthology.orchestra.run.smithi008.stdout:/usr/bin/ceph: stderr
2023-06-22T16:36:09.146+0000 7f910259b700 1 -- 172.21.15.8:0/2574430942 shutdown_connections
2023-06-22T16:36:09.510 INFO:teuthology.orchestra.run.smithi008.stdout:/usr/bin/ceph: stderr
2023-06-22T16:36:09.146+0000 7f910259b700 1 --2- 172.21.15.8:0/2574430942 >> [v2:172.21.15.8:6800/208861882,v1:172.21.15.8:6801/208861882] conn(0x7f90e8036610 0x7f90e8038ac0 unknown :-1 s=CLOSED pgs=0 cs=0 l=1 rev1=0 crypto rx=0 tx=0 comp rx=0 tx=0).stop
2023-06-22T16:36:09.511 INFO:teuthology.orchestra.run.smithi008.stdout:/usr/bin/ceph: stderr
2023-06-22T16:36:09.146+0000 7f910259b700 1 --2- 172.21.15.8:0/2574430942 >> [v2:172.21.15.8:3300/0,v1:172.21.15.8:6789/0] conn(0x7f90fc077bb0 0x7f90fc112ee0 unknown :-1 s=CLOSED pgs=60 cs=0 l=1 rev1=1 crypto rx=0 tx=0 comp rx=0 tx=0).stop
2023-06-22T16:36:09.511 INFO:teuthology.orchestra.run.smithi008.stdout:/usr/bin/ceph: stderr
2023-06-22T16:36:09.146+0000 7f910259b700 1 -- 172.21.15.8:0/2574430942 >> 172.21.15.8:0/2574430942 conn(0x7f90fc0fd7c0 msgr2=0x7f90fc0fe580 unknown :-1 s=STATE_NONE l=0).mark_down
2023-06-22T16:36:09.511 INFO:teuthology.orchestra.run.smithi008.stdout:/usr/bin/ceph: stderr
2023-06-22T16:36:09.146+0000 7f910259b700 1 -- 172.21.15.8:0/2574430942 shutdown_connections
2023-06-22T16:36:09.511 INFO:teuthology.orchestra.run.smithi008.stdout:/usr/bin/ceph: stderr
2023-06-22T16:36:09.146+0000 7f910259b700 1 -- 172.21.15.8:0/2574430942 wait complete.
2023-06-22T16:36:09.511 INFO:teuthology.orchestra.run.smithi008.stdout:Waiting for the mgr to restart...
2023-06-22T16:36:09.511 INFO:teuthology.orchestra.run.smithi008.stdout:Waiting for mgr epoch 9...
2023-06-22T16:36:09.919 INFO:journalctl@ceph.mon.a.smithi008.stdout:Jun 22 16:36:09 smithi008 ceph-mon[84936]: from='client.? 172.21.15.8:0/2574430942' entity='client.admin' cmd=[{"prefix": "mgr stat"}]: dispatch
2023-06-22T16:36:09.920 INFO:journalctl@ceph.mgr.x.smithi008.stdout:Jun 22 16:36:09 smithi008 conmon[85357]:
2023-06-22T16:36:09.526+0000 7fdb2af661c0 -1 mgr[py] Module orchestrator has missing NOTIFY_TYPES member
2023-06-22T16:36:09.920 INFO:journalctl@ceph.mgr.x.smithi008.stdout:Jun 22 16:36:09 smithi008 conmon[85357]:
2023-06-22T16:36:09.749+0000 7fdb2af661c0 -1 mgr[py] Module volumes has missing NOTIFY_TYPES member
2023-06-22T16:36:10.220 INFO:journalctl@ceph.mgr.x.smithi008.stdout:Jun 22 16:36:09 smithi008 conmon[85357]:
2023-06-22T16:36:09.917+0000 7fdb2af661c0 -1 mgr[py] Module pg_autoscaler has missing NOTIFY_TYPES member
2023-06-22T16:36:10.221 INFO:journalctl@ceph.mgr.x.smithi008.stdout:Jun 22 16:36:10 smithi008 conmon[85357]:
2023-06-22T16:36:10.003+0000 7fdb2af661c0 -1 mgr[py] Module iostat has missing NOTIFY_TYPES member
2023-06-22T16:36:10.970 INFO:journalctl@ceph.mgr.x.smithi008.stdout:Jun 22 16:36:10 smithi008 conmon[85357]:
2023-06-22T16:36:10.611+0000 7fdb2af661c0 -1 mgr[py] Module rbd_support has missing NOTIFY_TYPES member
2023-06-22T16:36:11.470 INFO:journalctl@ceph.mgr.x.smithi008.stdout:Jun 22 16:36:11 smithi008 conmon[85357]:
2023-06-22T16:36:11.116+0000 7fdb2af661c0 -1 mgr[py] Module nfs has missing NOTIFY_TYPES member
2023-06-22T16:36:11.471 INFO:journalctl@ceph.mgr.x.smithi008.stdout:Jun 22 16:36:11 smithi008 conmon[85357]:
2023-06-22T16:36:11.212+0000 7fdb2af661c0 -1 mgr[py] Module crash has missing NOTIFY_TYPES member
2023-06-22T16:36:11.471 INFO:journalctl@ceph.mgr.x.smithi008.stdout:Jun 22 16:36:11 smithi008 conmon[85357]:
2023-06-22T16:36:11.308+0000 7fdb2af661c0 -1 mgr[py] Module snap_schedule has missing NOTIFY_TYPES member
2023-06-22T16:36:12.201 INFO:journalctl@ceph.mgr.x.smithi008.stdout:Jun 22 16:36:11 smithi008 conmon[85357]:
2023-06-22T16:36:11.926+0000 7fdb2af661c0 -1 mgr[py] Module rook has missing NOTIFY_TYPES member
2023-06-22T16:36:12.201 INFO:journalctl@ceph.mgr.x.smithi008.stdout:Jun 22 16:36:12 smithi008 conmon[85357]:
2023-06-22T16:36:12.103+0000 7fdb2af661c0 -1 mgr[py] Module test_orchestrator has missing NOTIFY_TYPES member
2023-06-22T16:36:12.201 INFO:journalctl@ceph.mgr.x.smithi008.stdout:Jun 22 16:36:12 smithi008 conmon[85357]:
2023-06-22T16:36:12.198+0000 7fdb2af661c0 -1 mgr[py] Module selftest has missing NOTIFY_TYPES member
2023-06-22T16:36:12.470 INFO:journalctl@ceph.mgr.x.smithi008.stdout:Jun 22 16:36:12 smithi008 conmon[85357]:
2023-06-22T16:36:12.333+0000 7fdb2af661c0 -1 mgr[py] Module diskprediction_local has missing NOTIFY_TYPES member
2023-06-22T16:36:12.471 INFO:journalctl@ceph.mgr.x.smithi008.stdout:Jun 22 16:36:12 smithi008 conmon[85357]:
2023-06-22T16:36:12.429+0000 7fdb2af661c0 -1 mgr[py] Module status has missing NOTIFY_TYPES member
2023-06-22T16:36:13.688 INFO:journalctl@ceph.mgr.x.smithi008.stdout:Jun 22 16:36:13 smithi008 conmon[85357]:
2023-06-22T16:36:13.346+0000 7fdb2af661c0 -1 mgr[py] Module rgw has missing NOTIFY_TYPES member
2023-06-22T16:36:13.688 INFO:journalctl@ceph.mgr.x.smithi008.stdout:Jun 22 16:36:13 smithi008 conmon[85357]:
2023-06-22T16:36:13.438+0000 7fdb2af661c0 -1 mgr[py] Module zabbix has missing NOTIFY_TYPES member
2023-06-22T16:36:13.689 INFO:journalctl@ceph.mgr.x.smithi008.stdout:Jun 22 16:36:13 smithi008 conmon[85357]:
2023-06-22T16:36:13.530+0000 7fdb2af661c0 -1 mgr[py] Module influx has missing NOTIFY_TYPES member
2023-06-22T16:36:13.689 INFO:journalctl@ceph.mgr.x.smithi008.stdout:Jun 22 16:36:13 smithi008 conmon[85357]:
2023-06-22T16:36:13.685+0000 7fdb2af661c0 -1 mgr[py] Module telemetry has missing NOTIFY_TYPES member
2023-06-22T16:36:13.971 INFO:journalctl@ceph.mgr.x.smithi008.stdout:Jun 22 16:36:13 smithi008 conmon[85357]:
2023-06-22T16:36:13.789+0000 7fdb2af661c0 -1 mgr[py] Module alerts has missing NOTIFY_TYPES member
2023-06-22T16:36:14.470 INFO:journalctl@ceph.mgr.x.smithi008.stdout:Jun 22 16:36:14 smithi008 conmon[85357]:
2023-06-22T16:36:14.201+0000 7fdb2af661c0 -1 mgr[py] Module osd_perf_query has missing NOTIFY_TYPES member
2023-06-22T16:36:14.471 INFO:journalctl@ceph.mgr.x.smithi008.stdout:Jun 22 16:36:14 smithi008 conmon[85357]:
2023-06-22T16:36:14.296+0000 7fdb2af661c0 -1 mgr[py] Module devicehealth has missing NOTIFY_TYPES member
2023-06-22T16:36:14.471 INFO:journalctl@ceph.mgr.x.smithi008.stdout:Jun 22 16:36:14 smithi008 conmon[85357]:
2023-06-22T16:36:14.389+0000 7fdb2af661c0 -1 mgr[py] Module progress has missing NOTIFY_TYPES member
2023-06-22T16:36:14.970 INFO:journalctl@ceph.mgr.x.smithi008.stdout:Jun 22 16:36:14 smithi008 conmon[85357]:
2023-06-22T16:36:14.482+0000 7fdb2af661c0 -1 mgr[py] Module telegraf has missing NOTIFY_TYPES member
2023-06-22T16:36:14.971 INFO:journalctl@ceph.mon.a.smithi008.stdout:Jun 22 16:36:14 smithi008 ceph-mon[84936]: Active manager daemon x restarted
2023-06-22T16:36:14.971 INFO:journalctl@ceph.mon.a.smithi008.stdout:Jun 22 16:36:14 smithi008 ceph-mon[84936]: Activating manager daemon x
2023-06-22T16:36:14.971 INFO:journalctl@ceph.mon.a.smithi008.stdout:Jun 22 16:36:14 smithi008 ceph-mon[84936]: osdmap e3: 0 total, 0 up, 0 in
2023-06-22T16:36:14.971 INFO:journalctl@ceph.mon.a.smithi008.stdout:Jun 22 16:36:14 smithi008 ceph-mon[84936]: mgrmap e10: x(active, starting, since 0.00319955s)
2023-06-22T16:36:14.971 INFO:journalctl@ceph.mon.a.smithi008.stdout:Jun 22 16:36:14 smithi008 ceph-mon[84936]: from='mgr.14152 172.21.15.8:0/615016423' entity='mgr.x' cmd=[{"prefix": "mon metadata", "id": "a"}]: dispatch
2023-06-22T16:36:14.972 INFO:journalctl@ceph.mon.a.smithi008.stdout:Jun 22 16:36:14 smithi008 ceph-mon[84936]: from='mgr.14152 172.21.15.8:0/615016423' entity='mgr.x' cmd=[{"prefix": "mgr metadata", "who": "x", "id": "x"}]: dispatch
2023-06-22T16:36:14.972 INFO:journalctl@ceph.mon.a.smithi008.stdout:Jun 22 16:36:14 smithi008 ceph-mon[84936]: from='mgr.14152 172.21.15.8:0/615016423' entity='mgr.x' cmd=[{"prefix": "mds metadata"}]: dispatch
2023-06-22T16:36:14.972 INFO:journalctl@ceph.mon.a.smithi008.stdout:Jun 22 16:36:14 smithi008 ceph-mon[84936]: from='mgr.14152 172.21.15.8:0/615016423' entity='mgr.x' cmd=[{"prefix": "osd metadata"}]: dispatch
2023-06-22T16:36:14.972 INFO:journalctl@ceph.mon.a.smithi008.stdout:Jun 22 16:36:14 smithi008 ceph-mon[84936]: from='mgr.14152 172.21.15.8:0/615016423' entity='mgr.x' cmd=[{"prefix": "mon metadata"}]: dispatch
2023-06-22T16:36:14.972 INFO:journalctl@ceph.mon.a.smithi008.stdout:Jun 22 16:36:14 smithi008 ceph-mon[84936]: Manager daemon x is now available
2023-06-22T16:36:14.972 INFO:journalctl@ceph.mon.a.smithi008.stdout:Jun 22 16:36:14 smithi008 ceph-mon[84936]: from='mgr.14152 172.21.15.8:0/615016423' entity='mgr.x' cmd=[{"prefix": "config dump", "format": "json"}]: dispatch
2023-06-22T16:36:14.972 INFO:journalctl@ceph.mon.a.smithi008.stdout:Jun 22 16:36:14 smithi008 ceph-mon[84936]: from='mgr.14152 172.21.15.8:0/615016423' entity='mgr.x' cmd=[{"prefix": "config dump", "format": "json"}]: dispatch
2023-06-22T16:36:15.788 INFO:journalctl@ceph.mon.a.smithi008.stdout:Jun 22 16:36:15 smithi008 ceph-mon[84936]: from='mgr.14152 172.21.15.8:0/615016423' entity='mgr.x' cmd=[{"prefix":"config rm","who":"mgr","name":"mgr/rbd_support/x/mirror_snapshot_schedule"}]: dispatch
2023-06-22T16:36:15.788 INFO:journalctl@ceph.mon.a.smithi008.stdout:Jun 22 16:36:15 smithi008 ceph-mon[84936]: from='mgr.14152 172.21.15.8:0/615016423' entity='mgr.x' cmd=[{"prefix":"config rm","who":"mgr","name":"mgr/rbd_support/x/trash_purge_schedule"}]: dispatch
2023-06-22T16:36:15.789 INFO:journalctl@ceph.mon.a.smithi008.stdout:Jun 22 16:36:15 smithi008 ceph-mon[84936]: from='mgr.14152 172.21.15.8:0/615016423' entity='mgr.x'
2023-06-22T16:36:15.789 INFO:journalctl@ceph.mon.a.smithi008.stdout:Jun 22 16:36:15 smithi008 ceph-mon[84936]: mgrmap e11: x(active, since 1.00543s)
2023-06-22T16:36:16.045 INFO:teuthology.orchestra.run.smithi008.stdout:/usr/bin/ceph: stdout {
2023-06-22T16:36:16.050 INFO:teuthology.orchestra.run.smithi008.stdout:/usr/bin/ceph: stdout "mgrmap_epoch": 11,
2023-06-22T16:36:16.050 INFO:teuthology.orchestra.run.smithi008.stdout:/usr/bin/ceph: stdout "initialized": true
2023-06-22T16:36:16.051 INFO:teuthology.orchestra.run.smithi008.stdout:/usr/bin/ceph: stdout }
2023-06-22T16:36:16.051 INFO:teuthology.orchestra.run.smithi008.stdout:/usr/bin/ceph: stderr
2023-06-22T16:36:09.985+0000 7f31f7141700 1 Processor -- start
2023-06-22T16:36:16.051 INFO:teuthology.orchestra.run.smithi008.stdout:/usr/bin/ceph: stderr
2023-06-22T16:36:09.985+0000 7f31f7141700 1 -- start start
2023-06-22T16:36:16.051 INFO:teuthology.orchestra.run.smithi008.stdout:/usr/bin/ceph: stderr
2023-06-22T16:36:09.986+0000 7f31f7141700 1 --2- >> [v2:172.21.15.8:3300/0,v1:172.21.15.8:6789/0] conn(0x7f31f0070c40 0x7f31f0104c20 unknown :-1 s=NONE pgs=0 cs=0 l=0 rev1=0 crypto rx=0 tx=0 comp rx=0 tx=0).connect
2023-06-22T16:36:16.051 INFO:teuthology.orchestra.run.smithi008.stdout:/usr/bin/ceph: stderr
2023-06-22T16:36:09.986+0000 7f31f7141700 1 -- --> [v2:172.21.15.8:3300/0,v1:172.21.15.8:6789/0] -- mon_getmap magic: 0 v1 -- 0x7f31f0105160 con 0x7f31f0070c40
2023-06-22T16:36:16.051 INFO:teuthology.orchestra.run.smithi008.stdout:/usr/bin/ceph: stderr
2023-06-22T16:36:09.986+0000 7f31f4edd700 1 --2- >> [v2:172.21.15.8:3300/0,v1:172.21.15.8:6789/0] conn(0x7f31f0070c40 0x7f31f0104c20 unknown :-1 s=BANNER_CONNECTING pgs=0 cs=0 l=0 rev1=0 crypto rx=0 tx=0 comp rx=0 tx=0)._handle_peer_banner_payload supported=3 required=0
2023-06-22T16:36:16.051 INFO:teuthology.orchestra.run.smithi008.stdout:/usr/bin/ceph: stderr
2023-06-22T16:36:09.986+0000 7f31f4edd700 1 --2- >> [v2:172.21.15.8:3300/0,v1:172.21.15.8:6789/0] conn(0x7f31f0070c40 0x7f31f0104c20 unknown :-1 s=HELLO_CONNECTING pgs=0 cs=0 l=0 rev1=1 crypto rx=0 tx=0 comp rx=0 tx=0).handle_hello peer v2:172.21.15.8:3300/0 says I am v2:172.21.15.8:53032/0 (socket says 172.21.15.8:53032)
2023-06-22T16:36:16.052 INFO:teuthology.orchestra.run.smithi008.stdout:/usr/bin/ceph: stderr
2023-06-22T16:36:09.986+0000 7f31f4edd700 1 -- 172.21.15.8:0/4004496671 learned_addr learned my addr 172.21.15.8:0/4004496671 (peer_addr_for_me v2:172.21.15.8:0/0)
2023-06-22T16:36:16.052 INFO:teuthology.orchestra.run.smithi008.stdout:/usr/bin/ceph: stderr
2023-06-22T16:36:09.986+0000 7f31f4edd700 1 -- 172.21.15.8:0/4004496671 --> [v2:172.21.15.8:3300/0,v1:172.21.15.8:6789/0] -- mon_subscribe({config=0+,monmap=0+}) v3 -- 0x7f31f01052a0 con 0x7f31f0070c40
2023-06-22T16:36:16.052 INFO:teuthology.orchestra.run.smithi008.stdout:/usr/bin/ceph: stderr
2023-06-22T16:36:09.986+0000 7f31f4edd700 1 --2- 172.21.15.8:0/4004496671 >> [v2:172.21.15.8:3300/0,v1:172.21.15.8:6789/0] conn(0x7f31f0070c40 0x7f31f0104c20 secure :-1 s=READY pgs=61 cs=0 l=1 rev1=1 crypto rx=0x7f31e40098e0 tx=0x7f31e4009250 comp rx=0 tx=0).ready entity=mon.0 client_cookie=a5f2ba742d95f8f1 server_cookie=0 in_seq=0 out_seq=0
2023-06-22T16:36:16.052 INFO:teuthology.orchestra.run.smithi008.stdout:/usr/bin/ceph: stderr
2023-06-22T16:36:09.986+0000 7f31ef7fe700 1 -- 172.21.15.8:0/4004496671 <== mon.0 v2:172.21.15.8:3300/0 1 ==== mon_map magic: 0 v1 ==== 205+0+0 (secure 0 0 0) 0x7f31e4009e80 con 0x7f31f0070c40
2023-06-22T16:36:16.052 INFO:teuthology.orchestra.run.smithi008.stdout:/usr/bin/ceph: stderr
2023-06-22T16:36:09.986+0000 7f31ef7fe700 1 -- 172.21.15.8:0/4004496671 <== mon.0 v2:172.21.15.8:3300/0 2 ==== config(25 keys) v1 ==== 1067+0+0 (secure 0 0 0) 0x7f31e400bd00 con 0x7f31f0070c40
2023-06-22T16:36:16.052 INFO:teuthology.orchestra.run.smithi008.stdout:/usr/bin/ceph: stderr
2023-06-22T16:36:09.986+0000 7f31ef7fe700 1 -- 172.21.15.8:0/4004496671 <== mon.0 v2:172.21.15.8:3300/0 3 ==== mon_map magic: 0 v1 ==== 205+0+0 (secure 0 0 0) 0x7f31e4011c00 con 0x7f31f0070c40
2023-06-22T16:36:16.052 INFO:teuthology.orchestra.run.smithi008.stdout:/usr/bin/ceph: stderr
2023-06-22T16:36:09.987+0000 7f31f7141700 1 -- 172.21.15.8:0/4004496671 >> [v2:172.21.15.8:3300/0,v1:172.21.15.8:6789/0] conn(0x7f31f0070c40 msgr2=0x7f31f0104c20 secure :-1 s=STATE_CONNECTION_ESTABLISHED l=1).mark_down
2023-06-22T16:36:16.053 INFO:teuthology.orchestra.run.smithi008.stdout:/usr/bin/ceph: stderr
2023-06-22T16:36:09.987+0000 7f31f7141700 1 --2- 172.21.15.8:0/4004496671 >> [v2:172.21.15.8:3300/0,v1:172.21.15.8:6789/0] conn(0x7f31f0070c40 0x7f31f0104c20 secure :-1 s=READY pgs=61 cs=0 l=1 rev1=1 crypto rx=0x7f31e40098e0 tx=0x7f31e4009250 comp rx=0 tx=0).stop
2023-06-22T16:36:16.053 INFO:teuthology.orchestra.run.smithi008.stdout:/usr/bin/ceph: stderr
2023-06-22T16:36:09.987+0000 7f31f7141700 1 -- 172.21.15.8:0/4004496671 shutdown_connections
2023-06-22T16:36:16.053 INFO:teuthology.orchestra.run.smithi008.stdout:/usr/bin/ceph: stderr
2023-06-22T16:36:09.987+0000 7f31f7141700 1 --2- 172.21.15.8:0/4004496671 >> [v2:172.21.15.8:3300/0,v1:172.21.15.8:6789/0] conn(0x7f31f0070c40 0x7f31f0104c20 unknown :-1 s=CLOSED pgs=61 cs=0 l=1 rev1=1 crypto rx=0 tx=0 comp rx=0 tx=0).stop
2023-06-22T16:36:16.053 INFO:teuthology.orchestra.run.smithi008.stdout:/usr/bin/ceph: stderr
2023-06-22T16:36:09.987+0000 7f31f7141700 1 -- 172.21.15.8:0/4004496671 >> 172.21.15.8:0/4004496671 conn(0x7f31f00fc6d0 msgr2=0x7f31f00feae0 unknown :-1 s=STATE_NONE l=0).mark_down
2023-06-22T16:36:16.053 INFO:teuthology.orchestra.run.smithi008.stdout:/usr/bin/ceph: stderr
2023-06-22T16:36:09.987+0000 7f31f7141700 1 -- 172.21.15.8:0/4004496671 shutdown_connections
2023-06-22T16:36:16.053 INFO:teuthology.orchestra.run.smithi008.stdout:/usr/bin/ceph: stderr
2023-06-22T16:36:09.987+0000 7f31f7141700 1 -- 172.21.15.8:0/4004496671 wait complete.
2023-06-22T16:36:16.053 INFO:teuthology.orchestra.run.smithi008.stdout:/usr/bin/ceph: stderr
2023-06-22T16:36:09.988+0000 7f31f7141700 1 Processor -- start
2023-06-22T16:36:16.053 INFO:teuthology.orchestra.run.smithi008.stdout:/usr/bin/ceph: stderr
2023-06-22T16:36:09.988+0000 7f31f7141700 1 -- start start
2023-06-22T16:36:16.054 INFO:teuthology.orchestra.run.smithi008.stdout:/usr/bin/ceph: stderr
2023-06-22T16:36:09.988+0000 7f31f7141700 1 --2- >> [v2:172.21.15.8:3300/0,v1:172.21.15.8:6789/0] conn(0x7f31f0070c40 0x7f31f01026a0 unknown :-1 s=NONE pgs=0 cs=0 l=1 rev1=0 crypto rx=0 tx=0 comp rx=0 tx=0).connect
2023-06-22T16:36:16.054 INFO:teuthology.orchestra.run.smithi008.stdout:/usr/bin/ceph: stderr
2023-06-22T16:36:09.988+0000 7f31f7141700 1 -- --> [v2:172.21.15.8:3300/0,v1:172.21.15.8:6789/0] -- mon_getmap magic: 0 v1 -- 0x7f31f0100b20 con 0x7f31f0070c40
2023-06-22T16:36:16.054 INFO:teuthology.orchestra.run.smithi008.stdout:/usr/bin/ceph: stderr
2023-06-22T16:36:09.988+0000 7f31f4edd700 1 --2- >> [v2:172.21.15.8:3300/0,v1:172.21.15.8:6789/0] conn(0x7f31f0070c40 0x7f31f01026a0 unknown :-1 s=BANNER_CONNECTING pgs=0 cs=0 l=1 rev1=0 crypto rx=0 tx=0 comp rx=0 tx=0)._handle_peer_banner_payload supported=3 required=0
2023-06-22T16:36:16.054 INFO:teuthology.orchestra.run.smithi008.stdout:/usr/bin/ceph: stderr
2023-06-22T16:36:09.988+0000 7f31f4edd700 1 --2- >> [v2:172.21.15.8:3300/0,v1:172.21.15.8:6789/0] conn(0x7f31f0070c40 0x7f31f01026a0 unknown :-1 s=HELLO_CONNECTING pgs=0 cs=0 l=1 rev1=1 crypto rx=0 tx=0 comp rx=0 tx=0).handle_hello peer v2:172.21.15.8:3300/0 says I am v2:172.21.15.8:53034/0 (socket says 172.21.15.8:53034)
2023-06-22T16:36:16.054 INFO:teuthology.orchestra.run.smithi008.stdout:/usr/bin/ceph: stderr
2023-06-22T16:36:09.988+0000 7f31f4edd700 1 -- 172.21.15.8:0/2641851183 learned_addr learned my addr 172.21.15.8:0/2641851183 (peer_addr_for_me v2:172.21.15.8:0/0)
2023-06-22T16:36:16.054 INFO:teuthology.orchestra.run.smithi008.stdout:/usr/bin/ceph: stderr
2023-06-22T16:36:09.988+0000 7f31f4edd700 1 -- 172.21.15.8:0/2641851183 --> [v2:172.21.15.8:3300/0,v1:172.21.15.8:6789/0] -- mon_subscribe({config=0+,monmap=0+}) v3 -- 0x7f31e40094f0 con 0x7f31f0070c40
2023-06-22T16:36:16.054 INFO:teuthology.orchestra.run.smithi008.stdout:/usr/bin/ceph: stderr
2023-06-22T16:36:09.989+0000 7f31f4edd700 1 --2- 172.21.15.8:0/2641851183 >> [v2:172.21.15.8:3300/0,v1:172.21.15.8:6789/0] conn(0x7f31f0070c40 0x7f31f01026a0 secure :-1 s=READY pgs=62 cs=0 l=1 rev1=1 crypto rx=0x7f31e4009fd0 tx=0x7f31e4009250 comp rx=0 tx=0).ready entity=mon.0 client_cookie=0 server_cookie=0 in_seq=0 out_seq=0
2023-06-22T16:36:16.054 INFO:teuthology.orchestra.run.smithi008.stdout:/usr/bin/ceph: stderr
2023-06-22T16:36:09.989+0000 7f31ed7fa700 1 -- 172.21.15.8:0/2641851183 <== mon.0 v2:172.21.15.8:3300/0 1 ==== mon_map magic: 0 v1 ==== 205+0+0 (secure 0 0 0) 0x7f31e401a670 con 0x7f31f0070c40
2023-06-22T16:36:16.055 INFO:teuthology.orchestra.run.smithi008.stdout:/usr/bin/ceph: stderr
2023-06-22T16:36:09.989+0000 7f31ed7fa700 1 -- 172.21.15.8:0/2641851183 <== mon.0 v2:172.21.15.8:3300/0 2 ==== config(25 keys) v1 ==== 1067+0+0 (secure 0 0 0) 0x7f31e401ac70 con 0x7f31f0070c40
2023-06-22T16:36:16.055 INFO:teuthology.orchestra.run.smithi008.stdout:/usr/bin/ceph: stderr
2023-06-22T16:36:09.989+0000 7f31f7141700 1 -- 172.21.15.8:0/2641851183 --> [v2:172.21.15.8:3300/0,v1:172.21.15.8:6789/0] -- mon_subscribe({mgrmap=0+}) v3 -- 0x7f31f0100d20 con 0x7f31f0070c40
2023-06-22T16:36:16.055 INFO:teuthology.orchestra.run.smithi008.stdout:/usr/bin/ceph: stderr
2023-06-22T16:36:09.989+0000 7f31ed7fa700 1 -- 172.21.15.8:0/2641851183 <== mon.0 v2:172.21.15.8:3300/0 3 ==== mon_map magic: 0 v1 ==== 205+0+0 (secure 0 0 0) 0x7f31e4022bb0 con 0x7f31f0070c40
2023-06-22T16:36:16.055 INFO:teuthology.orchestra.run.smithi008.stdout:/usr/bin/ceph: stderr
2023-06-22T16:36:09.989+0000 7f31f7141700 1 -- 172.21.15.8:0/2641851183 --> [v2:172.21.15.8:3300/0,v1:172.21.15.8:6789/0] -- mon_subscribe({osdmap=0}) v3 -- 0x7f31f0101130 con 0x7f31f0070c40
2023-06-22T16:36:16.055 INFO:teuthology.orchestra.run.smithi008.stdout:/usr/bin/ceph: stderr
2023-06-22T16:36:09.990+0000 7f31ed7fa700 1 -- 172.21.15.8:0/2641851183 <== mon.0 v2:172.21.15.8:3300/0 4 ==== mgrmap(e 9) v1 ==== 43232+0+0 (secure 0 0 0) 0x7f31e402c440 con 0x7f31f0070c40
2023-06-22T16:36:16.055 INFO:teuthology.orchestra.run.smithi008.stdout:/usr/bin/ceph: stderr
2023-06-22T16:36:09.990+0000 7f31ed7fa700 1 --2- 172.21.15.8:0/2641851183 >> [v2:172.21.15.8:6800/208861882,v1:172.21.15.8:6801/208861882] conn(0x7f31e00365c0 0x7f31e0038a70 unknown :-1 s=NONE pgs=0 cs=0 l=1 rev1=0 crypto rx=0 tx=0 comp rx=0 tx=0).connect
2023-06-22T16:36:16.055 INFO:teuthology.orchestra.run.smithi008.stdout:/usr/bin/ceph: stderr
2023-06-22T16:36:09.990+0000 7f31ed7fa700 1 -- 172.21.15.8:0/2641851183 --> [v2:172.21.15.8:6800/208861882,v1:172.21.15.8:6801/208861882] -- command(tid 0: {"prefix": "get_command_descriptions"}) v1 -- 0x7f31e0039180 con 0x7f31e00365c0
2023-06-22T16:36:16.056 INFO:teuthology.orchestra.run.smithi008.stdout:/usr/bin/ceph: stderr
2023-06-22T16:36:09.990+0000 7f31effff700 1 -- 172.21.15.8:0/2641851183 >> [v2:172.21.15.8:6800/208861882,v1:172.21.15.8:6801/208861882] conn(0x7f31e00365c0 msgr2=0x7f31e0038a70 unknown :-1 s=STATE_CONNECTING_RE l=1).process reconnect failed to v2:172.21.15.8:6800/208861882
2023-06-22T16:36:16.056 INFO:teuthology.orchestra.run.smithi008.stdout:/usr/bin/ceph: stderr
2023-06-22T16:36:09.990+0000 7f31ed7fa700 1 -- 172.21.15.8:0/2641851183 <== mon.0 v2:172.21.15.8:3300/0 5 ==== osd_map(2..2 src has 1..2) v4 ==== 936+0+0 (secure 0 0 0) 0x7f31e404a700 con 0x7f31f0070c40
2023-06-22T16:36:16.056 INFO:teuthology.orchestra.run.smithi008.stdout:/usr/bin/ceph: stderr
2023-06-22T16:36:09.990+0000 7f31effff700 1 --2- 172.21.15.8:0/2641851183 >> [v2:172.21.15.8:6800/208861882,v1:172.21.15.8:6801/208861882] conn(0x7f31e00365c0 0x7f31e0038a70 unknown :-1 s=START_CONNECT pgs=0 cs=0 l=1 rev1=0 crypto rx=0 tx=0 comp rx=0 tx=0)._fault waiting 0.200000
2023-06-22T16:36:16.056 INFO:teuthology.orchestra.run.smithi008.stdout:/usr/bin/ceph: stderr
2023-06-22T16:36:10.191+0000 7f31effff700 1 -- 172.21.15.8:0/2641851183 >> [v2:172.21.15.8:6800/208861882,v1:172.21.15.8:6801/208861882] conn(0x7f31e00365c0 msgr2=0x7f31e0038a70 unknown :-1 s=STATE_CONNECTING_RE l=1).process reconnect failed to v2:172.21.15.8:6800/208861882
2023-06-22T16:36:16.056 INFO:teuthology.orchestra.run.smithi008.stdout:/usr/bin/ceph: stderr
2023-06-22T16:36:10.191+0000 7f31effff700 1 --2- 172.21.15.8:0/2641851183 >> [v2:172.21.15.8:6800/208861882,v1:172.21.15.8:6801/208861882] conn(0x7f31e00365c0 0x7f31e0038a70 unknown :-1 s=START_CONNECT pgs=0 cs=0 l=1 rev1=0 crypto rx=0 tx=0 comp rx=0 tx=0)._fault waiting 0.400000
2023-06-22T16:36:16.056 INFO:teuthology.orchestra.run.smithi008.stdout:/usr/bin/ceph: stderr
2023-06-22T16:36:10.592+0000 7f31effff700 1 -- 172.21.15.8:0/2641851183 >> [v2:172.21.15.8:6800/208861882,v1:172.21.15.8:6801/208861882] conn(0x7f31e00365c0 msgr2=0x7f31e0038a70 unknown :-1 s=STATE_CONNECTING_RE l=1).process reconnect failed to v2:172.21.15.8:6800/208861882
2023-06-22T16:36:16.056 INFO:teuthology.orchestra.run.smithi008.stdout:/usr/bin/ceph: stderr
2023-06-22T16:36:10.592+0000 7f31effff700 1 --2- 172.21.15.8:0/2641851183 >> [v2:172.21.15.8:6800/208861882,v1:172.21.15.8:6801/208861882] conn(0x7f31e00365c0 0x7f31e0038a70 unknown :-1 s=START_CONNECT pgs=0 cs=0 l=1 rev1=0 crypto rx=0 tx=0 comp rx=0 tx=0)._fault waiting 0.800000
2023-06-22T16:36:16.056 INFO:teuthology.orchestra.run.smithi008.stdout:/usr/bin/ceph: stderr
2023-06-22T16:36:11.393+0000 7f31effff700 1 -- 172.21.15.8:0/2641851183 >> [v2:172.21.15.8:6800/208861882,v1:172.21.15.8:6801/208861882] conn(0x7f31e00365c0 msgr2=0x7f31e0038a70 unknown :-1 s=STATE_CONNECTING_RE l=1).process reconnect failed to v2:172.21.15.8:6800/208861882
2023-06-22T16:36:16.057 INFO:teuthology.orchestra.run.smithi008.stdout:/usr/bin/ceph: stderr
2023-06-22T16:36:11.393+0000 7f31effff700 1 --2- 172.21.15.8:0/2641851183 >> [v2:172.21.15.8:6800/208861882,v1:172.21.15.8:6801/208861882] conn(0x7f31e00365c0 0x7f31e0038a70 unknown :-1 s=START_CONNECT pgs=0 cs=0 l=1 rev1=0 crypto rx=0 tx=0 comp rx=0 tx=0)._fault waiting 1.600000
2023-06-22T16:36:16.057 INFO:teuthology.orchestra.run.smithi008.stdout:/usr/bin/ceph: stderr
2023-06-22T16:36:12.994+0000 7f31effff700 1 -- 172.21.15.8:0/2641851183 >> [v2:172.21.15.8:6800/208861882,v1:172.21.15.8:6801/208861882] conn(0x7f31e00365c0 msgr2=0x7f31e0038a70 unknown :-1 s=STATE_CONNECTING_RE l=1).process reconnect failed to v2:172.21.15.8:6800/208861882
2023-06-22T16:36:16.057 INFO:teuthology.orchestra.run.smithi008.stdout:/usr/bin/ceph: stderr
2023-06-22T16:36:12.994+0000 7f31effff700 1 --2- 172.21.15.8:0/2641851183 >> [v2:172.21.15.8:6800/208861882,v1:172.21.15.8:6801/208861882] conn(0x7f31e00365c0 0x7f31e0038a70 unknown :-1 s=START_CONNECT pgs=0 cs=0 l=1 rev1=0 crypto rx=0 tx=0 comp rx=0 tx=0)._fault waiting 3.200000
2023-06-22T16:36:16.057 INFO:teuthology.orchestra.run.smithi008.stdout:/usr/bin/ceph: stderr
2023-06-22T16:36:14.498+0000 7f31ed7fa700 1 -- 172.21.15.8:0/2641851183 <== mon.0 v2:172.21.15.8:3300/0 6 ==== mgrmap(e 10) v1 ==== 42999+0+0 (secure 0 0 0) 0x7f31e402c7e0 con 0x7f31f0070c40
2023-06-22T16:36:16.057 INFO:teuthology.orchestra.run.smithi008.stdout:/usr/bin/ceph: stderr
2023-06-22T16:36:14.498+0000 7f31ed7fa700 1 -- 172.21.15.8:0/2641851183 >> [v2:172.21.15.8:6800/208861882,v1:172.21.15.8:6801/208861882] conn(0x7f31e00365c0 msgr2=0x7f31e0038a70 unknown :-1 s=STATE_CONNECTING l=1).mark_down
2023-06-22T16:36:16.057 INFO:teuthology.orchestra.run.smithi008.stdout:/usr/bin/ceph: stderr
2023-06-22T16:36:14.498+0000 7f31ed7fa700 1 --2- 172.21.15.8:0/2641851183 >> [v2:172.21.15.8:6800/208861882,v1:172.21.15.8:6801/208861882] conn(0x7f31e00365c0 0x7f31e0038a70 unknown :-1 s=START_CONNECT pgs=0 cs=0 l=1 rev1=0 crypto rx=0 tx=0 comp rx=0 tx=0).stop
2023-06-22T16:36:16.057 INFO:teuthology.orchestra.run.smithi008.stdout:/usr/bin/ceph: stderr
2023-06-22T16:36:15.499+0000 7f31ed7fa700 1 -- 172.21.15.8:0/2641851183 <== mon.0 v2:172.21.15.8:3300/0 7 ==== mgrmap(e 11) v1 ==== 43126+0+0 (secure 0 0 0) 0x7f31e4028d70 con 0x7f31f0070c40
2023-06-22T16:36:16.058 INFO:teuthology.orchestra.run.smithi008.stdout:/usr/bin/ceph: stderr
2023-06-22T16:36:15.499+0000 7f31ed7fa700 1 --2- 172.21.15.8:0/2641851183 >> [v2:172.21.15.8:6800/2345998774,v1:172.21.15.8:6801/2345998774] conn(0x7f31e0039fd0 0x7f31e003c3b0 unknown :-1 s=NONE pgs=0 cs=0 l=1 rev1=0 crypto rx=0 tx=0 comp rx=0 tx=0).connect
2023-06-22T16:36:16.058 INFO:teuthology.orchestra.run.smithi008.stdout:/usr/bin/ceph: stderr
2023-06-22T16:36:15.500+0000 7f31ed7fa700 1 -- 172.21.15.8:0/2641851183 --> [v2:172.21.15.8:6800/2345998774,v1:172.21.15.8:6801/2345998774] -- command(tid 0: {"prefix": "get_command_descriptions"}) v1 -- 0x7f31e0039180 con 0x7f31e0039fd0
2023-06-22T16:36:16.058 INFO:teuthology.orchestra.run.smithi008.stdout:/usr/bin/ceph: stderr
2023-06-22T16:36:15.500+0000 7f31effff700 1 --2- 172.21.15.8:0/2641851183 >> [v2:172.21.15.8:6800/2345998774,v1:172.21.15.8:6801/2345998774] conn(0x7f31e0039fd0 0x7f31e003c3b0 unknown :-1 s=BANNER_CONNECTING pgs=0 cs=0 l=1 rev1=0 crypto rx=0 tx=0 comp rx=0 tx=0)._handle_peer_banner_payload supported=3 required=0
2023-06-22T16:36:16.058 INFO:teuthology.orchestra.run.smithi008.stdout:/usr/bin/ceph: stderr
2023-06-22T16:36:15.500+0000 7f31effff700 1 --2- 172.21.15.8:0/2641851183 >> [v2:172.21.15.8:6800/2345998774,v1:172.21.15.8:6801/2345998774] conn(0x7f31e0039fd0 0x7f31e003c3b0 secure :-1 s=READY pgs=1 cs=0 l=1 rev1=1 crypto rx=0x7f31dc0039d0 tx=0x7f31dc0092f0 comp rx=0 tx=0).ready entity=mgr.14152 client_cookie=0 server_cookie=0 in_seq=0 out_seq=0
2023-06-22T16:36:16.058 INFO:teuthology.orchestra.run.smithi008.stdout:/usr/bin/ceph: stderr
2023-06-22T16:36:15.501+0000 7f31ed7fa700 1 -- 172.21.15.8:0/2641851183 <== mgr.14152 v2:172.21.15.8:6800/2345998774 1 ==== command_reply(tid 0: 0 ) v1 ==== 8+0+6549 (secure 0 0 0) 0x7f31e0039180 con 0x7f31e0039fd0
2023-06-22T16:36:16.058 INFO:teuthology.orchestra.run.smithi008.stdout:/usr/bin/ceph: stderr
2023-06-22T16:36:15.507+0000 7f31f7141700 1 -- 172.21.15.8:0/2641851183 --> [v2:172.21.15.8:6800/2345998774,v1:172.21.15.8:6801/2345998774] -- command(tid 1: {"prefix": "mgr_status"}) v1 -- 0x7f31f005f060 con 0x7f31e0039fd0
2023-06-22T16:36:16.058 INFO:teuthology.orchestra.run.smithi008.stdout:/usr/bin/ceph: stderr
2023-06-22T16:36:15.507+0000 7f31ed7fa700 1 -- 172.21.15.8:0/2641851183 <== mgr.14152 v2:172.21.15.8:6800/2345998774 2 ==== command_reply(tid 1: 0 ) v1 ==== 8+0+52 (secure 0 0 0) 0x7f31f005f060 con 0x7f31e0039fd0
2023-06-22T16:36:16.058 INFO:teuthology.orchestra.run.smithi008.stdout:/usr/bin/ceph: stderr
2023-06-22T16:36:15.508+0000 7f31f7141700 1 -- 172.21.15.8:0/2641851183 >> [v2:172.21.15.8:6800/2345998774,v1:172.21.15.8:6801/2345998774] conn(0x7f31e0039fd0 msgr2=0x7f31e003c3b0 secure :-1 s=STATE_CONNECTION_ESTABLISHED l=1).mark_down
2023-06-22T16:36:16.059 INFO:teuthology.orchestra.run.smithi008.stdout:/usr/bin/ceph: stderr
2023-06-22T16:36:15.508+0000 7f31f7141700 1 --2- 172.21.15.8:0/2641851183 >> [v2:172.21.15.8:6800/2345998774,v1:172.21.15.8:6801/2345998774] conn(0x7f31e0039fd0 0x7f31e003c3b0 secure :-1 s=READY pgs=1 cs=0 l=1 rev1=1 crypto rx=0x7f31dc0039d0 tx=0x7f31dc0092f0 comp rx=0 tx=0).stop
2023-06-22T16:36:16.059 INFO:teuthology.orchestra.run.smithi008.stdout:/usr/bin/ceph: stderr
2023-06-22T16:36:15.508+0000 7f31f7141700 1 -- 172.21.15.8:0/2641851183 >> [v2:172.21.15.8:3300/0,v1:172.21.15.8:6789/0] conn(0x7f31f0070c40 msgr2=0x7f31f01026a0 secure :-1 s=STATE_CONNECTION_ESTABLISHED l=1).mark_down
2023-06-22T16:36:16.059 INFO:teuthology.orchestra.run.smithi008.stdout:/usr/bin/ceph: stderr
2023-06-22T16:36:15.508+0000 7f31f7141700 1 --2- 172.21.15.8:0/2641851183 >> [v2:172.21.15.8:3300/0,v1:172.21.15.8:6789/0] conn(0x7f31f0070c40 0x7f31f01026a0 secure :-1 s=READY pgs=62 cs=0 l=1 rev1=1 crypto rx=0x7f31e4009fd0 tx=0x7f31e4009250 comp rx=0 tx=0).stop
2023-06-22T16:36:16.059 INFO:teuthology.orchestra.run.smithi008.stdout:/usr/bin/ceph: stderr
2023-06-22T16:36:15.508+0000 7f31f7141700 1 -- 172.21.15.8:0/2641851183 shutdown_connections
2023-06-22T16:36:16.059 INFO:teuthology.orchestra.run.smithi008.stdout:/usr/bin/ceph: stderr
2023-06-22T16:36:15.508+0000 7f31f7141700 1 --2- 172.21.15.8:0/2641851183 >> [v2:172.21.15.8:6800/2345998774,v1:172.21.15.8:6801/2345998774] conn(0x7f31e0039fd0 0x7f31e003c3b0 unknown :-1 s=CLOSED pgs=1 cs=0 l=1 rev1=1 crypto rx=0 tx=0 comp rx=0 tx=0).stop
2023-06-22T16:36:16.059 INFO:teuthology.orchestra.run.smithi008.stdout:/usr/bin/ceph: stderr
2023-06-22T16:36:15.508+0000 7f31f7141700 1 --2- 172.21.15.8:0/2641851183 >> [v2:172.21.15.8:3300/0,v1:172.21.15.8:6789/0] conn(0x7f31f0070c40 0x7f31f01026a0 unknown :-1 s=CLOSED pgs=62 cs=0 l=1 rev1=1 crypto rx=0 tx=0 comp rx=0 tx=0).stop
2023-06-22T16:36:16.059 INFO:teuthology.orchestra.run.smithi008.stdout:/usr/bin/ceph: stderr
2023-06-22T16:36:15.508+0000 7f31f7141700 1 --2- 172.21.15.8:0/2641851183 >> [v2:172.21.15.8:6800/208861882,v1:172.21.15.8:6801/208861882] conn(0x7f31e00365c0 0x7f31e0038a70 unknown :-1 s=CLOSED pgs=0 cs=0 l=1 rev1=0 crypto rx=0 tx=0 comp rx=0 tx=0).stop
2023-06-22T16:36:16.059 INFO:teuthology.orchestra.run.smithi008.stdout:/usr/bin/ceph: stderr
2023-06-22T16:36:15.508+0000 7f31f7141700 1 -- 172.21.15.8:0/2641851183 >> 172.21.15.8:0/2641851183 conn(0x7f31f00fc6d0 msgr2=0x7f31f00fd470 unknown :-1 s=STATE_NONE l=0).mark_down
2023-06-22T16:36:16.060 INFO:teuthology.orchestra.run.smithi008.stdout:/usr/bin/ceph: stderr
2023-06-22T16:36:15.508+0000 7f31f7141700 1 -- 172.21.15.8:0/2641851183 shutdown_connections
2023-06-22T16:36:16.060 INFO:teuthology.orchestra.run.smithi008.stdout:/usr/bin/ceph: stderr
2023-06-22T16:36:15.508+0000 7f31f7141700 1 -- 172.21.15.8:0/2641851183 wait complete.
2023-06-22T16:36:16.060 INFO:teuthology.orchestra.run.smithi008.stdout:mgr epoch 9 is available
2023-06-22T16:36:16.060 INFO:teuthology.orchestra.run.smithi008.stdout:Generating a dashboard self-signed certificate...
2023-06-22T16:36:16.888 INFO:journalctl@ceph.mon.a.smithi008.stdout:Jun 22 16:36:16 smithi008 ceph-mon[84936]: [22/Jun/2023:16:36:15] ENGINE Bus STARTING
2023-06-22T16:36:16.888 INFO:journalctl@ceph.mon.a.smithi008.stdout:Jun 22 16:36:16 smithi008 ceph-mon[84936]: [22/Jun/2023:16:36:15] ENGINE Serving on https://172.21.15.8:7150
2023-06-22T16:36:16.888 INFO:journalctl@ceph.mon.a.smithi008.stdout:Jun 22 16:36:16 smithi008 ceph-mon[84936]: [22/Jun/2023:16:36:15] ENGINE Bus STARTED
2023-06-22T16:36:16.888 INFO:journalctl@ceph.mon.a.smithi008.stdout:Jun 22 16:36:16 smithi008 ceph-mon[84936]: from='client.14156 -' entity='client.admin' cmd=[{"prefix": "get_command_descriptions"}]: dispatch
2023-06-22T16:36:16.889 INFO:journalctl@ceph.mon.a.smithi008.stdout:Jun 22 16:36:16 smithi008 ceph-mon[84936]: from='client.14156 -' entity='client.admin' cmd=[{"prefix": "mgr_status"}]: dispatch
2023-06-22T16:36:16.889 INFO:journalctl@ceph.mon.a.smithi008.stdout:Jun 22 16:36:16 smithi008 ceph-mon[84936]: from='mgr.14152 172.21.15.8:0/615016423' entity='mgr.x'
2023-06-22T16:36:17.290 INFO:teuthology.orchestra.run.smithi008.stdout:/usr/bin/ceph: stdout Self-signed certificate created
2023-06-22T16:36:17.291 INFO:teuthology.orchestra.run.smithi008.stdout:/usr/bin/ceph: stderr
2023-06-22T16:36:16.571+0000 7f20aaf6f700 1 Processor -- start
2023-06-22T16:36:17.291 INFO:teuthology.orchestra.run.smithi008.stdout:/usr/bin/ceph: stderr
2023-06-22T16:36:16.571+0000 7f20aaf6f700 1 -- start start
2023-06-22T16:36:17.291 INFO:teuthology.orchestra.run.smithi008.stdout:/usr/bin/ceph: stderr
2023-06-22T16:36:16.571+0000 7f20aaf6f700 1 --2- >> [v2:172.21.15.8:3300/0,v1:172.21.15.8:6789/0] conn(0x7f20a4100f50 0x7f20a4101360 unknown :-1 s=NONE pgs=0 cs=0 l=0 rev1=0 crypto rx=0 tx=0 comp rx=0 tx=0).connect
2023-06-22T16:36:17.291 INFO:teuthology.orchestra.run.smithi008.stdout:/usr/bin/ceph: stderr
2023-06-22T16:36:16.571+0000 7f20aaf6f700 1 -- --> [v2:172.21.15.8:3300/0,v1:172.21.15.8:6789/0] -- mon_getmap magic: 0 v1 -- 0x7f20a41018a0 con 0x7f20a4100f50
2023-06-22T16:36:17.291 INFO:teuthology.orchestra.run.smithi008.stdout:/usr/bin/ceph: stderr
2023-06-22T16:36:16.571+0000 7f20a8d0b700 1 --2- >> [v2:172.21.15.8:3300/0,v1:172.21.15.8:6789/0] conn(0x7f20a4100f50 0x7f20a4101360 unknown :-1 s=BANNER_CONNECTING pgs=0 cs=0 l=0 rev1=0 crypto rx=0 tx=0 comp rx=0 tx=0)._handle_peer_banner_payload supported=3 required=0
2023-06-22T16:36:17.291 INFO:teuthology.orchestra.run.smithi008.stdout:/usr/bin/ceph: stderr
2023-06-22T16:36:16.571+0000 7f20a8d0b700 1 --2- >> [v2:172.21.15.8:3300/0,v1:172.21.15.8:6789/0] conn(0x7f20a4100f50 0x7f20a4101360 unknown :-1 s=HELLO_CONNECTING pgs=0 cs=0 l=0 rev1=1 crypto rx=0 tx=0 comp rx=0 tx=0).handle_hello peer v2:172.21.15.8:3300/0 says I am v2:172.21.15.8:51902/0 (socket says 172.21.15.8:51902)
2023-06-22T16:36:17.292 INFO:teuthology.orchestra.run.smithi008.stdout:/usr/bin/ceph: stderr
2023-06-22T16:36:16.572+0000 7f20a8d0b700 1 -- 172.21.15.8:0/1155173799 learned_addr learned my addr 172.21.15.8:0/1155173799 (peer_addr_for_me v2:172.21.15.8:0/0)
2023-06-22T16:36:17.292 INFO:teuthology.orchestra.run.smithi008.stdout:/usr/bin/ceph: stderr
2023-06-22T16:36:16.572+0000 7f20a8d0b700 1 -- 172.21.15.8:0/1155173799 --> [v2:172.21.15.8:3300/0,v1:172.21.15.8:6789/0] -- mon_subscribe({config=0+,monmap=0+}) v3 -- 0x7f20a41019e0 con 0x7f20a4100f50
2023-06-22T16:36:17.292 INFO:teuthology.orchestra.run.smithi008.stdout:/usr/bin/ceph: stderr
2023-06-22T16:36:16.572+0000 7f20a8d0b700 1 --2- 172.21.15.8:0/1155173799 >> [v2:172.21.15.8:3300/0,v1:172.21.15.8:6789/0] conn(0x7f20a4100f50 0x7f20a4101360 secure :-1 s=READY pgs=70 cs=0 l=1 rev1=1 crypto rx=0x7f20980098e0 tx=0x7f2098009250 comp rx=0 tx=0).ready entity=mon.0 client_cookie=cd36b7a7d1cf718d server_cookie=0 in_seq=0 out_seq=0
2023-06-22T16:36:17.292 INFO:teuthology.orchestra.run.smithi008.stdout:/usr/bin/ceph: stderr
2023-06-22T16:36:16.572+0000 7f20a37fe700 1 -- 172.21.15.8:0/1155173799 <== mon.0 v2:172.21.15.8:3300/0 1 ==== mon_map magic: 0 v1 ==== 205+0+0 (secure 0 0 0) 0x7f2098009e80 con 0x7f20a4100f50
2023-06-22T16:36:17.292 INFO:teuthology.orchestra.run.smithi008.stdout:/usr/bin/ceph: stderr
2023-06-22T16:36:16.572+0000 7f20a37fe700 1 -- 172.21.15.8:0/1155173799 <== mon.0 v2:172.21.15.8:3300/0 2 ==== config(25 keys) v1 ==== 1067+0+0 (secure 0 0 0) 0x7f209800bd00 con 0x7f20a4100f50
2023-06-22T16:36:17.292 INFO:teuthology.orchestra.run.smithi008.stdout:/usr/bin/ceph: stderr
2023-06-22T16:36:16.572+0000 7f20a37fe700 1 -- 172.21.15.8:0/1155173799 <== mon.0 v2:172.21.15.8:3300/0 3 ==== mon_map magic: 0 v1 ==== 205+0+0 (secure 0 0 0) 0x7f2098011c00 con 0x7f20a4100f50
2023-06-22T16:36:17.292 INFO:teuthology.orchestra.run.smithi008.stdout:/usr/bin/ceph: stderr
2023-06-22T16:36:16.573+0000 7f20aaf6f700 1 -- 172.21.15.8:0/1155173799 >> [v2:172.21.15.8:3300/0,v1:172.21.15.8:6789/0] conn(0x7f20a4100f50 msgr2=0x7f20a4101360 secure :-1 s=STATE_CONNECTION_ESTABLISHED l=1).mark_down
2023-06-22T16:36:17.293 INFO:teuthology.orchestra.run.smithi008.stdout:/usr/bin/ceph: stderr
2023-06-22T16:36:16.573+0000 7f20aaf6f700 1 --2- 172.21.15.8:0/1155173799 >> [v2:172.21.15.8:3300/0,v1:172.21.15.8:6789/0] conn(0x7f20a4100f50 0x7f20a4101360 secure :-1 s=READY pgs=70 cs=0 l=1 rev1=1 crypto rx=0x7f20980098e0 tx=0x7f2098009250 comp rx=0 tx=0).stop
2023-06-22T16:36:17.293 INFO:teuthology.orchestra.run.smithi008.stdout:/usr/bin/ceph: stderr
2023-06-22T16:36:16.573+0000 7f20aaf6f700 1 -- 172.21.15.8:0/1155173799 shutdown_connections
2023-06-22T16:36:17.293 INFO:teuthology.orchestra.run.smithi008.stdout:/usr/bin/ceph: stderr
