2023-06-22T16:35:55.711 INFO:teuthology.orchestra.run.smithi008.stdout:/usr/bin/ceph: stderr
2023-06-22T16:35:55.085+0000 7f17f77fe700 1 --2- 172.21.15.8:0/1320790350 >> [v2:172.21.15.8:3300/0,v1:172.21.15.8:6789/0] conn(0x7f17f8102530 0x7f17f8102940 secure :-1 s=READY pgs=39 cs=0 l=1 rev1=1 crypto rx=0x7f17e800bb80 tx=0x7f17e800b4f0 comp rx=0 tx=0).ready entity=mon.0 client_cookie=cde15d0255c08de5 server_cookie=0 in_seq=0 out_seq=0
2023-06-22T16:35:55.711 INFO:teuthology.orchestra.run.smithi008.stdout:/usr/bin/ceph: stderr
2023-06-22T16:35:55.085+0000 7f17f67fc700 1 -- 172.21.15.8:0/1320790350 <== mon.0 v2:172.21.15.8:3300/0 1 ==== mon_map magic: 0 v1 ==== 205+0+0 (secure 0 0 0) 0x7f17e800dba0 con 0x7f17f8102530
2023-06-22T16:35:55.711 INFO:teuthology.orchestra.run.smithi008.stdout:/usr/bin/ceph: stderr
2023-06-22T16:35:55.085+0000 7f17f67fc700 1 -- 172.21.15.8:0/1320790350 <== mon.0 v2:172.21.15.8:3300/0 2 ==== config(25 keys) v1 ==== 1036+0+0 (secure 0 0 0) 0x7f17e800dd00 con 0x7f17f8102530
2023-06-22T16:35:55.711 INFO:teuthology.orchestra.run.smithi008.stdout:/usr/bin/ceph: stderr
2023-06-22T16:35:55.085+0000 7f17f67fc700 1 -- 172.21.15.8:0/1320790350 <== mon.0 v2:172.21.15.8:3300/0 3 ==== mon_map magic: 0 v1 ==== 205+0+0 (secure 0 0 0) 0x7f17e8018670 con 0x7f17f8102530
2023-06-22T16:35:55.711 INFO:teuthology.orchestra.run.smithi008.stdout:/usr/bin/ceph: stderr
2023-06-22T16:35:55.085+0000 7f17fdf58700 1 -- 172.21.15.8:0/1320790350 >> [v2:172.21.15.8:3300/0,v1:172.21.15.8:6789/0] conn(0x7f17f8102530 msgr2=0x7f17f8102940 secure :-1 s=STATE_CONNECTION_ESTABLISHED l=1).mark_down
2023-06-22T16:35:55.711 INFO:teuthology.orchestra.run.smithi008.stdout:/usr/bin/ceph: stderr
2023-06-22T16:35:55.086+0000 7f17fdf58700 1 --2- 172.21.15.8:0/1320790350 >> [v2:172.21.15.8:3300/0,v1:172.21.15.8:6789/0] conn(0x7f17f8102530 0x7f17f8102940 secure :-1 s=READY pgs=39 cs=0 l=1 rev1=1 crypto rx=0x7f17e800bb80 tx=0x7f17e800b4f0 comp rx=0 tx=0).stop
2023-06-22T16:35:55.711 INFO:teuthology.orchestra.run.smithi008.stdout:/usr/bin/ceph: stderr
2023-06-22T16:35:55.086+0000 7f17fdf58700 1 -- 172.21.15.8:0/1320790350 shutdown_connections
2023-06-22T16:35:55.712 INFO:teuthology.orchestra.run.smithi008.stdout:/usr/bin/ceph: stderr
2023-06-22T16:35:55.086+0000 7f17fdf58700 1 --2- 172.21.15.8:0/1320790350 >> [v2:172.21.15.8:3300/0,v1:172.21.15.8:6789/0] conn(0x7f17f8102530 0x7f17f8102940 unknown :-1 s=CLOSED pgs=39 cs=0 l=1 rev1=1 crypto rx=0 tx=0 comp rx=0 tx=0).stop
2023-06-22T16:35:55.712 INFO:teuthology.orchestra.run.smithi008.stdout:/usr/bin/ceph: stderr
2023-06-22T16:35:55.086+0000 7f17fdf58700 1 -- 172.21.15.8:0/1320790350 >> 172.21.15.8:0/1320790350 conn(0x7f17f80fbe50 msgr2=0x7f17f80fe260 unknown :-1 s=STATE_NONE l=0).mark_down
2023-06-22T16:35:55.712 INFO:teuthology.orchestra.run.smithi008.stdout:/usr/bin/ceph: stderr
2023-06-22T16:35:55.086+0000 7f17fdf58700 1 -- 172.21.15.8:0/1320790350 shutdown_connections
2023-06-22T16:35:55.712 INFO:teuthology.orchestra.run.smithi008.stdout:/usr/bin/ceph: stderr
2023-06-22T16:35:55.086+0000 7f17fdf58700 1 -- 172.21.15.8:0/1320790350 wait complete.
2023-06-22T16:35:55.712 INFO:teuthology.orchestra.run.smithi008.stdout:/usr/bin/ceph: stderr
2023-06-22T16:35:55.086+0000 7f17fdf58700 1 Processor -- start
2023-06-22T16:35:55.712 INFO:teuthology.orchestra.run.smithi008.stdout:/usr/bin/ceph: stderr
2023-06-22T16:35:55.086+0000 7f17fdf58700 1 -- start start
2023-06-22T16:35:55.712 INFO:teuthology.orchestra.run.smithi008.stdout:/usr/bin/ceph: stderr
2023-06-22T16:35:55.086+0000 7f17fdf58700 1 --2- >> [v2:172.21.15.8:3300/0,v1:172.21.15.8:6789/0] conn(0x7f17f8102530 0x7f17f810ea40 unknown :-1 s=NONE pgs=0 cs=0 l=1 rev1=0 crypto rx=0 tx=0 comp rx=0 tx=0).connect
2023-06-22T16:35:55.713 INFO:teuthology.orchestra.run.smithi008.stdout:/usr/bin/ceph: stderr
2023-06-22T16:35:55.086+0000 7f17fdf58700 1 -- --> [v2:172.21.15.8:3300/0,v1:172.21.15.8:6789/0] -- mon_getmap magic: 0 v1 -- 0x7f17f810ef80 con 0x7f17f8102530
2023-06-22T16:35:55.713 INFO:teuthology.orchestra.run.smithi008.stdout:/usr/bin/ceph: stderr
2023-06-22T16:35:55.087+0000 7f17f77fe700 1 --2- >> [v2:172.21.15.8:3300/0,v1:172.21.15.8:6789/0] conn(0x7f17f8102530 0x7f17f810ea40 unknown :-1 s=BANNER_CONNECTING pgs=0 cs=0 l=1 rev1=0 crypto rx=0 tx=0 comp rx=0 tx=0)._handle_peer_banner_payload supported=3 required=0
2023-06-22T16:35:55.713 INFO:teuthology.orchestra.run.smithi008.stdout:/usr/bin/ceph: stderr
2023-06-22T16:35:55.087+0000 7f17f77fe700 1 --2- >> [v2:172.21.15.8:3300/0,v1:172.21.15.8:6789/0] conn(0x7f17f8102530 0x7f17f810ea40 unknown :-1 s=HELLO_CONNECTING pgs=0 cs=0 l=1 rev1=1 crypto rx=0 tx=0 comp rx=0 tx=0).handle_hello peer v2:172.21.15.8:3300/0 says I am v2:172.21.15.8:60418/0 (socket says 172.21.15.8:60418)
2023-06-22T16:35:55.713 INFO:teuthology.orchestra.run.smithi008.stdout:/usr/bin/ceph: stderr
2023-06-22T16:35:55.087+0000 7f17f77fe700 1 -- 172.21.15.8:0/2975051249 learned_addr learned my addr 172.21.15.8:0/2975051249 (peer_addr_for_me v2:172.21.15.8:0/0)
2023-06-22T16:35:55.713 INFO:teuthology.orchestra.run.smithi008.stdout:/usr/bin/ceph: stderr
2023-06-22T16:35:55.087+0000 7f17f77fe700 1 -- 172.21.15.8:0/2975051249 --> [v2:172.21.15.8:3300/0,v1:172.21.15.8:6789/0] -- mon_subscribe({config=0+,monmap=0+}) v3 -- 0x7f17e800b790 con 0x7f17f8102530
2023-06-22T16:35:55.713 INFO:teuthology.orchestra.run.smithi008.stdout:/usr/bin/ceph: stderr
2023-06-22T16:35:55.087+0000 7f17f77fe700 1 --2- 172.21.15.8:0/2975051249 >> [v2:172.21.15.8:3300/0,v1:172.21.15.8:6789/0] conn(0x7f17f8102530 0x7f17f810ea40 secure :-1 s=READY pgs=40 cs=0 l=1 rev1=1 crypto rx=0x7f17e8018ea0 tx=0x7f17e800b4f0 comp rx=0 tx=0).ready entity=mon.0 client_cookie=0 server_cookie=0 in_seq=0 out_seq=0
2023-06-22T16:35:55.713 INFO:teuthology.orchestra.run.smithi008.stdout:/usr/bin/ceph: stderr
2023-06-22T16:35:55.087+0000 7f17dffff700 1 -- 172.21.15.8:0/2975051249 <== mon.0 v2:172.21.15.8:3300/0 1 ==== mon_map magic: 0 v1 ==== 205+0+0 (secure 0 0 0) 0x7f17e8027070 con 0x7f17f8102530
2023-06-22T16:35:55.714 INFO:teuthology.orchestra.run.smithi008.stdout:/usr/bin/ceph: stderr
2023-06-22T16:35:55.087+0000 7f17dffff700 1 -- 172.21.15.8:0/2975051249 <== mon.0 v2:172.21.15.8:3300/0 2 ==== config(25 keys) v1 ==== 1036+0+0 (secure 0 0 0) 0x7f17e801d050 con 0x7f17f8102530
2023-06-22T16:35:55.714 INFO:teuthology.orchestra.run.smithi008.stdout:/usr/bin/ceph: stderr
2023-06-22T16:35:55.087+0000 7f17fdf58700 1 -- 172.21.15.8:0/2975051249 --> [v2:172.21.15.8:3300/0,v1:172.21.15.8:6789/0] -- mon_subscribe({mgrmap=0+}) v3 -- 0x7f17f810f180 con 0x7f17f8102530
2023-06-22T16:35:55.714 INFO:teuthology.orchestra.run.smithi008.stdout:/usr/bin/ceph: stderr
2023-06-22T16:35:55.087+0000 7f17dffff700 1 -- 172.21.15.8:0/2975051249 <== mon.0 v2:172.21.15.8:3300/0 3 ==== mon_map magic: 0 v1 ==== 205+0+0 (secure 0 0 0) 0x7f17e8023da0 con 0x7f17f8102530
2023-06-22T16:35:55.714 INFO:teuthology.orchestra.run.smithi008.stdout:/usr/bin/ceph: stderr
2023-06-22T16:35:55.087+0000 7f17fdf58700 1 -- 172.21.15.8:0/2975051249 --> [v2:172.21.15.8:3300/0,v1:172.21.15.8:6789/0] -- mon_subscribe({osdmap=0}) v3 -- 0x7f17f810f590 con 0x7f17f8102530
2023-06-22T16:35:55.714 INFO:teuthology.orchestra.run.smithi008.stdout:/usr/bin/ceph: stderr
2023-06-22T16:35:55.088+0000 7f17dffff700 1 -- 172.21.15.8:0/2975051249 <== mon.0 v2:172.21.15.8:3300/0 4 ==== mgrmap(e 7) v1 ==== 43113+0+0 (secure 0 0 0) 0x7f17e80107a0 con 0x7f17f8102530
2023-06-22T16:35:55.714 INFO:teuthology.orchestra.run.smithi008.stdout:/usr/bin/ceph: stderr
2023-06-22T16:35:55.088+0000 7f17fdf58700 1 -- 172.21.15.8:0/2975051249 --> [v2:172.21.15.8:3300/0,v1:172.21.15.8:6789/0] -- mon_command({"prefix": "get_command_descriptions"} v 0) v1 -- 0x7f17f804b970 con 0x7f17f8102530
2023-06-22T16:35:55.714 INFO:teuthology.orchestra.run.smithi008.stdout:/usr/bin/ceph: stderr
2023-06-22T16:35:55.088+0000 7f17dffff700 1 --2- 172.21.15.8:0/2975051249 >> [v2:172.21.15.8:6800/208861882,v1:172.21.15.8:6801/208861882] conn(0x7f17e00364a0 0x7f17e0038950 unknown :-1 s=NONE pgs=0 cs=0 l=1 rev1=0 crypto rx=0 tx=0 comp rx=0 tx=0).connect
2023-06-22T16:35:55.715 INFO:teuthology.orchestra.run.smithi008.stdout:/usr/bin/ceph: stderr
2023-06-22T16:35:55.088+0000 7f17dffff700 1 -- 172.21.15.8:0/2975051249 <== mon.0 v2:172.21.15.8:3300/0 5 ==== osd_map(2..2 src has 1..2) v4 ==== 936+0+0 (secure 0 0 0) 0x7f17e8014070 con 0x7f17f8102530
2023-06-22T16:35:55.715 INFO:teuthology.orchestra.run.smithi008.stdout:/usr/bin/ceph: stderr
2023-06-22T16:35:55.088+0000 7f17f6ffd700 1 --2- 172.21.15.8:0/2975051249 >> [v2:172.21.15.8:6800/208861882,v1:172.21.15.8:6801/208861882] conn(0x7f17e00364a0 0x7f17e0038950 unknown :-1 s=BANNER_CONNECTING pgs=0 cs=0 l=1 rev1=0 crypto rx=0 tx=0 comp rx=0 tx=0)._handle_peer_banner_payload supported=3 required=0
2023-06-22T16:35:55.715 INFO:teuthology.orchestra.run.smithi008.stdout:/usr/bin/ceph: stderr
2023-06-22T16:35:55.089+0000 7f17f6ffd700 1 --2- 172.21.15.8:0/2975051249 >> [v2:172.21.15.8:6800/208861882,v1:172.21.15.8:6801/208861882] conn(0x7f17e00364a0 0x7f17e0038950 secure :-1 s=READY pgs=8 cs=0 l=1 rev1=1 crypto rx=0x7f17ec009990 tx=0x7f17ec006e40 comp rx=0 tx=0).ready entity=mgr.14120 client_cookie=0 server_cookie=0 in_seq=0 out_seq=0
2023-06-22T16:35:55.715 INFO:teuthology.orchestra.run.smithi008.stdout:/usr/bin/ceph: stderr
2023-06-22T16:35:55.093+0000 7f17dffff700 1 -- 172.21.15.8:0/2975051249 <== mon.0 v2:172.21.15.8:3300/0 6 ==== mon_command_ack([{"prefix": "get_command_descriptions"}]=0 v0) v1 ==== 72+0+174561 (secure 0 0 0) 0x7f17e8006d40 con 0x7f17f8102530
2023-06-22T16:35:55.715 INFO:teuthology.orchestra.run.smithi008.stdout:/usr/bin/ceph: stderr
2023-06-22T16:35:55.288+0000 7f17fdf58700 1 -- 172.21.15.8:0/2975051249 --> [v2:172.21.15.8:6800/208861882,v1:172.21.15.8:6801/208861882] -- mgr_command(tid 0: {"prefix": "cephadm set-user", "user": "root", "target": ["mon-mgr", ""]}) v1 -- 0x7f17f81081c0 con 0x7f17e00364a0
2023-06-22T16:35:55.715 INFO:teuthology.orchestra.run.smithi008.stdout:/usr/bin/ceph: stderr
2023-06-22T16:35:55.289+0000 7f17dffff700 1 -- 172.21.15.8:0/2975051249 <== mgr.14120 v2:172.21.15.8:6800/208861882 1 ==== mgr_command_reply(tid 0: 0 ) v1 ==== 8+0+16 (secure 0 0 0) 0x7f17f81081c0 con 0x7f17e00364a0
2023-06-22T16:35:55.715 INFO:teuthology.orchestra.run.smithi008.stdout:/usr/bin/ceph: stderr
2023-06-22T16:35:55.290+0000 7f17fdf58700 1 -- 172.21.15.8:0/2975051249 >> [v2:172.21.15.8:6800/208861882,v1:172.21.15.8:6801/208861882] conn(0x7f17e00364a0 msgr2=0x7f17e0038950 secure :-1 s=STATE_CONNECTION_ESTABLISHED l=1).mark_down
2023-06-22T16:35:55.716 INFO:teuthology.orchestra.run.smithi008.stdout:/usr/bin/ceph: stderr
2023-06-22T16:35:55.290+0000 7f17fdf58700 1 --2- 172.21.15.8:0/2975051249 >> [v2:172.21.15.8:6800/208861882,v1:172.21.15.8:6801/208861882] conn(0x7f17e00364a0 0x7f17e0038950 secure :-1 s=READY pgs=8 cs=0 l=1 rev1=1 crypto rx=0x7f17ec009990 tx=0x7f17ec006e40 comp rx=0 tx=0).stop
2023-06-22T16:35:55.716 INFO:teuthology.orchestra.run.smithi008.stdout:/usr/bin/ceph: stderr
2023-06-22T16:35:55.290+0000 7f17fdf58700 1 -- 172.21.15.8:0/2975051249 >> [v2:172.21.15.8:3300/0,v1:172.21.15.8:6789/0] conn(0x7f17f8102530 msgr2=0x7f17f810ea40 secure :-1 s=STATE_CONNECTION_ESTABLISHED l=1).mark_down
2023-06-22T16:35:55.716 INFO:teuthology.orchestra.run.smithi008.stdout:/usr/bin/ceph: stderr
2023-06-22T16:35:55.290+0000 7f17fdf58700 1 --2- 172.21.15.8:0/2975051249 >> [v2:172.21.15.8:3300/0,v1:172.21.15.8:6789/0] conn(0x7f17f8102530 0x7f17f810ea40 secure :-1 s=READY pgs=40 cs=0 l=1 rev1=1 crypto rx=0x7f17e8018ea0 tx=0x7f17e800b4f0 comp rx=0 tx=0).stop
2023-06-22T16:35:55.716 INFO:teuthology.orchestra.run.smithi008.stdout:/usr/bin/ceph: stderr
2023-06-22T16:35:55.291+0000 7f17fdf58700 1 -- 172.21.15.8:0/2975051249 shutdown_connections
2023-06-22T16:35:55.716 INFO:teuthology.orchestra.run.smithi008.stdout:/usr/bin/ceph: stderr
2023-06-22T16:35:55.291+0000 7f17fdf58700 1 --2- 172.21.15.8:0/2975051249 >> [v2:172.21.15.8:6800/208861882,v1:172.21.15.8:6801/208861882] conn(0x7f17e00364a0 0x7f17e0038950 unknown :-1 s=CLOSED pgs=8 cs=0 l=1 rev1=1 crypto rx=0 tx=0 comp rx=0 tx=0).stop
2023-06-22T16:35:55.716 INFO:teuthology.orchestra.run.smithi008.stdout:/usr/bin/ceph: stderr
2023-06-22T16:35:55.291+0000 7f17fdf58700 1 --2- 172.21.15.8:0/2975051249 >> [v2:172.21.15.8:3300/0,v1:172.21.15.8:6789/0] conn(0x7f17f8102530 0x7f17f810ea40 unknown :-1 s=CLOSED pgs=40 cs=0 l=1 rev1=1 crypto rx=0 tx=0 comp rx=0 tx=0).stop
2023-06-22T16:35:55.716 INFO:teuthology.orchestra.run.smithi008.stdout:/usr/bin/ceph: stderr
2023-06-22T16:35:55.291+0000 7f17fdf58700 1 -- 172.21.15.8:0/2975051249 >> 172.21.15.8:0/2975051249 conn(0x7f17f80fbe50 msgr2=0x7f17f81054d0 unknown :-1 s=STATE_NONE l=0).mark_down
2023-06-22T16:35:55.717 INFO:teuthology.orchestra.run.smithi008.stdout:/usr/bin/ceph: stderr
2023-06-22T16:35:55.291+0000 7f17fdf58700 1 -- 172.21.15.8:0/2975051249 shutdown_connections
2023-06-22T16:35:55.717 INFO:teuthology.orchestra.run.smithi008.stdout:/usr/bin/ceph: stderr
2023-06-22T16:35:55.291+0000 7f17fdf58700 1 -- 172.21.15.8:0/2975051249 wait complete.
2023-06-22T16:35:55.717 INFO:teuthology.orchestra.run.smithi008.stdout:Generating ssh key...
2023-06-22T16:35:55.720 INFO:journalctl@ceph.mon.a.smithi008.stdout:Jun 22 16:35:55 smithi008 ceph-mon[84936]: [22/Jun/2023:16:35:54] ENGINE Bus STARTING
2023-06-22T16:35:55.720 INFO:journalctl@ceph.mon.a.smithi008.stdout:Jun 22 16:35:55 smithi008 ceph-mon[84936]: [22/Jun/2023:16:35:54] ENGINE Serving on https://172.21.15.8:7150
2023-06-22T16:35:55.721 INFO:journalctl@ceph.mon.a.smithi008.stdout:Jun 22 16:35:55 smithi008 ceph-mon[84936]: [22/Jun/2023:16:35:54] ENGINE Bus STARTED
2023-06-22T16:35:55.721 INFO:journalctl@ceph.mon.a.smithi008.stdout:Jun 22 16:35:55 smithi008 ceph-mon[84936]: from='client.14132 -' entity='client.admin' cmd=[{"prefix": "orch set backend", "module_name": "cephadm", "target": ["mon-mgr", ""]}]: dispatch
2023-06-22T16:35:56.720 INFO:journalctl@ceph.mon.a.smithi008.stdout:Jun 22 16:35:56 smithi008 ceph-mon[84936]: from='client.14134 -' entity='client.admin' cmd=[{"prefix": "cephadm set-user", "user": "root", "target": ["mon-mgr", ""]}]: dispatch
2023-06-22T16:35:56.721 INFO:journalctl@ceph.mon.a.smithi008.stdout:Jun 22 16:35:56 smithi008 ceph-mon[84936]: mgrmap e8: x(active, since 3s)
2023-06-22T16:35:57.470 INFO:journalctl@ceph.mon.a.smithi008.stdout:Jun 22 16:35:57 smithi008 ceph-mon[84936]: from='client.14136 -' entity='client.admin' cmd=[{"prefix": "cephadm generate-key", "target": ["mon-mgr", ""]}]: dispatch
2023-06-22T16:35:57.471 INFO:journalctl@ceph.mon.a.smithi008.stdout:Jun 22 16:35:57 smithi008 ceph-mon[84936]: Generating ssh key...
2023-06-22T16:35:57.471 INFO:journalctl@ceph.mon.a.smithi008.stdout:Jun 22 16:35:57 smithi008 ceph-mon[84936]: from='mgr.14120 172.21.15.8:0/2569544543' entity='mgr.x'
2023-06-22T16:35:57.471 INFO:journalctl@ceph.mon.a.smithi008.stdout:Jun 22 16:35:57 smithi008 ceph-mon[84936]: from='mgr.14120 172.21.15.8:0/2569544543' entity='mgr.x'
2023-06-22T16:35:57.471 INFO:journalctl@ceph.mgr.x.smithi008.stdout:Jun 22 16:35:57 smithi008 conmon[85357]: Generating public/private rsa key pair.
2023-06-22T16:35:57.471 INFO:journalctl@ceph.mgr.x.smithi008.stdout:Jun 22 16:35:57 smithi008 conmon[85357]: Your identification has been saved in /tmp/tmpjtff21zc/key.
2023-06-22T16:35:57.472 INFO:journalctl@ceph.mgr.x.smithi008.stdout:Jun 22 16:35:57 smithi008 conmon[85357]: Your public key has been saved in /tmp/tmpjtff21zc/key.pub.
2023-06-22T16:35:57.472 INFO:journalctl@ceph.mgr.x.smithi008.stdout:Jun 22 16:35:57 smithi008 conmon[85357]: The key fingerprint is:
2023-06-22T16:35:57.472 INFO:journalctl@ceph.mgr.x.smithi008.stdout:Jun 22 16:35:57 smithi008 conmon[85357]: SHA256:Zr+2vAA/X4xvCN0lxm1JJdXx3xyZWvXHrzLCg5B9wcs ceph-9f99277a-111a-11ee-9b2b-001a4aab830c
2023-06-22T16:35:57.472 INFO:journalctl@ceph.mgr.x.smithi008.stdout:Jun 22 16:35:57 smithi008 conmon[85357]: The key's randomart image is:
2023-06-22T16:35:57.472 INFO:journalctl@ceph.mgr.x.smithi008.stdout:Jun 22 16:35:57 smithi008 conmon[85357]: +---[RSA 3072]----+
2023-06-22T16:35:57.472 INFO:journalctl@ceph.mgr.x.smithi008.stdout:Jun 22 16:35:57 smithi008 conmon[85357]: | .+*|
2023-06-22T16:35:57.472 INFO:journalctl@ceph.mgr.x.smithi008.stdout:Jun 22 16:35:57 smithi008 conmon[85357]: | . .oB|
2023-06-22T16:35:57.473 INFO:journalctl@ceph.mgr.x.smithi008.stdout:Jun 22 16:35:57 smithi008 conmon[85357]: | o. o *=|
2023-06-22T16:35:57.473 INFO:journalctl@ceph.mgr.x.smithi008.stdout:Jun 22 16:35:57 smithi008 conmon[85357]: | o . o+ B.*|
2023-06-22T16:35:57.473 INFO:journalctl@ceph.mgr.x.smithi008.stdout:Jun 22 16:35:57 smithi008 conmon[85357]: | + S.Eo = =|
2023-06-22T16:35:57.473 INFO:journalctl@ceph.mgr.x.smithi008.stdout:Jun 22 16:35:57 smithi008 conmon[85357]: | *.=.o. . |
2023-06-22T16:35:57.473 INFO:journalctl@ceph.mgr.x.smithi008.stdout:Jun 22 16:35:57 smithi008 conmon[85357]: | =.*.= . |
2023-06-22T16:35:57.473 INFO:journalctl@ceph.mgr.x.smithi008.stdout:Jun 22 16:35:57 smithi008 conmon[85357]: | =o*.o |
2023-06-22T16:35:57.473 INFO:journalctl@ceph.mgr.x.smithi008.stdout:Jun 22 16:35:57 smithi008 conmon[85357]: | .*+. |
2023-06-22T16:35:57.474 INFO:journalctl@ceph.mgr.x.smithi008.stdout:Jun 22 16:35:57 smithi008 conmon[85357]: +----[SHA256]-----+
2023-06-22T16:35:57.649 INFO:teuthology.orchestra.run.smithi008.stdout:/usr/bin/ceph: stderr
2023-06-22T16:35:56.202+0000 7f3b35573700 1 Processor -- start
2023-06-22T16:35:57.649 INFO:teuthology.orchestra.run.smithi008.stdout:/usr/bin/ceph: stderr
2023-06-22T16:35:56.202+0000 7f3b35573700 1 -- start start
2023-06-22T16:35:57.650 INFO:teuthology.orchestra.run.smithi008.stdout:/usr/bin/ceph: stderr
2023-06-22T16:35:56.202+0000 7f3b35573700 1 --2- >> [v2:172.21.15.8:3300/0,v1:172.21.15.8:6789/0] conn(0x7f3b30070bc0 0x7f3b301070a0 unknown :-1 s=NONE pgs=0 cs=0 l=0 rev1=0 crypto rx=0 tx=0 comp rx=0 tx=0).connect
2023-06-22T16:35:57.650 INFO:teuthology.orchestra.run.smithi008.stdout:/usr/bin/ceph: stderr
2023-06-22T16:35:56.202+0000 7f3b35573700 1 -- --> [v2:172.21.15.8:3300/0,v1:172.21.15.8:6789/0] -- mon_getmap magic: 0 v1 -- 0x7f3b30102a90 con 0x7f3b30070bc0
2023-06-22T16:35:57.650 INFO:teuthology.orchestra.run.smithi008.stdout:/usr/bin/ceph: stderr
2023-06-22T16:35:56.202+0000 7f3b2effd700 1 --2- >> [v2:172.21.15.8:3300/0,v1:172.21.15.8:6789/0] conn(0x7f3b30070bc0 0x7f3b301070a0 unknown :-1 s=BANNER_CONNECTING pgs=0 cs=0 l=0 rev1=0 crypto rx=0 tx=0 comp rx=0 tx=0)._handle_peer_banner_payload supported=3 required=0
2023-06-22T16:35:57.650 INFO:teuthology.orchestra.run.smithi008.stdout:/usr/bin/ceph: stderr
2023-06-22T16:35:56.202+0000 7f3b2effd700 1 --2- >> [v2:172.21.15.8:3300/0,v1:172.21.15.8:6789/0] conn(0x7f3b30070bc0 0x7f3b301070a0 unknown :-1 s=HELLO_CONNECTING pgs=0 cs=0 l=0 rev1=1 crypto rx=0 tx=0 comp rx=0 tx=0).handle_hello peer v2:172.21.15.8:3300/0 says I am v2:172.21.15.8:60432/0 (socket says 172.21.15.8:60432)
2023-06-22T16:35:57.650 INFO:teuthology.orchestra.run.smithi008.stdout:/usr/bin/ceph: stderr
2023-06-22T16:35:56.202+0000 7f3b2effd700 1 -- 172.21.15.8:0/3448617290 learned_addr learned my addr 172.21.15.8:0/3448617290 (peer_addr_for_me v2:172.21.15.8:0/0)
2023-06-22T16:35:57.650 INFO:teuthology.orchestra.run.smithi008.stdout:/usr/bin/ceph: stderr
2023-06-22T16:35:56.202+0000 7f3b2effd700 1 -- 172.21.15.8:0/3448617290 --> [v2:172.21.15.8:3300/0,v1:172.21.15.8:6789/0] -- mon_subscribe({config=0+,monmap=0+}) v3 -- 0x7f3b301075e0 con 0x7f3b30070bc0
2023-06-22T16:35:57.650 INFO:teuthology.orchestra.run.smithi008.stdout:/usr/bin/ceph: stderr
2023-06-22T16:35:56.203+0000 7f3b2effd700 1 --2- 172.21.15.8:0/3448617290 >> [v2:172.21.15.8:3300/0,v1:172.21.15.8:6789/0] conn(0x7f3b30070bc0 0x7f3b301070a0 secure :-1 s=READY pgs=41 cs=0 l=1 rev1=1 crypto rx=0x7f3b200098e0 tx=0x7f3b20009250 comp rx=0 tx=0).ready entity=mon.0 client_cookie=6865be26bdb85df5 server_cookie=0 in_seq=0 out_seq=0
2023-06-22T16:35:57.651 INFO:teuthology.orchestra.run.smithi008.stdout:/usr/bin/ceph: stderr
2023-06-22T16:35:56.203+0000 7f3b2dffb700 1 -- 172.21.15.8:0/3448617290 <== mon.0 v2:172.21.15.8:3300/0 1 ==== mon_map magic: 0 v1 ==== 205+0+0 (secure 0 0 0) 0x7f3b20009e80 con 0x7f3b30070bc0
2023-06-22T16:35:57.651 INFO:teuthology.orchestra.run.smithi008.stdout:/usr/bin/ceph: stderr
2023-06-22T16:35:56.203+0000 7f3b2dffb700 1 -- 172.21.15.8:0/3448617290 <== mon.0 v2:172.21.15.8:3300/0 2 ==== config(25 keys) v1 ==== 1036+0+0 (secure 0 0 0) 0x7f3b2000bce0 con 0x7f3b30070bc0
2023-06-22T16:35:57.651 INFO:teuthology.orchestra.run.smithi008.stdout:/usr/bin/ceph: stderr
2023-06-22T16:35:56.203+0000 7f3b2dffb700 1 -- 172.21.15.8:0/3448617290 <== mon.0 v2:172.21.15.8:3300/0 3 ==== mon_map magic: 0 v1 ==== 205+0+0 (secure 0 0 0) 0x7f3b20011c70 con 0x7f3b30070bc0
2023-06-22T16:35:57.651 INFO:teuthology.orchestra.run.smithi008.stdout:/usr/bin/ceph: stderr
2023-06-22T16:35:56.203+0000 7f3b35573700 1 -- 172.21.15.8:0/3448617290 >> [v2:172.21.15.8:3300/0,v1:172.21.15.8:6789/0] conn(0x7f3b30070bc0 msgr2=0x7f3b301070a0 secure :-1 s=STATE_CONNECTION_ESTABLISHED l=1).mark_down
2023-06-22T16:35:57.651 INFO:teuthology.orchestra.run.smithi008.stdout:/usr/bin/ceph: stderr
2023-06-22T16:35:56.203+0000 7f3b35573700 1 --2- 172.21.15.8:0/3448617290 >> [v2:172.21.15.8:3300/0,v1:172.21.15.8:6789/0] conn(0x7f3b30070bc0 0x7f3b301070a0 secure :-1 s=READY pgs=41 cs=0 l=1 rev1=1 crypto rx=0x7f3b200098e0 tx=0x7f3b20009250 comp rx=0 tx=0).stop
2023-06-22T16:35:57.651 INFO:teuthology.orchestra.run.smithi008.stdout:/usr/bin/ceph: stderr
2023-06-22T16:35:56.203+0000 7f3b35573700 1 -- 172.21.15.8:0/3448617290 shutdown_connections
2023-06-22T16:35:57.651 INFO:teuthology.orchestra.run.smithi008.stdout:/usr/bin/ceph: stderr
2023-06-22T16:35:56.203+0000 7f3b35573700 1 --2- 172.21.15.8:0/3448617290 >> [v2:172.21.15.8:3300/0,v1:172.21.15.8:6789/0] conn(0x7f3b30070bc0 0x7f3b301070a0 unknown :-1 s=CLOSED pgs=41 cs=0 l=1 rev1=1 crypto rx=0 tx=0 comp rx=0 tx=0).stop
2023-06-22T16:35:57.652 INFO:teuthology.orchestra.run.smithi008.stdout:/usr/bin/ceph: stderr
2023-06-22T16:35:56.203+0000 7f3b35573700 1 -- 172.21.15.8:0/3448617290 >> 172.21.15.8:0/3448617290 conn(0x7f3b300fc6d0 msgr2=0x7f3b300feae0 unknown :-1 s=STATE_NONE l=0).mark_down
2023-06-22T16:35:57.652 INFO:teuthology.orchestra.run.smithi008.stdout:/usr/bin/ceph: stderr
2023-06-22T16:35:56.203+0000 7f3b35573700 1 -- 172.21.15.8:0/3448617290 shutdown_connections
2023-06-22T16:35:57.652 INFO:teuthology.orchestra.run.smithi008.stdout:/usr/bin/ceph: stderr
2023-06-22T16:35:56.204+0000 7f3b35573700 1 -- 172.21.15.8:0/3448617290 wait complete.
2023-06-22T16:35:57.652 INFO:teuthology.orchestra.run.smithi008.stdout:/usr/bin/ceph: stderr
2023-06-22T16:35:56.204+0000 7f3b35573700 1 Processor -- start
2023-06-22T16:35:57.652 INFO:teuthology.orchestra.run.smithi008.stdout:/usr/bin/ceph: stderr
2023-06-22T16:35:56.204+0000 7f3b35573700 1 -- start start
2023-06-22T16:35:57.652 INFO:teuthology.orchestra.run.smithi008.stdout:/usr/bin/ceph: stderr
2023-06-22T16:35:56.204+0000 7f3b35573700 1 --2- >> [v2:172.21.15.8:3300/0,v1:172.21.15.8:6789/0] conn(0x7f3b30070bc0 0x7f3b30112f10 unknown :-1 s=NONE pgs=0 cs=0 l=1 rev1=0 crypto rx=0 tx=0 comp rx=0 tx=0).connect
2023-06-22T16:35:57.652 INFO:teuthology.orchestra.run.smithi008.stdout:/usr/bin/ceph: stderr
2023-06-22T16:35:56.204+0000 7f3b35573700 1 -- --> [v2:172.21.15.8:3300/0,v1:172.21.15.8:6789/0] -- mon_getmap magic: 0 v1 -- 0x7f3b30113450 con 0x7f3b30070bc0
2023-06-22T16:35:57.653 INFO:teuthology.orchestra.run.smithi008.stdout:/usr/bin/ceph: stderr
2023-06-22T16:35:56.204+0000 7f3b2effd700 1 --2- >> [v2:172.21.15.8:3300/0,v1:172.21.15.8:6789/0] conn(0x7f3b30070bc0 0x7f3b30112f10 unknown :-1 s=BANNER_CONNECTING pgs=0 cs=0 l=1 rev1=0 crypto rx=0 tx=0 comp rx=0 tx=0)._handle_peer_banner_payload supported=3 required=0
2023-06-22T16:35:57.653 INFO:teuthology.orchestra.run.smithi008.stdout:/usr/bin/ceph: stderr
2023-06-22T16:35:56.204+0000 7f3b2effd700 1 --2- >> [v2:172.21.15.8:3300/0,v1:172.21.15.8:6789/0] conn(0x7f3b30070bc0 0x7f3b30112f10 unknown :-1 s=HELLO_CONNECTING pgs=0 cs=0 l=1 rev1=1 crypto rx=0 tx=0 comp rx=0 tx=0).handle_hello peer v2:172.21.15.8:3300/0 says I am v2:172.21.15.8:60444/0 (socket says 172.21.15.8:60444)
2023-06-22T16:35:57.653 INFO:teuthology.orchestra.run.smithi008.stdout:/usr/bin/ceph: stderr
2023-06-22T16:35:56.204+0000 7f3b2effd700 1 -- 172.21.15.8:0/581960280 learned_addr learned my addr 172.21.15.8:0/581960280 (peer_addr_for_me v2:172.21.15.8:0/0)
2023-06-22T16:35:57.653 INFO:teuthology.orchestra.run.smithi008.stdout:/usr/bin/ceph: stderr
2023-06-22T16:35:56.205+0000 7f3b2effd700 1 -- 172.21.15.8:0/581960280 --> [v2:172.21.15.8:3300/0,v1:172.21.15.8:6789/0] -- mon_subscribe({config=0+,monmap=0+}) v3 -- 0x7f3b200094f0 con 0x7f3b30070bc0
2023-06-22T16:35:57.653 INFO:teuthology.orchestra.run.smithi008.stdout:/usr/bin/ceph: stderr
2023-06-22T16:35:56.205+0000 7f3b2effd700 1 --2- 172.21.15.8:0/581960280 >> [v2:172.21.15.8:3300/0,v1:172.21.15.8:6789/0] conn(0x7f3b30070bc0 0x7f3b30112f10 secure :-1 s=READY pgs=42 cs=0 l=1 rev1=1 crypto rx=0x7f3b20011800 tx=0x7f3b20009250 comp rx=0 tx=0).ready entity=mon.0 client_cookie=0 server_cookie=0 in_seq=0 out_seq=0
2023-06-22T16:35:57.653 INFO:teuthology.orchestra.run.smithi008.stdout:/usr/bin/ceph: stderr
2023-06-22T16:35:56.205+0000 7f3b177fe700 1 -- 172.21.15.8:0/581960280 <== mon.0 v2:172.21.15.8:3300/0 1 ==== mon_map magic: 0 v1 ==== 205+0+0 (secure 0 0 0) 0x7f3b2001a670 con 0x7f3b30070bc0
2023-06-22T16:35:57.653 INFO:teuthology.orchestra.run.smithi008.stdout:/usr/bin/ceph: stderr
2023-06-22T16:35:56.205+0000 7f3b35573700 1 -- 172.21.15.8:0/581960280 --> [v2:172.21.15.8:3300/0,v1:172.21.15.8:6789/0] -- mon_subscribe({mgrmap=0+}) v3 -- 0x7f3b30113650 con 0x7f3b30070bc0
2023-06-22T16:35:57.653 INFO:teuthology.orchestra.run.smithi008.stdout:/usr/bin/ceph: stderr
2023-06-22T16:35:56.205+0000 7f3b35573700 1 -- 172.21.15.8:0/581960280 --> [v2:172.21.15.8:3300/0,v1:172.21.15.8:6789/0] -- mon_subscribe({osdmap=0}) v3 -- 0x7f3b30113a60 con 0x7f3b30070bc0
2023-06-22T16:35:57.654 INFO:teuthology.orchestra.run.smithi008.stdout:/usr/bin/ceph: stderr
2023-06-22T16:35:56.205+0000 7f3b177fe700 1 -- 172.21.15.8:0/581960280 <== mon.0 v2:172.21.15.8:3300/0 2 ==== config(25 keys) v1 ==== 1036+0+0 (secure 0 0 0) 0x7f3b2001ac50 con 0x7f3b30070bc0
2023-06-22T16:35:57.654 INFO:teuthology.orchestra.run.smithi008.stdout:/usr/bin/ceph: stderr
2023-06-22T16:35:56.205+0000 7f3b177fe700 1 -- 172.21.15.8:0/581960280 <== mon.0 v2:172.21.15.8:3300/0 3 ==== mon_map magic: 0 v1 ==== 205+0+0 (secure 0 0 0) 0x7f3b200228a0 con 0x7f3b30070bc0
2023-06-22T16:35:57.654 INFO:teuthology.orchestra.run.smithi008.stdout:/usr/bin/ceph: stderr
2023-06-22T16:35:56.206+0000 7f3b177fe700 1 -- 172.21.15.8:0/581960280 <== mon.0 v2:172.21.15.8:3300/0 4 ==== mgrmap(e 8) v1 ==== 43219+0+0 (secure 0 0 0) 0x7f3b20022b60 con 0x7f3b30070bc0
2023-06-22T16:35:57.654 INFO:teuthology.orchestra.run.smithi008.stdout:/usr/bin/ceph: stderr
2023-06-22T16:35:56.206+0000 7f3b177fe700 1 --2- 172.21.15.8:0/581960280 >> [v2:172.21.15.8:6800/208861882,v1:172.21.15.8:6801/208861882] conn(0x7f3b18036560 0x7f3b18038a10 unknown :-1 s=NONE pgs=0 cs=0 l=1 rev1=0 crypto rx=0 tx=0 comp rx=0 tx=0).connect
2023-06-22T16:35:57.654 INFO:teuthology.orchestra.run.smithi008.stdout:/usr/bin/ceph: stderr
2023-06-22T16:35:56.206+0000 7f3b177fe700 1 -- 172.21.15.8:0/581960280 <== mon.0 v2:172.21.15.8:3300/0 5 ==== osd_map(2..2 src has 1..2) v4 ==== 936+0+0 (secure 0 0 0) 0x7f3b200223c0 con 0x7f3b30070bc0
2023-06-22T16:35:57.654 INFO:teuthology.orchestra.run.smithi008.stdout:/usr/bin/ceph: stderr
2023-06-22T16:35:56.206+0000 7f3b35573700 1 -- 172.21.15.8:0/581960280 --> [v2:172.21.15.8:3300/0,v1:172.21.15.8:6789/0] -- mon_command({"prefix": "get_command_descriptions"} v 0) v1 -- 0x7f3b1c0052e0 con 0x7f3b30070bc0
2023-06-22T16:35:57.654 INFO:teuthology.orchestra.run.smithi008.stdout:/usr/bin/ceph: stderr
2023-06-22T16:35:56.206+0000 7f3b2e7fc700 1 --2- 172.21.15.8:0/581960280 >> [v2:172.21.15.8:6800/208861882,v1:172.21.15.8:6801/208861882] conn(0x7f3b18036560 0x7f3b18038a10 unknown :-1 s=BANNER_CONNECTING pgs=0 cs=0 l=1 rev1=0 crypto rx=0 tx=0 comp rx=0 tx=0)._handle_peer_banner_payload supported=3 required=0
2023-06-22T16:35:57.654 INFO:teuthology.orchestra.run.smithi008.stdout:/usr/bin/ceph: stderr
2023-06-22T16:35:56.207+0000 7f3b2e7fc700 1 --2- 172.21.15.8:0/581960280 >> [v2:172.21.15.8:6800/208861882,v1:172.21.15.8:6801/208861882] conn(0x7f3b18036560 0x7f3b18038a10 secure :-1 s=READY pgs=9 cs=0 l=1 rev1=1 crypto rx=0x7f3b24009990 tx=0x7f3b24006e40 comp rx=0 tx=0).ready entity=mgr.14120 client_cookie=0 server_cookie=0 in_seq=0 out_seq=0
2023-06-22T16:35:57.655 INFO:teuthology.orchestra.run.smithi008.stdout:/usr/bin/ceph: stderr
2023-06-22T16:35:56.211+0000 7f3b177fe700 1 -- 172.21.15.8:0/581960280 <== mon.0 v2:172.21.15.8:3300/0 6 ==== mon_command_ack([{"prefix": "get_command_descriptions"}]=0 v0) v1 ==== 72+0+174561 (secure 0 0 0) 0x7f3b20010d90 con 0x7f3b30070bc0
2023-06-22T16:35:57.655 INFO:teuthology.orchestra.run.smithi008.stdout:/usr/bin/ceph: stderr
2023-06-22T16:35:56.406+0000 7f3b35573700 1 -- 172.21.15.8:0/581960280 --> [v2:172.21.15.8:6800/208861882,v1:172.21.15.8:6801/208861882] -- mgr_command(tid 0: {"prefix": "cephadm generate-key", "target": ["mon-mgr", ""]}) v1 -- 0x7f3b1c000bf0 con 0x7f3b18036560
2023-06-22T16:35:57.655 INFO:teuthology.orchestra.run.smithi008.stdout:/usr/bin/ceph: stderr
2023-06-22T16:35:57.196+0000 7f3b177fe700 1 -- 172.21.15.8:0/581960280 <== mgr.14120 v2:172.21.15.8:6800/208861882 1 ==== mgr_command_reply(tid 0: 0 ) v1 ==== 8+0+0 (secure 0 0 0) 0x7f3b1c000bf0 con 0x7f3b18036560
2023-06-22T16:35:57.655 INFO:teuthology.orchestra.run.smithi008.stdout:/usr/bin/ceph: stderr
2023-06-22T16:35:57.199+0000 7f3b35573700 1 -- 172.21.15.8:0/581960280 >> [v2:172.21.15.8:6800/208861882,v1:172.21.15.8:6801/208861882] conn(0x7f3b18036560 msgr2=0x7f3b18038a10 secure :-1 s=STATE_CONNECTION_ESTABLISHED l=1).mark_down
2023-06-22T16:35:57.655 INFO:teuthology.orchestra.run.smithi008.stdout:/usr/bin/ceph: stderr
2023-06-22T16:35:57.199+0000 7f3b35573700 1 --2- 172.21.15.8:0/581960280 >> [v2:172.21.15.8:6800/208861882,v1:172.21.15.8:6801/208861882] conn(0x7f3b18036560 0x7f3b18038a10 secure :-1 s=READY pgs=9 cs=0 l=1 rev1=1 crypto rx=0x7f3b24009990 tx=0x7f3b24006e40 comp rx=0 tx=0).stop
2023-06-22T16:35:57.655 INFO:teuthology.orchestra.run.smithi008.stdout:/usr/bin/ceph: stderr
2023-06-22T16:35:57.199+0000 7f3b35573700 1 -- 172.21.15.8:0/581960280 >> [v2:172.21.15.8:3300/0,v1:172.21.15.8:6789/0] conn(0x7f3b30070bc0 msgr2=0x7f3b30112f10 secure :-1 s=STATE_CONNECTION_ESTABLISHED l=1).mark_down
2023-06-22T16:35:57.655 INFO:teuthology.orchestra.run.smithi008.stdout:/usr/bin/ceph: stderr
2023-06-22T16:35:57.199+0000 7f3b35573700 1 --2- 172.21.15.8:0/581960280 >> [v2:172.21.15.8:3300/0,v1:172.21.15.8:6789/0] conn(0x7f3b30070bc0 0x7f3b30112f10 secure :-1 s=READY pgs=42 cs=0 l=1 rev1=1 crypto rx=0x7f3b20011800 tx=0x7f3b20009250 comp rx=0 tx=0).stop
2023-06-22T16:35:57.656 INFO:teuthology.orchestra.run.smithi008.stdout:/usr/bin/ceph: stderr
2023-06-22T16:35:57.199+0000 7f3b35573700 1 -- 172.21.15.8:0/581960280 shutdown_connections
2023-06-22T16:35:57.656 INFO:teuthology.orchestra.run.smithi008.stdout:/usr/bin/ceph: stderr
2023-06-22T16:35:57.199+0000 7f3b35573700 1 --2- 172.21.15.8:0/581960280 >> [v2:172.21.15.8:6800/208861882,v1:172.21.15.8:6801/208861882] conn(0x7f3b18036560 0x7f3b18038a10 unknown :-1 s=CLOSED pgs=9 cs=0 l=1 rev1=1 crypto rx=0 tx=0 comp rx=0 tx=0).stop
2023-06-22T16:35:57.656 INFO:teuthology.orchestra.run.smithi008.stdout:/usr/bin/ceph: stderr
2023-06-22T16:35:57.199+0000 7f3b35573700 1 --2- 172.21.15.8:0/581960280 >> [v2:172.21.15.8:3300/0,v1:172.21.15.8:6789/0] conn(0x7f3b30070bc0 0x7f3b30112f10 unknown :-1 s=CLOSED pgs=42 cs=0 l=1 rev1=1 crypto rx=0 tx=0 comp rx=0 tx=0).stop
2023-06-22T16:35:57.656 INFO:teuthology.orchestra.run.smithi008.stdout:/usr/bin/ceph: stderr
2023-06-22T16:35:57.199+0000 7f3b35573700 1 -- 172.21.15.8:0/581960280 >> 172.21.15.8:0/581960280 conn(0x7f3b300fc6d0 msgr2=0x7f3b300fd400 unknown :-1 s=STATE_NONE l=0).mark_down
2023-06-22T16:35:57.656 INFO:teuthology.orchestra.run.smithi008.stdout:/usr/bin/ceph: stderr
2023-06-22T16:35:57.199+0000 7f3b35573700 1 -- 172.21.15.8:0/581960280 shutdown_connections
2023-06-22T16:35:57.656 INFO:teuthology.orchestra.run.smithi008.stdout:/usr/bin/ceph: stderr
2023-06-22T16:35:57.199+0000 7f3b35573700 1 -- 172.21.15.8:0/581960280 wait complete.
2023-06-22T16:35:58.687 INFO:teuthology.orchestra.run.smithi008.stdout:/usr/bin/ceph: stdout ssh-rsa AAAAB3NzaC1yc2EAAAADAQABAAABgQDdBgm8zlJ8KHLfC06dL/5n6UjNNWUptWdhLZ2IbH02YMTmovzCIn14Kc5Fs1f19wMZyhrfIHbyiIKJmpGYkrXWFf7r0LKnnmsouR60MduJhH9wdWBgeL9zedqCIfov8wPCnW6CjsiJX+/p5Yi8AWCHlmuUSDw1t7p0cbH8h17xTY6MycZkNyfXJ2Vy55KAcHROvl0FljuHzp58j+O9AAc72giW/vzA+JRIcxH9udB7zFG5fuIgZRI7GnRmU4YN3NM45ke3Ldx0LnF5hOjNkNDbAfpFM0IkLHkenFnQHqr1N8F8YDTXG5fDiN/bBdSZiph0JnHEe/WS+I8seYCW2YzmKx77N/gH3f5ITtYBMRqpnI85qwfjr00SNR2xSxgqkqZiY3t3VzKYXuByxXy6C5B4SXpY6mz70zEuIGbFAKivwHlC3tCJmoJkSPxxIE/12BP1ybHlWMDd1pYc/xMNYfKePAr9vsdXOVYbwvlaS0AlNM1ETfB4dGZIIH1nYSB8YrE= ceph-9f99277a-111a-11ee-9b2b-001a4aab830c
2023-06-22T16:35:58.688 INFO:teuthology.orchestra.run.smithi008.stdout:/usr/bin/ceph: stderr
2023-06-22T16:35:58.110+0000 7f4da4da2700 1 Processor -- start
2023-06-22T16:35:58.688 INFO:teuthology.orchestra.run.smithi008.stdout:/usr/bin/ceph: stderr
2023-06-22T16:35:58.110+0000 7f4da4da2700 1 -- start start
2023-06-22T16:35:58.688 INFO:teuthology.orchestra.run.smithi008.stdout:/usr/bin/ceph: stderr
2023-06-22T16:35:58.110+0000 7f4da4da2700 1 --2- >> [v2:172.21.15.8:3300/0,v1:172.21.15.8:6789/0] conn(0x7f4da0100f50 0x7f4da0101360 unknown :-1 s=NONE pgs=0 cs=0 l=0 rev1=0 crypto rx=0 tx=0 comp rx=0 tx=0).connect
2023-06-22T16:35:58.688 INFO:teuthology.orchestra.run.smithi008.stdout:/usr/bin/ceph: stderr
2023-06-22T16:35:58.110+0000 7f4da4da2700 1 -- --> [v2:172.21.15.8:3300/0,v1:172.21.15.8:6789/0] -- mon_getmap magic: 0 v1 -- 0x7f4da01018a0 con 0x7f4da0100f50
2023-06-22T16:35:58.688 INFO:teuthology.orchestra.run.smithi008.stdout:/usr/bin/ceph: stderr
2023-06-22T16:35:58.110+0000 7f4d9e59c700 1 --2- >> [v2:172.21.15.8:3300/0,v1:172.21.15.8:6789/0] conn(0x7f4da0100f50 0x7f4da0101360 unknown :-1 s=BANNER_CONNECTING pgs=0 cs=0 l=0 rev1=0 crypto rx=0 tx=0 comp rx=0 tx=0)._handle_peer_banner_payload supported=3 required=0
2023-06-22T16:35:58.688 INFO:teuthology.orchestra.run.smithi008.stdout:/usr/bin/ceph: stderr
2023-06-22T16:35:58.110+0000 7f4d9e59c700 1 --2- >> [v2:172.21.15.8:3300/0,v1:172.21.15.8:6789/0] conn(0x7f4da0100f50 0x7f4da0101360 unknown :-1 s=HELLO_CONNECTING pgs=0 cs=0 l=0 rev1=1 crypto rx=0 tx=0 comp rx=0 tx=0).handle_hello peer v2:172.21.15.8:3300/0 says I am v2:172.21.15.8:60448/0 (socket says 172.21.15.8:60448)
2023-06-22T16:35:58.689 INFO:teuthology.orchestra.run.smithi008.stdout:/usr/bin/ceph: stderr
2023-06-22T16:35:58.110+0000 7f4d9e59c700 1 -- 172.21.15.8:0/2542392354 learned_addr learned my addr 172.21.15.8:0/2542392354 (peer_addr_for_me v2:172.21.15.8:0/0)
2023-06-22T16:35:58.689 INFO:teuthology.orchestra.run.smithi008.stdout:/usr/bin/ceph: stderr
2023-06-22T16:35:58.111+0000 7f4d9e59c700 1 -- 172.21.15.8:0/2542392354 --> [v2:172.21.15.8:3300/0,v1:172.21.15.8:6789/0] -- mon_subscribe({config=0+,monmap=0+}) v3 -- 0x7f4da01019e0 con 0x7f4da0100f50
2023-06-22T16:35:58.689 INFO:teuthology.orchestra.run.smithi008.stdout:/usr/bin/ceph: stderr
2023-06-22T16:35:58.111+0000 7f4d9e59c700 1 --2- 172.21.15.8:0/2542392354 >> [v2:172.21.15.8:3300/0,v1:172.21.15.8:6789/0] conn(0x7f4da0100f50 0x7f4da0101360 secure :-1 s=READY pgs=43 cs=0 l=1 rev1=1 crypto rx=0x7f4d900098e0 tx=0x7f4d90009250 comp rx=0 tx=0).ready entity=mon.0 client_cookie=f404ffaf984c83ab server_cookie=0 in_seq=0 out_seq=0
2023-06-22T16:35:58.689 INFO:teuthology.orchestra.run.smithi008.stdout:/usr/bin/ceph: stderr
2023-06-22T16:35:58.111+0000 7f4d9d59a700 1 -- 172.21.15.8:0/2542392354 <== mon.0 v2:172.21.15.8:3300/0 1 ==== mon_map magic: 0 v1 ==== 205+0+0 (secure 0 0 0) 0x7f4d90009e80 con 0x7f4da0100f50
2023-06-22T16:35:58.689 INFO:teuthology.orchestra.run.smithi008.stdout:/usr/bin/ceph: stderr
2023-06-22T16:35:58.111+0000 7f4d9d59a700 1 -- 172.21.15.8:0/2542392354 <== mon.0 v2:172.21.15.8:3300/0 2 ==== config(25 keys) v1 ==== 1036+0+0 (secure 0 0 0) 0x7f4d9000bce0 con 0x7f4da0100f50
2023-06-22T16:35:58.689 INFO:teuthology.orchestra.run.smithi008.stdout:/usr/bin/ceph: stderr
2023-06-22T16:35:58.111+0000 7f4d9d59a700 1 -- 172.21.15.8:0/2542392354 <== mon.0 v2:172.21.15.8:3300/0 3 ==== mon_map magic: 0 v1 ==== 205+0+0 (secure 0 0 0) 0x7f4d90011c70 con 0x7f4da0100f50
2023-06-22T16:35:58.690 INFO:teuthology.orchestra.run.smithi008.stdout:/usr/bin/ceph: stderr
2023-06-22T16:35:58.111+0000 7f4da4da2700 1 -- 172.21.15.8:0/2542392354 >> [v2:172.21.15.8:3300/0,v1:172.21.15.8:6789/0] conn(0x7f4da0100f50 msgr2=0x7f4da0101360 secure :-1 s=STATE_CONNECTION_ESTABLISHED l=1).mark_down
2023-06-22T16:35:58.690 INFO:teuthology.orchestra.run.smithi008.stdout:/usr/bin/ceph: stderr
2023-06-22T16:35:58.111+0000 7f4da4da2700 1 --2- 172.21.15.8:0/2542392354 >> [v2:172.21.15.8:3300/0,v1:172.21.15.8:6789/0] conn(0x7f4da0100f50 0x7f4da0101360 secure :-1 s=READY pgs=43 cs=0 l=1 rev1=1 crypto rx=0x7f4d900098e0 tx=0x7f4d90009250 comp rx=0 tx=0).stop
2023-06-22T16:35:58.690 INFO:teuthology.orchestra.run.smithi008.stdout:/usr/bin/ceph: stderr
2023-06-22T16:35:58.112+0000 7f4da4da2700 1 -- 172.21.15.8:0/2542392354 shutdown_connections
2023-06-22T16:35:58.690 INFO:teuthology.orchestra.run.smithi008.stdout:/usr/bin/ceph: stderr
2023-06-22T16:35:58.112+0000 7f4da4da2700 1 --2- 172.21.15.8:0/2542392354 >> [v2:172.21.15.8:3300/0,v1:172.21.15.8:6789/0] conn(0x7f4da0100f50 0x7f4da0101360 unknown :-1 s=CLOSED pgs=43 cs=0 l=1 rev1=1 crypto rx=0 tx=0 comp rx=0 tx=0).stop
2023-06-22T16:35:58.690 INFO:teuthology.orchestra.run.smithi008.stdout:/usr/bin/ceph: stderr
2023-06-22T16:35:58.112+0000 7f4da4da2700 1 -- 172.21.15.8:0/2542392354 >> 172.21.15.8:0/2542392354 conn(0x7f4da00fc6d0 msgr2=0x7f4da00feae0 unknown :-1 s=STATE_NONE l=0).mark_down
2023-06-22T16:35:58.690 INFO:teuthology.orchestra.run.smithi008.stdout:/usr/bin/ceph: stderr
2023-06-22T16:35:58.112+0000 7f4da4da2700 1 -- 172.21.15.8:0/2542392354 shutdown_connections
2023-06-22T16:35:58.690 INFO:teuthology.orchestra.run.smithi008.stdout:/usr/bin/ceph: stderr
2023-06-22T16:35:58.112+0000 7f4da4da2700 1 -- 172.21.15.8:0/2542392354 wait complete.
2023-06-22T16:35:58.691 INFO:teuthology.orchestra.run.smithi008.stdout:/usr/bin/ceph: stderr
2023-06-22T16:35:58.112+0000 7f4da4da2700 1 Processor -- start
2023-06-22T16:35:58.691 INFO:teuthology.orchestra.run.smithi008.stdout:/usr/bin/ceph: stderr
2023-06-22T16:35:58.112+0000 7f4da4da2700 1 -- start start
2023-06-22T16:35:58.691 INFO:teuthology.orchestra.run.smithi008.stdout:/usr/bin/ceph: stderr
2023-06-22T16:35:58.112+0000 7f4da4da2700 1 --2- >> [v2:172.21.15.8:3300/0,v1:172.21.15.8:6789/0] conn(0x7f4da0100f50 0x7f4da01139e0 unknown :-1 s=NONE pgs=0 cs=0 l=1 rev1=0 crypto rx=0 tx=0 comp rx=0 tx=0).connect
2023-06-22T16:35:58.691 INFO:teuthology.orchestra.run.smithi008.stdout:/usr/bin/ceph: stderr
2023-06-22T16:35:58.112+0000 7f4da4da2700 1 -- --> [v2:172.21.15.8:3300/0,v1:172.21.15.8:6789/0] -- mon_getmap magic: 0 v1 -- 0x7f4da0070bd0 con 0x7f4da0100f50
2023-06-22T16:35:58.691 INFO:teuthology.orchestra.run.smithi008.stdout:/usr/bin/ceph: stderr
2023-06-22T16:35:58.112+0000 7f4d9e59c700 1 --2- >> [v2:172.21.15.8:3300/0,v1:172.21.15.8:6789/0] conn(0x7f4da0100f50 0x7f4da01139e0 unknown :-1 s=BANNER_CONNECTING pgs=0 cs=0 l=1 rev1=0 crypto rx=0 tx=0 comp rx=0 tx=0)._handle_peer_banner_payload supported=3 required=0
2023-06-22T16:35:58.691 INFO:teuthology.orchestra.run.smithi008.stdout:/usr/bin/ceph: stderr
2023-06-22T16:35:58.112+0000 7f4d9e59c700 1 --2- >> [v2:172.21.15.8:3300/0,v1:172.21.15.8:6789/0] conn(0x7f4da0100f50 0x7f4da01139e0 unknown :-1 s=HELLO_CONNECTING pgs=0 cs=0 l=1 rev1=1 crypto rx=0 tx=0 comp rx=0 tx=0).handle_hello peer v2:172.21.15.8:3300/0 says I am v2:172.21.15.8:60460/0 (socket says 172.21.15.8:60460)
2023-06-22T16:35:58.691 INFO:teuthology.orchestra.run.smithi008.stdout:/usr/bin/ceph: stderr
2023-06-22T16:35:58.112+0000 7f4d9e59c700 1 -- 172.21.15.8:0/1076150696 learned_addr learned my addr 172.21.15.8:0/1076150696 (peer_addr_for_me v2:172.21.15.8:0/0)
2023-06-22T16:35:58.691 INFO:teuthology.orchestra.run.smithi008.stdout:/usr/bin/ceph: stderr
2023-06-22T16:35:58.113+0000 7f4d9e59c700 1 -- 172.21.15.8:0/1076150696 --> [v2:172.21.15.8:3300/0,v1:172.21.15.8:6789/0] -- mon_subscribe({config=0+,monmap=0+}) v3 -- 0x7f4d900094f0 con 0x7f4da0100f50
2023-06-22T16:35:58.692 INFO:teuthology.orchestra.run.smithi008.stdout:/usr/bin/ceph: stderr
2023-06-22T16:35:58.113+0000 7f4d9e59c700 1 --2- 172.21.15.8:0/1076150696 >> [v2:172.21.15.8:3300/0,v1:172.21.15.8:6789/0] conn(0x7f4da0100f50 0x7f4da01139e0 secure :-1 s=READY pgs=44 cs=0 l=1 rev1=1 crypto rx=0x7f4d90000c00 tx=0x7f4d90009250 comp rx=0 tx=0).ready entity=mon.0 client_cookie=0 server_cookie=0 in_seq=0 out_seq=0
2023-06-22T16:35:58.692 INFO:teuthology.orchestra.run.smithi008.stdout:/usr/bin/ceph: stderr
2023-06-22T16:35:58.113+0000 7f4d8effd700 1 -- 172.21.15.8:0/1076150696 <== mon.0 v2:172.21.15.8:3300/0 1 ==== mon_map magic: 0 v1 ==== 205+0+0 (secure 0 0 0) 0x7f4d9001a670 con 0x7f4da0100f50
2023-06-22T16:35:58.692 INFO:teuthology.orchestra.run.smithi008.stdout:/usr/bin/ceph: stderr
2023-06-22T16:35:58.113+0000 7f4d8effd700 1 -- 172.21.15.8:0/1076150696 <== mon.0 v2:172.21.15.8:3300/0 2 ==== config(25 keys) v1 ==== 1036+0+0 (secure 0 0 0) 0x7f4d9001ac50 con 0x7f4da0100f50
2023-06-22T16:35:58.692 INFO:teuthology.orchestra.run.smithi008.stdout:/usr/bin/ceph: stderr
2023-06-22T16:35:58.113+0000 7f4da4da2700 1 -- 172.21.15.8:0/1076150696 --> [v2:172.21.15.8:3300/0,v1:172.21.15.8:6789/0] -- mon_subscribe({mgrmap=0+}) v3 -- 0x7f4da0070dd0 con 0x7f4da0100f50
2023-06-22T16:35:58.692 INFO:teuthology.orchestra.run.smithi008.stdout:/usr/bin/ceph: stderr
2023-06-22T16:35:58.113+0000 7f4d8effd700 1 -- 172.21.15.8:0/1076150696 <== mon.0 v2:172.21.15.8:3300/0 3 ==== mon_map magic: 0 v1 ==== 205+0+0 (secure 0 0 0) 0x7f4d90022a70 con 0x7f4da0100f50
2023-06-22T16:35:58.692 INFO:teuthology.orchestra.run.smithi008.stdout:/usr/bin/ceph: stderr
2023-06-22T16:35:58.113+0000 7f4da4da2700 1 -- 172.21.15.8:0/1076150696 --> [v2:172.21.15.8:3300/0,v1:172.21.15.8:6789/0] -- mon_subscribe({osdmap=0}) v3 -- 0x7f4da01140e0 con 0x7f4da0100f50
2023-06-22T16:35:58.692 INFO:teuthology.orchestra.run.smithi008.stdout:/usr/bin/ceph: stderr
2023-06-22T16:35:58.114+0000 7f4d8effd700 1 -- 172.21.15.8:0/1076150696 <== mon.0 v2:172.21.15.8:3300/0 4 ==== mgrmap(e 8) v1 ==== 43219+0+0 (secure 0 0 0) 0x7f4d90022ce0 con 0x7f4da0100f50
2023-06-22T16:35:58.693 INFO:teuthology.orchestra.run.smithi008.stdout:/usr/bin/ceph: stderr
2023-06-22T16:35:58.114+0000 7f4d8effd700 1 --2- 172.21.15.8:0/1076150696 >> [v2:172.21.15.8:6800/208861882,v1:172.21.15.8:6801/208861882] conn(0x7f4d880365c0 0x7f4d88038a70 unknown :-1 s=NONE pgs=0 cs=0 l=1 rev1=0 crypto rx=0 tx=0 comp rx=0 tx=0).connect
2023-06-22T16:35:58.693 INFO:teuthology.orchestra.run.smithi008.stdout:/usr/bin/ceph: stderr
2023-06-22T16:35:58.114+0000 7f4d8effd700 1 -- 172.21.15.8:0/1076150696 <== mon.0 v2:172.21.15.8:3300/0 5 ==== osd_map(2..2 src has 1..2) v4 ==== 936+0+0 (secure 0 0 0) 0x7f4d90049b50 con 0x7f4da0100f50
2023-06-22T16:35:58.693 INFO:teuthology.orchestra.run.smithi008.stdout:/usr/bin/ceph: stderr
2023-06-22T16:35:58.114+0000 7f4da4da2700 1 -- 172.21.15.8:0/1076150696 --> [v2:172.21.15.8:3300/0,v1:172.21.15.8:6789/0] -- mon_command({"prefix": "get_command_descriptions"} v 0) v1 -- 0x7f4da004b970 con 0x7f4da0100f50
2023-06-22T16:35:58.693 INFO:teuthology.orchestra.run.smithi008.stdout:/usr/bin/ceph: stderr
2023-06-22T16:35:58.114+0000 7f4d9dd9b700 1 --2- 172.21.15.8:0/1076150696 >> [v2:172.21.15.8:6800/208861882,v1:172.21.15.8:6801/208861882] conn(0x7f4d880365c0 0x7f4d88038a70 unknown :-1 s=BANNER_CONNECTING pgs=0 cs=0 l=1 rev1=0 crypto rx=0 tx=0 comp rx=0 tx=0)._handle_peer_banner_payload supported=3 required=0
2023-06-22T16:35:58.693 INFO:teuthology.orchestra.run.smithi008.stdout:/usr/bin/ceph: stderr
2023-06-22T16:35:58.114+0000 7f4d9dd9b700 1 --2- 172.21.15.8:0/1076150696 >> [v2:172.21.15.8:6800/208861882,v1:172.21.15.8:6801/208861882] conn(0x7f4d880365c0 0x7f4d88038a70 secure :-1 s=READY pgs=10 cs=0 l=1 rev1=1 crypto rx=0x7f4d94009990 tx=0x7f4d94006e40 comp rx=0 tx=0).ready entity=mgr.14120 client_cookie=0 server_cookie=0 in_seq=0 out_seq=0
2023-06-22T16:35:58.693 INFO:teuthology.orchestra.run.smithi008.stdout:/usr/bin/ceph: stderr
2023-06-22T16:35:58.119+0000 7f4d8effd700 1 -- 172.21.15.8:0/1076150696 <== mon.0 v2:172.21.15.8:3300/0 6 ==== mon_command_ack([{"prefix": "get_command_descriptions"}]=0 v0) v1 ==== 72+0+174561 (secure 0 0 0) 0x7f4d9001e070 con 0x7f4da0100f50
2023-06-22T16:35:58.693 INFO:teuthology.orchestra.run.smithi008.stdout:/usr/bin/ceph: stderr
2023-06-22T16:35:58.317+0000 7f4da4da2700 1 -- 172.21.15.8:0/1076150696 --> [v2:172.21.15.8:6800/208861882,v1:172.21.15.8:6801/208861882] -- mgr_command(tid 0: {"prefix": "cephadm get-pub-key", "target": ["mon-mgr", ""]}) v1 -- 0x7f4da00fdac0 con 0x7f4d880365c0
2023-06-22T16:35:58.693 INFO:teuthology.orchestra.run.smithi008.stdout:/usr/bin/ceph: stderr
2023-06-22T16:35:58.317+0000 7f4d8effd700 1 -- 172.21.15.8:0/1076150696 <== mgr.14120 v2:172.21.15.8:6800/208861882 1 ==== mgr_command_reply(tid 0: 0 ) v1 ==== 8+0+595 (secure 0 0 0) 0x7f4da00fdac0 con 0x7f4d880365c0
2023-06-22T16:35:58.694 INFO:teuthology.orchestra.run.smithi008.stdout:/usr/bin/ceph: stderr
2023-06-22T16:35:58.319+0000 7f4da4da2700 1 -- 172.21.15.8:0/1076150696 >> [v2:172.21.15.8:6800/208861882,v1:172.21.15.8:6801/208861882] conn(0x7f4d880365c0 msgr2=0x7f4d88038a70 secure :-1 s=STATE_CONNECTION_ESTABLISHED l=1).mark_down
2023-06-22T16:35:58.694 INFO:teuthology.orchestra.run.smithi008.stdout:/usr/bin/ceph: stderr
2023-06-22T16:35:58.319+0000 7f4da4da2700 1 --2- 172.21.15.8:0/1076150696 >> [v2:172.21.15.8:6800/208861882,v1:172.21.15.8:6801/208861882] conn(0x7f4d880365c0 0x7f4d88038a70 secure :-1 s=READY pgs=10 cs=0 l=1 rev1=1 crypto rx=0x7f4d94009990 tx=0x7f4d94006e40 comp rx=0 tx=0).stop
2023-06-22T16:35:58.694 INFO:teuthology.orchestra.run.smithi008.stdout:/usr/bin/ceph: stderr
2023-06-22T16:35:58.319+0000 7f4da4da2700 1 -- 172.21.15.8:0/1076150696 >> [v2:172.21.15.8:3300/0,v1:172.21.15.8:6789/0] conn(0x7f4da0100f50 msgr2=0x7f4da01139e0 secure :-1 s=STATE_CONNECTION_ESTABLISHED l=1).mark_down
2023-06-22T16:35:58.694 INFO:teuthology.orchestra.run.smithi008.stdout:/usr/bin/ceph: stderr
2023-06-22T16:35:58.319+0000 7f4da4da2700 1 --2- 172.21.15.8:0/1076150696 >> [v2:172.21.15.8:3300/0,v1:172.21.15.8:6789/0] conn(0x7f4da0100f50 0x7f4da01139e0 secure :-1 s=READY pgs=44 cs=0 l=1 rev1=1 crypto rx=0x7f4d90000c00 tx=0x7f4d90009250 comp rx=0 tx=0).stop
2023-06-22T16:35:58.694 INFO:teuthology.orchestra.run.smithi008.stdout:/usr/bin/ceph: stderr
2023-06-22T16:35:58.320+0000 7f4da4da2700 1 -- 172.21.15.8:0/1076150696 shutdown_connections
2023-06-22T16:35:58.694 INFO:teuthology.orchestra.run.smithi008.stdout:/usr/bin/ceph: stderr
2023-06-22T16:35:58.320+0000 7f4da4da2700 1 --2- 172.21.15.8:0/1076150696 >> [v2:172.21.15.8:6800/208861882,v1:172.21.15.8:6801/208861882] conn(0x7f4d880365c0 0x7f4d88038a70 unknown :-1 s=CLOSED pgs=10 cs=0 l=1 rev1=1 crypto rx=0 tx=0 comp rx=0 tx=0).stop
2023-06-22T16:35:58.694 INFO:teuthology.orchestra.run.smithi008.stdout:/usr/bin/ceph: stderr
2023-06-22T16:35:58.320+0000 7f4da4da2700 1 --2- 172.21.15.8:0/1076150696 >> [v2:172.21.15.8:3300/0,v1:172.21.15.8:6789/0] conn(0x7f4da0100f50 0x7f4da01139e0 unknown :-1 s=CLOSED pgs=44 cs=0 l=1 rev1=1 crypto rx=0 tx=0 comp rx=0 tx=0).stop
2023-06-22T16:35:58.694 INFO:teuthology.orchestra.run.smithi008.stdout:/usr/bin/ceph: stderr
2023-06-22T16:35:58.320+0000 7f4da4da2700 1 -- 172.21.15.8:0/1076150696 >> 172.21.15.8:0/1076150696 conn(0x7f4da00fc6d0 msgr2=0x7f4da00fd3b0 unknown :-1 s=STATE_NONE l=0).mark_down
2023-06-22T16:35:58.695 INFO:teuthology.orchestra.run.smithi008.stdout:/usr/bin/ceph: stderr
2023-06-22T16:35:58.320+0000 7f4da4da2700 1 -- 172.21.15.8:0/1076150696 shutdown_connections
2023-06-22T16:35:58.695 INFO:teuthology.orchestra.run.smithi008.stdout:/usr/bin/ceph: stderr
2023-06-22T16:35:58.320+0000 7f4da4da2700 1 -- 172.21.15.8:0/1076150696 wait complete.
2023-06-22T16:35:58.695 INFO:teuthology.orchestra.run.smithi008.stdout:Wrote public SSH key to /home/ubuntu/cephtest/ceph.pub
2023-06-22T16:35:58.696 INFO:teuthology.orchestra.run.smithi008.stdout:Adding key to root@localhost authorized_keys...
2023-06-22T16:35:58.696 INFO:teuthology.orchestra.run.smithi008.stdout:Adding host smithi008...
2023-06-22T16:35:58.915 INFO:journalctl@ceph.mon.a.smithi008.stdout:Jun 22 16:35:58 smithi008 ceph-mon[84936]: from='client.14138 -' entity='client.admin' cmd=[{"prefix": "cephadm get-pub-key", "target": ["mon-mgr", ""]}]: dispatch
2023-06-22T16:35:59.639 INFO:journalctl@ceph.mon.a.smithi008.stdout:Jun 22 16:35:59 smithi008 ceph-mon[84936]: from='client.14140 -' entity='client.admin' cmd=[{"prefix": "orch host add", "hostname": "smithi008", "addr": "172.21.15.8", "target": ["mon-mgr", ""]}]: dispatch
2023-06-22T16:36:00.970 INFO:journalctl@ceph.mon.a.smithi008.stdout:Jun 22 16:36:00 smithi008 ceph-mon[84936]: Deploying cephadm binary to smithi008
2023-06-22T16:36:01.633 INFO:teuthology.orchestra.run.smithi008.stdout:/usr/bin/ceph: stdout Added host 'smithi008' with addr '172.21.15.8'
2023-06-22T16:36:01.633 INFO:teuthology.orchestra.run.smithi008.stdout:/usr/bin/ceph: stderr
