2023-06-22T17:19:46.880 INFO:journalctl@ceph.mon.a.smithi039.stdout:Jun 22 17:19:46 smithi039 ceph-mon[84805]: from='client.? 172.21.15.39:0/1535702476' entity='client.admin' cmd=[{"prefix": "status", "format": "json-pretty"}]: dispatch
2023-06-22T17:19:46.880 INFO:journalctl@ceph.mgr.x.smithi039.stdout:Jun 22 17:19:46 smithi039 conmon[85217]:
2023-06-22T17:19:46.649+0000 7f3aeff031c0 -1 mgr[py] Module test_orchestrator has missing NOTIFY_TYPES member
2023-06-22T17:19:46.880 INFO:journalctl@ceph.mgr.x.smithi039.stdout:Jun 22 17:19:46 smithi039 conmon[85217]:
2023-06-22T17:19:46.744+0000 7f3aeff031c0 -1 mgr[py] Module selftest has missing NOTIFY_TYPES member
2023-06-22T17:19:47.182 INFO:journalctl@ceph.mgr.x.smithi039.stdout:Jun 22 17:19:46 smithi039 conmon[85217]:
2023-06-22T17:19:46.879+0000 7f3aeff031c0 -1 mgr[py] Module diskprediction_local has missing NOTIFY_TYPES member
2023-06-22T17:19:47.182 INFO:journalctl@ceph.mgr.x.smithi039.stdout:Jun 22 17:19:46 smithi039 conmon[85217]:
2023-06-22T17:19:46.975+0000 7f3aeff031c0 -1 mgr[py] Module status has missing NOTIFY_TYPES member
2023-06-22T17:19:48.182 INFO:journalctl@ceph.mgr.x.smithi039.stdout:Jun 22 17:19:47 smithi039 conmon[85217]:
2023-06-22T17:19:47.906+0000 7f3aeff031c0 -1 mgr[py] Module rgw has missing NOTIFY_TYPES member
2023-06-22T17:19:48.182 INFO:journalctl@ceph.mgr.x.smithi039.stdout:Jun 22 17:19:47 smithi039 conmon[85217]:
2023-06-22T17:19:47.997+0000 7f3aeff031c0 -1 mgr[py] Module zabbix has missing NOTIFY_TYPES member
2023-06-22T17:19:48.182 INFO:journalctl@ceph.mgr.x.smithi039.stdout:Jun 22 17:19:48 smithi039 conmon[85217]:
2023-06-22T17:19:48.091+0000 7f3aeff031c0 -1 mgr[py] Module influx has missing NOTIFY_TYPES member
2023-06-22T17:19:48.682 INFO:journalctl@ceph.mgr.x.smithi039.stdout:Jun 22 17:19:48 smithi039 conmon[85217]:
2023-06-22T17:19:48.256+0000 7f3aeff031c0 -1 mgr[py] Module telemetry has missing NOTIFY_TYPES member
2023-06-22T17:19:48.682 INFO:journalctl@ceph.mgr.x.smithi039.stdout:Jun 22 17:19:48 smithi039 conmon[85217]:
2023-06-22T17:19:48.369+0000 7f3aeff031c0 -1 mgr[py] Module alerts has missing NOTIFY_TYPES member
2023-06-22T17:19:49.052 INFO:journalctl@ceph.mgr.x.smithi039.stdout:Jun 22 17:19:48 smithi039 conmon[85217]:
2023-06-22T17:19:48.775+0000 7f3aeff031c0 -1 mgr[py] Module osd_perf_query has missing NOTIFY_TYPES member
2023-06-22T17:19:49.053 INFO:journalctl@ceph.mgr.x.smithi039.stdout:Jun 22 17:19:48 smithi039 conmon[85217]:
2023-06-22T17:19:48.868+0000 7f3aeff031c0 -1 mgr[py] Module devicehealth has missing NOTIFY_TYPES member
2023-06-22T17:19:49.053 INFO:journalctl@ceph.mgr.x.smithi039.stdout:Jun 22 17:19:48 smithi039 conmon[85217]:
2023-06-22T17:19:48.959+0000 7f3aeff031c0 -1 mgr[py] Module progress has missing NOTIFY_TYPES member
2023-06-22T17:19:49.432 INFO:journalctl@ceph.mgr.x.smithi039.stdout:Jun 22 17:19:49 smithi039 conmon[85217]:
2023-06-22T17:19:49.051+0000 7f3aeff031c0 -1 mgr[py] Module telegraf has missing NOTIFY_TYPES member
2023-06-22T17:19:49.433 INFO:journalctl@ceph.mon.a.smithi039.stdout:Jun 22 17:19:49 smithi039 ceph-mon[84805]: Activating manager daemon x
2023-06-22T17:19:49.433 INFO:journalctl@ceph.mon.a.smithi039.stdout:Jun 22 17:19:49 smithi039 ceph-mon[84805]: mgrmap e2: x(active, starting, since 0.00518327s)
2023-06-22T17:19:49.433 INFO:journalctl@ceph.mon.a.smithi039.stdout:Jun 22 17:19:49 smithi039 ceph-mon[84805]: from='mgr.14100 172.21.15.39:0/4155684329' entity='mgr.x' cmd=[{"prefix": "mds metadata"}]: dispatch
2023-06-22T17:19:49.433 INFO:journalctl@ceph.mon.a.smithi039.stdout:Jun 22 17:19:49 smithi039 ceph-mon[84805]: from='mgr.14100 172.21.15.39:0/4155684329' entity='mgr.x' cmd=[{"prefix": "osd metadata"}]: dispatch
2023-06-22T17:19:49.433 INFO:journalctl@ceph.mon.a.smithi039.stdout:Jun 22 17:19:49 smithi039 ceph-mon[84805]: from='mgr.14100 172.21.15.39:0/4155684329' entity='mgr.x' cmd=[{"prefix": "mon metadata"}]: dispatch
2023-06-22T17:19:49.434 INFO:journalctl@ceph.mon.a.smithi039.stdout:Jun 22 17:19:49 smithi039 ceph-mon[84805]: from='mgr.14100 172.21.15.39:0/4155684329' entity='mgr.x' cmd=[{"prefix": "mon metadata", "id": "a"}]: dispatch
2023-06-22T17:19:49.434 INFO:journalctl@ceph.mon.a.smithi039.stdout:Jun 22 17:19:49 smithi039 ceph-mon[84805]: from='mgr.14100 172.21.15.39:0/4155684329' entity='mgr.x' cmd=[{"prefix": "mgr metadata", "who": "x", "id": "x"}]: dispatch
2023-06-22T17:19:49.434 INFO:journalctl@ceph.mon.a.smithi039.stdout:Jun 22 17:19:49 smithi039 ceph-mon[84805]: Manager daemon x is now available
2023-06-22T17:19:49.434 INFO:journalctl@ceph.mon.a.smithi039.stdout:Jun 22 17:19:49 smithi039 ceph-mon[84805]: from='mgr.14100 172.21.15.39:0/4155684329' entity='mgr.x' cmd=[{"prefix":"config rm","who":"mgr","name":"mgr/rbd_support/x/mirror_snapshot_schedule"}]: dispatch
2023-06-22T17:19:49.434 INFO:journalctl@ceph.mon.a.smithi039.stdout:Jun 22 17:19:49 smithi039 ceph-mon[84805]: from='mgr.14100 172.21.15.39:0/4155684329' entity='mgr.x' cmd=[{"prefix":"config rm","who":"mgr","name":"mgr/rbd_support/x/trash_purge_schedule"}]: dispatch
2023-06-22T17:19:49.434 INFO:journalctl@ceph.mon.a.smithi039.stdout:Jun 22 17:19:49 smithi039 ceph-mon[84805]: from='mgr.14100 172.21.15.39:0/4155684329' entity='mgr.x'
2023-06-22T17:19:49.434 INFO:journalctl@ceph.mon.a.smithi039.stdout:Jun 22 17:19:49 smithi039 ceph-mon[84805]: from='mgr.14100 172.21.15.39:0/4155684329' entity='mgr.x'
2023-06-22T17:19:49.435 INFO:journalctl@ceph.mon.a.smithi039.stdout:Jun 22 17:19:49 smithi039 ceph-mon[84805]: from='mgr.14100 172.21.15.39:0/4155684329' entity='mgr.x'
2023-06-22T17:19:51.432 INFO:journalctl@ceph.mon.a.smithi039.stdout:Jun 22 17:19:51 smithi039 ceph-mon[84805]: mgrmap e3: x(active, since 1.01085s)
2023-06-22T17:19:51.432 INFO:journalctl@ceph.mon.a.smithi039.stdout:Jun 22 17:19:51 smithi039 ceph-mon[84805]: from='client.? 172.21.15.39:0/3983313361' entity='client.admin' cmd=[{"prefix": "status", "format": "json-pretty"}]: dispatch
2023-06-22T17:19:52.682 INFO:journalctl@ceph.mon.a.smithi039.stdout:Jun 22 17:19:52 smithi039 ceph-mon[84805]: mgrmap e4: x(active, since 2s)
2023-06-22T17:19:53.521 INFO:teuthology.orchestra.run.smithi039.stdout:/usr/bin/ceph: stdout
2023-06-22T17:19:53.521 INFO:teuthology.orchestra.run.smithi039.stdout:/usr/bin/ceph: stdout {
2023-06-22T17:19:53.522 INFO:teuthology.orchestra.run.smithi039.stdout:/usr/bin/ceph: stdout "fsid": "d88002e2-1120-11ee-9b2b-001a4aab830c",
2023-06-22T17:19:53.522 INFO:teuthology.orchestra.run.smithi039.stdout:/usr/bin/ceph: stdout "health": {
2023-06-22T17:19:53.522 INFO:teuthology.orchestra.run.smithi039.stdout:/usr/bin/ceph: stdout "status": "HEALTH_OK",
2023-06-22T17:19:53.522 INFO:teuthology.orchestra.run.smithi039.stdout:/usr/bin/ceph: stdout "checks": {},
2023-06-22T17:19:53.522 INFO:teuthology.orchestra.run.smithi039.stdout:/usr/bin/ceph: stdout "mutes": []
2023-06-22T17:19:53.522 INFO:teuthology.orchestra.run.smithi039.stdout:/usr/bin/ceph: stdout },
2023-06-22T17:19:53.523 INFO:teuthology.orchestra.run.smithi039.stdout:/usr/bin/ceph: stdout "election_epoch": 5,
2023-06-22T17:19:53.523 INFO:teuthology.orchestra.run.smithi039.stdout:/usr/bin/ceph: stdout "quorum": [
2023-06-22T17:19:53.523 INFO:teuthology.orchestra.run.smithi039.stdout:/usr/bin/ceph: stdout 0
2023-06-22T17:19:53.523 INFO:teuthology.orchestra.run.smithi039.stdout:/usr/bin/ceph: stdout ],
2023-06-22T17:19:53.523 INFO:teuthology.orchestra.run.smithi039.stdout:/usr/bin/ceph: stdout "quorum_names": [
2023-06-22T17:19:53.523 INFO:teuthology.orchestra.run.smithi039.stdout:/usr/bin/ceph: stdout "a"
2023-06-22T17:19:53.523 INFO:teuthology.orchestra.run.smithi039.stdout:/usr/bin/ceph: stdout ],
2023-06-22T17:19:53.523 INFO:teuthology.orchestra.run.smithi039.stdout:/usr/bin/ceph: stdout "quorum_age": 10,
2023-06-22T17:19:53.524 INFO:teuthology.orchestra.run.smithi039.stdout:/usr/bin/ceph: stdout "monmap": {
2023-06-22T17:19:53.524 INFO:teuthology.orchestra.run.smithi039.stdout:/usr/bin/ceph: stdout "epoch": 1,
2023-06-22T17:19:53.524 INFO:teuthology.orchestra.run.smithi039.stdout:/usr/bin/ceph: stdout "min_mon_release_name": "quincy",
2023-06-22T17:19:53.524 INFO:teuthology.orchestra.run.smithi039.stdout:/usr/bin/ceph: stdout "num_mons": 1
2023-06-22T17:19:53.524 INFO:teuthology.orchestra.run.smithi039.stdout:/usr/bin/ceph: stdout },
2023-06-22T17:19:53.524 INFO:teuthology.orchestra.run.smithi039.stdout:/usr/bin/ceph: stdout "osdmap": {
2023-06-22T17:19:53.524 INFO:teuthology.orchestra.run.smithi039.stdout:/usr/bin/ceph: stdout "epoch": 1,
2023-06-22T17:19:53.525 INFO:teuthology.orchestra.run.smithi039.stdout:/usr/bin/ceph: stdout "num_osds": 0,
2023-06-22T17:19:53.525 INFO:teuthology.orchestra.run.smithi039.stdout:/usr/bin/ceph: stdout "num_up_osds": 0,
2023-06-22T17:19:53.525 INFO:teuthology.orchestra.run.smithi039.stdout:/usr/bin/ceph: stdout "osd_up_since": 0,
2023-06-22T17:19:53.525 INFO:teuthology.orchestra.run.smithi039.stdout:/usr/bin/ceph: stdout "num_in_osds": 0,
2023-06-22T17:19:53.525 INFO:teuthology.orchestra.run.smithi039.stdout:/usr/bin/ceph: stdout "osd_in_since": 0,
2023-06-22T17:19:53.525 INFO:teuthology.orchestra.run.smithi039.stdout:/usr/bin/ceph: stdout "num_remapped_pgs": 0
2023-06-22T17:19:53.525 INFO:teuthology.orchestra.run.smithi039.stdout:/usr/bin/ceph: stdout },
2023-06-22T17:19:53.526 INFO:teuthology.orchestra.run.smithi039.stdout:/usr/bin/ceph: stdout "pgmap": {
2023-06-22T17:19:53.526 INFO:teuthology.orchestra.run.smithi039.stdout:/usr/bin/ceph: stdout "pgs_by_state": [],
2023-06-22T17:19:53.526 INFO:teuthology.orchestra.run.smithi039.stdout:/usr/bin/ceph: stdout "num_pgs": 0,
2023-06-22T17:19:53.526 INFO:teuthology.orchestra.run.smithi039.stdout:/usr/bin/ceph: stdout "num_pools": 0,
2023-06-22T17:19:53.526 INFO:teuthology.orchestra.run.smithi039.stdout:/usr/bin/ceph: stdout "num_objects": 0,
2023-06-22T17:19:53.527 INFO:teuthology.orchestra.run.smithi039.stdout:/usr/bin/ceph: stdout "data_bytes": 0,
2023-06-22T17:19:53.527 INFO:teuthology.orchestra.run.smithi039.stdout:/usr/bin/ceph: stdout "bytes_used": 0,
2023-06-22T17:19:53.527 INFO:teuthology.orchestra.run.smithi039.stdout:/usr/bin/ceph: stdout "bytes_avail": 0,
2023-06-22T17:19:53.527 INFO:teuthology.orchestra.run.smithi039.stdout:/usr/bin/ceph: stdout "bytes_total": 0
2023-06-22T17:19:53.527 INFO:teuthology.orchestra.run.smithi039.stdout:/usr/bin/ceph: stdout },
2023-06-22T17:19:53.527 INFO:teuthology.orchestra.run.smithi039.stdout:/usr/bin/ceph: stdout "fsmap": {
2023-06-22T17:19:53.527 INFO:teuthology.orchestra.run.smithi039.stdout:/usr/bin/ceph: stdout "epoch": 1,
2023-06-22T17:19:53.528 INFO:teuthology.orchestra.run.smithi039.stdout:/usr/bin/ceph: stdout "by_rank": [],
2023-06-22T17:19:53.528 INFO:teuthology.orchestra.run.smithi039.stdout:/usr/bin/ceph: stdout "up:standby": 0
2023-06-22T17:19:53.528 INFO:teuthology.orchestra.run.smithi039.stdout:/usr/bin/ceph: stdout },
2023-06-22T17:19:53.528 INFO:teuthology.orchestra.run.smithi039.stdout:/usr/bin/ceph: stdout "mgrmap": {
2023-06-22T17:19:53.528 INFO:teuthology.orchestra.run.smithi039.stdout:/usr/bin/ceph: stdout "available": true,
2023-06-22T17:19:53.528 INFO:teuthology.orchestra.run.smithi039.stdout:/usr/bin/ceph: stdout "num_standbys": 0,
2023-06-22T17:19:53.528 INFO:teuthology.orchestra.run.smithi039.stdout:/usr/bin/ceph: stdout "modules": [
2023-06-22T17:19:53.529 INFO:teuthology.orchestra.run.smithi039.stdout:/usr/bin/ceph: stdout "iostat",
2023-06-22T17:19:53.529 INFO:teuthology.orchestra.run.smithi039.stdout:/usr/bin/ceph: stdout "nfs",
2023-06-22T17:19:53.529 INFO:teuthology.orchestra.run.smithi039.stdout:/usr/bin/ceph: stdout "restful"
2023-06-22T17:19:53.529 INFO:teuthology.orchestra.run.smithi039.stdout:/usr/bin/ceph: stdout ],
2023-06-22T17:19:53.529 INFO:teuthology.orchestra.run.smithi039.stdout:/usr/bin/ceph: stdout "services": {}
2023-06-22T17:19:53.529 INFO:teuthology.orchestra.run.smithi039.stdout:/usr/bin/ceph: stdout },
2023-06-22T17:19:53.529 INFO:teuthology.orchestra.run.smithi039.stdout:/usr/bin/ceph: stdout "servicemap": {
2023-06-22T17:19:53.529 INFO:teuthology.orchestra.run.smithi039.stdout:/usr/bin/ceph: stdout "epoch": 1,
2023-06-22T17:19:53.530 INFO:teuthology.orchestra.run.smithi039.stdout:/usr/bin/ceph: stdout "modified": "2023-06-22T17:19:36.314220+0000",
2023-06-22T17:19:53.530 INFO:teuthology.orchestra.run.smithi039.stdout:/usr/bin/ceph: stdout "services": {}
2023-06-22T17:19:53.530 INFO:teuthology.orchestra.run.smithi039.stdout:/usr/bin/ceph: stdout },
2023-06-22T17:19:53.530 INFO:teuthology.orchestra.run.smithi039.stdout:/usr/bin/ceph: stdout "progress_events": {}
2023-06-22T17:19:53.530 INFO:teuthology.orchestra.run.smithi039.stdout:/usr/bin/ceph: stdout }
2023-06-22T17:19:53.530 INFO:teuthology.orchestra.run.smithi039.stdout:/usr/bin/ceph: stderr
2023-06-22T17:19:50.682+0000 7fe1c868d700 1 Processor -- start
2023-06-22T17:19:53.530 INFO:teuthology.orchestra.run.smithi039.stdout:/usr/bin/ceph: stderr
2023-06-22T17:19:50.682+0000 7fe1c868d700 1 -- start start
2023-06-22T17:19:53.530 INFO:teuthology.orchestra.run.smithi039.stdout:/usr/bin/ceph: stderr
2023-06-22T17:19:50.682+0000 7fe1c868d700 1 --2- >> [v2:172.21.15.39:3300/0,v1:172.21.15.39:6789/0] conn(0x7fe1c0101320 0x7fe1c0101730 unknown :-1 s=NONE pgs=0 cs=0 l=0 rev1=0 crypto rx=0 tx=0 comp rx=0 tx=0).connect
2023-06-22T17:19:53.531 INFO:teuthology.orchestra.run.smithi039.stdout:/usr/bin/ceph: stderr
2023-06-22T17:19:50.682+0000 7fe1c868d700 1 -- --> [v2:172.21.15.39:3300/0,v1:172.21.15.39:6789/0] -- mon_getmap magic: 0 v1 -- 0x7fe1c0101c70 con 0x7fe1c0101320
2023-06-22T17:19:53.531 INFO:teuthology.orchestra.run.smithi039.stdout:/usr/bin/ceph: stderr
2023-06-22T17:19:50.682+0000 7fe1c6429700 1 --2- >> [v2:172.21.15.39:3300/0,v1:172.21.15.39:6789/0] conn(0x7fe1c0101320 0x7fe1c0101730 unknown :-1 s=BANNER_CONNECTING pgs=0 cs=0 l=0 rev1=0 crypto rx=0 tx=0 comp rx=0 tx=0)._handle_peer_banner_payload supported=3 required=0
2023-06-22T17:19:53.531 INFO:teuthology.orchestra.run.smithi039.stdout:/usr/bin/ceph: stderr
2023-06-22T17:19:50.682+0000 7fe1c6429700 1 --2- >> [v2:172.21.15.39:3300/0,v1:172.21.15.39:6789/0] conn(0x7fe1c0101320 0x7fe1c0101730 unknown :-1 s=HELLO_CONNECTING pgs=0 cs=0 l=0 rev1=1 crypto rx=0 tx=0 comp rx=0 tx=0).handle_hello peer v2:172.21.15.39:3300/0 says I am v2:172.21.15.39:60530/0 (socket says 172.21.15.39:60530)
2023-06-22T17:19:53.531 INFO:teuthology.orchestra.run.smithi039.stdout:/usr/bin/ceph: stderr
2023-06-22T17:19:50.682+0000 7fe1c6429700 1 -- 172.21.15.39:0/57705981 learned_addr learned my addr 172.21.15.39:0/57705981 (peer_addr_for_me v2:172.21.15.39:0/0)
2023-06-22T17:19:53.531 INFO:teuthology.orchestra.run.smithi039.stdout:/usr/bin/ceph: stderr
2023-06-22T17:19:50.683+0000 7fe1c6429700 1 -- 172.21.15.39:0/57705981 --> [v2:172.21.15.39:3300/0,v1:172.21.15.39:6789/0] -- mon_subscribe({config=0+,monmap=0+}) v3 -- 0x7fe1c0101db0 con 0x7fe1c0101320
2023-06-22T17:19:53.531 INFO:teuthology.orchestra.run.smithi039.stdout:/usr/bin/ceph: stderr
2023-06-22T17:19:50.683+0000 7fe1c6429700 1 --2- 172.21.15.39:0/57705981 >> [v2:172.21.15.39:3300/0,v1:172.21.15.39:6789/0] conn(0x7fe1c0101320 0x7fe1c0101730 secure :-1 s=READY pgs=16 cs=0 l=1 rev1=1 crypto rx=0x7fe1bc0098e0 tx=0x7fe1bc009250 comp rx=0 tx=0).ready entity=mon.0 client_cookie=8e498b0ac36aee07 server_cookie=0 in_seq=0 out_seq=0
2023-06-22T17:19:53.531 INFO:teuthology.orchestra.run.smithi039.stdout:/usr/bin/ceph: stderr
2023-06-22T17:19:50.683+0000 7fe1c5427700 1 -- 172.21.15.39:0/57705981 <== mon.0 v2:172.21.15.39:3300/0 1 ==== mon_map magic: 0 v1 ==== 205+0+0 (secure 0 0 0) 0x7fe1bc009e80 con 0x7fe1c0101320
2023-06-22T17:19:53.531 INFO:teuthology.orchestra.run.smithi039.stdout:/usr/bin/ceph: stderr
2023-06-22T17:19:50.683+0000 7fe1c5427700 1 -- 172.21.15.39:0/57705981 <== mon.0 v2:172.21.15.39:3300/0 2 ==== config(27 keys) v1 ==== 1105+0+0 (secure 0 0 0) 0x7fe1bc00bd30 con 0x7fe1c0101320
2023-06-22T17:19:53.532 INFO:teuthology.orchestra.run.smithi039.stdout:/usr/bin/ceph: stderr
2023-06-22T17:19:50.683+0000 7fe1c5427700 1 -- 172.21.15.39:0/57705981 <== mon.0 v2:172.21.15.39:3300/0 3 ==== mon_map magic: 0 v1 ==== 205+0+0 (secure 0 0 0) 0x7fe1bc011da0 con 0x7fe1c0101320
2023-06-22T17:19:53.532 INFO:teuthology.orchestra.run.smithi039.stdout:/usr/bin/ceph: stderr
2023-06-22T17:19:50.684+0000 7fe1c868d700 1 -- 172.21.15.39:0/57705981 >> [v2:172.21.15.39:3300/0,v1:172.21.15.39:6789/0] conn(0x7fe1c0101320 msgr2=0x7fe1c0101730 secure :-1 s=STATE_CONNECTION_ESTABLISHED l=1).mark_down
2023-06-22T17:19:53.532 INFO:teuthology.orchestra.run.smithi039.stdout:/usr/bin/ceph: stderr
2023-06-22T17:19:50.684+0000 7fe1c868d700 1 --2- 172.21.15.39:0/57705981 >> [v2:172.21.15.39:3300/0,v1:172.21.15.39:6789/0] conn(0x7fe1c0101320 0x7fe1c0101730 secure :-1 s=READY pgs=16 cs=0 l=1 rev1=1 crypto rx=0x7fe1bc0098e0 tx=0x7fe1bc009250 comp rx=0 tx=0).stop
2023-06-22T17:19:53.532 INFO:teuthology.orchestra.run.smithi039.stdout:/usr/bin/ceph: stderr
2023-06-22T17:19:50.684+0000 7fe1c868d700 1 -- 172.21.15.39:0/57705981 shutdown_connections
2023-06-22T17:19:53.532 INFO:teuthology.orchestra.run.smithi039.stdout:/usr/bin/ceph: stderr
2023-06-22T17:19:50.684+0000 7fe1c868d700 1 --2- 172.21.15.39:0/57705981 >> [v2:172.21.15.39:3300/0,v1:172.21.15.39:6789/0] conn(0x7fe1c0101320 0x7fe1c0101730 unknown :-1 s=CLOSED pgs=16 cs=0 l=1 rev1=1 crypto rx=0 tx=0 comp rx=0 tx=0).stop
2023-06-22T17:19:53.532 INFO:teuthology.orchestra.run.smithi039.stdout:/usr/bin/ceph: stderr
2023-06-22T17:19:50.684+0000 7fe1c868d700 1 -- 172.21.15.39:0/57705981 >> 172.21.15.39:0/57705981 conn(0x7fe1c00fcac0 msgr2=0x7fe1c00feed0 unknown :-1 s=STATE_NONE l=0).mark_down
2023-06-22T17:19:53.532 INFO:teuthology.orchestra.run.smithi039.stdout:/usr/bin/ceph: stderr
2023-06-22T17:19:50.684+0000 7fe1c868d700 1 -- 172.21.15.39:0/57705981 shutdown_connections
2023-06-22T17:19:53.533 INFO:teuthology.orchestra.run.smithi039.stdout:/usr/bin/ceph: stderr
2023-06-22T17:19:50.684+0000 7fe1c868d700 1 -- 172.21.15.39:0/57705981 wait complete.
2023-06-22T17:19:53.533 INFO:teuthology.orchestra.run.smithi039.stdout:/usr/bin/ceph: stderr
2023-06-22T17:19:50.684+0000 7fe1c868d700 1 Processor -- start
2023-06-22T17:19:53.535 INFO:teuthology.orchestra.run.smithi039.stdout:/usr/bin/ceph: stderr
2023-06-22T17:19:50.684+0000 7fe1c868d700 1 -- start start
2023-06-22T17:19:53.536 INFO:teuthology.orchestra.run.smithi039.stdout:/usr/bin/ceph: stderr
2023-06-22T17:19:50.684+0000 7fe1c868d700 1 --2- >> [v2:172.21.15.39:3300/0,v1:172.21.15.39:6789/0] conn(0x7fe1c0101320 0x7fe1c00769b0 unknown :-1 s=NONE pgs=0 cs=0 l=1 rev1=0 crypto rx=0 tx=0 comp rx=0 tx=0).connect
2023-06-22T17:19:53.536 INFO:teuthology.orchestra.run.smithi039.stdout:/usr/bin/ceph: stderr
2023-06-22T17:19:50.685+0000 7fe1c868d700 1 -- --> [v2:172.21.15.39:3300/0,v1:172.21.15.39:6789/0] -- mon_getmap magic: 0 v1 -- 0x7fe1c0113ee0 con 0x7fe1c0101320
2023-06-22T17:19:53.536 INFO:teuthology.orchestra.run.smithi039.stdout:/usr/bin/ceph: stderr
2023-06-22T17:19:50.685+0000 7fe1c6429700 1 --2- >> [v2:172.21.15.39:3300/0,v1:172.21.15.39:6789/0] conn(0x7fe1c0101320 0x7fe1c00769b0 unknown :-1 s=BANNER_CONNECTING pgs=0 cs=0 l=1 rev1=0 crypto rx=0 tx=0 comp rx=0 tx=0)._handle_peer_banner_payload supported=3 required=0
2023-06-22T17:19:53.536 INFO:teuthology.orchestra.run.smithi039.stdout:/usr/bin/ceph: stderr
2023-06-22T17:19:50.685+0000 7fe1c6429700 1 --2- >> [v2:172.21.15.39:3300/0,v1:172.21.15.39:6789/0] conn(0x7fe1c0101320 0x7fe1c00769b0 unknown :-1 s=HELLO_CONNECTING pgs=0 cs=0 l=1 rev1=1 crypto rx=0 tx=0 comp rx=0 tx=0).handle_hello peer v2:172.21.15.39:3300/0 says I am v2:172.21.15.39:60542/0 (socket says 172.21.15.39:60542)
2023-06-22T17:19:53.537 INFO:teuthology.orchestra.run.smithi039.stdout:/usr/bin/ceph: stderr
2023-06-22T17:19:50.685+0000 7fe1c6429700 1 -- 172.21.15.39:0/3983313361 learned_addr learned my addr 172.21.15.39:0/3983313361 (peer_addr_for_me v2:172.21.15.39:0/0)
2023-06-22T17:19:53.537 INFO:teuthology.orchestra.run.smithi039.stdout:/usr/bin/ceph: stderr
2023-06-22T17:19:50.685+0000 7fe1c6429700 1 -- 172.21.15.39:0/3983313361 --> [v2:172.21.15.39:3300/0,v1:172.21.15.39:6789/0] -- mon_subscribe({config=0+,monmap=0+}) v3 -- 0x7fe1bc0094f0 con 0x7fe1c0101320
2023-06-22T17:19:53.537 INFO:teuthology.orchestra.run.smithi039.stdout:/usr/bin/ceph: stderr
2023-06-22T17:19:50.685+0000 7fe1c6429700 1 --2- 172.21.15.39:0/3983313361 >> [v2:172.21.15.39:3300/0,v1:172.21.15.39:6789/0] conn(0x7fe1c0101320 0x7fe1c00769b0 secure :-1 s=READY pgs=17 cs=0 l=1 rev1=1 crypto rx=0x7fe1bc010640 tx=0x7fe1bc009250 comp rx=0 tx=0).ready entity=mon.0 client_cookie=0 server_cookie=0 in_seq=0 out_seq=0
2023-06-22T17:19:53.537 INFO:teuthology.orchestra.run.smithi039.stdout:/usr/bin/ceph: stderr
2023-06-22T17:19:50.685+0000 7fe1b6ffd700 1 -- 172.21.15.39:0/3983313361 <== mon.0 v2:172.21.15.39:3300/0 1 ==== mon_map magic: 0 v1 ==== 205+0+0 (secure 0 0 0) 0x7fe1bc010b90 con 0x7fe1c0101320
2023-06-22T17:19:53.537 INFO:teuthology.orchestra.run.smithi039.stdout:/usr/bin/ceph: stderr
2023-06-22T17:19:50.685+0000 7fe1b6ffd700 1 -- 172.21.15.39:0/3983313361 <== mon.0 v2:172.21.15.39:3300/0 2 ==== config(27 keys) v1 ==== 1105+0+0 (secure 0 0 0) 0x7fe1bc010cf0 con 0x7fe1c0101320
2023-06-22T17:19:53.538 INFO:teuthology.orchestra.run.smithi039.stdout:/usr/bin/ceph: stderr
2023-06-22T17:19:50.685+0000 7fe1c868d700 1 -- 172.21.15.39:0/3983313361 --> [v2:172.21.15.39:3300/0,v1:172.21.15.39:6789/0] -- mon_subscribe({mgrmap=0+}) v3 -- 0x7fe1c0114020 con 0x7fe1c0101320
2023-06-22T17:19:53.538 INFO:teuthology.orchestra.run.smithi039.stdout:/usr/bin/ceph: stderr
2023-06-22T17:19:50.685+0000 7fe1b6ffd700 1 -- 172.21.15.39:0/3983313361 <== mon.0 v2:172.21.15.39:3300/0 3 ==== mon_map magic: 0 v1 ==== 205+0+0 (secure 0 0 0) 0x7fe1bc022400 con 0x7fe1c0101320
2023-06-22T17:19:53.538 INFO:teuthology.orchestra.run.smithi039.stdout:/usr/bin/ceph: stderr
2023-06-22T17:19:50.685+0000 7fe1c868d700 1 -- 172.21.15.39:0/3983313361 --> [v2:172.21.15.39:3300/0,v1:172.21.15.39:6789/0] -- mon_subscribe({osdmap=0}) v3 -- 0x7fe1c0114370 con 0x7fe1c0101320
2023-06-22T17:19:53.538 INFO:teuthology.orchestra.run.smithi039.stdout:/usr/bin/ceph: stderr
2023-06-22T17:19:50.686+0000 7fe1b6ffd700 1 -- 172.21.15.39:0/3983313361 <== mon.0 v2:172.21.15.39:3300/0 4 ==== mgrmap(e 3) v1 ==== 43102+0+0 (secure 0 0 0) 0x7fe1bc01a430 con 0x7fe1c0101320
2023-06-22T17:19:53.538 INFO:teuthology.orchestra.run.smithi039.stdout:/usr/bin/ceph: stderr
2023-06-22T17:19:50.686+0000 7fe1c868d700 1 -- 172.21.15.39:0/3983313361 --> [v2:172.21.15.39:3300/0,v1:172.21.15.39:6789/0] -- mon_command({"prefix": "get_command_descriptions"} v 0) v1 -- 0x7fe1c005f060 con 0x7fe1c0101320
2023-06-22T17:19:53.538 INFO:teuthology.orchestra.run.smithi039.stdout:/usr/bin/ceph: stderr
2023-06-22T17:19:50.686+0000 7fe1b6ffd700 1 --2- 172.21.15.39:0/3983313361 >> [v2:172.21.15.39:6800/3960151496,v1:172.21.15.39:6801/3960151496] conn(0x7fe1ac0364a0 0x7fe1ac038950 unknown :-1 s=NONE pgs=0 cs=0 l=1 rev1=0 crypto rx=0 tx=0 comp rx=0 tx=0).connect
2023-06-22T17:19:53.539 INFO:teuthology.orchestra.run.smithi039.stdout:/usr/bin/ceph: stderr
2023-06-22T17:19:50.686+0000 7fe1b6ffd700 1 -- 172.21.15.39:0/3983313361 <== mon.0 v2:172.21.15.39:3300/0 5 ==== osd_map(1..1 src has 1..1) v4 ==== 721+0+0 (secure 0 0 0) 0x7fe1bc04a630 con 0x7fe1c0101320
2023-06-22T17:19:53.539 INFO:teuthology.orchestra.run.smithi039.stdout:/usr/bin/ceph: stderr
2023-06-22T17:19:50.686+0000 7fe1c5c28700 1 --2- 172.21.15.39:0/3983313361 >> [v2:172.21.15.39:6800/3960151496,v1:172.21.15.39:6801/3960151496] conn(0x7fe1ac0364a0 0x7fe1ac038950 unknown :-1 s=BANNER_CONNECTING pgs=0 cs=0 l=1 rev1=0 crypto rx=0 tx=0 comp rx=0 tx=0)._handle_peer_banner_payload supported=3 required=0
2023-06-22T17:19:53.539 INFO:teuthology.orchestra.run.smithi039.stdout:/usr/bin/ceph: stderr
2023-06-22T17:19:50.687+0000 7fe1c5c28700 1 --2- 172.21.15.39:0/3983313361 >> [v2:172.21.15.39:6800/3960151496,v1:172.21.15.39:6801/3960151496] conn(0x7fe1ac0364a0 0x7fe1ac038950 secure :-1 s=READY pgs=6 cs=0 l=1 rev1=1 crypto rx=0x7fe1b0009990 tx=0x7fe1b0006e40 comp rx=0 tx=0).ready entity=mgr.14100 client_cookie=0 server_cookie=0 in_seq=0 out_seq=0
2023-06-22T17:19:53.539 INFO:teuthology.orchestra.run.smithi039.stdout:/usr/bin/ceph: stderr
2023-06-22T17:19:50.691+0000 7fe1b6ffd700 1 -- 172.21.15.39:0/3983313361 <== mon.0 v2:172.21.15.39:3300/0 6 ==== mon_command_ack([{"prefix": "get_command_descriptions"}]=0 v0) v1 ==== 72+0+174561 (secure 0 0 0) 0x7fe1bc02ab80 con 0x7fe1c0101320
2023-06-22T17:19:53.539 INFO:teuthology.orchestra.run.smithi039.stdout:/usr/bin/ceph: stderr
2023-06-22T17:19:50.963+0000 7fe1c868d700 1 -- 172.21.15.39:0/3983313361 --> [v2:172.21.15.39:3300/0,v1:172.21.15.39:6789/0] -- mon_command({"prefix": "status", "format": "json-pretty"} v 0) v1 -- 0x7fe1c0114620 con 0x7fe1c0101320
2023-06-22T17:19:53.539 INFO:teuthology.orchestra.run.smithi039.stdout:/usr/bin/ceph: stderr
2023-06-22T17:19:50.964+0000 7fe1b6ffd700 1 -- 172.21.15.39:0/3983313361 <== mon.0 v2:172.21.15.39:3300/0 7 ==== mon_command_ack([{"prefix": "status", "format": "json-pretty"}]=0 v0) v1 ==== 79+0+1240 (secure 0 0 0) 0x7fe1bc02ab80 con 0x7fe1c0101320
2023-06-22T17:19:53.539 INFO:teuthology.orchestra.run.smithi039.stdout:/usr/bin/ceph: stderr
2023-06-22T17:19:50.966+0000 7fe1c868d700 1 -- 172.21.15.39:0/3983313361 >> [v2:172.21.15.39:6800/3960151496,v1:172.21.15.39:6801/3960151496] conn(0x7fe1ac0364a0 msgr2=0x7fe1ac038950 secure :-1 s=STATE_CONNECTION_ESTABLISHED l=1).mark_down
2023-06-22T17:19:53.539 INFO:teuthology.orchestra.run.smithi039.stdout:/usr/bin/ceph: stderr
2023-06-22T17:19:50.966+0000 7fe1c868d700 1 --2- 172.21.15.39:0/3983313361 >> [v2:172.21.15.39:6800/3960151496,v1:172.21.15.39:6801/3960151496] conn(0x7fe1ac0364a0 0x7fe1ac038950 secure :-1 s=READY pgs=6 cs=0 l=1 rev1=1 crypto rx=0x7fe1b0009990 tx=0x7fe1b0006e40 comp rx=0 tx=0).stop
2023-06-22T17:19:53.540 INFO:teuthology.orchestra.run.smithi039.stdout:/usr/bin/ceph: stderr
2023-06-22T17:19:50.966+0000 7fe1c868d700 1 -- 172.21.15.39:0/3983313361 >> [v2:172.21.15.39:3300/0,v1:172.21.15.39:6789/0] conn(0x7fe1c0101320 msgr2=0x7fe1c00769b0 secure :-1 s=STATE_CONNECTION_ESTABLISHED l=1).mark_down
2023-06-22T17:19:53.540 INFO:teuthology.orchestra.run.smithi039.stdout:/usr/bin/ceph: stderr
2023-06-22T17:19:50.966+0000 7fe1c868d700 1 --2- 172.21.15.39:0/3983313361 >> [v2:172.21.15.39:3300/0,v1:172.21.15.39:6789/0] conn(0x7fe1c0101320 0x7fe1c00769b0 secure :-1 s=READY pgs=17 cs=0 l=1 rev1=1 crypto rx=0x7fe1bc010640 tx=0x7fe1bc009250 comp rx=0 tx=0).stop
2023-06-22T17:19:53.540 INFO:teuthology.orchestra.run.smithi039.stdout:/usr/bin/ceph: stderr
2023-06-22T17:19:50.966+0000 7fe1c868d700 1 -- 172.21.15.39:0/3983313361 shutdown_connections
2023-06-22T17:19:53.540 INFO:teuthology.orchestra.run.smithi039.stdout:/usr/bin/ceph: stderr
2023-06-22T17:19:50.966+0000 7fe1c868d700 1 --2- 172.21.15.39:0/3983313361 >> [v2:172.21.15.39:6800/3960151496,v1:172.21.15.39:6801/3960151496] conn(0x7fe1ac0364a0 0x7fe1ac038950 unknown :-1 s=CLOSED pgs=6 cs=0 l=1 rev1=1 crypto rx=0 tx=0 comp rx=0 tx=0).stop
2023-06-22T17:19:53.540 INFO:teuthology.orchestra.run.smithi039.stdout:/usr/bin/ceph: stderr
2023-06-22T17:19:50.966+0000 7fe1c868d700 1 --2- 172.21.15.39:0/3983313361 >> [v2:172.21.15.39:3300/0,v1:172.21.15.39:6789/0] conn(0x7fe1c0101320 0x7fe1c00769b0 unknown :-1 s=CLOSED pgs=17 cs=0 l=1 rev1=1 crypto rx=0 tx=0 comp rx=0 tx=0).stop
2023-06-22T17:19:53.540 INFO:teuthology.orchestra.run.smithi039.stdout:/usr/bin/ceph: stderr
2023-06-22T17:19:50.966+0000 7fe1c868d700 1 -- 172.21.15.39:0/3983313361 >> 172.21.15.39:0/3983313361 conn(0x7fe1c00fcac0 msgr2=0x7fe1c00fd7f0 unknown :-1 s=STATE_NONE l=0).mark_down
2023-06-22T17:19:53.541 INFO:teuthology.orchestra.run.smithi039.stdout:/usr/bin/ceph: stderr
2023-06-22T17:19:50.966+0000 7fe1c868d700 1 -- 172.21.15.39:0/3983313361 shutdown_connections
2023-06-22T17:19:53.541 INFO:teuthology.orchestra.run.smithi039.stdout:/usr/bin/ceph: stderr
2023-06-22T17:19:50.966+0000 7fe1c868d700 1 -- 172.21.15.39:0/3983313361 wait complete.
2023-06-22T17:19:53.541 INFO:teuthology.orchestra.run.smithi039.stdout:mgr is available
2023-06-22T17:19:56.932 INFO:journalctl@ceph.mon.a.smithi039.stdout:Jun 22 17:19:56 smithi039 ceph-mon[84805]: from='client.? 172.21.15.39:0/3720546394' entity='client.admin' cmd=[{"prefix": "config assimilate-conf"}]: dispatch
2023-06-22T17:19:57.675 INFO:teuthology.orchestra.run.smithi039.stdout:/usr/bin/ceph: stdout
2023-06-22T17:19:57.676 INFO:teuthology.orchestra.run.smithi039.stdout:/usr/bin/ceph: stdout [global]
2023-06-22T17:19:57.676 INFO:teuthology.orchestra.run.smithi039.stdout:/usr/bin/ceph: stdout fsid = d88002e2-1120-11ee-9b2b-001a4aab830c
2023-06-22T17:19:57.676 INFO:teuthology.orchestra.run.smithi039.stdout:/usr/bin/ceph: stdout mon_osd_allow_pg_remap = true
2023-06-22T17:19:57.676 INFO:teuthology.orchestra.run.smithi039.stdout:/usr/bin/ceph: stdout mon_osd_allow_primary_affinity = true
2023-06-22T17:19:57.676 INFO:teuthology.orchestra.run.smithi039.stdout:/usr/bin/ceph: stdout mon_warn_on_no_sortbitwise = false
2023-06-22T17:19:57.677 INFO:teuthology.orchestra.run.smithi039.stdout:/usr/bin/ceph: stdout osd_crush_chooseleaf_type = 0
2023-06-22T17:19:57.677 INFO:teuthology.orchestra.run.smithi039.stdout:/usr/bin/ceph: stdout
2023-06-22T17:19:57.677 INFO:teuthology.orchestra.run.smithi039.stdout:/usr/bin/ceph: stdout [mgr]
2023-06-22T17:19:57.677 INFO:teuthology.orchestra.run.smithi039.stdout:/usr/bin/ceph: stdout mgr/telemetry/nag = false
2023-06-22T17:19:57.677 INFO:teuthology.orchestra.run.smithi039.stdout:/usr/bin/ceph: stdout
2023-06-22T17:19:57.677 INFO:teuthology.orchestra.run.smithi039.stdout:/usr/bin/ceph: stdout [osd]
2023-06-22T17:19:57.677 INFO:teuthology.orchestra.run.smithi039.stdout:/usr/bin/ceph: stdout mon_osd_backfillfull_ratio = 0.85
2023-06-22T17:19:57.677 INFO:teuthology.orchestra.run.smithi039.stdout:/usr/bin/ceph: stdout mon_osd_full_ratio = 0.9
2023-06-22T17:19:57.678 INFO:teuthology.orchestra.run.smithi039.stdout:/usr/bin/ceph: stdout mon_osd_nearfull_ratio = 0.8
2023-06-22T17:19:57.678 INFO:teuthology.orchestra.run.smithi039.stdout:/usr/bin/ceph: stdout osd_map_max_advance = 10
2023-06-22T17:19:57.678 INFO:teuthology.orchestra.run.smithi039.stdout:/usr/bin/ceph: stdout osd_sloppy_crc = true
2023-06-22T17:19:57.678 INFO:teuthology.orchestra.run.smithi039.stdout:/usr/bin/ceph: stderr
2023-06-22T17:19:55.580+0000 7f8bbfd42700 1 Processor -- start
2023-06-22T17:19:57.678 INFO:teuthology.orchestra.run.smithi039.stdout:/usr/bin/ceph: stderr
2023-06-22T17:19:55.580+0000 7f8bbfd42700 1 -- start start
2023-06-22T17:19:57.678 INFO:teuthology.orchestra.run.smithi039.stdout:/usr/bin/ceph: stderr
2023-06-22T17:19:55.580+0000 7f8bbfd42700 1 --2- >> [v2:172.21.15.39:3300/0,v1:172.21.15.39:6789/0] conn(0x7f8bb8101300 0x7f8bb8101710 unknown :-1 s=NONE pgs=0 cs=0 l=0 rev1=0 crypto rx=0 tx=0 comp rx=0 tx=0).connect
2023-06-22T17:19:57.678 INFO:teuthology.orchestra.run.smithi039.stdout:/usr/bin/ceph: stderr
2023-06-22T17:19:55.580+0000 7f8bbfd42700 1 -- --> [v2:172.21.15.39:3300/0,v1:172.21.15.39:6789/0] -- mon_getmap magic: 0 v1 -- 0x7f8bb8101c50 con 0x7f8bb8101300
2023-06-22T17:19:57.678 INFO:teuthology.orchestra.run.smithi039.stdout:/usr/bin/ceph: stderr
2023-06-22T17:19:55.580+0000 7f8bbdade700 1 --2- >> [v2:172.21.15.39:3300/0,v1:172.21.15.39:6789/0] conn(0x7f8bb8101300 0x7f8bb8101710 unknown :-1 s=BANNER_CONNECTING pgs=0 cs=0 l=0 rev1=0 crypto rx=0 tx=0 comp rx=0 tx=0)._handle_peer_banner_payload supported=3 required=0
2023-06-22T17:19:57.679 INFO:teuthology.orchestra.run.smithi039.stdout:/usr/bin/ceph: stderr
2023-06-22T17:19:55.580+0000 7f8bbdade700 1 --2- >> [v2:172.21.15.39:3300/0,v1:172.21.15.39:6789/0] conn(0x7f8bb8101300 0x7f8bb8101710 unknown :-1 s=HELLO_CONNECTING pgs=0 cs=0 l=0 rev1=1 crypto rx=0 tx=0 comp rx=0 tx=0).handle_hello peer v2:172.21.15.39:3300/0 says I am v2:172.21.15.39:60550/0 (socket says 172.21.15.39:60550)
2023-06-22T17:19:57.679 INFO:teuthology.orchestra.run.smithi039.stdout:/usr/bin/ceph: stderr
2023-06-22T17:19:55.580+0000 7f8bbdade700 1 -- 172.21.15.39:0/2899329111 learned_addr learned my addr 172.21.15.39:0/2899329111 (peer_addr_for_me v2:172.21.15.39:0/0)
2023-06-22T17:19:57.679 INFO:teuthology.orchestra.run.smithi039.stdout:/usr/bin/ceph: stderr
2023-06-22T17:19:55.581+0000 7f8bbdade700 1 -- 172.21.15.39:0/2899329111 --> [v2:172.21.15.39:3300/0,v1:172.21.15.39:6789/0] -- mon_subscribe({config=0+,monmap=0+}) v3 -- 0x7f8bb8101d90 con 0x7f8bb8101300
2023-06-22T17:19:57.679 INFO:teuthology.orchestra.run.smithi039.stdout:/usr/bin/ceph: stderr
2023-06-22T17:19:55.581+0000 7f8bbdade700 1 --2- 172.21.15.39:0/2899329111 >> [v2:172.21.15.39:3300/0,v1:172.21.15.39:6789/0] conn(0x7f8bb8101300 0x7f8bb8101710 secure :-1 s=READY pgs=18 cs=0 l=1 rev1=1 crypto rx=0x7f8bb400bb80 tx=0x7f8bb400b4f0 comp rx=0 tx=0).ready entity=mon.0 client_cookie=733ede5ffbf92635 server_cookie=0 in_seq=0 out_seq=0
2023-06-22T17:19:57.679 INFO:teuthology.orchestra.run.smithi039.stdout:/usr/bin/ceph: stderr
2023-06-22T17:19:55.581+0000 7f8bbcadc700 1 -- 172.21.15.39:0/2899329111 <== mon.0 v2:172.21.15.39:3300/0 1 ==== mon_map magic: 0 v1 ==== 205+0+0 (secure 0 0 0) 0x7f8bb400dba0 con 0x7f8bb8101300
2023-06-22T17:19:57.679 INFO:teuthology.orchestra.run.smithi039.stdout:/usr/bin/ceph: stderr
2023-06-22T17:19:55.581+0000 7f8bbcadc700 1 -- 172.21.15.39:0/2899329111 <== mon.0 v2:172.21.15.39:3300/0 2 ==== config(27 keys) v1 ==== 1105+0+0 (secure 0 0 0) 0x7f8bb400dd00 con 0x7f8bb8101300
2023-06-22T17:19:57.679 INFO:teuthology.orchestra.run.smithi039.stdout:/usr/bin/ceph: stderr
2023-06-22T17:19:55.581+0000 7f8bbcadc700 1 -- 172.21.15.39:0/2899329111 <== mon.0 v2:172.21.15.39:3300/0 3 ==== mon_map magic: 0 v1 ==== 205+0+0 (secure 0 0 0) 0x7f8bb40187f0 con 0x7f8bb8101300
2023-06-22T17:19:57.680 INFO:teuthology.orchestra.run.smithi039.stdout:/usr/bin/ceph: stderr
2023-06-22T17:19:55.582+0000 7f8bbfd42700 1 -- 172.21.15.39:0/2899329111 >> [v2:172.21.15.39:3300/0,v1:172.21.15.39:6789/0] conn(0x7f8bb8101300 msgr2=0x7f8bb8101710 secure :-1 s=STATE_CONNECTION_ESTABLISHED l=1).mark_down
2023-06-22T17:19:57.680 INFO:teuthology.orchestra.run.smithi039.stdout:/usr/bin/ceph: stderr
2023-06-22T17:19:55.582+0000 7f8bbfd42700 1 --2- 172.21.15.39:0/2899329111 >> [v2:172.21.15.39:3300/0,v1:172.21.15.39:6789/0] conn(0x7f8bb8101300 0x7f8bb8101710 secure :-1 s=READY pgs=18 cs=0 l=1 rev1=1 crypto rx=0x7f8bb400bb80 tx=0x7f8bb400b4f0 comp rx=0 tx=0).stop
2023-06-22T17:19:57.680 INFO:teuthology.orchestra.run.smithi039.stdout:/usr/bin/ceph: stderr
2023-06-22T17:19:55.582+0000 7f8bbfd42700 1 -- 172.21.15.39:0/2899329111 shutdown_connections
2023-06-22T17:19:57.680 INFO:teuthology.orchestra.run.smithi039.stdout:/usr/bin/ceph: stderr
2023-06-22T17:19:55.582+0000 7f8bbfd42700 1 --2- 172.21.15.39:0/2899329111 >> [v2:172.21.15.39:3300/0,v1:172.21.15.39:6789/0] conn(0x7f8bb8101300 0x7f8bb8101710 unknown :-1 s=CLOSED pgs=18 cs=0 l=1 rev1=1 crypto rx=0 tx=0 comp rx=0 tx=0).stop
2023-06-22T17:19:57.680 INFO:teuthology.orchestra.run.smithi039.stdout:/usr/bin/ceph: stderr
2023-06-22T17:19:55.582+0000 7f8bbfd42700 1 -- 172.21.15.39:0/2899329111 >> 172.21.15.39:0/2899329111 conn(0x7f8bb80fca60 msgr2=0x7f8bb80fee90 unknown :-1 s=STATE_NONE l=0).mark_down
2023-06-22T17:19:57.680 INFO:teuthology.orchestra.run.smithi039.stdout:/usr/bin/ceph: stderr
2023-06-22T17:19:55.582+0000 7f8bbfd42700 1 -- 172.21.15.39:0/2899329111 shutdown_connections
2023-06-22T17:19:57.680 INFO:teuthology.orchestra.run.smithi039.stdout:/usr/bin/ceph: stderr
2023-06-22T17:19:55.582+0000 7f8bbfd42700 1 -- 172.21.15.39:0/2899329111 wait complete.
2023-06-22T17:19:57.681 INFO:teuthology.orchestra.run.smithi039.stdout:/usr/bin/ceph: stderr
2023-06-22T17:19:55.582+0000 7f8bbfd42700 1 Processor -- start
2023-06-22T17:19:57.681 INFO:teuthology.orchestra.run.smithi039.stdout:/usr/bin/ceph: stderr
2023-06-22T17:19:55.582+0000 7f8bbfd42700 1 -- start start
2023-06-22T17:19:57.681 INFO:teuthology.orchestra.run.smithi039.stdout:/usr/bin/ceph: stderr
2023-06-22T17:19:55.582+0000 7f8bbfd42700 1 --2- >> [v2:172.21.15.39:3300/0,v1:172.21.15.39:6789/0] conn(0x7f8bb8101300 0x7f8bb810ee30 unknown :-1 s=NONE pgs=0 cs=0 l=1 rev1=0 crypto rx=0 tx=0 comp rx=0 tx=0).connect
2023-06-22T17:19:57.681 INFO:teuthology.orchestra.run.smithi039.stdout:/usr/bin/ceph: stderr
2023-06-22T17:19:55.582+0000 7f8bbfd42700 1 -- --> [v2:172.21.15.39:3300/0,v1:172.21.15.39:6789/0] -- mon_getmap magic: 0 v1 -- 0x7f8bb810f370 con 0x7f8bb8101300
2023-06-22T17:19:57.681 INFO:teuthology.orchestra.run.smithi039.stdout:/usr/bin/ceph: stderr
2023-06-22T17:19:55.583+0000 7f8bbdade700 1 --2- >> [v2:172.21.15.39:3300/0,v1:172.21.15.39:6789/0] conn(0x7f8bb8101300 0x7f8bb810ee30 unknown :-1 s=BANNER_CONNECTING pgs=0 cs=0 l=1 rev1=0 crypto rx=0 tx=0 comp rx=0 tx=0)._handle_peer_banner_payload supported=3 required=0
2023-06-22T17:19:57.681 INFO:teuthology.orchestra.run.smithi039.stdout:/usr/bin/ceph: stderr
2023-06-22T17:19:55.583+0000 7f8bbdade700 1 --2- >> [v2:172.21.15.39:3300/0,v1:172.21.15.39:6789/0] conn(0x7f8bb8101300 0x7f8bb810ee30 unknown :-1 s=HELLO_CONNECTING pgs=0 cs=0 l=1 rev1=1 crypto rx=0 tx=0 comp rx=0 tx=0).handle_hello peer v2:172.21.15.39:3300/0 says I am v2:172.21.15.39:60566/0 (socket says 172.21.15.39:60566)
2023-06-22T17:19:57.681 INFO:teuthology.orchestra.run.smithi039.stdout:/usr/bin/ceph: stderr
2023-06-22T17:19:55.583+0000 7f8bbdade700 1 -- 172.21.15.39:0/3720546394 learned_addr learned my addr 172.21.15.39:0/3720546394 (peer_addr_for_me v2:172.21.15.39:0/0)
2023-06-22T17:19:57.682 INFO:teuthology.orchestra.run.smithi039.stdout:/usr/bin/ceph: stderr
2023-06-22T17:19:55.583+0000 7f8bbdade700 1 -- 172.21.15.39:0/3720546394 --> [v2:172.21.15.39:3300/0,v1:172.21.15.39:6789/0] -- mon_subscribe({config=0+,monmap=0+}) v3 -- 0x7f8bb400b790 con 0x7f8bb8101300
2023-06-22T17:19:57.682 INFO:teuthology.orchestra.run.smithi039.stdout:/usr/bin/ceph: stderr
2023-06-22T17:19:55.583+0000 7f8bbdade700 1 --2- 172.21.15.39:0/3720546394 >> [v2:172.21.15.39:3300/0,v1:172.21.15.39:6789/0] conn(0x7f8bb8101300 0x7f8bb810ee30 secure :-1 s=READY pgs=19 cs=0 l=1 rev1=1 crypto rx=0x7f8bb4006b00 tx=0x7f8bb400b4f0 comp rx=0 tx=0).ready entity=mon.0 client_cookie=0 server_cookie=0 in_seq=0 out_seq=0
2023-06-22T17:19:57.682 INFO:teuthology.orchestra.run.smithi039.stdout:/usr/bin/ceph: stderr
2023-06-22T17:19:55.583+0000 7f8bae7fc700 1 -- 172.21.15.39:0/3720546394 <== mon.0 v2:172.21.15.39:3300/0 1 ==== mon_map magic: 0 v1 ==== 205+0+0 (secure 0 0 0) 0x7f8bb400dba0 con 0x7f8bb8101300
2023-06-22T17:19:57.682 INFO:teuthology.orchestra.run.smithi039.stdout:/usr/bin/ceph: stderr
2023-06-22T17:19:55.583+0000 7f8bae7fc700 1 -- 172.21.15.39:0/3720546394 <== mon.0 v2:172.21.15.39:3300/0 2 ==== config(27 keys) v1 ==== 1105+0+0 (secure 0 0 0) 0x7f8bb401d050 con 0x7f8bb8101300
2023-06-22T17:19:57.682 INFO:teuthology.orchestra.run.smithi039.stdout:/usr/bin/ceph: stderr
2023-06-22T17:19:55.583+0000 7f8bae7fc700 1 -- 172.21.15.39:0/3720546394 <== mon.0 v2:172.21.15.39:3300/0 3 ==== mon_map magic: 0 v1 ==== 205+0+0 (secure 0 0 0) 0x7f8bb4022570 con 0x7f8bb8101300
2023-06-22T17:19:57.682 INFO:teuthology.orchestra.run.smithi039.stdout:/usr/bin/ceph: stderr
2023-06-22T17:19:55.583+0000 7f8bbfd42700 1 -- 172.21.15.39:0/3720546394 --> [v2:172.21.15.39:3300/0,v1:172.21.15.39:6789/0] -- mon_subscribe({mgrmap=0+}) v3 -- 0x7f8bb810f570 con 0x7f8bb8101300
2023-06-22T17:19:57.682 INFO:teuthology.orchestra.run.smithi039.stdout:/usr/bin/ceph: stderr
2023-06-22T17:19:55.583+0000 7f8bbfd42700 1 -- 172.21.15.39:0/3720546394 --> [v2:172.21.15.39:3300/0,v1:172.21.15.39:6789/0] -- mon_subscribe({osdmap=0}) v3 -- 0x7f8bb810f980 con 0x7f8bb8101300
2023-06-22T17:19:57.683 INFO:teuthology.orchestra.run.smithi039.stdout:/usr/bin/ceph: stderr
2023-06-22T17:19:55.584+0000 7f8bae7fc700 1 -- 172.21.15.39:0/3720546394 <== mon.0 v2:172.21.15.39:3300/0 4 ==== mgrmap(e 4) v1 ==== 43208+0+0 (secure 0 0 0) 0x7f8bb40227a0 con 0x7f8bb8101300
2023-06-22T17:19:57.683 INFO:teuthology.orchestra.run.smithi039.stdout:/usr/bin/ceph: stderr
2023-06-22T17:19:55.584+0000 7f8bae7fc700 1 --2- 172.21.15.39:0/3720546394 >> [v2:172.21.15.39:6800/3960151496,v1:172.21.15.39:6801/3960151496] conn(0x7f8ba4036560 0x7f8ba4038a10 unknown :-1 s=NONE pgs=0 cs=0 l=1 rev1=0 crypto rx=0 tx=0 comp rx=0 tx=0).connect
2023-06-22T17:19:57.683 INFO:teuthology.orchestra.run.smithi039.stdout:/usr/bin/ceph: stderr
2023-06-22T17:19:55.584+0000 7f8bae7fc700 1 -- 172.21.15.39:0/3720546394 <== mon.0 v2:172.21.15.39:3300/0 5 ==== osd_map(1..1 src has 1..1) v4 ==== 721+0+0 (secure 0 0 0) 0x7f8bb4014070 con 0x7f8bb8101300
2023-06-22T17:19:57.683 INFO:teuthology.orchestra.run.smithi039.stdout:/usr/bin/ceph: stderr
2023-06-22T17:19:55.584+0000 7f8bbfd42700 1 -- 172.21.15.39:0/3720546394 --> [v2:172.21.15.39:3300/0,v1:172.21.15.39:6789/0] -- mon_command({"prefix": "get_command_descriptions"} v 0) v1 -- 0x7f8bb81087e0 con 0x7f8bb8101300
2023-06-22T17:19:57.683 INFO:teuthology.orchestra.run.smithi039.stdout:/usr/bin/ceph: stderr
2023-06-22T17:19:55.584+0000 7f8bbd2dd700 1 --2- 172.21.15.39:0/3720546394 >> [v2:172.21.15.39:6800/3960151496,v1:172.21.15.39:6801/3960151496] conn(0x7f8ba4036560 0x7f8ba4038a10 unknown :-1 s=BANNER_CONNECTING pgs=0 cs=0 l=1 rev1=0 crypto rx=0 tx=0 comp rx=0 tx=0)._handle_peer_banner_payload supported=3 required=0
2023-06-22T17:19:57.683 INFO:teuthology.orchestra.run.smithi039.stdout:/usr/bin/ceph: stderr
2023-06-22T17:19:55.585+0000 7f8bbd2dd700 1 --2- 172.21.15.39:0/3720546394 >> [v2:172.21.15.39:6800/3960151496,v1:172.21.15.39:6801/3960151496] conn(0x7f8ba4036560 0x7f8ba4038a10 secure :-1 s=READY pgs=7 cs=0 l=1 rev1=1 crypto rx=0x7f8ba8009990 tx=0x7f8ba8006e40 comp rx=0 tx=0).ready entity=mgr.14100 client_cookie=0 server_cookie=0 in_seq=0 out_seq=0
2023-06-22T17:19:57.684 INFO:teuthology.orchestra.run.smithi039.stdout:/usr/bin/ceph: stderr
2023-06-22T17:19:55.589+0000 7f8bae7fc700 1 -- 172.21.15.39:0/3720546394 <== mon.0 v2:172.21.15.39:3300/0 6 ==== mon_command_ack([{"prefix": "get_command_descriptions"}]=0 v0) v1 ==== 72+0+174561 (secure 0 0 0) 0x7f8bb4022a50 con 0x7f8bb8101300
2023-06-22T17:19:57.684 INFO:teuthology.orchestra.run.smithi039.stdout:/usr/bin/ceph: stderr
2023-06-22T17:19:55.785+0000 7f8bbfd42700 1 -- 172.21.15.39:0/3720546394 --> [v2:172.21.15.39:3300/0,v1:172.21.15.39:6789/0] -- mon_command({"prefix": "config assimilate-conf"} v 0) v1 -- 0x7f8bb805f060 con 0x7f8bb8101300
2023-06-22T17:19:57.684 INFO:teuthology.orchestra.run.smithi039.stdout:/usr/bin/ceph: stderr
2023-06-22T17:19:55.786+0000 7f8bae7fc700 1 -- 172.21.15.39:0/3720546394 <== mon.0 v2:172.21.15.39:3300/0 7 ==== mon_command_ack([{"prefix": "config assimilate-conf"}]=0 v3) v1 ==== 70+0+373 (secure 0 0 0) 0x7f8bb4021b20 con 0x7f8bb8101300
2023-06-22T17:19:57.684 INFO:teuthology.orchestra.run.smithi039.stdout:/usr/bin/ceph: stderr
2023-06-22T17:19:55.788+0000 7f8bbfd42700 1 -- 172.21.15.39:0/3720546394 >> [v2:172.21.15.39:6800/3960151496,v1:172.21.15.39:6801/3960151496] conn(0x7f8ba4036560 msgr2=0x7f8ba4038a10 secure :-1 s=STATE_CONNECTION_ESTABLISHED l=1).mark_down
2023-06-22T17:19:57.684 INFO:teuthology.orchestra.run.smithi039.stdout:/usr/bin/ceph: stderr
2023-06-22T17:19:55.788+0000 7f8bbfd42700 1 --2- 172.21.15.39:0/3720546394 >> [v2:172.21.15.39:6800/3960151496,v1:172.21.15.39:6801/3960151496] conn(0x7f8ba4036560 0x7f8ba4038a10 secure :-1 s=READY pgs=7 cs=0 l=1 rev1=1 crypto rx=0x7f8ba8009990 tx=0x7f8ba8006e40 comp rx=0 tx=0).stop
2023-06-22T17:19:57.684 INFO:teuthology.orchestra.run.smithi039.stdout:/usr/bin/ceph: stderr
2023-06-22T17:19:55.788+0000 7f8bbfd42700 1 -- 172.21.15.39:0/3720546394 >> [v2:172.21.15.39:3300/0,v1:172.21.15.39:6789/0] conn(0x7f8bb8101300 msgr2=0x7f8bb810ee30 secure :-1 s=STATE_CONNECTION_ESTABLISHED l=1).mark_down
2023-06-22T17:19:57.684 INFO:teuthology.orchestra.run.smithi039.stdout:/usr/bin/ceph: stderr
2023-06-22T17:19:55.788+0000 7f8bbfd42700 1 --2- 172.21.15.39:0/3720546394 >> [v2:172.21.15.39:3300/0,v1:172.21.15.39:6789/0] conn(0x7f8bb8101300 0x7f8bb810ee30 secure :-1 s=READY pgs=19 cs=0 l=1 rev1=1 crypto rx=0x7f8bb4006b00 tx=0x7f8bb400b4f0 comp rx=0 tx=0).stop
2023-06-22T17:19:57.685 INFO:teuthology.orchestra.run.smithi039.stdout:/usr/bin/ceph: stderr
2023-06-22T17:19:55.788+0000 7f8bbfd42700 1 -- 172.21.15.39:0/3720546394 shutdown_connections
2023-06-22T17:19:57.685 INFO:teuthology.orchestra.run.smithi039.stdout:/usr/bin/ceph: stderr
2023-06-22T17:19:55.788+0000 7f8bbfd42700 1 --2- 172.21.15.39:0/3720546394 >> [v2:172.21.15.39:6800/3960151496,v1:172.21.15.39:6801/3960151496] conn(0x7f8ba4036560 0x7f8ba4038a10 unknown :-1 s=CLOSED pgs=7 cs=0 l=1 rev1=1 crypto rx=0 tx=0 comp rx=0 tx=0).stop
2023-06-22T17:19:57.685 INFO:teuthology.orchestra.run.smithi039.stdout:/usr/bin/ceph: stderr
2023-06-22T17:19:55.788+0000 7f8bbfd42700 1 --2- 172.21.15.39:0/3720546394 >> [v2:172.21.15.39:3300/0,v1:172.21.15.39:6789/0] conn(0x7f8bb8101300 0x7f8bb810ee30 unknown :-1 s=CLOSED pgs=19 cs=0 l=1 rev1=1 crypto rx=0 tx=0 comp rx=0 tx=0).stop
2023-06-22T17:19:57.685 INFO:teuthology.orchestra.run.smithi039.stdout:/usr/bin/ceph: stderr
2023-06-22T17:19:55.788+0000 7f8bbfd42700 1 -- 172.21.15.39:0/3720546394 >> 172.21.15.39:0/3720546394 conn(0x7f8bb80fca60 msgr2=0x7f8bb80fede0 unknown :-1 s=STATE_NONE l=0).mark_down
2023-06-22T17:19:57.685 INFO:teuthology.orchestra.run.smithi039.stdout:/usr/bin/ceph: stderr
2023-06-22T17:19:55.788+0000 7f8bbfd42700 1 -- 172.21.15.39:0/3720546394 shutdown_connections
2023-06-22T17:19:57.685 INFO:teuthology.orchestra.run.smithi039.stdout:/usr/bin/ceph: stderr
2023-06-22T17:19:55.788+0000 7f8bbfd42700 1 -- 172.21.15.39:0/3720546394 wait complete.
2023-06-22T17:19:57.685 INFO:teuthology.orchestra.run.smithi039.stdout:Enabling cephadm module...
2023-06-22T17:19:58.682 INFO:journalctl@ceph.mon.a.smithi039.stdout:Jun 22 17:19:58 smithi039 ceph-mon[84805]: from='client.? 172.21.15.39:0/2003493048' entity='client.admin' cmd=[{"prefix": "mgr module enable", "module": "cephadm"}]: dispatch
2023-06-22T17:19:58.682 INFO:journalctl@ceph.mgr.x.smithi039.stdout:Jun 22 17:19:58 smithi039 conmon[85217]: ignoring --setuser ceph since I am not root
2023-06-22T17:19:58.683 INFO:journalctl@ceph.mgr.x.smithi039.stdout:Jun 22 17:19:58 smithi039 conmon[85217]: ignoring --setgroup ceph since I am not root
2023-06-22T17:19:58.820 INFO:teuthology.orchestra.run.smithi039.stdout:/usr/bin/ceph: stderr
2023-06-22T17:19:58.111+0000 7f8ea15ae700 1 Processor -- start
2023-06-22T17:19:58.821 INFO:teuthology.orchestra.run.smithi039.stdout:/usr/bin/ceph: stderr
2023-06-22T17:19:58.111+0000 7f8ea15ae700 1 -- start start
2023-06-22T17:19:58.821 INFO:teuthology.orchestra.run.smithi039.stdout:/usr/bin/ceph: stderr
2023-06-22T17:19:58.111+0000 7f8ea15ae700 1 --2- >> [v2:172.21.15.39:3300/0,v1:172.21.15.39:6789/0] conn(0x7f8e9c101320 0x7f8e9c101730 unknown :-1 s=NONE pgs=0 cs=0 l=0 rev1=0 crypto rx=0 tx=0 comp rx=0 tx=0).connect
2023-06-22T17:19:58.821 INFO:teuthology.orchestra.run.smithi039.stdout:/usr/bin/ceph: stderr
2023-06-22T17:19:58.111+0000 7f8ea15ae700 1 -- --> [v2:172.21.15.39:3300/0,v1:172.21.15.39:6789/0] -- mon_getmap magic: 0 v1 -- 0x7f8e9c101c70 con 0x7f8e9c101320
2023-06-22T17:19:58.821 INFO:teuthology.orchestra.run.smithi039.stdout:/usr/bin/ceph: stderr
2023-06-22T17:19:58.111+0000 7f8e9affd700 1 --2- >> [v2:172.21.15.39:3300/0,v1:172.21.15.39:6789/0] conn(0x7f8e9c101320 0x7f8e9c101730 unknown :-1 s=BANNER_CONNECTING pgs=0 cs=0 l=0 rev1=0 crypto rx=0 tx=0 comp rx=0 tx=0)._handle_peer_banner_payload supported=3 required=0
2023-06-22T17:19:58.821 INFO:teuthology.orchestra.run.smithi039.stdout:/usr/bin/ceph: stderr
2023-06-22T17:19:58.111+0000 7f8e9affd700 1 --2- >> [v2:172.21.15.39:3300/0,v1:172.21.15.39:6789/0] conn(0x7f8e9c101320 0x7f8e9c101730 unknown :-1 s=HELLO_CONNECTING pgs=0 cs=0 l=0 rev1=1 crypto rx=0 tx=0 comp rx=0 tx=0).handle_hello peer v2:172.21.15.39:3300/0 says I am v2:172.21.15.39:39778/0 (socket says 172.21.15.39:39778)
2023-06-22T17:19:58.822 INFO:teuthology.orchestra.run.smithi039.stdout:/usr/bin/ceph: stderr
2023-06-22T17:19:58.111+0000 7f8e9affd700 1 -- 172.21.15.39:0/3124535505 learned_addr learned my addr 172.21.15.39:0/3124535505 (peer_addr_for_me v2:172.21.15.39:0/0)
2023-06-22T17:19:58.822 INFO:teuthology.orchestra.run.smithi039.stdout:/usr/bin/ceph: stderr
2023-06-22T17:19:58.112+0000 7f8e9affd700 1 -- 172.21.15.39:0/3124535505 --> [v2:172.21.15.39:3300/0,v1:172.21.15.39:6789/0] -- mon_subscribe({config=0+,monmap=0+}) v3 -- 0x7f8e9c101db0 con 0x7f8e9c101320
2023-06-22T17:19:58.822 INFO:teuthology.orchestra.run.smithi039.stdout:/usr/bin/ceph: stderr
2023-06-22T17:19:58.112+0000 7f8e9affd700 1 --2- 172.21.15.39:0/3124535505 >> [v2:172.21.15.39:3300/0,v1:172.21.15.39:6789/0] conn(0x7f8e9c101320 0x7f8e9c101730 secure :-1 s=READY pgs=20 cs=0 l=1 rev1=1 crypto rx=0x7f8e8c00bb80 tx=0x7f8e8c00b4f0 comp rx=0 tx=0).ready entity=mon.0 client_cookie=e5030055bc0d9642 server_cookie=0 in_seq=0 out_seq=0
2023-06-22T17:19:58.822 INFO:teuthology.orchestra.run.smithi039.stdout:/usr/bin/ceph: stderr
2023-06-22T17:19:58.112+0000 7f8e99ffb700 1 -- 172.21.15.39:0/3124535505 <== mon.0 v2:172.21.15.39:3300/0 1 ==== mon_map magic: 0 v1 ==== 205+0+0 (secure 0 0 0) 0x7f8e8c00dba0 con 0x7f8e9c101320
2023-06-22T17:19:58.822 INFO:teuthology.orchestra.run.smithi039.stdout:/usr/bin/ceph: stderr
2023-06-22T17:19:58.112+0000 7f8e99ffb700 1 -- 172.21.15.39:0/3124535505 <== mon.0 v2:172.21.15.39:3300/0 2 ==== config(27 keys) v1 ==== 1105+0+0 (secure 0 0 0) 0x7f8e8c00dd00 con 0x7f8e9c101320
2023-06-22T17:19:58.822 INFO:teuthology.orchestra.run.smithi039.stdout:/usr/bin/ceph: stderr
