2023-06-22T17:20:31.842 INFO:teuthology.orchestra.run.smithi039.stdout:/usr/bin/ceph: stderr
2023-06-22T17:20:30.834+0000 7ff2059a6700 1 -- --> [v2:172.21.15.39:3300/0,v1:172.21.15.39:6789/0] -- mon_getmap magic: 0 v1 -- 0x7ff2001115e0 con 0x7ff200103ae0
2023-06-22T17:20:31.842 INFO:teuthology.orchestra.run.smithi039.stdout:/usr/bin/ceph: stderr
2023-06-22T17:20:30.834+0000 7ff1feffd700 1 --2- >> [v2:172.21.15.39:3300/0,v1:172.21.15.39:6789/0] conn(0x7ff200103ae0 0x7ff2001110a0 unknown :-1 s=BANNER_CONNECTING pgs=0 cs=0 l=1 rev1=0 crypto rx=0 tx=0 comp rx=0 tx=0)._handle_peer_banner_payload supported=3 required=0
2023-06-22T17:20:31.843 INFO:teuthology.orchestra.run.smithi039.stdout:/usr/bin/ceph: stderr
2023-06-22T17:20:30.834+0000 7ff1feffd700 1 --2- >> [v2:172.21.15.39:3300/0,v1:172.21.15.39:6789/0] conn(0x7ff200103ae0 0x7ff2001110a0 unknown :-1 s=HELLO_CONNECTING pgs=0 cs=0 l=1 rev1=1 crypto rx=0 tx=0 comp rx=0 tx=0).handle_hello peer v2:172.21.15.39:3300/0 says I am v2:172.21.15.39:36516/0 (socket says 172.21.15.39:36516)
2023-06-22T17:20:31.843 INFO:teuthology.orchestra.run.smithi039.stdout:/usr/bin/ceph: stderr
2023-06-22T17:20:30.834+0000 7ff1feffd700 1 -- 172.21.15.39:0/3334863273 learned_addr learned my addr 172.21.15.39:0/3334863273 (peer_addr_for_me v2:172.21.15.39:0/0)
2023-06-22T17:20:31.843 INFO:teuthology.orchestra.run.smithi039.stdout:/usr/bin/ceph: stderr
2023-06-22T17:20:30.835+0000 7ff1feffd700 1 -- 172.21.15.39:0/3334863273 --> [v2:172.21.15.39:3300/0,v1:172.21.15.39:6789/0] -- mon_subscribe({config=0+,monmap=0+}) v3 -- 0x7ff1f00094f0 con 0x7ff200103ae0
2023-06-22T17:20:31.843 INFO:teuthology.orchestra.run.smithi039.stdout:/usr/bin/ceph: stderr
2023-06-22T17:20:30.835+0000 7ff1feffd700 1 --2- 172.21.15.39:0/3334863273 >> [v2:172.21.15.39:3300/0,v1:172.21.15.39:6789/0] conn(0x7ff200103ae0 0x7ff2001110a0 secure :-1 s=READY pgs=71 cs=0 l=1 rev1=1 crypto rx=0x7ff1f0006b00 tx=0x7ff1f0009250 comp rx=0 tx=0).ready entity=mon.0 client_cookie=0 server_cookie=0 in_seq=0 out_seq=0
2023-06-22T17:20:31.843 INFO:teuthology.orchestra.run.smithi039.stdout:/usr/bin/ceph: stderr
2023-06-22T17:20:30.835+0000 7ff1e77fe700 1 -- 172.21.15.39:0/3334863273 <== mon.0 v2:172.21.15.39:3300/0 1 ==== mon_map magic: 0 v1 ==== 205+0+0 (secure 0 0 0) 0x7ff1f001a710 con 0x7ff200103ae0
2023-06-22T17:20:31.843 INFO:teuthology.orchestra.run.smithi039.stdout:/usr/bin/ceph: stderr
2023-06-22T17:20:30.835+0000 7ff1e77fe700 1 -- 172.21.15.39:0/3334863273 <== mon.0 v2:172.21.15.39:3300/0 2 ==== config(27 keys) v1 ==== 1136+0+0 (secure 0 0 0) 0x7ff1f001ad50 con 0x7ff200103ae0
2023-06-22T17:20:31.843 INFO:teuthology.orchestra.run.smithi039.stdout:/usr/bin/ceph: stderr
2023-06-22T17:20:30.835+0000 7ff2059a6700 1 -- 172.21.15.39:0/3334863273 --> [v2:172.21.15.39:3300/0,v1:172.21.15.39:6789/0] -- mon_subscribe({mgrmap=0+}) v3 -- 0x7ff2001117e0 con 0x7ff200103ae0
2023-06-22T17:20:31.844 INFO:teuthology.orchestra.run.smithi039.stdout:/usr/bin/ceph: stderr
2023-06-22T17:20:30.835+0000 7ff1e77fe700 1 -- 172.21.15.39:0/3334863273 <== mon.0 v2:172.21.15.39:3300/0 3 ==== mon_map magic: 0 v1 ==== 205+0+0 (secure 0 0 0) 0x7ff1f0024c50 con 0x7ff200103ae0
2023-06-22T17:20:31.844 INFO:teuthology.orchestra.run.smithi039.stdout:/usr/bin/ceph: stderr
2023-06-22T17:20:30.835+0000 7ff2059a6700 1 -- 172.21.15.39:0/3334863273 --> [v2:172.21.15.39:3300/0,v1:172.21.15.39:6789/0] -- mon_subscribe({osdmap=0}) v3 -- 0x7ff200111bf0 con 0x7ff200103ae0
2023-06-22T17:20:31.844 INFO:teuthology.orchestra.run.smithi039.stdout:/usr/bin/ceph: stderr
2023-06-22T17:20:30.836+0000 7ff1e77fe700 1 -- 172.21.15.39:0/3334863273 <== mon.0 v2:172.21.15.39:3300/0 4 ==== mgrmap(e 12) v1 ==== 43232+0+0 (secure 0 0 0) 0x7ff1f00183d0 con 0x7ff200103ae0
2023-06-22T17:20:31.844 INFO:teuthology.orchestra.run.smithi039.stdout:/usr/bin/ceph: stderr
2023-06-22T17:20:30.836+0000 7ff1e77fe700 1 --2- 172.21.15.39:0/3334863273 >> [v2:172.21.15.39:6800/886078282,v1:172.21.15.39:6801/886078282] conn(0x7ff1e8036610 0x7ff1e8038ac0 unknown :-1 s=NONE pgs=0 cs=0 l=1 rev1=0 crypto rx=0 tx=0 comp rx=0 tx=0).connect
2023-06-22T17:20:31.844 INFO:teuthology.orchestra.run.smithi039.stdout:/usr/bin/ceph: stderr
2023-06-22T17:20:30.836+0000 7ff1e77fe700 1 -- 172.21.15.39:0/3334863273 <== mon.0 v2:172.21.15.39:3300/0 5 ==== osd_map(3..3 src has 1..3) v4 ==== 1151+0+0 (secure 0 0 0) 0x7ff1f004a520 con 0x7ff200103ae0
2023-06-22T17:20:31.844 INFO:teuthology.orchestra.run.smithi039.stdout:/usr/bin/ceph: stderr
2023-06-22T17:20:30.836+0000 7ff2059a6700 1 -- 172.21.15.39:0/3334863273 --> [v2:172.21.15.39:3300/0,v1:172.21.15.39:6789/0] -- mon_command({"prefix": "get_command_descriptions"} v 0) v1 -- 0x7ff20005f060 con 0x7ff200103ae0
2023-06-22T17:20:31.844 INFO:teuthology.orchestra.run.smithi039.stdout:/usr/bin/ceph: stderr
2023-06-22T17:20:30.836+0000 7ff1fe7fc700 1 --2- 172.21.15.39:0/3334863273 >> [v2:172.21.15.39:6800/886078282,v1:172.21.15.39:6801/886078282] conn(0x7ff1e8036610 0x7ff1e8038ac0 unknown :-1 s=BANNER_CONNECTING pgs=0 cs=0 l=1 rev1=0 crypto rx=0 tx=0 comp rx=0 tx=0)._handle_peer_banner_payload supported=3 required=0
2023-06-22T17:20:31.844 INFO:teuthology.orchestra.run.smithi039.stdout:/usr/bin/ceph: stderr
2023-06-22T17:20:30.837+0000 7ff1fe7fc700 1 --2- 172.21.15.39:0/3334863273 >> [v2:172.21.15.39:6800/886078282,v1:172.21.15.39:6801/886078282] conn(0x7ff1e8036610 0x7ff1e8038ac0 secure :-1 s=READY pgs=8 cs=0 l=1 rev1=1 crypto rx=0x7ff1f4009990 tx=0x7ff1f4006e40 comp rx=0 tx=0).ready entity=mgr.14150 client_cookie=0 server_cookie=0 in_seq=0 out_seq=0
2023-06-22T17:20:31.845 INFO:teuthology.orchestra.run.smithi039.stdout:/usr/bin/ceph: stderr
2023-06-22T17:20:30.841+0000 7ff1e77fe700 1 -- 172.21.15.39:0/3334863273 <== mon.0 v2:172.21.15.39:3300/0 6 ==== mon_command_ack([{"prefix": "get_command_descriptions"}]=0 v0) v1 ==== 72+0+174561 (secure 0 0 0) 0x7ff1f002c8f0 con 0x7ff200103ae0
2023-06-22T17:20:31.845 INFO:teuthology.orchestra.run.smithi039.stdout:/usr/bin/ceph: stderr
2023-06-22T17:20:31.071+0000 7ff2059a6700 1 -- 172.21.15.39:0/3334863273 --> [v2:172.21.15.39:6800/886078282,v1:172.21.15.39:6801/886078282] -- mgr_command(tid 0: {"prefix": "dashboard ac-user-create", "username": "admin", "rolename": "administrator", "force_password": true, "pwd_update_required": true, "target": ["mon-mgr", ""]}) v1 -- 0x7ff20005ee80 con 0x7ff1e8036610
2023-06-22T17:20:31.845 INFO:teuthology.orchestra.run.smithi039.stdout:/usr/bin/ceph: stderr
2023-06-22T17:20:31.320+0000 7ff1e77fe700 1 -- 172.21.15.39:0/3334863273 <== mgr.14150 v2:172.21.15.39:6800/886078282 1 ==== mgr_command_reply(tid 0: 0 ) v1 ==== 8+0+252 (secure 0 0 0) 0x7ff20005ee80 con 0x7ff1e8036610
2023-06-22T17:20:31.845 INFO:teuthology.orchestra.run.smithi039.stdout:/usr/bin/ceph: stderr
2023-06-22T17:20:31.322+0000 7ff2059a6700 1 -- 172.21.15.39:0/3334863273 >> [v2:172.21.15.39:6800/886078282,v1:172.21.15.39:6801/886078282] conn(0x7ff1e8036610 msgr2=0x7ff1e8038ac0 secure :-1 s=STATE_CONNECTION_ESTABLISHED l=1).mark_down
2023-06-22T17:20:31.845 INFO:teuthology.orchestra.run.smithi039.stdout:/usr/bin/ceph: stderr
2023-06-22T17:20:31.322+0000 7ff2059a6700 1 --2- 172.21.15.39:0/3334863273 >> [v2:172.21.15.39:6800/886078282,v1:172.21.15.39:6801/886078282] conn(0x7ff1e8036610 0x7ff1e8038ac0 secure :-1 s=READY pgs=8 cs=0 l=1 rev1=1 crypto rx=0x7ff1f4009990 tx=0x7ff1f4006e40 comp rx=0 tx=0).stop
2023-06-22T17:20:31.845 INFO:teuthology.orchestra.run.smithi039.stdout:/usr/bin/ceph: stderr
2023-06-22T17:20:31.322+0000 7ff2059a6700 1 -- 172.21.15.39:0/3334863273 >> [v2:172.21.15.39:3300/0,v1:172.21.15.39:6789/0] conn(0x7ff200103ae0 msgr2=0x7ff2001110a0 secure :-1 s=STATE_CONNECTION_ESTABLISHED l=1).mark_down
2023-06-22T17:20:31.846 INFO:teuthology.orchestra.run.smithi039.stdout:/usr/bin/ceph: stderr
2023-06-22T17:20:31.322+0000 7ff2059a6700 1 --2- 172.21.15.39:0/3334863273 >> [v2:172.21.15.39:3300/0,v1:172.21.15.39:6789/0] conn(0x7ff200103ae0 0x7ff2001110a0 secure :-1 s=READY pgs=71 cs=0 l=1 rev1=1 crypto rx=0x7ff1f0006b00 tx=0x7ff1f0009250 comp rx=0 tx=0).stop
2023-06-22T17:20:31.846 INFO:teuthology.orchestra.run.smithi039.stdout:/usr/bin/ceph: stderr
2023-06-22T17:20:31.322+0000 7ff2059a6700 1 -- 172.21.15.39:0/3334863273 shutdown_connections
2023-06-22T17:20:31.846 INFO:teuthology.orchestra.run.smithi039.stdout:/usr/bin/ceph: stderr
2023-06-22T17:20:31.322+0000 7ff2059a6700 1 --2- 172.21.15.39:0/3334863273 >> [v2:172.21.15.39:6800/886078282,v1:172.21.15.39:6801/886078282] conn(0x7ff1e8036610 0x7ff1e8038ac0 unknown :-1 s=CLOSED pgs=8 cs=0 l=1 rev1=1 crypto rx=0 tx=0 comp rx=0 tx=0).stop
2023-06-22T17:20:31.846 INFO:teuthology.orchestra.run.smithi039.stdout:/usr/bin/ceph: stderr
2023-06-22T17:20:31.322+0000 7ff2059a6700 1 --2- 172.21.15.39:0/3334863273 >> [v2:172.21.15.39:3300/0,v1:172.21.15.39:6789/0] conn(0x7ff200103ae0 0x7ff2001110a0 unknown :-1 s=CLOSED pgs=71 cs=0 l=1 rev1=1 crypto rx=0 tx=0 comp rx=0 tx=0).stop
2023-06-22T17:20:31.846 INFO:teuthology.orchestra.run.smithi039.stdout:/usr/bin/ceph: stderr
2023-06-22T17:20:31.322+0000 7ff2059a6700 1 -- 172.21.15.39:0/3334863273 >> 172.21.15.39:0/3334863273 conn(0x7ff2000fc1e0 msgr2=0x7ff2000fcf70 unknown :-1 s=STATE_NONE l=0).mark_down
2023-06-22T17:20:31.846 INFO:teuthology.orchestra.run.smithi039.stdout:/usr/bin/ceph: stderr
2023-06-22T17:20:31.322+0000 7ff2059a6700 1 -- 172.21.15.39:0/3334863273 shutdown_connections
2023-06-22T17:20:31.846 INFO:teuthology.orchestra.run.smithi039.stdout:/usr/bin/ceph: stderr
2023-06-22T17:20:31.322+0000 7ff2059a6700 1 -- 172.21.15.39:0/3334863273 wait complete.
2023-06-22T17:20:31.847 INFO:teuthology.orchestra.run.smithi039.stdout:Fetching dashboard port number...
2023-06-22T17:20:32.682 INFO:journalctl@ceph.mon.a.smithi039.stdout:Jun 22 17:20:32 smithi039 ceph-mon[84805]: from='client.14164 -' entity='client.admin' cmd=[{"prefix": "dashboard ac-user-create", "username": "admin", "rolename": "administrator", "force_password": true, "pwd_update_required": true, "target": ["mon-mgr", ""]}]: dispatch
2023-06-22T17:20:32.682 INFO:journalctl@ceph.mon.a.smithi039.stdout:Jun 22 17:20:32 smithi039 ceph-mon[84805]: from='mgr.14150 172.21.15.39:0/4173196384' entity='mgr.x'
2023-06-22T17:20:33.178 INFO:teuthology.orchestra.run.smithi039.stdout:/usr/bin/ceph: stdout 8443
2023-06-22T17:20:33.179 INFO:teuthology.orchestra.run.smithi039.stdout:/usr/bin/ceph: stderr
2023-06-22T17:20:32.587+0000 7f0f0ac5e700 1 Processor -- start
2023-06-22T17:20:33.179 INFO:teuthology.orchestra.run.smithi039.stdout:/usr/bin/ceph: stderr
2023-06-22T17:20:32.587+0000 7f0f0ac5e700 1 -- start start
2023-06-22T17:20:33.179 INFO:teuthology.orchestra.run.smithi039.stdout:/usr/bin/ceph: stderr
2023-06-22T17:20:32.588+0000 7f0f0ac5e700 1 --2- >> [v2:172.21.15.39:3300/0,v1:172.21.15.39:6789/0] conn(0x7f0f04102400 0x7f0f04102810 unknown :-1 s=NONE pgs=0 cs=0 l=0 rev1=0 crypto rx=0 tx=0 comp rx=0 tx=0).connect
2023-06-22T17:20:33.179 INFO:teuthology.orchestra.run.smithi039.stdout:/usr/bin/ceph: stderr
2023-06-22T17:20:32.588+0000 7f0f0ac5e700 1 -- --> [v2:172.21.15.39:3300/0,v1:172.21.15.39:6789/0] -- mon_getmap magic: 0 v1 -- 0x7f0f04102d50 con 0x7f0f04102400
2023-06-22T17:20:33.179 INFO:teuthology.orchestra.run.smithi039.stdout:/usr/bin/ceph: stderr
2023-06-22T17:20:32.588+0000 7f0f089fa700 1 --2- >> [v2:172.21.15.39:3300/0,v1:172.21.15.39:6789/0] conn(0x7f0f04102400 0x7f0f04102810 unknown :-1 s=BANNER_CONNECTING pgs=0 cs=0 l=0 rev1=0 crypto rx=0 tx=0 comp rx=0 tx=0)._handle_peer_banner_payload supported=3 required=0
2023-06-22T17:20:33.179 INFO:teuthology.orchestra.run.smithi039.stdout:/usr/bin/ceph: stderr
2023-06-22T17:20:32.588+0000 7f0f089fa700 1 --2- >> [v2:172.21.15.39:3300/0,v1:172.21.15.39:6789/0] conn(0x7f0f04102400 0x7f0f04102810 unknown :-1 s=HELLO_CONNECTING pgs=0 cs=0 l=0 rev1=1 crypto rx=0 tx=0 comp rx=0 tx=0).handle_hello peer v2:172.21.15.39:3300/0 says I am v2:172.21.15.39:36524/0 (socket says 172.21.15.39:36524)
2023-06-22T17:20:33.180 INFO:teuthology.orchestra.run.smithi039.stdout:/usr/bin/ceph: stderr
2023-06-22T17:20:32.588+0000 7f0f089fa700 1 -- 172.21.15.39:0/1168185130 learned_addr learned my addr 172.21.15.39:0/1168185130 (peer_addr_for_me v2:172.21.15.39:0/0)
2023-06-22T17:20:33.180 INFO:teuthology.orchestra.run.smithi039.stdout:/usr/bin/ceph: stderr
2023-06-22T17:20:32.588+0000 7f0f089fa700 1 -- 172.21.15.39:0/1168185130 --> [v2:172.21.15.39:3300/0,v1:172.21.15.39:6789/0] -- mon_subscribe({config=0+,monmap=0+}) v3 -- 0x7f0f04102e90 con 0x7f0f04102400
2023-06-22T17:20:33.180 INFO:teuthology.orchestra.run.smithi039.stdout:/usr/bin/ceph: stderr
2023-06-22T17:20:32.588+0000 7f0f089fa700 1 --2- 172.21.15.39:0/1168185130 >> [v2:172.21.15.39:3300/0,v1:172.21.15.39:6789/0] conn(0x7f0f04102400 0x7f0f04102810 secure :-1 s=READY pgs=72 cs=0 l=1 rev1=1 crypto rx=0x7f0efc009e50 tx=0x7f0efc009840 comp rx=0 tx=0).ready entity=mon.0 client_cookie=99a8d6aed0ac04bf server_cookie=0 in_seq=0 out_seq=0
2023-06-22T17:20:33.180 INFO:teuthology.orchestra.run.smithi039.stdout:/usr/bin/ceph: stderr
2023-06-22T17:20:32.588+0000 7f0f037fe700 1 -- 172.21.15.39:0/1168185130 <== mon.0 v2:172.21.15.39:3300/0 1 ==== mon_map magic: 0 v1 ==== 205+0+0 (secure 0 0 0) 0x7f0efc00e070 con 0x7f0f04102400
2023-06-22T17:20:33.180 INFO:teuthology.orchestra.run.smithi039.stdout:/usr/bin/ceph: stderr
2023-06-22T17:20:32.588+0000 7f0f037fe700 1 -- 172.21.15.39:0/1168185130 <== mon.0 v2:172.21.15.39:3300/0 2 ==== config(27 keys) v1 ==== 1136+0+0 (secure 0 0 0) 0x7f0efc012430 con 0x7f0f04102400
2023-06-22T17:20:33.180 INFO:teuthology.orchestra.run.smithi039.stdout:/usr/bin/ceph: stderr
2023-06-22T17:20:32.588+0000 7f0f037fe700 1 -- 172.21.15.39:0/1168185130 <== mon.0 v2:172.21.15.39:3300/0 3 ==== mon_map magic: 0 v1 ==== 205+0+0 (secure 0 0 0) 0x7f0efc007400 con 0x7f0f04102400
2023-06-22T17:20:33.180 INFO:teuthology.orchestra.run.smithi039.stdout:/usr/bin/ceph: stderr
2023-06-22T17:20:32.589+0000 7f0f0ac5e700 1 -- 172.21.15.39:0/1168185130 >> [v2:172.21.15.39:3300/0,v1:172.21.15.39:6789/0] conn(0x7f0f04102400 msgr2=0x7f0f04102810 secure :-1 s=STATE_CONNECTION_ESTABLISHED l=1).mark_down
2023-06-22T17:20:33.180 INFO:teuthology.orchestra.run.smithi039.stdout:/usr/bin/ceph: stderr
2023-06-22T17:20:32.589+0000 7f0f0ac5e700 1 --2- 172.21.15.39:0/1168185130 >> [v2:172.21.15.39:3300/0,v1:172.21.15.39:6789/0] conn(0x7f0f04102400 0x7f0f04102810 secure :-1 s=READY pgs=72 cs=0 l=1 rev1=1 crypto rx=0x7f0efc009e50 tx=0x7f0efc009840 comp rx=0 tx=0).stop
2023-06-22T17:20:33.181 INFO:teuthology.orchestra.run.smithi039.stdout:/usr/bin/ceph: stderr
2023-06-22T17:20:32.589+0000 7f0f0ac5e700 1 -- 172.21.15.39:0/1168185130 shutdown_connections
2023-06-22T17:20:33.181 INFO:teuthology.orchestra.run.smithi039.stdout:/usr/bin/ceph: stderr
2023-06-22T17:20:32.589+0000 7f0f0ac5e700 1 --2- 172.21.15.39:0/1168185130 >> [v2:172.21.15.39:3300/0,v1:172.21.15.39:6789/0] conn(0x7f0f04102400 0x7f0f04102810 unknown :-1 s=CLOSED pgs=72 cs=0 l=1 rev1=1 crypto rx=0 tx=0 comp rx=0 tx=0).stop
2023-06-22T17:20:33.181 INFO:teuthology.orchestra.run.smithi039.stdout:/usr/bin/ceph: stderr
2023-06-22T17:20:32.589+0000 7f0f0ac5e700 1 -- 172.21.15.39:0/1168185130 >> 172.21.15.39:0/1168185130 conn(0x7f0f040fdb80 msgr2=0x7f0f040fff90 unknown :-1 s=STATE_NONE l=0).mark_down
2023-06-22T17:20:33.181 INFO:teuthology.orchestra.run.smithi039.stdout:/usr/bin/ceph: stderr
2023-06-22T17:20:32.589+0000 7f0f0ac5e700 1 -- 172.21.15.39:0/1168185130 shutdown_connections
2023-06-22T17:20:33.181 INFO:teuthology.orchestra.run.smithi039.stdout:/usr/bin/ceph: stderr
2023-06-22T17:20:32.589+0000 7f0f0ac5e700 1 -- 172.21.15.39:0/1168185130 wait complete.
2023-06-22T17:20:33.181 INFO:teuthology.orchestra.run.smithi039.stdout:/usr/bin/ceph: stderr
2023-06-22T17:20:32.590+0000 7f0f0ac5e700 1 Processor -- start
2023-06-22T17:20:33.181 INFO:teuthology.orchestra.run.smithi039.stdout:/usr/bin/ceph: stderr
2023-06-22T17:20:32.590+0000 7f0f0ac5e700 1 -- start start
2023-06-22T17:20:33.182 INFO:teuthology.orchestra.run.smithi039.stdout:/usr/bin/ceph: stderr
2023-06-22T17:20:32.590+0000 7f0f0ac5e700 1 --2- >> [v2:172.21.15.39:3300/0,v1:172.21.15.39:6789/0] conn(0x7f0f04102400 0x7f0f04111080 unknown :-1 s=NONE pgs=0 cs=0 l=1 rev1=0 crypto rx=0 tx=0 comp rx=0 tx=0).connect
2023-06-22T17:20:33.182 INFO:teuthology.orchestra.run.smithi039.stdout:/usr/bin/ceph: stderr
2023-06-22T17:20:32.590+0000 7f0f0ac5e700 1 -- --> [v2:172.21.15.39:3300/0,v1:172.21.15.39:6789/0] -- mon_getmap magic: 0 v1 -- 0x7f0f041115c0 con 0x7f0f04102400
2023-06-22T17:20:33.182 INFO:teuthology.orchestra.run.smithi039.stdout:/usr/bin/ceph: stderr
2023-06-22T17:20:32.590+0000 7f0f089fa700 1 --2- >> [v2:172.21.15.39:3300/0,v1:172.21.15.39:6789/0] conn(0x7f0f04102400 0x7f0f04111080 unknown :-1 s=BANNER_CONNECTING pgs=0 cs=0 l=1 rev1=0 crypto rx=0 tx=0 comp rx=0 tx=0)._handle_peer_banner_payload supported=3 required=0
2023-06-22T17:20:33.182 INFO:teuthology.orchestra.run.smithi039.stdout:/usr/bin/ceph: stderr
2023-06-22T17:20:32.590+0000 7f0f089fa700 1 --2- >> [v2:172.21.15.39:3300/0,v1:172.21.15.39:6789/0] conn(0x7f0f04102400 0x7f0f04111080 unknown :-1 s=HELLO_CONNECTING pgs=0 cs=0 l=1 rev1=1 crypto rx=0 tx=0 comp rx=0 tx=0).handle_hello peer v2:172.21.15.39:3300/0 says I am v2:172.21.15.39:36534/0 (socket says 172.21.15.39:36534)
2023-06-22T17:20:33.182 INFO:teuthology.orchestra.run.smithi039.stdout:/usr/bin/ceph: stderr
2023-06-22T17:20:32.590+0000 7f0f089fa700 1 -- 172.21.15.39:0/532274276 learned_addr learned my addr 172.21.15.39:0/532274276 (peer_addr_for_me v2:172.21.15.39:0/0)
2023-06-22T17:20:33.182 INFO:teuthology.orchestra.run.smithi039.stdout:/usr/bin/ceph: stderr
2023-06-22T17:20:32.590+0000 7f0f089fa700 1 -- 172.21.15.39:0/532274276 --> [v2:172.21.15.39:3300/0,v1:172.21.15.39:6789/0] -- mon_subscribe({config=0+,monmap=0+}) v3 -- 0x7f0efc009ae0 con 0x7f0f04102400
2023-06-22T17:20:33.182 INFO:teuthology.orchestra.run.smithi039.stdout:/usr/bin/ceph: stderr
2023-06-22T17:20:32.590+0000 7f0f089fa700 1 --2- 172.21.15.39:0/532274276 >> [v2:172.21.15.39:3300/0,v1:172.21.15.39:6789/0] conn(0x7f0f04102400 0x7f0f04111080 secure :-1 s=READY pgs=73 cs=0 l=1 rev1=1 crypto rx=0x7f0efc0127d0 tx=0x7f0efc009840 comp rx=0 tx=0).ready entity=mon.0 client_cookie=0 server_cookie=0 in_seq=0 out_seq=0
2023-06-22T17:20:33.182 INFO:teuthology.orchestra.run.smithi039.stdout:/usr/bin/ceph: stderr
2023-06-22T17:20:32.591+0000 7f0f017fa700 1 -- 172.21.15.39:0/532274276 <== mon.0 v2:172.21.15.39:3300/0 1 ==== mon_map magic: 0 v1 ==== 205+0+0 (secure 0 0 0) 0x7f0efc00e070 con 0x7f0f04102400
2023-06-22T17:20:33.183 INFO:teuthology.orchestra.run.smithi039.stdout:/usr/bin/ceph: stderr
2023-06-22T17:20:32.591+0000 7f0f017fa700 1 -- 172.21.15.39:0/532274276 <== mon.0 v2:172.21.15.39:3300/0 2 ==== config(27 keys) v1 ==== 1136+0+0 (secure 0 0 0) 0x7f0efc00bd50 con 0x7f0f04102400
2023-06-22T17:20:33.183 INFO:teuthology.orchestra.run.smithi039.stdout:/usr/bin/ceph: stderr
2023-06-22T17:20:32.591+0000 7f0f0ac5e700 1 -- 172.21.15.39:0/532274276 --> [v2:172.21.15.39:3300/0,v1:172.21.15.39:6789/0] -- mon_subscribe({mgrmap=0+}) v3 -- 0x7f0f041117c0 con 0x7f0f04102400
2023-06-22T17:20:33.183 INFO:teuthology.orchestra.run.smithi039.stdout:/usr/bin/ceph: stderr
2023-06-22T17:20:32.591+0000 7f0f017fa700 1 -- 172.21.15.39:0/532274276 <== mon.0 v2:172.21.15.39:3300/0 3 ==== mon_map magic: 0 v1 ==== 205+0+0 (secure 0 0 0) 0x7f0efc0258f0 con 0x7f0f04102400
2023-06-22T17:20:33.183 INFO:teuthology.orchestra.run.smithi039.stdout:/usr/bin/ceph: stderr
2023-06-22T17:20:32.591+0000 7f0f0ac5e700 1 -- 172.21.15.39:0/532274276 --> [v2:172.21.15.39:3300/0,v1:172.21.15.39:6789/0] -- mon_subscribe({osdmap=0}) v3 -- 0x7f0f04111bd0 con 0x7f0f04102400
2023-06-22T17:20:33.183 INFO:teuthology.orchestra.run.smithi039.stdout:/usr/bin/ceph: stderr
2023-06-22T17:20:32.591+0000 7f0f017fa700 1 -- 172.21.15.39:0/532274276 <== mon.0 v2:172.21.15.39:3300/0 4 ==== mgrmap(e 12) v1 ==== 43232+0+0 (secure 0 0 0) 0x7f0efc019050 con 0x7f0f04102400
2023-06-22T17:20:33.183 INFO:teuthology.orchestra.run.smithi039.stdout:/usr/bin/ceph: stderr
2023-06-22T17:20:32.592+0000 7f0f017fa700 1 --2- 172.21.15.39:0/532274276 >> [v2:172.21.15.39:6800/886078282,v1:172.21.15.39:6801/886078282] conn(0x7f0eec036610 0x7f0eec038ac0 unknown :-1 s=NONE pgs=0 cs=0 l=1 rev1=0 crypto rx=0 tx=0 comp rx=0 tx=0).connect
2023-06-22T17:20:33.183 INFO:teuthology.orchestra.run.smithi039.stdout:/usr/bin/ceph: stderr
2023-06-22T17:20:32.592+0000 7f0f017fa700 1 -- 172.21.15.39:0/532274276 <== mon.0 v2:172.21.15.39:3300/0 5 ==== osd_map(3..3 src has 1..3) v4 ==== 1151+0+0 (secure 0 0 0) 0x7f0efc04a010 con 0x7f0f04102400
2023-06-22T17:20:33.183 INFO:teuthology.orchestra.run.smithi039.stdout:/usr/bin/ceph: stderr
2023-06-22T17:20:32.592+0000 7f0f03fff700 1 --2- 172.21.15.39:0/532274276 >> [v2:172.21.15.39:6800/886078282,v1:172.21.15.39:6801/886078282] conn(0x7f0eec036610 0x7f0eec038ac0 unknown :-1 s=BANNER_CONNECTING pgs=0 cs=0 l=1 rev1=0 crypto rx=0 tx=0 comp rx=0 tx=0)._handle_peer_banner_payload supported=3 required=0
2023-06-22T17:20:33.184 INFO:teuthology.orchestra.run.smithi039.stdout:/usr/bin/ceph: stderr
2023-06-22T17:20:32.592+0000 7f0f0ac5e700 1 -- 172.21.15.39:0/532274276 --> [v2:172.21.15.39:3300/0,v1:172.21.15.39:6789/0] -- mon_command({"prefix": "get_command_descriptions"} v 0) v1 -- 0x7f0f0405f060 con 0x7f0f04102400
2023-06-22T17:20:33.184 INFO:teuthology.orchestra.run.smithi039.stdout:/usr/bin/ceph: stderr
2023-06-22T17:20:32.592+0000 7f0f03fff700 1 --2- 172.21.15.39:0/532274276 >> [v2:172.21.15.39:6800/886078282,v1:172.21.15.39:6801/886078282] conn(0x7f0eec036610 0x7f0eec038ac0 secure :-1 s=READY pgs=9 cs=0 l=1 rev1=1 crypto rx=0x7f0ef8009990 tx=0x7f0ef8006e40 comp rx=0 tx=0).ready entity=mgr.14150 client_cookie=0 server_cookie=0 in_seq=0 out_seq=0
2023-06-22T17:20:33.184 INFO:teuthology.orchestra.run.smithi039.stdout:/usr/bin/ceph: stderr
2023-06-22T17:20:32.597+0000 7f0f017fa700 1 -- 172.21.15.39:0/532274276 <== mon.0 v2:172.21.15.39:3300/0 6 ==== mon_command_ack([{"prefix": "get_command_descriptions"}]=0 v0) v1 ==== 72+0+174561 (secure 0 0 0) 0x7f0efc017070 con 0x7f0f04102400
2023-06-22T17:20:33.184 INFO:teuthology.orchestra.run.smithi039.stdout:/usr/bin/ceph: stderr
2023-06-22T17:20:32.793+0000 7f0f0ac5e700 1 -- 172.21.15.39:0/532274276 --> [v2:172.21.15.39:3300/0,v1:172.21.15.39:6789/0] -- mon_command({"prefix": "config get", "who": "mgr", "key": "mgr/dashboard/ssl_server_port"} v 0) v1 -- 0x7f0f041147b0 con 0x7f0f04102400
2023-06-22T17:20:33.184 INFO:teuthology.orchestra.run.smithi039.stdout:/usr/bin/ceph: stderr
2023-06-22T17:20:32.793+0000 7f0f017fa700 1 -- 172.21.15.39:0/532274276 <== mon.0 v2:172.21.15.39:3300/0 7 ==== mon_command_ack([{"prefix": "config get", "who": "mgr", "key": "mgr/dashboard/ssl_server_port"}]=0 v8) v1 ==== 112+0+5 (secure 0 0 0) 0x7f0efc020030 con 0x7f0f04102400
2023-06-22T17:20:33.184 INFO:teuthology.orchestra.run.smithi039.stdout:/usr/bin/ceph: stderr
2023-06-22T17:20:32.795+0000 7f0f0ac5e700 1 -- 172.21.15.39:0/532274276 >> [v2:172.21.15.39:6800/886078282,v1:172.21.15.39:6801/886078282] conn(0x7f0eec036610 msgr2=0x7f0eec038ac0 secure :-1 s=STATE_CONNECTION_ESTABLISHED l=1).mark_down
2023-06-22T17:20:33.184 INFO:teuthology.orchestra.run.smithi039.stdout:/usr/bin/ceph: stderr
2023-06-22T17:20:32.795+0000 7f0f0ac5e700 1 --2- 172.21.15.39:0/532274276 >> [v2:172.21.15.39:6800/886078282,v1:172.21.15.39:6801/886078282] conn(0x7f0eec036610 0x7f0eec038ac0 secure :-1 s=READY pgs=9 cs=0 l=1 rev1=1 crypto rx=0x7f0ef8009990 tx=0x7f0ef8006e40 comp rx=0 tx=0).stop
2023-06-22T17:20:33.185 INFO:teuthology.orchestra.run.smithi039.stdout:/usr/bin/ceph: stderr
2023-06-22T17:20:32.795+0000 7f0f0ac5e700 1 -- 172.21.15.39:0/532274276 >> [v2:172.21.15.39:3300/0,v1:172.21.15.39:6789/0] conn(0x7f0f04102400 msgr2=0x7f0f04111080 secure :-1 s=STATE_CONNECTION_ESTABLISHED l=1).mark_down
2023-06-22T17:20:33.185 INFO:teuthology.orchestra.run.smithi039.stdout:/usr/bin/ceph: stderr
2023-06-22T17:20:32.795+0000 7f0f0ac5e700 1 --2- 172.21.15.39:0/532274276 >> [v2:172.21.15.39:3300/0,v1:172.21.15.39:6789/0] conn(0x7f0f04102400 0x7f0f04111080 secure :-1 s=READY pgs=73 cs=0 l=1 rev1=1 crypto rx=0x7f0efc0127d0 tx=0x7f0efc009840 comp rx=0 tx=0).stop
2023-06-22T17:20:33.185 INFO:teuthology.orchestra.run.smithi039.stdout:/usr/bin/ceph: stderr
2023-06-22T17:20:32.795+0000 7f0f0ac5e700 1 -- 172.21.15.39:0/532274276 shutdown_connections
2023-06-22T17:20:33.185 INFO:teuthology.orchestra.run.smithi039.stdout:/usr/bin/ceph: stderr
2023-06-22T17:20:32.795+0000 7f0f0ac5e700 1 --2- 172.21.15.39:0/532274276 >> [v2:172.21.15.39:6800/886078282,v1:172.21.15.39:6801/886078282] conn(0x7f0eec036610 0x7f0eec038ac0 unknown :-1 s=CLOSED pgs=9 cs=0 l=1 rev1=1 crypto rx=0 tx=0 comp rx=0 tx=0).stop
2023-06-22T17:20:33.185 INFO:teuthology.orchestra.run.smithi039.stdout:/usr/bin/ceph: stderr
2023-06-22T17:20:32.795+0000 7f0f0ac5e700 1 --2- 172.21.15.39:0/532274276 >> [v2:172.21.15.39:3300/0,v1:172.21.15.39:6789/0] conn(0x7f0f04102400 0x7f0f04111080 unknown :-1 s=CLOSED pgs=73 cs=0 l=1 rev1=1 crypto rx=0 tx=0 comp rx=0 tx=0).stop
2023-06-22T17:20:33.185 INFO:teuthology.orchestra.run.smithi039.stdout:/usr/bin/ceph: stderr
2023-06-22T17:20:32.795+0000 7f0f0ac5e700 1 -- 172.21.15.39:0/532274276 >> 172.21.15.39:0/532274276 conn(0x7f0f040fdb80 msgr2=0x7f0f040fe940 unknown :-1 s=STATE_NONE l=0).mark_down
2023-06-22T17:20:33.185 INFO:teuthology.orchestra.run.smithi039.stdout:/usr/bin/ceph: stderr
2023-06-22T17:20:32.796+0000 7f0f0ac5e700 1 -- 172.21.15.39:0/532274276 shutdown_connections
2023-06-22T17:20:33.185 INFO:teuthology.orchestra.run.smithi039.stdout:/usr/bin/ceph: stderr
2023-06-22T17:20:32.796+0000 7f0f0ac5e700 1 -- 172.21.15.39:0/532274276 wait complete.
2023-06-22T17:20:33.187 INFO:teuthology.orchestra.run.smithi039.stdout:Non-zero exit code 1 from systemctl is-enabled firewalld.service
2023-06-22T17:20:33.187 INFO:teuthology.orchestra.run.smithi039.stdout:systemctl: stdout disabled
2023-06-22T17:20:33.195 INFO:teuthology.orchestra.run.smithi039.stdout:Non-zero exit code 3 from systemctl is-active firewalld.service
2023-06-22T17:20:33.195 INFO:teuthology.orchestra.run.smithi039.stdout:systemctl: stdout inactive
2023-06-22T17:20:33.195 INFO:teuthology.orchestra.run.smithi039.stdout:firewalld.service is not enabled
2023-06-22T17:20:33.195 INFO:teuthology.orchestra.run.smithi039.stdout:Not possible to open ports <[8443]>. firewalld.service is not available
2023-06-22T17:20:33.197 INFO:teuthology.orchestra.run.smithi039.stdout:Ceph Dashboard is now available at:
2023-06-22T17:20:33.198 INFO:teuthology.orchestra.run.smithi039.stdout:
2023-06-22T17:20:33.198 INFO:teuthology.orchestra.run.smithi039.stdout: URL: https://smithi039.front.sepia.ceph.com:8443/
2023-06-22T17:20:33.198 INFO:teuthology.orchestra.run.smithi039.stdout: User: admin
2023-06-22T17:20:33.198 INFO:teuthology.orchestra.run.smithi039.stdout: Password: jfeybqj82o
2023-06-22T17:20:33.198 INFO:teuthology.orchestra.run.smithi039.stdout:
2023-06-22T17:20:33.199 INFO:teuthology.orchestra.run.smithi039.stdout:Saving cluster configuration to /var/lib/ceph/d88002e2-1120-11ee-9b2b-001a4aab830c/config directory
2023-06-22T17:20:33.199 INFO:teuthology.orchestra.run.smithi039.stdout:Enabling autotune for osd_memory_target
2023-06-22T17:20:33.398 INFO:journalctl@ceph.mon.a.smithi039.stdout:Jun 22 17:20:33 smithi039 ceph-mon[84805]: from='client.? 172.21.15.39:0/532274276' entity='client.admin' cmd=[{"prefix": "config get", "who": "mgr", "key": "mgr/dashboard/ssl_server_port"}]: dispatch
2023-06-22T17:20:34.242 INFO:teuthology.orchestra.run.smithi039.stdout:/usr/bin/ceph: stderr
2023-06-22T17:20:33.646+0000 7ff4b9cc1700 1 Processor -- start
2023-06-22T17:20:34.242 INFO:teuthology.orchestra.run.smithi039.stdout:/usr/bin/ceph: stderr
2023-06-22T17:20:33.646+0000 7ff4b9cc1700 1 -- start start
2023-06-22T17:20:34.243 INFO:teuthology.orchestra.run.smithi039.stdout:/usr/bin/ceph: stderr
2023-06-22T17:20:33.646+0000 7ff4b9cc1700 1 --2- >> [v2:172.21.15.39:3300/0,v1:172.21.15.39:6789/0] conn(0x7ff4b4070de0 0x7ff4b4104ff0 unknown :-1 s=NONE pgs=0 cs=0 l=0 rev1=0 crypto rx=0 tx=0 comp rx=0 tx=0).connect
2023-06-22T17:20:34.243 INFO:teuthology.orchestra.run.smithi039.stdout:/usr/bin/ceph: stderr
2023-06-22T17:20:33.646+0000 7ff4b9cc1700 1 -- --> [v2:172.21.15.39:3300/0,v1:172.21.15.39:6789/0] -- mon_getmap magic: 0 v1 -- 0x7ff4b4105530 con 0x7ff4b4070de0
2023-06-22T17:20:34.243 INFO:teuthology.orchestra.run.smithi039.stdout:/usr/bin/ceph: stderr
2023-06-22T17:20:33.647+0000 7ff4b37fe700 1 --2- >> [v2:172.21.15.39:3300/0,v1:172.21.15.39:6789/0] conn(0x7ff4b4070de0 0x7ff4b4104ff0 unknown :-1 s=BANNER_CONNECTING pgs=0 cs=0 l=0 rev1=0 crypto rx=0 tx=0 comp rx=0 tx=0)._handle_peer_banner_payload supported=3 required=0
2023-06-22T17:20:34.243 INFO:teuthology.orchestra.run.smithi039.stdout:/usr/bin/ceph: stderr
2023-06-22T17:20:33.647+0000 7ff4b37fe700 1 --2- >> [v2:172.21.15.39:3300/0,v1:172.21.15.39:6789/0] conn(0x7ff4b4070de0 0x7ff4b4104ff0 unknown :-1 s=HELLO_CONNECTING pgs=0 cs=0 l=0 rev1=1 crypto rx=0 tx=0 comp rx=0 tx=0).handle_hello peer v2:172.21.15.39:3300/0 says I am v2:172.21.15.39:36538/0 (socket says 172.21.15.39:36538)
2023-06-22T17:20:34.244 INFO:teuthology.orchestra.run.smithi039.stdout:/usr/bin/ceph: stderr
2023-06-22T17:20:33.647+0000 7ff4b37fe700 1 -- 172.21.15.39:0/3512440558 learned_addr learned my addr 172.21.15.39:0/3512440558 (peer_addr_for_me v2:172.21.15.39:0/0)
2023-06-22T17:20:34.244 INFO:teuthology.orchestra.run.smithi039.stdout:/usr/bin/ceph: stderr
2023-06-22T17:20:33.647+0000 7ff4b37fe700 1 -- 172.21.15.39:0/3512440558 --> [v2:172.21.15.39:3300/0,v1:172.21.15.39:6789/0] -- mon_subscribe({config=0+,monmap=0+}) v3 -- 0x7ff4b4105670 con 0x7ff4b4070de0
2023-06-22T17:20:34.244 INFO:teuthology.orchestra.run.smithi039.stdout:/usr/bin/ceph: stderr
2023-06-22T17:20:33.647+0000 7ff4b37fe700 1 --2- 172.21.15.39:0/3512440558 >> [v2:172.21.15.39:3300/0,v1:172.21.15.39:6789/0] conn(0x7ff4b4070de0 0x7ff4b4104ff0 secure :-1 s=READY pgs=74 cs=0 l=1 rev1=1 crypto rx=0x7ff4ac0098e0 tx=0x7ff4ac009250 comp rx=0 tx=0).ready entity=mon.0 client_cookie=318dc853e07f9a69 server_cookie=0 in_seq=0 out_seq=0
2023-06-22T17:20:34.245 INFO:teuthology.orchestra.run.smithi039.stdout:/usr/bin/ceph: stderr
2023-06-22T17:20:33.647+0000 7ff4b27fc700 1 -- 172.21.15.39:0/3512440558 <== mon.0 v2:172.21.15.39:3300/0 1 ==== mon_map magic: 0 v1 ==== 205+0+0 (secure 0 0 0) 0x7ff4ac009e80 con 0x7ff4b4070de0
2023-06-22T17:20:34.245 INFO:teuthology.orchestra.run.smithi039.stdout:/usr/bin/ceph: stderr
2023-06-22T17:20:33.647+0000 7ff4b27fc700 1 -- 172.21.15.39:0/3512440558 <== mon.0 v2:172.21.15.39:3300/0 2 ==== config(27 keys) v1 ==== 1136+0+0 (secure 0 0 0) 0x7ff4ac00bd40 con 0x7ff4b4070de0
2023-06-22T17:20:34.245 INFO:teuthology.orchestra.run.smithi039.stdout:/usr/bin/ceph: stderr
2023-06-22T17:20:33.647+0000 7ff4b27fc700 1 -- 172.21.15.39:0/3512440558 <== mon.0 v2:172.21.15.39:3300/0 3 ==== mon_map magic: 0 v1 ==== 205+0+0 (secure 0 0 0) 0x7ff4ac011d10 con 0x7ff4b4070de0
2023-06-22T17:20:34.245 INFO:teuthology.orchestra.run.smithi039.stdout:/usr/bin/ceph: stderr
2023-06-22T17:20:33.648+0000 7ff4b9cc1700 1 -- 172.21.15.39:0/3512440558 >> [v2:172.21.15.39:3300/0,v1:172.21.15.39:6789/0] conn(0x7ff4b4070de0 msgr2=0x7ff4b4104ff0 secure :-1 s=STATE_CONNECTION_ESTABLISHED l=1).mark_down
2023-06-22T17:20:34.246 INFO:teuthology.orchestra.run.smithi039.stdout:/usr/bin/ceph: stderr
2023-06-22T17:20:33.648+0000 7ff4b9cc1700 1 --2- 172.21.15.39:0/3512440558 >> [v2:172.21.15.39:3300/0,v1:172.21.15.39:6789/0] conn(0x7ff4b4070de0 0x7ff4b4104ff0 secure :-1 s=READY pgs=74 cs=0 l=1 rev1=1 crypto rx=0x7ff4ac0098e0 tx=0x7ff4ac009250 comp rx=0 tx=0).stop
2023-06-22T17:20:34.246 INFO:teuthology.orchestra.run.smithi039.stdout:/usr/bin/ceph: stderr
2023-06-22T17:20:33.648+0000 7ff4b9cc1700 1 -- 172.21.15.39:0/3512440558 shutdown_connections
2023-06-22T17:20:34.246 INFO:teuthology.orchestra.run.smithi039.stdout:/usr/bin/ceph: stderr
2023-06-22T17:20:33.648+0000 7ff4b9cc1700 1 --2- 172.21.15.39:0/3512440558 >> [v2:172.21.15.39:3300/0,v1:172.21.15.39:6789/0] conn(0x7ff4b4070de0 0x7ff4b4104ff0 unknown :-1 s=CLOSED pgs=74 cs=0 l=1 rev1=1 crypto rx=0 tx=0 comp rx=0 tx=0).stop
2023-06-22T17:20:34.246 INFO:teuthology.orchestra.run.smithi039.stdout:/usr/bin/ceph: stderr
2023-06-22T17:20:33.648+0000 7ff4b9cc1700 1 -- 172.21.15.39:0/3512440558 >> 172.21.15.39:0/3512440558 conn(0x7ff4b40fca60 msgr2=0x7ff4b40fee90 unknown :-1 s=STATE_NONE l=0).mark_down
2023-06-22T17:20:34.246 INFO:teuthology.orchestra.run.smithi039.stdout:/usr/bin/ceph: stderr
2023-06-22T17:20:33.648+0000 7ff4b9cc1700 1 -- 172.21.15.39:0/3512440558 shutdown_connections
2023-06-22T17:20:34.246 INFO:teuthology.orchestra.run.smithi039.stdout:/usr/bin/ceph: stderr
2023-06-22T17:20:33.648+0000 7ff4b9cc1700 1 -- 172.21.15.39:0/3512440558 wait complete.
2023-06-22T17:20:34.247 INFO:teuthology.orchestra.run.smithi039.stdout:/usr/bin/ceph: stderr
2023-06-22T17:20:33.648+0000 7ff4b9cc1700 1 Processor -- start
2023-06-22T17:20:34.247 INFO:teuthology.orchestra.run.smithi039.stdout:/usr/bin/ceph: stderr
2023-06-22T17:20:33.649+0000 7ff4b9cc1700 1 -- start start
2023-06-22T17:20:34.247 INFO:teuthology.orchestra.run.smithi039.stdout:/usr/bin/ceph: stderr
2023-06-22T17:20:33.649+0000 7ff4b9cc1700 1 --2- >> [v2:172.21.15.39:3300/0,v1:172.21.15.39:6789/0] conn(0x7ff4b4070de0 0x7ff4b41110c0 unknown :-1 s=NONE pgs=0 cs=0 l=1 rev1=0 crypto rx=0 tx=0 comp rx=0 tx=0).connect
2023-06-22T17:20:34.247 INFO:teuthology.orchestra.run.smithi039.stdout:/usr/bin/ceph: stderr
2023-06-22T17:20:33.649+0000 7ff4b9cc1700 1 -- --> [v2:172.21.15.39:3300/0,v1:172.21.15.39:6789/0] -- mon_getmap magic: 0 v1 -- 0x7ff4b4111600 con 0x7ff4b4070de0
2023-06-22T17:20:34.247 INFO:teuthology.orchestra.run.smithi039.stdout:/usr/bin/ceph: stderr
2023-06-22T17:20:33.649+0000 7ff4b37fe700 1 --2- >> [v2:172.21.15.39:3300/0,v1:172.21.15.39:6789/0] conn(0x7ff4b4070de0 0x7ff4b41110c0 unknown :-1 s=BANNER_CONNECTING pgs=0 cs=0 l=1 rev1=0 crypto rx=0 tx=0 comp rx=0 tx=0)._handle_peer_banner_payload supported=3 required=0
2023-06-22T17:20:34.247 INFO:teuthology.orchestra.run.smithi039.stdout:/usr/bin/ceph: stderr
2023-06-22T17:20:33.649+0000 7ff4b37fe700 1 --2- >> [v2:172.21.15.39:3300/0,v1:172.21.15.39:6789/0] conn(0x7ff4b4070de0 0x7ff4b41110c0 unknown :-1 s=HELLO_CONNECTING pgs=0 cs=0 l=1 rev1=1 crypto rx=0 tx=0 comp rx=0 tx=0).handle_hello peer v2:172.21.15.39:3300/0 says I am v2:172.21.15.39:36542/0 (socket says 172.21.15.39:36542)
2023-06-22T17:20:34.247 INFO:teuthology.orchestra.run.smithi039.stdout:/usr/bin/ceph: stderr
2023-06-22T17:20:33.649+0000 7ff4b37fe700 1 -- 172.21.15.39:0/1136124473 learned_addr learned my addr 172.21.15.39:0/1136124473 (peer_addr_for_me v2:172.21.15.39:0/0)
2023-06-22T17:20:34.247 INFO:teuthology.orchestra.run.smithi039.stdout:/usr/bin/ceph: stderr
2023-06-22T17:20:33.649+0000 7ff4b37fe700 1 -- 172.21.15.39:0/1136124473 --> [v2:172.21.15.39:3300/0,v1:172.21.15.39:6789/0] -- mon_subscribe({config=0+,monmap=0+}) v3 -- 0x7ff4ac0094f0 con 0x7ff4b4070de0
2023-06-22T17:20:34.248 INFO:teuthology.orchestra.run.smithi039.stdout:/usr/bin/ceph: stderr
2023-06-22T17:20:33.649+0000 7ff4b37fe700 1 --2- 172.21.15.39:0/1136124473 >> [v2:172.21.15.39:3300/0,v1:172.21.15.39:6789/0] conn(0x7ff4b4070de0 0x7ff4b41110c0 secure :-1 s=READY pgs=75 cs=0 l=1 rev1=1 crypto rx=0x7ff4ac0094c0 tx=0x7ff4ac009250 comp rx=0 tx=0).ready entity=mon.0 client_cookie=0 server_cookie=0 in_seq=0 out_seq=0
2023-06-22T17:20:34.248 INFO:teuthology.orchestra.run.smithi039.stdout:/usr/bin/ceph: stderr
2023-06-22T17:20:33.649+0000 7ff4abfff700 1 -- 172.21.15.39:0/1136124473 <== mon.0 v2:172.21.15.39:3300/0 1 ==== mon_map magic: 0 v1 ==== 205+0+0 (secure 0 0 0) 0x7ff4ac01a760 con 0x7ff4b4070de0
2023-06-22T17:20:34.248 INFO:teuthology.orchestra.run.smithi039.stdout:/usr/bin/ceph: stderr
2023-06-22T17:20:33.649+0000 7ff4abfff700 1 -- 172.21.15.39:0/1136124473 <== mon.0 v2:172.21.15.39:3300/0 2 ==== config(27 keys) v1 ==== 1136+0+0 (secure 0 0 0) 0x7ff4ac01ada0 con 0x7ff4b4070de0
2023-06-22T17:20:34.248 INFO:teuthology.orchestra.run.smithi039.stdout:/usr/bin/ceph: stderr
2023-06-22T17:20:33.649+0000 7ff4b9cc1700 1 -- 172.21.15.39:0/1136124473 --> [v2:172.21.15.39:3300/0,v1:172.21.15.39:6789/0] -- mon_subscribe({mgrmap=0+}) v3 -- 0x7ff4b4111800 con 0x7ff4b4070de0
2023-06-22T17:20:34.248 INFO:teuthology.orchestra.run.smithi039.stdout:/usr/bin/ceph: stderr
2023-06-22T17:20:33.649+0000 7ff4abfff700 1 -- 172.21.15.39:0/1136124473 <== mon.0 v2:172.21.15.39:3300/0 3 ==== mon_map magic: 0 v1 ==== 205+0+0 (secure 0 0 0) 0x7ff4ac019cc0 con 0x7ff4b4070de0
2023-06-22T17:20:34.248 INFO:teuthology.orchestra.run.smithi039.stdout:/usr/bin/ceph: stderr
2023-06-22T17:20:33.650+0000 7ff4b9cc1700 1 -- 172.21.15.39:0/1136124473 --> [v2:172.21.15.39:3300/0,v1:172.21.15.39:6789/0] -- mon_subscribe({osdmap=0}) v3 -- 0x7ff4b4111c10 con 0x7ff4b4070de0
2023-06-22T17:20:34.248 INFO:teuthology.orchestra.run.smithi039.stdout:/usr/bin/ceph: stderr
2023-06-22T17:20:33.650+0000 7ff4abfff700 1 -- 172.21.15.39:0/1136124473 <== mon.0 v2:172.21.15.39:3300/0 4 ==== mgrmap(e 13) v1 ==== 43275+0+0 (secure 0 0 0) 0x7ff4ac0233a0 con 0x7ff4b4070de0
2023-06-22T17:20:34.249 INFO:teuthology.orchestra.run.smithi039.stdout:/usr/bin/ceph: stderr
2023-06-22T17:20:33.650+0000 7ff4b9cc1700 1 -- 172.21.15.39:0/1136124473 --> [v2:172.21.15.39:3300/0,v1:172.21.15.39:6789/0] -- mon_command({"prefix": "get_command_descriptions"} v 0) v1 -- 0x7ff4b405f060 con 0x7ff4b4070de0
2023-06-22T17:20:34.249 INFO:teuthology.orchestra.run.smithi039.stdout:/usr/bin/ceph: stderr
2023-06-22T17:20:33.650+0000 7ff4abfff700 1 --2- 172.21.15.39:0/1136124473 >> [v2:172.21.15.39:6800/886078282,v1:172.21.15.39:6801/886078282] conn(0x7ff4a0036660 0x7ff4a0038b10 unknown :-1 s=NONE pgs=0 cs=0 l=1 rev1=0 crypto rx=0 tx=0 comp rx=0 tx=0).connect
2023-06-22T17:20:34.249 INFO:teuthology.orchestra.run.smithi039.stdout:/usr/bin/ceph: stderr
2023-06-22T17:20:33.650+0000 7ff4abfff700 1 -- 172.21.15.39:0/1136124473 <== mon.0 v2:172.21.15.39:3300/0 5 ==== osd_map(3..3 src has 1..3) v4 ==== 1151+0+0 (secure 0 0 0) 0x7ff4ac04a220 con 0x7ff4b4070de0
2023-06-22T17:20:34.249 INFO:teuthology.orchestra.run.smithi039.stdout:/usr/bin/ceph: stderr
2023-06-22T17:20:33.651+0000 7ff4b2ffd700 1 --2- 172.21.15.39:0/1136124473 >> [v2:172.21.15.39:6800/886078282,v1:172.21.15.39:6801/886078282] conn(0x7ff4a0036660 0x7ff4a0038b10 unknown :-1 s=BANNER_CONNECTING pgs=0 cs=0 l=1 rev1=0 crypto rx=0 tx=0 comp rx=0 tx=0)._handle_peer_banner_payload supported=3 required=0
2023-06-22T17:20:34.249 INFO:teuthology.orchestra.run.smithi039.stdout:/usr/bin/ceph: stderr
2023-06-22T17:20:33.651+0000 7ff4b2ffd700 1 --2- 172.21.15.39:0/1136124473 >> [v2:172.21.15.39:6800/886078282,v1:172.21.15.39:6801/886078282] conn(0x7ff4a0036660 0x7ff4a0038b10 secure :-1 s=READY pgs=10 cs=0 l=1 rev1=1 crypto rx=0x7ff49c009990 tx=0x7ff49c006e40 comp rx=0 tx=0).ready entity=mgr.14150 client_cookie=0 server_cookie=0 in_seq=0 out_seq=0
2023-06-22T17:20:34.249 INFO:teuthology.orchestra.run.smithi039.stdout:/usr/bin/ceph: stderr
2023-06-22T17:20:33.656+0000 7ff4abfff700 1 -- 172.21.15.39:0/1136124473 <== mon.0 v2:172.21.15.39:3300/0 6 ==== mon_command_ack([{"prefix": "get_command_descriptions"}]=0 v0) v1 ==== 72+0+174561 (secure 0 0 0) 0x7ff4ac02bcd0 con 0x7ff4b4070de0
2023-06-22T17:20:34.249 INFO:teuthology.orchestra.run.smithi039.stdout:/usr/bin/ceph: stderr
2023-06-22T17:20:33.846+0000 7ff4b9cc1700 1 -- 172.21.15.39:0/1136124473 --> [v2:172.21.15.39:3300/0,v1:172.21.15.39:6789/0] -- mon_command([{prefix=config set, name=osd_memory_target_autotune}] v 0) v1 -- 0x7ff4b4106570 con 0x7ff4b4070de0
2023-06-22T17:20:34.249 INFO:teuthology.orchestra.run.smithi039.stdout:/usr/bin/ceph: stderr
2023-06-22T17:20:33.846+0000 7ff4abfff700 1 -- 172.21.15.39:0/1136124473 <== mon.0 v2:172.21.15.39:3300/0 7 ==== mon_command_ack([{prefix=config set, name=osd_memory_target_autotune}]=0 v8)=0 v8) v1 ==== 127+0+0 (secure 0 0 0) 0x7ff4ac049ab0 con 0x7ff4b4070de0
2023-06-22T17:20:34.250 INFO:teuthology.orchestra.run.smithi039.stdout:/usr/bin/ceph: stderr
2023-06-22T17:20:33.848+0000 7ff4b9cc1700 1 -- 172.21.15.39:0/1136124473 >> [v2:172.21.15.39:6800/886078282,v1:172.21.15.39:6801/886078282] conn(0x7ff4a0036660 msgr2=0x7ff4a0038b10 secure :-1 s=STATE_CONNECTION_ESTABLISHED l=1).mark_down
2023-06-22T17:20:34.250 INFO:teuthology.orchestra.run.smithi039.stdout:/usr/bin/ceph: stderr
2023-06-22T17:20:33.848+0000 7ff4b9cc1700 1 --2- 172.21.15.39:0/1136124473 >> [v2:172.21.15.39:6800/886078282,v1:172.21.15.39:6801/886078282] conn(0x7ff4a0036660 0x7ff4a0038b10 secure :-1 s=READY pgs=10 cs=0 l=1 rev1=1 crypto rx=0x7ff49c009990 tx=0x7ff49c006e40 comp rx=0 tx=0).stop
2023-06-22T17:20:34.250 INFO:teuthology.orchestra.run.smithi039.stdout:/usr/bin/ceph: stderr
2023-06-22T17:20:33.848+0000 7ff4b9cc1700 1 -- 172.21.15.39:0/1136124473 >> [v2:172.21.15.39:3300/0,v1:172.21.15.39:6789/0] conn(0x7ff4b4070de0 msgr2=0x7ff4b41110c0 secure :-1 s=STATE_CONNECTION_ESTABLISHED l=1).mark_down
2023-06-22T17:20:34.250 INFO:teuthology.orchestra.run.smithi039.stdout:/usr/bin/ceph: stderr
2023-06-22T17:20:33.848+0000 7ff4b9cc1700 1 --2- 172.21.15.39:0/1136124473 >> [v2:172.21.15.39:3300/0,v1:172.21.15.39:6789/0] conn(0x7ff4b4070de0 0x7ff4b41110c0 secure :-1 s=READY pgs=75 cs=0 l=1 rev1=1 crypto rx=0x7ff4ac0094c0 tx=0x7ff4ac009250 comp rx=0 tx=0).stop
2023-06-22T17:20:34.250 INFO:teuthology.orchestra.run.smithi039.stdout:/usr/bin/ceph: stderr
2023-06-22T17:20:33.848+0000 7ff4b9cc1700 1 -- 172.21.15.39:0/1136124473 shutdown_connections
2023-06-22T17:20:34.250 INFO:teuthology.orchestra.run.smithi039.stdout:/usr/bin/ceph: stderr
2023-06-22T17:20:33.848+0000 7ff4b9cc1700 1 --2- 172.21.15.39:0/1136124473 >> [v2:172.21.15.39:6800/886078282,v1:172.21.15.39:6801/886078282] conn(0x7ff4a0036660 0x7ff4a0038b10 unknown :-1 s=CLOSED pgs=10 cs=0 l=1 rev1=1 crypto rx=0 tx=0 comp rx=0 tx=0).stop
2023-06-22T17:20:34.250 INFO:teuthology.orchestra.run.smithi039.stdout:/usr/bin/ceph: stderr
2023-06-22T17:20:33.848+0000 7ff4b9cc1700 1 --2- 172.21.15.39:0/1136124473 >> [v2:172.21.15.39:3300/0,v1:172.21.15.39:6789/0] conn(0x7ff4b4070de0 0x7ff4b41110c0 unknown :-1 s=CLOSED pgs=75 cs=0 l=1 rev1=1 crypto rx=0 tx=0 comp rx=0 tx=0).stop
2023-06-22T17:20:34.251 INFO:teuthology.orchestra.run.smithi039.stdout:/usr/bin/ceph: stderr
2023-06-22T17:20:33.848+0000 7ff4b9cc1700 1 -- 172.21.15.39:0/1136124473 >> 172.21.15.39:0/1136124473 conn(0x7ff4b40fca60 msgr2=0x7ff4b40fd830 unknown :-1 s=STATE_NONE l=0).mark_down
2023-06-22T17:20:34.251 INFO:teuthology.orchestra.run.smithi039.stdout:/usr/bin/ceph: stderr
2023-06-22T17:20:33.848+0000 7ff4b9cc1700 1 -- 172.21.15.39:0/1136124473 shutdown_connections
2023-06-22T17:20:34.251 INFO:teuthology.orchestra.run.smithi039.stdout:/usr/bin/ceph: stderr
2023-06-22T17:20:33.848+0000 7ff4b9cc1700 1 -- 172.21.15.39:0/1136124473 wait complete.
2023-06-22T17:20:34.490 INFO:journalctl@ceph.mon.a.smithi039.stdout:Jun 22 17:20:34 smithi039 ceph-mon[84805]: mgrmap e13: x(active, since 6s)
2023-06-22T17:20:35.379 INFO:teuthology.orchestra.run.smithi039.stdout:/usr/bin/ceph: stderr
2023-06-22T17:20:34.686+0000 7f8594eca700 1 Processor -- start
2023-06-22T17:20:35.380 INFO:teuthology.orchestra.run.smithi039.stdout:/usr/bin/ceph: stderr
2023-06-22T17:20:34.686+0000 7f8594eca700 1 -- start start
2023-06-22T17:20:35.380 INFO:teuthology.orchestra.run.smithi039.stdout:/usr/bin/ceph: stderr
2023-06-22T17:20:34.686+0000 7f8594eca700 1 --2- >> [v2:172.21.15.39:3300/0,v1:172.21.15.39:6789/0] conn(0x7f8590078c80 0x7f8590077190 unknown :-1 s=NONE pgs=0 cs=0 l=0 rev1=0 crypto rx=0 tx=0 comp rx=0 tx=0).connect
2023-06-22T17:20:35.380 INFO:teuthology.orchestra.run.smithi039.stdout:/usr/bin/ceph: stderr
2023-06-22T17:20:34.686+0000 7f8594eca700 1 -- --> [v2:172.21.15.39:3300/0,v1:172.21.15.39:6789/0] -- mon_getmap magic: 0 v1 -- 0x7f8590079090 con 0x7f8590078c80
2023-06-22T17:20:35.380 INFO:teuthology.orchestra.run.smithi039.stdout:/usr/bin/ceph: stderr
2023-06-22T17:20:34.686+0000 7f858e59c700 1 --2- >> [v2:172.21.15.39:3300/0,v1:172.21.15.39:6789/0] conn(0x7f8590078c80 0x7f8590077190 unknown :-1 s=BANNER_CONNECTING pgs=0 cs=0 l=0 rev1=0 crypto rx=0 tx=0 comp rx=0 tx=0)._handle_peer_banner_payload supported=3 required=0
2023-06-22T17:20:35.381 INFO:teuthology.orchestra.run.smithi039.stdout:/usr/bin/ceph: stderr
2023-06-22T17:20:34.686+0000 7f858e59c700 1 --2- >> [v2:172.21.15.39:3300/0,v1:172.21.15.39:6789/0] conn(0x7f8590078c80 0x7f8590077190 unknown :-1 s=HELLO_CONNECTING pgs=0 cs=0 l=0 rev1=1 crypto rx=0 tx=0 comp rx=0 tx=0).handle_hello peer v2:172.21.15.39:3300/0 says I am v2:172.21.15.39:36556/0 (socket says 172.21.15.39:36556)
2023-06-22T17:20:35.381 INFO:teuthology.orchestra.run.smithi039.stdout:/usr/bin/ceph: stderr
2023-06-22T17:20:34.686+0000 7f858e59c700 1 -- 172.21.15.39:0/741913532 learned_addr learned my addr 172.21.15.39:0/741913532 (peer_addr_for_me v2:172.21.15.39:0/0)
2023-06-22T17:20:35.381 INFO:teuthology.orchestra.run.smithi039.stdout:/usr/bin/ceph: stderr
2023-06-22T17:20:34.687+0000 7f858e59c700 1 -- 172.21.15.39:0/741913532 --> [v2:172.21.15.39:3300/0,v1:172.21.15.39:6789/0] -- mon_subscribe({config=0+,monmap=0+}) v3 -- 0x7f85900776d0 con 0x7f8590078c80
2023-06-22T17:20:35.381 INFO:teuthology.orchestra.run.smithi039.stdout:/usr/bin/ceph: stderr
2023-06-22T17:20:34.687+0000 7f858e59c700 1 --2- 172.21.15.39:0/741913532 >> [v2:172.21.15.39:3300/0,v1:172.21.15.39:6789/0] conn(0x7f8590078c80 0x7f8590077190 secure :-1 s=READY pgs=76 cs=0 l=1 rev1=1 crypto rx=0x7f85880098e0 tx=0x7f8588009250 comp rx=0 tx=0).ready entity=mon.0 client_cookie=289c101319570b72 server_cookie=0 in_seq=0 out_seq=0
2023-06-22T17:20:35.381 INFO:teuthology.orchestra.run.smithi039.stdout:/usr/bin/ceph: stderr
2023-06-22T17:20:34.687+0000 7f858d59a700 1 -- 172.21.15.39:0/741913532 <== mon.0 v2:172.21.15.39:3300/0 1 ==== mon_map magic: 0 v1 ==== 205+0+0 (secure 0 0 0) 0x7f8588009e80 con 0x7f8590078c80
2023-06-22T17:20:35.381 INFO:teuthology.orchestra.run.smithi039.stdout:/usr/bin/ceph: stderr
2023-06-22T17:20:34.687+0000 7f858d59a700 1 -- 172.21.15.39:0/741913532 <== mon.0 v2:172.21.15.39:3300/0 2 ==== config(27 keys) v1 ==== 1136+0+0 (secure 0 0 0) 0x7f858800bd40 con 0x7f8590078c80
2023-06-22T17:20:35.381 INFO:teuthology.orchestra.run.smithi039.stdout:/usr/bin/ceph: stderr
2023-06-22T17:20:34.687+0000 7f858d59a700 1 -- 172.21.15.39:0/741913532 <== mon.0 v2:172.21.15.39:3300/0 3 ==== mon_map magic: 0 v1 ==== 205+0+0 (secure 0 0 0) 0x7f8588011d10 con 0x7f8590078c80
2023-06-22T17:20:35.382 INFO:teuthology.orchestra.run.smithi039.stdout:/usr/bin/ceph: stderr
2023-06-22T17:20:34.688+0000 7f8594eca700 1 -- 172.21.15.39:0/741913532 >> [v2:172.21.15.39:3300/0,v1:172.21.15.39:6789/0] conn(0x7f8590078c80 msgr2=0x7f8590077190 secure :-1 s=STATE_CONNECTION_ESTABLISHED l=1).mark_down
2023-06-22T17:20:35.382 INFO:teuthology.orchestra.run.smithi039.stdout:/usr/bin/ceph: stderr
2023-06-22T17:20:34.688+0000 7f8594eca700 1 --2- 172.21.15.39:0/741913532 >> [v2:172.21.15.39:3300/0,v1:172.21.15.39:6789/0] conn(0x7f8590078c80 0x7f8590077190 secure :-1 s=READY pgs=76 cs=0 l=1 rev1=1 crypto rx=0x7f85880098e0 tx=0x7f8588009250 comp rx=0 tx=0).stop
2023-06-22T17:20:35.382 INFO:teuthology.orchestra.run.smithi039.stdout:/usr/bin/ceph: stderr
2023-06-22T17:20:34.688+0000 7f8594eca700 1 -- 172.21.15.39:0/741913532 shutdown_connections
2023-06-22T17:20:35.382 INFO:teuthology.orchestra.run.smithi039.stdout:/usr/bin/ceph: stderr
2023-06-22T17:20:34.688+0000 7f8594eca700 1 --2- 172.21.15.39:0/741913532 >> [v2:172.21.15.39:3300/0,v1:172.21.15.39:6789/0] conn(0x7f8590078c80 0x7f8590077190 unknown :-1 s=CLOSED pgs=76 cs=0 l=1 rev1=1 crypto rx=0 tx=0 comp rx=0 tx=0).stop
2023-06-22T17:20:35.382 INFO:teuthology.orchestra.run.smithi039.stdout:/usr/bin/ceph: stderr
2023-06-22T17:20:34.688+0000 7f8594eca700 1 -- 172.21.15.39:0/741913532 >> 172.21.15.39:0/741913532 conn(0x7f85900fdbc0 msgr2=0x7f85900fffd0 unknown :-1 s=STATE_NONE l=0).mark_down
2023-06-22T17:20:35.382 INFO:teuthology.orchestra.run.smithi039.stdout:/usr/bin/ceph: stderr
2023-06-22T17:20:34.688+0000 7f8594eca700 1 -- 172.21.15.39:0/741913532 shutdown_connections
2023-06-22T17:20:35.383 INFO:teuthology.orchestra.run.smithi039.stdout:/usr/bin/ceph: stderr
2023-06-22T17:20:34.688+0000 7f8594eca700 1 -- 172.21.15.39:0/741913532 wait complete.
2023-06-22T17:20:35.383 INFO:teuthology.orchestra.run.smithi039.stdout:/usr/bin/ceph: stderr
2023-06-22T17:20:34.688+0000 7f8594eca700 1 Processor -- start
2023-06-22T17:20:35.383 INFO:teuthology.orchestra.run.smithi039.stdout:/usr/bin/ceph: stderr
2023-06-22T17:20:34.688+0000 7f8594eca700 1 -- start start
2023-06-22T17:20:35.383 INFO:teuthology.orchestra.run.smithi039.stdout:/usr/bin/ceph: stderr
2023-06-22T17:20:34.688+0000 7f8594eca700 1 --2- >> [v2:172.21.15.39:3300/0,v1:172.21.15.39:6789/0] conn(0x7f8590078c80 0x7f85901132b0 unknown :-1 s=NONE pgs=0 cs=0 l=1 rev1=0 crypto rx=0 tx=0 comp rx=0 tx=0).connect
2023-06-22T17:20:35.383 INFO:teuthology.orchestra.run.smithi039.stdout:/usr/bin/ceph: stderr
2023-06-22T17:20:34.688+0000 7f8594eca700 1 -- --> [v2:172.21.15.39:3300/0,v1:172.21.15.39:6789/0] -- mon_getmap magic: 0 v1 -- 0x7f85901137f0 con 0x7f8590078c80
2023-06-22T17:20:35.383 INFO:teuthology.orchestra.run.smithi039.stdout:/usr/bin/ceph: stderr
2023-06-22T17:20:34.689+0000 7f858e59c700 1 --2- >> [v2:172.21.15.39:3300/0,v1:172.21.15.39:6789/0] conn(0x7f8590078c80 0x7f85901132b0 unknown :-1 s=BANNER_CONNECTING pgs=0 cs=0 l=1 rev1=0 crypto rx=0 tx=0 comp rx=0 tx=0)._handle_peer_banner_payload supported=3 required=0
2023-06-22T17:20:35.383 INFO:teuthology.orchestra.run.smithi039.stdout:/usr/bin/ceph: stderr
