2023-06-22T17:20:18.183+0000 7f05274a7700 1 --2- 172.21.15.39:0/2058763868 >> [v2:172.21.15.39:3300/0,v1:172.21.15.39:6789/0] conn(0x7f0520070dc0 0x7f0520105010 unknown :-1 s=CLOSED pgs=51 cs=0 l=1 rev1=1 crypto rx=0 tx=0 comp rx=0 tx=0).stop
2023-06-22T17:20:18.870 INFO:teuthology.orchestra.run.smithi039.stdout:/usr/bin/ceph: stderr
2023-06-22T17:20:18.183+0000 7f05274a7700 1 -- 172.21.15.39:0/2058763868 >> 172.21.15.39:0/2058763868 conn(0x7f05200fca60 msgr2=0x7f05200fee90 unknown :-1 s=STATE_NONE l=0).mark_down
2023-06-22T17:20:18.870 INFO:teuthology.orchestra.run.smithi039.stdout:/usr/bin/ceph: stderr
2023-06-22T17:20:18.183+0000 7f05274a7700 1 -- 172.21.15.39:0/2058763868 shutdown_connections
2023-06-22T17:20:18.870 INFO:teuthology.orchestra.run.smithi039.stdout:/usr/bin/ceph: stderr
2023-06-22T17:20:18.183+0000 7f05274a7700 1 -- 172.21.15.39:0/2058763868 wait complete.
2023-06-22T17:20:18.870 INFO:teuthology.orchestra.run.smithi039.stdout:/usr/bin/ceph: stderr
2023-06-22T17:20:18.183+0000 7f05274a7700 1 Processor -- start
2023-06-22T17:20:18.871 INFO:teuthology.orchestra.run.smithi039.stdout:/usr/bin/ceph: stderr
2023-06-22T17:20:18.183+0000 7f05274a7700 1 -- start start
2023-06-22T17:20:18.871 INFO:teuthology.orchestra.run.smithi039.stdout:/usr/bin/ceph: stderr
2023-06-22T17:20:18.183+0000 7f05274a7700 1 --2- >> [v2:172.21.15.39:3300/0,v1:172.21.15.39:6789/0] conn(0x7f0520070dc0 0x7f05201110e0 unknown :-1 s=NONE pgs=0 cs=0 l=1 rev1=0 crypto rx=0 tx=0 comp rx=0 tx=0).connect
2023-06-22T17:20:18.871 INFO:teuthology.orchestra.run.smithi039.stdout:/usr/bin/ceph: stderr
2023-06-22T17:20:18.183+0000 7f05274a7700 1 -- --> [v2:172.21.15.39:3300/0,v1:172.21.15.39:6789/0] -- mon_getmap magic: 0 v1 -- 0x7f0520111620 con 0x7f0520070dc0
2023-06-22T17:20:18.871 INFO:teuthology.orchestra.run.smithi039.stdout:/usr/bin/ceph: stderr
2023-06-22T17:20:18.184+0000 7f0525243700 1 --2- >> [v2:172.21.15.39:3300/0,v1:172.21.15.39:6789/0] conn(0x7f0520070dc0 0x7f05201110e0 unknown :-1 s=BANNER_CONNECTING pgs=0 cs=0 l=1 rev1=0 crypto rx=0 tx=0 comp rx=0 tx=0)._handle_peer_banner_payload supported=3 required=0
2023-06-22T17:20:18.871 INFO:teuthology.orchestra.run.smithi039.stdout:/usr/bin/ceph: stderr
2023-06-22T17:20:18.184+0000 7f0525243700 1 --2- >> [v2:172.21.15.39:3300/0,v1:172.21.15.39:6789/0] conn(0x7f0520070dc0 0x7f05201110e0 unknown :-1 s=HELLO_CONNECTING pgs=0 cs=0 l=1 rev1=1 crypto rx=0 tx=0 comp rx=0 tx=0).handle_hello peer v2:172.21.15.39:3300/0 says I am v2:172.21.15.39:35306/0 (socket says 172.21.15.39:35306)
2023-06-22T17:20:18.871 INFO:teuthology.orchestra.run.smithi039.stdout:/usr/bin/ceph: stderr
2023-06-22T17:20:18.184+0000 7f0525243700 1 -- 172.21.15.39:0/959588581 learned_addr learned my addr 172.21.15.39:0/959588581 (peer_addr_for_me v2:172.21.15.39:0/0)
2023-06-22T17:20:18.871 INFO:teuthology.orchestra.run.smithi039.stdout:/usr/bin/ceph: stderr
2023-06-22T17:20:18.184+0000 7f0525243700 1 -- 172.21.15.39:0/959588581 --> [v2:172.21.15.39:3300/0,v1:172.21.15.39:6789/0] -- mon_subscribe({config=0+,monmap=0+}) v3 -- 0x7f051c0094f0 con 0x7f0520070dc0
2023-06-22T17:20:18.871 INFO:teuthology.orchestra.run.smithi039.stdout:/usr/bin/ceph: stderr
2023-06-22T17:20:18.184+0000 7f0525243700 1 --2- 172.21.15.39:0/959588581 >> [v2:172.21.15.39:3300/0,v1:172.21.15.39:6789/0] conn(0x7f0520070dc0 0x7f05201110e0 secure :-1 s=READY pgs=52 cs=0 l=1 rev1=1 crypto rx=0x7f051c0094c0 tx=0x7f051c009250 comp rx=0 tx=0).ready entity=mon.0 client_cookie=0 server_cookie=0 in_seq=0 out_seq=0
2023-06-22T17:20:18.872 INFO:teuthology.orchestra.run.smithi039.stdout:/usr/bin/ceph: stderr
2023-06-22T17:20:18.184+0000 7f0515ffb700 1 -- 172.21.15.39:0/959588581 <== mon.0 v2:172.21.15.39:3300/0 1 ==== mon_map magic: 0 v1 ==== 205+0+0 (secure 0 0 0) 0x7f051c01a760 con 0x7f0520070dc0
2023-06-22T17:20:18.872 INFO:teuthology.orchestra.run.smithi039.stdout:/usr/bin/ceph: stderr
2023-06-22T17:20:18.184+0000 7f0515ffb700 1 -- 172.21.15.39:0/959588581 <== mon.0 v2:172.21.15.39:3300/0 2 ==== config(27 keys) v1 ==== 1136+0+0 (secure 0 0 0) 0x7f051c01ada0 con 0x7f0520070dc0
2023-06-22T17:20:18.872 INFO:teuthology.orchestra.run.smithi039.stdout:/usr/bin/ceph: stderr
2023-06-22T17:20:18.184+0000 7f05274a7700 1 -- 172.21.15.39:0/959588581 --> [v2:172.21.15.39:3300/0,v1:172.21.15.39:6789/0] -- mon_subscribe({mgrmap=0+}) v3 -- 0x7f0520111820 con 0x7f0520070dc0
2023-06-22T17:20:18.872 INFO:teuthology.orchestra.run.smithi039.stdout:/usr/bin/ceph: stderr
2023-06-22T17:20:18.184+0000 7f0515ffb700 1 -- 172.21.15.39:0/959588581 <== mon.0 v2:172.21.15.39:3300/0 3 ==== mon_map magic: 0 v1 ==== 205+0+0 (secure 0 0 0) 0x7f051c019cc0 con 0x7f0520070dc0
2023-06-22T17:20:18.872 INFO:teuthology.orchestra.run.smithi039.stdout:/usr/bin/ceph: stderr
2023-06-22T17:20:18.184+0000 7f05274a7700 1 -- 172.21.15.39:0/959588581 --> [v2:172.21.15.39:3300/0,v1:172.21.15.39:6789/0] -- mon_subscribe({osdmap=0}) v3 -- 0x7f0520111c30 con 0x7f0520070dc0
2023-06-22T17:20:18.872 INFO:teuthology.orchestra.run.smithi039.stdout:/usr/bin/ceph: stderr
2023-06-22T17:20:18.185+0000 7f0515ffb700 1 -- 172.21.15.39:0/959588581 <== mon.0 v2:172.21.15.39:3300/0 4 ==== mgrmap(e 8) v1 ==== 43219+0+0 (secure 0 0 0) 0x7f051c0233a0 con 0x7f0520070dc0
2023-06-22T17:20:18.872 INFO:teuthology.orchestra.run.smithi039.stdout:/usr/bin/ceph: stderr
2023-06-22T17:20:18.185+0000 7f05274a7700 1 -- 172.21.15.39:0/959588581 --> [v2:172.21.15.39:3300/0,v1:172.21.15.39:6789/0] -- mon_command({"prefix": "get_command_descriptions"} v 0) v1 -- 0x7f0520106590 con 0x7f0520070dc0
2023-06-22T17:20:18.873 INFO:teuthology.orchestra.run.smithi039.stdout:/usr/bin/ceph: stderr
2023-06-22T17:20:18.185+0000 7f0515ffb700 1 --2- 172.21.15.39:0/959588581 >> [v2:172.21.15.39:6800/1350590065,v1:172.21.15.39:6801/1350590065] conn(0x7f050c036560 0x7f050c038a10 unknown :-1 s=NONE pgs=0 cs=0 l=1 rev1=0 crypto rx=0 tx=0 comp rx=0 tx=0).connect
2023-06-22T17:20:18.873 INFO:teuthology.orchestra.run.smithi039.stdout:/usr/bin/ceph: stderr
2023-06-22T17:20:18.185+0000 7f0515ffb700 1 -- 172.21.15.39:0/959588581 <== mon.0 v2:172.21.15.39:3300/0 5 ==== osd_map(2..2 src has 1..2) v4 ==== 936+0+0 (secure 0 0 0) 0x7f051c04a100 con 0x7f0520070dc0
2023-06-22T17:20:18.873 INFO:teuthology.orchestra.run.smithi039.stdout:/usr/bin/ceph: stderr
2023-06-22T17:20:18.186+0000 7f0524a42700 1 --2- 172.21.15.39:0/959588581 >> [v2:172.21.15.39:6800/1350590065,v1:172.21.15.39:6801/1350590065] conn(0x7f050c036560 0x7f050c038a10 unknown :-1 s=BANNER_CONNECTING pgs=0 cs=0 l=1 rev1=0 crypto rx=0 tx=0 comp rx=0 tx=0)._handle_peer_banner_payload supported=3 required=0
2023-06-22T17:20:18.873 INFO:teuthology.orchestra.run.smithi039.stdout:/usr/bin/ceph: stderr
2023-06-22T17:20:18.186+0000 7f0524a42700 1 --2- 172.21.15.39:0/959588581 >> [v2:172.21.15.39:6800/1350590065,v1:172.21.15.39:6801/1350590065] conn(0x7f050c036560 0x7f050c038a10 secure :-1 s=READY pgs=15 cs=0 l=1 rev1=1 crypto rx=0x7f0510009990 tx=0x7f0510006e40 comp rx=0 tx=0).ready entity=mgr.14118 client_cookie=0 server_cookie=0 in_seq=0 out_seq=0
2023-06-22T17:20:18.873 INFO:teuthology.orchestra.run.smithi039.stdout:/usr/bin/ceph: stderr
2023-06-22T17:20:18.190+0000 7f0515ffb700 1 -- 172.21.15.39:0/959588581 <== mon.0 v2:172.21.15.39:3300/0 6 ==== mon_command_ack([{"prefix": "get_command_descriptions"}]=0 v0) v1 ==== 72+0+174561 (secure 0 0 0) 0x7f051c0228f0 con 0x7f0520070dc0
2023-06-22T17:20:18.873 INFO:teuthology.orchestra.run.smithi039.stdout:/usr/bin/ceph: stderr
2023-06-22T17:20:18.390+0000 7f05274a7700 1 -- 172.21.15.39:0/959588581 --> [v2:172.21.15.39:3300/0,v1:172.21.15.39:6789/0] -- mon_command([{prefix=config set, name=mgr/dashboard/ssl_server_port}] v 0) v1 -- 0x7f0520114690 con 0x7f0520070dc0
2023-06-22T17:20:18.873 INFO:teuthology.orchestra.run.smithi039.stdout:/usr/bin/ceph: stderr
2023-06-22T17:20:18.398+0000 7f0515ffb700 1 -- 172.21.15.39:0/959588581 <== mon.0 v2:172.21.15.39:3300/0 7 ==== mon_command_ack([{prefix=config set, name=mgr/dashboard/ssl_server_port}]=0 v8)=0 v8) v1 ==== 130+0+0 (secure 0 0 0) 0x7f051c049a60 con 0x7f0520070dc0
2023-06-22T17:20:18.874 INFO:teuthology.orchestra.run.smithi039.stdout:/usr/bin/ceph: stderr
2023-06-22T17:20:18.400+0000 7f05274a7700 1 -- 172.21.15.39:0/959588581 >> [v2:172.21.15.39:6800/1350590065,v1:172.21.15.39:6801/1350590065] conn(0x7f050c036560 msgr2=0x7f050c038a10 secure :-1 s=STATE_CONNECTION_ESTABLISHED l=1).mark_down
2023-06-22T17:20:18.874 INFO:teuthology.orchestra.run.smithi039.stdout:/usr/bin/ceph: stderr
2023-06-22T17:20:18.400+0000 7f05274a7700 1 --2- 172.21.15.39:0/959588581 >> [v2:172.21.15.39:6800/1350590065,v1:172.21.15.39:6801/1350590065] conn(0x7f050c036560 0x7f050c038a10 secure :-1 s=READY pgs=15 cs=0 l=1 rev1=1 crypto rx=0x7f0510009990 tx=0x7f0510006e40 comp rx=0 tx=0).stop
2023-06-22T17:20:18.874 INFO:teuthology.orchestra.run.smithi039.stdout:/usr/bin/ceph: stderr
2023-06-22T17:20:18.400+0000 7f05274a7700 1 -- 172.21.15.39:0/959588581 >> [v2:172.21.15.39:3300/0,v1:172.21.15.39:6789/0] conn(0x7f0520070dc0 msgr2=0x7f05201110e0 secure :-1 s=STATE_CONNECTION_ESTABLISHED l=1).mark_down
2023-06-22T17:20:18.874 INFO:teuthology.orchestra.run.smithi039.stdout:/usr/bin/ceph: stderr
2023-06-22T17:20:18.400+0000 7f05274a7700 1 --2- 172.21.15.39:0/959588581 >> [v2:172.21.15.39:3300/0,v1:172.21.15.39:6789/0] conn(0x7f0520070dc0 0x7f05201110e0 secure :-1 s=READY pgs=52 cs=0 l=1 rev1=1 crypto rx=0x7f051c0094c0 tx=0x7f051c009250 comp rx=0 tx=0).stop
2023-06-22T17:20:18.874 INFO:teuthology.orchestra.run.smithi039.stdout:/usr/bin/ceph: stderr
2023-06-22T17:20:18.400+0000 7f05274a7700 1 -- 172.21.15.39:0/959588581 shutdown_connections
2023-06-22T17:20:18.874 INFO:teuthology.orchestra.run.smithi039.stdout:/usr/bin/ceph: stderr
2023-06-22T17:20:18.400+0000 7f05274a7700 1 --2- 172.21.15.39:0/959588581 >> [v2:172.21.15.39:6800/1350590065,v1:172.21.15.39:6801/1350590065] conn(0x7f050c036560 0x7f050c038a10 unknown :-1 s=CLOSED pgs=15 cs=0 l=1 rev1=1 crypto rx=0 tx=0 comp rx=0 tx=0).stop
2023-06-22T17:20:18.874 INFO:teuthology.orchestra.run.smithi039.stdout:/usr/bin/ceph: stderr
2023-06-22T17:20:18.400+0000 7f05274a7700 1 --2- 172.21.15.39:0/959588581 >> [v2:172.21.15.39:3300/0,v1:172.21.15.39:6789/0] conn(0x7f0520070dc0 0x7f05201110e0 unknown :-1 s=CLOSED pgs=52 cs=0 l=1 rev1=1 crypto rx=0 tx=0 comp rx=0 tx=0).stop
2023-06-22T17:20:18.875 INFO:teuthology.orchestra.run.smithi039.stdout:/usr/bin/ceph: stderr
2023-06-22T17:20:18.400+0000 7f05274a7700 1 -- 172.21.15.39:0/959588581 >> 172.21.15.39:0/959588581 conn(0x7f05200fca60 msgr2=0x7f05200fd800 unknown :-1 s=STATE_NONE l=0).mark_down
2023-06-22T17:20:18.875 INFO:teuthology.orchestra.run.smithi039.stdout:/usr/bin/ceph: stderr
2023-06-22T17:20:18.401+0000 7f05274a7700 1 -- 172.21.15.39:0/959588581 shutdown_connections
2023-06-22T17:20:18.875 INFO:teuthology.orchestra.run.smithi039.stdout:/usr/bin/ceph: stderr
2023-06-22T17:20:18.401+0000 7f05274a7700 1 -- 172.21.15.39:0/959588581 wait complete.
2023-06-22T17:20:18.875 INFO:teuthology.orchestra.run.smithi039.stdout:Enabling the dashboard module...
2023-06-22T17:20:19.682 INFO:journalctl@ceph.mon.a.smithi039.stdout:Jun 22 17:20:19 smithi039 ceph-mon[84805]: from='client.? 172.21.15.39:0/959588581' entity='client.admin'
2023-06-22T17:20:19.682 INFO:journalctl@ceph.mon.a.smithi039.stdout:Jun 22 17:20:19 smithi039 ceph-mon[84805]: from='mgr.14118 172.21.15.39:0/1180832241' entity='mgr.x'
2023-06-22T17:20:20.682 INFO:journalctl@ceph.mon.a.smithi039.stdout:Jun 22 17:20:20 smithi039 ceph-mon[84805]: from='client.? 172.21.15.39:0/3535937215' entity='client.admin' cmd=[{"prefix": "mgr module enable", "module": "dashboard"}]: dispatch
2023-06-22T17:20:20.683 INFO:journalctl@ceph.mon.a.smithi039.stdout:Jun 22 17:20:20 smithi039 ceph-mon[84805]: from='mgr.14118 172.21.15.39:0/1180832241' entity='mgr.x'
2023-06-22T17:20:20.683 INFO:journalctl@ceph.mgr.x.smithi039.stdout:Jun 22 17:20:20 smithi039 conmon[85217]: ignoring --setuser ceph since I am not root
2023-06-22T17:20:20.683 INFO:journalctl@ceph.mgr.x.smithi039.stdout:Jun 22 17:20:20 smithi039 conmon[85217]: ignoring --setgroup ceph since I am not root
2023-06-22T17:20:20.806 INFO:teuthology.orchestra.run.smithi039.stdout:/usr/bin/ceph: stderr
2023-06-22T17:20:19.332+0000 7f4fd0070700 1 Processor -- start
2023-06-22T17:20:20.806 INFO:teuthology.orchestra.run.smithi039.stdout:/usr/bin/ceph: stderr
2023-06-22T17:20:19.332+0000 7f4fd0070700 1 -- start start
2023-06-22T17:20:20.806 INFO:teuthology.orchestra.run.smithi039.stdout:/usr/bin/ceph: stderr
2023-06-22T17:20:19.332+0000 7f4fd0070700 1 --2- >> [v2:172.21.15.39:3300/0,v1:172.21.15.39:6789/0] conn(0x7f4fc8103a40 0x7f4fc8103e50 unknown :-1 s=NONE pgs=0 cs=0 l=0 rev1=0 crypto rx=0 tx=0 comp rx=0 tx=0).connect
2023-06-22T17:20:20.807 INFO:teuthology.orchestra.run.smithi039.stdout:/usr/bin/ceph: stderr
2023-06-22T17:20:19.332+0000 7f4fd0070700 1 -- --> [v2:172.21.15.39:3300/0,v1:172.21.15.39:6789/0] -- mon_getmap magic: 0 v1 -- 0x7f4fc8104390 con 0x7f4fc8103a40
2023-06-22T17:20:20.807 INFO:teuthology.orchestra.run.smithi039.stdout:/usr/bin/ceph: stderr
2023-06-22T17:20:19.332+0000 7f4fcde0c700 1 --2- >> [v2:172.21.15.39:3300/0,v1:172.21.15.39:6789/0] conn(0x7f4fc8103a40 0x7f4fc8103e50 unknown :-1 s=BANNER_CONNECTING pgs=0 cs=0 l=0 rev1=0 crypto rx=0 tx=0 comp rx=0 tx=0)._handle_peer_banner_payload supported=3 required=0
2023-06-22T17:20:20.807 INFO:teuthology.orchestra.run.smithi039.stdout:/usr/bin/ceph: stderr
2023-06-22T17:20:19.332+0000 7f4fcde0c700 1 --2- >> [v2:172.21.15.39:3300/0,v1:172.21.15.39:6789/0] conn(0x7f4fc8103a40 0x7f4fc8103e50 unknown :-1 s=HELLO_CONNECTING pgs=0 cs=0 l=0 rev1=1 crypto rx=0 tx=0 comp rx=0 tx=0).handle_hello peer v2:172.21.15.39:3300/0 says I am v2:172.21.15.39:35316/0 (socket says 172.21.15.39:35316)
2023-06-22T17:20:20.807 INFO:teuthology.orchestra.run.smithi039.stdout:/usr/bin/ceph: stderr
2023-06-22T17:20:19.332+0000 7f4fcde0c700 1 -- 172.21.15.39:0/850295668 learned_addr learned my addr 172.21.15.39:0/850295668 (peer_addr_for_me v2:172.21.15.39:0/0)
2023-06-22T17:20:20.807 INFO:teuthology.orchestra.run.smithi039.stdout:/usr/bin/ceph: stderr
2023-06-22T17:20:19.333+0000 7f4fcde0c700 1 -- 172.21.15.39:0/850295668 --> [v2:172.21.15.39:3300/0,v1:172.21.15.39:6789/0] -- mon_subscribe({config=0+,monmap=0+}) v3 -- 0x7f4fc81044d0 con 0x7f4fc8103a40
2023-06-22T17:20:20.807 INFO:teuthology.orchestra.run.smithi039.stdout:/usr/bin/ceph: stderr
2023-06-22T17:20:19.333+0000 7f4fcde0c700 1 --2- 172.21.15.39:0/850295668 >> [v2:172.21.15.39:3300/0,v1:172.21.15.39:6789/0] conn(0x7f4fc8103a40 0x7f4fc8103e50 secure :-1 s=READY pgs=53 cs=0 l=1 rev1=1 crypto rx=0x7f4fc40098e0 tx=0x7f4fc4009250 comp rx=0 tx=0).ready entity=mon.0 client_cookie=52bcb62a7bc5c340 server_cookie=0 in_seq=0 out_seq=0
2023-06-22T17:20:20.807 INFO:teuthology.orchestra.run.smithi039.stdout:/usr/bin/ceph: stderr
2023-06-22T17:20:19.333+0000 7f4fcce0a700 1 -- 172.21.15.39:0/850295668 <== mon.0 v2:172.21.15.39:3300/0 1 ==== mon_map magic: 0 v1 ==== 205+0+0 (secure 0 0 0) 0x7f4fc4009e80 con 0x7f4fc8103a40
2023-06-22T17:20:20.808 INFO:teuthology.orchestra.run.smithi039.stdout:/usr/bin/ceph: stderr
2023-06-22T17:20:19.333+0000 7f4fcce0a700 1 -- 172.21.15.39:0/850295668 <== mon.0 v2:172.21.15.39:3300/0 2 ==== config(27 keys) v1 ==== 1136+0+0 (secure 0 0 0) 0x7f4fc400bd40 con 0x7f4fc8103a40
2023-06-22T17:20:20.808 INFO:teuthology.orchestra.run.smithi039.stdout:/usr/bin/ceph: stderr
2023-06-22T17:20:19.333+0000 7f4fcce0a700 1 -- 172.21.15.39:0/850295668 <== mon.0 v2:172.21.15.39:3300/0 3 ==== mon_map magic: 0 v1 ==== 205+0+0 (secure 0 0 0) 0x7f4fc4011d10 con 0x7f4fc8103a40
2023-06-22T17:20:20.808 INFO:teuthology.orchestra.run.smithi039.stdout:/usr/bin/ceph: stderr
2023-06-22T17:20:19.333+0000 7f4fd0070700 1 -- 172.21.15.39:0/850295668 >> [v2:172.21.15.39:3300/0,v1:172.21.15.39:6789/0] conn(0x7f4fc8103a40 msgr2=0x7f4fc8103e50 secure :-1 s=STATE_CONNECTION_ESTABLISHED l=1).mark_down
2023-06-22T17:20:20.808 INFO:teuthology.orchestra.run.smithi039.stdout:/usr/bin/ceph: stderr
2023-06-22T17:20:19.333+0000 7f4fd0070700 1 --2- 172.21.15.39:0/850295668 >> [v2:172.21.15.39:3300/0,v1:172.21.15.39:6789/0] conn(0x7f4fc8103a40 0x7f4fc8103e50 secure :-1 s=READY pgs=53 cs=0 l=1 rev1=1 crypto rx=0x7f4fc40098e0 tx=0x7f4fc4009250 comp rx=0 tx=0).stop
2023-06-22T17:20:20.808 INFO:teuthology.orchestra.run.smithi039.stdout:/usr/bin/ceph: stderr
2023-06-22T17:20:19.333+0000 7f4fd0070700 1 -- 172.21.15.39:0/850295668 shutdown_connections
2023-06-22T17:20:20.808 INFO:teuthology.orchestra.run.smithi039.stdout:/usr/bin/ceph: stderr
2023-06-22T17:20:19.333+0000 7f4fd0070700 1 --2- 172.21.15.39:0/850295668 >> [v2:172.21.15.39:3300/0,v1:172.21.15.39:6789/0] conn(0x7f4fc8103a40 0x7f4fc8103e50 unknown :-1 s=CLOSED pgs=53 cs=0 l=1 rev1=1 crypto rx=0 tx=0 comp rx=0 tx=0).stop
2023-06-22T17:20:20.808 INFO:teuthology.orchestra.run.smithi039.stdout:/usr/bin/ceph: stderr
2023-06-22T17:20:19.333+0000 7f4fd0070700 1 -- 172.21.15.39:0/850295668 >> 172.21.15.39:0/850295668 conn(0x7f4fc80fc1e0 msgr2=0x7f4fc80fe610 unknown :-1 s=STATE_NONE l=0).mark_down
2023-06-22T17:20:20.808 INFO:teuthology.orchestra.run.smithi039.stdout:/usr/bin/ceph: stderr
2023-06-22T17:20:19.334+0000 7f4fd0070700 1 -- 172.21.15.39:0/850295668 shutdown_connections
2023-06-22T17:20:20.809 INFO:teuthology.orchestra.run.smithi039.stdout:/usr/bin/ceph: stderr
2023-06-22T17:20:19.334+0000 7f4fd0070700 1 -- 172.21.15.39:0/850295668 wait complete.
2023-06-22T17:20:20.809 INFO:teuthology.orchestra.run.smithi039.stdout:/usr/bin/ceph: stderr
2023-06-22T17:20:19.334+0000 7f4fd0070700 1 Processor -- start
2023-06-22T17:20:20.809 INFO:teuthology.orchestra.run.smithi039.stdout:/usr/bin/ceph: stderr
2023-06-22T17:20:19.334+0000 7f4fd0070700 1 -- start start
2023-06-22T17:20:20.809 INFO:teuthology.orchestra.run.smithi039.stdout:/usr/bin/ceph: stderr
2023-06-22T17:20:19.334+0000 7f4fd0070700 1 --2- >> [v2:172.21.15.39:3300/0,v1:172.21.15.39:6789/0] conn(0x7f4fc8103a40 0x7f4fc81110b0 unknown :-1 s=NONE pgs=0 cs=0 l=1 rev1=0 crypto rx=0 tx=0 comp rx=0 tx=0).connect
2023-06-22T17:20:20.809 INFO:teuthology.orchestra.run.smithi039.stdout:/usr/bin/ceph: stderr
2023-06-22T17:20:19.334+0000 7f4fd0070700 1 -- --> [v2:172.21.15.39:3300/0,v1:172.21.15.39:6789/0] -- mon_getmap magic: 0 v1 -- 0x7f4fc81115f0 con 0x7f4fc8103a40
2023-06-22T17:20:20.809 INFO:teuthology.orchestra.run.smithi039.stdout:/usr/bin/ceph: stderr
2023-06-22T17:20:19.334+0000 7f4fcde0c700 1 --2- >> [v2:172.21.15.39:3300/0,v1:172.21.15.39:6789/0] conn(0x7f4fc8103a40 0x7f4fc81110b0 unknown :-1 s=BANNER_CONNECTING pgs=0 cs=0 l=1 rev1=0 crypto rx=0 tx=0 comp rx=0 tx=0)._handle_peer_banner_payload supported=3 required=0
2023-06-22T17:20:20.809 INFO:teuthology.orchestra.run.smithi039.stdout:/usr/bin/ceph: stderr
2023-06-22T17:20:19.334+0000 7f4fcde0c700 1 --2- >> [v2:172.21.15.39:3300/0,v1:172.21.15.39:6789/0] conn(0x7f4fc8103a40 0x7f4fc81110b0 unknown :-1 s=HELLO_CONNECTING pgs=0 cs=0 l=1 rev1=1 crypto rx=0 tx=0 comp rx=0 tx=0).handle_hello peer v2:172.21.15.39:3300/0 says I am v2:172.21.15.39:35318/0 (socket says 172.21.15.39:35318)
2023-06-22T17:20:20.810 INFO:teuthology.orchestra.run.smithi039.stdout:/usr/bin/ceph: stderr
2023-06-22T17:20:19.334+0000 7f4fcde0c700 1 -- 172.21.15.39:0/3535937215 learned_addr learned my addr 172.21.15.39:0/3535937215 (peer_addr_for_me v2:172.21.15.39:0/0)
2023-06-22T17:20:20.810 INFO:teuthology.orchestra.run.smithi039.stdout:/usr/bin/ceph: stderr
2023-06-22T17:20:19.335+0000 7f4fcde0c700 1 -- 172.21.15.39:0/3535937215 --> [v2:172.21.15.39:3300/0,v1:172.21.15.39:6789/0] -- mon_subscribe({config=0+,monmap=0+}) v3 -- 0x7f4fc40094f0 con 0x7f4fc8103a40
2023-06-22T17:20:20.810 INFO:teuthology.orchestra.run.smithi039.stdout:/usr/bin/ceph: stderr
2023-06-22T17:20:19.335+0000 7f4fcde0c700 1 --2- 172.21.15.39:0/3535937215 >> [v2:172.21.15.39:3300/0,v1:172.21.15.39:6789/0] conn(0x7f4fc8103a40 0x7f4fc81110b0 secure :-1 s=READY pgs=54 cs=0 l=1 rev1=1 crypto rx=0x7f4fc40094c0 tx=0x7f4fc4009250 comp rx=0 tx=0).ready entity=mon.0 client_cookie=0 server_cookie=0 in_seq=0 out_seq=0
2023-06-22T17:20:20.810 INFO:teuthology.orchestra.run.smithi039.stdout:/usr/bin/ceph: stderr
2023-06-22T17:20:19.335+0000 7f4fbe7fc700 1 -- 172.21.15.39:0/3535937215 <== mon.0 v2:172.21.15.39:3300/0 1 ==== mon_map magic: 0 v1 ==== 205+0+0 (secure 0 0 0) 0x7f4fc401a760 con 0x7f4fc8103a40
2023-06-22T17:20:20.810 INFO:teuthology.orchestra.run.smithi039.stdout:/usr/bin/ceph: stderr
2023-06-22T17:20:19.335+0000 7f4fd0070700 1 -- 172.21.15.39:0/3535937215 --> [v2:172.21.15.39:3300/0,v1:172.21.15.39:6789/0] -- mon_subscribe({mgrmap=0+}) v3 -- 0x7f4fc81117f0 con 0x7f4fc8103a40
2023-06-22T17:20:20.810 INFO:teuthology.orchestra.run.smithi039.stdout:/usr/bin/ceph: stderr
2023-06-22T17:20:19.335+0000 7f4fbe7fc700 1 -- 172.21.15.39:0/3535937215 <== mon.0 v2:172.21.15.39:3300/0 2 ==== config(27 keys) v1 ==== 1136+0+0 (secure 0 0 0) 0x7f4fc401ada0 con 0x7f4fc8103a40
2023-06-22T17:20:20.810 INFO:teuthology.orchestra.run.smithi039.stdout:/usr/bin/ceph: stderr
2023-06-22T17:20:19.335+0000 7f4fbe7fc700 1 -- 172.21.15.39:0/3535937215 <== mon.0 v2:172.21.15.39:3300/0 3 ==== mon_map magic: 0 v1 ==== 205+0+0 (secure 0 0 0) 0x7f4fc4019cf0 con 0x7f4fc8103a40
2023-06-22T17:20:20.810 INFO:teuthology.orchestra.run.smithi039.stdout:/usr/bin/ceph: stderr
2023-06-22T17:20:19.335+0000 7f4fd0070700 1 -- 172.21.15.39:0/3535937215 --> [v2:172.21.15.39:3300/0,v1:172.21.15.39:6789/0] -- mon_subscribe({osdmap=0}) v3 -- 0x7f4fc8111c00 con 0x7f4fc8103a40
2023-06-22T17:20:20.811 INFO:teuthology.orchestra.run.smithi039.stdout:/usr/bin/ceph: stderr
2023-06-22T17:20:19.336+0000 7f4fbe7fc700 1 -- 172.21.15.39:0/3535937215 <== mon.0 v2:172.21.15.39:3300/0 4 ==== mgrmap(e 8) v1 ==== 43219+0+0 (secure 0 0 0) 0x7f4fc401a8c0 con 0x7f4fc8103a40
2023-06-22T17:20:20.811 INFO:teuthology.orchestra.run.smithi039.stdout:/usr/bin/ceph: stderr
2023-06-22T17:20:19.336+0000 7f4fd0070700 1 -- 172.21.15.39:0/3535937215 --> [v2:172.21.15.39:3300/0,v1:172.21.15.39:6789/0] -- mon_command({"prefix": "get_command_descriptions"} v 0) v1 -- 0x7f4fc805f060 con 0x7f4fc8103a40
2023-06-22T17:20:20.811 INFO:teuthology.orchestra.run.smithi039.stdout:/usr/bin/ceph: stderr
2023-06-22T17:20:19.336+0000 7f4fbe7fc700 1 --2- 172.21.15.39:0/3535937215 >> [v2:172.21.15.39:6800/1350590065,v1:172.21.15.39:6801/1350590065] conn(0x7f4fb4036560 0x7f4fb4038a10 unknown :-1 s=NONE pgs=0 cs=0 l=1 rev1=0 crypto rx=0 tx=0 comp rx=0 tx=0).connect
2023-06-22T17:20:20.811 INFO:teuthology.orchestra.run.smithi039.stdout:/usr/bin/ceph: stderr
2023-06-22T17:20:19.336+0000 7f4fbe7fc700 1 -- 172.21.15.39:0/3535937215 <== mon.0 v2:172.21.15.39:3300/0 5 ==== osd_map(2..2 src has 1..2) v4 ==== 936+0+0 (secure 0 0 0) 0x7f4fc4049ef0 con 0x7f4fc8103a40
2023-06-22T17:20:20.811 INFO:teuthology.orchestra.run.smithi039.stdout:/usr/bin/ceph: stderr
2023-06-22T17:20:19.336+0000 7f4fcd60b700 1 --2- 172.21.15.39:0/3535937215 >> [v2:172.21.15.39:6800/1350590065,v1:172.21.15.39:6801/1350590065] conn(0x7f4fb4036560 0x7f4fb4038a10 unknown :-1 s=BANNER_CONNECTING pgs=0 cs=0 l=1 rev1=0 crypto rx=0 tx=0 comp rx=0 tx=0)._handle_peer_banner_payload supported=3 required=0
2023-06-22T17:20:20.811 INFO:teuthology.orchestra.run.smithi039.stdout:/usr/bin/ceph: stderr
2023-06-22T17:20:19.337+0000 7f4fcd60b700 1 --2- 172.21.15.39:0/3535937215 >> [v2:172.21.15.39:6800/1350590065,v1:172.21.15.39:6801/1350590065] conn(0x7f4fb4036560 0x7f4fb4038a10 secure :-1 s=READY pgs=16 cs=0 l=1 rev1=1 crypto rx=0x7f4fb8009990 tx=0x7f4fb8006e40 comp rx=0 tx=0).ready entity=mgr.14118 client_cookie=0 server_cookie=0 in_seq=0 out_seq=0
2023-06-22T17:20:20.811 INFO:teuthology.orchestra.run.smithi039.stdout:/usr/bin/ceph: stderr
2023-06-22T17:20:19.341+0000 7f4fbe7fc700 1 -- 172.21.15.39:0/3535937215 <== mon.0 v2:172.21.15.39:3300/0 6 ==== mon_command_ack([{"prefix": "get_command_descriptions"}]=0 v0) v1 ==== 72+0+174561 (secure 0 0 0) 0x7f4fc40195e0 con 0x7f4fc8103a40
2023-06-22T17:20:20.811 INFO:teuthology.orchestra.run.smithi039.stdout:/usr/bin/ceph: stderr
2023-06-22T17:20:19.593+0000 7f4fd0070700 1 -- 172.21.15.39:0/3535937215 --> [v2:172.21.15.39:3300/0,v1:172.21.15.39:6789/0] -- mon_command({"prefix": "mgr module enable", "module": "dashboard"} v 0) v1 -- 0x7f4fc8101040 con 0x7f4fc8103a40
2023-06-22T17:20:20.812 INFO:teuthology.orchestra.run.smithi039.stdout:/usr/bin/ceph: stderr
2023-06-22T17:20:20.409+0000 7f4fbe7fc700 1 -- 172.21.15.39:0/3535937215 <== mon.0 v2:172.21.15.39:3300/0 7 ==== mgrmap(e 9) v1 ==== 43232+0+0 (secure 0 0 0) 0x7f4fc40233a0 con 0x7f4fc8103a40
2023-06-22T17:20:20.812 INFO:teuthology.orchestra.run.smithi039.stdout:/usr/bin/ceph: stderr
2023-06-22T17:20:20.410+0000 7f4fbe7fc700 1 -- 172.21.15.39:0/3535937215 <== mon.0 v2:172.21.15.39:3300/0 8 ==== mon_command_ack([{"prefix": "mgr module enable", "module": "dashboard"}]=0 v9) v1 ==== 88+0+0 (secure 0 0 0) 0x7f4fc4041430 con 0x7f4fc8103a40
2023-06-22T17:20:20.812 INFO:teuthology.orchestra.run.smithi039.stdout:/usr/bin/ceph: stderr
2023-06-22T17:20:20.412+0000 7f4fd0070700 1 -- 172.21.15.39:0/3535937215 >> [v2:172.21.15.39:6800/1350590065,v1:172.21.15.39:6801/1350590065] conn(0x7f4fb4036560 msgr2=0x7f4fb4038a10 secure :-1 s=STATE_CONNECTION_ESTABLISHED l=1).mark_down
2023-06-22T17:20:20.812 INFO:teuthology.orchestra.run.smithi039.stdout:/usr/bin/ceph: stderr
2023-06-22T17:20:20.412+0000 7f4fd0070700 1 --2- 172.21.15.39:0/3535937215 >> [v2:172.21.15.39:6800/1350590065,v1:172.21.15.39:6801/1350590065] conn(0x7f4fb4036560 0x7f4fb4038a10 secure :-1 s=READY pgs=16 cs=0 l=1 rev1=1 crypto rx=0x7f4fb8009990 tx=0x7f4fb8006e40 comp rx=0 tx=0).stop
2023-06-22T17:20:20.812 INFO:teuthology.orchestra.run.smithi039.stdout:/usr/bin/ceph: stderr
2023-06-22T17:20:20.412+0000 7f4fd0070700 1 -- 172.21.15.39:0/3535937215 >> [v2:172.21.15.39:3300/0,v1:172.21.15.39:6789/0] conn(0x7f4fc8103a40 msgr2=0x7f4fc81110b0 secure :-1 s=STATE_CONNECTION_ESTABLISHED l=1).mark_down
2023-06-22T17:20:20.812 INFO:teuthology.orchestra.run.smithi039.stdout:/usr/bin/ceph: stderr
2023-06-22T17:20:20.412+0000 7f4fd0070700 1 --2- 172.21.15.39:0/3535937215 >> [v2:172.21.15.39:3300/0,v1:172.21.15.39:6789/0] conn(0x7f4fc8103a40 0x7f4fc81110b0 secure :-1 s=READY pgs=54 cs=0 l=1 rev1=1 crypto rx=0x7f4fc40094c0 tx=0x7f4fc4009250 comp rx=0 tx=0).stop
2023-06-22T17:20:20.812 INFO:teuthology.orchestra.run.smithi039.stdout:/usr/bin/ceph: stderr
2023-06-22T17:20:20.412+0000 7f4fd0070700 1 -- 172.21.15.39:0/3535937215 shutdown_connections
2023-06-22T17:20:20.813 INFO:teuthology.orchestra.run.smithi039.stdout:/usr/bin/ceph: stderr
2023-06-22T17:20:20.412+0000 7f4fd0070700 1 --2- 172.21.15.39:0/3535937215 >> [v2:172.21.15.39:6800/1350590065,v1:172.21.15.39:6801/1350590065] conn(0x7f4fb4036560 0x7f4fb4038a10 unknown :-1 s=CLOSED pgs=16 cs=0 l=1 rev1=1 crypto rx=0 tx=0 comp rx=0 tx=0).stop
2023-06-22T17:20:20.813 INFO:teuthology.orchestra.run.smithi039.stdout:/usr/bin/ceph: stderr
2023-06-22T17:20:20.412+0000 7f4fd0070700 1 --2- 172.21.15.39:0/3535937215 >> [v2:172.21.15.39:3300/0,v1:172.21.15.39:6789/0] conn(0x7f4fc8103a40 0x7f4fc81110b0 unknown :-1 s=CLOSED pgs=54 cs=0 l=1 rev1=1 crypto rx=0 tx=0 comp rx=0 tx=0).stop
2023-06-22T17:20:20.813 INFO:teuthology.orchestra.run.smithi039.stdout:/usr/bin/ceph: stderr
2023-06-22T17:20:20.412+0000 7f4fd0070700 1 -- 172.21.15.39:0/3535937215 >> 172.21.15.39:0/3535937215 conn(0x7f4fc80fc1e0 msgr2=0x7f4fc80fcf50 unknown :-1 s=STATE_NONE l=0).mark_down
2023-06-22T17:20:20.813 INFO:teuthology.orchestra.run.smithi039.stdout:/usr/bin/ceph: stderr
2023-06-22T17:20:20.412+0000 7f4fd0070700 1 -- 172.21.15.39:0/3535937215 shutdown_connections
2023-06-22T17:20:20.813 INFO:teuthology.orchestra.run.smithi039.stdout:/usr/bin/ceph: stderr
2023-06-22T17:20:20.412+0000 7f4fd0070700 1 -- 172.21.15.39:0/3535937215 wait complete.
2023-06-22T17:20:21.678 INFO:journalctl@ceph.mon.a.smithi039.stdout:Jun 22 17:20:21 smithi039 ceph-mon[84805]: from='client.? 172.21.15.39:0/3535937215' entity='client.admin' cmd='[{"prefix": "mgr module enable", "module": "dashboard"}]': finished
2023-06-22T17:20:21.678 INFO:journalctl@ceph.mon.a.smithi039.stdout:Jun 22 17:20:21 smithi039 ceph-mon[84805]: mgrmap e9: x(active, since 15s)
2023-06-22T17:20:21.932 INFO:journalctl@ceph.mgr.x.smithi039.stdout:Jun 22 17:20:21 smithi039 conmon[85217]:
2023-06-22T17:20:21.794+0000 7f0347eb41c0 -1 mgr[py] Module prometheus has missing NOTIFY_TYPES member
2023-06-22T17:20:22.059 INFO:teuthology.orchestra.run.smithi039.stdout:/usr/bin/ceph: stdout {
2023-06-22T17:20:22.059 INFO:teuthology.orchestra.run.smithi039.stdout:/usr/bin/ceph: stdout "epoch": 9,
2023-06-22T17:20:22.060 INFO:teuthology.orchestra.run.smithi039.stdout:/usr/bin/ceph: stdout "available": true,
2023-06-22T17:20:22.060 INFO:teuthology.orchestra.run.smithi039.stdout:/usr/bin/ceph: stdout "active_name": "x",
2023-06-22T17:20:22.060 INFO:teuthology.orchestra.run.smithi039.stdout:/usr/bin/ceph: stdout "num_standby": 0
2023-06-22T17:20:22.060 INFO:teuthology.orchestra.run.smithi039.stdout:/usr/bin/ceph: stdout }
2023-06-22T17:20:22.060 INFO:teuthology.orchestra.run.smithi039.stdout:/usr/bin/ceph: stderr
2023-06-22T17:20:21.313+0000 7fbf37869700 1 Processor -- start
2023-06-22T17:20:22.060 INFO:teuthology.orchestra.run.smithi039.stdout:/usr/bin/ceph: stderr
2023-06-22T17:20:21.313+0000 7fbf37869700 1 -- start start
2023-06-22T17:20:22.060 INFO:teuthology.orchestra.run.smithi039.stdout:/usr/bin/ceph: stderr
2023-06-22T17:20:21.314+0000 7fbf37869700 1 --2- >> [v2:172.21.15.39:3300/0,v1:172.21.15.39:6789/0] conn(0x7fbf30070dc0 0x7fbf30107410 unknown :-1 s=NONE pgs=0 cs=0 l=0 rev1=0 crypto rx=0 tx=0 comp rx=0 tx=0).connect
2023-06-22T17:20:22.061 INFO:teuthology.orchestra.run.smithi039.stdout:/usr/bin/ceph: stderr
2023-06-22T17:20:21.314+0000 7fbf37869700 1 -- --> [v2:172.21.15.39:3300/0,v1:172.21.15.39:6789/0] -- mon_getmap magic: 0 v1 -- 0x7fbf30102e00 con 0x7fbf30070dc0
2023-06-22T17:20:22.061 INFO:teuthology.orchestra.run.smithi039.stdout:/usr/bin/ceph: stderr
2023-06-22T17:20:21.314+0000 7fbf35605700 1 --2- >> [v2:172.21.15.39:3300/0,v1:172.21.15.39:6789/0] conn(0x7fbf30070dc0 0x7fbf30107410 unknown :-1 s=BANNER_CONNECTING pgs=0 cs=0 l=0 rev1=0 crypto rx=0 tx=0 comp rx=0 tx=0)._handle_peer_banner_payload supported=3 required=0
2023-06-22T17:20:22.061 INFO:teuthology.orchestra.run.smithi039.stdout:/usr/bin/ceph: stderr
2023-06-22T17:20:21.314+0000 7fbf35605700 1 --2- >> [v2:172.21.15.39:3300/0,v1:172.21.15.39:6789/0] conn(0x7fbf30070dc0 0x7fbf30107410 unknown :-1 s=HELLO_CONNECTING pgs=0 cs=0 l=0 rev1=1 crypto rx=0 tx=0 comp rx=0 tx=0).handle_hello peer v2:172.21.15.39:3300/0 says I am v2:172.21.15.39:35340/0 (socket says 172.21.15.39:35340)
2023-06-22T17:20:22.061 INFO:teuthology.orchestra.run.smithi039.stdout:/usr/bin/ceph: stderr
2023-06-22T17:20:21.314+0000 7fbf35605700 1 -- 172.21.15.39:0/540549413 learned_addr learned my addr 172.21.15.39:0/540549413 (peer_addr_for_me v2:172.21.15.39:0/0)
2023-06-22T17:20:22.061 INFO:teuthology.orchestra.run.smithi039.stdout:/usr/bin/ceph: stderr
2023-06-22T17:20:21.314+0000 7fbf35605700 1 -- 172.21.15.39:0/540549413 --> [v2:172.21.15.39:3300/0,v1:172.21.15.39:6789/0] -- mon_subscribe({config=0+,monmap=0+}) v3 -- 0x7fbf30107950 con 0x7fbf30070dc0
2023-06-22T17:20:22.061 INFO:teuthology.orchestra.run.smithi039.stdout:/usr/bin/ceph: stderr
2023-06-22T17:20:21.314+0000 7fbf35605700 1 --2- 172.21.15.39:0/540549413 >> [v2:172.21.15.39:3300/0,v1:172.21.15.39:6789/0] conn(0x7fbf30070dc0 0x7fbf30107410 secure :-1 s=READY pgs=57 cs=0 l=1 rev1=1 crypto rx=0x7fbf2c0098e0 tx=0x7fbf2c009250 comp rx=0 tx=0).ready entity=mon.0 client_cookie=fc681eda3de68fc server_cookie=0 in_seq=0 out_seq=0
2023-06-22T17:20:22.061 INFO:teuthology.orchestra.run.smithi039.stdout:/usr/bin/ceph: stderr
2023-06-22T17:20:21.314+0000 7fbf27fff700 1 -- 172.21.15.39:0/540549413 <== mon.0 v2:172.21.15.39:3300/0 1 ==== mon_map magic: 0 v1 ==== 205+0+0 (secure 0 0 0) 0x7fbf2c009e80 con 0x7fbf30070dc0
2023-06-22T17:20:22.061 INFO:teuthology.orchestra.run.smithi039.stdout:/usr/bin/ceph: stderr
2023-06-22T17:20:21.315+0000 7fbf27fff700 1 -- 172.21.15.39:0/540549413 <== mon.0 v2:172.21.15.39:3300/0 2 ==== config(27 keys) v1 ==== 1136+0+0 (secure 0 0 0) 0x7fbf2c00bd40 con 0x7fbf30070dc0
2023-06-22T17:20:22.062 INFO:teuthology.orchestra.run.smithi039.stdout:/usr/bin/ceph: stderr
2023-06-22T17:20:21.315+0000 7fbf27fff700 1 -- 172.21.15.39:0/540549413 <== mon.0 v2:172.21.15.39:3300/0 3 ==== mon_map magic: 0 v1 ==== 205+0+0 (secure 0 0 0) 0x7fbf2c011d10 con 0x7fbf30070dc0
2023-06-22T17:20:22.062 INFO:teuthology.orchestra.run.smithi039.stdout:/usr/bin/ceph: stderr
2023-06-22T17:20:21.315+0000 7fbf37869700 1 -- 172.21.15.39:0/540549413 >> [v2:172.21.15.39:3300/0,v1:172.21.15.39:6789/0] conn(0x7fbf30070dc0 msgr2=0x7fbf30107410 secure :-1 s=STATE_CONNECTION_ESTABLISHED l=1).mark_down
2023-06-22T17:20:22.062 INFO:teuthology.orchestra.run.smithi039.stdout:/usr/bin/ceph: stderr
2023-06-22T17:20:21.315+0000 7fbf37869700 1 --2- 172.21.15.39:0/540549413 >> [v2:172.21.15.39:3300/0,v1:172.21.15.39:6789/0] conn(0x7fbf30070dc0 0x7fbf30107410 secure :-1 s=READY pgs=57 cs=0 l=1 rev1=1 crypto rx=0x7fbf2c0098e0 tx=0x7fbf2c009250 comp rx=0 tx=0).stop
2023-06-22T17:20:22.062 INFO:teuthology.orchestra.run.smithi039.stdout:/usr/bin/ceph: stderr
2023-06-22T17:20:21.315+0000 7fbf37869700 1 -- 172.21.15.39:0/540549413 shutdown_connections
2023-06-22T17:20:22.062 INFO:teuthology.orchestra.run.smithi039.stdout:/usr/bin/ceph: stderr
2023-06-22T17:20:21.315+0000 7fbf37869700 1 --2- 172.21.15.39:0/540549413 >> [v2:172.21.15.39:3300/0,v1:172.21.15.39:6789/0] conn(0x7fbf30070dc0 0x7fbf30107410 unknown :-1 s=CLOSED pgs=57 cs=0 l=1 rev1=1 crypto rx=0 tx=0 comp rx=0 tx=0).stop
2023-06-22T17:20:22.063 INFO:teuthology.orchestra.run.smithi039.stdout:/usr/bin/ceph: stderr
2023-06-22T17:20:21.315+0000 7fbf37869700 1 -- 172.21.15.39:0/540549413 >> 172.21.15.39:0/540549413 conn(0x7fbf300fca60 msgr2=0x7fbf300fee90 unknown :-1 s=STATE_NONE l=0).mark_down
2023-06-22T17:20:22.063 INFO:teuthology.orchestra.run.smithi039.stdout:/usr/bin/ceph: stderr
2023-06-22T17:20:21.315+0000 7fbf37869700 1 -- 172.21.15.39:0/540549413 shutdown_connections
2023-06-22T17:20:22.063 INFO:teuthology.orchestra.run.smithi039.stdout:/usr/bin/ceph: stderr
2023-06-22T17:20:21.315+0000 7fbf37869700 1 -- 172.21.15.39:0/540549413 wait complete.
2023-06-22T17:20:22.063 INFO:teuthology.orchestra.run.smithi039.stdout:/usr/bin/ceph: stderr
2023-06-22T17:20:21.316+0000 7fbf37869700 1 Processor -- start
2023-06-22T17:20:22.063 INFO:teuthology.orchestra.run.smithi039.stdout:/usr/bin/ceph: stderr
2023-06-22T17:20:21.316+0000 7fbf37869700 1 -- start start
2023-06-22T17:20:22.064 INFO:teuthology.orchestra.run.smithi039.stdout:/usr/bin/ceph: stderr
2023-06-22T17:20:21.316+0000 7fbf37869700 1 --2- >> [v2:172.21.15.39:3300/0,v1:172.21.15.39:6789/0] conn(0x7fbf30070dc0 0x7fbf30113270 unknown :-1 s=NONE pgs=0 cs=0 l=1 rev1=0 crypto rx=0 tx=0 comp rx=0 tx=0).connect
2023-06-22T17:20:22.064 INFO:teuthology.orchestra.run.smithi039.stdout:/usr/bin/ceph: stderr
2023-06-22T17:20:21.316+0000 7fbf37869700 1 -- --> [v2:172.21.15.39:3300/0,v1:172.21.15.39:6789/0] -- mon_getmap magic: 0 v1 -- 0x7fbf301137b0 con 0x7fbf30070dc0
2023-06-22T17:20:22.064 INFO:teuthology.orchestra.run.smithi039.stdout:/usr/bin/ceph: stderr
2023-06-22T17:20:21.316+0000 7fbf35605700 1 --2- >> [v2:172.21.15.39:3300/0,v1:172.21.15.39:6789/0] conn(0x7fbf30070dc0 0x7fbf30113270 unknown :-1 s=BANNER_CONNECTING pgs=0 cs=0 l=1 rev1=0 crypto rx=0 tx=0 comp rx=0 tx=0)._handle_peer_banner_payload supported=3 required=0
2023-06-22T17:20:22.064 INFO:teuthology.orchestra.run.smithi039.stdout:/usr/bin/ceph: stderr
2023-06-22T17:20:21.316+0000 7fbf35605700 1 --2- >> [v2:172.21.15.39:3300/0,v1:172.21.15.39:6789/0] conn(0x7fbf30070dc0 0x7fbf30113270 unknown :-1 s=HELLO_CONNECTING pgs=0 cs=0 l=1 rev1=1 crypto rx=0 tx=0 comp rx=0 tx=0).handle_hello peer v2:172.21.15.39:3300/0 says I am v2:172.21.15.39:35356/0 (socket says 172.21.15.39:35356)
2023-06-22T17:20:22.065 INFO:teuthology.orchestra.run.smithi039.stdout:/usr/bin/ceph: stderr
2023-06-22T17:20:21.316+0000 7fbf35605700 1 -- 172.21.15.39:0/3851998496 learned_addr learned my addr 172.21.15.39:0/3851998496 (peer_addr_for_me v2:172.21.15.39:0/0)
2023-06-22T17:20:22.065 INFO:teuthology.orchestra.run.smithi039.stdout:/usr/bin/ceph: stderr
2023-06-22T17:20:21.317+0000 7fbf35605700 1 -- 172.21.15.39:0/3851998496 --> [v2:172.21.15.39:3300/0,v1:172.21.15.39:6789/0] -- mon_subscribe({config=0+,monmap=0+}) v3 -- 0x7fbf2c0094f0 con 0x7fbf30070dc0
2023-06-22T17:20:22.065 INFO:teuthology.orchestra.run.smithi039.stdout:/usr/bin/ceph: stderr
2023-06-22T17:20:21.317+0000 7fbf35605700 1 --2- 172.21.15.39:0/3851998496 >> [v2:172.21.15.39:3300/0,v1:172.21.15.39:6789/0] conn(0x7fbf30070dc0 0x7fbf30113270 secure :-1 s=READY pgs=58 cs=0 l=1 rev1=1 crypto rx=0x7fbf2c0094c0 tx=0x7fbf2c009250 comp rx=0 tx=0).ready entity=mon.0 client_cookie=0 server_cookie=0 in_seq=0 out_seq=0
2023-06-22T17:20:22.066 INFO:teuthology.orchestra.run.smithi039.stdout:/usr/bin/ceph: stderr
2023-06-22T17:20:21.317+0000 7fbf25ffb700 1 -- 172.21.15.39:0/3851998496 <== mon.0 v2:172.21.15.39:3300/0 1 ==== mon_map magic: 0 v1 ==== 205+0+0 (secure 0 0 0) 0x7fbf2c01a760 con 0x7fbf30070dc0
2023-06-22T17:20:22.066 INFO:teuthology.orchestra.run.smithi039.stdout:/usr/bin/ceph: stderr
2023-06-22T17:20:21.317+0000 7fbf25ffb700 1 -- 172.21.15.39:0/3851998496 <== mon.0 v2:172.21.15.39:3300/0 2 ==== config(27 keys) v1 ==== 1136+0+0 (secure 0 0 0) 0x7fbf2c01ada0 con 0x7fbf30070dc0
2023-06-22T17:20:22.066 INFO:teuthology.orchestra.run.smithi039.stdout:/usr/bin/ceph: stderr
2023-06-22T17:20:21.317+0000 7fbf37869700 1 -- 172.21.15.39:0/3851998496 --> [v2:172.21.15.39:3300/0,v1:172.21.15.39:6789/0] -- mon_subscribe({mgrmap=0+}) v3 -- 0x7fbf301139b0 con 0x7fbf30070dc0
2023-06-22T17:20:22.066 INFO:teuthology.orchestra.run.smithi039.stdout:/usr/bin/ceph: stderr
2023-06-22T17:20:21.317+0000 7fbf25ffb700 1 -- 172.21.15.39:0/3851998496 <== mon.0 v2:172.21.15.39:3300/0 3 ==== mon_map magic: 0 v1 ==== 205+0+0 (secure 0 0 0) 0x7fbf2c019cc0 con 0x7fbf30070dc0
2023-06-22T17:20:22.067 INFO:teuthology.orchestra.run.smithi039.stdout:/usr/bin/ceph: stderr
2023-06-22T17:20:21.317+0000 7fbf37869700 1 -- 172.21.15.39:0/3851998496 --> [v2:172.21.15.39:3300/0,v1:172.21.15.39:6789/0] -- mon_subscribe({osdmap=0}) v3 -- 0x7fbf30113dc0 con 0x7fbf30070dc0
2023-06-22T17:20:22.067 INFO:teuthology.orchestra.run.smithi039.stdout:/usr/bin/ceph: stderr
2023-06-22T17:20:21.318+0000 7fbf25ffb700 1 -- 172.21.15.39:0/3851998496 <== mon.0 v2:172.21.15.39:3300/0 4 ==== mgrmap(e 9) v1 ==== 43232+0+0 (secure 0 0 0) 0x7fbf2c0233a0 con 0x7fbf30070dc0
2023-06-22T17:20:22.067 INFO:teuthology.orchestra.run.smithi039.stdout:/usr/bin/ceph: stderr
2023-06-22T17:20:21.318+0000 7fbf25ffb700 1 --2- 172.21.15.39:0/3851998496 >> [v2:172.21.15.39:6800/1350590065,v1:172.21.15.39:6801/1350590065] conn(0x7fbf1c0365c0 0x7fbf1c038a70 unknown :-1 s=NONE pgs=0 cs=0 l=1 rev1=0 crypto rx=0 tx=0 comp rx=0 tx=0).connect
2023-06-22T17:20:22.067 INFO:teuthology.orchestra.run.smithi039.stdout:/usr/bin/ceph: stderr
2023-06-22T17:20:21.318+0000 7fbf25ffb700 1 -- 172.21.15.39:0/3851998496 <== mon.0 v2:172.21.15.39:3300/0 5 ==== osd_map(2..2 src has 1..2) v4 ==== 936+0+0 (secure 0 0 0) 0x7fbf2c04ae50 con 0x7fbf30070dc0
2023-06-22T17:20:22.068 INFO:teuthology.orchestra.run.smithi039.stdout:/usr/bin/ceph: stderr
2023-06-22T17:20:21.318+0000 7fbf34e04700 1 -- 172.21.15.39:0/3851998496 >> [v2:172.21.15.39:6800/1350590065,v1:172.21.15.39:6801/1350590065] conn(0x7fbf1c0365c0 msgr2=0x7fbf1c038a70 unknown :-1 s=STATE_CONNECTING_RE l=1).process reconnect failed to v2:172.21.15.39:6800/1350590065
2023-06-22T17:20:22.068 INFO:teuthology.orchestra.run.smithi039.stdout:/usr/bin/ceph: stderr
2023-06-22T17:20:21.318+0000 7fbf37869700 1 -- 172.21.15.39:0/3851998496 --> [v2:172.21.15.39:3300/0,v1:172.21.15.39:6789/0] -- mon_command({"prefix": "get_command_descriptions"} v 0) v1 -- 0x7fbf30108790 con 0x7fbf30070dc0
2023-06-22T17:20:22.068 INFO:teuthology.orchestra.run.smithi039.stdout:/usr/bin/ceph: stderr
2023-06-22T17:20:21.318+0000 7fbf34e04700 1 --2- 172.21.15.39:0/3851998496 >> [v2:172.21.15.39:6800/1350590065,v1:172.21.15.39:6801/1350590065] conn(0x7fbf1c0365c0 0x7fbf1c038a70 unknown :-1 s=START_CONNECT pgs=0 cs=0 l=1 rev1=0 crypto rx=0 tx=0 comp rx=0 tx=0)._fault waiting 0.200000
2023-06-22T17:20:22.069 INFO:teuthology.orchestra.run.smithi039.stdout:/usr/bin/ceph: stderr
2023-06-22T17:20:21.324+0000 7fbf25ffb700 1 -- 172.21.15.39:0/3851998496 <== mon.0 v2:172.21.15.39:3300/0 6 ==== mon_command_ack([{"prefix": "get_command_descriptions"}]=0 v0) v1 ==== 72+0+174561 (secure 0 0 0) 0x7fbf2c0228f0 con 0x7fbf30070dc0
2023-06-22T17:20:22.069 INFO:teuthology.orchestra.run.smithi039.stdout:/usr/bin/ceph: stderr
2023-06-22T17:20:21.519+0000 7fbf34e04700 1 -- 172.21.15.39:0/3851998496 >> [v2:172.21.15.39:6800/1350590065,v1:172.21.15.39:6801/1350590065] conn(0x7fbf1c0365c0 msgr2=0x7fbf1c038a70 unknown :-1 s=STATE_CONNECTING_RE l=1).process reconnect failed to v2:172.21.15.39:6800/1350590065
2023-06-22T17:20:22.069 INFO:teuthology.orchestra.run.smithi039.stdout:/usr/bin/ceph: stderr
2023-06-22T17:20:21.519+0000 7fbf34e04700 1 --2- 172.21.15.39:0/3851998496 >> [v2:172.21.15.39:6800/1350590065,v1:172.21.15.39:6801/1350590065] conn(0x7fbf1c0365c0 0x7fbf1c038a70 unknown :-1 s=START_CONNECT pgs=0 cs=0 l=1 rev1=0 crypto rx=0 tx=0 comp rx=0 tx=0)._fault waiting 0.400000
2023-06-22T17:20:22.069 INFO:teuthology.orchestra.run.smithi039.stdout:/usr/bin/ceph: stderr
2023-06-22T17:20:21.594+0000 7fbf37869700 1 -- 172.21.15.39:0/3851998496 --> [v2:172.21.15.39:3300/0,v1:172.21.15.39:6789/0] -- mon_command({"prefix": "mgr stat"} v 0) v1 -- 0x7fbf30116820 con 0x7fbf30070dc0
2023-06-22T17:20:22.069 INFO:teuthology.orchestra.run.smithi039.stdout:/usr/bin/ceph: stderr
2023-06-22T17:20:21.594+0000 7fbf25ffb700 1 -- 172.21.15.39:0/3851998496 <== mon.0 v2:172.21.15.39:3300/0 7 ==== mon_command_ack([{"prefix": "mgr stat"}]=0 v9) v1 ==== 56+0+88 (secure 0 0 0) 0x7fbf30116820 con 0x7fbf30070dc0
2023-06-22T17:20:22.069 INFO:teuthology.orchestra.run.smithi039.stdout:/usr/bin/ceph: stderr
2023-06-22T17:20:21.597+0000 7fbf37869700 1 -- 172.21.15.39:0/3851998496 >> [v2:172.21.15.39:6800/1350590065,v1:172.21.15.39:6801/1350590065] conn(0x7fbf1c0365c0 msgr2=0x7fbf1c038a70 unknown :-1 s=STATE_CONNECTING l=1).mark_down
2023-06-22T17:20:22.069 INFO:teuthology.orchestra.run.smithi039.stdout:/usr/bin/ceph: stderr
2023-06-22T17:20:21.597+0000 7fbf37869700 1 --2- 172.21.15.39:0/3851998496 >> [v2:172.21.15.39:6800/1350590065,v1:172.21.15.39:6801/1350590065] conn(0x7fbf1c0365c0 0x7fbf1c038a70 unknown :-1 s=START_CONNECT pgs=0 cs=0 l=1 rev1=0 crypto rx=0 tx=0 comp rx=0 tx=0).stop
2023-06-22T17:20:22.070 INFO:teuthology.orchestra.run.smithi039.stdout:/usr/bin/ceph: stderr
2023-06-22T17:20:21.597+0000 7fbf37869700 1 -- 172.21.15.39:0/3851998496 >> [v2:172.21.15.39:3300/0,v1:172.21.15.39:6789/0] conn(0x7fbf30070dc0 msgr2=0x7fbf30113270 secure :-1 s=STATE_CONNECTION_ESTABLISHED l=1).mark_down
2023-06-22T17:20:22.070 INFO:teuthology.orchestra.run.smithi039.stdout:/usr/bin/ceph: stderr
2023-06-22T17:20:21.597+0000 7fbf37869700 1 --2- 172.21.15.39:0/3851998496 >> [v2:172.21.15.39:3300/0,v1:172.21.15.39:6789/0] conn(0x7fbf30070dc0 0x7fbf30113270 secure :-1 s=READY pgs=58 cs=0 l=1 rev1=1 crypto rx=0x7fbf2c0094c0 tx=0x7fbf2c009250 comp rx=0 tx=0).stop
2023-06-22T17:20:22.070 INFO:teuthology.orchestra.run.smithi039.stdout:/usr/bin/ceph: stderr
2023-06-22T17:20:21.597+0000 7fbf37869700 1 -- 172.21.15.39:0/3851998496 shutdown_connections
2023-06-22T17:20:22.070 INFO:teuthology.orchestra.run.smithi039.stdout:/usr/bin/ceph: stderr
2023-06-22T17:20:21.597+0000 7fbf37869700 1 --2- 172.21.15.39:0/3851998496 >> [v2:172.21.15.39:6800/1350590065,v1:172.21.15.39:6801/1350590065] conn(0x7fbf1c0365c0 0x7fbf1c038a70 unknown :-1 s=CLOSED pgs=0 cs=0 l=1 rev1=0 crypto rx=0 tx=0 comp rx=0 tx=0).stop
2023-06-22T17:20:22.070 INFO:teuthology.orchestra.run.smithi039.stdout:/usr/bin/ceph: stderr
2023-06-22T17:20:21.597+0000 7fbf37869700 1 --2- 172.21.15.39:0/3851998496 >> [v2:172.21.15.39:3300/0,v1:172.21.15.39:6789/0] conn(0x7fbf30070dc0 0x7fbf30113270 unknown :-1 s=CLOSED pgs=58 cs=0 l=1 rev1=1 crypto rx=0 tx=0 comp rx=0 tx=0).stop
2023-06-22T17:20:22.070 INFO:teuthology.orchestra.run.smithi039.stdout:/usr/bin/ceph: stderr
2023-06-22T17:20:21.597+0000 7fbf37869700 1 -- 172.21.15.39:0/3851998496 >> 172.21.15.39:0/3851998496 conn(0x7fbf300fca60 msgr2=0x7fbf300fd810 unknown :-1 s=STATE_NONE l=0).mark_down
2023-06-22T17:20:22.070 INFO:teuthology.orchestra.run.smithi039.stdout:/usr/bin/ceph: stderr
2023-06-22T17:20:21.597+0000 7fbf37869700 1 -- 172.21.15.39:0/3851998496 shutdown_connections
2023-06-22T17:20:22.071 INFO:teuthology.orchestra.run.smithi039.stdout:/usr/bin/ceph: stderr
2023-06-22T17:20:21.597+0000 7fbf37869700 1 -- 172.21.15.39:0/3851998496 wait complete.
2023-06-22T17:20:22.071 INFO:teuthology.orchestra.run.smithi039.stdout:Waiting for the mgr to restart...
2023-06-22T17:20:22.071 INFO:teuthology.orchestra.run.smithi039.stdout:Waiting for mgr epoch 9...
2023-06-22T17:20:22.241 INFO:journalctl@ceph.mgr.x.smithi039.stdout:Jun 22 17:20:21 smithi039 conmon[85217]:
2023-06-22T17:20:21.965+0000 7f0347eb41c0 -1 mgr[py] Module osd_support has missing NOTIFY_TYPES member
2023-06-22T17:20:22.241 INFO:journalctl@ceph.mgr.x.smithi039.stdout:Jun 22 17:20:22 smithi039 conmon[85217]:
2023-06-22T17:20:22.060+0000 7f0347eb41c0 -1 mgr[py] Module balancer has missing NOTIFY_TYPES member
2023-06-22T17:20:22.512 INFO:journalctl@ceph.mon.a.smithi039.stdout:Jun 22 17:20:22 smithi039 ceph-mon[84805]: from='client.? 172.21.15.39:0/3851998496' entity='client.admin' cmd=[{"prefix": "mgr stat"}]: dispatch
2023-06-22T17:20:22.513 INFO:journalctl@ceph.mgr.x.smithi039.stdout:Jun 22 17:20:22 smithi039 conmon[85217]:
2023-06-22T17:20:22.295+0000 7f0347eb41c0 -1 mgr[py] Module orchestrator has missing NOTIFY_TYPES member
2023-06-22T17:20:22.763 INFO:journalctl@ceph.mgr.x.smithi039.stdout:Jun 22 17:20:22 smithi039 conmon[85217]:
2023-06-22T17:20:22.511+0000 7f0347eb41c0 -1 mgr[py] Module volumes has missing NOTIFY_TYPES member
2023-06-22T17:20:22.763 INFO:journalctl@ceph.mgr.x.smithi039.stdout:Jun 22 17:20:22 smithi039 conmon[85217]:
2023-06-22T17:20:22.678+0000 7f0347eb41c0 -1 mgr[py] Module pg_autoscaler has missing NOTIFY_TYPES member
2023-06-22T17:20:22.763 INFO:journalctl@ceph.mgr.x.smithi039.stdout:Jun 22 17:20:22 smithi039 conmon[85217]:
2023-06-22T17:20:22.762+0000 7f0347eb41c0 -1 mgr[py] Module iostat has missing NOTIFY_TYPES member
2023-06-22T17:20:23.682 INFO:journalctl@ceph.mgr.x.smithi039.stdout:Jun 22 17:20:23 smithi039 conmon[85217]:
2023-06-22T17:20:23.377+0000 7f0347eb41c0 -1 mgr[py] Module rbd_support has missing NOTIFY_TYPES member
2023-06-22T17:20:24.182 INFO:journalctl@ceph.mgr.x.smithi039.stdout:Jun 22 17:20:23 smithi039 conmon[85217]:
2023-06-22T17:20:23.885+0000 7f0347eb41c0 -1 mgr[py] Module nfs has missing NOTIFY_TYPES member
2023-06-22T17:20:24.182 INFO:journalctl@ceph.mgr.x.smithi039.stdout:Jun 22 17:20:23 smithi039 conmon[85217]:
2023-06-22T17:20:23.982+0000 7f0347eb41c0 -1 mgr[py] Module crash has missing NOTIFY_TYPES member
2023-06-22T17:20:24.182 INFO:journalctl@ceph.mgr.x.smithi039.stdout:Jun 22 17:20:24 smithi039 conmon[85217]:
2023-06-22T17:20:24.078+0000 7f0347eb41c0 -1 mgr[py] Module snap_schedule has missing NOTIFY_TYPES member
2023-06-22T17:20:24.973 INFO:journalctl@ceph.mgr.x.smithi039.stdout:Jun 22 17:20:24 smithi039 conmon[85217]:
2023-06-22T17:20:24.698+0000 7f0347eb41c0 -1 mgr[py] Module rook has missing NOTIFY_TYPES member
2023-06-22T17:20:24.974 INFO:journalctl@ceph.mgr.x.smithi039.stdout:Jun 22 17:20:24 smithi039 conmon[85217]:
2023-06-22T17:20:24.876+0000 7f0347eb41c0 -1 mgr[py] Module test_orchestrator has missing NOTIFY_TYPES member
2023-06-22T17:20:25.432 INFO:journalctl@ceph.mgr.x.smithi039.stdout:Jun 22 17:20:24 smithi039 conmon[85217]:
2023-06-22T17:20:24.972+0000 7f0347eb41c0 -1 mgr[py] Module selftest has missing NOTIFY_TYPES member
2023-06-22T17:20:25.432 INFO:journalctl@ceph.mgr.x.smithi039.stdout:Jun 22 17:20:25 smithi039 conmon[85217]:
2023-06-22T17:20:25.109+0000 7f0347eb41c0 -1 mgr[py] Module diskprediction_local has missing NOTIFY_TYPES member
2023-06-22T17:20:25.432 INFO:journalctl@ceph.mgr.x.smithi039.stdout:Jun 22 17:20:25 smithi039 conmon[85217]:
2023-06-22T17:20:25.205+0000 7f0347eb41c0 -1 mgr[py] Module status has missing NOTIFY_TYPES member
2023-06-22T17:20:26.432 INFO:journalctl@ceph.mgr.x.smithi039.stdout:Jun 22 17:20:26 smithi039 conmon[85217]:
2023-06-22T17:20:26.130+0000 7f0347eb41c0 -1 mgr[py] Module rgw has missing NOTIFY_TYPES member
2023-06-22T17:20:26.432 INFO:journalctl@ceph.mgr.x.smithi039.stdout:Jun 22 17:20:26 smithi039 conmon[85217]:
2023-06-22T17:20:26.223+0000 7f0347eb41c0 -1 mgr[py] Module zabbix has missing NOTIFY_TYPES member
2023-06-22T17:20:26.432 INFO:journalctl@ceph.mgr.x.smithi039.stdout:Jun 22 17:20:26 smithi039 conmon[85217]:
2023-06-22T17:20:26.316+0000 7f0347eb41c0 -1 mgr[py] Module influx has missing NOTIFY_TYPES member
2023-06-22T17:20:26.932 INFO:journalctl@ceph.mgr.x.smithi039.stdout:Jun 22 17:20:26 smithi039 conmon[85217]:
2023-06-22T17:20:26.473+0000 7f0347eb41c0 -1 mgr[py] Module telemetry has missing NOTIFY_TYPES member
2023-06-22T17:20:26.932 INFO:journalctl@ceph.mgr.x.smithi039.stdout:Jun 22 17:20:26 smithi039 conmon[85217]:
2023-06-22T17:20:26.577+0000 7f0347eb41c0 -1 mgr[py] Module alerts has missing NOTIFY_TYPES member
2023-06-22T17:20:27.268 INFO:journalctl@ceph.mgr.x.smithi039.stdout:Jun 22 17:20:26 smithi039 conmon[85217]:
