2023-06-22T17:20:14.885+0000 7f722dffb700 1 -- 172.21.15.39:0/3468404211 <== mon.0 v2:172.21.15.39:3300/0 2 ==== config(27 keys) v1 ==== 1105+0+0 (secure 0 0 0) 0x7f722800dd00 con 0x7f7230101300
2023-06-22T17:20:15.549 INFO:teuthology.orchestra.run.smithi039.stdout:/usr/bin/ceph: stderr
2023-06-22T17:20:14.885+0000 7f722dffb700 1 -- 172.21.15.39:0/3468404211 <== mon.0 v2:172.21.15.39:3300/0 3 ==== mon_map magic: 0 v1 ==== 205+0+0 (secure 0 0 0) 0x7f72280187f0 con 0x7f7230101300
2023-06-22T17:20:15.549 INFO:teuthology.orchestra.run.smithi039.stdout:/usr/bin/ceph: stderr
2023-06-22T17:20:14.886+0000 7f72352a5700 1 -- 172.21.15.39:0/3468404211 >> [v2:172.21.15.39:3300/0,v1:172.21.15.39:6789/0] conn(0x7f7230101300 msgr2=0x7f7230101710 secure :-1 s=STATE_CONNECTION_ESTABLISHED l=1).mark_down
2023-06-22T17:20:15.549 INFO:teuthology.orchestra.run.smithi039.stdout:/usr/bin/ceph: stderr
2023-06-22T17:20:14.886+0000 7f72352a5700 1 --2- 172.21.15.39:0/3468404211 >> [v2:172.21.15.39:3300/0,v1:172.21.15.39:6789/0] conn(0x7f7230101300 0x7f7230101710 secure :-1 s=READY pgs=45 cs=0 l=1 rev1=1 crypto rx=0x7f722800bb80 tx=0x7f722800b4f0 comp rx=0 tx=0).stop
2023-06-22T17:20:15.549 INFO:teuthology.orchestra.run.smithi039.stdout:/usr/bin/ceph: stderr
2023-06-22T17:20:14.886+0000 7f72352a5700 1 -- 172.21.15.39:0/3468404211 shutdown_connections
2023-06-22T17:20:15.550 INFO:teuthology.orchestra.run.smithi039.stdout:/usr/bin/ceph: stderr
2023-06-22T17:20:14.886+0000 7f72352a5700 1 --2- 172.21.15.39:0/3468404211 >> [v2:172.21.15.39:3300/0,v1:172.21.15.39:6789/0] conn(0x7f7230101300 0x7f7230101710 unknown :-1 s=CLOSED pgs=45 cs=0 l=1 rev1=1 crypto rx=0 tx=0 comp rx=0 tx=0).stop
2023-06-22T17:20:15.550 INFO:teuthology.orchestra.run.smithi039.stdout:/usr/bin/ceph: stderr
2023-06-22T17:20:14.886+0000 7f72352a5700 1 -- 172.21.15.39:0/3468404211 >> 172.21.15.39:0/3468404211 conn(0x7f72300fca60 msgr2=0x7f72300fee90 unknown :-1 s=STATE_NONE l=0).mark_down
2023-06-22T17:20:15.550 INFO:teuthology.orchestra.run.smithi039.stdout:/usr/bin/ceph: stderr
2023-06-22T17:20:14.886+0000 7f72352a5700 1 -- 172.21.15.39:0/3468404211 shutdown_connections
2023-06-22T17:20:15.550 INFO:teuthology.orchestra.run.smithi039.stdout:/usr/bin/ceph: stderr
2023-06-22T17:20:14.886+0000 7f72352a5700 1 -- 172.21.15.39:0/3468404211 wait complete.
2023-06-22T17:20:15.550 INFO:teuthology.orchestra.run.smithi039.stdout:/usr/bin/ceph: stderr
2023-06-22T17:20:14.887+0000 7f72352a5700 1 Processor -- start
2023-06-22T17:20:15.550 INFO:teuthology.orchestra.run.smithi039.stdout:/usr/bin/ceph: stderr
2023-06-22T17:20:14.887+0000 7f72352a5700 1 -- start start
2023-06-22T17:20:15.550 INFO:teuthology.orchestra.run.smithi039.stdout:/usr/bin/ceph: stderr
2023-06-22T17:20:14.887+0000 7f72352a5700 1 --2- >> [v2:172.21.15.39:3300/0,v1:172.21.15.39:6789/0] conn(0x7f7230101300 0x7f723010ee20 unknown :-1 s=NONE pgs=0 cs=0 l=1 rev1=0 crypto rx=0 tx=0 comp rx=0 tx=0).connect
2023-06-22T17:20:15.551 INFO:teuthology.orchestra.run.smithi039.stdout:/usr/bin/ceph: stderr
2023-06-22T17:20:14.887+0000 7f72352a5700 1 -- --> [v2:172.21.15.39:3300/0,v1:172.21.15.39:6789/0] -- mon_getmap magic: 0 v1 -- 0x7f723010f360 con 0x7f7230101300
2023-06-22T17:20:15.551 INFO:teuthology.orchestra.run.smithi039.stdout:/usr/bin/ceph: stderr
2023-06-22T17:20:14.887+0000 7f722effd700 1 --2- >> [v2:172.21.15.39:3300/0,v1:172.21.15.39:6789/0] conn(0x7f7230101300 0x7f723010ee20 unknown :-1 s=BANNER_CONNECTING pgs=0 cs=0 l=1 rev1=0 crypto rx=0 tx=0 comp rx=0 tx=0)._handle_peer_banner_payload supported=3 required=0
2023-06-22T17:20:15.551 INFO:teuthology.orchestra.run.smithi039.stdout:/usr/bin/ceph: stderr
2023-06-22T17:20:14.887+0000 7f722effd700 1 --2- >> [v2:172.21.15.39:3300/0,v1:172.21.15.39:6789/0] conn(0x7f7230101300 0x7f723010ee20 unknown :-1 s=HELLO_CONNECTING pgs=0 cs=0 l=1 rev1=1 crypto rx=0 tx=0 comp rx=0 tx=0).handle_hello peer v2:172.21.15.39:3300/0 says I am v2:172.21.15.39:33600/0 (socket says 172.21.15.39:33600)
2023-06-22T17:20:15.551 INFO:teuthology.orchestra.run.smithi039.stdout:/usr/bin/ceph: stderr
2023-06-22T17:20:14.887+0000 7f722effd700 1 -- 172.21.15.39:0/45494823 learned_addr learned my addr 172.21.15.39:0/45494823 (peer_addr_for_me v2:172.21.15.39:0/0)
2023-06-22T17:20:15.551 INFO:teuthology.orchestra.run.smithi039.stdout:/usr/bin/ceph: stderr
2023-06-22T17:20:14.887+0000 7f722effd700 1 -- 172.21.15.39:0/45494823 --> [v2:172.21.15.39:3300/0,v1:172.21.15.39:6789/0] -- mon_subscribe({config=0+,monmap=0+}) v3 -- 0x7f722800b790 con 0x7f7230101300
2023-06-22T17:20:15.551 INFO:teuthology.orchestra.run.smithi039.stdout:/usr/bin/ceph: stderr
2023-06-22T17:20:14.888+0000 7f722effd700 1 --2- 172.21.15.39:0/45494823 >> [v2:172.21.15.39:3300/0,v1:172.21.15.39:6789/0] conn(0x7f7230101300 0x7f723010ee20 secure :-1 s=READY pgs=46 cs=0 l=1 rev1=1 crypto rx=0x7f7228003080 tx=0x7f722800b4f0 comp rx=0 tx=0).ready entity=mon.0 client_cookie=0 server_cookie=0 in_seq=0 out_seq=0
2023-06-22T17:20:15.551 INFO:teuthology.orchestra.run.smithi039.stdout:/usr/bin/ceph: stderr
2023-06-22T17:20:14.888+0000 7f72277fe700 1 -- 172.21.15.39:0/45494823 <== mon.0 v2:172.21.15.39:3300/0 1 ==== mon_map magic: 0 v1 ==== 205+0+0 (secure 0 0 0) 0x7f7228027070 con 0x7f7230101300
2023-06-22T17:20:15.551 INFO:teuthology.orchestra.run.smithi039.stdout:/usr/bin/ceph: stderr
2023-06-22T17:20:14.888+0000 7f72277fe700 1 -- 172.21.15.39:0/45494823 <== mon.0 v2:172.21.15.39:3300/0 2 ==== config(27 keys) v1 ==== 1105+0+0 (secure 0 0 0) 0x7f722801d050 con 0x7f7230101300
2023-06-22T17:20:15.552 INFO:teuthology.orchestra.run.smithi039.stdout:/usr/bin/ceph: stderr
2023-06-22T17:20:14.888+0000 7f72352a5700 1 -- 172.21.15.39:0/45494823 --> [v2:172.21.15.39:3300/0,v1:172.21.15.39:6789/0] -- mon_subscribe({mgrmap=0+}) v3 -- 0x7f723010f560 con 0x7f7230101300
2023-06-22T17:20:15.552 INFO:teuthology.orchestra.run.smithi039.stdout:/usr/bin/ceph: stderr
2023-06-22T17:20:14.888+0000 7f72277fe700 1 -- 172.21.15.39:0/45494823 <== mon.0 v2:172.21.15.39:3300/0 3 ==== mon_map magic: 0 v1 ==== 205+0+0 (secure 0 0 0) 0x7f72280223d0 con 0x7f7230101300
2023-06-22T17:20:15.552 INFO:teuthology.orchestra.run.smithi039.stdout:/usr/bin/ceph: stderr
2023-06-22T17:20:14.888+0000 7f72352a5700 1 -- 172.21.15.39:0/45494823 --> [v2:172.21.15.39:3300/0,v1:172.21.15.39:6789/0] -- mon_subscribe({osdmap=0}) v3 -- 0x7f723010f970 con 0x7f7230101300
2023-06-22T17:20:15.552 INFO:teuthology.orchestra.run.smithi039.stdout:/usr/bin/ceph: stderr
2023-06-22T17:20:14.889+0000 7f72352a5700 1 -- 172.21.15.39:0/45494823 --> [v2:172.21.15.39:3300/0,v1:172.21.15.39:6789/0] -- mon_command({"prefix": "get_command_descriptions"} v 0) v1 -- 0x7f72301087e0 con 0x7f7230101300
2023-06-22T17:20:15.552 INFO:teuthology.orchestra.run.smithi039.stdout:/usr/bin/ceph: stderr
2023-06-22T17:20:14.889+0000 7f72277fe700 1 -- 172.21.15.39:0/45494823 <== mon.0 v2:172.21.15.39:3300/0 4 ==== mgrmap(e 8) v1 ==== 43219+0+0 (secure 0 0 0) 0x7f72280108d0 con 0x7f7230101300
2023-06-22T17:20:15.552 INFO:teuthology.orchestra.run.smithi039.stdout:/usr/bin/ceph: stderr
2023-06-22T17:20:14.889+0000 7f72277fe700 1 --2- 172.21.15.39:0/45494823 >> [v2:172.21.15.39:6800/1350590065,v1:172.21.15.39:6801/1350590065] conn(0x7f721c036560 0x7f721c038a10 unknown :-1 s=NONE pgs=0 cs=0 l=1 rev1=0 crypto rx=0 tx=0 comp rx=0 tx=0).connect
2023-06-22T17:20:15.552 INFO:teuthology.orchestra.run.smithi039.stdout:/usr/bin/ceph: stderr
2023-06-22T17:20:14.889+0000 7f72277fe700 1 -- 172.21.15.39:0/45494823 <== mon.0 v2:172.21.15.39:3300/0 5 ==== osd_map(2..2 src has 1..2) v4 ==== 936+0+0 (secure 0 0 0) 0x7f7228014070 con 0x7f7230101300
2023-06-22T17:20:15.553 INFO:teuthology.orchestra.run.smithi039.stdout:/usr/bin/ceph: stderr
2023-06-22T17:20:14.889+0000 7f722e7fc700 1 --2- 172.21.15.39:0/45494823 >> [v2:172.21.15.39:6800/1350590065,v1:172.21.15.39:6801/1350590065] conn(0x7f721c036560 0x7f721c038a10 unknown :-1 s=BANNER_CONNECTING pgs=0 cs=0 l=1 rev1=0 crypto rx=0 tx=0 comp rx=0 tx=0)._handle_peer_banner_payload supported=3 required=0
2023-06-22T17:20:15.553 INFO:teuthology.orchestra.run.smithi039.stdout:/usr/bin/ceph: stderr
2023-06-22T17:20:14.890+0000 7f722e7fc700 1 --2- 172.21.15.39:0/45494823 >> [v2:172.21.15.39:6800/1350590065,v1:172.21.15.39:6801/1350590065] conn(0x7f721c036560 0x7f721c038a10 secure :-1 s=READY pgs=12 cs=0 l=1 rev1=1 crypto rx=0x7f7218009990 tx=0x7f7218006e40 comp rx=0 tx=0).ready entity=mgr.14118 client_cookie=0 server_cookie=0 in_seq=0 out_seq=0
2023-06-22T17:20:15.553 INFO:teuthology.orchestra.run.smithi039.stdout:/usr/bin/ceph: stderr
2023-06-22T17:20:14.894+0000 7f72277fe700 1 -- 172.21.15.39:0/45494823 <== mon.0 v2:172.21.15.39:3300/0 6 ==== mon_command_ack([{"prefix": "get_command_descriptions"}]=0 v0) v1 ==== 72+0+174561 (secure 0 0 0) 0x7f7228023470 con 0x7f7230101300
2023-06-22T17:20:15.553 INFO:teuthology.orchestra.run.smithi039.stdout:/usr/bin/ceph: stderr
2023-06-22T17:20:15.102+0000 7f72352a5700 1 -- 172.21.15.39:0/45494823 --> [v2:172.21.15.39:6800/1350590065,v1:172.21.15.39:6801/1350590065] -- mgr_command(tid 0: {"prefix": "orch apply", "service_type": "mon", "unmanaged": true, "target": ["mon-mgr", ""]}) v1 -- 0x7f723002b1b0 con 0x7f721c036560
2023-06-22T17:20:15.553 INFO:teuthology.orchestra.run.smithi039.stdout:/usr/bin/ceph: stderr
2023-06-22T17:20:15.107+0000 7f72277fe700 1 -- 172.21.15.39:0/45494823 <== mgr.14118 v2:172.21.15.39:6800/1350590065 1 ==== mgr_command_reply(tid 0: 0 ) v1 ==== 8+0+24 (secure 0 0 0) 0x7f723002b1b0 con 0x7f721c036560
2023-06-22T17:20:15.553 INFO:teuthology.orchestra.run.smithi039.stdout:/usr/bin/ceph: stderr
2023-06-22T17:20:15.109+0000 7f72352a5700 1 -- 172.21.15.39:0/45494823 >> [v2:172.21.15.39:6800/1350590065,v1:172.21.15.39:6801/1350590065] conn(0x7f721c036560 msgr2=0x7f721c038a10 secure :-1 s=STATE_CONNECTION_ESTABLISHED l=1).mark_down
2023-06-22T17:20:15.553 INFO:teuthology.orchestra.run.smithi039.stdout:/usr/bin/ceph: stderr
2023-06-22T17:20:15.109+0000 7f72352a5700 1 --2- 172.21.15.39:0/45494823 >> [v2:172.21.15.39:6800/1350590065,v1:172.21.15.39:6801/1350590065] conn(0x7f721c036560 0x7f721c038a10 secure :-1 s=READY pgs=12 cs=0 l=1 rev1=1 crypto rx=0x7f7218009990 tx=0x7f7218006e40 comp rx=0 tx=0).stop
2023-06-22T17:20:15.553 INFO:teuthology.orchestra.run.smithi039.stdout:/usr/bin/ceph: stderr
2023-06-22T17:20:15.109+0000 7f72352a5700 1 -- 172.21.15.39:0/45494823 >> [v2:172.21.15.39:3300/0,v1:172.21.15.39:6789/0] conn(0x7f7230101300 msgr2=0x7f723010ee20 secure :-1 s=STATE_CONNECTION_ESTABLISHED l=1).mark_down
2023-06-22T17:20:15.554 INFO:teuthology.orchestra.run.smithi039.stdout:/usr/bin/ceph: stderr
2023-06-22T17:20:15.109+0000 7f72352a5700 1 --2- 172.21.15.39:0/45494823 >> [v2:172.21.15.39:3300/0,v1:172.21.15.39:6789/0] conn(0x7f7230101300 0x7f723010ee20 secure :-1 s=READY pgs=46 cs=0 l=1 rev1=1 crypto rx=0x7f7228003080 tx=0x7f722800b4f0 comp rx=0 tx=0).stop
2023-06-22T17:20:15.554 INFO:teuthology.orchestra.run.smithi039.stdout:/usr/bin/ceph: stderr
2023-06-22T17:20:15.109+0000 7f72352a5700 1 -- 172.21.15.39:0/45494823 shutdown_connections
2023-06-22T17:20:15.554 INFO:teuthology.orchestra.run.smithi039.stdout:/usr/bin/ceph: stderr
2023-06-22T17:20:15.109+0000 7f72352a5700 1 --2- 172.21.15.39:0/45494823 >> [v2:172.21.15.39:6800/1350590065,v1:172.21.15.39:6801/1350590065] conn(0x7f721c036560 0x7f721c038a10 unknown :-1 s=CLOSED pgs=12 cs=0 l=1 rev1=1 crypto rx=0 tx=0 comp rx=0 tx=0).stop
2023-06-22T17:20:15.554 INFO:teuthology.orchestra.run.smithi039.stdout:/usr/bin/ceph: stderr
2023-06-22T17:20:15.109+0000 7f72352a5700 1 --2- 172.21.15.39:0/45494823 >> [v2:172.21.15.39:3300/0,v1:172.21.15.39:6789/0] conn(0x7f7230101300 0x7f723010ee20 unknown :-1 s=CLOSED pgs=46 cs=0 l=1 rev1=1 crypto rx=0 tx=0 comp rx=0 tx=0).stop
2023-06-22T17:20:15.554 INFO:teuthology.orchestra.run.smithi039.stdout:/usr/bin/ceph: stderr
2023-06-22T17:20:15.109+0000 7f72352a5700 1 -- 172.21.15.39:0/45494823 >> 172.21.15.39:0/45494823 conn(0x7f72300fca60 msgr2=0x7f72300fedc0 unknown :-1 s=STATE_NONE l=0).mark_down
2023-06-22T17:20:15.554 INFO:teuthology.orchestra.run.smithi039.stdout:/usr/bin/ceph: stderr
2023-06-22T17:20:15.109+0000 7f72352a5700 1 -- 172.21.15.39:0/45494823 shutdown_connections
2023-06-22T17:20:15.554 INFO:teuthology.orchestra.run.smithi039.stdout:/usr/bin/ceph: stderr
2023-06-22T17:20:15.109+0000 7f72352a5700 1 -- 172.21.15.39:0/45494823 wait complete.
2023-06-22T17:20:15.554 INFO:teuthology.orchestra.run.smithi039.stdout:Deploying unmanaged mgr service...
2023-06-22T17:20:16.432 INFO:journalctl@ceph.mon.a.smithi039.stdout:Jun 22 17:20:16 smithi039 ceph-mon[84805]: from='client.14140 -' entity='client.admin' cmd=[{"prefix": "orch apply", "service_type": "mon", "unmanaged": true, "target": ["mon-mgr", ""]}]: dispatch
2023-06-22T17:20:16.432 INFO:journalctl@ceph.mon.a.smithi039.stdout:Jun 22 17:20:16 smithi039 ceph-mon[84805]: Saving service mon spec with placement count:5
2023-06-22T17:20:16.433 INFO:journalctl@ceph.mon.a.smithi039.stdout:Jun 22 17:20:16 smithi039 ceph-mon[84805]: from='mgr.14118 172.21.15.39:0/1180832241' entity='mgr.x'
2023-06-22T17:20:16.689 INFO:teuthology.orchestra.run.smithi039.stdout:/usr/bin/ceph: stdout Scheduled mgr update...
2023-06-22T17:20:16.690 INFO:teuthology.orchestra.run.smithi039.stdout:/usr/bin/ceph: stderr
2023-06-22T17:20:16.055+0000 7f0172b19700 1 Processor -- start
2023-06-22T17:20:16.690 INFO:teuthology.orchestra.run.smithi039.stdout:/usr/bin/ceph: stderr
2023-06-22T17:20:16.055+0000 7f0172b19700 1 -- start start
2023-06-22T17:20:16.690 INFO:teuthology.orchestra.run.smithi039.stdout:/usr/bin/ceph: stderr
2023-06-22T17:20:16.055+0000 7f0172b19700 1 --2- >> [v2:172.21.15.39:3300/0,v1:172.21.15.39:6789/0] conn(0x7f016c103a20 0x7f016c103e30 unknown :-1 s=NONE pgs=0 cs=0 l=0 rev1=0 crypto rx=0 tx=0 comp rx=0 tx=0).connect
2023-06-22T17:20:16.690 INFO:teuthology.orchestra.run.smithi039.stdout:/usr/bin/ceph: stderr
2023-06-22T17:20:16.055+0000 7f0172b19700 1 -- --> [v2:172.21.15.39:3300/0,v1:172.21.15.39:6789/0] -- mon_getmap magic: 0 v1 -- 0x7f016c104370 con 0x7f016c103a20
2023-06-22T17:20:16.691 INFO:teuthology.orchestra.run.smithi039.stdout:/usr/bin/ceph: stderr
2023-06-22T17:20:16.055+0000 7f01708b5700 1 --2- >> [v2:172.21.15.39:3300/0,v1:172.21.15.39:6789/0] conn(0x7f016c103a20 0x7f016c103e30 unknown :-1 s=BANNER_CONNECTING pgs=0 cs=0 l=0 rev1=0 crypto rx=0 tx=0 comp rx=0 tx=0)._handle_peer_banner_payload supported=3 required=0
2023-06-22T17:20:16.691 INFO:teuthology.orchestra.run.smithi039.stdout:/usr/bin/ceph: stderr
2023-06-22T17:20:16.055+0000 7f01708b5700 1 --2- >> [v2:172.21.15.39:3300/0,v1:172.21.15.39:6789/0] conn(0x7f016c103a20 0x7f016c103e30 unknown :-1 s=HELLO_CONNECTING pgs=0 cs=0 l=0 rev1=1 crypto rx=0 tx=0 comp rx=0 tx=0).handle_hello peer v2:172.21.15.39:3300/0 says I am v2:172.21.15.39:35258/0 (socket says 172.21.15.39:35258)
2023-06-22T17:20:16.691 INFO:teuthology.orchestra.run.smithi039.stdout:/usr/bin/ceph: stderr
2023-06-22T17:20:16.055+0000 7f01708b5700 1 -- 172.21.15.39:0/1052672954 learned_addr learned my addr 172.21.15.39:0/1052672954 (peer_addr_for_me v2:172.21.15.39:0/0)
2023-06-22T17:20:16.691 INFO:teuthology.orchestra.run.smithi039.stdout:/usr/bin/ceph: stderr
2023-06-22T17:20:16.056+0000 7f01708b5700 1 -- 172.21.15.39:0/1052672954 --> [v2:172.21.15.39:3300/0,v1:172.21.15.39:6789/0] -- mon_subscribe({config=0+,monmap=0+}) v3 -- 0x7f016c1044b0 con 0x7f016c103a20
2023-06-22T17:20:16.691 INFO:teuthology.orchestra.run.smithi039.stdout:/usr/bin/ceph: stderr
2023-06-22T17:20:16.056+0000 7f01708b5700 1 --2- 172.21.15.39:0/1052672954 >> [v2:172.21.15.39:3300/0,v1:172.21.15.39:6789/0] conn(0x7f016c103a20 0x7f016c103e30 secure :-1 s=READY pgs=47 cs=0 l=1 rev1=1 crypto rx=0x7f01600098e0 tx=0x7f0160009250 comp rx=0 tx=0).ready entity=mon.0 client_cookie=8708701cd9d153ca server_cookie=0 in_seq=0 out_seq=0
2023-06-22T17:20:16.691 INFO:teuthology.orchestra.run.smithi039.stdout:/usr/bin/ceph: stderr
2023-06-22T17:20:16.056+0000 7f016b7fe700 1 -- 172.21.15.39:0/1052672954 <== mon.0 v2:172.21.15.39:3300/0 1 ==== mon_map magic: 0 v1 ==== 205+0+0 (secure 0 0 0) 0x7f0160009e80 con 0x7f016c103a20
2023-06-22T17:20:16.691 INFO:teuthology.orchestra.run.smithi039.stdout:/usr/bin/ceph: stderr
2023-06-22T17:20:16.056+0000 7f016b7fe700 1 -- 172.21.15.39:0/1052672954 <== mon.0 v2:172.21.15.39:3300/0 2 ==== config(27 keys) v1 ==== 1105+0+0 (secure 0 0 0) 0x7f016000bd30 con 0x7f016c103a20
2023-06-22T17:20:16.691 INFO:teuthology.orchestra.run.smithi039.stdout:/usr/bin/ceph: stderr
2023-06-22T17:20:16.056+0000 7f016b7fe700 1 -- 172.21.15.39:0/1052672954 <== mon.0 v2:172.21.15.39:3300/0 3 ==== mon_map magic: 0 v1 ==== 205+0+0 (secure 0 0 0) 0x7f0160011da0 con 0x7f016c103a20
2023-06-22T17:20:16.692 INFO:teuthology.orchestra.run.smithi039.stdout:/usr/bin/ceph: stderr
2023-06-22T17:20:16.057+0000 7f0172b19700 1 -- 172.21.15.39:0/1052672954 >> [v2:172.21.15.39:3300/0,v1:172.21.15.39:6789/0] conn(0x7f016c103a20 msgr2=0x7f016c103e30 secure :-1 s=STATE_CONNECTION_ESTABLISHED l=1).mark_down
2023-06-22T17:20:16.692 INFO:teuthology.orchestra.run.smithi039.stdout:/usr/bin/ceph: stderr
2023-06-22T17:20:16.057+0000 7f0172b19700 1 --2- 172.21.15.39:0/1052672954 >> [v2:172.21.15.39:3300/0,v1:172.21.15.39:6789/0] conn(0x7f016c103a20 0x7f016c103e30 secure :-1 s=READY pgs=47 cs=0 l=1 rev1=1 crypto rx=0x7f01600098e0 tx=0x7f0160009250 comp rx=0 tx=0).stop
2023-06-22T17:20:16.692 INFO:teuthology.orchestra.run.smithi039.stdout:/usr/bin/ceph: stderr
2023-06-22T17:20:16.057+0000 7f0172b19700 1 -- 172.21.15.39:0/1052672954 shutdown_connections
2023-06-22T17:20:16.692 INFO:teuthology.orchestra.run.smithi039.stdout:/usr/bin/ceph: stderr
2023-06-22T17:20:16.057+0000 7f0172b19700 1 --2- 172.21.15.39:0/1052672954 >> [v2:172.21.15.39:3300/0,v1:172.21.15.39:6789/0] conn(0x7f016c103a20 0x7f016c103e30 unknown :-1 s=CLOSED pgs=47 cs=0 l=1 rev1=1 crypto rx=0 tx=0 comp rx=0 tx=0).stop
2023-06-22T17:20:16.692 INFO:teuthology.orchestra.run.smithi039.stdout:/usr/bin/ceph: stderr
2023-06-22T17:20:16.057+0000 7f0172b19700 1 -- 172.21.15.39:0/1052672954 >> 172.21.15.39:0/1052672954 conn(0x7f016c0fc1e0 msgr2=0x7f016c0fe610 unknown :-1 s=STATE_NONE l=0).mark_down
2023-06-22T17:20:16.692 INFO:teuthology.orchestra.run.smithi039.stdout:/usr/bin/ceph: stderr
2023-06-22T17:20:16.057+0000 7f0172b19700 1 -- 172.21.15.39:0/1052672954 shutdown_connections
2023-06-22T17:20:16.692 INFO:teuthology.orchestra.run.smithi039.stdout:/usr/bin/ceph: stderr
2023-06-22T17:20:16.057+0000 7f0172b19700 1 -- 172.21.15.39:0/1052672954 wait complete.
2023-06-22T17:20:16.693 INFO:teuthology.orchestra.run.smithi039.stdout:/usr/bin/ceph: stderr
2023-06-22T17:20:16.057+0000 7f0172b19700 1 Processor -- start
2023-06-22T17:20:16.693 INFO:teuthology.orchestra.run.smithi039.stdout:/usr/bin/ceph: stderr
2023-06-22T17:20:16.057+0000 7f0172b19700 1 -- start start
2023-06-22T17:20:16.693 INFO:teuthology.orchestra.run.smithi039.stdout:/usr/bin/ceph: stderr
2023-06-22T17:20:16.058+0000 7f0172b19700 1 --2- >> [v2:172.21.15.39:3300/0,v1:172.21.15.39:6789/0] conn(0x7f016c103a20 0x7f016c111030 unknown :-1 s=NONE pgs=0 cs=0 l=1 rev1=0 crypto rx=0 tx=0 comp rx=0 tx=0).connect
2023-06-22T17:20:16.693 INFO:teuthology.orchestra.run.smithi039.stdout:/usr/bin/ceph: stderr
2023-06-22T17:20:16.058+0000 7f0172b19700 1 -- --> [v2:172.21.15.39:3300/0,v1:172.21.15.39:6789/0] -- mon_getmap magic: 0 v1 -- 0x7f016c111570 con 0x7f016c103a20
2023-06-22T17:20:16.693 INFO:teuthology.orchestra.run.smithi039.stdout:/usr/bin/ceph: stderr
2023-06-22T17:20:16.058+0000 7f01708b5700 1 --2- >> [v2:172.21.15.39:3300/0,v1:172.21.15.39:6789/0] conn(0x7f016c103a20 0x7f016c111030 unknown :-1 s=BANNER_CONNECTING pgs=0 cs=0 l=1 rev1=0 crypto rx=0 tx=0 comp rx=0 tx=0)._handle_peer_banner_payload supported=3 required=0
2023-06-22T17:20:16.693 INFO:teuthology.orchestra.run.smithi039.stdout:/usr/bin/ceph: stderr
2023-06-22T17:20:16.058+0000 7f01708b5700 1 --2- >> [v2:172.21.15.39:3300/0,v1:172.21.15.39:6789/0] conn(0x7f016c103a20 0x7f016c111030 unknown :-1 s=HELLO_CONNECTING pgs=0 cs=0 l=1 rev1=1 crypto rx=0 tx=0 comp rx=0 tx=0).handle_hello peer v2:172.21.15.39:3300/0 says I am v2:172.21.15.39:35264/0 (socket says 172.21.15.39:35264)
2023-06-22T17:20:16.693 INFO:teuthology.orchestra.run.smithi039.stdout:/usr/bin/ceph: stderr
2023-06-22T17:20:16.058+0000 7f01708b5700 1 -- 172.21.15.39:0/868622923 learned_addr learned my addr 172.21.15.39:0/868622923 (peer_addr_for_me v2:172.21.15.39:0/0)
2023-06-22T17:20:16.693 INFO:teuthology.orchestra.run.smithi039.stdout:/usr/bin/ceph: stderr
2023-06-22T17:20:16.058+0000 7f01708b5700 1 -- 172.21.15.39:0/868622923 --> [v2:172.21.15.39:3300/0,v1:172.21.15.39:6789/0] -- mon_subscribe({config=0+,monmap=0+}) v3 -- 0x7f01600094f0 con 0x7f016c103a20
2023-06-22T17:20:16.694 INFO:teuthology.orchestra.run.smithi039.stdout:/usr/bin/ceph: stderr
2023-06-22T17:20:16.058+0000 7f01708b5700 1 --2- 172.21.15.39:0/868622923 >> [v2:172.21.15.39:3300/0,v1:172.21.15.39:6789/0] conn(0x7f016c103a20 0x7f016c111030 secure :-1 s=READY pgs=48 cs=0 l=1 rev1=1 crypto rx=0x7f0160000c00 tx=0x7f0160009250 comp rx=0 tx=0).ready entity=mon.0 client_cookie=0 server_cookie=0 in_seq=0 out_seq=0
2023-06-22T17:20:16.694 INFO:teuthology.orchestra.run.smithi039.stdout:/usr/bin/ceph: stderr
2023-06-22T17:20:16.058+0000 7f01697fa700 1 -- 172.21.15.39:0/868622923 <== mon.0 v2:172.21.15.39:3300/0 1 ==== mon_map magic: 0 v1 ==== 205+0+0 (secure 0 0 0) 0x7f0160010b30 con 0x7f016c103a20
2023-06-22T17:20:16.694 INFO:teuthology.orchestra.run.smithi039.stdout:/usr/bin/ceph: stderr
2023-06-22T17:20:16.059+0000 7f01697fa700 1 -- 172.21.15.39:0/868622923 <== mon.0 v2:172.21.15.39:3300/0 2 ==== config(27 keys) v1 ==== 1105+0+0 (secure 0 0 0) 0x7f0160010c90 con 0x7f016c103a20
2023-06-22T17:20:16.694 INFO:teuthology.orchestra.run.smithi039.stdout:/usr/bin/ceph: stderr
2023-06-22T17:20:16.059+0000 7f0172b19700 1 -- 172.21.15.39:0/868622923 --> [v2:172.21.15.39:3300/0,v1:172.21.15.39:6789/0] -- mon_subscribe({mgrmap=0+}) v3 -- 0x7f016c111770 con 0x7f016c103a20
2023-06-22T17:20:16.694 INFO:teuthology.orchestra.run.smithi039.stdout:/usr/bin/ceph: stderr
2023-06-22T17:20:16.059+0000 7f01697fa700 1 -- 172.21.15.39:0/868622923 <== mon.0 v2:172.21.15.39:3300/0 3 ==== mon_map magic: 0 v1 ==== 205+0+0 (secure 0 0 0) 0x7f0160022400 con 0x7f016c103a20
2023-06-22T17:20:16.694 INFO:teuthology.orchestra.run.smithi039.stdout:/usr/bin/ceph: stderr
2023-06-22T17:20:16.059+0000 7f0172b19700 1 -- 172.21.15.39:0/868622923 --> [v2:172.21.15.39:3300/0,v1:172.21.15.39:6789/0] -- mon_subscribe({osdmap=0}) v3 -- 0x7f016c111b80 con 0x7f016c103a20
2023-06-22T17:20:16.694 INFO:teuthology.orchestra.run.smithi039.stdout:/usr/bin/ceph: stderr
2023-06-22T17:20:16.059+0000 7f0172b19700 1 -- 172.21.15.39:0/868622923 --> [v2:172.21.15.39:3300/0,v1:172.21.15.39:6789/0] -- mon_command({"prefix": "get_command_descriptions"} v 0) v1 -- 0x7f016c05f060 con 0x7f016c103a20
2023-06-22T17:20:16.694 INFO:teuthology.orchestra.run.smithi039.stdout:/usr/bin/ceph: stderr
2023-06-22T17:20:16.060+0000 7f01697fa700 1 -- 172.21.15.39:0/868622923 <== mon.0 v2:172.21.15.39:3300/0 4 ==== mgrmap(e 8) v1 ==== 43219+0+0 (secure 0 0 0) 0x7f016001a430 con 0x7f016c103a20
2023-06-22T17:20:16.695 INFO:teuthology.orchestra.run.smithi039.stdout:/usr/bin/ceph: stderr
2023-06-22T17:20:16.060+0000 7f01697fa700 1 --2- 172.21.15.39:0/868622923 >> [v2:172.21.15.39:6800/1350590065,v1:172.21.15.39:6801/1350590065] conn(0x7f015c036560 0x7f015c038a10 unknown :-1 s=NONE pgs=0 cs=0 l=1 rev1=0 crypto rx=0 tx=0 comp rx=0 tx=0).connect
2023-06-22T17:20:16.695 INFO:teuthology.orchestra.run.smithi039.stdout:/usr/bin/ceph: stderr
2023-06-22T17:20:16.060+0000 7f01697fa700 1 -- 172.21.15.39:0/868622923 <== mon.0 v2:172.21.15.39:3300/0 5 ==== osd_map(2..2 src has 1..2) v4 ==== 936+0+0 (secure 0 0 0) 0x7f016004ac70 con 0x7f016c103a20
2023-06-22T17:20:16.695 INFO:teuthology.orchestra.run.smithi039.stdout:/usr/bin/ceph: stderr
2023-06-22T17:20:16.060+0000 7f016bfff700 1 --2- 172.21.15.39:0/868622923 >> [v2:172.21.15.39:6800/1350590065,v1:172.21.15.39:6801/1350590065] conn(0x7f015c036560 0x7f015c038a10 unknown :-1 s=BANNER_CONNECTING pgs=0 cs=0 l=1 rev1=0 crypto rx=0 tx=0 comp rx=0 tx=0)._handle_peer_banner_payload supported=3 required=0
2023-06-22T17:20:16.695 INFO:teuthology.orchestra.run.smithi039.stdout:/usr/bin/ceph: stderr
2023-06-22T17:20:16.061+0000 7f016bfff700 1 --2- 172.21.15.39:0/868622923 >> [v2:172.21.15.39:6800/1350590065,v1:172.21.15.39:6801/1350590065] conn(0x7f015c036560 0x7f015c038a10 secure :-1 s=READY pgs=13 cs=0 l=1 rev1=1 crypto rx=0x7f0158009990 tx=0x7f0158006e40 comp rx=0 tx=0).ready entity=mgr.14118 client_cookie=0 server_cookie=0 in_seq=0 out_seq=0
2023-06-22T17:20:16.695 INFO:teuthology.orchestra.run.smithi039.stdout:/usr/bin/ceph: stderr
2023-06-22T17:20:16.065+0000 7f01697fa700 1 -- 172.21.15.39:0/868622923 <== mon.0 v2:172.21.15.39:3300/0 6 ==== mon_command_ack([{"prefix": "get_command_descriptions"}]=0 v0) v1 ==== 72+0+174561 (secure 0 0 0) 0x7f0160021d30 con 0x7f016c103a20
2023-06-22T17:20:16.695 INFO:teuthology.orchestra.run.smithi039.stdout:/usr/bin/ceph: stderr
2023-06-22T17:20:16.269+0000 7f0172b19700 1 -- 172.21.15.39:0/868622923 --> [v2:172.21.15.39:6800/1350590065,v1:172.21.15.39:6801/1350590065] -- mgr_command(tid 0: {"prefix": "orch apply", "service_type": "mgr", "unmanaged": true, "target": ["mon-mgr", ""]}) v1 -- 0x7f016c1145e0 con 0x7f015c036560
2023-06-22T17:20:16.695 INFO:teuthology.orchestra.run.smithi039.stdout:/usr/bin/ceph: stderr
2023-06-22T17:20:16.279+0000 7f01697fa700 1 -- 172.21.15.39:0/868622923 <== mgr.14118 v2:172.21.15.39:6800/1350590065 1 ==== mgr_command_reply(tid 0: 0 ) v1 ==== 8+0+24 (secure 0 0 0) 0x7f016c1145e0 con 0x7f015c036560
2023-06-22T17:20:16.696 INFO:teuthology.orchestra.run.smithi039.stdout:/usr/bin/ceph: stderr
2023-06-22T17:20:16.281+0000 7f0172b19700 1 -- 172.21.15.39:0/868622923 >> [v2:172.21.15.39:6800/1350590065,v1:172.21.15.39:6801/1350590065] conn(0x7f015c036560 msgr2=0x7f015c038a10 secure :-1 s=STATE_CONNECTION_ESTABLISHED l=1).mark_down
2023-06-22T17:20:16.696 INFO:teuthology.orchestra.run.smithi039.stdout:/usr/bin/ceph: stderr
2023-06-22T17:20:16.281+0000 7f0172b19700 1 --2- 172.21.15.39:0/868622923 >> [v2:172.21.15.39:6800/1350590065,v1:172.21.15.39:6801/1350590065] conn(0x7f015c036560 0x7f015c038a10 secure :-1 s=READY pgs=13 cs=0 l=1 rev1=1 crypto rx=0x7f0158009990 tx=0x7f0158006e40 comp rx=0 tx=0).stop
2023-06-22T17:20:16.696 INFO:teuthology.orchestra.run.smithi039.stdout:/usr/bin/ceph: stderr
2023-06-22T17:20:16.281+0000 7f0172b19700 1 -- 172.21.15.39:0/868622923 >> [v2:172.21.15.39:3300/0,v1:172.21.15.39:6789/0] conn(0x7f016c103a20 msgr2=0x7f016c111030 secure :-1 s=STATE_CONNECTION_ESTABLISHED l=1).mark_down
2023-06-22T17:20:16.696 INFO:teuthology.orchestra.run.smithi039.stdout:/usr/bin/ceph: stderr
2023-06-22T17:20:16.281+0000 7f0172b19700 1 --2- 172.21.15.39:0/868622923 >> [v2:172.21.15.39:3300/0,v1:172.21.15.39:6789/0] conn(0x7f016c103a20 0x7f016c111030 secure :-1 s=READY pgs=48 cs=0 l=1 rev1=1 crypto rx=0x7f0160000c00 tx=0x7f0160009250 comp rx=0 tx=0).stop
2023-06-22T17:20:16.696 INFO:teuthology.orchestra.run.smithi039.stdout:/usr/bin/ceph: stderr
2023-06-22T17:20:16.281+0000 7f0172b19700 1 -- 172.21.15.39:0/868622923 shutdown_connections
2023-06-22T17:20:16.696 INFO:teuthology.orchestra.run.smithi039.stdout:/usr/bin/ceph: stderr
2023-06-22T17:20:16.281+0000 7f0172b19700 1 --2- 172.21.15.39:0/868622923 >> [v2:172.21.15.39:6800/1350590065,v1:172.21.15.39:6801/1350590065] conn(0x7f015c036560 0x7f015c038a10 unknown :-1 s=CLOSED pgs=13 cs=0 l=1 rev1=1 crypto rx=0 tx=0 comp rx=0 tx=0).stop
2023-06-22T17:20:16.696 INFO:teuthology.orchestra.run.smithi039.stdout:/usr/bin/ceph: stderr
2023-06-22T17:20:16.281+0000 7f0172b19700 1 --2- 172.21.15.39:0/868622923 >> [v2:172.21.15.39:3300/0,v1:172.21.15.39:6789/0] conn(0x7f016c103a20 0x7f016c111030 unknown :-1 s=CLOSED pgs=48 cs=0 l=1 rev1=1 crypto rx=0 tx=0 comp rx=0 tx=0).stop
2023-06-22T17:20:16.696 INFO:teuthology.orchestra.run.smithi039.stdout:/usr/bin/ceph: stderr
2023-06-22T17:20:16.281+0000 7f0172b19700 1 -- 172.21.15.39:0/868622923 >> 172.21.15.39:0/868622923 conn(0x7f016c0fc1e0 msgr2=0x7f016c0fcf00 unknown :-1 s=STATE_NONE l=0).mark_down
2023-06-22T17:20:16.697 INFO:teuthology.orchestra.run.smithi039.stdout:/usr/bin/ceph: stderr
2023-06-22T17:20:16.281+0000 7f0172b19700 1 -- 172.21.15.39:0/868622923 shutdown_connections
2023-06-22T17:20:16.697 INFO:teuthology.orchestra.run.smithi039.stdout:/usr/bin/ceph: stderr
2023-06-22T17:20:16.281+0000 7f0172b19700 1 -- 172.21.15.39:0/868622923 wait complete.
2023-06-22T17:20:17.541 INFO:journalctl@ceph.mon.a.smithi039.stdout:Jun 22 17:20:17 smithi039 ceph-mon[84805]: from='client.14142 -' entity='client.admin' cmd=[{"prefix": "orch apply", "service_type": "mgr", "unmanaged": true, "target": ["mon-mgr", ""]}]: dispatch
2023-06-22T17:20:17.542 INFO:journalctl@ceph.mon.a.smithi039.stdout:Jun 22 17:20:17 smithi039 ceph-mon[84805]: Saving service mgr spec with placement count:2
2023-06-22T17:20:17.542 INFO:journalctl@ceph.mon.a.smithi039.stdout:Jun 22 17:20:17 smithi039 ceph-mon[84805]: from='mgr.14118 172.21.15.39:0/1180832241' entity='mgr.x'
2023-06-22T17:20:17.542 INFO:journalctl@ceph.mon.a.smithi039.stdout:Jun 22 17:20:17 smithi039 ceph-mon[84805]: from='mgr.14118 172.21.15.39:0/1180832241' entity='mgr.x'
2023-06-22T17:20:17.542 INFO:journalctl@ceph.mon.a.smithi039.stdout:Jun 22 17:20:17 smithi039 ceph-mon[84805]: from='mgr.14118 172.21.15.39:0/1180832241' entity='mgr.x'
2023-06-22T17:20:17.729 INFO:teuthology.orchestra.run.smithi039.stdout:/usr/bin/ceph: stderr
2023-06-22T17:20:17.165+0000 7f93afc7c700 1 Processor -- start
2023-06-22T17:20:17.729 INFO:teuthology.orchestra.run.smithi039.stdout:/usr/bin/ceph: stderr
2023-06-22T17:20:17.165+0000 7f93afc7c700 1 -- start start
2023-06-22T17:20:17.729 INFO:teuthology.orchestra.run.smithi039.stdout:/usr/bin/ceph: stderr
2023-06-22T17:20:17.165+0000 7f93afc7c700 1 --2- >> [v2:172.21.15.39:3300/0,v1:172.21.15.39:6789/0] conn(0x7f93a8101320 0x7f93a8101730 unknown :-1 s=NONE pgs=0 cs=0 l=0 rev1=0 crypto rx=0 tx=0 comp rx=0 tx=0).connect
2023-06-22T17:20:17.729 INFO:teuthology.orchestra.run.smithi039.stdout:/usr/bin/ceph: stderr
2023-06-22T17:20:17.165+0000 7f93afc7c700 1 -- --> [v2:172.21.15.39:3300/0,v1:172.21.15.39:6789/0] -- mon_getmap magic: 0 v1 -- 0x7f93a8101c70 con 0x7f93a8101320
2023-06-22T17:20:17.730 INFO:teuthology.orchestra.run.smithi039.stdout:/usr/bin/ceph: stderr
2023-06-22T17:20:17.165+0000 7f93ada18700 1 --2- >> [v2:172.21.15.39:3300/0,v1:172.21.15.39:6789/0] conn(0x7f93a8101320 0x7f93a8101730 unknown :-1 s=BANNER_CONNECTING pgs=0 cs=0 l=0 rev1=0 crypto rx=0 tx=0 comp rx=0 tx=0)._handle_peer_banner_payload supported=3 required=0
2023-06-22T17:20:17.730 INFO:teuthology.orchestra.run.smithi039.stdout:/usr/bin/ceph: stderr
2023-06-22T17:20:17.165+0000 7f93ada18700 1 --2- >> [v2:172.21.15.39:3300/0,v1:172.21.15.39:6789/0] conn(0x7f93a8101320 0x7f93a8101730 unknown :-1 s=HELLO_CONNECTING pgs=0 cs=0 l=0 rev1=1 crypto rx=0 tx=0 comp rx=0 tx=0).handle_hello peer v2:172.21.15.39:3300/0 says I am v2:172.21.15.39:35274/0 (socket says 172.21.15.39:35274)
2023-06-22T17:20:17.730 INFO:teuthology.orchestra.run.smithi039.stdout:/usr/bin/ceph: stderr
2023-06-22T17:20:17.165+0000 7f93ada18700 1 -- 172.21.15.39:0/1038746299 learned_addr learned my addr 172.21.15.39:0/1038746299 (peer_addr_for_me v2:172.21.15.39:0/0)
2023-06-22T17:20:17.730 INFO:teuthology.orchestra.run.smithi039.stdout:/usr/bin/ceph: stderr
2023-06-22T17:20:17.166+0000 7f93ada18700 1 -- 172.21.15.39:0/1038746299 --> [v2:172.21.15.39:3300/0,v1:172.21.15.39:6789/0] -- mon_subscribe({config=0+,monmap=0+}) v3 -- 0x7f93a8101db0 con 0x7f93a8101320
2023-06-22T17:20:17.730 INFO:teuthology.orchestra.run.smithi039.stdout:/usr/bin/ceph: stderr
2023-06-22T17:20:17.166+0000 7f93ada18700 1 --2- 172.21.15.39:0/1038746299 >> [v2:172.21.15.39:3300/0,v1:172.21.15.39:6789/0] conn(0x7f93a8101320 0x7f93a8101730 secure :-1 s=READY pgs=49 cs=0 l=1 rev1=1 crypto rx=0x7f93a400bb80 tx=0x7f93a400b4f0 comp rx=0 tx=0).ready entity=mon.0 client_cookie=2d1b62c10d74005b server_cookie=0 in_seq=0 out_seq=0
2023-06-22T17:20:17.730 INFO:teuthology.orchestra.run.smithi039.stdout:/usr/bin/ceph: stderr
2023-06-22T17:20:17.166+0000 7f93aca16700 1 -- 172.21.15.39:0/1038746299 <== mon.0 v2:172.21.15.39:3300/0 1 ==== mon_map magic: 0 v1 ==== 205+0+0 (secure 0 0 0) 0x7f93a400dba0 con 0x7f93a8101320
2023-06-22T17:20:17.730 INFO:teuthology.orchestra.run.smithi039.stdout:/usr/bin/ceph: stderr
2023-06-22T17:20:17.166+0000 7f93aca16700 1 -- 172.21.15.39:0/1038746299 <== mon.0 v2:172.21.15.39:3300/0 2 ==== config(27 keys) v1 ==== 1136+0+0 (secure 0 0 0) 0x7f93a400dd00 con 0x7f93a8101320
2023-06-22T17:20:17.730 INFO:teuthology.orchestra.run.smithi039.stdout:/usr/bin/ceph: stderr
2023-06-22T17:20:17.166+0000 7f93aca16700 1 -- 172.21.15.39:0/1038746299 <== mon.0 v2:172.21.15.39:3300/0 3 ==== mon_map magic: 0 v1 ==== 205+0+0 (secure 0 0 0) 0x7f93a4018780 con 0x7f93a8101320
2023-06-22T17:20:17.731 INFO:teuthology.orchestra.run.smithi039.stdout:/usr/bin/ceph: stderr
2023-06-22T17:20:17.166+0000 7f93afc7c700 1 -- 172.21.15.39:0/1038746299 >> [v2:172.21.15.39:3300/0,v1:172.21.15.39:6789/0] conn(0x7f93a8101320 msgr2=0x7f93a8101730 secure :-1 s=STATE_CONNECTION_ESTABLISHED l=1).mark_down
2023-06-22T17:20:17.731 INFO:teuthology.orchestra.run.smithi039.stdout:/usr/bin/ceph: stderr
2023-06-22T17:20:17.167+0000 7f93afc7c700 1 --2- 172.21.15.39:0/1038746299 >> [v2:172.21.15.39:3300/0,v1:172.21.15.39:6789/0] conn(0x7f93a8101320 0x7f93a8101730 secure :-1 s=READY pgs=49 cs=0 l=1 rev1=1 crypto rx=0x7f93a400bb80 tx=0x7f93a400b4f0 comp rx=0 tx=0).stop
2023-06-22T17:20:17.731 INFO:teuthology.orchestra.run.smithi039.stdout:/usr/bin/ceph: stderr
2023-06-22T17:20:17.167+0000 7f93afc7c700 1 -- 172.21.15.39:0/1038746299 shutdown_connections
2023-06-22T17:20:17.731 INFO:teuthology.orchestra.run.smithi039.stdout:/usr/bin/ceph: stderr
2023-06-22T17:20:17.167+0000 7f93afc7c700 1 --2- 172.21.15.39:0/1038746299 >> [v2:172.21.15.39:3300/0,v1:172.21.15.39:6789/0] conn(0x7f93a8101320 0x7f93a8101730 unknown :-1 s=CLOSED pgs=49 cs=0 l=1 rev1=1 crypto rx=0 tx=0 comp rx=0 tx=0).stop
2023-06-22T17:20:17.731 INFO:teuthology.orchestra.run.smithi039.stdout:/usr/bin/ceph: stderr
2023-06-22T17:20:17.167+0000 7f93afc7c700 1 -- 172.21.15.39:0/1038746299 >> 172.21.15.39:0/1038746299 conn(0x7f93a80fcac0 msgr2=0x7f93a80feed0 unknown :-1 s=STATE_NONE l=0).mark_down
2023-06-22T17:20:17.731 INFO:teuthology.orchestra.run.smithi039.stdout:/usr/bin/ceph: stderr
2023-06-22T17:20:17.167+0000 7f93afc7c700 1 -- 172.21.15.39:0/1038746299 shutdown_connections
2023-06-22T17:20:17.731 INFO:teuthology.orchestra.run.smithi039.stdout:/usr/bin/ceph: stderr
2023-06-22T17:20:17.167+0000 7f93afc7c700 1 -- 172.21.15.39:0/1038746299 wait complete.
2023-06-22T17:20:17.731 INFO:teuthology.orchestra.run.smithi039.stdout:/usr/bin/ceph: stderr
2023-06-22T17:20:17.167+0000 7f93afc7c700 1 Processor -- start
2023-06-22T17:20:17.732 INFO:teuthology.orchestra.run.smithi039.stdout:/usr/bin/ceph: stderr
2023-06-22T17:20:17.167+0000 7f93afc7c700 1 -- start start
2023-06-22T17:20:17.732 INFO:teuthology.orchestra.run.smithi039.stdout:/usr/bin/ceph: stderr
2023-06-22T17:20:17.167+0000 7f93afc7c700 1 --2- >> [v2:172.21.15.39:3300/0,v1:172.21.15.39:6789/0] conn(0x7f93a8101320 0x7f93a810eeb0 unknown :-1 s=NONE pgs=0 cs=0 l=1 rev1=0 crypto rx=0 tx=0 comp rx=0 tx=0).connect
2023-06-22T17:20:17.732 INFO:teuthology.orchestra.run.smithi039.stdout:/usr/bin/ceph: stderr
2023-06-22T17:20:17.167+0000 7f93afc7c700 1 -- --> [v2:172.21.15.39:3300/0,v1:172.21.15.39:6789/0] -- mon_getmap magic: 0 v1 -- 0x7f93a810f3f0 con 0x7f93a8101320
2023-06-22T17:20:17.732 INFO:teuthology.orchestra.run.smithi039.stdout:/usr/bin/ceph: stderr
2023-06-22T17:20:17.167+0000 7f93ada18700 1 --2- >> [v2:172.21.15.39:3300/0,v1:172.21.15.39:6789/0] conn(0x7f93a8101320 0x7f93a810eeb0 unknown :-1 s=BANNER_CONNECTING pgs=0 cs=0 l=1 rev1=0 crypto rx=0 tx=0 comp rx=0 tx=0)._handle_peer_banner_payload supported=3 required=0
2023-06-22T17:20:17.732 INFO:teuthology.orchestra.run.smithi039.stdout:/usr/bin/ceph: stderr
2023-06-22T17:20:17.168+0000 7f93ada18700 1 --2- >> [v2:172.21.15.39:3300/0,v1:172.21.15.39:6789/0] conn(0x7f93a8101320 0x7f93a810eeb0 unknown :-1 s=HELLO_CONNECTING pgs=0 cs=0 l=1 rev1=1 crypto rx=0 tx=0 comp rx=0 tx=0).handle_hello peer v2:172.21.15.39:3300/0 says I am v2:172.21.15.39:35290/0 (socket says 172.21.15.39:35290)
2023-06-22T17:20:17.732 INFO:teuthology.orchestra.run.smithi039.stdout:/usr/bin/ceph: stderr
2023-06-22T17:20:17.168+0000 7f93ada18700 1 -- 172.21.15.39:0/3008971181 learned_addr learned my addr 172.21.15.39:0/3008971181 (peer_addr_for_me v2:172.21.15.39:0/0)
2023-06-22T17:20:17.732 INFO:teuthology.orchestra.run.smithi039.stdout:/usr/bin/ceph: stderr
2023-06-22T17:20:17.168+0000 7f93ada18700 1 -- 172.21.15.39:0/3008971181 --> [v2:172.21.15.39:3300/0,v1:172.21.15.39:6789/0] -- mon_subscribe({config=0+,monmap=0+}) v3 -- 0x7f93a400b790 con 0x7f93a8101320
2023-06-22T17:20:17.733 INFO:teuthology.orchestra.run.smithi039.stdout:/usr/bin/ceph: stderr
2023-06-22T17:20:17.168+0000 7f93ada18700 1 --2- 172.21.15.39:0/3008971181 >> [v2:172.21.15.39:3300/0,v1:172.21.15.39:6789/0] conn(0x7f93a8101320 0x7f93a810eeb0 secure :-1 s=READY pgs=50 cs=0 l=1 rev1=1 crypto rx=0x7f93a4007010 tx=0x7f93a400b4f0 comp rx=0 tx=0).ready entity=mon.0 client_cookie=0 server_cookie=0 in_seq=0 out_seq=0
2023-06-22T17:20:17.733 INFO:teuthology.orchestra.run.smithi039.stdout:/usr/bin/ceph: stderr
2023-06-22T17:20:17.168+0000 7f939e7fc700 1 -- 172.21.15.39:0/3008971181 <== mon.0 v2:172.21.15.39:3300/0 1 ==== mon_map magic: 0 v1 ==== 205+0+0 (secure 0 0 0) 0x7f93a4010a30 con 0x7f93a8101320
2023-06-22T17:20:17.733 INFO:teuthology.orchestra.run.smithi039.stdout:/usr/bin/ceph: stderr
2023-06-22T17:20:17.168+0000 7f939e7fc700 1 -- 172.21.15.39:0/3008971181 <== mon.0 v2:172.21.15.39:3300/0 2 ==== config(27 keys) v1 ==== 1136+0+0 (secure 0 0 0) 0x7f93a401d040 con 0x7f93a8101320
2023-06-22T17:20:17.733 INFO:teuthology.orchestra.run.smithi039.stdout:/usr/bin/ceph: stderr
2023-06-22T17:20:17.168+0000 7f939e7fc700 1 -- 172.21.15.39:0/3008971181 <== mon.0 v2:172.21.15.39:3300/0 3 ==== mon_map magic: 0 v1 ==== 205+0+0 (secure 0 0 0) 0x7f93a4020530 con 0x7f93a8101320
2023-06-22T17:20:17.733 INFO:teuthology.orchestra.run.smithi039.stdout:/usr/bin/ceph: stderr
2023-06-22T17:20:17.168+0000 7f93afc7c700 1 -- 172.21.15.39:0/3008971181 --> [v2:172.21.15.39:3300/0,v1:172.21.15.39:6789/0] -- mon_subscribe({mgrmap=0+}) v3 -- 0x7f93a810f5f0 con 0x7f93a8101320
2023-06-22T17:20:17.733 INFO:teuthology.orchestra.run.smithi039.stdout:/usr/bin/ceph: stderr
2023-06-22T17:20:17.168+0000 7f93afc7c700 1 -- 172.21.15.39:0/3008971181 --> [v2:172.21.15.39:3300/0,v1:172.21.15.39:6789/0] -- mon_subscribe({osdmap=0}) v3 -- 0x7f93a810fa00 con 0x7f93a8101320
2023-06-22T17:20:17.733 INFO:teuthology.orchestra.run.smithi039.stdout:/usr/bin/ceph: stderr
2023-06-22T17:20:17.169+0000 7f939e7fc700 1 -- 172.21.15.39:0/3008971181 <== mon.0 v2:172.21.15.39:3300/0 4 ==== mgrmap(e 8) v1 ==== 43219+0+0 (secure 0 0 0) 0x7f93a40206d0 con 0x7f93a8101320
2023-06-22T17:20:17.733 INFO:teuthology.orchestra.run.smithi039.stdout:/usr/bin/ceph: stderr
2023-06-22T17:20:17.169+0000 7f93afc7c700 1 -- 172.21.15.39:0/3008971181 --> [v2:172.21.15.39:3300/0,v1:172.21.15.39:6789/0] -- mon_command({"prefix": "get_command_descriptions"} v 0) v1 -- 0x7f938c0052e0 con 0x7f93a8101320
2023-06-22T17:20:17.734 INFO:teuthology.orchestra.run.smithi039.stdout:/usr/bin/ceph: stderr
2023-06-22T17:20:17.169+0000 7f939e7fc700 1 --2- 172.21.15.39:0/3008971181 >> [v2:172.21.15.39:6800/1350590065,v1:172.21.15.39:6801/1350590065] conn(0x7f93940365c0 0x7f9394038a70 unknown :-1 s=NONE pgs=0 cs=0 l=1 rev1=0 crypto rx=0 tx=0 comp rx=0 tx=0).connect
2023-06-22T17:20:17.734 INFO:teuthology.orchestra.run.smithi039.stdout:/usr/bin/ceph: stderr
2023-06-22T17:20:17.169+0000 7f939e7fc700 1 -- 172.21.15.39:0/3008971181 <== mon.0 v2:172.21.15.39:3300/0 5 ==== osd_map(2..2 src has 1..2) v4 ==== 936+0+0 (secure 0 0 0) 0x7f93a4014070 con 0x7f93a8101320
2023-06-22T17:20:17.734 INFO:teuthology.orchestra.run.smithi039.stdout:/usr/bin/ceph: stderr
2023-06-22T17:20:17.169+0000 7f93ad217700 1 --2- 172.21.15.39:0/3008971181 >> [v2:172.21.15.39:6800/1350590065,v1:172.21.15.39:6801/1350590065] conn(0x7f93940365c0 0x7f9394038a70 unknown :-1 s=BANNER_CONNECTING pgs=0 cs=0 l=1 rev1=0 crypto rx=0 tx=0 comp rx=0 tx=0)._handle_peer_banner_payload supported=3 required=0
2023-06-22T17:20:17.734 INFO:teuthology.orchestra.run.smithi039.stdout:/usr/bin/ceph: stderr
2023-06-22T17:20:17.170+0000 7f93ad217700 1 --2- 172.21.15.39:0/3008971181 >> [v2:172.21.15.39:6800/1350590065,v1:172.21.15.39:6801/1350590065] conn(0x7f93940365c0 0x7f9394038a70 secure :-1 s=READY pgs=14 cs=0 l=1 rev1=1 crypto rx=0x7f9398009990 tx=0x7f9398006e40 comp rx=0 tx=0).ready entity=mgr.14118 client_cookie=0 server_cookie=0 in_seq=0 out_seq=0
2023-06-22T17:20:17.734 INFO:teuthology.orchestra.run.smithi039.stdout:/usr/bin/ceph: stderr
2023-06-22T17:20:17.174+0000 7f939e7fc700 1 -- 172.21.15.39:0/3008971181 <== mon.0 v2:172.21.15.39:3300/0 6 ==== mon_command_ack([{"prefix": "get_command_descriptions"}]=0 v0) v1 ==== 72+0+174561 (secure 0 0 0) 0x7f93a400e950 con 0x7f93a8101320
2023-06-22T17:20:17.734 INFO:teuthology.orchestra.run.smithi039.stdout:/usr/bin/ceph: stderr
2023-06-22T17:20:17.373+0000 7f93afc7c700 1 -- 172.21.15.39:0/3008971181 --> [v2:172.21.15.39:3300/0,v1:172.21.15.39:6789/0] -- mon_command([{prefix=config set, name=mgr/cephadm/container_init}] v 0) v1 -- 0x7f938c005590 con 0x7f93a8101320
2023-06-22T17:20:17.734 INFO:teuthology.orchestra.run.smithi039.stdout:/usr/bin/ceph: stderr
2023-06-22T17:20:17.381+0000 7f939e7fc700 1 -- 172.21.15.39:0/3008971181 <== mon.0 v2:172.21.15.39:3300/0 7 ==== mon_command_ack([{prefix=config set, name=mgr/cephadm/container_init}]=0 v7)=0 v7) v1 ==== 142+0+0 (secure 0 0 0) 0x7f93a4028030 con 0x7f93a8101320
2023-06-22T17:20:17.734 INFO:teuthology.orchestra.run.smithi039.stdout:/usr/bin/ceph: stderr
2023-06-22T17:20:17.384+0000 7f93afc7c700 1 -- 172.21.15.39:0/3008971181 >> [v2:172.21.15.39:6800/1350590065,v1:172.21.15.39:6801/1350590065] conn(0x7f93940365c0 msgr2=0x7f9394038a70 secure :-1 s=STATE_CONNECTION_ESTABLISHED l=1).mark_down
2023-06-22T17:20:17.735 INFO:teuthology.orchestra.run.smithi039.stdout:/usr/bin/ceph: stderr
2023-06-22T17:20:17.384+0000 7f93afc7c700 1 --2- 172.21.15.39:0/3008971181 >> [v2:172.21.15.39:6800/1350590065,v1:172.21.15.39:6801/1350590065] conn(0x7f93940365c0 0x7f9394038a70 secure :-1 s=READY pgs=14 cs=0 l=1 rev1=1 crypto rx=0x7f9398009990 tx=0x7f9398006e40 comp rx=0 tx=0).stop
2023-06-22T17:20:17.735 INFO:teuthology.orchestra.run.smithi039.stdout:/usr/bin/ceph: stderr
2023-06-22T17:20:17.384+0000 7f93afc7c700 1 -- 172.21.15.39:0/3008971181 >> [v2:172.21.15.39:3300/0,v1:172.21.15.39:6789/0] conn(0x7f93a8101320 msgr2=0x7f93a810eeb0 secure :-1 s=STATE_CONNECTION_ESTABLISHED l=1).mark_down
2023-06-22T17:20:17.735 INFO:teuthology.orchestra.run.smithi039.stdout:/usr/bin/ceph: stderr
2023-06-22T17:20:17.384+0000 7f93afc7c700 1 --2- 172.21.15.39:0/3008971181 >> [v2:172.21.15.39:3300/0,v1:172.21.15.39:6789/0] conn(0x7f93a8101320 0x7f93a810eeb0 secure :-1 s=READY pgs=50 cs=0 l=1 rev1=1 crypto rx=0x7f93a4007010 tx=0x7f93a400b4f0 comp rx=0 tx=0).stop
2023-06-22T17:20:17.735 INFO:teuthology.orchestra.run.smithi039.stdout:/usr/bin/ceph: stderr
2023-06-22T17:20:17.384+0000 7f93afc7c700 1 -- 172.21.15.39:0/3008971181 shutdown_connections
2023-06-22T17:20:17.735 INFO:teuthology.orchestra.run.smithi039.stdout:/usr/bin/ceph: stderr
2023-06-22T17:20:17.384+0000 7f93afc7c700 1 --2- 172.21.15.39:0/3008971181 >> [v2:172.21.15.39:6800/1350590065,v1:172.21.15.39:6801/1350590065] conn(0x7f93940365c0 0x7f9394038a70 unknown :-1 s=CLOSED pgs=14 cs=0 l=1 rev1=1 crypto rx=0 tx=0 comp rx=0 tx=0).stop
2023-06-22T17:20:17.735 INFO:teuthology.orchestra.run.smithi039.stdout:/usr/bin/ceph: stderr
2023-06-22T17:20:17.384+0000 7f93afc7c700 1 --2- 172.21.15.39:0/3008971181 >> [v2:172.21.15.39:3300/0,v1:172.21.15.39:6789/0] conn(0x7f93a8101320 0x7f93a810eeb0 unknown :-1 s=CLOSED pgs=50 cs=0 l=1 rev1=1 crypto rx=0 tx=0 comp rx=0 tx=0).stop
2023-06-22T17:20:17.735 INFO:teuthology.orchestra.run.smithi039.stdout:/usr/bin/ceph: stderr
2023-06-22T17:20:17.384+0000 7f93afc7c700 1 -- 172.21.15.39:0/3008971181 >> 172.21.15.39:0/3008971181 conn(0x7f93a80fcac0 msgr2=0x7f93a80fee80 unknown :-1 s=STATE_NONE l=0).mark_down
2023-06-22T17:20:17.735 INFO:teuthology.orchestra.run.smithi039.stdout:/usr/bin/ceph: stderr
2023-06-22T17:20:17.384+0000 7f93afc7c700 1 -- 172.21.15.39:0/3008971181 shutdown_connections
2023-06-22T17:20:17.736 INFO:teuthology.orchestra.run.smithi039.stdout:/usr/bin/ceph: stderr
2023-06-22T17:20:17.384+0000 7f93afc7c700 1 -- 172.21.15.39:0/3008971181 wait complete.
2023-06-22T17:20:18.666 INFO:journalctl@ceph.mon.a.smithi039.stdout:Jun 22 17:20:18 smithi039 ceph-mon[84805]: from='client.? 172.21.15.39:0/3008971181' entity='client.admin'
2023-06-22T17:20:18.867 INFO:teuthology.orchestra.run.smithi039.stdout:/usr/bin/ceph: stderr
2023-06-22T17:20:18.181+0000 7f05274a7700 1 Processor -- start
2023-06-22T17:20:18.868 INFO:teuthology.orchestra.run.smithi039.stdout:/usr/bin/ceph: stderr
2023-06-22T17:20:18.181+0000 7f05274a7700 1 -- start start
2023-06-22T17:20:18.868 INFO:teuthology.orchestra.run.smithi039.stdout:/usr/bin/ceph: stderr
2023-06-22T17:20:18.181+0000 7f05274a7700 1 --2- >> [v2:172.21.15.39:3300/0,v1:172.21.15.39:6789/0] conn(0x7f0520070dc0 0x7f0520105010 unknown :-1 s=NONE pgs=0 cs=0 l=0 rev1=0 crypto rx=0 tx=0 comp rx=0 tx=0).connect
2023-06-22T17:20:18.868 INFO:teuthology.orchestra.run.smithi039.stdout:/usr/bin/ceph: stderr
2023-06-22T17:20:18.181+0000 7f05274a7700 1 -- --> [v2:172.21.15.39:3300/0,v1:172.21.15.39:6789/0] -- mon_getmap magic: 0 v1 -- 0x7f0520105550 con 0x7f0520070dc0
2023-06-22T17:20:18.868 INFO:teuthology.orchestra.run.smithi039.stdout:/usr/bin/ceph: stderr
2023-06-22T17:20:18.181+0000 7f0525243700 1 --2- >> [v2:172.21.15.39:3300/0,v1:172.21.15.39:6789/0] conn(0x7f0520070dc0 0x7f0520105010 unknown :-1 s=BANNER_CONNECTING pgs=0 cs=0 l=0 rev1=0 crypto rx=0 tx=0 comp rx=0 tx=0)._handle_peer_banner_payload supported=3 required=0
2023-06-22T17:20:18.868 INFO:teuthology.orchestra.run.smithi039.stdout:/usr/bin/ceph: stderr
2023-06-22T17:20:18.181+0000 7f0525243700 1 --2- >> [v2:172.21.15.39:3300/0,v1:172.21.15.39:6789/0] conn(0x7f0520070dc0 0x7f0520105010 unknown :-1 s=HELLO_CONNECTING pgs=0 cs=0 l=0 rev1=1 crypto rx=0 tx=0 comp rx=0 tx=0).handle_hello peer v2:172.21.15.39:3300/0 says I am v2:172.21.15.39:35292/0 (socket says 172.21.15.39:35292)
2023-06-22T17:20:18.868 INFO:teuthology.orchestra.run.smithi039.stdout:/usr/bin/ceph: stderr
2023-06-22T17:20:18.181+0000 7f0525243700 1 -- 172.21.15.39:0/2058763868 learned_addr learned my addr 172.21.15.39:0/2058763868 (peer_addr_for_me v2:172.21.15.39:0/0)
2023-06-22T17:20:18.869 INFO:teuthology.orchestra.run.smithi039.stdout:/usr/bin/ceph: stderr
2023-06-22T17:20:18.182+0000 7f0525243700 1 -- 172.21.15.39:0/2058763868 --> [v2:172.21.15.39:3300/0,v1:172.21.15.39:6789/0] -- mon_subscribe({config=0+,monmap=0+}) v3 -- 0x7f0520105690 con 0x7f0520070dc0
2023-06-22T17:20:18.869 INFO:teuthology.orchestra.run.smithi039.stdout:/usr/bin/ceph: stderr
2023-06-22T17:20:18.182+0000 7f0525243700 1 --2- 172.21.15.39:0/2058763868 >> [v2:172.21.15.39:3300/0,v1:172.21.15.39:6789/0] conn(0x7f0520070dc0 0x7f0520105010 secure :-1 s=READY pgs=51 cs=0 l=1 rev1=1 crypto rx=0x7f051c0098e0 tx=0x7f051c009250 comp rx=0 tx=0).ready entity=mon.0 client_cookie=1f9088309578d332 server_cookie=0 in_seq=0 out_seq=0
2023-06-22T17:20:18.869 INFO:teuthology.orchestra.run.smithi039.stdout:/usr/bin/ceph: stderr
2023-06-22T17:20:18.182+0000 7f0517fff700 1 -- 172.21.15.39:0/2058763868 <== mon.0 v2:172.21.15.39:3300/0 1 ==== mon_map magic: 0 v1 ==== 205+0+0 (secure 0 0 0) 0x7f051c009e80 con 0x7f0520070dc0
2023-06-22T17:20:18.869 INFO:teuthology.orchestra.run.smithi039.stdout:/usr/bin/ceph: stderr
2023-06-22T17:20:18.182+0000 7f0517fff700 1 -- 172.21.15.39:0/2058763868 <== mon.0 v2:172.21.15.39:3300/0 2 ==== config(27 keys) v1 ==== 1136+0+0 (secure 0 0 0) 0x7f051c00bd40 con 0x7f0520070dc0
2023-06-22T17:20:18.869 INFO:teuthology.orchestra.run.smithi039.stdout:/usr/bin/ceph: stderr
2023-06-22T17:20:18.182+0000 7f0517fff700 1 -- 172.21.15.39:0/2058763868 <== mon.0 v2:172.21.15.39:3300/0 3 ==== mon_map magic: 0 v1 ==== 205+0+0 (secure 0 0 0) 0x7f051c011d10 con 0x7f0520070dc0
2023-06-22T17:20:18.869 INFO:teuthology.orchestra.run.smithi039.stdout:/usr/bin/ceph: stderr
2023-06-22T17:20:18.183+0000 7f05274a7700 1 -- 172.21.15.39:0/2058763868 >> [v2:172.21.15.39:3300/0,v1:172.21.15.39:6789/0] conn(0x7f0520070dc0 msgr2=0x7f0520105010 secure :-1 s=STATE_CONNECTION_ESTABLISHED l=1).mark_down
2023-06-22T17:20:18.870 INFO:teuthology.orchestra.run.smithi039.stdout:/usr/bin/ceph: stderr
2023-06-22T17:20:18.183+0000 7f05274a7700 1 --2- 172.21.15.39:0/2058763868 >> [v2:172.21.15.39:3300/0,v1:172.21.15.39:6789/0] conn(0x7f0520070dc0 0x7f0520105010 secure :-1 s=READY pgs=51 cs=0 l=1 rev1=1 crypto rx=0x7f051c0098e0 tx=0x7f051c009250 comp rx=0 tx=0).stop
2023-06-22T17:20:18.870 INFO:teuthology.orchestra.run.smithi039.stdout:/usr/bin/ceph: stderr
2023-06-22T17:20:18.183+0000 7f05274a7700 1 -- 172.21.15.39:0/2058763868 shutdown_connections
2023-06-22T17:20:18.870 INFO:teuthology.orchestra.run.smithi039.stdout:/usr/bin/ceph: stderr
