2023-06-23T01:01:34.028+0000 7f708b7fe700 1 --2- 172.21.15.46:0/2863927722 >> [v2:172.21.15.46:6800/2331157358,v1:172.21.15.46:6801/2331157358] conn(0x7f708c0364f0 0x7f708c0389a0 unknown :-1 s=NONE pgs=0 cs=0 l=1 rev1=0 crypto rx=0 tx=0 comp rx=0 tx=0).connect
2023-06-23T01:01:34.632 INFO:teuthology.orchestra.run.smithi046.stdout:/usr/bin/ceph: stderr
2023-06-23T01:01:34.028+0000 7f70a9450700 1 -- 172.21.15.46:0/2863927722 --> [v2:172.21.15.46:3300/0,v1:172.21.15.46:6789/0] -- mon_command({"prefix": "get_command_descriptions"} v 0) v1 -- 0x7f70a405f060 con 0x7f70a4070dc0
2023-06-23T01:01:34.632 INFO:teuthology.orchestra.run.smithi046.stdout:/usr/bin/ceph: stderr
2023-06-23T01:01:34.028+0000 7f708b7fe700 1 -- 172.21.15.46:0/2863927722 <== mon.0 v2:172.21.15.46:3300/0 5 ==== osd_map(2..2 src has 1..2) v4 ==== 936+0+0 (secure 0 0 0) 0x7f709404a340 con 0x7f70a4070dc0
2023-06-23T01:01:34.632 INFO:teuthology.orchestra.run.smithi046.stdout:/usr/bin/ceph: stderr
2023-06-23T01:01:34.029+0000 7f70a27fc700 1 --2- 172.21.15.46:0/2863927722 >> [v2:172.21.15.46:6800/2331157358,v1:172.21.15.46:6801/2331157358] conn(0x7f708c0364f0 0x7f708c0389a0 unknown :-1 s=BANNER_CONNECTING pgs=0 cs=0 l=1 rev1=0 crypto rx=0 tx=0 comp rx=0 tx=0)._handle_peer_banner_payload supported=3 required=0
2023-06-23T01:01:34.633 INFO:teuthology.orchestra.run.smithi046.stdout:/usr/bin/ceph: stderr
2023-06-23T01:01:34.029+0000 7f70a27fc700 1 --2- 172.21.15.46:0/2863927722 >> [v2:172.21.15.46:6800/2331157358,v1:172.21.15.46:6801/2331157358] conn(0x7f708c0364f0 0x7f708c0389a0 secure :-1 s=READY pgs=7 cs=0 l=1 rev1=1 crypto rx=0x7f7098009990 tx=0x7f7098006e40 comp rx=0 tx=0).ready entity=mgr.14120 client_cookie=0 server_cookie=0 in_seq=0 out_seq=0
2023-06-23T01:01:34.633 INFO:teuthology.orchestra.run.smithi046.stdout:/usr/bin/ceph: stderr
2023-06-23T01:01:34.033+0000 7f708b7fe700 1 -- 172.21.15.46:0/2863927722 <== mon.0 v2:172.21.15.46:3300/0 6 ==== mon_command_ack([{"prefix": "get_command_descriptions"}]=0 v0) v1 ==== 72+0+174561 (secure 0 0 0) 0x7f7094022400 con 0x7f70a4070dc0
2023-06-23T01:01:34.633 INFO:teuthology.orchestra.run.smithi046.stdout:/usr/bin/ceph: stderr
2023-06-23T01:01:34.241+0000 7f70a9450700 1 -- 172.21.15.46:0/2863927722 --> [v2:172.21.15.46:6800/2331157358,v1:172.21.15.46:6801/2331157358] -- mgr_command(tid 0: {"prefix": "orch set backend", "module_name": "cephadm", "target": ["mon-mgr", ""]}) v1 -- 0x7f70a40fdba0 con 0x7f708c0364f0
2023-06-23T01:01:34.633 INFO:teuthology.orchestra.run.smithi046.stdout:/usr/bin/ceph: stderr
2023-06-23T01:01:34.246+0000 7f708b7fe700 1 -- 172.21.15.46:0/2863927722 <== mgr.14120 v2:172.21.15.46:6800/2331157358 1 ==== mgr_command_reply(tid 0: 0 ) v1 ==== 8+0+0 (secure 0 0 0) 0x7f70a40fdba0 con 0x7f708c0364f0
2023-06-23T01:01:34.633 INFO:teuthology.orchestra.run.smithi046.stdout:/usr/bin/ceph: stderr
2023-06-23T01:01:34.248+0000 7f70a9450700 1 -- 172.21.15.46:0/2863927722 >> [v2:172.21.15.46:6800/2331157358,v1:172.21.15.46:6801/2331157358] conn(0x7f708c0364f0 msgr2=0x7f708c0389a0 secure :-1 s=STATE_CONNECTION_ESTABLISHED l=1).mark_down
2023-06-23T01:01:34.633 INFO:teuthology.orchestra.run.smithi046.stdout:/usr/bin/ceph: stderr
2023-06-23T01:01:34.248+0000 7f70a9450700 1 --2- 172.21.15.46:0/2863927722 >> [v2:172.21.15.46:6800/2331157358,v1:172.21.15.46:6801/2331157358] conn(0x7f708c0364f0 0x7f708c0389a0 secure :-1 s=READY pgs=7 cs=0 l=1 rev1=1 crypto rx=0x7f7098009990 tx=0x7f7098006e40 comp rx=0 tx=0).stop
2023-06-23T01:01:34.633 INFO:teuthology.orchestra.run.smithi046.stdout:/usr/bin/ceph: stderr
2023-06-23T01:01:34.248+0000 7f70a9450700 1 -- 172.21.15.46:0/2863927722 >> [v2:172.21.15.46:3300/0,v1:172.21.15.46:6789/0] conn(0x7f70a4070dc0 msgr2=0x7f70a4110db0 secure :-1 s=STATE_CONNECTION_ESTABLISHED l=1).mark_down
2023-06-23T01:01:34.634 INFO:teuthology.orchestra.run.smithi046.stdout:/usr/bin/ceph: stderr
2023-06-23T01:01:34.248+0000 7f70a9450700 1 --2- 172.21.15.46:0/2863927722 >> [v2:172.21.15.46:3300/0,v1:172.21.15.46:6789/0] conn(0x7f70a4070dc0 0x7f70a4110db0 secure :-1 s=READY pgs=38 cs=0 l=1 rev1=1 crypto rx=0x7f7094011800 tx=0x7f7094009250 comp rx=0 tx=0).stop
2023-06-23T01:01:34.634 INFO:teuthology.orchestra.run.smithi046.stdout:/usr/bin/ceph: stderr
2023-06-23T01:01:34.249+0000 7f70a9450700 1 -- 172.21.15.46:0/2863927722 shutdown_connections
2023-06-23T01:01:34.634 INFO:teuthology.orchestra.run.smithi046.stdout:/usr/bin/ceph: stderr
2023-06-23T01:01:34.249+0000 7f70a9450700 1 --2- 172.21.15.46:0/2863927722 >> [v2:172.21.15.46:6800/2331157358,v1:172.21.15.46:6801/2331157358] conn(0x7f708c0364f0 0x7f708c0389a0 unknown :-1 s=CLOSED pgs=7 cs=0 l=1 rev1=1 crypto rx=0 tx=0 comp rx=0 tx=0).stop
2023-06-23T01:01:34.634 INFO:teuthology.orchestra.run.smithi046.stdout:/usr/bin/ceph: stderr
2023-06-23T01:01:34.249+0000 7f70a9450700 1 --2- 172.21.15.46:0/2863927722 >> [v2:172.21.15.46:3300/0,v1:172.21.15.46:6789/0] conn(0x7f70a4070dc0 0x7f70a4110db0 unknown :-1 s=CLOSED pgs=38 cs=0 l=1 rev1=1 crypto rx=0 tx=0 comp rx=0 tx=0).stop
2023-06-23T01:01:34.634 INFO:teuthology.orchestra.run.smithi046.stdout:/usr/bin/ceph: stderr
2023-06-23T01:01:34.249+0000 7f70a9450700 1 -- 172.21.15.46:0/2863927722 >> 172.21.15.46:0/2863927722 conn(0x7f70a40fc7e0 msgr2=0x7f70a40fd490 unknown :-1 s=STATE_NONE l=0).mark_down
2023-06-23T01:01:34.634 INFO:teuthology.orchestra.run.smithi046.stdout:/usr/bin/ceph: stderr
2023-06-23T01:01:34.249+0000 7f70a9450700 1 -- 172.21.15.46:0/2863927722 shutdown_connections
2023-06-23T01:01:34.634 INFO:teuthology.orchestra.run.smithi046.stdout:/usr/bin/ceph: stderr
2023-06-23T01:01:34.249+0000 7f70a9450700 1 -- 172.21.15.46:0/2863927722 wait complete.
2023-06-23T01:01:35.499 INFO:journalctl@ceph.mon.a.smithi046.stdout:Jun 23 01:01:35 smithi046 ceph-mon[84949]: [23/Jun/2023:01:01:33] ENGINE Bus STARTING
2023-06-23T01:01:35.499 INFO:journalctl@ceph.mon.a.smithi046.stdout:Jun 23 01:01:35 smithi046 ceph-mon[84949]: [23/Jun/2023:01:01:33] ENGINE Serving on https://172.21.15.46:7150
2023-06-23T01:01:35.499 INFO:journalctl@ceph.mon.a.smithi046.stdout:Jun 23 01:01:35 smithi046 ceph-mon[84949]: [23/Jun/2023:01:01:33] ENGINE Bus STARTED
2023-06-23T01:01:35.500 INFO:journalctl@ceph.mon.a.smithi046.stdout:Jun 23 01:01:35 smithi046 ceph-mon[84949]: from='client.14132 -' entity='client.admin' cmd=[{"prefix": "orch set backend", "module_name": "cephadm", "target": ["mon-mgr", ""]}]: dispatch
2023-06-23T01:01:35.500 INFO:journalctl@ceph.mon.a.smithi046.stdout:Jun 23 01:01:35 smithi046 ceph-mon[84949]: from='mgr.14120 172.21.15.46:0/2933215491' entity='mgr.x'
2023-06-23T01:01:35.501 INFO:journalctl@ceph.mon.a.smithi046.stdout:Jun 23 01:01:35 smithi046 ceph-mon[84949]: from='mgr.14120 172.21.15.46:0/2933215491' entity='mgr.x' cmd=[{"prefix": "config dump", "format": "json"}]: dispatch
2023-06-23T01:01:35.501 INFO:journalctl@ceph.mon.a.smithi046.stdout:Jun 23 01:01:35 smithi046 ceph-mon[84949]: mgrmap e8: x(active, since 2s)
2023-06-23T01:01:35.666 INFO:teuthology.orchestra.run.smithi046.stdout:/usr/bin/ceph: stdout value unchanged
2023-06-23T01:01:35.667 INFO:teuthology.orchestra.run.smithi046.stdout:/usr/bin/ceph: stderr
2023-06-23T01:01:35.059+0000 7f066b247700 1 Processor -- start
2023-06-23T01:01:35.667 INFO:teuthology.orchestra.run.smithi046.stdout:/usr/bin/ceph: stderr
2023-06-23T01:01:35.059+0000 7f066b247700 1 -- start start
2023-06-23T01:01:35.667 INFO:teuthology.orchestra.run.smithi046.stdout:/usr/bin/ceph: stderr
2023-06-23T01:01:35.059+0000 7f066b247700 1 --2- >> [v2:172.21.15.46:3300/0,v1:172.21.15.46:6789/0] conn(0x7f0664070db0 0x7f0664104d90 unknown :-1 s=NONE pgs=0 cs=0 l=0 rev1=0 crypto rx=0 tx=0 comp rx=0 tx=0).connect
2023-06-23T01:01:35.667 INFO:teuthology.orchestra.run.smithi046.stdout:/usr/bin/ceph: stderr
2023-06-23T01:01:35.059+0000 7f066b247700 1 -- --> [v2:172.21.15.46:3300/0,v1:172.21.15.46:6789/0] -- mon_getmap magic: 0 v1 -- 0x7f06641052d0 con 0x7f0664070db0
2023-06-23T01:01:35.667 INFO:teuthology.orchestra.run.smithi046.stdout:/usr/bin/ceph: stderr
2023-06-23T01:01:35.059+0000 7f0668fe3700 1 --2- >> [v2:172.21.15.46:3300/0,v1:172.21.15.46:6789/0] conn(0x7f0664070db0 0x7f0664104d90 unknown :-1 s=BANNER_CONNECTING pgs=0 cs=0 l=0 rev1=0 crypto rx=0 tx=0 comp rx=0 tx=0)._handle_peer_banner_payload supported=3 required=0
2023-06-23T01:01:35.667 INFO:teuthology.orchestra.run.smithi046.stdout:/usr/bin/ceph: stderr
2023-06-23T01:01:35.060+0000 7f0668fe3700 1 --2- >> [v2:172.21.15.46:3300/0,v1:172.21.15.46:6789/0] conn(0x7f0664070db0 0x7f0664104d90 unknown :-1 s=HELLO_CONNECTING pgs=0 cs=0 l=0 rev1=1 crypto rx=0 tx=0 comp rx=0 tx=0).handle_hello peer v2:172.21.15.46:3300/0 says I am v2:172.21.15.46:41256/0 (socket says 172.21.15.46:41256)
2023-06-23T01:01:35.668 INFO:teuthology.orchestra.run.smithi046.stdout:/usr/bin/ceph: stderr
2023-06-23T01:01:35.060+0000 7f0668fe3700 1 -- 172.21.15.46:0/2995178844 learned_addr learned my addr 172.21.15.46:0/2995178844 (peer_addr_for_me v2:172.21.15.46:0/0)
2023-06-23T01:01:35.668 INFO:teuthology.orchestra.run.smithi046.stdout:/usr/bin/ceph: stderr
2023-06-23T01:01:35.060+0000 7f0668fe3700 1 -- 172.21.15.46:0/2995178844 --> [v2:172.21.15.46:3300/0,v1:172.21.15.46:6789/0] -- mon_subscribe({config=0+,monmap=0+}) v3 -- 0x7f0664105410 con 0x7f0664070db0
2023-06-23T01:01:35.668 INFO:teuthology.orchestra.run.smithi046.stdout:/usr/bin/ceph: stderr
2023-06-23T01:01:35.060+0000 7f0668fe3700 1 --2- 172.21.15.46:0/2995178844 >> [v2:172.21.15.46:3300/0,v1:172.21.15.46:6789/0] conn(0x7f0664070db0 0x7f0664104d90 secure :-1 s=READY pgs=39 cs=0 l=1 rev1=1 crypto rx=0x7f06580098e0 tx=0x7f0658009250 comp rx=0 tx=0).ready entity=mon.0 client_cookie=b79384e48da8210b server_cookie=0 in_seq=0 out_seq=0
2023-06-23T01:01:35.668 INFO:teuthology.orchestra.run.smithi046.stdout:/usr/bin/ceph: stderr
2023-06-23T01:01:35.060+0000 7f06637fe700 1 -- 172.21.15.46:0/2995178844 <== mon.0 v2:172.21.15.46:3300/0 1 ==== mon_map magic: 0 v1 ==== 205+0+0 (secure 0 0 0) 0x7f0658009e80 con 0x7f0664070db0
2023-06-23T01:01:35.668 INFO:teuthology.orchestra.run.smithi046.stdout:/usr/bin/ceph: stderr
2023-06-23T01:01:35.060+0000 7f06637fe700 1 -- 172.21.15.46:0/2995178844 <== mon.0 v2:172.21.15.46:3300/0 2 ==== config(25 keys) v1 ==== 1036+0+0 (secure 0 0 0) 0x7f065800bce0 con 0x7f0664070db0
2023-06-23T01:01:35.668 INFO:teuthology.orchestra.run.smithi046.stdout:/usr/bin/ceph: stderr
2023-06-23T01:01:35.060+0000 7f06637fe700 1 -- 172.21.15.46:0/2995178844 <== mon.0 v2:172.21.15.46:3300/0 3 ==== mon_map magic: 0 v1 ==== 205+0+0 (secure 0 0 0) 0x7f0658011c70 con 0x7f0664070db0
2023-06-23T01:01:35.668 INFO:teuthology.orchestra.run.smithi046.stdout:/usr/bin/ceph: stderr
2023-06-23T01:01:35.061+0000 7f066b247700 1 -- 172.21.15.46:0/2995178844 >> [v2:172.21.15.46:3300/0,v1:172.21.15.46:6789/0] conn(0x7f0664070db0 msgr2=0x7f0664104d90 secure :-1 s=STATE_CONNECTION_ESTABLISHED l=1).mark_down
2023-06-23T01:01:35.669 INFO:teuthology.orchestra.run.smithi046.stdout:/usr/bin/ceph: stderr
2023-06-23T01:01:35.061+0000 7f066b247700 1 --2- 172.21.15.46:0/2995178844 >> [v2:172.21.15.46:3300/0,v1:172.21.15.46:6789/0] conn(0x7f0664070db0 0x7f0664104d90 secure :-1 s=READY pgs=39 cs=0 l=1 rev1=1 crypto rx=0x7f06580098e0 tx=0x7f0658009250 comp rx=0 tx=0).stop
2023-06-23T01:01:35.669 INFO:teuthology.orchestra.run.smithi046.stdout:/usr/bin/ceph: stderr
2023-06-23T01:01:35.061+0000 7f066b247700 1 -- 172.21.15.46:0/2995178844 shutdown_connections
2023-06-23T01:01:35.669 INFO:teuthology.orchestra.run.smithi046.stdout:/usr/bin/ceph: stderr
2023-06-23T01:01:35.061+0000 7f066b247700 1 --2- 172.21.15.46:0/2995178844 >> [v2:172.21.15.46:3300/0,v1:172.21.15.46:6789/0] conn(0x7f0664070db0 0x7f0664104d90 unknown :-1 s=CLOSED pgs=39 cs=0 l=1 rev1=1 crypto rx=0 tx=0 comp rx=0 tx=0).stop
2023-06-23T01:01:35.669 INFO:teuthology.orchestra.run.smithi046.stdout:/usr/bin/ceph: stderr
2023-06-23T01:01:35.061+0000 7f066b247700 1 -- 172.21.15.46:0/2995178844 >> 172.21.15.46:0/2995178844 conn(0x7f06640fc800 msgr2=0x7f06640fec10 unknown :-1 s=STATE_NONE l=0).mark_down
2023-06-23T01:01:35.669 INFO:teuthology.orchestra.run.smithi046.stdout:/usr/bin/ceph: stderr
2023-06-23T01:01:35.061+0000 7f066b247700 1 -- 172.21.15.46:0/2995178844 shutdown_connections
2023-06-23T01:01:35.669 INFO:teuthology.orchestra.run.smithi046.stdout:/usr/bin/ceph: stderr
2023-06-23T01:01:35.061+0000 7f066b247700 1 -- 172.21.15.46:0/2995178844 wait complete.
2023-06-23T01:01:35.669 INFO:teuthology.orchestra.run.smithi046.stdout:/usr/bin/ceph: stderr
2023-06-23T01:01:35.061+0000 7f066b247700 1 Processor -- start
2023-06-23T01:01:35.670 INFO:teuthology.orchestra.run.smithi046.stdout:/usr/bin/ceph: stderr
2023-06-23T01:01:35.061+0000 7f066b247700 1 -- start start
2023-06-23T01:01:35.670 INFO:teuthology.orchestra.run.smithi046.stdout:/usr/bin/ceph: stderr
2023-06-23T01:01:35.062+0000 7f066b247700 1 --2- >> [v2:172.21.15.46:3300/0,v1:172.21.15.46:6789/0] conn(0x7f0664070db0 0x7f0664110ea0 unknown :-1 s=NONE pgs=0 cs=0 l=1 rev1=0 crypto rx=0 tx=0 comp rx=0 tx=0).connect
2023-06-23T01:01:35.670 INFO:teuthology.orchestra.run.smithi046.stdout:/usr/bin/ceph: stderr
2023-06-23T01:01:35.062+0000 7f066b247700 1 -- --> [v2:172.21.15.46:3300/0,v1:172.21.15.46:6789/0] -- mon_getmap magic: 0 v1 -- 0x7f06641113e0 con 0x7f0664070db0
2023-06-23T01:01:35.670 INFO:teuthology.orchestra.run.smithi046.stdout:/usr/bin/ceph: stderr
2023-06-23T01:01:35.062+0000 7f0668fe3700 1 --2- >> [v2:172.21.15.46:3300/0,v1:172.21.15.46:6789/0] conn(0x7f0664070db0 0x7f0664110ea0 unknown :-1 s=BANNER_CONNECTING pgs=0 cs=0 l=1 rev1=0 crypto rx=0 tx=0 comp rx=0 tx=0)._handle_peer_banner_payload supported=3 required=0
2023-06-23T01:01:35.670 INFO:teuthology.orchestra.run.smithi046.stdout:/usr/bin/ceph: stderr
2023-06-23T01:01:35.062+0000 7f0668fe3700 1 --2- >> [v2:172.21.15.46:3300/0,v1:172.21.15.46:6789/0] conn(0x7f0664070db0 0x7f0664110ea0 unknown :-1 s=HELLO_CONNECTING pgs=0 cs=0 l=1 rev1=1 crypto rx=0 tx=0 comp rx=0 tx=0).handle_hello peer v2:172.21.15.46:3300/0 says I am v2:172.21.15.46:41268/0 (socket says 172.21.15.46:41268)
2023-06-23T01:01:35.670 INFO:teuthology.orchestra.run.smithi046.stdout:/usr/bin/ceph: stderr
2023-06-23T01:01:35.062+0000 7f0668fe3700 1 -- 172.21.15.46:0/350318816 learned_addr learned my addr 172.21.15.46:0/350318816 (peer_addr_for_me v2:172.21.15.46:0/0)
2023-06-23T01:01:35.670 INFO:teuthology.orchestra.run.smithi046.stdout:/usr/bin/ceph: stderr
2023-06-23T01:01:35.062+0000 7f0668fe3700 1 -- 172.21.15.46:0/350318816 --> [v2:172.21.15.46:3300/0,v1:172.21.15.46:6789/0] -- mon_subscribe({config=0+,monmap=0+}) v3 -- 0x7f06580094f0 con 0x7f0664070db0
2023-06-23T01:01:35.670 INFO:teuthology.orchestra.run.smithi046.stdout:/usr/bin/ceph: stderr
2023-06-23T01:01:35.062+0000 7f0668fe3700 1 --2- 172.21.15.46:0/350318816 >> [v2:172.21.15.46:3300/0,v1:172.21.15.46:6789/0] conn(0x7f0664070db0 0x7f0664110ea0 secure :-1 s=READY pgs=40 cs=0 l=1 rev1=1 crypto rx=0x7f06580094c0 tx=0x7f0658009250 comp rx=0 tx=0).ready entity=mon.0 client_cookie=0 server_cookie=0 in_seq=0 out_seq=0
2023-06-23T01:01:35.671 INFO:teuthology.orchestra.run.smithi046.stdout:/usr/bin/ceph: stderr
2023-06-23T01:01:35.062+0000 7f06617fa700 1 -- 172.21.15.46:0/350318816 <== mon.0 v2:172.21.15.46:3300/0 1 ==== mon_map magic: 0 v1 ==== 205+0+0 (secure 0 0 0) 0x7f065800bed0 con 0x7f0664070db0
2023-06-23T01:01:35.671 INFO:teuthology.orchestra.run.smithi046.stdout:/usr/bin/ceph: stderr
2023-06-23T01:01:35.063+0000 7f06617fa700 1 -- 172.21.15.46:0/350318816 <== mon.0 v2:172.21.15.46:3300/0 2 ==== config(25 keys) v1 ==== 1036+0+0 (secure 0 0 0) 0x7f065801aaf0 con 0x7f0664070db0
2023-06-23T01:01:35.671 INFO:teuthology.orchestra.run.smithi046.stdout:/usr/bin/ceph: stderr
2023-06-23T01:01:35.063+0000 7f06617fa700 1 -- 172.21.15.46:0/350318816 <== mon.0 v2:172.21.15.46:3300/0 3 ==== mon_map magic: 0 v1 ==== 205+0+0 (secure 0 0 0) 0x7f0658022930 con 0x7f0664070db0
2023-06-23T01:01:35.671 INFO:teuthology.orchestra.run.smithi046.stdout:/usr/bin/ceph: stderr
2023-06-23T01:01:35.063+0000 7f066b247700 1 -- 172.21.15.46:0/350318816 --> [v2:172.21.15.46:3300/0,v1:172.21.15.46:6789/0] -- mon_subscribe({mgrmap=0+}) v3 -- 0x7f06641115e0 con 0x7f0664070db0
2023-06-23T01:01:35.671 INFO:teuthology.orchestra.run.smithi046.stdout:/usr/bin/ceph: stderr
2023-06-23T01:01:35.063+0000 7f066b247700 1 -- 172.21.15.46:0/350318816 --> [v2:172.21.15.46:3300/0,v1:172.21.15.46:6789/0] -- mon_subscribe({osdmap=0}) v3 -- 0x7f0664112140 con 0x7f0664070db0
2023-06-23T01:01:35.671 INFO:teuthology.orchestra.run.smithi046.stdout:/usr/bin/ceph: stderr
2023-06-23T01:01:35.063+0000 7f06617fa700 1 -- 172.21.15.46:0/350318816 <== mon.0 v2:172.21.15.46:3300/0 4 ==== mgrmap(e 8) v1 ==== 43219+0+0 (secure 0 0 0) 0x7f0658022b20 con 0x7f0664070db0
2023-06-23T01:01:35.671 INFO:teuthology.orchestra.run.smithi046.stdout:/usr/bin/ceph: stderr
2023-06-23T01:01:35.063+0000 7f06617fa700 1 --2- 172.21.15.46:0/350318816 >> [v2:172.21.15.46:6800/2331157358,v1:172.21.15.46:6801/2331157358] conn(0x7f06540365c0 0x7f0654038a70 unknown :-1 s=NONE pgs=0 cs=0 l=1 rev1=0 crypto rx=0 tx=0 comp rx=0 tx=0).connect
2023-06-23T01:01:35.671 INFO:teuthology.orchestra.run.smithi046.stdout:/usr/bin/ceph: stderr
2023-06-23T01:01:35.064+0000 7f06617fa700 1 -- 172.21.15.46:0/350318816 <== mon.0 v2:172.21.15.46:3300/0 5 ==== osd_map(2..2 src has 1..2) v4 ==== 936+0+0 (secure 0 0 0) 0x7f06580498e0 con 0x7f0664070db0
2023-06-23T01:01:35.672 INFO:teuthology.orchestra.run.smithi046.stdout:/usr/bin/ceph: stderr
2023-06-23T01:01:35.064+0000 7f066b247700 1 -- 172.21.15.46:0/350318816 --> [v2:172.21.15.46:3300/0,v1:172.21.15.46:6789/0] -- mon_command({"prefix": "get_command_descriptions"} v 0) v1 -- 0x7f06641119f0 con 0x7f0664070db0
2023-06-23T01:01:35.672 INFO:teuthology.orchestra.run.smithi046.stdout:/usr/bin/ceph: stderr
2023-06-23T01:01:35.064+0000 7f0663fff700 1 --2- 172.21.15.46:0/350318816 >> [v2:172.21.15.46:6800/2331157358,v1:172.21.15.46:6801/2331157358] conn(0x7f06540365c0 0x7f0654038a70 unknown :-1 s=BANNER_CONNECTING pgs=0 cs=0 l=1 rev1=0 crypto rx=0 tx=0 comp rx=0 tx=0)._handle_peer_banner_payload supported=3 required=0
2023-06-23T01:01:35.672 INFO:teuthology.orchestra.run.smithi046.stdout:/usr/bin/ceph: stderr
2023-06-23T01:01:35.064+0000 7f0663fff700 1 --2- 172.21.15.46:0/350318816 >> [v2:172.21.15.46:6800/2331157358,v1:172.21.15.46:6801/2331157358] conn(0x7f06540365c0 0x7f0654038a70 secure :-1 s=READY pgs=8 cs=0 l=1 rev1=1 crypto rx=0x7f0650009990 tx=0x7f0650006e40 comp rx=0 tx=0).ready entity=mgr.14120 client_cookie=0 server_cookie=0 in_seq=0 out_seq=0
2023-06-23T01:01:35.672 INFO:teuthology.orchestra.run.smithi046.stdout:/usr/bin/ceph: stderr
2023-06-23T01:01:35.069+0000 7f06617fa700 1 -- 172.21.15.46:0/350318816 <== mon.0 v2:172.21.15.46:3300/0 6 ==== mon_command_ack([{"prefix": "get_command_descriptions"}]=0 v0) v1 ==== 72+0+174561 (secure 0 0 0) 0x7f06641119f0 con 0x7f0664070db0
2023-06-23T01:01:35.672 INFO:teuthology.orchestra.run.smithi046.stdout:/usr/bin/ceph: stderr
2023-06-23T01:01:35.265+0000 7f066b247700 1 -- 172.21.15.46:0/350318816 --> [v2:172.21.15.46:6800/2331157358,v1:172.21.15.46:6801/2331157358] -- mgr_command(tid 0: {"prefix": "cephadm set-user", "user": "root", "target": ["mon-mgr", ""]}) v1 -- 0x7f06641119f0 con 0x7f06540365c0
2023-06-23T01:01:35.672 INFO:teuthology.orchestra.run.smithi046.stdout:/usr/bin/ceph: stderr
2023-06-23T01:01:35.266+0000 7f06617fa700 1 -- 172.21.15.46:0/350318816 <== mgr.14120 v2:172.21.15.46:6800/2331157358 1 ==== mgr_command_reply(tid 0: 0 ) v1 ==== 8+0+16 (secure 0 0 0) 0x7f06641119f0 con 0x7f06540365c0
2023-06-23T01:01:35.672 INFO:teuthology.orchestra.run.smithi046.stdout:/usr/bin/ceph: stderr
2023-06-23T01:01:35.268+0000 7f066b247700 1 -- 172.21.15.46:0/350318816 >> [v2:172.21.15.46:6800/2331157358,v1:172.21.15.46:6801/2331157358] conn(0x7f06540365c0 msgr2=0x7f0654038a70 secure :-1 s=STATE_CONNECTION_ESTABLISHED l=1).mark_down
2023-06-23T01:01:35.673 INFO:teuthology.orchestra.run.smithi046.stdout:/usr/bin/ceph: stderr
2023-06-23T01:01:35.268+0000 7f066b247700 1 --2- 172.21.15.46:0/350318816 >> [v2:172.21.15.46:6800/2331157358,v1:172.21.15.46:6801/2331157358] conn(0x7f06540365c0 0x7f0654038a70 secure :-1 s=READY pgs=8 cs=0 l=1 rev1=1 crypto rx=0x7f0650009990 tx=0x7f0650006e40 comp rx=0 tx=0).stop
2023-06-23T01:01:35.673 INFO:teuthology.orchestra.run.smithi046.stdout:/usr/bin/ceph: stderr
2023-06-23T01:01:35.268+0000 7f066b247700 1 -- 172.21.15.46:0/350318816 >> [v2:172.21.15.46:3300/0,v1:172.21.15.46:6789/0] conn(0x7f0664070db0 msgr2=0x7f0664110ea0 secure :-1 s=STATE_CONNECTION_ESTABLISHED l=1).mark_down
2023-06-23T01:01:35.673 INFO:teuthology.orchestra.run.smithi046.stdout:/usr/bin/ceph: stderr
2023-06-23T01:01:35.268+0000 7f066b247700 1 --2- 172.21.15.46:0/350318816 >> [v2:172.21.15.46:3300/0,v1:172.21.15.46:6789/0] conn(0x7f0664070db0 0x7f0664110ea0 secure :-1 s=READY pgs=40 cs=0 l=1 rev1=1 crypto rx=0x7f06580094c0 tx=0x7f0658009250 comp rx=0 tx=0).stop
2023-06-23T01:01:35.673 INFO:teuthology.orchestra.run.smithi046.stdout:/usr/bin/ceph: stderr
2023-06-23T01:01:35.268+0000 7f066b247700 1 -- 172.21.15.46:0/350318816 shutdown_connections
2023-06-23T01:01:35.673 INFO:teuthology.orchestra.run.smithi046.stdout:/usr/bin/ceph: stderr
2023-06-23T01:01:35.268+0000 7f066b247700 1 --2- 172.21.15.46:0/350318816 >> [v2:172.21.15.46:6800/2331157358,v1:172.21.15.46:6801/2331157358] conn(0x7f06540365c0 0x7f0654038a70 unknown :-1 s=CLOSED pgs=8 cs=0 l=1 rev1=1 crypto rx=0 tx=0 comp rx=0 tx=0).stop
2023-06-23T01:01:35.673 INFO:teuthology.orchestra.run.smithi046.stdout:/usr/bin/ceph: stderr
2023-06-23T01:01:35.268+0000 7f066b247700 1 --2- 172.21.15.46:0/350318816 >> [v2:172.21.15.46:3300/0,v1:172.21.15.46:6789/0] conn(0x7f0664070db0 0x7f0664110ea0 unknown :-1 s=CLOSED pgs=40 cs=0 l=1 rev1=1 crypto rx=0 tx=0 comp rx=0 tx=0).stop
2023-06-23T01:01:35.673 INFO:teuthology.orchestra.run.smithi046.stdout:/usr/bin/ceph: stderr
2023-06-23T01:01:35.268+0000 7f066b247700 1 -- 172.21.15.46:0/350318816 >> 172.21.15.46:0/350318816 conn(0x7f06640fc800 msgr2=0x7f06640fd540 unknown :-1 s=STATE_NONE l=0).mark_down
2023-06-23T01:01:35.674 INFO:teuthology.orchestra.run.smithi046.stdout:/usr/bin/ceph: stderr
2023-06-23T01:01:35.268+0000 7f066b247700 1 -- 172.21.15.46:0/350318816 shutdown_connections
2023-06-23T01:01:35.674 INFO:teuthology.orchestra.run.smithi046.stdout:/usr/bin/ceph: stderr
2023-06-23T01:01:35.269+0000 7f066b247700 1 -- 172.21.15.46:0/350318816 wait complete.
2023-06-23T01:01:35.674 INFO:teuthology.orchestra.run.smithi046.stdout:Generating ssh key...
2023-06-23T01:01:36.568 INFO:journalctl@ceph.mon.a.smithi046.stdout:Jun 23 01:01:36 smithi046 ceph-mon[84949]: from='client.14134 -' entity='client.admin' cmd=[{"prefix": "cephadm set-user", "user": "root", "target": ["mon-mgr", ""]}]: dispatch
2023-06-23T01:01:37.318 INFO:journalctl@ceph.mon.a.smithi046.stdout:Jun 23 01:01:37 smithi046 ceph-mon[84949]: from='client.14136 -' entity='client.admin' cmd=[{"prefix": "cephadm generate-key", "target": ["mon-mgr", ""]}]: dispatch
2023-06-23T01:01:37.318 INFO:journalctl@ceph.mon.a.smithi046.stdout:Jun 23 01:01:37 smithi046 ceph-mon[84949]: Generating ssh key...
2023-06-23T01:01:37.318 INFO:journalctl@ceph.mon.a.smithi046.stdout:Jun 23 01:01:37 smithi046 ceph-mon[84949]: from='mgr.14120 172.21.15.46:0/2933215491' entity='mgr.x'
2023-06-23T01:01:37.318 INFO:journalctl@ceph.mon.a.smithi046.stdout:Jun 23 01:01:37 smithi046 ceph-mon[84949]: from='mgr.14120 172.21.15.46:0/2933215491' entity='mgr.x'
2023-06-23T01:01:37.319 INFO:journalctl@ceph.mgr.x.smithi046.stdout:Jun 23 01:01:37 smithi046 conmon[85362]: Generating public/private rsa key pair.
2023-06-23T01:01:37.319 INFO:journalctl@ceph.mgr.x.smithi046.stdout:Jun 23 01:01:37 smithi046 conmon[85362]: Your identification has been saved in /tmp/tmpl7oat46b/key.
2023-06-23T01:01:37.319 INFO:journalctl@ceph.mgr.x.smithi046.stdout:Jun 23 01:01:37 smithi046 conmon[85362]: Your public key has been saved in /tmp/tmpl7oat46b/key.pub.
2023-06-23T01:01:37.319 INFO:journalctl@ceph.mgr.x.smithi046.stdout:Jun 23 01:01:37 smithi046 conmon[85362]: The key fingerprint is:
2023-06-23T01:01:37.319 INFO:journalctl@ceph.mgr.x.smithi046.stdout:Jun 23 01:01:37 smithi046 conmon[85362]: SHA256:qH2BawpOqKEcQyYvB/fb7OrBbOelejGNjdMiWKpbduc ceph-458642ee-1161-11ee-9b2b-001a4aab830c
2023-06-23T01:01:37.319 INFO:journalctl@ceph.mgr.x.smithi046.stdout:Jun 23 01:01:37 smithi046 conmon[85362]: The key's randomart image is:
2023-06-23T01:01:37.319 INFO:journalctl@ceph.mgr.x.smithi046.stdout:Jun 23 01:01:37 smithi046 conmon[85362]: +---[RSA 3072]----+
2023-06-23T01:01:37.320 INFO:journalctl@ceph.mgr.x.smithi046.stdout:Jun 23 01:01:37 smithi046 conmon[85362]: | |
2023-06-23T01:01:37.320 INFO:journalctl@ceph.mgr.x.smithi046.stdout:Jun 23 01:01:37 smithi046 conmon[85362]: | |
2023-06-23T01:01:37.320 INFO:journalctl@ceph.mgr.x.smithi046.stdout:Jun 23 01:01:37 smithi046 conmon[85362]: | |
2023-06-23T01:01:37.320 INFO:journalctl@ceph.mgr.x.smithi046.stdout:Jun 23 01:01:37 smithi046 conmon[85362]: | . o |
2023-06-23T01:01:37.320 INFO:journalctl@ceph.mgr.x.smithi046.stdout:Jun 23 01:01:37 smithi046 conmon[85362]: |oo.+ o*S |
2023-06-23T01:01:37.321 INFO:journalctl@ceph.mgr.x.smithi046.stdout:Jun 23 01:01:37 smithi046 conmon[85362]: |+=o+.oB.+. |
2023-06-23T01:01:37.322 INFO:journalctl@ceph.mgr.x.smithi046.stdout:Jun 23 01:01:37 smithi046 conmon[85362]: |++B O.*=o |
2023-06-23T01:01:37.322 INFO:journalctl@ceph.mgr.x.smithi046.stdout:Jun 23 01:01:37 smithi046 conmon[85362]: |=Oo+ %.+ |
2023-06-23T01:01:37.322 INFO:journalctl@ceph.mgr.x.smithi046.stdout:Jun 23 01:01:37 smithi046 conmon[85362]: |+o..*=E |
2023-06-23T01:01:37.323 INFO:journalctl@ceph.mgr.x.smithi046.stdout:Jun 23 01:01:37 smithi046 conmon[85362]: +----[SHA256]-----+
2023-06-23T01:01:37.506 INFO:teuthology.orchestra.run.smithi046.stdout:/usr/bin/ceph: stderr
2023-06-23T01:01:36.108+0000 7f3e57873700 1 Processor -- start
2023-06-23T01:01:37.506 INFO:teuthology.orchestra.run.smithi046.stdout:/usr/bin/ceph: stderr
2023-06-23T01:01:36.108+0000 7f3e57873700 1 -- start start
2023-06-23T01:01:37.506 INFO:teuthology.orchestra.run.smithi046.stdout:/usr/bin/ceph: stderr
2023-06-23T01:01:36.108+0000 7f3e57873700 1 --2- >> [v2:172.21.15.46:3300/0,v1:172.21.15.46:6789/0] conn(0x7f3e50101080 0x7f3e50101490 unknown :-1 s=NONE pgs=0 cs=0 l=0 rev1=0 crypto rx=0 tx=0 comp rx=0 tx=0).connect
2023-06-23T01:01:37.506 INFO:teuthology.orchestra.run.smithi046.stdout:/usr/bin/ceph: stderr
2023-06-23T01:01:36.108+0000 7f3e57873700 1 -- --> [v2:172.21.15.46:3300/0,v1:172.21.15.46:6789/0] -- mon_getmap magic: 0 v1 -- 0x7f3e501019d0 con 0x7f3e50101080
2023-06-23T01:01:37.506 INFO:teuthology.orchestra.run.smithi046.stdout:/usr/bin/ceph: stderr
2023-06-23T01:01:36.109+0000 7f3e5560f700 1 --2- >> [v2:172.21.15.46:3300/0,v1:172.21.15.46:6789/0] conn(0x7f3e50101080 0x7f3e50101490 unknown :-1 s=BANNER_CONNECTING pgs=0 cs=0 l=0 rev1=0 crypto rx=0 tx=0 comp rx=0 tx=0)._handle_peer_banner_payload supported=3 required=0
2023-06-23T01:01:37.507 INFO:teuthology.orchestra.run.smithi046.stdout:/usr/bin/ceph: stderr
2023-06-23T01:01:36.109+0000 7f3e5560f700 1 --2- >> [v2:172.21.15.46:3300/0,v1:172.21.15.46:6789/0] conn(0x7f3e50101080 0x7f3e50101490 unknown :-1 s=HELLO_CONNECTING pgs=0 cs=0 l=0 rev1=1 crypto rx=0 tx=0 comp rx=0 tx=0).handle_hello peer v2:172.21.15.46:3300/0 says I am v2:172.21.15.46:41284/0 (socket says 172.21.15.46:41284)
2023-06-23T01:01:37.507 INFO:teuthology.orchestra.run.smithi046.stdout:/usr/bin/ceph: stderr
2023-06-23T01:01:36.109+0000 7f3e5560f700 1 -- 172.21.15.46:0/3871865154 learned_addr learned my addr 172.21.15.46:0/3871865154 (peer_addr_for_me v2:172.21.15.46:0/0)
2023-06-23T01:01:37.507 INFO:teuthology.orchestra.run.smithi046.stdout:/usr/bin/ceph: stderr
2023-06-23T01:01:36.109+0000 7f3e5560f700 1 -- 172.21.15.46:0/3871865154 --> [v2:172.21.15.46:3300/0,v1:172.21.15.46:6789/0] -- mon_subscribe({config=0+,monmap=0+}) v3 -- 0x7f3e50101b10 con 0x7f3e50101080
2023-06-23T01:01:37.507 INFO:teuthology.orchestra.run.smithi046.stdout:/usr/bin/ceph: stderr
2023-06-23T01:01:36.109+0000 7f3e5560f700 1 --2- 172.21.15.46:0/3871865154 >> [v2:172.21.15.46:3300/0,v1:172.21.15.46:6789/0] conn(0x7f3e50101080 0x7f3e50101490 secure :-1 s=READY pgs=41 cs=0 l=1 rev1=1 crypto rx=0x7f3e480098e0 tx=0x7f3e48009250 comp rx=0 tx=0).ready entity=mon.0 client_cookie=dcd917106d918f4b server_cookie=0 in_seq=0 out_seq=0
2023-06-23T01:01:37.507 INFO:teuthology.orchestra.run.smithi046.stdout:/usr/bin/ceph: stderr
2023-06-23T01:01:36.109+0000 7f3e4ffff700 1 -- 172.21.15.46:0/3871865154 <== mon.0 v2:172.21.15.46:3300/0 1 ==== mon_map magic: 0 v1 ==== 205+0+0 (secure 0 0 0) 0x7f3e48009e80 con 0x7f3e50101080
2023-06-23T01:01:37.507 INFO:teuthology.orchestra.run.smithi046.stdout:/usr/bin/ceph: stderr
2023-06-23T01:01:36.109+0000 7f3e4ffff700 1 -- 172.21.15.46:0/3871865154 <== mon.0 v2:172.21.15.46:3300/0 2 ==== config(25 keys) v1 ==== 1036+0+0 (secure 0 0 0) 0x7f3e4800bce0 con 0x7f3e50101080
2023-06-23T01:01:37.507 INFO:teuthology.orchestra.run.smithi046.stdout:/usr/bin/ceph: stderr
2023-06-23T01:01:36.109+0000 7f3e4ffff700 1 -- 172.21.15.46:0/3871865154 <== mon.0 v2:172.21.15.46:3300/0 3 ==== mon_map magic: 0 v1 ==== 205+0+0 (secure 0 0 0) 0x7f3e48011c70 con 0x7f3e50101080
2023-06-23T01:01:37.508 INFO:teuthology.orchestra.run.smithi046.stdout:/usr/bin/ceph: stderr
2023-06-23T01:01:36.110+0000 7f3e57873700 1 -- 172.21.15.46:0/3871865154 >> [v2:172.21.15.46:3300/0,v1:172.21.15.46:6789/0] conn(0x7f3e50101080 msgr2=0x7f3e50101490 secure :-1 s=STATE_CONNECTION_ESTABLISHED l=1).mark_down
2023-06-23T01:01:37.508 INFO:teuthology.orchestra.run.smithi046.stdout:/usr/bin/ceph: stderr
2023-06-23T01:01:36.110+0000 7f3e57873700 1 --2- 172.21.15.46:0/3871865154 >> [v2:172.21.15.46:3300/0,v1:172.21.15.46:6789/0] conn(0x7f3e50101080 0x7f3e50101490 secure :-1 s=READY pgs=41 cs=0 l=1 rev1=1 crypto rx=0x7f3e480098e0 tx=0x7f3e48009250 comp rx=0 tx=0).stop
2023-06-23T01:01:37.508 INFO:teuthology.orchestra.run.smithi046.stdout:/usr/bin/ceph: stderr
2023-06-23T01:01:36.110+0000 7f3e57873700 1 -- 172.21.15.46:0/3871865154 shutdown_connections
2023-06-23T01:01:37.508 INFO:teuthology.orchestra.run.smithi046.stdout:/usr/bin/ceph: stderr
2023-06-23T01:01:36.110+0000 7f3e57873700 1 --2- 172.21.15.46:0/3871865154 >> [v2:172.21.15.46:3300/0,v1:172.21.15.46:6789/0] conn(0x7f3e50101080 0x7f3e50101490 unknown :-1 s=CLOSED pgs=41 cs=0 l=1 rev1=1 crypto rx=0 tx=0 comp rx=0 tx=0).stop
2023-06-23T01:01:37.508 INFO:teuthology.orchestra.run.smithi046.stdout:/usr/bin/ceph: stderr
2023-06-23T01:01:36.110+0000 7f3e57873700 1 -- 172.21.15.46:0/3871865154 >> 172.21.15.46:0/3871865154 conn(0x7f3e500fc800 msgr2=0x7f3e500fec10 unknown :-1 s=STATE_NONE l=0).mark_down
2023-06-23T01:01:37.508 INFO:teuthology.orchestra.run.smithi046.stdout:/usr/bin/ceph: stderr
2023-06-23T01:01:36.110+0000 7f3e57873700 1 -- 172.21.15.46:0/3871865154 shutdown_connections
2023-06-23T01:01:37.508 INFO:teuthology.orchestra.run.smithi046.stdout:/usr/bin/ceph: stderr
2023-06-23T01:01:36.110+0000 7f3e57873700 1 -- 172.21.15.46:0/3871865154 wait complete.
2023-06-23T01:01:37.509 INFO:teuthology.orchestra.run.smithi046.stdout:/usr/bin/ceph: stderr
2023-06-23T01:01:36.110+0000 7f3e57873700 1 Processor -- start
2023-06-23T01:01:37.509 INFO:teuthology.orchestra.run.smithi046.stdout:/usr/bin/ceph: stderr
2023-06-23T01:01:36.110+0000 7f3e57873700 1 -- start start
2023-06-23T01:01:37.509 INFO:teuthology.orchestra.run.smithi046.stdout:/usr/bin/ceph: stderr
2023-06-23T01:01:36.111+0000 7f3e57873700 1 --2- >> [v2:172.21.15.46:3300/0,v1:172.21.15.46:6789/0] conn(0x7f3e50101080 0x7f3e50107430 unknown :-1 s=NONE pgs=0 cs=0 l=1 rev1=0 crypto rx=0 tx=0 comp rx=0 tx=0).connect
2023-06-23T01:01:37.509 INFO:teuthology.orchestra.run.smithi046.stdout:/usr/bin/ceph: stderr
2023-06-23T01:01:36.111+0000 7f3e57873700 1 -- --> [v2:172.21.15.46:3300/0,v1:172.21.15.46:6789/0] -- mon_getmap magic: 0 v1 -- 0x7f3e501058b0 con 0x7f3e50101080
2023-06-23T01:01:37.509 INFO:teuthology.orchestra.run.smithi046.stdout:/usr/bin/ceph: stderr
2023-06-23T01:01:36.111+0000 7f3e5560f700 1 --2- >> [v2:172.21.15.46:3300/0,v1:172.21.15.46:6789/0] conn(0x7f3e50101080 0x7f3e50107430 unknown :-1 s=BANNER_CONNECTING pgs=0 cs=0 l=1 rev1=0 crypto rx=0 tx=0 comp rx=0 tx=0)._handle_peer_banner_payload supported=3 required=0
2023-06-23T01:01:37.509 INFO:teuthology.orchestra.run.smithi046.stdout:/usr/bin/ceph: stderr
2023-06-23T01:01:36.111+0000 7f3e5560f700 1 --2- >> [v2:172.21.15.46:3300/0,v1:172.21.15.46:6789/0] conn(0x7f3e50101080 0x7f3e50107430 unknown :-1 s=HELLO_CONNECTING pgs=0 cs=0 l=1 rev1=1 crypto rx=0 tx=0 comp rx=0 tx=0).handle_hello peer v2:172.21.15.46:3300/0 says I am v2:172.21.15.46:41288/0 (socket says 172.21.15.46:41288)
2023-06-23T01:01:37.509 INFO:teuthology.orchestra.run.smithi046.stdout:/usr/bin/ceph: stderr
2023-06-23T01:01:36.111+0000 7f3e5560f700 1 -- 172.21.15.46:0/1348273396 learned_addr learned my addr 172.21.15.46:0/1348273396 (peer_addr_for_me v2:172.21.15.46:0/0)
2023-06-23T01:01:37.509 INFO:teuthology.orchestra.run.smithi046.stdout:/usr/bin/ceph: stderr
2023-06-23T01:01:36.111+0000 7f3e5560f700 1 -- 172.21.15.46:0/1348273396 --> [v2:172.21.15.46:3300/0,v1:172.21.15.46:6789/0] -- mon_subscribe({config=0+,monmap=0+}) v3 -- 0x7f3e480094f0 con 0x7f3e50101080
2023-06-23T01:01:37.510 INFO:teuthology.orchestra.run.smithi046.stdout:/usr/bin/ceph: stderr
2023-06-23T01:01:36.111+0000 7f3e5560f700 1 --2- 172.21.15.46:0/1348273396 >> [v2:172.21.15.46:3300/0,v1:172.21.15.46:6789/0] conn(0x7f3e50101080 0x7f3e50107430 secure :-1 s=READY pgs=42 cs=0 l=1 rev1=1 crypto rx=0x7f3e48006fd0 tx=0x7f3e48009250 comp rx=0 tx=0).ready entity=mon.0 client_cookie=0 server_cookie=0 in_seq=0 out_seq=0
2023-06-23T01:01:37.510 INFO:teuthology.orchestra.run.smithi046.stdout:/usr/bin/ceph: stderr
2023-06-23T01:01:36.111+0000 7f3e4dffb700 1 -- 172.21.15.46:0/1348273396 <== mon.0 v2:172.21.15.46:3300/0 1 ==== mon_map magic: 0 v1 ==== 205+0+0 (secure 0 0 0) 0x7f3e4800bed0 con 0x7f3e50101080
2023-06-23T01:01:37.510 INFO:teuthology.orchestra.run.smithi046.stdout:/usr/bin/ceph: stderr
2023-06-23T01:01:36.111+0000 7f3e4dffb700 1 -- 172.21.15.46:0/1348273396 <== mon.0 v2:172.21.15.46:3300/0 2 ==== config(25 keys) v1 ==== 1036+0+0 (secure 0 0 0) 0x7f3e4801aaf0 con 0x7f3e50101080
2023-06-23T01:01:37.510 INFO:teuthology.orchestra.run.smithi046.stdout:/usr/bin/ceph: stderr
2023-06-23T01:01:36.111+0000 7f3e57873700 1 -- 172.21.15.46:0/1348273396 --> [v2:172.21.15.46:3300/0,v1:172.21.15.46:6789/0] -- mon_subscribe({mgrmap=0+}) v3 -- 0x7f3e50105ab0 con 0x7f3e50101080
2023-06-23T01:01:37.510 INFO:teuthology.orchestra.run.smithi046.stdout:/usr/bin/ceph: stderr
2023-06-23T01:01:36.111+0000 7f3e4dffb700 1 -- 172.21.15.46:0/1348273396 <== mon.0 v2:172.21.15.46:3300/0 3 ==== mon_map magic: 0 v1 ==== 205+0+0 (secure 0 0 0) 0x7f3e480228d0 con 0x7f3e50101080
2023-06-23T01:01:37.510 INFO:teuthology.orchestra.run.smithi046.stdout:/usr/bin/ceph: stderr
2023-06-23T01:01:36.112+0000 7f3e57873700 1 -- 172.21.15.46:0/1348273396 --> [v2:172.21.15.46:3300/0,v1:172.21.15.46:6789/0] -- mon_subscribe({osdmap=0}) v3 -- 0x7f3e50105ec0 con 0x7f3e50101080
2023-06-23T01:01:37.510 INFO:teuthology.orchestra.run.smithi046.stdout:/usr/bin/ceph: stderr
2023-06-23T01:01:36.112+0000 7f3e4dffb700 1 -- 172.21.15.46:0/1348273396 <== mon.0 v2:172.21.15.46:3300/0 4 ==== mgrmap(e 8) v1 ==== 43219+0+0 (secure 0 0 0) 0x7f3e4801a670 con 0x7f3e50101080
2023-06-23T01:01:37.511 INFO:teuthology.orchestra.run.smithi046.stdout:/usr/bin/ceph: stderr
2023-06-23T01:01:36.113+0000 7f3e4dffb700 1 --2- 172.21.15.46:0/1348273396 >> [v2:172.21.15.46:6800/2331157358,v1:172.21.15.46:6801/2331157358] conn(0x7f3e380365c0 0x7f3e38038a70 unknown :-1 s=NONE pgs=0 cs=0 l=1 rev1=0 crypto rx=0 tx=0 comp rx=0 tx=0).connect
2023-06-23T01:01:37.511 INFO:teuthology.orchestra.run.smithi046.stdout:/usr/bin/ceph: stderr
2023-06-23T01:01:36.113+0000 7f3e57873700 1 -- 172.21.15.46:0/1348273396 --> [v2:172.21.15.46:3300/0,v1:172.21.15.46:6789/0] -- mon_command({"prefix": "get_command_descriptions"} v 0) v1 -- 0x7f3e5004b970 con 0x7f3e50101080
2023-06-23T01:01:37.511 INFO:teuthology.orchestra.run.smithi046.stdout:/usr/bin/ceph: stderr
2023-06-23T01:01:36.113+0000 7f3e54e0e700 1 --2- 172.21.15.46:0/1348273396 >> [v2:172.21.15.46:6800/2331157358,v1:172.21.15.46:6801/2331157358] conn(0x7f3e380365c0 0x7f3e38038a70 unknown :-1 s=BANNER_CONNECTING pgs=0 cs=0 l=1 rev1=0 crypto rx=0 tx=0 comp rx=0 tx=0)._handle_peer_banner_payload supported=3 required=0
2023-06-23T01:01:37.511 INFO:teuthology.orchestra.run.smithi046.stdout:/usr/bin/ceph: stderr
2023-06-23T01:01:36.113+0000 7f3e4dffb700 1 -- 172.21.15.46:0/1348273396 <== mon.0 v2:172.21.15.46:3300/0 5 ==== osd_map(2..2 src has 1..2) v4 ==== 936+0+0 (secure 0 0 0) 0x7f3e48049950 con 0x7f3e50101080
2023-06-23T01:01:37.511 INFO:teuthology.orchestra.run.smithi046.stdout:/usr/bin/ceph: stderr
2023-06-23T01:01:36.113+0000 7f3e54e0e700 1 --2- 172.21.15.46:0/1348273396 >> [v2:172.21.15.46:6800/2331157358,v1:172.21.15.46:6801/2331157358] conn(0x7f3e380365c0 0x7f3e38038a70 secure :-1 s=READY pgs=9 cs=0 l=1 rev1=1 crypto rx=0x7f3e44009990 tx=0x7f3e44006e40 comp rx=0 tx=0).ready entity=mgr.14120 client_cookie=0 server_cookie=0 in_seq=0 out_seq=0
2023-06-23T01:01:37.511 INFO:teuthology.orchestra.run.smithi046.stdout:/usr/bin/ceph: stderr
2023-06-23T01:01:36.117+0000 7f3e4dffb700 1 -- 172.21.15.46:0/1348273396 <== mon.0 v2:172.21.15.46:3300/0 6 ==== mon_command_ack([{"prefix": "get_command_descriptions"}]=0 v0) v1 ==== 72+0+174561 (secure 0 0 0) 0x7f3e48022b60 con 0x7f3e50101080
2023-06-23T01:01:37.511 INFO:teuthology.orchestra.run.smithi046.stdout:/usr/bin/ceph: stderr
2023-06-23T01:01:36.313+0000 7f3e57873700 1 -- 172.21.15.46:0/1348273396 --> [v2:172.21.15.46:6800/2331157358,v1:172.21.15.46:6801/2331157358] -- mgr_command(tid 0: {"prefix": "cephadm generate-key", "target": ["mon-mgr", ""]}) v1 -- 0x7f3e50106700 con 0x7f3e380365c0
2023-06-23T01:01:37.511 INFO:teuthology.orchestra.run.smithi046.stdout:/usr/bin/ceph: stderr
2023-06-23T01:01:37.055+0000 7f3e4dffb700 1 -- 172.21.15.46:0/1348273396 <== mgr.14120 v2:172.21.15.46:6800/2331157358 1 ==== mgr_command_reply(tid 0: 0 ) v1 ==== 8+0+0 (secure 0 0 0) 0x7f3e50106700 con 0x7f3e380365c0
2023-06-23T01:01:37.512 INFO:teuthology.orchestra.run.smithi046.stdout:/usr/bin/ceph: stderr
2023-06-23T01:01:37.057+0000 7f3e57873700 1 -- 172.21.15.46:0/1348273396 >> [v2:172.21.15.46:6800/2331157358,v1:172.21.15.46:6801/2331157358] conn(0x7f3e380365c0 msgr2=0x7f3e38038a70 secure :-1 s=STATE_CONNECTION_ESTABLISHED l=1).mark_down
2023-06-23T01:01:37.512 INFO:teuthology.orchestra.run.smithi046.stdout:/usr/bin/ceph: stderr
2023-06-23T01:01:37.057+0000 7f3e57873700 1 --2- 172.21.15.46:0/1348273396 >> [v2:172.21.15.46:6800/2331157358,v1:172.21.15.46:6801/2331157358] conn(0x7f3e380365c0 0x7f3e38038a70 secure :-1 s=READY pgs=9 cs=0 l=1 rev1=1 crypto rx=0x7f3e44009990 tx=0x7f3e44006e40 comp rx=0 tx=0).stop
2023-06-23T01:01:37.512 INFO:teuthology.orchestra.run.smithi046.stdout:/usr/bin/ceph: stderr
2023-06-23T01:01:37.057+0000 7f3e57873700 1 -- 172.21.15.46:0/1348273396 >> [v2:172.21.15.46:3300/0,v1:172.21.15.46:6789/0] conn(0x7f3e50101080 msgr2=0x7f3e50107430 secure :-1 s=STATE_CONNECTION_ESTABLISHED l=1).mark_down
2023-06-23T01:01:37.512 INFO:teuthology.orchestra.run.smithi046.stdout:/usr/bin/ceph: stderr
2023-06-23T01:01:37.057+0000 7f3e57873700 1 --2- 172.21.15.46:0/1348273396 >> [v2:172.21.15.46:3300/0,v1:172.21.15.46:6789/0] conn(0x7f3e50101080 0x7f3e50107430 secure :-1 s=READY pgs=42 cs=0 l=1 rev1=1 crypto rx=0x7f3e48006fd0 tx=0x7f3e48009250 comp rx=0 tx=0).stop
2023-06-23T01:01:37.512 INFO:teuthology.orchestra.run.smithi046.stdout:/usr/bin/ceph: stderr
2023-06-23T01:01:37.058+0000 7f3e57873700 1 -- 172.21.15.46:0/1348273396 shutdown_connections
2023-06-23T01:01:37.512 INFO:teuthology.orchestra.run.smithi046.stdout:/usr/bin/ceph: stderr
2023-06-23T01:01:37.058+0000 7f3e57873700 1 --2- 172.21.15.46:0/1348273396 >> [v2:172.21.15.46:6800/2331157358,v1:172.21.15.46:6801/2331157358] conn(0x7f3e380365c0 0x7f3e38038a70 unknown :-1 s=CLOSED pgs=9 cs=0 l=1 rev1=1 crypto rx=0 tx=0 comp rx=0 tx=0).stop
2023-06-23T01:01:37.512 INFO:teuthology.orchestra.run.smithi046.stdout:/usr/bin/ceph: stderr
2023-06-23T01:01:37.058+0000 7f3e57873700 1 --2- 172.21.15.46:0/1348273396 >> [v2:172.21.15.46:3300/0,v1:172.21.15.46:6789/0] conn(0x7f3e50101080 0x7f3e50107430 unknown :-1 s=CLOSED pgs=42 cs=0 l=1 rev1=1 crypto rx=0 tx=0 comp rx=0 tx=0).stop
2023-06-23T01:01:37.513 INFO:teuthology.orchestra.run.smithi046.stdout:/usr/bin/ceph: stderr
2023-06-23T01:01:37.058+0000 7f3e57873700 1 -- 172.21.15.46:0/1348273396 >> 172.21.15.46:0/1348273396 conn(0x7f3e500fc800 msgr2=0x7f3e500fd4c0 unknown :-1 s=STATE_NONE l=0).mark_down
2023-06-23T01:01:37.513 INFO:teuthology.orchestra.run.smithi046.stdout:/usr/bin/ceph: stderr
2023-06-23T01:01:37.058+0000 7f3e57873700 1 -- 172.21.15.46:0/1348273396 shutdown_connections
2023-06-23T01:01:37.513 INFO:teuthology.orchestra.run.smithi046.stdout:/usr/bin/ceph: stderr
2023-06-23T01:01:37.058+0000 7f3e57873700 1 -- 172.21.15.46:0/1348273396 wait complete.
2023-06-23T01:01:39.568 INFO:journalctl@ceph.mon.a.smithi046.stdout:Jun 23 01:01:39 smithi046 ceph-mon[84949]: from='client.14138 -' entity='client.admin' cmd=[{"prefix": "cephadm get-pub-key", "target": ["mon-mgr", ""]}]: dispatch
2023-06-23T01:01:39.647 INFO:teuthology.orchestra.run.smithi046.stdout:/usr/bin/ceph: stdout ssh-rsa AAAAB3NzaC1yc2EAAAADAQABAAABgQCwfVdaEdjxWRLztCaJ41kP7iCLhF9/XDXS4eLspHS4XaQr02n4Ko2a6LeYOwLTSrUD6jt6db+IXUI7Sv8zm4j9CGyJbXuMekJbqNB0GZscdv/9jm7E3ly3KYn2FV//DBn8wC+DUliZLciUmVg4VTAaIW4UO0OLEYlm+ZDz8DRiA+LZ6/gbEQBF6cL4xz/hsAx2dTn2kpkPM13q/O6L2cfzhVkt+IMJspFbmSuxIkWRL4W+UFbZbXo4bjVagNDs3pNudF5FkjAqYLW8qrL+OkOtrsPDakeqHBRrDRviRpYZlQnRMV72nKO5ROYxSuyyGmMISQ8QZkdIcw/UnpPcnQWmiuwAcY4OfL8xrEQUq+0ttmjWrw0IRirYbnaebUZrQ/q3A6EA3t2a3S2RsGvXIRUEzWiPmfE+At6WhJB33vTliOeMDmNw9a/6e9JTMjvmqOrI62FTQGABc5pyeeS9Gclx4QHD4pZPYEchnOWLJPi7uPiLSiD2oISDxENwwdb4wAk= ceph-458642ee-1161-11ee-9b2b-001a4aab830c
2023-06-23T01:01:39.648 INFO:teuthology.orchestra.run.smithi046.stdout:/usr/bin/ceph: stderr
2023-06-23T01:01:38.965+0000 7f67a2964700 1 Processor -- start
2023-06-23T01:01:39.649 INFO:teuthology.orchestra.run.smithi046.stdout:/usr/bin/ceph: stderr
2023-06-23T01:01:38.965+0000 7f67a2964700 1 -- start start
2023-06-23T01:01:39.649 INFO:teuthology.orchestra.run.smithi046.stdout:/usr/bin/ceph: stderr
2023-06-23T01:01:38.965+0000 7f67a2964700 1 --2- >> [v2:172.21.15.46:3300/0,v1:172.21.15.46:6789/0] conn(0x7f679c102180 0x7f679c102590 unknown :-1 s=NONE pgs=0 cs=0 l=0 rev1=0 crypto rx=0 tx=0 comp rx=0 tx=0).connect
2023-06-23T01:01:39.649 INFO:teuthology.orchestra.run.smithi046.stdout:/usr/bin/ceph: stderr
2023-06-23T01:01:38.965+0000 7f67a2964700 1 -- --> [v2:172.21.15.46:3300/0,v1:172.21.15.46:6789/0] -- mon_getmap magic: 0 v1 -- 0x7f679c102ad0 con 0x7f679c102180
2023-06-23T01:01:39.649 INFO:teuthology.orchestra.run.smithi046.stdout:/usr/bin/ceph: stderr
2023-06-23T01:01:38.965+0000 7f679bfff700 1 --2- >> [v2:172.21.15.46:3300/0,v1:172.21.15.46:6789/0] conn(0x7f679c102180 0x7f679c102590 unknown :-1 s=BANNER_CONNECTING pgs=0 cs=0 l=0 rev1=0 crypto rx=0 tx=0 comp rx=0 tx=0)._handle_peer_banner_payload supported=3 required=0
2023-06-23T01:01:39.649 INFO:teuthology.orchestra.run.smithi046.stdout:/usr/bin/ceph: stderr
2023-06-23T01:01:38.965+0000 7f679bfff700 1 --2- >> [v2:172.21.15.46:3300/0,v1:172.21.15.46:6789/0] conn(0x7f679c102180 0x7f679c102590 unknown :-1 s=HELLO_CONNECTING pgs=0 cs=0 l=0 rev1=1 crypto rx=0 tx=0 comp rx=0 tx=0).handle_hello peer v2:172.21.15.46:3300/0 says I am v2:172.21.15.46:41300/0 (socket says 172.21.15.46:41300)
2023-06-23T01:01:39.650 INFO:teuthology.orchestra.run.smithi046.stdout:/usr/bin/ceph: stderr
2023-06-23T01:01:38.965+0000 7f679bfff700 1 -- 172.21.15.46:0/1099330712 learned_addr learned my addr 172.21.15.46:0/1099330712 (peer_addr_for_me v2:172.21.15.46:0/0)
2023-06-23T01:01:39.650 INFO:teuthology.orchestra.run.smithi046.stdout:/usr/bin/ceph: stderr
2023-06-23T01:01:38.966+0000 7f679bfff700 1 -- 172.21.15.46:0/1099330712 --> [v2:172.21.15.46:3300/0,v1:172.21.15.46:6789/0] -- mon_subscribe({config=0+,monmap=0+}) v3 -- 0x7f679c102c10 con 0x7f679c102180
2023-06-23T01:01:39.650 INFO:teuthology.orchestra.run.smithi046.stdout:/usr/bin/ceph: stderr
2023-06-23T01:01:38.966+0000 7f679bfff700 1 --2- 172.21.15.46:0/1099330712 >> [v2:172.21.15.46:3300/0,v1:172.21.15.46:6789/0] conn(0x7f679c102180 0x7f679c102590 secure :-1 s=READY pgs=43 cs=0 l=1 rev1=1 crypto rx=0x7f678c0098e0 tx=0x7f678c009250 comp rx=0 tx=0).ready entity=mon.0 client_cookie=fc5dcbd7f2704970 server_cookie=0 in_seq=0 out_seq=0
2023-06-23T01:01:39.650 INFO:teuthology.orchestra.run.smithi046.stdout:/usr/bin/ceph: stderr
2023-06-23T01:01:38.966+0000 7f679affd700 1 -- 172.21.15.46:0/1099330712 <== mon.0 v2:172.21.15.46:3300/0 1 ==== mon_map magic: 0 v1 ==== 205+0+0 (secure 0 0 0) 0x7f678c009e80 con 0x7f679c102180
2023-06-23T01:01:39.650 INFO:teuthology.orchestra.run.smithi046.stdout:/usr/bin/ceph: stderr
2023-06-23T01:01:38.966+0000 7f679affd700 1 -- 172.21.15.46:0/1099330712 <== mon.0 v2:172.21.15.46:3300/0 2 ==== config(25 keys) v1 ==== 1036+0+0 (secure 0 0 0) 0x7f678c00bce0 con 0x7f679c102180
2023-06-23T01:01:39.651 INFO:teuthology.orchestra.run.smithi046.stdout:/usr/bin/ceph: stderr
2023-06-23T01:01:38.966+0000 7f679affd700 1 -- 172.21.15.46:0/1099330712 <== mon.0 v2:172.21.15.46:3300/0 3 ==== mon_map magic: 0 v1 ==== 205+0+0 (secure 0 0 0) 0x7f678c011c70 con 0x7f679c102180
2023-06-23T01:01:39.651 INFO:teuthology.orchestra.run.smithi046.stdout:/usr/bin/ceph: stderr
2023-06-23T01:01:38.966+0000 7f67a2964700 1 -- 172.21.15.46:0/1099330712 >> [v2:172.21.15.46:3300/0,v1:172.21.15.46:6789/0] conn(0x7f679c102180 msgr2=0x7f679c102590 secure :-1 s=STATE_CONNECTION_ESTABLISHED l=1).mark_down
2023-06-23T01:01:39.651 INFO:teuthology.orchestra.run.smithi046.stdout:/usr/bin/ceph: stderr
2023-06-23T01:01:38.966+0000 7f67a2964700 1 --2- 172.21.15.46:0/1099330712 >> [v2:172.21.15.46:3300/0,v1:172.21.15.46:6789/0] conn(0x7f679c102180 0x7f679c102590 secure :-1 s=READY pgs=43 cs=0 l=1 rev1=1 crypto rx=0x7f678c0098e0 tx=0x7f678c009250 comp rx=0 tx=0).stop
2023-06-23T01:01:39.651 INFO:teuthology.orchestra.run.smithi046.stdout:/usr/bin/ceph: stderr
2023-06-23T01:01:38.967+0000 7f67a2964700 1 -- 172.21.15.46:0/1099330712 shutdown_connections
2023-06-23T01:01:39.651 INFO:teuthology.orchestra.run.smithi046.stdout:/usr/bin/ceph: stderr
2023-06-23T01:01:38.967+0000 7f67a2964700 1 --2- 172.21.15.46:0/1099330712 >> [v2:172.21.15.46:3300/0,v1:172.21.15.46:6789/0] conn(0x7f679c102180 0x7f679c102590 unknown :-1 s=CLOSED pgs=43 cs=0 l=1 rev1=1 crypto rx=0 tx=0 comp rx=0 tx=0).stop
2023-06-23T01:01:39.651 INFO:teuthology.orchestra.run.smithi046.stdout:/usr/bin/ceph: stderr
2023-06-23T01:01:38.967+0000 7f67a2964700 1 -- 172.21.15.46:0/1099330712 >> 172.21.15.46:0/1099330712 conn(0x7f679c0fd920 msgr2=0x7f679c0ffd30 unknown :-1 s=STATE_NONE l=0).mark_down
2023-06-23T01:01:39.651 INFO:teuthology.orchestra.run.smithi046.stdout:/usr/bin/ceph: stderr
2023-06-23T01:01:38.967+0000 7f67a2964700 1 -- 172.21.15.46:0/1099330712 shutdown_connections
2023-06-23T01:01:39.652 INFO:teuthology.orchestra.run.smithi046.stdout:/usr/bin/ceph: stderr
2023-06-23T01:01:38.967+0000 7f67a2964700 1 -- 172.21.15.46:0/1099330712 wait complete.
2023-06-23T01:01:39.652 INFO:teuthology.orchestra.run.smithi046.stdout:/usr/bin/ceph: stderr
2023-06-23T01:01:38.967+0000 7f67a2964700 1 Processor -- start
2023-06-23T01:01:39.652 INFO:teuthology.orchestra.run.smithi046.stdout:/usr/bin/ceph: stderr
2023-06-23T01:01:38.967+0000 7f67a2964700 1 -- start start
2023-06-23T01:01:39.652 INFO:teuthology.orchestra.run.smithi046.stdout:/usr/bin/ceph: stderr
2023-06-23T01:01:38.968+0000 7f67a2964700 1 --2- >> [v2:172.21.15.46:3300/0,v1:172.21.15.46:6789/0] conn(0x7f679c102180 0x7f679c110e30 unknown :-1 s=NONE pgs=0 cs=0 l=1 rev1=0 crypto rx=0 tx=0 comp rx=0 tx=0).connect
2023-06-23T01:01:39.652 INFO:teuthology.orchestra.run.smithi046.stdout:/usr/bin/ceph: stderr
2023-06-23T01:01:38.968+0000 7f67a2964700 1 -- --> [v2:172.21.15.46:3300/0,v1:172.21.15.46:6789/0] -- mon_getmap magic: 0 v1 -- 0x7f679c111370 con 0x7f679c102180
2023-06-23T01:01:39.652 INFO:teuthology.orchestra.run.smithi046.stdout:/usr/bin/ceph: stderr
2023-06-23T01:01:38.968+0000 7f679bfff700 1 --2- >> [v2:172.21.15.46:3300/0,v1:172.21.15.46:6789/0] conn(0x7f679c102180 0x7f679c110e30 unknown :-1 s=BANNER_CONNECTING pgs=0 cs=0 l=1 rev1=0 crypto rx=0 tx=0 comp rx=0 tx=0)._handle_peer_banner_payload supported=3 required=0
2023-06-23T01:01:39.652 INFO:teuthology.orchestra.run.smithi046.stdout:/usr/bin/ceph: stderr
2023-06-23T01:01:38.968+0000 7f679bfff700 1 --2- >> [v2:172.21.15.46:3300/0,v1:172.21.15.46:6789/0] conn(0x7f679c102180 0x7f679c110e30 unknown :-1 s=HELLO_CONNECTING pgs=0 cs=0 l=1 rev1=1 crypto rx=0 tx=0 comp rx=0 tx=0).handle_hello peer v2:172.21.15.46:3300/0 says I am v2:172.21.15.46:41314/0 (socket says 172.21.15.46:41314)
2023-06-23T01:01:39.653 INFO:teuthology.orchestra.run.smithi046.stdout:/usr/bin/ceph: stderr
2023-06-23T01:01:38.968+0000 7f679bfff700 1 -- 172.21.15.46:0/84197218 learned_addr learned my addr 172.21.15.46:0/84197218 (peer_addr_for_me v2:172.21.15.46:0/0)
2023-06-23T01:01:39.653 INFO:teuthology.orchestra.run.smithi046.stdout:/usr/bin/ceph: stderr
2023-06-23T01:01:38.968+0000 7f679bfff700 1 -- 172.21.15.46:0/84197218 --> [v2:172.21.15.46:3300/0,v1:172.21.15.46:6789/0] -- mon_subscribe({config=0+,monmap=0+}) v3 -- 0x7f678c0094f0 con 0x7f679c102180
2023-06-23T01:01:39.653 INFO:teuthology.orchestra.run.smithi046.stdout:/usr/bin/ceph: stderr
