2023-06-23T01:01:38.968+0000 7f679bfff700 1 --2- 172.21.15.46:0/84197218 >> [v2:172.21.15.46:3300/0,v1:172.21.15.46:6789/0] conn(0x7f679c102180 0x7f679c110e30 secure :-1 s=READY pgs=44 cs=0 l=1 rev1=1 crypto rx=0x7f678c011800 tx=0x7f678c009250 comp rx=0 tx=0).ready entity=mon.0 client_cookie=0 server_cookie=0 in_seq=0 out_seq=0
2023-06-23T01:01:39.653 INFO:teuthology.orchestra.run.smithi046.stdout:/usr/bin/ceph: stderr
2023-06-23T01:01:38.968+0000 7f6798ff9700 1 -- 172.21.15.46:0/84197218 <== mon.0 v2:172.21.15.46:3300/0 1 ==== mon_map magic: 0 v1 ==== 205+0+0 (secure 0 0 0) 0x7f678c006bc0 con 0x7f679c102180
2023-06-23T01:01:39.653 INFO:teuthology.orchestra.run.smithi046.stdout:/usr/bin/ceph: stderr
2023-06-23T01:01:38.968+0000 7f6798ff9700 1 -- 172.21.15.46:0/84197218 <== mon.0 v2:172.21.15.46:3300/0 2 ==== config(25 keys) v1 ==== 1036+0+0 (secure 0 0 0) 0x7f678c01aac0 con 0x7f679c102180
2023-06-23T01:01:39.653 INFO:teuthology.orchestra.run.smithi046.stdout:/usr/bin/ceph: stderr
2023-06-23T01:01:38.968+0000 7f67a2964700 1 -- 172.21.15.46:0/84197218 --> [v2:172.21.15.46:3300/0,v1:172.21.15.46:6789/0] -- mon_subscribe({mgrmap=0+}) v3 -- 0x7f679c111570 con 0x7f679c102180
2023-06-23T01:01:39.653 INFO:teuthology.orchestra.run.smithi046.stdout:/usr/bin/ceph: stderr
2023-06-23T01:01:38.968+0000 7f6798ff9700 1 -- 172.21.15.46:0/84197218 <== mon.0 v2:172.21.15.46:3300/0 3 ==== mon_map magic: 0 v1 ==== 205+0+0 (secure 0 0 0) 0x7f678c022a50 con 0x7f679c102180
2023-06-23T01:01:39.653 INFO:teuthology.orchestra.run.smithi046.stdout:/usr/bin/ceph: stderr
2023-06-23T01:01:38.968+0000 7f67a2964700 1 -- 172.21.15.46:0/84197218 --> [v2:172.21.15.46:3300/0,v1:172.21.15.46:6789/0] -- mon_subscribe({osdmap=0}) v3 -- 0x7f679c112130 con 0x7f679c102180
2023-06-23T01:01:39.654 INFO:teuthology.orchestra.run.smithi046.stdout:/usr/bin/ceph: stderr
2023-06-23T01:01:38.969+0000 7f6798ff9700 1 -- 172.21.15.46:0/84197218 <== mon.0 v2:172.21.15.46:3300/0 4 ==== mgrmap(e 8) v1 ==== 43219+0+0 (secure 0 0 0) 0x7f678c022c80 con 0x7f679c102180
2023-06-23T01:01:39.654 INFO:teuthology.orchestra.run.smithi046.stdout:/usr/bin/ceph: stderr
2023-06-23T01:01:38.969+0000 7f6798ff9700 1 --2- 172.21.15.46:0/84197218 >> [v2:172.21.15.46:6800/2331157358,v1:172.21.15.46:6801/2331157358] conn(0x7f67840365c0 0x7f6784038a70 unknown :-1 s=NONE pgs=0 cs=0 l=1 rev1=0 crypto rx=0 tx=0 comp rx=0 tx=0).connect
2023-06-23T01:01:39.654 INFO:teuthology.orchestra.run.smithi046.stdout:/usr/bin/ceph: stderr
2023-06-23T01:01:38.969+0000 7f6798ff9700 1 -- 172.21.15.46:0/84197218 <== mon.0 v2:172.21.15.46:3300/0 5 ==== osd_map(2..2 src has 1..2) v4 ==== 936+0+0 (secure 0 0 0) 0x7f678c04a430 con 0x7f679c102180
2023-06-23T01:01:39.654 INFO:teuthology.orchestra.run.smithi046.stdout:/usr/bin/ceph: stderr
2023-06-23T01:01:38.969+0000 7f67a2964700 1 -- 172.21.15.46:0/84197218 --> [v2:172.21.15.46:3300/0,v1:172.21.15.46:6789/0] -- mon_command({"prefix": "get_command_descriptions"} v 0) v1 -- 0x7f679c05f060 con 0x7f679c102180
2023-06-23T01:01:39.654 INFO:teuthology.orchestra.run.smithi046.stdout:/usr/bin/ceph: stderr
2023-06-23T01:01:38.969+0000 7f679b7fe700 1 --2- 172.21.15.46:0/84197218 >> [v2:172.21.15.46:6800/2331157358,v1:172.21.15.46:6801/2331157358] conn(0x7f67840365c0 0x7f6784038a70 unknown :-1 s=BANNER_CONNECTING pgs=0 cs=0 l=1 rev1=0 crypto rx=0 tx=0 comp rx=0 tx=0)._handle_peer_banner_payload supported=3 required=0
2023-06-23T01:01:39.654 INFO:teuthology.orchestra.run.smithi046.stdout:/usr/bin/ceph: stderr
2023-06-23T01:01:38.970+0000 7f679b7fe700 1 --2- 172.21.15.46:0/84197218 >> [v2:172.21.15.46:6800/2331157358,v1:172.21.15.46:6801/2331157358] conn(0x7f67840365c0 0x7f6784038a70 secure :-1 s=READY pgs=10 cs=0 l=1 rev1=1 crypto rx=0x7f6790009990 tx=0x7f6790006e40 comp rx=0 tx=0).ready entity=mgr.14120 client_cookie=0 server_cookie=0 in_seq=0 out_seq=0
2023-06-23T01:01:39.654 INFO:teuthology.orchestra.run.smithi046.stdout:/usr/bin/ceph: stderr
2023-06-23T01:01:38.974+0000 7f6798ff9700 1 -- 172.21.15.46:0/84197218 <== mon.0 v2:172.21.15.46:3300/0 6 ==== mon_command_ack([{"prefix": "get_command_descriptions"}]=0 v0) v1 ==== 72+0+174561 (secure 0 0 0) 0x7f678c018940 con 0x7f679c102180
2023-06-23T01:01:39.655 INFO:teuthology.orchestra.run.smithi046.stdout:/usr/bin/ceph: stderr
2023-06-23T01:01:39.168+0000 7f67a2964700 1 -- 172.21.15.46:0/84197218 --> [v2:172.21.15.46:6800/2331157358,v1:172.21.15.46:6801/2331157358] -- mgr_command(tid 0: {"prefix": "cephadm get-pub-key", "target": ["mon-mgr", ""]}) v1 -- 0x7f679c0fecf0 con 0x7f67840365c0
2023-06-23T01:01:39.655 INFO:teuthology.orchestra.run.smithi046.stdout:/usr/bin/ceph: stderr
2023-06-23T01:01:39.168+0000 7f6798ff9700 1 -- 172.21.15.46:0/84197218 <== mgr.14120 v2:172.21.15.46:6800/2331157358 1 ==== mgr_command_reply(tid 0: 0 ) v1 ==== 8+0+595 (secure 0 0 0) 0x7f679c0fecf0 con 0x7f67840365c0
2023-06-23T01:01:39.655 INFO:teuthology.orchestra.run.smithi046.stdout:/usr/bin/ceph: stderr
2023-06-23T01:01:39.170+0000 7f67a2964700 1 -- 172.21.15.46:0/84197218 >> [v2:172.21.15.46:6800/2331157358,v1:172.21.15.46:6801/2331157358] conn(0x7f67840365c0 msgr2=0x7f6784038a70 secure :-1 s=STATE_CONNECTION_ESTABLISHED l=1).mark_down
2023-06-23T01:01:39.656 INFO:teuthology.orchestra.run.smithi046.stdout:/usr/bin/ceph: stderr
2023-06-23T01:01:39.170+0000 7f67a2964700 1 --2- 172.21.15.46:0/84197218 >> [v2:172.21.15.46:6800/2331157358,v1:172.21.15.46:6801/2331157358] conn(0x7f67840365c0 0x7f6784038a70 secure :-1 s=READY pgs=10 cs=0 l=1 rev1=1 crypto rx=0x7f6790009990 tx=0x7f6790006e40 comp rx=0 tx=0).stop
2023-06-23T01:01:39.656 INFO:teuthology.orchestra.run.smithi046.stdout:/usr/bin/ceph: stderr
2023-06-23T01:01:39.170+0000 7f67a2964700 1 -- 172.21.15.46:0/84197218 >> [v2:172.21.15.46:3300/0,v1:172.21.15.46:6789/0] conn(0x7f679c102180 msgr2=0x7f679c110e30 secure :-1 s=STATE_CONNECTION_ESTABLISHED l=1).mark_down
2023-06-23T01:01:39.657 INFO:teuthology.orchestra.run.smithi046.stdout:/usr/bin/ceph: stderr
2023-06-23T01:01:39.170+0000 7f67a2964700 1 --2- 172.21.15.46:0/84197218 >> [v2:172.21.15.46:3300/0,v1:172.21.15.46:6789/0] conn(0x7f679c102180 0x7f679c110e30 secure :-1 s=READY pgs=44 cs=0 l=1 rev1=1 crypto rx=0x7f678c011800 tx=0x7f678c009250 comp rx=0 tx=0).stop
2023-06-23T01:01:39.657 INFO:teuthology.orchestra.run.smithi046.stdout:/usr/bin/ceph: stderr
2023-06-23T01:01:39.170+0000 7f67a2964700 1 -- 172.21.15.46:0/84197218 shutdown_connections
2023-06-23T01:01:39.657 INFO:teuthology.orchestra.run.smithi046.stdout:/usr/bin/ceph: stderr
2023-06-23T01:01:39.170+0000 7f67a2964700 1 --2- 172.21.15.46:0/84197218 >> [v2:172.21.15.46:6800/2331157358,v1:172.21.15.46:6801/2331157358] conn(0x7f67840365c0 0x7f6784038a70 unknown :-1 s=CLOSED pgs=10 cs=0 l=1 rev1=1 crypto rx=0 tx=0 comp rx=0 tx=0).stop
2023-06-23T01:01:39.657 INFO:teuthology.orchestra.run.smithi046.stdout:/usr/bin/ceph: stderr
2023-06-23T01:01:39.170+0000 7f67a2964700 1 --2- 172.21.15.46:0/84197218 >> [v2:172.21.15.46:3300/0,v1:172.21.15.46:6789/0] conn(0x7f679c102180 0x7f679c110e30 unknown :-1 s=CLOSED pgs=44 cs=0 l=1 rev1=1 crypto rx=0 tx=0 comp rx=0 tx=0).stop
2023-06-23T01:01:39.657 INFO:teuthology.orchestra.run.smithi046.stdout:/usr/bin/ceph: stderr
2023-06-23T01:01:39.170+0000 7f67a2964700 1 -- 172.21.15.46:0/84197218 >> 172.21.15.46:0/84197218 conn(0x7f679c0fd920 msgr2=0x7f679c0fe5e0 unknown :-1 s=STATE_NONE l=0).mark_down
2023-06-23T01:01:39.657 INFO:teuthology.orchestra.run.smithi046.stdout:/usr/bin/ceph: stderr
2023-06-23T01:01:39.170+0000 7f67a2964700 1 -- 172.21.15.46:0/84197218 shutdown_connections
2023-06-23T01:01:39.657 INFO:teuthology.orchestra.run.smithi046.stdout:/usr/bin/ceph: stderr
2023-06-23T01:01:39.170+0000 7f67a2964700 1 -- 172.21.15.46:0/84197218 wait complete.
2023-06-23T01:01:39.658 INFO:teuthology.orchestra.run.smithi046.stdout:Wrote public SSH key to /home/ubuntu/cephtest/ceph.pub
2023-06-23T01:01:39.658 INFO:teuthology.orchestra.run.smithi046.stdout:Adding key to root@localhost authorized_keys...
2023-06-23T01:01:39.658 INFO:teuthology.orchestra.run.smithi046.stdout:Adding host smithi046...
2023-06-23T01:01:40.582 INFO:journalctl@ceph.mon.a.smithi046.stdout:Jun 23 01:01:40 smithi046 ceph-mon[84949]: from='client.14140 -' entity='client.admin' cmd=[{"prefix": "orch host add", "hostname": "smithi046", "addr": "172.21.15.46", "target": ["mon-mgr", ""]}]: dispatch
2023-06-23T01:01:41.655 INFO:journalctl@ceph.mon.a.smithi046.stdout:Jun 23 01:01:41 smithi046 ceph-mon[84949]: Deploying cephadm binary to smithi046
2023-06-23T01:01:42.587 INFO:teuthology.orchestra.run.smithi046.stdout:/usr/bin/ceph: stdout Added host 'smithi046' with addr '172.21.15.46'
2023-06-23T01:01:42.587 INFO:teuthology.orchestra.run.smithi046.stdout:/usr/bin/ceph: stderr
2023-06-23T01:01:40.090+0000 7fbae837f700 1 Processor -- start
2023-06-23T01:01:42.587 INFO:teuthology.orchestra.run.smithi046.stdout:/usr/bin/ceph: stderr
2023-06-23T01:01:40.090+0000 7fbae837f700 1 -- start start
2023-06-23T01:01:42.588 INFO:teuthology.orchestra.run.smithi046.stdout:/usr/bin/ceph: stderr
2023-06-23T01:01:40.091+0000 7fbae837f700 1 --2- >> [v2:172.21.15.46:3300/0,v1:172.21.15.46:6789/0] conn(0x7fbae0077c40 0x7fbae0076140 unknown :-1 s=NONE pgs=0 cs=0 l=0 rev1=0 crypto rx=0 tx=0 comp rx=0 tx=0).connect
2023-06-23T01:01:42.588 INFO:teuthology.orchestra.run.smithi046.stdout:/usr/bin/ceph: stderr
2023-06-23T01:01:40.091+0000 7fbae837f700 1 -- --> [v2:172.21.15.46:3300/0,v1:172.21.15.46:6789/0] -- mon_getmap magic: 0 v1 -- 0x7fbae0078050 con 0x7fbae0077c40
2023-06-23T01:01:42.588 INFO:teuthology.orchestra.run.smithi046.stdout:/usr/bin/ceph: stderr
2023-06-23T01:01:40.091+0000 7fbae611b700 1 --2- >> [v2:172.21.15.46:3300/0,v1:172.21.15.46:6789/0] conn(0x7fbae0077c40 0x7fbae0076140 unknown :-1 s=BANNER_CONNECTING pgs=0 cs=0 l=0 rev1=0 crypto rx=0 tx=0 comp rx=0 tx=0)._handle_peer_banner_payload supported=3 required=0
2023-06-23T01:01:42.595 INFO:teuthology.orchestra.run.smithi046.stdout:/usr/bin/ceph: stderr
2023-06-23T01:01:40.091+0000 7fbae611b700 1 --2- >> [v2:172.21.15.46:3300/0,v1:172.21.15.46:6789/0] conn(0x7fbae0077c40 0x7fbae0076140 unknown :-1 s=HELLO_CONNECTING pgs=0 cs=0 l=0 rev1=1 crypto rx=0 tx=0 comp rx=0 tx=0).handle_hello peer v2:172.21.15.46:3300/0 says I am v2:172.21.15.46:41320/0 (socket says 172.21.15.46:41320)
2023-06-23T01:01:42.595 INFO:teuthology.orchestra.run.smithi046.stdout:/usr/bin/ceph: stderr
2023-06-23T01:01:40.091+0000 7fbae611b700 1 -- 172.21.15.46:0/1385387942 learned_addr learned my addr 172.21.15.46:0/1385387942 (peer_addr_for_me v2:172.21.15.46:0/0)
2023-06-23T01:01:42.596 INFO:teuthology.orchestra.run.smithi046.stdout:/usr/bin/ceph: stderr
2023-06-23T01:01:40.091+0000 7fbae611b700 1 -- 172.21.15.46:0/1385387942 --> [v2:172.21.15.46:3300/0,v1:172.21.15.46:6789/0] -- mon_subscribe({config=0+,monmap=0+}) v3 -- 0x7fbae0076680 con 0x7fbae0077c40
2023-06-23T01:01:42.596 INFO:teuthology.orchestra.run.smithi046.stdout:/usr/bin/ceph: stderr
2023-06-23T01:01:40.091+0000 7fbae611b700 1 --2- 172.21.15.46:0/1385387942 >> [v2:172.21.15.46:3300/0,v1:172.21.15.46:6789/0] conn(0x7fbae0077c40 0x7fbae0076140 secure :-1 s=READY pgs=45 cs=0 l=1 rev1=1 crypto rx=0x7fbadc0098e0 tx=0x7fbadc009250 comp rx=0 tx=0).ready entity=mon.0 client_cookie=c62eab7eab42a9d7 server_cookie=0 in_seq=0 out_seq=0
2023-06-23T01:01:42.596 INFO:teuthology.orchestra.run.smithi046.stdout:/usr/bin/ceph: stderr
2023-06-23T01:01:40.092+0000 7fbae5119700 1 -- 172.21.15.46:0/1385387942 <== mon.0 v2:172.21.15.46:3300/0 1 ==== mon_map magic: 0 v1 ==== 205+0+0 (secure 0 0 0) 0x7fbadc009e80 con 0x7fbae0077c40
2023-06-23T01:01:42.596 INFO:teuthology.orchestra.run.smithi046.stdout:/usr/bin/ceph: stderr
2023-06-23T01:01:40.092+0000 7fbae5119700 1 -- 172.21.15.46:0/1385387942 <== mon.0 v2:172.21.15.46:3300/0 2 ==== config(25 keys) v1 ==== 1036+0+0 (secure 0 0 0) 0x7fbadc00bce0 con 0x7fbae0077c40
2023-06-23T01:01:42.597 INFO:teuthology.orchestra.run.smithi046.stdout:/usr/bin/ceph: stderr
2023-06-23T01:01:40.092+0000 7fbae5119700 1 -- 172.21.15.46:0/1385387942 <== mon.0 v2:172.21.15.46:3300/0 3 ==== mon_map magic: 0 v1 ==== 205+0+0 (secure 0 0 0) 0x7fbadc011c70 con 0x7fbae0077c40
2023-06-23T01:01:42.597 INFO:teuthology.orchestra.run.smithi046.stdout:/usr/bin/ceph: stderr
2023-06-23T01:01:40.092+0000 7fbae837f700 1 -- 172.21.15.46:0/1385387942 >> [v2:172.21.15.46:3300/0,v1:172.21.15.46:6789/0] conn(0x7fbae0077c40 msgr2=0x7fbae0076140 secure :-1 s=STATE_CONNECTION_ESTABLISHED l=1).mark_down
2023-06-23T01:01:42.597 INFO:teuthology.orchestra.run.smithi046.stdout:/usr/bin/ceph: stderr
2023-06-23T01:01:40.092+0000 7fbae837f700 1 --2- 172.21.15.46:0/1385387942 >> [v2:172.21.15.46:3300/0,v1:172.21.15.46:6789/0] conn(0x7fbae0077c40 0x7fbae0076140 secure :-1 s=READY pgs=45 cs=0 l=1 rev1=1 crypto rx=0x7fbadc0098e0 tx=0x7fbadc009250 comp rx=0 tx=0).stop
2023-06-23T01:01:42.597 INFO:teuthology.orchestra.run.smithi046.stdout:/usr/bin/ceph: stderr
2023-06-23T01:01:40.092+0000 7fbae837f700 1 -- 172.21.15.46:0/1385387942 shutdown_connections
2023-06-23T01:01:42.597 INFO:teuthology.orchestra.run.smithi046.stdout:/usr/bin/ceph: stderr
2023-06-23T01:01:40.092+0000 7fbae837f700 1 --2- 172.21.15.46:0/1385387942 >> [v2:172.21.15.46:3300/0,v1:172.21.15.46:6789/0] conn(0x7fbae0077c40 0x7fbae0076140 unknown :-1 s=CLOSED pgs=45 cs=0 l=1 rev1=1 crypto rx=0 tx=0 comp rx=0 tx=0).stop
2023-06-23T01:01:42.597 INFO:teuthology.orchestra.run.smithi046.stdout:/usr/bin/ceph: stderr
2023-06-23T01:01:40.092+0000 7fbae837f700 1 -- 172.21.15.46:0/1385387942 >> 172.21.15.46:0/1385387942 conn(0x7fbae00fd900 msgr2=0x7fbae00ffd10 unknown :-1 s=STATE_NONE l=0).mark_down
2023-06-23T01:01:42.597 INFO:teuthology.orchestra.run.smithi046.stdout:/usr/bin/ceph: stderr
2023-06-23T01:01:40.092+0000 7fbae837f700 1 -- 172.21.15.46:0/1385387942 shutdown_connections
2023-06-23T01:01:42.597 INFO:teuthology.orchestra.run.smithi046.stdout:/usr/bin/ceph: stderr
2023-06-23T01:01:40.092+0000 7fbae837f700 1 -- 172.21.15.46:0/1385387942 wait complete.
2023-06-23T01:01:42.598 INFO:teuthology.orchestra.run.smithi046.stdout:/usr/bin/ceph: stderr
2023-06-23T01:01:40.093+0000 7fbae837f700 1 Processor -- start
2023-06-23T01:01:42.598 INFO:teuthology.orchestra.run.smithi046.stdout:/usr/bin/ceph: stderr
2023-06-23T01:01:40.093+0000 7fbae837f700 1 -- start start
2023-06-23T01:01:42.598 INFO:teuthology.orchestra.run.smithi046.stdout:/usr/bin/ceph: stderr
2023-06-23T01:01:40.093+0000 7fbae837f700 1 --2- >> [v2:172.21.15.46:3300/0,v1:172.21.15.46:6789/0] conn(0x7fbae0077c40 0x7fbae0112f50 unknown :-1 s=NONE pgs=0 cs=0 l=1 rev1=0 crypto rx=0 tx=0 comp rx=0 tx=0).connect
2023-06-23T01:01:42.598 INFO:teuthology.orchestra.run.smithi046.stdout:/usr/bin/ceph: stderr
2023-06-23T01:01:40.093+0000 7fbae837f700 1 -- --> [v2:172.21.15.46:3300/0,v1:172.21.15.46:6789/0] -- mon_getmap magic: 0 v1 -- 0x7fbae0113490 con 0x7fbae0077c40
2023-06-23T01:01:42.598 INFO:teuthology.orchestra.run.smithi046.stdout:/usr/bin/ceph: stderr
2023-06-23T01:01:40.093+0000 7fbae611b700 1 --2- >> [v2:172.21.15.46:3300/0,v1:172.21.15.46:6789/0] conn(0x7fbae0077c40 0x7fbae0112f50 unknown :-1 s=BANNER_CONNECTING pgs=0 cs=0 l=1 rev1=0 crypto rx=0 tx=0 comp rx=0 tx=0)._handle_peer_banner_payload supported=3 required=0
2023-06-23T01:01:42.598 INFO:teuthology.orchestra.run.smithi046.stdout:/usr/bin/ceph: stderr
2023-06-23T01:01:40.093+0000 7fbae611b700 1 --2- >> [v2:172.21.15.46:3300/0,v1:172.21.15.46:6789/0] conn(0x7fbae0077c40 0x7fbae0112f50 unknown :-1 s=HELLO_CONNECTING pgs=0 cs=0 l=1 rev1=1 crypto rx=0 tx=0 comp rx=0 tx=0).handle_hello peer v2:172.21.15.46:3300/0 says I am v2:172.21.15.46:41334/0 (socket says 172.21.15.46:41334)
2023-06-23T01:01:42.598 INFO:teuthology.orchestra.run.smithi046.stdout:/usr/bin/ceph: stderr
2023-06-23T01:01:40.093+0000 7fbae611b700 1 -- 172.21.15.46:0/1554715433 learned_addr learned my addr 172.21.15.46:0/1554715433 (peer_addr_for_me v2:172.21.15.46:0/0)
2023-06-23T01:01:42.599 INFO:teuthology.orchestra.run.smithi046.stdout:/usr/bin/ceph: stderr
2023-06-23T01:01:40.093+0000 7fbae611b700 1 -- 172.21.15.46:0/1554715433 --> [v2:172.21.15.46:3300/0,v1:172.21.15.46:6789/0] -- mon_subscribe({config=0+,monmap=0+}) v3 -- 0x7fbadc0094f0 con 0x7fbae0077c40
2023-06-23T01:01:42.599 INFO:teuthology.orchestra.run.smithi046.stdout:/usr/bin/ceph: stderr
2023-06-23T01:01:40.094+0000 7fbae611b700 1 --2- 172.21.15.46:0/1554715433 >> [v2:172.21.15.46:3300/0,v1:172.21.15.46:6789/0] conn(0x7fbae0077c40 0x7fbae0112f50 secure :-1 s=READY pgs=46 cs=0 l=1 rev1=1 crypto rx=0x7fbadc011800 tx=0x7fbadc009250 comp rx=0 tx=0).ready entity=mon.0 client_cookie=0 server_cookie=0 in_seq=0 out_seq=0
2023-06-23T01:01:42.599 INFO:teuthology.orchestra.run.smithi046.stdout:/usr/bin/ceph: stderr
2023-06-23T01:01:40.094+0000 7fbad6ffd700 1 -- 172.21.15.46:0/1554715433 <== mon.0 v2:172.21.15.46:3300/0 1 ==== mon_map magic: 0 v1 ==== 205+0+0 (secure 0 0 0) 0x7fbadc01a640 con 0x7fbae0077c40
2023-06-23T01:01:42.599 INFO:teuthology.orchestra.run.smithi046.stdout:/usr/bin/ceph: stderr
2023-06-23T01:01:40.094+0000 7fbad6ffd700 1 -- 172.21.15.46:0/1554715433 <== mon.0 v2:172.21.15.46:3300/0 2 ==== config(25 keys) v1 ==== 1036+0+0 (secure 0 0 0) 0x7fbadc01ac20 con 0x7fbae0077c40
2023-06-23T01:01:42.599 INFO:teuthology.orchestra.run.smithi046.stdout:/usr/bin/ceph: stderr
2023-06-23T01:01:40.094+0000 7fbad6ffd700 1 -- 172.21.15.46:0/1554715433 <== mon.0 v2:172.21.15.46:3300/0 3 ==== mon_map magic: 0 v1 ==== 205+0+0 (secure 0 0 0) 0x7fbadc0229e0 con 0x7fbae0077c40
2023-06-23T01:01:42.599 INFO:teuthology.orchestra.run.smithi046.stdout:/usr/bin/ceph: stderr
2023-06-23T01:01:40.094+0000 7fbae837f700 1 -- 172.21.15.46:0/1554715433 --> [v2:172.21.15.46:3300/0,v1:172.21.15.46:6789/0] -- mon_subscribe({mgrmap=0+}) v3 -- 0x7fbae0113690 con 0x7fbae0077c40
2023-06-23T01:01:42.599 INFO:teuthology.orchestra.run.smithi046.stdout:/usr/bin/ceph: stderr
2023-06-23T01:01:40.094+0000 7fbae837f700 1 -- 172.21.15.46:0/1554715433 --> [v2:172.21.15.46:3300/0,v1:172.21.15.46:6789/0] -- mon_subscribe({osdmap=0}) v3 -- 0x7fbae0114330 con 0x7fbae0077c40
2023-06-23T01:01:42.599 INFO:teuthology.orchestra.run.smithi046.stdout:/usr/bin/ceph: stderr
2023-06-23T01:01:40.095+0000 7fbad6ffd700 1 -- 172.21.15.46:0/1554715433 <== mon.0 v2:172.21.15.46:3300/0 4 ==== mgrmap(e 8) v1 ==== 43219+0+0 (secure 0 0 0) 0x7fbadc01a7a0 con 0x7fbae0077c40
2023-06-23T01:01:42.600 INFO:teuthology.orchestra.run.smithi046.stdout:/usr/bin/ceph: stderr
2023-06-23T01:01:40.095+0000 7fbad6ffd700 1 --2- 172.21.15.46:0/1554715433 >> [v2:172.21.15.46:6800/2331157358,v1:172.21.15.46:6801/2331157358] conn(0x7fbacc0365c0 0x7fbacc038a70 unknown :-1 s=NONE pgs=0 cs=0 l=1 rev1=0 crypto rx=0 tx=0 comp rx=0 tx=0).connect
2023-06-23T01:01:42.600 INFO:teuthology.orchestra.run.smithi046.stdout:/usr/bin/ceph: stderr
2023-06-23T01:01:40.095+0000 7fbad6ffd700 1 -- 172.21.15.46:0/1554715433 <== mon.0 v2:172.21.15.46:3300/0 5 ==== osd_map(2..2 src has 1..2) v4 ==== 936+0+0 (secure 0 0 0) 0x7fbadc04a470 con 0x7fbae0077c40
2023-06-23T01:01:42.600 INFO:teuthology.orchestra.run.smithi046.stdout:/usr/bin/ceph: stderr
2023-06-23T01:01:40.095+0000 7fbae837f700 1 -- 172.21.15.46:0/1554715433 --> [v2:172.21.15.46:3300/0,v1:172.21.15.46:6789/0] -- mon_command({"prefix": "get_command_descriptions"} v 0) v1 -- 0x7fbae005f060 con 0x7fbae0077c40
2023-06-23T01:01:42.600 INFO:teuthology.orchestra.run.smithi046.stdout:/usr/bin/ceph: stderr
2023-06-23T01:01:40.095+0000 7fbae591a700 1 --2- 172.21.15.46:0/1554715433 >> [v2:172.21.15.46:6800/2331157358,v1:172.21.15.46:6801/2331157358] conn(0x7fbacc0365c0 0x7fbacc038a70 unknown :-1 s=BANNER_CONNECTING pgs=0 cs=0 l=1 rev1=0 crypto rx=0 tx=0 comp rx=0 tx=0)._handle_peer_banner_payload supported=3 required=0
2023-06-23T01:01:42.600 INFO:teuthology.orchestra.run.smithi046.stdout:/usr/bin/ceph: stderr
2023-06-23T01:01:40.095+0000 7fbae591a700 1 --2- 172.21.15.46:0/1554715433 >> [v2:172.21.15.46:6800/2331157358,v1:172.21.15.46:6801/2331157358] conn(0x7fbacc0365c0 0x7fbacc038a70 secure :-1 s=READY pgs=11 cs=0 l=1 rev1=1 crypto rx=0x7fbad0009990 tx=0x7fbad0006e40 comp rx=0 tx=0).ready entity=mgr.14120 client_cookie=0 server_cookie=0 in_seq=0 out_seq=0
2023-06-23T01:01:42.600 INFO:teuthology.orchestra.run.smithi046.stdout:/usr/bin/ceph: stderr
2023-06-23T01:01:40.100+0000 7fbad6ffd700 1 -- 172.21.15.46:0/1554715433 <== mon.0 v2:172.21.15.46:3300/0 6 ==== mon_command_ack([{"prefix": "get_command_descriptions"}]=0 v0) v1 ==== 72+0+174561 (secure 0 0 0) 0x7fbadc022400 con 0x7fbae0077c40
2023-06-23T01:01:42.600 INFO:teuthology.orchestra.run.smithi046.stdout:/usr/bin/ceph: stderr
2023-06-23T01:01:40.298+0000 7fbae837f700 1 -- 172.21.15.46:0/1554715433 --> [v2:172.21.15.46:6800/2331157358,v1:172.21.15.46:6801/2331157358] -- mgr_command(tid 0: {"prefix": "orch host add", "hostname": "smithi046", "addr": "172.21.15.46", "target": ["mon-mgr", ""]}) v1 -- 0x7fbae00fec80 con 0x7fbacc0365c0
2023-06-23T01:01:42.601 INFO:teuthology.orchestra.run.smithi046.stdout:/usr/bin/ceph: stderr
2023-06-23T01:01:42.135+0000 7fbad6ffd700 1 -- 172.21.15.46:0/1554715433 <== mgr.14120 v2:172.21.15.46:6800/2331157358 1 ==== mgr_command_reply(tid 0: 0 ) v1 ==== 8+0+48 (secure 0 0 0) 0x7fbae00fec80 con 0x7fbacc0365c0
2023-06-23T01:01:42.601 INFO:teuthology.orchestra.run.smithi046.stdout:/usr/bin/ceph: stderr
2023-06-23T01:01:42.138+0000 7fbae837f700 1 -- 172.21.15.46:0/1554715433 >> [v2:172.21.15.46:6800/2331157358,v1:172.21.15.46:6801/2331157358] conn(0x7fbacc0365c0 msgr2=0x7fbacc038a70 secure :-1 s=STATE_CONNECTION_ESTABLISHED l=1).mark_down
2023-06-23T01:01:42.601 INFO:teuthology.orchestra.run.smithi046.stdout:/usr/bin/ceph: stderr
2023-06-23T01:01:42.138+0000 7fbae837f700 1 --2- 172.21.15.46:0/1554715433 >> [v2:172.21.15.46:6800/2331157358,v1:172.21.15.46:6801/2331157358] conn(0x7fbacc0365c0 0x7fbacc038a70 secure :-1 s=READY pgs=11 cs=0 l=1 rev1=1 crypto rx=0x7fbad0009990 tx=0x7fbad0006e40 comp rx=0 tx=0).stop
2023-06-23T01:01:42.601 INFO:teuthology.orchestra.run.smithi046.stdout:/usr/bin/ceph: stderr
2023-06-23T01:01:42.138+0000 7fbae837f700 1 -- 172.21.15.46:0/1554715433 >> [v2:172.21.15.46:3300/0,v1:172.21.15.46:6789/0] conn(0x7fbae0077c40 msgr2=0x7fbae0112f50 secure :-1 s=STATE_CONNECTION_ESTABLISHED l=1).mark_down
2023-06-23T01:01:42.601 INFO:teuthology.orchestra.run.smithi046.stdout:/usr/bin/ceph: stderr
2023-06-23T01:01:42.138+0000 7fbae837f700 1 --2- 172.21.15.46:0/1554715433 >> [v2:172.21.15.46:3300/0,v1:172.21.15.46:6789/0] conn(0x7fbae0077c40 0x7fbae0112f50 secure :-1 s=READY pgs=46 cs=0 l=1 rev1=1 crypto rx=0x7fbadc011800 tx=0x7fbadc009250 comp rx=0 tx=0).stop
2023-06-23T01:01:42.601 INFO:teuthology.orchestra.run.smithi046.stdout:/usr/bin/ceph: stderr
2023-06-23T01:01:42.138+0000 7fbae837f700 1 -- 172.21.15.46:0/1554715433 shutdown_connections
2023-06-23T01:01:42.601 INFO:teuthology.orchestra.run.smithi046.stdout:/usr/bin/ceph: stderr
2023-06-23T01:01:42.138+0000 7fbae837f700 1 --2- 172.21.15.46:0/1554715433 >> [v2:172.21.15.46:6800/2331157358,v1:172.21.15.46:6801/2331157358] conn(0x7fbacc0365c0 0x7fbacc038a70 unknown :-1 s=CLOSED pgs=11 cs=0 l=1 rev1=1 crypto rx=0 tx=0 comp rx=0 tx=0).stop
2023-06-23T01:01:42.601 INFO:teuthology.orchestra.run.smithi046.stdout:/usr/bin/ceph: stderr
2023-06-23T01:01:42.138+0000 7fbae837f700 1 --2- 172.21.15.46:0/1554715433 >> [v2:172.21.15.46:3300/0,v1:172.21.15.46:6789/0] conn(0x7fbae0077c40 0x7fbae0112f50 unknown :-1 s=CLOSED pgs=46 cs=0 l=1 rev1=1 crypto rx=0 tx=0 comp rx=0 tx=0).stop
2023-06-23T01:01:42.602 INFO:teuthology.orchestra.run.smithi046.stdout:/usr/bin/ceph: stderr
2023-06-23T01:01:42.138+0000 7fbae837f700 1 -- 172.21.15.46:0/1554715433 >> 172.21.15.46:0/1554715433 conn(0x7fbae00fd900 msgr2=0x7fbae00fe570 unknown :-1 s=STATE_NONE l=0).mark_down
2023-06-23T01:01:42.602 INFO:teuthology.orchestra.run.smithi046.stdout:/usr/bin/ceph: stderr
2023-06-23T01:01:42.138+0000 7fbae837f700 1 -- 172.21.15.46:0/1554715433 shutdown_connections
2023-06-23T01:01:42.602 INFO:teuthology.orchestra.run.smithi046.stdout:/usr/bin/ceph: stderr
2023-06-23T01:01:42.138+0000 7fbae837f700 1 -- 172.21.15.46:0/1554715433 wait complete.
2023-06-23T01:01:42.602 INFO:teuthology.orchestra.run.smithi046.stdout:Deploying unmanaged mon service...
2023-06-23T01:01:43.539 INFO:journalctl@ceph.mon.a.smithi046.stdout:Jun 23 01:01:43 smithi046 ceph-mon[84949]: from='mgr.14120 172.21.15.46:0/2933215491' entity='mgr.x'
2023-06-23T01:01:43.540 INFO:journalctl@ceph.mon.a.smithi046.stdout:Jun 23 01:01:43 smithi046 ceph-mon[84949]: Added host smithi046
2023-06-23T01:01:43.540 INFO:journalctl@ceph.mon.a.smithi046.stdout:Jun 23 01:01:43 smithi046 ceph-mon[84949]: from='mgr.14120 172.21.15.46:0/2933215491' entity='mgr.x' cmd=[{"prefix": "config dump", "format": "json"}]: dispatch
2023-06-23T01:01:44.037 INFO:teuthology.orchestra.run.smithi046.stdout:/usr/bin/ceph: stdout Scheduled mon update...
2023-06-23T01:01:44.037 INFO:teuthology.orchestra.run.smithi046.stdout:/usr/bin/ceph: stderr
2023-06-23T01:01:43.094+0000 7fe2976ff700 1 Processor -- start
2023-06-23T01:01:44.037 INFO:teuthology.orchestra.run.smithi046.stdout:/usr/bin/ceph: stderr
2023-06-23T01:01:43.094+0000 7fe2976ff700 1 -- start start
2023-06-23T01:01:44.037 INFO:teuthology.orchestra.run.smithi046.stdout:/usr/bin/ceph: stderr
2023-06-23T01:01:43.094+0000 7fe2976ff700 1 --2- >> [v2:172.21.15.46:3300/0,v1:172.21.15.46:6789/0] conn(0x7fe290101020 0x7fe290101430 unknown :-1 s=NONE pgs=0 cs=0 l=0 rev1=0 crypto rx=0 tx=0 comp rx=0 tx=0).connect
2023-06-23T01:01:44.037 INFO:teuthology.orchestra.run.smithi046.stdout:/usr/bin/ceph: stderr
2023-06-23T01:01:43.094+0000 7fe2976ff700 1 -- --> [v2:172.21.15.46:3300/0,v1:172.21.15.46:6789/0] -- mon_getmap magic: 0 v1 -- 0x7fe290101970 con 0x7fe290101020
2023-06-23T01:01:44.037 INFO:teuthology.orchestra.run.smithi046.stdout:/usr/bin/ceph: stderr
2023-06-23T01:01:43.095+0000 7fe29549b700 1 --2- >> [v2:172.21.15.46:3300/0,v1:172.21.15.46:6789/0] conn(0x7fe290101020 0x7fe290101430 unknown :-1 s=BANNER_CONNECTING pgs=0 cs=0 l=0 rev1=0 crypto rx=0 tx=0 comp rx=0 tx=0)._handle_peer_banner_payload supported=3 required=0
2023-06-23T01:01:44.038 INFO:teuthology.orchestra.run.smithi046.stdout:/usr/bin/ceph: stderr
2023-06-23T01:01:43.095+0000 7fe29549b700 1 --2- >> [v2:172.21.15.46:3300/0,v1:172.21.15.46:6789/0] conn(0x7fe290101020 0x7fe290101430 unknown :-1 s=HELLO_CONNECTING pgs=0 cs=0 l=0 rev1=1 crypto rx=0 tx=0 comp rx=0 tx=0).handle_hello peer v2:172.21.15.46:3300/0 says I am v2:172.21.15.46:41350/0 (socket says 172.21.15.46:41350)
2023-06-23T01:01:44.038 INFO:teuthology.orchestra.run.smithi046.stdout:/usr/bin/ceph: stderr
2023-06-23T01:01:43.095+0000 7fe29549b700 1 -- 172.21.15.46:0/3590556095 learned_addr learned my addr 172.21.15.46:0/3590556095 (peer_addr_for_me v2:172.21.15.46:0/0)
2023-06-23T01:01:44.038 INFO:teuthology.orchestra.run.smithi046.stdout:/usr/bin/ceph: stderr
2023-06-23T01:01:43.095+0000 7fe29549b700 1 -- 172.21.15.46:0/3590556095 --> [v2:172.21.15.46:3300/0,v1:172.21.15.46:6789/0] -- mon_subscribe({config=0+,monmap=0+}) v3 -- 0x7fe290101ab0 con 0x7fe290101020
2023-06-23T01:01:44.038 INFO:teuthology.orchestra.run.smithi046.stdout:/usr/bin/ceph: stderr
2023-06-23T01:01:43.095+0000 7fe29549b700 1 --2- 172.21.15.46:0/3590556095 >> [v2:172.21.15.46:3300/0,v1:172.21.15.46:6789/0] conn(0x7fe290101020 0x7fe290101430 secure :-1 s=READY pgs=47 cs=0 l=1 rev1=1 crypto rx=0x7fe288009e50 tx=0x7fe288009840 comp rx=0 tx=0).ready entity=mon.0 client_cookie=ead4c571c28dea52 server_cookie=0 in_seq=0 out_seq=0
2023-06-23T01:01:44.038 INFO:teuthology.orchestra.run.smithi046.stdout:/usr/bin/ceph: stderr
2023-06-23T01:01:43.095+0000 7fe28ffff700 1 -- 172.21.15.46:0/3590556095 <== mon.0 v2:172.21.15.46:3300/0 1 ==== mon_map magic: 0 v1 ==== 205+0+0 (secure 0 0 0) 0x7fe28800e070 con 0x7fe290101020
2023-06-23T01:01:44.038 INFO:teuthology.orchestra.run.smithi046.stdout:/usr/bin/ceph: stderr
2023-06-23T01:01:43.095+0000 7fe28ffff700 1 -- 172.21.15.46:0/3590556095 <== mon.0 v2:172.21.15.46:3300/0 2 ==== config(25 keys) v1 ==== 1036+0+0 (secure 0 0 0) 0x7fe288012430 con 0x7fe290101020
2023-06-23T01:01:44.038 INFO:teuthology.orchestra.run.smithi046.stdout:/usr/bin/ceph: stderr
2023-06-23T01:01:43.095+0000 7fe28ffff700 1 -- 172.21.15.46:0/3590556095 <== mon.0 v2:172.21.15.46:3300/0 3 ==== mon_map magic: 0 v1 ==== 205+0+0 (secure 0 0 0) 0x7fe28800bea0 con 0x7fe290101020
2023-06-23T01:01:44.039 INFO:teuthology.orchestra.run.smithi046.stdout:/usr/bin/ceph: stderr
2023-06-23T01:01:43.096+0000 7fe2976ff700 1 -- 172.21.15.46:0/3590556095 >> [v2:172.21.15.46:3300/0,v1:172.21.15.46:6789/0] conn(0x7fe290101020 msgr2=0x7fe290101430 secure :-1 s=STATE_CONNECTION_ESTABLISHED l=1).mark_down
2023-06-23T01:01:44.039 INFO:teuthology.orchestra.run.smithi046.stdout:/usr/bin/ceph: stderr
2023-06-23T01:01:43.096+0000 7fe2976ff700 1 --2- 172.21.15.46:0/3590556095 >> [v2:172.21.15.46:3300/0,v1:172.21.15.46:6789/0] conn(0x7fe290101020 0x7fe290101430 secure :-1 s=READY pgs=47 cs=0 l=1 rev1=1 crypto rx=0x7fe288009e50 tx=0x7fe288009840 comp rx=0 tx=0).stop
2023-06-23T01:01:44.039 INFO:teuthology.orchestra.run.smithi046.stdout:/usr/bin/ceph: stderr
2023-06-23T01:01:43.096+0000 7fe2976ff700 1 -- 172.21.15.46:0/3590556095 shutdown_connections
2023-06-23T01:01:44.039 INFO:teuthology.orchestra.run.smithi046.stdout:/usr/bin/ceph: stderr
2023-06-23T01:01:43.096+0000 7fe2976ff700 1 --2- 172.21.15.46:0/3590556095 >> [v2:172.21.15.46:3300/0,v1:172.21.15.46:6789/0] conn(0x7fe290101020 0x7fe290101430 unknown :-1 s=CLOSED pgs=47 cs=0 l=1 rev1=1 crypto rx=0 tx=0 comp rx=0 tx=0).stop
2023-06-23T01:01:44.039 INFO:teuthology.orchestra.run.smithi046.stdout:/usr/bin/ceph: stderr
2023-06-23T01:01:43.096+0000 7fe2976ff700 1 -- 172.21.15.46:0/3590556095 >> 172.21.15.46:0/3590556095 conn(0x7fe2900fc7e0 msgr2=0x7fe2900febf0 unknown :-1 s=STATE_NONE l=0).mark_down
2023-06-23T01:01:44.039 INFO:teuthology.orchestra.run.smithi046.stdout:/usr/bin/ceph: stderr
2023-06-23T01:01:43.096+0000 7fe2976ff700 1 -- 172.21.15.46:0/3590556095 shutdown_connections
2023-06-23T01:01:44.039 INFO:teuthology.orchestra.run.smithi046.stdout:/usr/bin/ceph: stderr
2023-06-23T01:01:43.096+0000 7fe2976ff700 1 -- 172.21.15.46:0/3590556095 wait complete.
2023-06-23T01:01:44.040 INFO:teuthology.orchestra.run.smithi046.stdout:/usr/bin/ceph: stderr
2023-06-23T01:01:43.096+0000 7fe2976ff700 1 Processor -- start
2023-06-23T01:01:44.040 INFO:teuthology.orchestra.run.smithi046.stdout:/usr/bin/ceph: stderr
2023-06-23T01:01:43.096+0000 7fe2976ff700 1 -- start start
2023-06-23T01:01:44.040 INFO:teuthology.orchestra.run.smithi046.stdout:/usr/bin/ceph: stderr
2023-06-23T01:01:43.097+0000 7fe2976ff700 1 --2- >> [v2:172.21.15.46:3300/0,v1:172.21.15.46:6789/0] conn(0x7fe290101020 0x7fe29010fd80 unknown :-1 s=NONE pgs=0 cs=0 l=1 rev1=0 crypto rx=0 tx=0 comp rx=0 tx=0).connect
2023-06-23T01:01:44.040 INFO:teuthology.orchestra.run.smithi046.stdout:/usr/bin/ceph: stderr
2023-06-23T01:01:43.097+0000 7fe2976ff700 1 -- --> [v2:172.21.15.46:3300/0,v1:172.21.15.46:6789/0] -- mon_getmap magic: 0 v1 -- 0x7fe2901102c0 con 0x7fe290101020
2023-06-23T01:01:44.040 INFO:teuthology.orchestra.run.smithi046.stdout:/usr/bin/ceph: stderr
2023-06-23T01:01:43.097+0000 7fe29549b700 1 --2- >> [v2:172.21.15.46:3300/0,v1:172.21.15.46:6789/0] conn(0x7fe290101020 0x7fe29010fd80 unknown :-1 s=BANNER_CONNECTING pgs=0 cs=0 l=1 rev1=0 crypto rx=0 tx=0 comp rx=0 tx=0)._handle_peer_banner_payload supported=3 required=0
2023-06-23T01:01:44.040 INFO:teuthology.orchestra.run.smithi046.stdout:/usr/bin/ceph: stderr
2023-06-23T01:01:43.097+0000 7fe29549b700 1 --2- >> [v2:172.21.15.46:3300/0,v1:172.21.15.46:6789/0] conn(0x7fe290101020 0x7fe29010fd80 unknown :-1 s=HELLO_CONNECTING pgs=0 cs=0 l=1 rev1=1 crypto rx=0 tx=0 comp rx=0 tx=0).handle_hello peer v2:172.21.15.46:3300/0 says I am v2:172.21.15.46:41354/0 (socket says 172.21.15.46:41354)
2023-06-23T01:01:44.041 INFO:teuthology.orchestra.run.smithi046.stdout:/usr/bin/ceph: stderr
2023-06-23T01:01:43.097+0000 7fe29549b700 1 -- 172.21.15.46:0/1621348807 learned_addr learned my addr 172.21.15.46:0/1621348807 (peer_addr_for_me v2:172.21.15.46:0/0)
2023-06-23T01:01:44.041 INFO:teuthology.orchestra.run.smithi046.stdout:/usr/bin/ceph: stderr
2023-06-23T01:01:43.097+0000 7fe29549b700 1 -- 172.21.15.46:0/1621348807 --> [v2:172.21.15.46:3300/0,v1:172.21.15.46:6789/0] -- mon_subscribe({config=0+,monmap=0+}) v3 -- 0x7fe288009ae0 con 0x7fe290101020
2023-06-23T01:01:44.041 INFO:teuthology.orchestra.run.smithi046.stdout:/usr/bin/ceph: stderr
2023-06-23T01:01:43.097+0000 7fe29549b700 1 --2- 172.21.15.46:0/1621348807 >> [v2:172.21.15.46:3300/0,v1:172.21.15.46:6789/0] conn(0x7fe290101020 0x7fe29010fd80 secure :-1 s=READY pgs=48 cs=0 l=1 rev1=1 crypto rx=0x7fe288013fd0 tx=0x7fe288009840 comp rx=0 tx=0).ready entity=mon.0 client_cookie=0 server_cookie=0 in_seq=0 out_seq=0
2023-06-23T01:01:44.041 INFO:teuthology.orchestra.run.smithi046.stdout:/usr/bin/ceph: stderr
2023-06-23T01:01:43.097+0000 7fe28dffb700 1 -- 172.21.15.46:0/1621348807 <== mon.0 v2:172.21.15.46:3300/0 1 ==== mon_map magic: 0 v1 ==== 205+0+0 (secure 0 0 0) 0x7fe28800e040 con 0x7fe290101020
2023-06-23T01:01:44.041 INFO:teuthology.orchestra.run.smithi046.stdout:/usr/bin/ceph: stderr
2023-06-23T01:01:43.097+0000 7fe2976ff700 1 -- 172.21.15.46:0/1621348807 --> [v2:172.21.15.46:3300/0,v1:172.21.15.46:6789/0] -- mon_subscribe({mgrmap=0+}) v3 -- 0x7fe2901104c0 con 0x7fe290101020
2023-06-23T01:01:44.041 INFO:teuthology.orchestra.run.smithi046.stdout:/usr/bin/ceph: stderr
2023-06-23T01:01:43.097+0000 7fe28dffb700 1 -- 172.21.15.46:0/1621348807 <== mon.0 v2:172.21.15.46:3300/0 2 ==== config(25 keys) v1 ==== 1036+0+0 (secure 0 0 0) 0x7fe2880092e0 con 0x7fe290101020
2023-06-23T01:01:44.041 INFO:teuthology.orchestra.run.smithi046.stdout:/usr/bin/ceph: stderr
2023-06-23T01:01:43.097+0000 7fe28dffb700 1 -- 172.21.15.46:0/1621348807 <== mon.0 v2:172.21.15.46:3300/0 3 ==== mon_map magic: 0 v1 ==== 205+0+0 (secure 0 0 0) 0x7fe28801c6b0 con 0x7fe290101020
2023-06-23T01:01:44.042 INFO:teuthology.orchestra.run.smithi046.stdout:/usr/bin/ceph: stderr
2023-06-23T01:01:43.098+0000 7fe2976ff700 1 -- 172.21.15.46:0/1621348807 --> [v2:172.21.15.46:3300/0,v1:172.21.15.46:6789/0] -- mon_subscribe({osdmap=0}) v3 -- 0x7fe290111080 con 0x7fe290101020
2023-06-23T01:01:44.042 INFO:teuthology.orchestra.run.smithi046.stdout:/usr/bin/ceph: stderr
2023-06-23T01:01:43.098+0000 7fe28dffb700 1 -- 172.21.15.46:0/1621348807 <== mon.0 v2:172.21.15.46:3300/0 4 ==== mgrmap(e 8) v1 ==== 43219+0+0 (secure 0 0 0) 0x7fe28801e660 con 0x7fe290101020
2023-06-23T01:01:44.042 INFO:teuthology.orchestra.run.smithi046.stdout:/usr/bin/ceph: stderr
2023-06-23T01:01:43.099+0000 7fe2976ff700 1 -- 172.21.15.46:0/1621348807 --> [v2:172.21.15.46:3300/0,v1:172.21.15.46:6789/0] -- mon_command({"prefix": "get_command_descriptions"} v 0) v1 -- 0x7fe29005f060 con 0x7fe290101020
2023-06-23T01:01:44.042 INFO:teuthology.orchestra.run.smithi046.stdout:/usr/bin/ceph: stderr
2023-06-23T01:01:43.099+0000 7fe28dffb700 1 --2- 172.21.15.46:0/1621348807 >> [v2:172.21.15.46:6800/2331157358,v1:172.21.15.46:6801/2331157358] conn(0x7fe278036560 0x7fe278038a10 unknown :-1 s=NONE pgs=0 cs=0 l=1 rev1=0 crypto rx=0 tx=0 comp rx=0 tx=0).connect
2023-06-23T01:01:44.042 INFO:teuthology.orchestra.run.smithi046.stdout:/usr/bin/ceph: stderr
2023-06-23T01:01:43.099+0000 7fe28dffb700 1 -- 172.21.15.46:0/1621348807 <== mon.0 v2:172.21.15.46:3300/0 5 ==== osd_map(2..2 src has 1..2) v4 ==== 936+0+0 (secure 0 0 0) 0x7fe28804a1e0 con 0x7fe290101020
2023-06-23T01:01:44.042 INFO:teuthology.orchestra.run.smithi046.stdout:/usr/bin/ceph: stderr
2023-06-23T01:01:43.099+0000 7fe294c9a700 1 --2- 172.21.15.46:0/1621348807 >> [v2:172.21.15.46:6800/2331157358,v1:172.21.15.46:6801/2331157358] conn(0x7fe278036560 0x7fe278038a10 unknown :-1 s=BANNER_CONNECTING pgs=0 cs=0 l=1 rev1=0 crypto rx=0 tx=0 comp rx=0 tx=0)._handle_peer_banner_payload supported=3 required=0
2023-06-23T01:01:44.042 INFO:teuthology.orchestra.run.smithi046.stdout:/usr/bin/ceph: stderr
2023-06-23T01:01:43.099+0000 7fe294c9a700 1 --2- 172.21.15.46:0/1621348807 >> [v2:172.21.15.46:6800/2331157358,v1:172.21.15.46:6801/2331157358] conn(0x7fe278036560 0x7fe278038a10 secure :-1 s=READY pgs=12 cs=0 l=1 rev1=1 crypto rx=0x7fe284009990 tx=0x7fe284006e40 comp rx=0 tx=0).ready entity=mgr.14120 client_cookie=0 server_cookie=0 in_seq=0 out_seq=0
2023-06-23T01:01:44.043 INFO:teuthology.orchestra.run.smithi046.stdout:/usr/bin/ceph: stderr
2023-06-23T01:01:43.104+0000 7fe28dffb700 1 -- 172.21.15.46:0/1621348807 <== mon.0 v2:172.21.15.46:3300/0 6 ==== mon_command_ack([{"prefix": "get_command_descriptions"}]=0 v0) v1 ==== 72+0+174561 (secure 0 0 0) 0x7fe288007500 con 0x7fe290101020
2023-06-23T01:01:44.043 INFO:teuthology.orchestra.run.smithi046.stdout:/usr/bin/ceph: stderr
2023-06-23T01:01:43.315+0000 7fe2976ff700 1 -- 172.21.15.46:0/1621348807 --> [v2:172.21.15.46:6800/2331157358,v1:172.21.15.46:6801/2331157358] -- mgr_command(tid 0: {"prefix": "orch apply", "service_type": "mon", "unmanaged": true, "target": ["mon-mgr", ""]}) v1 -- 0x7fe2900fdbe0 con 0x7fe278036560
2023-06-23T01:01:44.043 INFO:teuthology.orchestra.run.smithi046.stdout:/usr/bin/ceph: stderr
2023-06-23T01:01:43.319+0000 7fe28dffb700 1 -- 172.21.15.46:0/1621348807 <== mgr.14120 v2:172.21.15.46:6800/2331157358 1 ==== mgr_command_reply(tid 0: 0 ) v1 ==== 8+0+24 (secure 0 0 0) 0x7fe2900fdbe0 con 0x7fe278036560
2023-06-23T01:01:44.043 INFO:teuthology.orchestra.run.smithi046.stdout:/usr/bin/ceph: stderr
2023-06-23T01:01:43.321+0000 7fe2976ff700 1 -- 172.21.15.46:0/1621348807 >> [v2:172.21.15.46:6800/2331157358,v1:172.21.15.46:6801/2331157358] conn(0x7fe278036560 msgr2=0x7fe278038a10 secure :-1 s=STATE_CONNECTION_ESTABLISHED l=1).mark_down
2023-06-23T01:01:44.043 INFO:teuthology.orchestra.run.smithi046.stdout:/usr/bin/ceph: stderr
2023-06-23T01:01:43.321+0000 7fe2976ff700 1 --2- 172.21.15.46:0/1621348807 >> [v2:172.21.15.46:6800/2331157358,v1:172.21.15.46:6801/2331157358] conn(0x7fe278036560 0x7fe278038a10 secure :-1 s=READY pgs=12 cs=0 l=1 rev1=1 crypto rx=0x7fe284009990 tx=0x7fe284006e40 comp rx=0 tx=0).stop
2023-06-23T01:01:44.043 INFO:teuthology.orchestra.run.smithi046.stdout:/usr/bin/ceph: stderr
2023-06-23T01:01:43.321+0000 7fe2976ff700 1 -- 172.21.15.46:0/1621348807 >> [v2:172.21.15.46:3300/0,v1:172.21.15.46:6789/0] conn(0x7fe290101020 msgr2=0x7fe29010fd80 secure :-1 s=STATE_CONNECTION_ESTABLISHED l=1).mark_down
2023-06-23T01:01:44.043 INFO:teuthology.orchestra.run.smithi046.stdout:/usr/bin/ceph: stderr
2023-06-23T01:01:43.321+0000 7fe2976ff700 1 --2- 172.21.15.46:0/1621348807 >> [v2:172.21.15.46:3300/0,v1:172.21.15.46:6789/0] conn(0x7fe290101020 0x7fe29010fd80 secure :-1 s=READY pgs=48 cs=0 l=1 rev1=1 crypto rx=0x7fe288013fd0 tx=0x7fe288009840 comp rx=0 tx=0).stop
2023-06-23T01:01:44.043 INFO:teuthology.orchestra.run.smithi046.stdout:/usr/bin/ceph: stderr
2023-06-23T01:01:43.321+0000 7fe2976ff700 1 -- 172.21.15.46:0/1621348807 shutdown_connections
2023-06-23T01:01:44.044 INFO:teuthology.orchestra.run.smithi046.stdout:/usr/bin/ceph: stderr
2023-06-23T01:01:43.321+0000 7fe2976ff700 1 --2- 172.21.15.46:0/1621348807 >> [v2:172.21.15.46:6800/2331157358,v1:172.21.15.46:6801/2331157358] conn(0x7fe278036560 0x7fe278038a10 unknown :-1 s=CLOSED pgs=12 cs=0 l=1 rev1=1 crypto rx=0 tx=0 comp rx=0 tx=0).stop
2023-06-23T01:01:44.044 INFO:teuthology.orchestra.run.smithi046.stdout:/usr/bin/ceph: stderr
2023-06-23T01:01:43.321+0000 7fe2976ff700 1 --2- 172.21.15.46:0/1621348807 >> [v2:172.21.15.46:3300/0,v1:172.21.15.46:6789/0] conn(0x7fe290101020 0x7fe29010fd80 unknown :-1 s=CLOSED pgs=48 cs=0 l=1 rev1=1 crypto rx=0 tx=0 comp rx=0 tx=0).stop
2023-06-23T01:01:44.044 INFO:teuthology.orchestra.run.smithi046.stdout:/usr/bin/ceph: stderr
2023-06-23T01:01:43.321+0000 7fe2976ff700 1 -- 172.21.15.46:0/1621348807 >> 172.21.15.46:0/1621348807 conn(0x7fe2900fc7e0 msgr2=0x7fe2900fd4d0 unknown :-1 s=STATE_NONE l=0).mark_down
2023-06-23T01:01:44.044 INFO:teuthology.orchestra.run.smithi046.stdout:/usr/bin/ceph: stderr
2023-06-23T01:01:43.322+0000 7fe2976ff700 1 -- 172.21.15.46:0/1621348807 shutdown_connections
2023-06-23T01:01:44.044 INFO:teuthology.orchestra.run.smithi046.stdout:/usr/bin/ceph: stderr
2023-06-23T01:01:43.322+0000 7fe2976ff700 1 -- 172.21.15.46:0/1621348807 wait complete.
2023-06-23T01:01:44.044 INFO:teuthology.orchestra.run.smithi046.stdout:Deploying unmanaged mgr service...
2023-06-23T01:01:44.568 INFO:journalctl@ceph.mon.a.smithi046.stdout:Jun 23 01:01:44 smithi046 ceph-mon[84949]: from='client.14142 -' entity='client.admin' cmd=[{"prefix": "orch apply", "service_type": "mon", "unmanaged": true, "target": ["mon-mgr", ""]}]: dispatch
2023-06-23T01:01:44.568 INFO:journalctl@ceph.mon.a.smithi046.stdout:Jun 23 01:01:44 smithi046 ceph-mon[84949]: Saving service mon spec with placement count:5
2023-06-23T01:01:44.568 INFO:journalctl@ceph.mon.a.smithi046.stdout:Jun 23 01:01:44 smithi046 ceph-mon[84949]: from='mgr.14120 172.21.15.46:0/2933215491' entity='mgr.x'
2023-06-23T01:01:45.175 INFO:teuthology.orchestra.run.smithi046.stdout:/usr/bin/ceph: stdout Scheduled mgr update...
2023-06-23T01:01:45.176 INFO:teuthology.orchestra.run.smithi046.stdout:/usr/bin/ceph: stderr
2023-06-23T01:01:44.539+0000 7fa69938c700 1 Processor -- start
2023-06-23T01:01:45.176 INFO:teuthology.orchestra.run.smithi046.stdout:/usr/bin/ceph: stderr
2023-06-23T01:01:44.539+0000 7fa69938c700 1 -- start start
2023-06-23T01:01:45.176 INFO:teuthology.orchestra.run.smithi046.stdout:/usr/bin/ceph: stderr
2023-06-23T01:01:44.539+0000 7fa69938c700 1 --2- >> [v2:172.21.15.46:3300/0,v1:172.21.15.46:6789/0] conn(0x7fa694070e00 0x7fa694107130 unknown :-1 s=NONE pgs=0 cs=0 l=0 rev1=0 crypto rx=0 tx=0 comp rx=0 tx=0).connect
2023-06-23T01:01:45.176 INFO:teuthology.orchestra.run.smithi046.stdout:/usr/bin/ceph: stderr
2023-06-23T01:01:44.539+0000 7fa69938c700 1 -- --> [v2:172.21.15.46:3300/0,v1:172.21.15.46:6789/0] -- mon_getmap magic: 0 v1 -- 0x7fa694102b20 con 0x7fa694070e00
2023-06-23T01:01:45.176 INFO:teuthology.orchestra.run.smithi046.stdout:/usr/bin/ceph: stderr
2023-06-23T01:01:44.539+0000 7fa692ffd700 1 --2- >> [v2:172.21.15.46:3300/0,v1:172.21.15.46:6789/0] conn(0x7fa694070e00 0x7fa694107130 unknown :-1 s=BANNER_CONNECTING pgs=0 cs=0 l=0 rev1=0 crypto rx=0 tx=0 comp rx=0 tx=0)._handle_peer_banner_payload supported=3 required=0
2023-06-23T01:01:45.177 INFO:teuthology.orchestra.run.smithi046.stdout:/usr/bin/ceph: stderr
2023-06-23T01:01:44.539+0000 7fa692ffd700 1 --2- >> [v2:172.21.15.46:3300/0,v1:172.21.15.46:6789/0] conn(0x7fa694070e00 0x7fa694107130 unknown :-1 s=HELLO_CONNECTING pgs=0 cs=0 l=0 rev1=1 crypto rx=0 tx=0 comp rx=0 tx=0).handle_hello peer v2:172.21.15.46:3300/0 says I am v2:172.21.15.46:47630/0 (socket says 172.21.15.46:47630)
2023-06-23T01:01:45.177 INFO:teuthology.orchestra.run.smithi046.stdout:/usr/bin/ceph: stderr
2023-06-23T01:01:44.539+0000 7fa692ffd700 1 -- 172.21.15.46:0/2577941855 learned_addr learned my addr 172.21.15.46:0/2577941855 (peer_addr_for_me v2:172.21.15.46:0/0)
2023-06-23T01:01:45.177 INFO:teuthology.orchestra.run.smithi046.stdout:/usr/bin/ceph: stderr
2023-06-23T01:01:44.540+0000 7fa692ffd700 1 -- 172.21.15.46:0/2577941855 --> [v2:172.21.15.46:3300/0,v1:172.21.15.46:6789/0] -- mon_subscribe({config=0+,monmap=0+}) v3 -- 0x7fa694107670 con 0x7fa694070e00
2023-06-23T01:01:45.177 INFO:teuthology.orchestra.run.smithi046.stdout:/usr/bin/ceph: stderr
2023-06-23T01:01:44.540+0000 7fa692ffd700 1 --2- 172.21.15.46:0/2577941855 >> [v2:172.21.15.46:3300/0,v1:172.21.15.46:6789/0] conn(0x7fa694070e00 0x7fa694107130 secure :-1 s=READY pgs=49 cs=0 l=1 rev1=1 crypto rx=0x7fa6840098e0 tx=0x7fa684009250 comp rx=0 tx=0).ready entity=mon.0 client_cookie=a037b2bd5093132a server_cookie=0 in_seq=0 out_seq=0
2023-06-23T01:01:45.177 INFO:teuthology.orchestra.run.smithi046.stdout:/usr/bin/ceph: stderr
2023-06-23T01:01:44.540+0000 7fa691ffb700 1 -- 172.21.15.46:0/2577941855 <== mon.0 v2:172.21.15.46:3300/0 1 ==== mon_map magic: 0 v1 ==== 205+0+0 (secure 0 0 0) 0x7fa684009e80 con 0x7fa694070e00
2023-06-23T01:01:45.177 INFO:teuthology.orchestra.run.smithi046.stdout:/usr/bin/ceph: stderr
2023-06-23T01:01:44.540+0000 7fa691ffb700 1 -- 172.21.15.46:0/2577941855 <== mon.0 v2:172.21.15.46:3300/0 2 ==== config(25 keys) v1 ==== 1036+0+0 (secure 0 0 0) 0x7fa68400bce0 con 0x7fa694070e00
2023-06-23T01:01:45.177 INFO:teuthology.orchestra.run.smithi046.stdout:/usr/bin/ceph: stderr
2023-06-23T01:01:44.540+0000 7fa691ffb700 1 -- 172.21.15.46:0/2577941855 <== mon.0 v2:172.21.15.46:3300/0 3 ==== mon_map magic: 0 v1 ==== 205+0+0 (secure 0 0 0) 0x7fa684011c70 con 0x7fa694070e00
2023-06-23T01:01:45.177 INFO:teuthology.orchestra.run.smithi046.stdout:/usr/bin/ceph: stderr
2023-06-23T01:01:44.541+0000 7fa69938c700 1 -- 172.21.15.46:0/2577941855 >> [v2:172.21.15.46:3300/0,v1:172.21.15.46:6789/0] conn(0x7fa694070e00 msgr2=0x7fa694107130 secure :-1 s=STATE_CONNECTION_ESTABLISHED l=1).mark_down
2023-06-23T01:01:45.178 INFO:teuthology.orchestra.run.smithi046.stdout:/usr/bin/ceph: stderr
2023-06-23T01:01:44.541+0000 7fa69938c700 1 --2- 172.21.15.46:0/2577941855 >> [v2:172.21.15.46:3300/0,v1:172.21.15.46:6789/0] conn(0x7fa694070e00 0x7fa694107130 secure :-1 s=READY pgs=49 cs=0 l=1 rev1=1 crypto rx=0x7fa6840098e0 tx=0x7fa684009250 comp rx=0 tx=0).stop
2023-06-23T01:01:45.178 INFO:teuthology.orchestra.run.smithi046.stdout:/usr/bin/ceph: stderr
2023-06-23T01:01:44.541+0000 7fa69938c700 1 -- 172.21.15.46:0/2577941855 shutdown_connections
2023-06-23T01:01:45.178 INFO:teuthology.orchestra.run.smithi046.stdout:/usr/bin/ceph: stderr
2023-06-23T01:01:44.541+0000 7fa69938c700 1 --2- 172.21.15.46:0/2577941855 >> [v2:172.21.15.46:3300/0,v1:172.21.15.46:6789/0] conn(0x7fa694070e00 0x7fa694107130 unknown :-1 s=CLOSED pgs=49 cs=0 l=1 rev1=1 crypto rx=0 tx=0 comp rx=0 tx=0).stop
2023-06-23T01:01:45.178 INFO:teuthology.orchestra.run.smithi046.stdout:/usr/bin/ceph: stderr
2023-06-23T01:01:44.541+0000 7fa69938c700 1 -- 172.21.15.46:0/2577941855 >> 172.21.15.46:0/2577941855 conn(0x7fa6940fc7e0 msgr2=0x7fa6940febf0 unknown :-1 s=STATE_NONE l=0).mark_down
2023-06-23T01:01:45.178 INFO:teuthology.orchestra.run.smithi046.stdout:/usr/bin/ceph: stderr
2023-06-23T01:01:44.541+0000 7fa69938c700 1 -- 172.21.15.46:0/2577941855 shutdown_connections
2023-06-23T01:01:45.178 INFO:teuthology.orchestra.run.smithi046.stdout:/usr/bin/ceph: stderr
2023-06-23T01:01:44.541+0000 7fa69938c700 1 -- 172.21.15.46:0/2577941855 wait complete.
2023-06-23T01:01:45.178 INFO:teuthology.orchestra.run.smithi046.stdout:/usr/bin/ceph: stderr
2023-06-23T01:01:44.541+0000 7fa69938c700 1 Processor -- start
2023-06-23T01:01:45.179 INFO:teuthology.orchestra.run.smithi046.stdout:/usr/bin/ceph: stderr
2023-06-23T01:01:44.541+0000 7fa69938c700 1 -- start start
2023-06-23T01:01:45.179 INFO:teuthology.orchestra.run.smithi046.stdout:/usr/bin/ceph: stderr
2023-06-23T01:01:44.542+0000 7fa69938c700 1 --2- >> [v2:172.21.15.46:3300/0,v1:172.21.15.46:6789/0] conn(0x7fa694070e00 0x7fa694112f40 unknown :-1 s=NONE pgs=0 cs=0 l=1 rev1=0 crypto rx=0 tx=0 comp rx=0 tx=0).connect
2023-06-23T01:01:45.179 INFO:teuthology.orchestra.run.smithi046.stdout:/usr/bin/ceph: stderr
2023-06-23T01:01:44.542+0000 7fa69938c700 1 -- --> [v2:172.21.15.46:3300/0,v1:172.21.15.46:6789/0] -- mon_getmap magic: 0 v1 -- 0x7fa694113480 con 0x7fa694070e00
2023-06-23T01:01:45.179 INFO:teuthology.orchestra.run.smithi046.stdout:/usr/bin/ceph: stderr
2023-06-23T01:01:44.542+0000 7fa692ffd700 1 --2- >> [v2:172.21.15.46:3300/0,v1:172.21.15.46:6789/0] conn(0x7fa694070e00 0x7fa694112f40 unknown :-1 s=BANNER_CONNECTING pgs=0 cs=0 l=1 rev1=0 crypto rx=0 tx=0 comp rx=0 tx=0)._handle_peer_banner_payload supported=3 required=0
2023-06-23T01:01:45.179 INFO:teuthology.orchestra.run.smithi046.stdout:/usr/bin/ceph: stderr
2023-06-23T01:01:44.542+0000 7fa692ffd700 1 --2- >> [v2:172.21.15.46:3300/0,v1:172.21.15.46:6789/0] conn(0x7fa694070e00 0x7fa694112f40 unknown :-1 s=HELLO_CONNECTING pgs=0 cs=0 l=1 rev1=1 crypto rx=0 tx=0 comp rx=0 tx=0).handle_hello peer v2:172.21.15.46:3300/0 says I am v2:172.21.15.46:47636/0 (socket says 172.21.15.46:47636)
2023-06-23T01:01:45.179 INFO:teuthology.orchestra.run.smithi046.stdout:/usr/bin/ceph: stderr
2023-06-23T01:01:44.542+0000 7fa692ffd700 1 -- 172.21.15.46:0/3560741298 learned_addr learned my addr 172.21.15.46:0/3560741298 (peer_addr_for_me v2:172.21.15.46:0/0)
2023-06-23T01:01:45.179 INFO:teuthology.orchestra.run.smithi046.stdout:/usr/bin/ceph: stderr
2023-06-23T01:01:44.542+0000 7fa692ffd700 1 -- 172.21.15.46:0/3560741298 --> [v2:172.21.15.46:3300/0,v1:172.21.15.46:6789/0] -- mon_subscribe({config=0+,monmap=0+}) v3 -- 0x7fa6840094f0 con 0x7fa694070e00
2023-06-23T01:01:45.179 INFO:teuthology.orchestra.run.smithi046.stdout:/usr/bin/ceph: stderr
2023-06-23T01:01:44.542+0000 7fa692ffd700 1 --2- 172.21.15.46:0/3560741298 >> [v2:172.21.15.46:3300/0,v1:172.21.15.46:6789/0] conn(0x7fa694070e00 0x7fa694112f40 secure :-1 s=READY pgs=50 cs=0 l=1 rev1=1 crypto rx=0x7fa684011800 tx=0x7fa684009250 comp rx=0 tx=0).ready entity=mon.0 client_cookie=0 server_cookie=0 in_seq=0 out_seq=0
2023-06-23T01:01:45.180 INFO:teuthology.orchestra.run.smithi046.stdout:/usr/bin/ceph: stderr
2023-06-23T01:01:44.542+0000 7fa67b7fe700 1 -- 172.21.15.46:0/3560741298 <== mon.0 v2:172.21.15.46:3300/0 1 ==== mon_map magic: 0 v1 ==== 205+0+0 (secure 0 0 0) 0x7fa684006bc0 con 0x7fa694070e00
2023-06-23T01:01:45.180 INFO:teuthology.orchestra.run.smithi046.stdout:/usr/bin/ceph: stderr
2023-06-23T01:01:44.542+0000 7fa67b7fe700 1 -- 172.21.15.46:0/3560741298 <== mon.0 v2:172.21.15.46:3300/0 2 ==== config(25 keys) v1 ==== 1036+0+0 (secure 0 0 0) 0x7fa68401aac0 con 0x7fa694070e00
2023-06-23T01:01:45.180 INFO:teuthology.orchestra.run.smithi046.stdout:/usr/bin/ceph: stderr
