2023-06-23T01:01:44.542+0000 7fa69938c700 1 -- 172.21.15.46:0/3560741298 --> [v2:172.21.15.46:3300/0,v1:172.21.15.46:6789/0] -- mon_subscribe({mgrmap=0+}) v3 -- 0x7fa694113680 con 0x7fa694070e00
2023-06-23T01:01:45.180 INFO:teuthology.orchestra.run.smithi046.stdout:/usr/bin/ceph: stderr
2023-06-23T01:01:44.542+0000 7fa67b7fe700 1 -- 172.21.15.46:0/3560741298 <== mon.0 v2:172.21.15.46:3300/0 3 ==== mon_map magic: 0 v1 ==== 205+0+0 (secure 0 0 0) 0x7fa684022a20 con 0x7fa694070e00
2023-06-23T01:01:45.180 INFO:teuthology.orchestra.run.smithi046.stdout:/usr/bin/ceph: stderr
2023-06-23T01:01:44.542+0000 7fa69938c700 1 -- 172.21.15.46:0/3560741298 --> [v2:172.21.15.46:3300/0,v1:172.21.15.46:6789/0] -- mon_subscribe({osdmap=0}) v3 -- 0x7fa694114320 con 0x7fa694070e00
2023-06-23T01:01:45.180 INFO:teuthology.orchestra.run.smithi046.stdout:/usr/bin/ceph: stderr
2023-06-23T01:01:44.543+0000 7fa69938c700 1 -- 172.21.15.46:0/3560741298 --> [v2:172.21.15.46:3300/0,v1:172.21.15.46:6789/0] -- mon_command({"prefix": "get_command_descriptions"} v 0) v1 -- 0x7fa69405f060 con 0x7fa694070e00
2023-06-23T01:01:45.180 INFO:teuthology.orchestra.run.smithi046.stdout:/usr/bin/ceph: stderr
2023-06-23T01:01:44.544+0000 7fa67b7fe700 1 -- 172.21.15.46:0/3560741298 <== mon.0 v2:172.21.15.46:3300/0 4 ==== mgrmap(e 8) v1 ==== 43219+0+0 (secure 0 0 0) 0x7fa684022400 con 0x7fa694070e00
2023-06-23T01:01:45.181 INFO:teuthology.orchestra.run.smithi046.stdout:/usr/bin/ceph: stderr
2023-06-23T01:01:44.544+0000 7fa67b7fe700 1 --2- 172.21.15.46:0/3560741298 >> [v2:172.21.15.46:6800/2331157358,v1:172.21.15.46:6801/2331157358] conn(0x7fa67c0365c0 0x7fa67c038a70 unknown :-1 s=NONE pgs=0 cs=0 l=1 rev1=0 crypto rx=0 tx=0 comp rx=0 tx=0).connect
2023-06-23T01:01:45.181 INFO:teuthology.orchestra.run.smithi046.stdout:/usr/bin/ceph: stderr
2023-06-23T01:01:44.544+0000 7fa67b7fe700 1 -- 172.21.15.46:0/3560741298 <== mon.0 v2:172.21.15.46:3300/0 5 ==== osd_map(2..2 src has 1..2) v4 ==== 936+0+0 (secure 0 0 0) 0x7fa68404a450 con 0x7fa694070e00
2023-06-23T01:01:45.181 INFO:teuthology.orchestra.run.smithi046.stdout:/usr/bin/ceph: stderr
2023-06-23T01:01:44.544+0000 7fa6927fc700 1 --2- 172.21.15.46:0/3560741298 >> [v2:172.21.15.46:6800/2331157358,v1:172.21.15.46:6801/2331157358] conn(0x7fa67c0365c0 0x7fa67c038a70 unknown :-1 s=BANNER_CONNECTING pgs=0 cs=0 l=1 rev1=0 crypto rx=0 tx=0 comp rx=0 tx=0)._handle_peer_banner_payload supported=3 required=0
2023-06-23T01:01:45.181 INFO:teuthology.orchestra.run.smithi046.stdout:/usr/bin/ceph: stderr
2023-06-23T01:01:44.544+0000 7fa6927fc700 1 --2- 172.21.15.46:0/3560741298 >> [v2:172.21.15.46:6800/2331157358,v1:172.21.15.46:6801/2331157358] conn(0x7fa67c0365c0 0x7fa67c038a70 secure :-1 s=READY pgs=13 cs=0 l=1 rev1=1 crypto rx=0x7fa688009990 tx=0x7fa688006e40 comp rx=0 tx=0).ready entity=mgr.14120 client_cookie=0 server_cookie=0 in_seq=0 out_seq=0
2023-06-23T01:01:45.181 INFO:teuthology.orchestra.run.smithi046.stdout:/usr/bin/ceph: stderr
2023-06-23T01:01:44.547+0000 7fa67b7fe700 1 -- 172.21.15.46:0/3560741298 <== mon.0 v2:172.21.15.46:3300/0 6 ==== mon_command_ack([{"prefix": "get_command_descriptions"}]=0 v0) v1 ==== 72+0+174561 (secure 0 0 0) 0x7fa684018350 con 0x7fa694070e00
2023-06-23T01:01:45.181 INFO:teuthology.orchestra.run.smithi046.stdout:/usr/bin/ceph: stderr
2023-06-23T01:01:44.755+0000 7fa69938c700 1 -- 172.21.15.46:0/3560741298 --> [v2:172.21.15.46:6800/2331157358,v1:172.21.15.46:6801/2331157358] -- mgr_command(tid 0: {"prefix": "orch apply", "service_type": "mgr", "unmanaged": true, "target": ["mon-mgr", ""]}) v1 -- 0x7fa6940fdb50 con 0x7fa67c0365c0
2023-06-23T01:01:45.181 INFO:teuthology.orchestra.run.smithi046.stdout:/usr/bin/ceph: stderr
2023-06-23T01:01:44.760+0000 7fa67b7fe700 1 -- 172.21.15.46:0/3560741298 <== mgr.14120 v2:172.21.15.46:6800/2331157358 1 ==== mgr_command_reply(tid 0: 0 ) v1 ==== 8+0+24 (secure 0 0 0) 0x7fa6940fdb50 con 0x7fa67c0365c0
2023-06-23T01:01:45.182 INFO:teuthology.orchestra.run.smithi046.stdout:/usr/bin/ceph: stderr
2023-06-23T01:01:44.762+0000 7fa69938c700 1 -- 172.21.15.46:0/3560741298 >> [v2:172.21.15.46:6800/2331157358,v1:172.21.15.46:6801/2331157358] conn(0x7fa67c0365c0 msgr2=0x7fa67c038a70 secure :-1 s=STATE_CONNECTION_ESTABLISHED l=1).mark_down
2023-06-23T01:01:45.182 INFO:teuthology.orchestra.run.smithi046.stdout:/usr/bin/ceph: stderr
2023-06-23T01:01:44.762+0000 7fa69938c700 1 --2- 172.21.15.46:0/3560741298 >> [v2:172.21.15.46:6800/2331157358,v1:172.21.15.46:6801/2331157358] conn(0x7fa67c0365c0 0x7fa67c038a70 secure :-1 s=READY pgs=13 cs=0 l=1 rev1=1 crypto rx=0x7fa688009990 tx=0x7fa688006e40 comp rx=0 tx=0).stop
2023-06-23T01:01:45.182 INFO:teuthology.orchestra.run.smithi046.stdout:/usr/bin/ceph: stderr
2023-06-23T01:01:44.762+0000 7fa69938c700 1 -- 172.21.15.46:0/3560741298 >> [v2:172.21.15.46:3300/0,v1:172.21.15.46:6789/0] conn(0x7fa694070e00 msgr2=0x7fa694112f40 secure :-1 s=STATE_CONNECTION_ESTABLISHED l=1).mark_down
2023-06-23T01:01:45.182 INFO:teuthology.orchestra.run.smithi046.stdout:/usr/bin/ceph: stderr
2023-06-23T01:01:44.762+0000 7fa69938c700 1 --2- 172.21.15.46:0/3560741298 >> [v2:172.21.15.46:3300/0,v1:172.21.15.46:6789/0] conn(0x7fa694070e00 0x7fa694112f40 secure :-1 s=READY pgs=50 cs=0 l=1 rev1=1 crypto rx=0x7fa684011800 tx=0x7fa684009250 comp rx=0 tx=0).stop
2023-06-23T01:01:45.182 INFO:teuthology.orchestra.run.smithi046.stdout:/usr/bin/ceph: stderr
2023-06-23T01:01:44.763+0000 7fa69938c700 1 -- 172.21.15.46:0/3560741298 shutdown_connections
2023-06-23T01:01:45.182 INFO:teuthology.orchestra.run.smithi046.stdout:/usr/bin/ceph: stderr
2023-06-23T01:01:44.763+0000 7fa69938c700 1 --2- 172.21.15.46:0/3560741298 >> [v2:172.21.15.46:6800/2331157358,v1:172.21.15.46:6801/2331157358] conn(0x7fa67c0365c0 0x7fa67c038a70 unknown :-1 s=CLOSED pgs=13 cs=0 l=1 rev1=1 crypto rx=0 tx=0 comp rx=0 tx=0).stop
2023-06-23T01:01:45.182 INFO:teuthology.orchestra.run.smithi046.stdout:/usr/bin/ceph: stderr
2023-06-23T01:01:44.763+0000 7fa69938c700 1 --2- 172.21.15.46:0/3560741298 >> [v2:172.21.15.46:3300/0,v1:172.21.15.46:6789/0] conn(0x7fa694070e00 0x7fa694112f40 unknown :-1 s=CLOSED pgs=50 cs=0 l=1 rev1=1 crypto rx=0 tx=0 comp rx=0 tx=0).stop
2023-06-23T01:01:45.183 INFO:teuthology.orchestra.run.smithi046.stdout:/usr/bin/ceph: stderr
2023-06-23T01:01:44.763+0000 7fa69938c700 1 -- 172.21.15.46:0/3560741298 >> 172.21.15.46:0/3560741298 conn(0x7fa6940fc7e0 msgr2=0x7fa6940fd440 unknown :-1 s=STATE_NONE l=0).mark_down
2023-06-23T01:01:45.183 INFO:teuthology.orchestra.run.smithi046.stdout:/usr/bin/ceph: stderr
2023-06-23T01:01:44.763+0000 7fa69938c700 1 -- 172.21.15.46:0/3560741298 shutdown_connections
2023-06-23T01:01:45.183 INFO:teuthology.orchestra.run.smithi046.stdout:/usr/bin/ceph: stderr
2023-06-23T01:01:44.763+0000 7fa69938c700 1 -- 172.21.15.46:0/3560741298 wait complete.
2023-06-23T01:01:46.055 INFO:journalctl@ceph.mon.a.smithi046.stdout:Jun 23 01:01:45 smithi046 ceph-mon[84949]: from='client.14144 -' entity='client.admin' cmd=[{"prefix": "orch apply", "service_type": "mgr", "unmanaged": true, "target": ["mon-mgr", ""]}]: dispatch
2023-06-23T01:01:46.055 INFO:journalctl@ceph.mon.a.smithi046.stdout:Jun 23 01:01:45 smithi046 ceph-mon[84949]: Saving service mgr spec with placement count:2
2023-06-23T01:01:46.056 INFO:journalctl@ceph.mon.a.smithi046.stdout:Jun 23 01:01:45 smithi046 ceph-mon[84949]: from='mgr.14120 172.21.15.46:0/2933215491' entity='mgr.x'
2023-06-23T01:01:46.056 INFO:journalctl@ceph.mon.a.smithi046.stdout:Jun 23 01:01:45 smithi046 ceph-mon[84949]: from='mgr.14120 172.21.15.46:0/2933215491' entity='mgr.x'
2023-06-23T01:01:46.056 INFO:journalctl@ceph.mon.a.smithi046.stdout:Jun 23 01:01:45 smithi046 ceph-mon[84949]: from='mgr.14120 172.21.15.46:0/2933215491' entity='mgr.x'
2023-06-23T01:01:46.212 INFO:teuthology.orchestra.run.smithi046.stdout:/usr/bin/ceph: stderr
2023-06-23T01:01:45.619+0000 7fa9d7008700 1 Processor -- start
2023-06-23T01:01:46.213 INFO:teuthology.orchestra.run.smithi046.stdout:/usr/bin/ceph: stderr
2023-06-23T01:01:45.619+0000 7fa9d7008700 1 -- start start
2023-06-23T01:01:46.213 INFO:teuthology.orchestra.run.smithi046.stdout:/usr/bin/ceph: stderr
2023-06-23T01:01:45.619+0000 7fa9d7008700 1 --2- >> [v2:172.21.15.46:3300/0,v1:172.21.15.46:6789/0] conn(0x7fa9d0101080 0x7fa9d0101490 unknown :-1 s=NONE pgs=0 cs=0 l=0 rev1=0 crypto rx=0 tx=0 comp rx=0 tx=0).connect
2023-06-23T01:01:46.213 INFO:teuthology.orchestra.run.smithi046.stdout:/usr/bin/ceph: stderr
2023-06-23T01:01:45.619+0000 7fa9d7008700 1 -- --> [v2:172.21.15.46:3300/0,v1:172.21.15.46:6789/0] -- mon_getmap magic: 0 v1 -- 0x7fa9d01019d0 con 0x7fa9d0101080
2023-06-23T01:01:46.213 INFO:teuthology.orchestra.run.smithi046.stdout:/usr/bin/ceph: stderr
2023-06-23T01:01:45.619+0000 7fa9d4da4700 1 --2- >> [v2:172.21.15.46:3300/0,v1:172.21.15.46:6789/0] conn(0x7fa9d0101080 0x7fa9d0101490 unknown :-1 s=BANNER_CONNECTING pgs=0 cs=0 l=0 rev1=0 crypto rx=0 tx=0 comp rx=0 tx=0)._handle_peer_banner_payload supported=3 required=0
2023-06-23T01:01:46.213 INFO:teuthology.orchestra.run.smithi046.stdout:/usr/bin/ceph: stderr
2023-06-23T01:01:45.619+0000 7fa9d4da4700 1 --2- >> [v2:172.21.15.46:3300/0,v1:172.21.15.46:6789/0] conn(0x7fa9d0101080 0x7fa9d0101490 unknown :-1 s=HELLO_CONNECTING pgs=0 cs=0 l=0 rev1=1 crypto rx=0 tx=0 comp rx=0 tx=0).handle_hello peer v2:172.21.15.46:3300/0 says I am v2:172.21.15.46:47638/0 (socket says 172.21.15.46:47638)
2023-06-23T01:01:46.214 INFO:teuthology.orchestra.run.smithi046.stdout:/usr/bin/ceph: stderr
2023-06-23T01:01:45.619+0000 7fa9d4da4700 1 -- 172.21.15.46:0/3695427614 learned_addr learned my addr 172.21.15.46:0/3695427614 (peer_addr_for_me v2:172.21.15.46:0/0)
2023-06-23T01:01:46.214 INFO:teuthology.orchestra.run.smithi046.stdout:/usr/bin/ceph: stderr
2023-06-23T01:01:45.620+0000 7fa9d4da4700 1 -- 172.21.15.46:0/3695427614 --> [v2:172.21.15.46:3300/0,v1:172.21.15.46:6789/0] -- mon_subscribe({config=0+,monmap=0+}) v3 -- 0x7fa9d0101b10 con 0x7fa9d0101080
2023-06-23T01:01:46.214 INFO:teuthology.orchestra.run.smithi046.stdout:/usr/bin/ceph: stderr
2023-06-23T01:01:45.620+0000 7fa9d4da4700 1 --2- 172.21.15.46:0/3695427614 >> [v2:172.21.15.46:3300/0,v1:172.21.15.46:6789/0] conn(0x7fa9d0101080 0x7fa9d0101490 secure :-1 s=READY pgs=51 cs=0 l=1 rev1=1 crypto rx=0x7fa9c40098e0 tx=0x7fa9c4009250 comp rx=0 tx=0).ready entity=mon.0 client_cookie=5de95e4810b5c163 server_cookie=0 in_seq=0 out_seq=0
2023-06-23T01:01:46.214 INFO:teuthology.orchestra.run.smithi046.stdout:/usr/bin/ceph: stderr
2023-06-23T01:01:45.620+0000 7fa9cf7fe700 1 -- 172.21.15.46:0/3695427614 <== mon.0 v2:172.21.15.46:3300/0 1 ==== mon_map magic: 0 v1 ==== 205+0+0 (secure 0 0 0) 0x7fa9c4009e80 con 0x7fa9d0101080
2023-06-23T01:01:46.214 INFO:teuthology.orchestra.run.smithi046.stdout:/usr/bin/ceph: stderr
2023-06-23T01:01:45.620+0000 7fa9cf7fe700 1 -- 172.21.15.46:0/3695427614 <== mon.0 v2:172.21.15.46:3300/0 2 ==== config(25 keys) v1 ==== 1067+0+0 (secure 0 0 0) 0x7fa9c400bd00 con 0x7fa9d0101080
2023-06-23T01:01:46.217 INFO:teuthology.orchestra.run.smithi046.stdout:/usr/bin/ceph: stderr
2023-06-23T01:01:45.620+0000 7fa9cf7fe700 1 -- 172.21.15.46:0/3695427614 <== mon.0 v2:172.21.15.46:3300/0 3 ==== mon_map magic: 0 v1 ==== 205+0+0 (secure 0 0 0) 0x7fa9c4011c00 con 0x7fa9d0101080
2023-06-23T01:01:46.217 INFO:teuthology.orchestra.run.smithi046.stdout:/usr/bin/ceph: stderr
2023-06-23T01:01:45.620+0000 7fa9d7008700 1 -- 172.21.15.46:0/3695427614 >> [v2:172.21.15.46:3300/0,v1:172.21.15.46:6789/0] conn(0x7fa9d0101080 msgr2=0x7fa9d0101490 secure :-1 s=STATE_CONNECTION_ESTABLISHED l=1).mark_down
2023-06-23T01:01:46.217 INFO:teuthology.orchestra.run.smithi046.stdout:/usr/bin/ceph: stderr
2023-06-23T01:01:45.621+0000 7fa9d7008700 1 --2- 172.21.15.46:0/3695427614 >> [v2:172.21.15.46:3300/0,v1:172.21.15.46:6789/0] conn(0x7fa9d0101080 0x7fa9d0101490 secure :-1 s=READY pgs=51 cs=0 l=1 rev1=1 crypto rx=0x7fa9c40098e0 tx=0x7fa9c4009250 comp rx=0 tx=0).stop
2023-06-23T01:01:46.218 INFO:teuthology.orchestra.run.smithi046.stdout:/usr/bin/ceph: stderr
2023-06-23T01:01:45.621+0000 7fa9d7008700 1 -- 172.21.15.46:0/3695427614 shutdown_connections
2023-06-23T01:01:46.218 INFO:teuthology.orchestra.run.smithi046.stdout:/usr/bin/ceph: stderr
2023-06-23T01:01:45.621+0000 7fa9d7008700 1 --2- 172.21.15.46:0/3695427614 >> [v2:172.21.15.46:3300/0,v1:172.21.15.46:6789/0] conn(0x7fa9d0101080 0x7fa9d0101490 unknown :-1 s=CLOSED pgs=51 cs=0 l=1 rev1=1 crypto rx=0 tx=0 comp rx=0 tx=0).stop
2023-06-23T01:01:46.218 INFO:teuthology.orchestra.run.smithi046.stdout:/usr/bin/ceph: stderr
2023-06-23T01:01:45.621+0000 7fa9d7008700 1 -- 172.21.15.46:0/3695427614 >> 172.21.15.46:0/3695427614 conn(0x7fa9d00fc820 msgr2=0x7fa9d00fec30 unknown :-1 s=STATE_NONE l=0).mark_down
2023-06-23T01:01:46.218 INFO:teuthology.orchestra.run.smithi046.stdout:/usr/bin/ceph: stderr
2023-06-23T01:01:45.621+0000 7fa9d7008700 1 -- 172.21.15.46:0/3695427614 shutdown_connections
2023-06-23T01:01:46.218 INFO:teuthology.orchestra.run.smithi046.stdout:/usr/bin/ceph: stderr
2023-06-23T01:01:45.621+0000 7fa9d7008700 1 -- 172.21.15.46:0/3695427614 wait complete.
2023-06-23T01:01:46.218 INFO:teuthology.orchestra.run.smithi046.stdout:/usr/bin/ceph: stderr
2023-06-23T01:01:45.621+0000 7fa9d7008700 1 Processor -- start
2023-06-23T01:01:46.218 INFO:teuthology.orchestra.run.smithi046.stdout:/usr/bin/ceph: stderr
2023-06-23T01:01:45.621+0000 7fa9d7008700 1 -- start start
2023-06-23T01:01:46.219 INFO:teuthology.orchestra.run.smithi046.stdout:/usr/bin/ceph: stderr
2023-06-23T01:01:45.622+0000 7fa9d7008700 1 --2- >> [v2:172.21.15.46:3300/0,v1:172.21.15.46:6789/0] conn(0x7fa9d0101080 0x7fa9d0113ae0 unknown :-1 s=NONE pgs=0 cs=0 l=1 rev1=0 crypto rx=0 tx=0 comp rx=0 tx=0).connect
2023-06-23T01:01:46.219 INFO:teuthology.orchestra.run.smithi046.stdout:/usr/bin/ceph: stderr
2023-06-23T01:01:45.622+0000 7fa9d7008700 1 -- --> [v2:172.21.15.46:3300/0,v1:172.21.15.46:6789/0] -- mon_getmap magic: 0 v1 -- 0x7fa9d0070d80 con 0x7fa9d0101080
2023-06-23T01:01:46.219 INFO:teuthology.orchestra.run.smithi046.stdout:/usr/bin/ceph: stderr
2023-06-23T01:01:45.622+0000 7fa9d4da4700 1 --2- >> [v2:172.21.15.46:3300/0,v1:172.21.15.46:6789/0] conn(0x7fa9d0101080 0x7fa9d0113ae0 unknown :-1 s=BANNER_CONNECTING pgs=0 cs=0 l=1 rev1=0 crypto rx=0 tx=0 comp rx=0 tx=0)._handle_peer_banner_payload supported=3 required=0
2023-06-23T01:01:46.219 INFO:teuthology.orchestra.run.smithi046.stdout:/usr/bin/ceph: stderr
2023-06-23T01:01:45.622+0000 7fa9d4da4700 1 --2- >> [v2:172.21.15.46:3300/0,v1:172.21.15.46:6789/0] conn(0x7fa9d0101080 0x7fa9d0113ae0 unknown :-1 s=HELLO_CONNECTING pgs=0 cs=0 l=1 rev1=1 crypto rx=0 tx=0 comp rx=0 tx=0).handle_hello peer v2:172.21.15.46:3300/0 says I am v2:172.21.15.46:47648/0 (socket says 172.21.15.46:47648)
2023-06-23T01:01:46.219 INFO:teuthology.orchestra.run.smithi046.stdout:/usr/bin/ceph: stderr
2023-06-23T01:01:45.622+0000 7fa9d4da4700 1 -- 172.21.15.46:0/3416245013 learned_addr learned my addr 172.21.15.46:0/3416245013 (peer_addr_for_me v2:172.21.15.46:0/0)
2023-06-23T01:01:46.219 INFO:teuthology.orchestra.run.smithi046.stdout:/usr/bin/ceph: stderr
2023-06-23T01:01:45.622+0000 7fa9d4da4700 1 -- 172.21.15.46:0/3416245013 --> [v2:172.21.15.46:3300/0,v1:172.21.15.46:6789/0] -- mon_subscribe({config=0+,monmap=0+}) v3 -- 0x7fa9c40094f0 con 0x7fa9d0101080
2023-06-23T01:01:46.219 INFO:teuthology.orchestra.run.smithi046.stdout:/usr/bin/ceph: stderr
2023-06-23T01:01:45.622+0000 7fa9d4da4700 1 --2- 172.21.15.46:0/3416245013 >> [v2:172.21.15.46:3300/0,v1:172.21.15.46:6789/0] conn(0x7fa9d0101080 0x7fa9d0113ae0 secure :-1 s=READY pgs=52 cs=0 l=1 rev1=1 crypto rx=0x7fa9c4000c00 tx=0x7fa9c4009250 comp rx=0 tx=0).ready entity=mon.0 client_cookie=0 server_cookie=0 in_seq=0 out_seq=0
2023-06-23T01:01:46.220 INFO:teuthology.orchestra.run.smithi046.stdout:/usr/bin/ceph: stderr
2023-06-23T01:01:45.622+0000 7fa9cd7fa700 1 -- 172.21.15.46:0/3416245013 <== mon.0 v2:172.21.15.46:3300/0 1 ==== mon_map magic: 0 v1 ==== 205+0+0 (secure 0 0 0) 0x7fa9c401a640 con 0x7fa9d0101080
2023-06-23T01:01:46.220 INFO:teuthology.orchestra.run.smithi046.stdout:/usr/bin/ceph: stderr
2023-06-23T01:01:45.622+0000 7fa9cd7fa700 1 -- 172.21.15.46:0/3416245013 <== mon.0 v2:172.21.15.46:3300/0 2 ==== config(25 keys) v1 ==== 1067+0+0 (secure 0 0 0) 0x7fa9c401ac40 con 0x7fa9d0101080
2023-06-23T01:01:46.220 INFO:teuthology.orchestra.run.smithi046.stdout:/usr/bin/ceph: stderr
2023-06-23T01:01:45.622+0000 7fa9d7008700 1 -- 172.21.15.46:0/3416245013 --> [v2:172.21.15.46:3300/0,v1:172.21.15.46:6789/0] -- mon_subscribe({mgrmap=0+}) v3 -- 0x7fa9d0070f80 con 0x7fa9d0101080
2023-06-23T01:01:46.220 INFO:teuthology.orchestra.run.smithi046.stdout:/usr/bin/ceph: stderr
2023-06-23T01:01:45.622+0000 7fa9cd7fa700 1 -- 172.21.15.46:0/3416245013 <== mon.0 v2:172.21.15.46:3300/0 3 ==== mon_map magic: 0 v1 ==== 205+0+0 (secure 0 0 0) 0x7fa9c4022b10 con 0x7fa9d0101080
2023-06-23T01:01:46.220 INFO:teuthology.orchestra.run.smithi046.stdout:/usr/bin/ceph: stderr
2023-06-23T01:01:45.623+0000 7fa9d7008700 1 -- 172.21.15.46:0/3416245013 --> [v2:172.21.15.46:3300/0,v1:172.21.15.46:6789/0] -- mon_subscribe({osdmap=0}) v3 -- 0x7fa9d01141e0 con 0x7fa9d0101080
2023-06-23T01:01:46.221 INFO:teuthology.orchestra.run.smithi046.stdout:/usr/bin/ceph: stderr
2023-06-23T01:01:45.623+0000 7fa9cd7fa700 1 -- 172.21.15.46:0/3416245013 <== mon.0 v2:172.21.15.46:3300/0 4 ==== mgrmap(e 8) v1 ==== 43219+0+0 (secure 0 0 0) 0x7fa9c4022d40 con 0x7fa9d0101080
2023-06-23T01:01:46.221 INFO:teuthology.orchestra.run.smithi046.stdout:/usr/bin/ceph: stderr
2023-06-23T01:01:45.623+0000 7fa9d7008700 1 -- 172.21.15.46:0/3416245013 --> [v2:172.21.15.46:3300/0,v1:172.21.15.46:6789/0] -- mon_command({"prefix": "get_command_descriptions"} v 0) v1 -- 0x7fa9d004b970 con 0x7fa9d0101080
2023-06-23T01:01:46.221 INFO:teuthology.orchestra.run.smithi046.stdout:/usr/bin/ceph: stderr
2023-06-23T01:01:45.624+0000 7fa9cd7fa700 1 --2- 172.21.15.46:0/3416245013 >> [v2:172.21.15.46:6800/2331157358,v1:172.21.15.46:6801/2331157358] conn(0x7fa9c00365c0 0x7fa9c0038a70 unknown :-1 s=NONE pgs=0 cs=0 l=1 rev1=0 crypto rx=0 tx=0 comp rx=0 tx=0).connect
2023-06-23T01:01:46.221 INFO:teuthology.orchestra.run.smithi046.stdout:/usr/bin/ceph: stderr
2023-06-23T01:01:45.624+0000 7fa9cd7fa700 1 -- 172.21.15.46:0/3416245013 <== mon.0 v2:172.21.15.46:3300/0 5 ==== osd_map(2..2 src has 1..2) v4 ==== 936+0+0 (secure 0 0 0) 0x7fa9c404a7b0 con 0x7fa9d0101080
2023-06-23T01:01:46.221 INFO:teuthology.orchestra.run.smithi046.stdout:/usr/bin/ceph: stderr
2023-06-23T01:01:45.624+0000 7fa9cffff700 1 --2- 172.21.15.46:0/3416245013 >> [v2:172.21.15.46:6800/2331157358,v1:172.21.15.46:6801/2331157358] conn(0x7fa9c00365c0 0x7fa9c0038a70 unknown :-1 s=BANNER_CONNECTING pgs=0 cs=0 l=1 rev1=0 crypto rx=0 tx=0 comp rx=0 tx=0)._handle_peer_banner_payload supported=3 required=0
2023-06-23T01:01:46.221 INFO:teuthology.orchestra.run.smithi046.stdout:/usr/bin/ceph: stderr
2023-06-23T01:01:45.624+0000 7fa9cffff700 1 --2- 172.21.15.46:0/3416245013 >> [v2:172.21.15.46:6800/2331157358,v1:172.21.15.46:6801/2331157358] conn(0x7fa9c00365c0 0x7fa9c0038a70 secure :-1 s=READY pgs=14 cs=0 l=1 rev1=1 crypto rx=0x7fa9bc009990 tx=0x7fa9bc006e40 comp rx=0 tx=0).ready entity=mgr.14120 client_cookie=0 server_cookie=0 in_seq=0 out_seq=0
2023-06-23T01:01:46.222 INFO:teuthology.orchestra.run.smithi046.stdout:/usr/bin/ceph: stderr
2023-06-23T01:01:45.629+0000 7fa9cd7fa700 1 -- 172.21.15.46:0/3416245013 <== mon.0 v2:172.21.15.46:3300/0 6 ==== mon_command_ack([{"prefix": "get_command_descriptions"}]=0 v0) v1 ==== 72+0+174561 (secure 0 0 0) 0x7fa9c4018710 con 0x7fa9d0101080
2023-06-23T01:01:46.222 INFO:teuthology.orchestra.run.smithi046.stdout:/usr/bin/ceph: stderr
2023-06-23T01:01:45.830+0000 7fa9d7008700 1 -- 172.21.15.46:0/3416245013 --> [v2:172.21.15.46:3300/0,v1:172.21.15.46:6789/0] -- mon_command([{prefix=config set, name=mgr/cephadm/container_init}] v 0) v1 -- 0x7fa9d0102f20 con 0x7fa9d0101080
2023-06-23T01:01:46.222 INFO:teuthology.orchestra.run.smithi046.stdout:/usr/bin/ceph: stderr
2023-06-23T01:01:45.835+0000 7fa9cd7fa700 1 -- 172.21.15.46:0/3416245013 <== mon.0 v2:172.21.15.46:3300/0 7 ==== mon_command_ack([{prefix=config set, name=mgr/cephadm/container_init}]=0 v7)=0 v7) v1 ==== 142+0+0 (secure 0 0 0) 0x7fa9c40213a0 con 0x7fa9d0101080
2023-06-23T01:01:46.222 INFO:teuthology.orchestra.run.smithi046.stdout:/usr/bin/ceph: stderr
2023-06-23T01:01:45.837+0000 7fa9d7008700 1 -- 172.21.15.46:0/3416245013 >> [v2:172.21.15.46:6800/2331157358,v1:172.21.15.46:6801/2331157358] conn(0x7fa9c00365c0 msgr2=0x7fa9c0038a70 secure :-1 s=STATE_CONNECTION_ESTABLISHED l=1).mark_down
2023-06-23T01:01:46.222 INFO:teuthology.orchestra.run.smithi046.stdout:/usr/bin/ceph: stderr
2023-06-23T01:01:45.837+0000 7fa9d7008700 1 --2- 172.21.15.46:0/3416245013 >> [v2:172.21.15.46:6800/2331157358,v1:172.21.15.46:6801/2331157358] conn(0x7fa9c00365c0 0x7fa9c0038a70 secure :-1 s=READY pgs=14 cs=0 l=1 rev1=1 crypto rx=0x7fa9bc009990 tx=0x7fa9bc006e40 comp rx=0 tx=0).stop
2023-06-23T01:01:46.222 INFO:teuthology.orchestra.run.smithi046.stdout:/usr/bin/ceph: stderr
2023-06-23T01:01:45.837+0000 7fa9d7008700 1 -- 172.21.15.46:0/3416245013 >> [v2:172.21.15.46:3300/0,v1:172.21.15.46:6789/0] conn(0x7fa9d0101080 msgr2=0x7fa9d0113ae0 secure :-1 s=STATE_CONNECTION_ESTABLISHED l=1).mark_down
2023-06-23T01:01:46.223 INFO:teuthology.orchestra.run.smithi046.stdout:/usr/bin/ceph: stderr
2023-06-23T01:01:45.837+0000 7fa9d7008700 1 --2- 172.21.15.46:0/3416245013 >> [v2:172.21.15.46:3300/0,v1:172.21.15.46:6789/0] conn(0x7fa9d0101080 0x7fa9d0113ae0 secure :-1 s=READY pgs=52 cs=0 l=1 rev1=1 crypto rx=0x7fa9c4000c00 tx=0x7fa9c4009250 comp rx=0 tx=0).stop
2023-06-23T01:01:46.223 INFO:teuthology.orchestra.run.smithi046.stdout:/usr/bin/ceph: stderr
2023-06-23T01:01:45.837+0000 7fa9d7008700 1 -- 172.21.15.46:0/3416245013 shutdown_connections
2023-06-23T01:01:46.223 INFO:teuthology.orchestra.run.smithi046.stdout:/usr/bin/ceph: stderr
2023-06-23T01:01:45.837+0000 7fa9d7008700 1 --2- 172.21.15.46:0/3416245013 >> [v2:172.21.15.46:6800/2331157358,v1:172.21.15.46:6801/2331157358] conn(0x7fa9c00365c0 0x7fa9c0038a70 unknown :-1 s=CLOSED pgs=14 cs=0 l=1 rev1=1 crypto rx=0 tx=0 comp rx=0 tx=0).stop
2023-06-23T01:01:46.223 INFO:teuthology.orchestra.run.smithi046.stdout:/usr/bin/ceph: stderr
2023-06-23T01:01:45.837+0000 7fa9d7008700 1 --2- 172.21.15.46:0/3416245013 >> [v2:172.21.15.46:3300/0,v1:172.21.15.46:6789/0] conn(0x7fa9d0101080 0x7fa9d0113ae0 unknown :-1 s=CLOSED pgs=52 cs=0 l=1 rev1=1 crypto rx=0 tx=0 comp rx=0 tx=0).stop
2023-06-23T01:01:46.223 INFO:teuthology.orchestra.run.smithi046.stdout:/usr/bin/ceph: stderr
2023-06-23T01:01:45.837+0000 7fa9d7008700 1 -- 172.21.15.46:0/3416245013 >> 172.21.15.46:0/3416245013 conn(0x7fa9d00fc820 msgr2=0x7fa9d00fd540 unknown :-1 s=STATE_NONE l=0).mark_down
2023-06-23T01:01:46.223 INFO:teuthology.orchestra.run.smithi046.stdout:/usr/bin/ceph: stderr
2023-06-23T01:01:45.838+0000 7fa9d7008700 1 -- 172.21.15.46:0/3416245013 shutdown_connections
2023-06-23T01:01:46.223 INFO:teuthology.orchestra.run.smithi046.stdout:/usr/bin/ceph: stderr
2023-06-23T01:01:45.838+0000 7fa9d7008700 1 -- 172.21.15.46:0/3416245013 wait complete.
2023-06-23T01:01:47.097 INFO:journalctl@ceph.mon.a.smithi046.stdout:Jun 23 01:01:46 smithi046 ceph-mon[84949]: from='client.? 172.21.15.46:0/3416245013' entity='client.admin'
2023-06-23T01:01:47.359 INFO:teuthology.orchestra.run.smithi046.stdout:/usr/bin/ceph: stderr
2023-06-23T01:01:46.726+0000 7f3e9749f700 1 Processor -- start
2023-06-23T01:01:47.360 INFO:teuthology.orchestra.run.smithi046.stdout:/usr/bin/ceph: stderr
2023-06-23T01:01:46.726+0000 7f3e9749f700 1 -- start start
2023-06-23T01:01:47.360 INFO:teuthology.orchestra.run.smithi046.stdout:/usr/bin/ceph: stderr
2023-06-23T01:01:46.726+0000 7f3e9749f700 1 --2- >> [v2:172.21.15.46:3300/0,v1:172.21.15.46:6789/0] conn(0x7f3e901037a0 0x7f3e90103bb0 unknown :-1 s=NONE pgs=0 cs=0 l=0 rev1=0 crypto rx=0 tx=0 comp rx=0 tx=0).connect
2023-06-23T01:01:47.360 INFO:teuthology.orchestra.run.smithi046.stdout:/usr/bin/ceph: stderr
2023-06-23T01:01:46.726+0000 7f3e9749f700 1 -- --> [v2:172.21.15.46:3300/0,v1:172.21.15.46:6789/0] -- mon_getmap magic: 0 v1 -- 0x7f3e901040f0 con 0x7f3e901037a0
2023-06-23T01:01:47.360 INFO:teuthology.orchestra.run.smithi046.stdout:/usr/bin/ceph: stderr
2023-06-23T01:01:46.727+0000 7f3e9523b700 1 --2- >> [v2:172.21.15.46:3300/0,v1:172.21.15.46:6789/0] conn(0x7f3e901037a0 0x7f3e90103bb0 unknown :-1 s=BANNER_CONNECTING pgs=0 cs=0 l=0 rev1=0 crypto rx=0 tx=0 comp rx=0 tx=0)._handle_peer_banner_payload supported=3 required=0
2023-06-23T01:01:47.360 INFO:teuthology.orchestra.run.smithi046.stdout:/usr/bin/ceph: stderr
2023-06-23T01:01:46.727+0000 7f3e9523b700 1 --2- >> [v2:172.21.15.46:3300/0,v1:172.21.15.46:6789/0] conn(0x7f3e901037a0 0x7f3e90103bb0 unknown :-1 s=HELLO_CONNECTING pgs=0 cs=0 l=0 rev1=1 crypto rx=0 tx=0 comp rx=0 tx=0).handle_hello peer v2:172.21.15.46:3300/0 says I am v2:172.21.15.46:47652/0 (socket says 172.21.15.46:47652)
2023-06-23T01:01:47.361 INFO:teuthology.orchestra.run.smithi046.stdout:/usr/bin/ceph: stderr
2023-06-23T01:01:46.727+0000 7f3e9523b700 1 -- 172.21.15.46:0/2379868755 learned_addr learned my addr 172.21.15.46:0/2379868755 (peer_addr_for_me v2:172.21.15.46:0/0)
2023-06-23T01:01:47.361 INFO:teuthology.orchestra.run.smithi046.stdout:/usr/bin/ceph: stderr
2023-06-23T01:01:46.727+0000 7f3e9523b700 1 -- 172.21.15.46:0/2379868755 --> [v2:172.21.15.46:3300/0,v1:172.21.15.46:6789/0] -- mon_subscribe({config=0+,monmap=0+}) v3 -- 0x7f3e90104230 con 0x7f3e901037a0
2023-06-23T01:01:47.361 INFO:teuthology.orchestra.run.smithi046.stdout:/usr/bin/ceph: stderr
2023-06-23T01:01:46.727+0000 7f3e9523b700 1 --2- 172.21.15.46:0/2379868755 >> [v2:172.21.15.46:3300/0,v1:172.21.15.46:6789/0] conn(0x7f3e901037a0 0x7f3e90103bb0 secure :-1 s=READY pgs=53 cs=0 l=1 rev1=1 crypto rx=0x7f3e8c0098e0 tx=0x7f3e8c009250 comp rx=0 tx=0).ready entity=mon.0 client_cookie=f41d63819a6e57d server_cookie=0 in_seq=0 out_seq=0
2023-06-23T01:01:47.361 INFO:teuthology.orchestra.run.smithi046.stdout:/usr/bin/ceph: stderr
2023-06-23T01:01:46.727+0000 7f3e87fff700 1 -- 172.21.15.46:0/2379868755 <== mon.0 v2:172.21.15.46:3300/0 1 ==== mon_map magic: 0 v1 ==== 205+0+0 (secure 0 0 0) 0x7f3e8c009e80 con 0x7f3e901037a0
2023-06-23T01:01:47.361 INFO:teuthology.orchestra.run.smithi046.stdout:/usr/bin/ceph: stderr
2023-06-23T01:01:46.728+0000 7f3e87fff700 1 -- 172.21.15.46:0/2379868755 <== mon.0 v2:172.21.15.46:3300/0 2 ==== config(25 keys) v1 ==== 1067+0+0 (secure 0 0 0) 0x7f3e8c00bd00 con 0x7f3e901037a0
2023-06-23T01:01:47.361 INFO:teuthology.orchestra.run.smithi046.stdout:/usr/bin/ceph: stderr
2023-06-23T01:01:46.728+0000 7f3e87fff700 1 -- 172.21.15.46:0/2379868755 <== mon.0 v2:172.21.15.46:3300/0 3 ==== mon_map magic: 0 v1 ==== 205+0+0 (secure 0 0 0) 0x7f3e8c011c00 con 0x7f3e901037a0
2023-06-23T01:01:47.362 INFO:teuthology.orchestra.run.smithi046.stdout:/usr/bin/ceph: stderr
2023-06-23T01:01:46.728+0000 7f3e9749f700 1 -- 172.21.15.46:0/2379868755 >> [v2:172.21.15.46:3300/0,v1:172.21.15.46:6789/0] conn(0x7f3e901037a0 msgr2=0x7f3e90103bb0 secure :-1 s=STATE_CONNECTION_ESTABLISHED l=1).mark_down
2023-06-23T01:01:47.362 INFO:teuthology.orchestra.run.smithi046.stdout:/usr/bin/ceph: stderr
2023-06-23T01:01:46.728+0000 7f3e9749f700 1 --2- 172.21.15.46:0/2379868755 >> [v2:172.21.15.46:3300/0,v1:172.21.15.46:6789/0] conn(0x7f3e901037a0 0x7f3e90103bb0 secure :-1 s=READY pgs=53 cs=0 l=1 rev1=1 crypto rx=0x7f3e8c0098e0 tx=0x7f3e8c009250 comp rx=0 tx=0).stop
2023-06-23T01:01:47.362 INFO:teuthology.orchestra.run.smithi046.stdout:/usr/bin/ceph: stderr
2023-06-23T01:01:46.728+0000 7f3e9749f700 1 -- 172.21.15.46:0/2379868755 shutdown_connections
2023-06-23T01:01:47.362 INFO:teuthology.orchestra.run.smithi046.stdout:/usr/bin/ceph: stderr
2023-06-23T01:01:46.728+0000 7f3e9749f700 1 --2- 172.21.15.46:0/2379868755 >> [v2:172.21.15.46:3300/0,v1:172.21.15.46:6789/0] conn(0x7f3e901037a0 0x7f3e90103bb0 unknown :-1 s=CLOSED pgs=53 cs=0 l=1 rev1=1 crypto rx=0 tx=0 comp rx=0 tx=0).stop
2023-06-23T01:01:47.362 INFO:teuthology.orchestra.run.smithi046.stdout:/usr/bin/ceph: stderr
2023-06-23T01:01:46.728+0000 7f3e9749f700 1 -- 172.21.15.46:0/2379868755 >> 172.21.15.46:0/2379868755 conn(0x7f3e900fbf90 msgr2=0x7f3e900fe3a0 unknown :-1 s=STATE_NONE l=0).mark_down
2023-06-23T01:01:47.363 INFO:teuthology.orchestra.run.smithi046.stdout:/usr/bin/ceph: stderr
2023-06-23T01:01:46.728+0000 7f3e9749f700 1 -- 172.21.15.46:0/2379868755 shutdown_connections
2023-06-23T01:01:47.363 INFO:teuthology.orchestra.run.smithi046.stdout:/usr/bin/ceph: stderr
2023-06-23T01:01:46.728+0000 7f3e9749f700 1 -- 172.21.15.46:0/2379868755 wait complete.
2023-06-23T01:01:47.363 INFO:teuthology.orchestra.run.smithi046.stdout:/usr/bin/ceph: stderr
2023-06-23T01:01:46.729+0000 7f3e9749f700 1 Processor -- start
2023-06-23T01:01:47.363 INFO:teuthology.orchestra.run.smithi046.stdout:/usr/bin/ceph: stderr
2023-06-23T01:01:46.729+0000 7f3e9749f700 1 -- start start
2023-06-23T01:01:47.363 INFO:teuthology.orchestra.run.smithi046.stdout:/usr/bin/ceph: stderr
2023-06-23T01:01:46.729+0000 7f3e9749f700 1 --2- >> [v2:172.21.15.46:3300/0,v1:172.21.15.46:6789/0] conn(0x7f3e901037a0 0x7f3e90110e30 unknown :-1 s=NONE pgs=0 cs=0 l=1 rev1=0 crypto rx=0 tx=0 comp rx=0 tx=0).connect
2023-06-23T01:01:47.363 INFO:teuthology.orchestra.run.smithi046.stdout:/usr/bin/ceph: stderr
2023-06-23T01:01:46.729+0000 7f3e9749f700 1 -- --> [v2:172.21.15.46:3300/0,v1:172.21.15.46:6789/0] -- mon_getmap magic: 0 v1 -- 0x7f3e90111370 con 0x7f3e901037a0
2023-06-23T01:01:47.363 INFO:teuthology.orchestra.run.smithi046.stdout:/usr/bin/ceph: stderr
2023-06-23T01:01:46.729+0000 7f3e9523b700 1 --2- >> [v2:172.21.15.46:3300/0,v1:172.21.15.46:6789/0] conn(0x7f3e901037a0 0x7f3e90110e30 unknown :-1 s=BANNER_CONNECTING pgs=0 cs=0 l=1 rev1=0 crypto rx=0 tx=0 comp rx=0 tx=0)._handle_peer_banner_payload supported=3 required=0
2023-06-23T01:01:47.364 INFO:teuthology.orchestra.run.smithi046.stdout:/usr/bin/ceph: stderr
2023-06-23T01:01:46.729+0000 7f3e9523b700 1 --2- >> [v2:172.21.15.46:3300/0,v1:172.21.15.46:6789/0] conn(0x7f3e901037a0 0x7f3e90110e30 unknown :-1 s=HELLO_CONNECTING pgs=0 cs=0 l=1 rev1=1 crypto rx=0 tx=0 comp rx=0 tx=0).handle_hello peer v2:172.21.15.46:3300/0 says I am v2:172.21.15.46:47664/0 (socket says 172.21.15.46:47664)
2023-06-23T01:01:47.364 INFO:teuthology.orchestra.run.smithi046.stdout:/usr/bin/ceph: stderr
2023-06-23T01:01:46.729+0000 7f3e9523b700 1 -- 172.21.15.46:0/4015871008 learned_addr learned my addr 172.21.15.46:0/4015871008 (peer_addr_for_me v2:172.21.15.46:0/0)
2023-06-23T01:01:47.364 INFO:teuthology.orchestra.run.smithi046.stdout:/usr/bin/ceph: stderr
2023-06-23T01:01:46.729+0000 7f3e9523b700 1 -- 172.21.15.46:0/4015871008 --> [v2:172.21.15.46:3300/0,v1:172.21.15.46:6789/0] -- mon_subscribe({config=0+,monmap=0+}) v3 -- 0x7f3e8c0094f0 con 0x7f3e901037a0
2023-06-23T01:01:47.364 INFO:teuthology.orchestra.run.smithi046.stdout:/usr/bin/ceph: stderr
2023-06-23T01:01:46.730+0000 7f3e9523b700 1 --2- 172.21.15.46:0/4015871008 >> [v2:172.21.15.46:3300/0,v1:172.21.15.46:6789/0] conn(0x7f3e901037a0 0x7f3e90110e30 secure :-1 s=READY pgs=54 cs=0 l=1 rev1=1 crypto rx=0x7f3e8c006fd0 tx=0x7f3e8c009250 comp rx=0 tx=0).ready entity=mon.0 client_cookie=0 server_cookie=0 in_seq=0 out_seq=0
2023-06-23T01:01:47.364 INFO:teuthology.orchestra.run.smithi046.stdout:/usr/bin/ceph: stderr
2023-06-23T01:01:46.730+0000 7f3e85ffb700 1 -- 172.21.15.46:0/4015871008 <== mon.0 v2:172.21.15.46:3300/0 1 ==== mon_map magic: 0 v1 ==== 205+0+0 (secure 0 0 0) 0x7f3e8c01a670 con 0x7f3e901037a0
2023-06-23T01:01:47.364 INFO:teuthology.orchestra.run.smithi046.stdout:/usr/bin/ceph: stderr
2023-06-23T01:01:46.730+0000 7f3e85ffb700 1 -- 172.21.15.46:0/4015871008 <== mon.0 v2:172.21.15.46:3300/0 2 ==== config(25 keys) v1 ==== 1067+0+0 (secure 0 0 0) 0x7f3e8c01ac70 con 0x7f3e901037a0
2023-06-23T01:01:47.364 INFO:teuthology.orchestra.run.smithi046.stdout:/usr/bin/ceph: stderr
2023-06-23T01:01:46.730+0000 7f3e9749f700 1 -- 172.21.15.46:0/4015871008 --> [v2:172.21.15.46:3300/0,v1:172.21.15.46:6789/0] -- mon_subscribe({mgrmap=0+}) v3 -- 0x7f3e90111570 con 0x7f3e901037a0
2023-06-23T01:01:47.365 INFO:teuthology.orchestra.run.smithi046.stdout:/usr/bin/ceph: stderr
2023-06-23T01:01:46.730+0000 7f3e85ffb700 1 -- 172.21.15.46:0/4015871008 <== mon.0 v2:172.21.15.46:3300/0 3 ==== mon_map magic: 0 v1 ==== 205+0+0 (secure 0 0 0) 0x7f3e8c022a70 con 0x7f3e901037a0
2023-06-23T01:01:47.365 INFO:teuthology.orchestra.run.smithi046.stdout:/usr/bin/ceph: stderr
2023-06-23T01:01:46.730+0000 7f3e9749f700 1 -- 172.21.15.46:0/4015871008 --> [v2:172.21.15.46:3300/0,v1:172.21.15.46:6789/0] -- mon_subscribe({osdmap=0}) v3 -- 0x7f3e90112130 con 0x7f3e901037a0
2023-06-23T01:01:47.365 INFO:teuthology.orchestra.run.smithi046.stdout:/usr/bin/ceph: stderr
2023-06-23T01:01:46.731+0000 7f3e85ffb700 1 -- 172.21.15.46:0/4015871008 <== mon.0 v2:172.21.15.46:3300/0 4 ==== mgrmap(e 8) v1 ==== 43219+0+0 (secure 0 0 0) 0x7f3e8c022cb0 con 0x7f3e901037a0
2023-06-23T01:01:47.365 INFO:teuthology.orchestra.run.smithi046.stdout:/usr/bin/ceph: stderr
2023-06-23T01:01:46.731+0000 7f3e9749f700 1 -- 172.21.15.46:0/4015871008 --> [v2:172.21.15.46:3300/0,v1:172.21.15.46:6789/0] -- mon_command({"prefix": "get_command_descriptions"} v 0) v1 -- 0x7f3e9005f060 con 0x7f3e901037a0
2023-06-23T01:01:47.365 INFO:teuthology.orchestra.run.smithi046.stdout:/usr/bin/ceph: stderr
2023-06-23T01:01:46.731+0000 7f3e85ffb700 1 --2- 172.21.15.46:0/4015871008 >> [v2:172.21.15.46:6800/2331157358,v1:172.21.15.46:6801/2331157358] conn(0x7f3e7c036560 0x7f3e7c038a10 unknown :-1 s=NONE pgs=0 cs=0 l=1 rev1=0 crypto rx=0 tx=0 comp rx=0 tx=0).connect
2023-06-23T01:01:47.365 INFO:teuthology.orchestra.run.smithi046.stdout:/usr/bin/ceph: stderr
2023-06-23T01:01:46.731+0000 7f3e85ffb700 1 -- 172.21.15.46:0/4015871008 <== mon.0 v2:172.21.15.46:3300/0 5 ==== osd_map(2..2 src has 1..2) v4 ==== 936+0+0 (secure 0 0 0) 0x7f3e8c049cf0 con 0x7f3e901037a0
2023-06-23T01:01:47.365 INFO:teuthology.orchestra.run.smithi046.stdout:/usr/bin/ceph: stderr
2023-06-23T01:01:46.731+0000 7f3e94a3a700 1 --2- 172.21.15.46:0/4015871008 >> [v2:172.21.15.46:6800/2331157358,v1:172.21.15.46:6801/2331157358] conn(0x7f3e7c036560 0x7f3e7c038a10 unknown :-1 s=BANNER_CONNECTING pgs=0 cs=0 l=1 rev1=0 crypto rx=0 tx=0 comp rx=0 tx=0)._handle_peer_banner_payload supported=3 required=0
2023-06-23T01:01:47.366 INFO:teuthology.orchestra.run.smithi046.stdout:/usr/bin/ceph: stderr
2023-06-23T01:01:46.732+0000 7f3e94a3a700 1 --2- 172.21.15.46:0/4015871008 >> [v2:172.21.15.46:6800/2331157358,v1:172.21.15.46:6801/2331157358] conn(0x7f3e7c036560 0x7f3e7c038a10 secure :-1 s=READY pgs=15 cs=0 l=1 rev1=1 crypto rx=0x7f3e80009990 tx=0x7f3e80006e40 comp rx=0 tx=0).ready entity=mgr.14120 client_cookie=0 server_cookie=0 in_seq=0 out_seq=0
2023-06-23T01:01:47.366 INFO:teuthology.orchestra.run.smithi046.stdout:/usr/bin/ceph: stderr
2023-06-23T01:01:46.736+0000 7f3e85ffb700 1 -- 172.21.15.46:0/4015871008 <== mon.0 v2:172.21.15.46:3300/0 6 ==== mon_command_ack([{"prefix": "get_command_descriptions"}]=0 v0) v1 ==== 72+0+174561 (secure 0 0 0) 0x7f3e8c04e070 con 0x7f3e901037a0
2023-06-23T01:01:47.366 INFO:teuthology.orchestra.run.smithi046.stdout:/usr/bin/ceph: stderr
2023-06-23T01:01:46.932+0000 7f3e9749f700 1 -- 172.21.15.46:0/4015871008 --> [v2:172.21.15.46:3300/0,v1:172.21.15.46:6789/0] -- mon_command([{prefix=config set, name=mgr/dashboard/ssl_server_port}] v 0) v1 -- 0x7f3e9004b970 con 0x7f3e901037a0
2023-06-23T01:01:47.366 INFO:teuthology.orchestra.run.smithi046.stdout:/usr/bin/ceph: stderr
2023-06-23T01:01:46.935+0000 7f3e85ffb700 1 -- 172.21.15.46:0/4015871008 <== mon.0 v2:172.21.15.46:3300/0 7 ==== mon_command_ack([{prefix=config set, name=mgr/dashboard/ssl_server_port}]=0 v8)=0 v8) v1 ==== 130+0+0 (secure 0 0 0) 0x7f3e8c01e030 con 0x7f3e901037a0
2023-06-23T01:01:47.366 INFO:teuthology.orchestra.run.smithi046.stdout:/usr/bin/ceph: stderr
2023-06-23T01:01:46.937+0000 7f3e9749f700 1 -- 172.21.15.46:0/4015871008 >> [v2:172.21.15.46:6800/2331157358,v1:172.21.15.46:6801/2331157358] conn(0x7f3e7c036560 msgr2=0x7f3e7c038a10 secure :-1 s=STATE_CONNECTION_ESTABLISHED l=1).mark_down
2023-06-23T01:01:47.366 INFO:teuthology.orchestra.run.smithi046.stdout:/usr/bin/ceph: stderr
2023-06-23T01:01:46.937+0000 7f3e9749f700 1 --2- 172.21.15.46:0/4015871008 >> [v2:172.21.15.46:6800/2331157358,v1:172.21.15.46:6801/2331157358] conn(0x7f3e7c036560 0x7f3e7c038a10 secure :-1 s=READY pgs=15 cs=0 l=1 rev1=1 crypto rx=0x7f3e80009990 tx=0x7f3e80006e40 comp rx=0 tx=0).stop
2023-06-23T01:01:47.366 INFO:teuthology.orchestra.run.smithi046.stdout:/usr/bin/ceph: stderr
2023-06-23T01:01:46.937+0000 7f3e9749f700 1 -- 172.21.15.46:0/4015871008 >> [v2:172.21.15.46:3300/0,v1:172.21.15.46:6789/0] conn(0x7f3e901037a0 msgr2=0x7f3e90110e30 secure :-1 s=STATE_CONNECTION_ESTABLISHED l=1).mark_down
2023-06-23T01:01:47.367 INFO:teuthology.orchestra.run.smithi046.stdout:/usr/bin/ceph: stderr
2023-06-23T01:01:46.937+0000 7f3e9749f700 1 --2- 172.21.15.46:0/4015871008 >> [v2:172.21.15.46:3300/0,v1:172.21.15.46:6789/0] conn(0x7f3e901037a0 0x7f3e90110e30 secure :-1 s=READY pgs=54 cs=0 l=1 rev1=1 crypto rx=0x7f3e8c006fd0 tx=0x7f3e8c009250 comp rx=0 tx=0).stop
2023-06-23T01:01:47.367 INFO:teuthology.orchestra.run.smithi046.stdout:/usr/bin/ceph: stderr
2023-06-23T01:01:46.937+0000 7f3e9749f700 1 -- 172.21.15.46:0/4015871008 shutdown_connections
2023-06-23T01:01:47.367 INFO:teuthology.orchestra.run.smithi046.stdout:/usr/bin/ceph: stderr
2023-06-23T01:01:46.937+0000 7f3e9749f700 1 --2- 172.21.15.46:0/4015871008 >> [v2:172.21.15.46:6800/2331157358,v1:172.21.15.46:6801/2331157358] conn(0x7f3e7c036560 0x7f3e7c038a10 unknown :-1 s=CLOSED pgs=15 cs=0 l=1 rev1=1 crypto rx=0 tx=0 comp rx=0 tx=0).stop
2023-06-23T01:01:47.367 INFO:teuthology.orchestra.run.smithi046.stdout:/usr/bin/ceph: stderr
2023-06-23T01:01:46.937+0000 7f3e9749f700 1 --2- 172.21.15.46:0/4015871008 >> [v2:172.21.15.46:3300/0,v1:172.21.15.46:6789/0] conn(0x7f3e901037a0 0x7f3e90110e30 unknown :-1 s=CLOSED pgs=54 cs=0 l=1 rev1=1 crypto rx=0 tx=0 comp rx=0 tx=0).stop
2023-06-23T01:01:47.367 INFO:teuthology.orchestra.run.smithi046.stdout:/usr/bin/ceph: stderr
2023-06-23T01:01:46.937+0000 7f3e9749f700 1 -- 172.21.15.46:0/4015871008 >> 172.21.15.46:0/4015871008 conn(0x7f3e900fbf90 msgr2=0x7f3e900fcc50 unknown :-1 s=STATE_NONE l=0).mark_down
2023-06-23T01:01:47.367 INFO:teuthology.orchestra.run.smithi046.stdout:/usr/bin/ceph: stderr
2023-06-23T01:01:46.938+0000 7f3e9749f700 1 -- 172.21.15.46:0/4015871008 shutdown_connections
2023-06-23T01:01:47.368 INFO:teuthology.orchestra.run.smithi046.stdout:/usr/bin/ceph: stderr
2023-06-23T01:01:46.938+0000 7f3e9749f700 1 -- 172.21.15.46:0/4015871008 wait complete.
2023-06-23T01:01:47.368 INFO:teuthology.orchestra.run.smithi046.stdout:Enabling the dashboard module...
2023-06-23T01:01:48.317 INFO:journalctl@ceph.mon.a.smithi046.stdout:Jun 23 01:01:47 smithi046 ceph-mon[84949]: from='client.? 172.21.15.46:0/4015871008' entity='client.admin'
2023-06-23T01:01:48.318 INFO:journalctl@ceph.mon.a.smithi046.stdout:Jun 23 01:01:47 smithi046 ceph-mon[84949]: from='mgr.14120 172.21.15.46:0/2933215491' entity='mgr.x'
2023-06-23T01:01:49.205 INFO:journalctl@ceph.mon.a.smithi046.stdout:Jun 23 01:01:48 smithi046 ceph-mon[84949]: from='client.? 172.21.15.46:0/3135666210' entity='client.admin' cmd=[{"prefix": "mgr module enable", "module": "dashboard"}]: dispatch
2023-06-23T01:01:49.205 INFO:journalctl@ceph.mon.a.smithi046.stdout:Jun 23 01:01:48 smithi046 ceph-mon[84949]: from='mgr.14120 172.21.15.46:0/2933215491' entity='mgr.x'
2023-06-23T01:01:49.206 INFO:journalctl@ceph.mgr.x.smithi046.stdout:Jun 23 01:01:48 smithi046 conmon[85362]: ignoring --setuser ceph since I am not root
2023-06-23T01:01:49.206 INFO:journalctl@ceph.mgr.x.smithi046.stdout:Jun 23 01:01:48 smithi046 conmon[85362]: ignoring --setgroup ceph since I am not root
2023-06-23T01:01:49.399 INFO:teuthology.orchestra.run.smithi046.stdout:/usr/bin/ceph: stderr
2023-06-23T01:01:47.827+0000 7fc604bb6700 1 Processor -- start
2023-06-23T01:01:49.399 INFO:teuthology.orchestra.run.smithi046.stdout:/usr/bin/ceph: stderr
2023-06-23T01:01:47.827+0000 7fc604bb6700 1 -- start start
2023-06-23T01:01:49.400 INFO:teuthology.orchestra.run.smithi046.stdout:/usr/bin/ceph: stderr
2023-06-23T01:01:47.827+0000 7fc604bb6700 1 --2- >> [v2:172.21.15.46:3300/0,v1:172.21.15.46:6789/0] conn(0x7fc600101020 0x7fc600101430 unknown :-1 s=NONE pgs=0 cs=0 l=0 rev1=0 crypto rx=0 tx=0 comp rx=0 tx=0).connect
2023-06-23T01:01:49.400 INFO:teuthology.orchestra.run.smithi046.stdout:/usr/bin/ceph: stderr
2023-06-23T01:01:47.827+0000 7fc604bb6700 1 -- --> [v2:172.21.15.46:3300/0,v1:172.21.15.46:6789/0] -- mon_getmap magic: 0 v1 -- 0x7fc600101970 con 0x7fc600101020
2023-06-23T01:01:49.400 INFO:teuthology.orchestra.run.smithi046.stdout:/usr/bin/ceph: stderr
2023-06-23T01:01:47.827+0000 7fc5fe59c700 1 --2- >> [v2:172.21.15.46:3300/0,v1:172.21.15.46:6789/0] conn(0x7fc600101020 0x7fc600101430 unknown :-1 s=BANNER_CONNECTING pgs=0 cs=0 l=0 rev1=0 crypto rx=0 tx=0 comp rx=0 tx=0)._handle_peer_banner_payload supported=3 required=0
2023-06-23T01:01:49.400 INFO:teuthology.orchestra.run.smithi046.stdout:/usr/bin/ceph: stderr
2023-06-23T01:01:47.827+0000 7fc5fe59c700 1 --2- >> [v2:172.21.15.46:3300/0,v1:172.21.15.46:6789/0] conn(0x7fc600101020 0x7fc600101430 unknown :-1 s=HELLO_CONNECTING pgs=0 cs=0 l=0 rev1=1 crypto rx=0 tx=0 comp rx=0 tx=0).handle_hello peer v2:172.21.15.46:3300/0 says I am v2:172.21.15.46:47666/0 (socket says 172.21.15.46:47666)
2023-06-23T01:01:49.400 INFO:teuthology.orchestra.run.smithi046.stdout:/usr/bin/ceph: stderr
2023-06-23T01:01:47.827+0000 7fc5fe59c700 1 -- 172.21.15.46:0/1111393208 learned_addr learned my addr 172.21.15.46:0/1111393208 (peer_addr_for_me v2:172.21.15.46:0/0)
2023-06-23T01:01:49.400 INFO:teuthology.orchestra.run.smithi046.stdout:/usr/bin/ceph: stderr
2023-06-23T01:01:47.828+0000 7fc5fe59c700 1 -- 172.21.15.46:0/1111393208 --> [v2:172.21.15.46:3300/0,v1:172.21.15.46:6789/0] -- mon_subscribe({config=0+,monmap=0+}) v3 -- 0x7fc600101ab0 con 0x7fc600101020
2023-06-23T01:01:49.400 INFO:teuthology.orchestra.run.smithi046.stdout:/usr/bin/ceph: stderr
2023-06-23T01:01:47.828+0000 7fc5fe59c700 1 --2- 172.21.15.46:0/1111393208 >> [v2:172.21.15.46:3300/0,v1:172.21.15.46:6789/0] conn(0x7fc600101020 0x7fc600101430 secure :-1 s=READY pgs=55 cs=0 l=1 rev1=1 crypto rx=0x7fc5f000bb80 tx=0x7fc5f000b4f0 comp rx=0 tx=0).ready entity=mon.0 client_cookie=31c06d63d99a813d server_cookie=0 in_seq=0 out_seq=0
2023-06-23T01:01:49.401 INFO:teuthology.orchestra.run.smithi046.stdout:/usr/bin/ceph: stderr
2023-06-23T01:01:47.828+0000 7fc5fd59a700 1 -- 172.21.15.46:0/1111393208 <== mon.0 v2:172.21.15.46:3300/0 1 ==== mon_map magic: 0 v1 ==== 205+0+0 (secure 0 0 0) 0x7fc5f000dba0 con 0x7fc600101020
2023-06-23T01:01:49.401 INFO:teuthology.orchestra.run.smithi046.stdout:/usr/bin/ceph: stderr
2023-06-23T01:01:47.828+0000 7fc5fd59a700 1 -- 172.21.15.46:0/1111393208 <== mon.0 v2:172.21.15.46:3300/0 2 ==== config(25 keys) v1 ==== 1067+0+0 (secure 0 0 0) 0x7fc5f000dd00 con 0x7fc600101020
2023-06-23T01:01:49.401 INFO:teuthology.orchestra.run.smithi046.stdout:/usr/bin/ceph: stderr
2023-06-23T01:01:47.828+0000 7fc5fd59a700 1 -- 172.21.15.46:0/1111393208 <== mon.0 v2:172.21.15.46:3300/0 3 ==== mon_map magic: 0 v1 ==== 205+0+0 (secure 0 0 0) 0x7fc5f00185e0 con 0x7fc600101020
2023-06-23T01:01:49.401 INFO:teuthology.orchestra.run.smithi046.stdout:/usr/bin/ceph: stderr
2023-06-23T01:01:47.828+0000 7fc604bb6700 1 -- 172.21.15.46:0/1111393208 >> [v2:172.21.15.46:3300/0,v1:172.21.15.46:6789/0] conn(0x7fc600101020 msgr2=0x7fc600101430 secure :-1 s=STATE_CONNECTION_ESTABLISHED l=1).mark_down
2023-06-23T01:01:49.401 INFO:teuthology.orchestra.run.smithi046.stdout:/usr/bin/ceph: stderr
2023-06-23T01:01:47.829+0000 7fc604bb6700 1 --2- 172.21.15.46:0/1111393208 >> [v2:172.21.15.46:3300/0,v1:172.21.15.46:6789/0] conn(0x7fc600101020 0x7fc600101430 secure :-1 s=READY pgs=55 cs=0 l=1 rev1=1 crypto rx=0x7fc5f000bb80 tx=0x7fc5f000b4f0 comp rx=0 tx=0).stop
2023-06-23T01:01:49.401 INFO:teuthology.orchestra.run.smithi046.stdout:/usr/bin/ceph: stderr
2023-06-23T01:01:47.829+0000 7fc604bb6700 1 -- 172.21.15.46:0/1111393208 shutdown_connections
2023-06-23T01:01:49.401 INFO:teuthology.orchestra.run.smithi046.stdout:/usr/bin/ceph: stderr
2023-06-23T01:01:47.829+0000 7fc604bb6700 1 --2- 172.21.15.46:0/1111393208 >> [v2:172.21.15.46:3300/0,v1:172.21.15.46:6789/0] conn(0x7fc600101020 0x7fc600101430 unknown :-1 s=CLOSED pgs=55 cs=0 l=1 rev1=1 crypto rx=0 tx=0 comp rx=0 tx=0).stop
2023-06-23T01:01:49.402 INFO:teuthology.orchestra.run.smithi046.stdout:/usr/bin/ceph: stderr
2023-06-23T01:01:47.829+0000 7fc604bb6700 1 -- 172.21.15.46:0/1111393208 >> 172.21.15.46:0/1111393208 conn(0x7fc6000fc7e0 msgr2=0x7fc6000febf0 unknown :-1 s=STATE_NONE l=0).mark_down
2023-06-23T01:01:49.402 INFO:teuthology.orchestra.run.smithi046.stdout:/usr/bin/ceph: stderr
2023-06-23T01:01:47.829+0000 7fc604bb6700 1 -- 172.21.15.46:0/1111393208 shutdown_connections
2023-06-23T01:01:49.402 INFO:teuthology.orchestra.run.smithi046.stdout:/usr/bin/ceph: stderr
2023-06-23T01:01:47.829+0000 7fc604bb6700 1 -- 172.21.15.46:0/1111393208 wait complete.
2023-06-23T01:01:49.402 INFO:teuthology.orchestra.run.smithi046.stdout:/usr/bin/ceph: stderr
2023-06-23T01:01:47.829+0000 7fc604bb6700 1 Processor -- start
2023-06-23T01:01:49.402 INFO:teuthology.orchestra.run.smithi046.stdout:/usr/bin/ceph: stderr
2023-06-23T01:01:47.830+0000 7fc604bb6700 1 -- start start
2023-06-23T01:01:49.402 INFO:teuthology.orchestra.run.smithi046.stdout:/usr/bin/ceph: stderr
2023-06-23T01:01:47.830+0000 7fc604bb6700 1 --2- >> [v2:172.21.15.46:3300/0,v1:172.21.15.46:6789/0] conn(0x7fc600101020 0x7fc60010eb70 unknown :-1 s=NONE pgs=0 cs=0 l=1 rev1=0 crypto rx=0 tx=0 comp rx=0 tx=0).connect
2023-06-23T01:01:49.403 INFO:teuthology.orchestra.run.smithi046.stdout:/usr/bin/ceph: stderr
2023-06-23T01:01:47.830+0000 7fc604bb6700 1 -- --> [v2:172.21.15.46:3300/0,v1:172.21.15.46:6789/0] -- mon_getmap magic: 0 v1 -- 0x7fc60010f0b0 con 0x7fc600101020
2023-06-23T01:01:49.403 INFO:teuthology.orchestra.run.smithi046.stdout:/usr/bin/ceph: stderr
2023-06-23T01:01:47.830+0000 7fc5fe59c700 1 --2- >> [v2:172.21.15.46:3300/0,v1:172.21.15.46:6789/0] conn(0x7fc600101020 0x7fc60010eb70 unknown :-1 s=BANNER_CONNECTING pgs=0 cs=0 l=1 rev1=0 crypto rx=0 tx=0 comp rx=0 tx=0)._handle_peer_banner_payload supported=3 required=0
2023-06-23T01:01:49.403 INFO:teuthology.orchestra.run.smithi046.stdout:/usr/bin/ceph: stderr
2023-06-23T01:01:47.830+0000 7fc5fe59c700 1 --2- >> [v2:172.21.15.46:3300/0,v1:172.21.15.46:6789/0] conn(0x7fc600101020 0x7fc60010eb70 unknown :-1 s=HELLO_CONNECTING pgs=0 cs=0 l=1 rev1=1 crypto rx=0 tx=0 comp rx=0 tx=0).handle_hello peer v2:172.21.15.46:3300/0 says I am v2:172.21.15.46:47668/0 (socket says 172.21.15.46:47668)
2023-06-23T01:01:49.403 INFO:teuthology.orchestra.run.smithi046.stdout:/usr/bin/ceph: stderr
2023-06-23T01:01:47.830+0000 7fc5fe59c700 1 -- 172.21.15.46:0/3135666210 learned_addr learned my addr 172.21.15.46:0/3135666210 (peer_addr_for_me v2:172.21.15.46:0/0)
2023-06-23T01:01:49.403 INFO:teuthology.orchestra.run.smithi046.stdout:/usr/bin/ceph: stderr
2023-06-23T01:01:47.830+0000 7fc5fe59c700 1 -- 172.21.15.46:0/3135666210 --> [v2:172.21.15.46:3300/0,v1:172.21.15.46:6789/0] -- mon_subscribe({config=0+,monmap=0+}) v3 -- 0x7fc5f000b790 con 0x7fc600101020
2023-06-23T01:01:49.403 INFO:teuthology.orchestra.run.smithi046.stdout:/usr/bin/ceph: stderr
2023-06-23T01:01:47.830+0000 7fc5fe59c700 1 --2- 172.21.15.46:0/3135666210 >> [v2:172.21.15.46:3300/0,v1:172.21.15.46:6789/0] conn(0x7fc600101020 0x7fc60010eb70 secure :-1 s=READY pgs=56 cs=0 l=1 rev1=1 crypto rx=0x7fc5f000b760 tx=0x7fc5f000b4f0 comp rx=0 tx=0).ready entity=mon.0 client_cookie=0 server_cookie=0 in_seq=0 out_seq=0
2023-06-23T01:01:49.403 INFO:teuthology.orchestra.run.smithi046.stdout:/usr/bin/ceph: stderr
2023-06-23T01:01:47.831+0000 7fc5eeffd700 1 -- 172.21.15.46:0/3135666210 <== mon.0 v2:172.21.15.46:3300/0 1 ==== mon_map magic: 0 v1 ==== 205+0+0 (secure 0 0 0) 0x7fc5f0010750 con 0x7fc600101020
2023-06-23T01:01:49.404 INFO:teuthology.orchestra.run.smithi046.stdout:/usr/bin/ceph: stderr
2023-06-23T01:01:47.831+0000 7fc604bb6700 1 -- 172.21.15.46:0/3135666210 --> [v2:172.21.15.46:3300/0,v1:172.21.15.46:6789/0] -- mon_subscribe({mgrmap=0+}) v3 -- 0x7fc60010f2b0 con 0x7fc600101020
2023-06-23T01:01:49.404 INFO:teuthology.orchestra.run.smithi046.stdout:/usr/bin/ceph: stderr
2023-06-23T01:01:47.831+0000 7fc5eeffd700 1 -- 172.21.15.46:0/3135666210 <== mon.0 v2:172.21.15.46:3300/0 2 ==== config(25 keys) v1 ==== 1067+0+0 (secure 0 0 0) 0x7fc5f001d040 con 0x7fc600101020
2023-06-23T01:01:49.404 INFO:teuthology.orchestra.run.smithi046.stdout:/usr/bin/ceph: stderr
2023-06-23T01:01:47.831+0000 7fc5eeffd700 1 -- 172.21.15.46:0/3135666210 <== mon.0 v2:172.21.15.46:3300/0 3 ==== mon_map magic: 0 v1 ==== 205+0+0 (secure 0 0 0) 0x7fc5f0020390 con 0x7fc600101020
2023-06-23T01:01:49.404 INFO:teuthology.orchestra.run.smithi046.stdout:/usr/bin/ceph: stderr
2023-06-23T01:01:47.831+0000 7fc604bb6700 1 -- 172.21.15.46:0/3135666210 --> [v2:172.21.15.46:3300/0,v1:172.21.15.46:6789/0] -- mon_subscribe({osdmap=0}) v3 -- 0x7fc60010ff50 con 0x7fc600101020
2023-06-23T01:01:49.404 INFO:teuthology.orchestra.run.smithi046.stdout:/usr/bin/ceph: stderr
2023-06-23T01:01:47.831+0000 7fc5eeffd700 1 -- 172.21.15.46:0/3135666210 <== mon.0 v2:172.21.15.46:3300/0 4 ==== mgrmap(e 8) v1 ==== 43219+0+0 (secure 0 0 0) 0x7fc5f0020650 con 0x7fc600101020
2023-06-23T01:01:49.404 INFO:teuthology.orchestra.run.smithi046.stdout:/usr/bin/ceph: stderr
