2023-06-23T01:11:29.940+0000 7fb3f5f7c700 1 --2- >> [v2:172.21.15.120:3300/0,v1:172.21.15.120:6789/0] conn(0x7fb3f0102270 0x7fb3f0102680 unknown :-1 s=BANNER_CONNECTING pgs=0 cs=0 l=0 rev1=0 crypto rx=0 tx=0 comp rx=0 tx=0)._handle_peer_banner_payload supported=3 required=0
2023-06-23T01:11:31.183 INFO:teuthology.orchestra.run.smithi120.stdout:/usr/bin/ceph: stderr
2023-06-23T01:11:29.940+0000 7fb3f5f7c700 1 --2- >> [v2:172.21.15.120:3300/0,v1:172.21.15.120:6789/0] conn(0x7fb3f0102270 0x7fb3f0102680 unknown :-1 s=HELLO_CONNECTING pgs=0 cs=0 l=0 rev1=1 crypto rx=0 tx=0 comp rx=0 tx=0).handle_hello peer v2:172.21.15.120:3300/0 says I am v2:172.21.15.120:33734/0 (socket says 172.21.15.120:33734)
2023-06-23T01:11:31.184 INFO:teuthology.orchestra.run.smithi120.stdout:/usr/bin/ceph: stderr
2023-06-23T01:11:29.940+0000 7fb3f5f7c700 1 -- 172.21.15.120:0/1731121662 learned_addr learned my addr 172.21.15.120:0/1731121662 (peer_addr_for_me v2:172.21.15.120:0/0)
2023-06-23T01:11:31.184 INFO:teuthology.orchestra.run.smithi120.stdout:/usr/bin/ceph: stderr
2023-06-23T01:11:29.940+0000 7fb3f5f7c700 1 -- 172.21.15.120:0/1731121662 --> [v2:172.21.15.120:3300/0,v1:172.21.15.120:6789/0] -- mon_subscribe({config=0+,monmap=0+}) v3 -- 0x7fb3f0102d00 con 0x7fb3f0102270
2023-06-23T01:11:31.184 INFO:teuthology.orchestra.run.smithi120.stdout:/usr/bin/ceph: stderr
2023-06-23T01:11:29.940+0000 7fb3f5f7c700 1 --2- 172.21.15.120:0/1731121662 >> [v2:172.21.15.120:3300/0,v1:172.21.15.120:6789/0] conn(0x7fb3f0102270 0x7fb3f0102680 secure :-1 s=READY pgs=55 cs=0 l=1 rev1=1 crypto rx=0x7fb3ec0098e0 tx=0x7fb3ec009250 comp rx=0 tx=0).ready entity=mon.0 client_cookie=5334efe3a4101e35 server_cookie=0 in_seq=0 out_seq=0
2023-06-23T01:11:31.184 INFO:teuthology.orchestra.run.smithi120.stdout:/usr/bin/ceph: stderr
2023-06-23T01:11:29.941+0000 7fb3f4f7a700 1 -- 172.21.15.120:0/1731121662 <== mon.0 v2:172.21.15.120:3300/0 1 ==== mon_map magic: 0 v1 ==== 205+0+0 (secure 0 0 0) 0x7fb3ec009e80 con 0x7fb3f0102270
2023-06-23T01:11:31.184 INFO:teuthology.orchestra.run.smithi120.stdout:/usr/bin/ceph: stderr
2023-06-23T01:11:29.941+0000 7fb3f4f7a700 1 -- 172.21.15.120:0/1731121662 <== mon.0 v2:172.21.15.120:3300/0 2 ==== config(26 keys) v1 ==== 1105+0+0 (secure 0 0 0) 0x7fb3ec00bd30 con 0x7fb3f0102270
2023-06-23T01:11:31.185 INFO:teuthology.orchestra.run.smithi120.stdout:/usr/bin/ceph: stderr
2023-06-23T01:11:29.941+0000 7fb3f4f7a700 1 -- 172.21.15.120:0/1731121662 <== mon.0 v2:172.21.15.120:3300/0 3 ==== mon_map magic: 0 v1 ==== 205+0+0 (secure 0 0 0) 0x7fb3ec011ca0 con 0x7fb3f0102270
2023-06-23T01:11:31.185 INFO:teuthology.orchestra.run.smithi120.stdout:/usr/bin/ceph: stderr
2023-06-23T01:11:29.941+0000 7fb3f81e0700 1 -- 172.21.15.120:0/1731121662 >> [v2:172.21.15.120:3300/0,v1:172.21.15.120:6789/0] conn(0x7fb3f0102270 msgr2=0x7fb3f0102680 secure :-1 s=STATE_CONNECTION_ESTABLISHED l=1).mark_down
2023-06-23T01:11:31.185 INFO:teuthology.orchestra.run.smithi120.stdout:/usr/bin/ceph: stderr
2023-06-23T01:11:29.941+0000 7fb3f81e0700 1 --2- 172.21.15.120:0/1731121662 >> [v2:172.21.15.120:3300/0,v1:172.21.15.120:6789/0] conn(0x7fb3f0102270 0x7fb3f0102680 secure :-1 s=READY pgs=55 cs=0 l=1 rev1=1 crypto rx=0x7fb3ec0098e0 tx=0x7fb3ec009250 comp rx=0 tx=0).stop
2023-06-23T01:11:31.185 INFO:teuthology.orchestra.run.smithi120.stdout:/usr/bin/ceph: stderr
2023-06-23T01:11:29.941+0000 7fb3f81e0700 1 -- 172.21.15.120:0/1731121662 shutdown_connections
2023-06-23T01:11:31.185 INFO:teuthology.orchestra.run.smithi120.stdout:/usr/bin/ceph: stderr
2023-06-23T01:11:29.941+0000 7fb3f81e0700 1 --2- 172.21.15.120:0/1731121662 >> [v2:172.21.15.120:3300/0,v1:172.21.15.120:6789/0] conn(0x7fb3f0102270 0x7fb3f0102680 unknown :-1 s=CLOSED pgs=55 cs=0 l=1 rev1=1 crypto rx=0 tx=0 comp rx=0 tx=0).stop
2023-06-23T01:11:31.185 INFO:teuthology.orchestra.run.smithi120.stdout:/usr/bin/ceph: stderr
2023-06-23T01:11:29.941+0000 7fb3f81e0700 1 -- 172.21.15.120:0/1731121662 >> 172.21.15.120:0/1731121662 conn(0x7fb3f00fd9f0 msgr2=0x7fb3f00ffe00 unknown :-1 s=STATE_NONE l=0).mark_down
2023-06-23T01:11:31.186 INFO:teuthology.orchestra.run.smithi120.stdout:/usr/bin/ceph: stderr
2023-06-23T01:11:29.941+0000 7fb3f81e0700 1 -- 172.21.15.120:0/1731121662 shutdown_connections
2023-06-23T01:11:31.186 INFO:teuthology.orchestra.run.smithi120.stdout:/usr/bin/ceph: stderr
2023-06-23T01:11:29.941+0000 7fb3f81e0700 1 -- 172.21.15.120:0/1731121662 wait complete.
2023-06-23T01:11:31.186 INFO:teuthology.orchestra.run.smithi120.stdout:/usr/bin/ceph: stderr
2023-06-23T01:11:29.942+0000 7fb3f81e0700 1 Processor -- start
2023-06-23T01:11:31.186 INFO:teuthology.orchestra.run.smithi120.stdout:/usr/bin/ceph: stderr
2023-06-23T01:11:29.942+0000 7fb3f81e0700 1 -- start start
2023-06-23T01:11:31.186 INFO:teuthology.orchestra.run.smithi120.stdout:/usr/bin/ceph: stderr
2023-06-23T01:11:29.943+0000 7fb3f81e0700 1 --2- >> [v2:172.21.15.120:3300/0,v1:172.21.15.120:6789/0] conn(0x7fb3f0102270 0x7fb3f0110ed0 unknown :-1 s=NONE pgs=0 cs=0 l=1 rev1=0 crypto rx=0 tx=0 comp rx=0 tx=0).connect
2023-06-23T01:11:31.186 INFO:teuthology.orchestra.run.smithi120.stdout:/usr/bin/ceph: stderr
2023-06-23T01:11:29.943+0000 7fb3f81e0700 1 -- --> [v2:172.21.15.120:3300/0,v1:172.21.15.120:6789/0] -- mon_getmap magic: 0 v1 -- 0x7fb3f0111410 con 0x7fb3f0102270
2023-06-23T01:11:31.187 INFO:teuthology.orchestra.run.smithi120.stdout:/usr/bin/ceph: stderr
2023-06-23T01:11:29.943+0000 7fb3f5f7c700 1 --2- >> [v2:172.21.15.120:3300/0,v1:172.21.15.120:6789/0] conn(0x7fb3f0102270 0x7fb3f0110ed0 unknown :-1 s=BANNER_CONNECTING pgs=0 cs=0 l=1 rev1=0 crypto rx=0 tx=0 comp rx=0 tx=0)._handle_peer_banner_payload supported=3 required=0
2023-06-23T01:11:31.187 INFO:teuthology.orchestra.run.smithi120.stdout:/usr/bin/ceph: stderr
2023-06-23T01:11:29.943+0000 7fb3f5f7c700 1 --2- >> [v2:172.21.15.120:3300/0,v1:172.21.15.120:6789/0] conn(0x7fb3f0102270 0x7fb3f0110ed0 unknown :-1 s=HELLO_CONNECTING pgs=0 cs=0 l=1 rev1=1 crypto rx=0 tx=0 comp rx=0 tx=0).handle_hello peer v2:172.21.15.120:3300/0 says I am v2:172.21.15.120:33738/0 (socket says 172.21.15.120:33738)
2023-06-23T01:11:31.187 INFO:teuthology.orchestra.run.smithi120.stdout:/usr/bin/ceph: stderr
2023-06-23T01:11:29.943+0000 7fb3f5f7c700 1 -- 172.21.15.120:0/1327699352 learned_addr learned my addr 172.21.15.120:0/1327699352 (peer_addr_for_me v2:172.21.15.120:0/0)
2023-06-23T01:11:31.187 INFO:teuthology.orchestra.run.smithi120.stdout:/usr/bin/ceph: stderr
2023-06-23T01:11:29.943+0000 7fb3f5f7c700 1 -- 172.21.15.120:0/1327699352 --> [v2:172.21.15.120:3300/0,v1:172.21.15.120:6789/0] -- mon_subscribe({config=0+,monmap=0+}) v3 -- 0x7fb3ec0094f0 con 0x7fb3f0102270
2023-06-23T01:11:31.187 INFO:teuthology.orchestra.run.smithi120.stdout:/usr/bin/ceph: stderr
2023-06-23T01:11:29.943+0000 7fb3f5f7c700 1 --2- 172.21.15.120:0/1327699352 >> [v2:172.21.15.120:3300/0,v1:172.21.15.120:6789/0] conn(0x7fb3f0102270 0x7fb3f0110ed0 secure :-1 s=READY pgs=56 cs=0 l=1 rev1=1 crypto rx=0x7fb3ec006b00 tx=0x7fb3ec009250 comp rx=0 tx=0).ready entity=mon.0 client_cookie=0 server_cookie=0 in_seq=0 out_seq=0
2023-06-23T01:11:31.187 INFO:teuthology.orchestra.run.smithi120.stdout:/usr/bin/ceph: stderr
2023-06-23T01:11:29.944+0000 7fb3e67fc700 1 -- 172.21.15.120:0/1327699352 <== mon.0 v2:172.21.15.120:3300/0 1 ==== mon_map magic: 0 v1 ==== 205+0+0 (secure 0 0 0) 0x7fb3ec018660 con 0x7fb3f0102270
2023-06-23T01:11:31.187 INFO:teuthology.orchestra.run.smithi120.stdout:/usr/bin/ceph: stderr
2023-06-23T01:11:29.944+0000 7fb3e67fc700 1 -- 172.21.15.120:0/1327699352 <== mon.0 v2:172.21.15.120:3300/0 2 ==== config(26 keys) v1 ==== 1105+0+0 (secure 0 0 0) 0x7fb3ec018c90 con 0x7fb3f0102270
2023-06-23T01:11:31.188 INFO:teuthology.orchestra.run.smithi120.stdout:/usr/bin/ceph: stderr
2023-06-23T01:11:29.944+0000 7fb3f81e0700 1 -- 172.21.15.120:0/1327699352 --> [v2:172.21.15.120:3300/0,v1:172.21.15.120:6789/0] -- mon_subscribe({mgrmap=0+}) v3 -- 0x7fb3f0111610 con 0x7fb3f0102270
2023-06-23T01:11:31.188 INFO:teuthology.orchestra.run.smithi120.stdout:/usr/bin/ceph: stderr
2023-06-23T01:11:29.944+0000 7fb3e67fc700 1 -- 172.21.15.120:0/1327699352 <== mon.0 v2:172.21.15.120:3300/0 3 ==== mon_map magic: 0 v1 ==== 205+0+0 (secure 0 0 0) 0x7fb3ec01abf0 con 0x7fb3f0102270
2023-06-23T01:11:31.188 INFO:teuthology.orchestra.run.smithi120.stdout:/usr/bin/ceph: stderr
2023-06-23T01:11:29.944+0000 7fb3f81e0700 1 -- 172.21.15.120:0/1327699352 --> [v2:172.21.15.120:3300/0,v1:172.21.15.120:6789/0] -- mon_subscribe({osdmap=0}) v3 -- 0x7fb3f0111a20 con 0x7fb3f0102270
2023-06-23T01:11:31.188 INFO:teuthology.orchestra.run.smithi120.stdout:/usr/bin/ceph: stderr
2023-06-23T01:11:29.945+0000 7fb3e67fc700 1 -- 172.21.15.120:0/1327699352 <== mon.0 v2:172.21.15.120:3300/0 4 ==== mgrmap(e 8) v1 ==== 43219+0+0 (secure 0 0 0) 0x7fb3ec01a530 con 0x7fb3f0102270
2023-06-23T01:11:31.188 INFO:teuthology.orchestra.run.smithi120.stdout:/usr/bin/ceph: stderr
2023-06-23T01:11:29.945+0000 7fb3f81e0700 1 -- 172.21.15.120:0/1327699352 --> [v2:172.21.15.120:3300/0,v1:172.21.15.120:6789/0] -- mon_command({"prefix": "get_command_descriptions"} v 0) v1 -- 0x7fb3f004b970 con 0x7fb3f0102270
2023-06-23T01:11:31.188 INFO:teuthology.orchestra.run.smithi120.stdout:/usr/bin/ceph: stderr
2023-06-23T01:11:29.945+0000 7fb3e67fc700 1 --2- 172.21.15.120:0/1327699352 >> [v2:172.21.15.120:6800/1836713308,v1:172.21.15.120:6801/1836713308] conn(0x7fb3dc0365c0 0x7fb3dc038a70 unknown :-1 s=NONE pgs=0 cs=0 l=1 rev1=0 crypto rx=0 tx=0 comp rx=0 tx=0).connect
2023-06-23T01:11:31.189 INFO:teuthology.orchestra.run.smithi120.stdout:/usr/bin/ceph: stderr
2023-06-23T01:11:29.945+0000 7fb3e67fc700 1 -- 172.21.15.120:0/1327699352 <== mon.0 v2:172.21.15.120:3300/0 5 ==== osd_map(2..2 src has 1..2) v4 ==== 936+0+0 (secure 0 0 0) 0x7fb3ec04a6a0 con 0x7fb3f0102270
2023-06-23T01:11:31.189 INFO:teuthology.orchestra.run.smithi120.stdout:/usr/bin/ceph: stderr
2023-06-23T01:11:29.946+0000 7fb3f577b700 1 --2- 172.21.15.120:0/1327699352 >> [v2:172.21.15.120:6800/1836713308,v1:172.21.15.120:6801/1836713308] conn(0x7fb3dc0365c0 0x7fb3dc038a70 unknown :-1 s=BANNER_CONNECTING pgs=0 cs=0 l=1 rev1=0 crypto rx=0 tx=0 comp rx=0 tx=0)._handle_peer_banner_payload supported=3 required=0
2023-06-23T01:11:31.189 INFO:teuthology.orchestra.run.smithi120.stdout:/usr/bin/ceph: stderr
2023-06-23T01:11:29.946+0000 7fb3f577b700 1 --2- 172.21.15.120:0/1327699352 >> [v2:172.21.15.120:6800/1836713308,v1:172.21.15.120:6801/1836713308] conn(0x7fb3dc0365c0 0x7fb3dc038a70 secure :-1 s=READY pgs=16 cs=0 l=1 rev1=1 crypto rx=0x7fb3e0009990 tx=0x7fb3e0006e40 comp rx=0 tx=0).ready entity=mgr.14120 client_cookie=0 server_cookie=0 in_seq=0 out_seq=0
2023-06-23T01:11:31.189 INFO:teuthology.orchestra.run.smithi120.stdout:/usr/bin/ceph: stderr
2023-06-23T01:11:29.950+0000 7fb3e67fc700 1 -- 172.21.15.120:0/1327699352 <== mon.0 v2:172.21.15.120:3300/0 6 ==== mon_command_ack([{"prefix": "get_command_descriptions"}]=0 v0) v1 ==== 72+0+174561 (secure 0 0 0) 0x7fb3ec020350 con 0x7fb3f0102270
2023-06-23T01:11:31.189 INFO:teuthology.orchestra.run.smithi120.stdout:/usr/bin/ceph: stderr
2023-06-23T01:11:30.211+0000 7fb3f81e0700 1 -- 172.21.15.120:0/1327699352 --> [v2:172.21.15.120:3300/0,v1:172.21.15.120:6789/0] -- mon_command({"prefix": "mgr module enable", "module": "dashboard"} v 0) v1 -- 0x7fb3f0112690 con 0x7fb3f0102270
2023-06-23T01:11:31.189 INFO:teuthology.orchestra.run.smithi120.stdout:/usr/bin/ceph: stderr
2023-06-23T01:11:30.803+0000 7fb3e67fc700 1 -- 172.21.15.120:0/1327699352 <== mon.0 v2:172.21.15.120:3300/0 7 ==== mgrmap(e 9) v1 ==== 43232+0+0 (secure 0 0 0) 0x7fb3ec02c960 con 0x7fb3f0102270
2023-06-23T01:11:31.189 INFO:teuthology.orchestra.run.smithi120.stdout:/usr/bin/ceph: stderr
2023-06-23T01:11:30.805+0000 7fb3e67fc700 1 -- 172.21.15.120:0/1327699352 <== mon.0 v2:172.21.15.120:3300/0 8 ==== mon_command_ack([{"prefix": "mgr module enable", "module": "dashboard"}]=0 v9) v1 ==== 88+0+0 (secure 0 0 0) 0x7fb3ec020580 con 0x7fb3f0102270
2023-06-23T01:11:31.189 INFO:teuthology.orchestra.run.smithi120.stdout:/usr/bin/ceph: stderr
2023-06-23T01:11:30.807+0000 7fb3f81e0700 1 -- 172.21.15.120:0/1327699352 >> [v2:172.21.15.120:6800/1836713308,v1:172.21.15.120:6801/1836713308] conn(0x7fb3dc0365c0 msgr2=0x7fb3dc038a70 secure :-1 s=STATE_CONNECTION_ESTABLISHED l=1).mark_down
2023-06-23T01:11:31.190 INFO:teuthology.orchestra.run.smithi120.stdout:/usr/bin/ceph: stderr
2023-06-23T01:11:30.807+0000 7fb3f81e0700 1 --2- 172.21.15.120:0/1327699352 >> [v2:172.21.15.120:6800/1836713308,v1:172.21.15.120:6801/1836713308] conn(0x7fb3dc0365c0 0x7fb3dc038a70 secure :-1 s=READY pgs=16 cs=0 l=1 rev1=1 crypto rx=0x7fb3e0009990 tx=0x7fb3e0006e40 comp rx=0 tx=0).stop
2023-06-23T01:11:31.190 INFO:teuthology.orchestra.run.smithi120.stdout:/usr/bin/ceph: stderr
2023-06-23T01:11:30.807+0000 7fb3f81e0700 1 -- 172.21.15.120:0/1327699352 >> [v2:172.21.15.120:3300/0,v1:172.21.15.120:6789/0] conn(0x7fb3f0102270 msgr2=0x7fb3f0110ed0 secure :-1 s=STATE_CONNECTION_ESTABLISHED l=1).mark_down
2023-06-23T01:11:31.190 INFO:teuthology.orchestra.run.smithi120.stdout:/usr/bin/ceph: stderr
2023-06-23T01:11:30.807+0000 7fb3f81e0700 1 --2- 172.21.15.120:0/1327699352 >> [v2:172.21.15.120:3300/0,v1:172.21.15.120:6789/0] conn(0x7fb3f0102270 0x7fb3f0110ed0 secure :-1 s=READY pgs=56 cs=0 l=1 rev1=1 crypto rx=0x7fb3ec006b00 tx=0x7fb3ec009250 comp rx=0 tx=0).stop
2023-06-23T01:11:31.190 INFO:teuthology.orchestra.run.smithi120.stdout:/usr/bin/ceph: stderr
2023-06-23T01:11:30.807+0000 7fb3f81e0700 1 -- 172.21.15.120:0/1327699352 shutdown_connections
2023-06-23T01:11:31.190 INFO:teuthology.orchestra.run.smithi120.stdout:/usr/bin/ceph: stderr
2023-06-23T01:11:30.807+0000 7fb3f81e0700 1 --2- 172.21.15.120:0/1327699352 >> [v2:172.21.15.120:6800/1836713308,v1:172.21.15.120:6801/1836713308] conn(0x7fb3dc0365c0 0x7fb3dc038a70 unknown :-1 s=CLOSED pgs=16 cs=0 l=1 rev1=1 crypto rx=0 tx=0 comp rx=0 tx=0).stop
2023-06-23T01:11:31.190 INFO:teuthology.orchestra.run.smithi120.stdout:/usr/bin/ceph: stderr
2023-06-23T01:11:30.807+0000 7fb3f81e0700 1 --2- 172.21.15.120:0/1327699352 >> [v2:172.21.15.120:3300/0,v1:172.21.15.120:6789/0] conn(0x7fb3f0102270 0x7fb3f0110ed0 unknown :-1 s=CLOSED pgs=56 cs=0 l=1 rev1=1 crypto rx=0 tx=0 comp rx=0 tx=0).stop
2023-06-23T01:11:31.190 INFO:teuthology.orchestra.run.smithi120.stdout:/usr/bin/ceph: stderr
2023-06-23T01:11:30.807+0000 7fb3f81e0700 1 -- 172.21.15.120:0/1327699352 >> 172.21.15.120:0/1327699352 conn(0x7fb3f00fd9f0 msgr2=0x7fb3f00fe660 unknown :-1 s=STATE_NONE l=0).mark_down
2023-06-23T01:11:31.191 INFO:teuthology.orchestra.run.smithi120.stdout:/usr/bin/ceph: stderr
2023-06-23T01:11:30.807+0000 7fb3f81e0700 1 -- 172.21.15.120:0/1327699352 shutdown_connections
2023-06-23T01:11:31.191 INFO:teuthology.orchestra.run.smithi120.stdout:/usr/bin/ceph: stderr
2023-06-23T01:11:30.807+0000 7fb3f81e0700 1 -- 172.21.15.120:0/1327699352 wait complete.
2023-06-23T01:11:31.211 INFO:journalctl@ceph.mon.a.smithi120.stdout:Jun 23 01:11:30 smithi120 ceph-mon[79813]: from='client.? 172.21.15.120:0/1327699352' entity='client.admin' cmd=[{"prefix": "mgr module enable", "module": "dashboard"}]: dispatch
2023-06-23T01:11:31.212 INFO:journalctl@ceph.mgr.x.smithi120.stdout:Jun 23 01:11:30 smithi120 conmon[80224]: ignoring --setuser ceph since I am not root
2023-06-23T01:11:31.212 INFO:journalctl@ceph.mgr.x.smithi120.stdout:Jun 23 01:11:30 smithi120 conmon[80224]: ignoring --setgroup ceph since I am not root
2023-06-23T01:11:32.171 INFO:journalctl@ceph.mon.a.smithi120.stdout:Jun 23 01:11:31 smithi120 ceph-mon[79813]: from='client.? 172.21.15.120:0/1327699352' entity='client.admin' cmd='[{"prefix": "mgr module enable", "module": "dashboard"}]': finished
2023-06-23T01:11:32.172 INFO:journalctl@ceph.mon.a.smithi120.stdout:Jun 23 01:11:31 smithi120 ceph-mon[79813]: mgrmap e9: x(active, since 16s)
2023-06-23T01:11:32.359 INFO:teuthology.orchestra.run.smithi120.stdout:/usr/bin/ceph: stdout {
2023-06-23T01:11:32.360 INFO:teuthology.orchestra.run.smithi120.stdout:/usr/bin/ceph: stdout "epoch": 9,
2023-06-23T01:11:32.360 INFO:teuthology.orchestra.run.smithi120.stdout:/usr/bin/ceph: stdout "available": true,
2023-06-23T01:11:32.360 INFO:teuthology.orchestra.run.smithi120.stdout:/usr/bin/ceph: stdout "active_name": "x",
2023-06-23T01:11:32.360 INFO:teuthology.orchestra.run.smithi120.stdout:/usr/bin/ceph: stdout "num_standby": 0
2023-06-23T01:11:32.360 INFO:teuthology.orchestra.run.smithi120.stdout:/usr/bin/ceph: stdout }
2023-06-23T01:11:32.360 INFO:teuthology.orchestra.run.smithi120.stdout:/usr/bin/ceph: stderr
2023-06-23T01:11:31.740+0000 7f6fc0a76700 1 Processor -- start
2023-06-23T01:11:32.361 INFO:teuthology.orchestra.run.smithi120.stdout:/usr/bin/ceph: stderr
2023-06-23T01:11:31.740+0000 7f6fc0a76700 1 -- start start
2023-06-23T01:11:32.361 INFO:teuthology.orchestra.run.smithi120.stdout:/usr/bin/ceph: stderr
2023-06-23T01:11:31.741+0000 7f6fc0a76700 1 --2- >> [v2:172.21.15.120:3300/0,v1:172.21.15.120:6789/0] conn(0x7f6fbc077cb0 0x7f6fbc076150 unknown :-1 s=NONE pgs=0 cs=0 l=0 rev1=0 crypto rx=0 tx=0 comp rx=0 tx=0).connect
2023-06-23T01:11:32.361 INFO:teuthology.orchestra.run.smithi120.stdout:/usr/bin/ceph: stderr
2023-06-23T01:11:31.741+0000 7f6fc0a76700 1 -- --> [v2:172.21.15.120:3300/0,v1:172.21.15.120:6789/0] -- mon_getmap magic: 0 v1 -- 0x7f6fbc0780c0 con 0x7f6fbc077cb0
2023-06-23T01:11:32.361 INFO:teuthology.orchestra.run.smithi120.stdout:/usr/bin/ceph: stderr
2023-06-23T01:11:31.741+0000 7f6fba59c700 1 --2- >> [v2:172.21.15.120:3300/0,v1:172.21.15.120:6789/0] conn(0x7f6fbc077cb0 0x7f6fbc076150 unknown :-1 s=BANNER_CONNECTING pgs=0 cs=0 l=0 rev1=0 crypto rx=0 tx=0 comp rx=0 tx=0)._handle_peer_banner_payload supported=3 required=0
2023-06-23T01:11:32.361 INFO:teuthology.orchestra.run.smithi120.stdout:/usr/bin/ceph: stderr
2023-06-23T01:11:31.741+0000 7f6fba59c700 1 --2- >> [v2:172.21.15.120:3300/0,v1:172.21.15.120:6789/0] conn(0x7f6fbc077cb0 0x7f6fbc076150 unknown :-1 s=HELLO_CONNECTING pgs=0 cs=0 l=0 rev1=1 crypto rx=0 tx=0 comp rx=0 tx=0).handle_hello peer v2:172.21.15.120:3300/0 says I am v2:172.21.15.120:53166/0 (socket says 172.21.15.120:53166)
2023-06-23T01:11:32.361 INFO:teuthology.orchestra.run.smithi120.stdout:/usr/bin/ceph: stderr
2023-06-23T01:11:31.741+0000 7f6fba59c700 1 -- 172.21.15.120:0/4067735569 learned_addr learned my addr 172.21.15.120:0/4067735569 (peer_addr_for_me v2:172.21.15.120:0/0)
2023-06-23T01:11:32.361 INFO:teuthology.orchestra.run.smithi120.stdout:/usr/bin/ceph: stderr
2023-06-23T01:11:31.742+0000 7f6fba59c700 1 -- 172.21.15.120:0/4067735569 --> [v2:172.21.15.120:3300/0,v1:172.21.15.120:6789/0] -- mon_subscribe({config=0+,monmap=0+}) v3 -- 0x7f6fbc076690 con 0x7f6fbc077cb0
2023-06-23T01:11:32.362 INFO:teuthology.orchestra.run.smithi120.stdout:/usr/bin/ceph: stderr
2023-06-23T01:11:31.742+0000 7f6fba59c700 1 --2- 172.21.15.120:0/4067735569 >> [v2:172.21.15.120:3300/0,v1:172.21.15.120:6789/0] conn(0x7f6fbc077cb0 0x7f6fbc076150 secure :-1 s=READY pgs=59 cs=0 l=1 rev1=1 crypto rx=0x7f6fac0098e0 tx=0x7f6fac009250 comp rx=0 tx=0).ready entity=mon.0 client_cookie=c8ad7572c540e8ee server_cookie=0 in_seq=0 out_seq=0
2023-06-23T01:11:32.362 INFO:teuthology.orchestra.run.smithi120.stdout:/usr/bin/ceph: stderr
2023-06-23T01:11:31.742+0000 7f6fb959a700 1 -- 172.21.15.120:0/4067735569 <== mon.0 v2:172.21.15.120:3300/0 1 ==== mon_map magic: 0 v1 ==== 205+0+0 (secure 0 0 0) 0x7f6fac009e80 con 0x7f6fbc077cb0
2023-06-23T01:11:32.362 INFO:teuthology.orchestra.run.smithi120.stdout:/usr/bin/ceph: stderr
2023-06-23T01:11:31.742+0000 7f6fb959a700 1 -- 172.21.15.120:0/4067735569 <== mon.0 v2:172.21.15.120:3300/0 2 ==== config(26 keys) v1 ==== 1105+0+0 (secure 0 0 0) 0x7f6fac00bd30 con 0x7f6fbc077cb0
2023-06-23T01:11:32.362 INFO:teuthology.orchestra.run.smithi120.stdout:/usr/bin/ceph: stderr
2023-06-23T01:11:31.742+0000 7f6fb959a700 1 -- 172.21.15.120:0/4067735569 <== mon.0 v2:172.21.15.120:3300/0 3 ==== mon_map magic: 0 v1 ==== 205+0+0 (secure 0 0 0) 0x7f6fac011ca0 con 0x7f6fbc077cb0
2023-06-23T01:11:32.362 INFO:teuthology.orchestra.run.smithi120.stdout:/usr/bin/ceph: stderr
2023-06-23T01:11:31.743+0000 7f6fc0a76700 1 -- 172.21.15.120:0/4067735569 >> [v2:172.21.15.120:3300/0,v1:172.21.15.120:6789/0] conn(0x7f6fbc077cb0 msgr2=0x7f6fbc076150 secure :-1 s=STATE_CONNECTION_ESTABLISHED l=1).mark_down
2023-06-23T01:11:32.362 INFO:teuthology.orchestra.run.smithi120.stdout:/usr/bin/ceph: stderr
2023-06-23T01:11:31.743+0000 7f6fc0a76700 1 --2- 172.21.15.120:0/4067735569 >> [v2:172.21.15.120:3300/0,v1:172.21.15.120:6789/0] conn(0x7f6fbc077cb0 0x7f6fbc076150 secure :-1 s=READY pgs=59 cs=0 l=1 rev1=1 crypto rx=0x7f6fac0098e0 tx=0x7f6fac009250 comp rx=0 tx=0).stop
2023-06-23T01:11:32.362 INFO:teuthology.orchestra.run.smithi120.stdout:/usr/bin/ceph: stderr
2023-06-23T01:11:31.743+0000 7f6fc0a76700 1 -- 172.21.15.120:0/4067735569 shutdown_connections
2023-06-23T01:11:32.362 INFO:teuthology.orchestra.run.smithi120.stdout:/usr/bin/ceph: stderr
2023-06-23T01:11:31.743+0000 7f6fc0a76700 1 --2- 172.21.15.120:0/4067735569 >> [v2:172.21.15.120:3300/0,v1:172.21.15.120:6789/0] conn(0x7f6fbc077cb0 0x7f6fbc076150 unknown :-1 s=CLOSED pgs=59 cs=0 l=1 rev1=1 crypto rx=0 tx=0 comp rx=0 tx=0).stop
2023-06-23T01:11:32.363 INFO:teuthology.orchestra.run.smithi120.stdout:/usr/bin/ceph: stderr
2023-06-23T01:11:31.743+0000 7f6fc0a76700 1 -- 172.21.15.120:0/4067735569 >> 172.21.15.120:0/4067735569 conn(0x7f6fbc0fd990 msgr2=0x7f6fbc0ffda0 unknown :-1 s=STATE_NONE l=0).mark_down
2023-06-23T01:11:32.363 INFO:teuthology.orchestra.run.smithi120.stdout:/usr/bin/ceph: stderr
2023-06-23T01:11:31.743+0000 7f6fc0a76700 1 -- 172.21.15.120:0/4067735569 shutdown_connections
2023-06-23T01:11:32.363 INFO:teuthology.orchestra.run.smithi120.stdout:/usr/bin/ceph: stderr
2023-06-23T01:11:31.743+0000 7f6fc0a76700 1 -- 172.21.15.120:0/4067735569 wait complete.
2023-06-23T01:11:32.363 INFO:teuthology.orchestra.run.smithi120.stdout:/usr/bin/ceph: stderr
2023-06-23T01:11:31.744+0000 7f6fc0a76700 1 Processor -- start
2023-06-23T01:11:32.363 INFO:teuthology.orchestra.run.smithi120.stdout:/usr/bin/ceph: stderr
2023-06-23T01:11:31.744+0000 7f6fc0a76700 1 -- start start
2023-06-23T01:11:32.363 INFO:teuthology.orchestra.run.smithi120.stdout:/usr/bin/ceph: stderr
2023-06-23T01:11:31.744+0000 7f6fc0a76700 1 --2- >> [v2:172.21.15.120:3300/0,v1:172.21.15.120:6789/0] conn(0x7f6fbc077cb0 0x7f6fbc113110 unknown :-1 s=NONE pgs=0 cs=0 l=1 rev1=0 crypto rx=0 tx=0 comp rx=0 tx=0).connect
2023-06-23T01:11:32.363 INFO:teuthology.orchestra.run.smithi120.stdout:/usr/bin/ceph: stderr
2023-06-23T01:11:31.744+0000 7f6fc0a76700 1 -- --> [v2:172.21.15.120:3300/0,v1:172.21.15.120:6789/0] -- mon_getmap magic: 0 v1 -- 0x7f6fbc113650 con 0x7f6fbc077cb0
2023-06-23T01:11:32.363 INFO:teuthology.orchestra.run.smithi120.stdout:/usr/bin/ceph: stderr
2023-06-23T01:11:31.745+0000 7f6fba59c700 1 --2- >> [v2:172.21.15.120:3300/0,v1:172.21.15.120:6789/0] conn(0x7f6fbc077cb0 0x7f6fbc113110 unknown :-1 s=BANNER_CONNECTING pgs=0 cs=0 l=1 rev1=0 crypto rx=0 tx=0 comp rx=0 tx=0)._handle_peer_banner_payload supported=3 required=0
2023-06-23T01:11:32.364 INFO:teuthology.orchestra.run.smithi120.stdout:/usr/bin/ceph: stderr
2023-06-23T01:11:31.745+0000 7f6fba59c700 1 --2- >> [v2:172.21.15.120:3300/0,v1:172.21.15.120:6789/0] conn(0x7f6fbc077cb0 0x7f6fbc113110 unknown :-1 s=HELLO_CONNECTING pgs=0 cs=0 l=1 rev1=1 crypto rx=0 tx=0 comp rx=0 tx=0).handle_hello peer v2:172.21.15.120:3300/0 says I am v2:172.21.15.120:53168/0 (socket says 172.21.15.120:53168)
2023-06-23T01:11:32.364 INFO:teuthology.orchestra.run.smithi120.stdout:/usr/bin/ceph: stderr
2023-06-23T01:11:31.745+0000 7f6fba59c700 1 -- 172.21.15.120:0/4191084598 learned_addr learned my addr 172.21.15.120:0/4191084598 (peer_addr_for_me v2:172.21.15.120:0/0)
2023-06-23T01:11:32.365 INFO:teuthology.orchestra.run.smithi120.stdout:/usr/bin/ceph: stderr
2023-06-23T01:11:31.745+0000 7f6fba59c700 1 -- 172.21.15.120:0/4191084598 --> [v2:172.21.15.120:3300/0,v1:172.21.15.120:6789/0] -- mon_subscribe({config=0+,monmap=0+}) v3 -- 0x7f6fac0094f0 con 0x7f6fbc077cb0
2023-06-23T01:11:32.365 INFO:teuthology.orchestra.run.smithi120.stdout:/usr/bin/ceph: stderr
2023-06-23T01:11:31.745+0000 7f6fba59c700 1 --2- 172.21.15.120:0/4191084598 >> [v2:172.21.15.120:3300/0,v1:172.21.15.120:6789/0] conn(0x7f6fbc077cb0 0x7f6fbc113110 secure :-1 s=READY pgs=60 cs=0 l=1 rev1=1 crypto rx=0x7f6fac006fd0 tx=0x7f6fac009250 comp rx=0 tx=0).ready entity=mon.0 client_cookie=0 server_cookie=0 in_seq=0 out_seq=0
2023-06-23T01:11:32.365 INFO:teuthology.orchestra.run.smithi120.stdout:/usr/bin/ceph: stderr
2023-06-23T01:11:31.746+0000 7f6faaffd700 1 -- 172.21.15.120:0/4191084598 <== mon.0 v2:172.21.15.120:3300/0 1 ==== mon_map magic: 0 v1 ==== 205+0+0 (secure 0 0 0) 0x7f6fac01a710 con 0x7f6fbc077cb0
2023-06-23T01:11:32.365 INFO:teuthology.orchestra.run.smithi120.stdout:/usr/bin/ceph: stderr
2023-06-23T01:11:31.746+0000 7f6fc0a76700 1 -- 172.21.15.120:0/4191084598 --> [v2:172.21.15.120:3300/0,v1:172.21.15.120:6789/0] -- mon_subscribe({mgrmap=0+}) v3 -- 0x7f6fbc113850 con 0x7f6fbc077cb0
2023-06-23T01:11:32.365 INFO:teuthology.orchestra.run.smithi120.stdout:/usr/bin/ceph: stderr
2023-06-23T01:11:31.746+0000 7f6faaffd700 1 -- 172.21.15.120:0/4191084598 <== mon.0 v2:172.21.15.120:3300/0 2 ==== config(26 keys) v1 ==== 1105+0+0 (secure 0 0 0) 0x7f6fac01ad40 con 0x7f6fbc077cb0
2023-06-23T01:11:32.365 INFO:teuthology.orchestra.run.smithi120.stdout:/usr/bin/ceph: stderr
2023-06-23T01:11:31.746+0000 7f6faaffd700 1 -- 172.21.15.120:0/4191084598 <== mon.0 v2:172.21.15.120:3300/0 3 ==== mon_map magic: 0 v1 ==== 205+0+0 (secure 0 0 0) 0x7f6fac022c90 con 0x7f6fbc077cb0
2023-06-23T01:11:32.366 INFO:teuthology.orchestra.run.smithi120.stdout:/usr/bin/ceph: stderr
2023-06-23T01:11:31.746+0000 7f6fc0a76700 1 -- 172.21.15.120:0/4191084598 --> [v2:172.21.15.120:3300/0,v1:172.21.15.120:6789/0] -- mon_subscribe({osdmap=0}) v3 -- 0x7f6fbc113c60 con 0x7f6fbc077cb0
2023-06-23T01:11:32.366 INFO:teuthology.orchestra.run.smithi120.stdout:/usr/bin/ceph: stderr
2023-06-23T01:11:31.747+0000 7f6faaffd700 1 -- 172.21.15.120:0/4191084598 <== mon.0 v2:172.21.15.120:3300/0 4 ==== mgrmap(e 9) v1 ==== 43232+0+0 (secure 0 0 0) 0x7f6fac02c440 con 0x7f6fbc077cb0
2023-06-23T01:11:32.366 INFO:teuthology.orchestra.run.smithi120.stdout:/usr/bin/ceph: stderr
2023-06-23T01:11:31.747+0000 7f6fc0a76700 1 -- 172.21.15.120:0/4191084598 --> [v2:172.21.15.120:3300/0,v1:172.21.15.120:6789/0] -- mon_command({"prefix": "get_command_descriptions"} v 0) v1 -- 0x7f6fbc04b970 con 0x7f6fbc077cb0
2023-06-23T01:11:32.366 INFO:teuthology.orchestra.run.smithi120.stdout:/usr/bin/ceph: stderr
2023-06-23T01:11:31.747+0000 7f6faaffd700 1 --2- 172.21.15.120:0/4191084598 >> [v2:172.21.15.120:6800/1836713308,v1:172.21.15.120:6801/1836713308] conn(0x7f6fa40365c0 0x7f6fa4038a70 unknown :-1 s=NONE pgs=0 cs=0 l=1 rev1=0 crypto rx=0 tx=0 comp rx=0 tx=0).connect
2023-06-23T01:11:32.366 INFO:teuthology.orchestra.run.smithi120.stdout:/usr/bin/ceph: stderr
2023-06-23T01:11:31.747+0000 7f6faaffd700 1 -- 172.21.15.120:0/4191084598 <== mon.0 v2:172.21.15.120:3300/0 5 ==== osd_map(2..2 src has 1..2) v4 ==== 936+0+0 (secure 0 0 0) 0x7f6fac04a7e0 con 0x7f6fbc077cb0
2023-06-23T01:11:32.366 INFO:teuthology.orchestra.run.smithi120.stdout:/usr/bin/ceph: stderr
2023-06-23T01:11:31.747+0000 7f6fb9d9b700 1 -- 172.21.15.120:0/4191084598 >> [v2:172.21.15.120:6800/1836713308,v1:172.21.15.120:6801/1836713308] conn(0x7f6fa40365c0 msgr2=0x7f6fa4038a70 unknown :-1 s=STATE_CONNECTING_RE l=1).process reconnect failed to v2:172.21.15.120:6800/1836713308
2023-06-23T01:11:32.366 INFO:teuthology.orchestra.run.smithi120.stdout:/usr/bin/ceph: stderr
2023-06-23T01:11:31.747+0000 7f6fb9d9b700 1 --2- 172.21.15.120:0/4191084598 >> [v2:172.21.15.120:6800/1836713308,v1:172.21.15.120:6801/1836713308] conn(0x7f6fa40365c0 0x7f6fa4038a70 unknown :-1 s=START_CONNECT pgs=0 cs=0 l=1 rev1=0 crypto rx=0 tx=0 comp rx=0 tx=0)._fault waiting 0.200000
2023-06-23T01:11:32.367 INFO:teuthology.orchestra.run.smithi120.stdout:/usr/bin/ceph: stderr
2023-06-23T01:11:31.752+0000 7f6faaffd700 1 -- 172.21.15.120:0/4191084598 <== mon.0 v2:172.21.15.120:3300/0 6 ==== mon_command_ack([{"prefix": "get_command_descriptions"}]=0 v0) v1 ==== 72+0+174561 (secure 0 0 0) 0x7f6fac020350 con 0x7f6fbc077cb0
2023-06-23T01:11:32.367 INFO:teuthology.orchestra.run.smithi120.stdout:/usr/bin/ceph: stderr
2023-06-23T01:11:31.948+0000 7f6fb9d9b700 1 -- 172.21.15.120:0/4191084598 >> [v2:172.21.15.120:6800/1836713308,v1:172.21.15.120:6801/1836713308] conn(0x7f6fa40365c0 msgr2=0x7f6fa4038a70 unknown :-1 s=STATE_CONNECTING_RE l=1).process reconnect failed to v2:172.21.15.120:6800/1836713308
2023-06-23T01:11:32.367 INFO:teuthology.orchestra.run.smithi120.stdout:/usr/bin/ceph: stderr
2023-06-23T01:11:31.948+0000 7f6fb9d9b700 1 --2- 172.21.15.120:0/4191084598 >> [v2:172.21.15.120:6800/1836713308,v1:172.21.15.120:6801/1836713308] conn(0x7f6fa40365c0 0x7f6fa4038a70 unknown :-1 s=START_CONNECT pgs=0 cs=0 l=1 rev1=0 crypto rx=0 tx=0 comp rx=0 tx=0)._fault waiting 0.400000
2023-06-23T01:11:32.367 INFO:teuthology.orchestra.run.smithi120.stdout:/usr/bin/ceph: stderr
2023-06-23T01:11:32.004+0000 7f6fc0a76700 1 -- 172.21.15.120:0/4191084598 --> [v2:172.21.15.120:3300/0,v1:172.21.15.120:6789/0] -- mon_command({"prefix": "mgr stat"} v 0) v1 -- 0x7f6fbc1148d0 con 0x7f6fbc077cb0
2023-06-23T01:11:32.367 INFO:teuthology.orchestra.run.smithi120.stdout:/usr/bin/ceph: stderr
2023-06-23T01:11:32.005+0000 7f6faaffd700 1 -- 172.21.15.120:0/4191084598 <== mon.0 v2:172.21.15.120:3300/0 7 ==== mon_command_ack([{"prefix": "mgr stat"}]=0 v9) v1 ==== 56+0+88 (secure 0 0 0) 0x7f6fac018b40 con 0x7f6fbc077cb0
2023-06-23T01:11:32.367 INFO:teuthology.orchestra.run.smithi120.stdout:/usr/bin/ceph: stderr
2023-06-23T01:11:32.007+0000 7f6fc0a76700 1 -- 172.21.15.120:0/4191084598 >> [v2:172.21.15.120:6800/1836713308,v1:172.21.15.120:6801/1836713308] conn(0x7f6fa40365c0 msgr2=0x7f6fa4038a70 unknown :-1 s=STATE_CONNECTING l=1).mark_down
2023-06-23T01:11:32.367 INFO:teuthology.orchestra.run.smithi120.stdout:/usr/bin/ceph: stderr
2023-06-23T01:11:32.007+0000 7f6fc0a76700 1 --2- 172.21.15.120:0/4191084598 >> [v2:172.21.15.120:6800/1836713308,v1:172.21.15.120:6801/1836713308] conn(0x7f6fa40365c0 0x7f6fa4038a70 unknown :-1 s=START_CONNECT pgs=0 cs=0 l=1 rev1=0 crypto rx=0 tx=0 comp rx=0 tx=0).stop
2023-06-23T01:11:32.368 INFO:teuthology.orchestra.run.smithi120.stdout:/usr/bin/ceph: stderr
2023-06-23T01:11:32.007+0000 7f6fc0a76700 1 -- 172.21.15.120:0/4191084598 >> [v2:172.21.15.120:3300/0,v1:172.21.15.120:6789/0] conn(0x7f6fbc077cb0 msgr2=0x7f6fbc113110 secure :-1 s=STATE_CONNECTION_ESTABLISHED l=1).mark_down
2023-06-23T01:11:32.368 INFO:teuthology.orchestra.run.smithi120.stdout:/usr/bin/ceph: stderr
2023-06-23T01:11:32.007+0000 7f6fc0a76700 1 --2- 172.21.15.120:0/4191084598 >> [v2:172.21.15.120:3300/0,v1:172.21.15.120:6789/0] conn(0x7f6fbc077cb0 0x7f6fbc113110 secure :-1 s=READY pgs=60 cs=0 l=1 rev1=1 crypto rx=0x7f6fac006fd0 tx=0x7f6fac009250 comp rx=0 tx=0).stop
2023-06-23T01:11:32.368 INFO:teuthology.orchestra.run.smithi120.stdout:/usr/bin/ceph: stderr
2023-06-23T01:11:32.007+0000 7f6fc0a76700 1 -- 172.21.15.120:0/4191084598 shutdown_connections
2023-06-23T01:11:32.368 INFO:teuthology.orchestra.run.smithi120.stdout:/usr/bin/ceph: stderr
2023-06-23T01:11:32.007+0000 7f6fc0a76700 1 --2- 172.21.15.120:0/4191084598 >> [v2:172.21.15.120:6800/1836713308,v1:172.21.15.120:6801/1836713308] conn(0x7f6fa40365c0 0x7f6fa4038a70 unknown :-1 s=CLOSED pgs=0 cs=0 l=1 rev1=0 crypto rx=0 tx=0 comp rx=0 tx=0).stop
2023-06-23T01:11:32.368 INFO:teuthology.orchestra.run.smithi120.stdout:/usr/bin/ceph: stderr
2023-06-23T01:11:32.007+0000 7f6fc0a76700 1 --2- 172.21.15.120:0/4191084598 >> [v2:172.21.15.120:3300/0,v1:172.21.15.120:6789/0] conn(0x7f6fbc077cb0 0x7f6fbc113110 unknown :-1 s=CLOSED pgs=60 cs=0 l=1 rev1=1 crypto rx=0 tx=0 comp rx=0 tx=0).stop
2023-06-23T01:11:32.368 INFO:teuthology.orchestra.run.smithi120.stdout:/usr/bin/ceph: stderr
2023-06-23T01:11:32.007+0000 7f6fc0a76700 1 -- 172.21.15.120:0/4191084598 >> 172.21.15.120:0/4191084598 conn(0x7f6fbc0fd990 msgr2=0x7f6fbc0fe630 unknown :-1 s=STATE_NONE l=0).mark_down
2023-06-23T01:11:32.369 INFO:teuthology.orchestra.run.smithi120.stdout:/usr/bin/ceph: stderr
2023-06-23T01:11:32.008+0000 7f6fc0a76700 1 -- 172.21.15.120:0/4191084598 shutdown_connections
2023-06-23T01:11:32.369 INFO:teuthology.orchestra.run.smithi120.stdout:/usr/bin/ceph: stderr
2023-06-23T01:11:32.008+0000 7f6fc0a76700 1 -- 172.21.15.120:0/4191084598 wait complete.
2023-06-23T01:11:32.369 INFO:teuthology.orchestra.run.smithi120.stdout:Waiting for the mgr to restart...
2023-06-23T01:11:32.369 INFO:teuthology.orchestra.run.smithi120.stdout:Waiting for mgr epoch 9...
2023-06-23T01:11:32.859 INFO:journalctl@ceph.mgr.x.smithi120.stdout:Jun 23 01:11:32 smithi120 conmon[80224]:
2023-06-23T01:11:32.516+0000 7f39242a41c0 -1 mgr[py] Module prometheus has missing NOTIFY_TYPES member
2023-06-23T01:11:32.859 INFO:journalctl@ceph.mgr.x.smithi120.stdout:Jun 23 01:11:32 smithi120 conmon[80224]:
2023-06-23T01:11:32.736+0000 7f39242a41c0 -1 mgr[py] Module osd_support has missing NOTIFY_TYPES member
2023-06-23T01:11:33.124 INFO:journalctl@ceph.mon.a.smithi120.stdout:Jun 23 01:11:32 smithi120 ceph-mon[79813]: from='client.? 172.21.15.120:0/4191084598' entity='client.admin' cmd=[{"prefix": "mgr stat"}]: dispatch
2023-06-23T01:11:33.124 INFO:journalctl@ceph.mgr.x.smithi120.stdout:Jun 23 01:11:32 smithi120 conmon[80224]:
2023-06-23T01:11:32.854+0000 7f39242a41c0 -1 mgr[py] Module balancer has missing NOTIFY_TYPES member
2023-06-23T01:11:33.510 INFO:journalctl@ceph.mgr.x.smithi120.stdout:Jun 23 01:11:33 smithi120 conmon[80224]:
2023-06-23T01:11:33.120+0000 7f39242a41c0 -1 mgr[py] Module orchestrator has missing NOTIFY_TYPES member
2023-06-23T01:11:33.510 INFO:journalctl@ceph.mgr.x.smithi120.stdout:Jun 23 01:11:33 smithi120 conmon[80224]:
2023-06-23T01:11:33.367+0000 7f39242a41c0 -1 mgr[py] Module volumes has missing NOTIFY_TYPES member
2023-06-23T01:11:34.010 INFO:journalctl@ceph.mgr.x.smithi120.stdout:Jun 23 01:11:33 smithi120 conmon[80224]:
2023-06-23T01:11:33.556+0000 7f39242a41c0 -1 mgr[py] Module pg_autoscaler has missing NOTIFY_TYPES member
2023-06-23T01:11:34.010 INFO:journalctl@ceph.mgr.x.smithi120.stdout:Jun 23 01:11:33 smithi120 conmon[80224]:
2023-06-23T01:11:33.657+0000 7f39242a41c0 -1 mgr[py] Module iostat has missing NOTIFY_TYPES member
2023-06-23T01:11:34.760 INFO:journalctl@ceph.mgr.x.smithi120.stdout:Jun 23 01:11:34 smithi120 conmon[80224]:
2023-06-23T01:11:34.397+0000 7f39242a41c0 -1 mgr[py] Module rbd_support has missing NOTIFY_TYPES member
2023-06-23T01:11:35.260 INFO:journalctl@ceph.mgr.x.smithi120.stdout:Jun 23 01:11:34 smithi120 conmon[80224]:
2023-06-23T01:11:34.985+0000 7f39242a41c0 -1 mgr[py] Module nfs has missing NOTIFY_TYPES member
2023-06-23T01:11:35.260 INFO:journalctl@ceph.mgr.x.smithi120.stdout:Jun 23 01:11:35 smithi120 conmon[80224]:
2023-06-23T01:11:35.100+0000 7f39242a41c0 -1 mgr[py] Module crash has missing NOTIFY_TYPES member
2023-06-23T01:11:35.261 INFO:journalctl@ceph.mgr.x.smithi120.stdout:Jun 23 01:11:35 smithi120 conmon[80224]:
2023-06-23T01:11:35.216+0000 7f39242a41c0 -1 mgr[py] Module snap_schedule has missing NOTIFY_TYPES member
2023-06-23T01:11:36.260 INFO:journalctl@ceph.mgr.x.smithi120.stdout:Jun 23 01:11:35 smithi120 conmon[80224]:
2023-06-23T01:11:35.958+0000 7f39242a41c0 -1 mgr[py] Module rook has missing NOTIFY_TYPES member
2023-06-23T01:11:36.260 INFO:journalctl@ceph.mgr.x.smithi120.stdout:Jun 23 01:11:36 smithi120 conmon[80224]:
2023-06-23T01:11:36.170+0000 7f39242a41c0 -1 mgr[py] Module test_orchestrator has missing NOTIFY_TYPES member
2023-06-23T01:11:36.570 INFO:journalctl@ceph.mgr.x.smithi120.stdout:Jun 23 01:11:36 smithi120 conmon[80224]:
2023-06-23T01:11:36.286+0000 7f39242a41c0 -1 mgr[py] Module selftest has missing NOTIFY_TYPES member
2023-06-23T01:11:36.570 INFO:journalctl@ceph.mgr.x.smithi120.stdout:Jun 23 01:11:36 smithi120 conmon[80224]:
2023-06-23T01:11:36.451+0000 7f39242a41c0 -1 mgr[py] Module diskprediction_local has missing NOTIFY_TYPES member
2023-06-23T01:11:36.570 INFO:journalctl@ceph.mgr.x.smithi120.stdout:Jun 23 01:11:36 smithi120 conmon[80224]:
2023-06-23T01:11:36.567+0000 7f39242a41c0 -1 mgr[py] Module status has missing NOTIFY_TYPES member
2023-06-23T01:11:38.010 INFO:journalctl@ceph.mgr.x.smithi120.stdout:Jun 23 01:11:37 smithi120 conmon[80224]:
2023-06-23T01:11:37.626+0000 7f39242a41c0 -1 mgr[py] Module rgw has missing NOTIFY_TYPES member
2023-06-23T01:11:38.010 INFO:journalctl@ceph.mgr.x.smithi120.stdout:Jun 23 01:11:37 smithi120 conmon[80224]:
2023-06-23T01:11:37.736+0000 7f39242a41c0 -1 mgr[py] Module zabbix has missing NOTIFY_TYPES member
2023-06-23T01:11:38.010 INFO:journalctl@ceph.mgr.x.smithi120.stdout:Jun 23 01:11:37 smithi120 conmon[80224]:
2023-06-23T01:11:37.848+0000 7f39242a41c0 -1 mgr[py] Module influx has missing NOTIFY_TYPES member
2023-06-23T01:11:38.510 INFO:journalctl@ceph.mgr.x.smithi120.stdout:Jun 23 01:11:38 smithi120 conmon[80224]:
2023-06-23T01:11:38.033+0000 7f39242a41c0 -1 mgr[py] Module telemetry has missing NOTIFY_TYPES member
2023-06-23T01:11:38.510 INFO:journalctl@ceph.mgr.x.smithi120.stdout:Jun 23 01:11:38 smithi120 conmon[80224]:
2023-06-23T01:11:38.158+0000 7f39242a41c0 -1 mgr[py] Module alerts has missing NOTIFY_TYPES member
2023-06-23T01:11:38.967 INFO:journalctl@ceph.mgr.x.smithi120.stdout:Jun 23 01:11:38 smithi120 conmon[80224]:
2023-06-23T01:11:38.626+0000 7f39242a41c0 -1 mgr[py] Module osd_perf_query has missing NOTIFY_TYPES member
2023-06-23T01:11:38.968 INFO:journalctl@ceph.mgr.x.smithi120.stdout:Jun 23 01:11:38 smithi120 conmon[80224]:
2023-06-23T01:11:38.740+0000 7f39242a41c0 -1 mgr[py] Module devicehealth has missing NOTIFY_TYPES member
2023-06-23T01:11:38.968 INFO:journalctl@ceph.mgr.x.smithi120.stdout:Jun 23 01:11:38 smithi120 conmon[80224]:
2023-06-23T01:11:38.852+0000 7f39242a41c0 -1 mgr[py] Module progress has missing NOTIFY_TYPES member
2023-06-23T01:11:38.968 INFO:journalctl@ceph.mgr.x.smithi120.stdout:Jun 23 01:11:38 smithi120 conmon[80224]:
2023-06-23T01:11:38.964+0000 7f39242a41c0 -1 mgr[py] Module telegraf has missing NOTIFY_TYPES member
2023-06-23T01:11:39.260 INFO:journalctl@ceph.mon.a.smithi120.stdout:Jun 23 01:11:39 smithi120 ceph-mon[79813]: Active manager daemon x restarted
2023-06-23T01:11:39.260 INFO:journalctl@ceph.mon.a.smithi120.stdout:Jun 23 01:11:39 smithi120 ceph-mon[79813]: Activating manager daemon x
2023-06-23T01:11:39.261 INFO:journalctl@ceph.mon.a.smithi120.stdout:Jun 23 01:11:39 smithi120 ceph-mon[79813]: osdmap e3: 0 total, 0 up, 0 in
2023-06-23T01:11:39.261 INFO:journalctl@ceph.mon.a.smithi120.stdout:Jun 23 01:11:39 smithi120 ceph-mon[79813]: mgrmap e10: x(active, starting, since 0.00391178s)
2023-06-23T01:11:39.261 INFO:journalctl@ceph.mon.a.smithi120.stdout:Jun 23 01:11:39 smithi120 ceph-mon[79813]: from='mgr.14152 172.21.15.120:0/807722839' entity='mgr.x' cmd=[{"prefix": "mon metadata", "id": "a"}]: dispatch
2023-06-23T01:11:39.261 INFO:journalctl@ceph.mon.a.smithi120.stdout:Jun 23 01:11:39 smithi120 ceph-mon[79813]: from='mgr.14152 172.21.15.120:0/807722839' entity='mgr.x' cmd=[{"prefix": "mgr metadata", "who": "x", "id": "x"}]: dispatch
2023-06-23T01:11:39.261 INFO:journalctl@ceph.mon.a.smithi120.stdout:Jun 23 01:11:39 smithi120 ceph-mon[79813]: from='mgr.14152 172.21.15.120:0/807722839' entity='mgr.x' cmd=[{"prefix": "mds metadata"}]: dispatch
2023-06-23T01:11:39.261 INFO:journalctl@ceph.mon.a.smithi120.stdout:Jun 23 01:11:39 smithi120 ceph-mon[79813]: from='mgr.14152 172.21.15.120:0/807722839' entity='mgr.x' cmd=[{"prefix": "osd metadata"}]: dispatch
2023-06-23T01:11:39.261 INFO:journalctl@ceph.mon.a.smithi120.stdout:Jun 23 01:11:39 smithi120 ceph-mon[79813]: from='mgr.14152 172.21.15.120:0/807722839' entity='mgr.x' cmd=[{"prefix": "mon metadata"}]: dispatch
2023-06-23T01:11:39.262 INFO:journalctl@ceph.mon.a.smithi120.stdout:Jun 23 01:11:39 smithi120 ceph-mon[79813]: Manager daemon x is now available
2023-06-23T01:11:39.262 INFO:journalctl@ceph.mon.a.smithi120.stdout:Jun 23 01:11:39 smithi120 ceph-mon[79813]: from='mgr.14152 172.21.15.120:0/807722839' entity='mgr.x' cmd=[{"prefix": "config dump", "format": "json"}]: dispatch
2023-06-23T01:11:39.262 INFO:journalctl@ceph.mon.a.smithi120.stdout:Jun 23 01:11:39 smithi120 ceph-mon[79813]: from='mgr.14152 172.21.15.120:0/807722839' entity='mgr.x' cmd=[{"prefix": "config dump", "format": "json"}]: dispatch
2023-06-23T01:11:40.367 INFO:journalctl@ceph.mon.a.smithi120.stdout:Jun 23 01:11:40 smithi120 ceph-mon[79813]: from='mgr.14152 172.21.15.120:0/807722839' entity='mgr.x' cmd=[{"prefix":"config rm","who":"mgr","name":"mgr/rbd_support/x/mirror_snapshot_schedule"}]: dispatch
2023-06-23T01:11:40.367 INFO:journalctl@ceph.mon.a.smithi120.stdout:Jun 23 01:11:40 smithi120 ceph-mon[79813]: from='mgr.14152 172.21.15.120:0/807722839' entity='mgr.x' cmd=[{"prefix":"config rm","who":"mgr","name":"mgr/rbd_support/x/trash_purge_schedule"}]: dispatch
2023-06-23T01:11:40.367 INFO:journalctl@ceph.mon.a.smithi120.stdout:Jun 23 01:11:40 smithi120 ceph-mon[79813]: [23/Jun/2023:01:11:39] ENGINE Bus STARTING
2023-06-23T01:11:40.367 INFO:journalctl@ceph.mon.a.smithi120.stdout:Jun 23 01:11:40 smithi120 ceph-mon[79813]: [23/Jun/2023:01:11:39] ENGINE Serving on https://172.21.15.120:7150
2023-06-23T01:11:40.367 INFO:journalctl@ceph.mon.a.smithi120.stdout:Jun 23 01:11:40 smithi120 ceph-mon[79813]: [23/Jun/2023:01:11:39] ENGINE Bus STARTED
2023-06-23T01:11:40.367 INFO:journalctl@ceph.mon.a.smithi120.stdout:Jun 23 01:11:40 smithi120 ceph-mon[79813]: from='mgr.14152 172.21.15.120:0/807722839' entity='mgr.x'
2023-06-23T01:11:40.368 INFO:journalctl@ceph.mon.a.smithi120.stdout:Jun 23 01:11:40 smithi120 ceph-mon[79813]: mgrmap e11: x(active, since 1.00926s)
2023-06-23T01:11:40.444 INFO:teuthology.orchestra.run.smithi120.stdout:/usr/bin/ceph: stdout {
2023-06-23T01:11:40.444 INFO:teuthology.orchestra.run.smithi120.stdout:/usr/bin/ceph: stdout "mgrmap_epoch": 11,
2023-06-23T01:11:40.444 INFO:teuthology.orchestra.run.smithi120.stdout:/usr/bin/ceph: stdout "initialized": true
2023-06-23T01:11:40.445 INFO:teuthology.orchestra.run.smithi120.stdout:/usr/bin/ceph: stdout }
2023-06-23T01:11:40.445 INFO:teuthology.orchestra.run.smithi120.stdout:/usr/bin/ceph: stderr
2023-06-23T01:11:32.900+0000 7f0b9a0cb700 1 Processor -- start
2023-06-23T01:11:40.445 INFO:teuthology.orchestra.run.smithi120.stdout:/usr/bin/ceph: stderr
2023-06-23T01:11:32.900+0000 7f0b9a0cb700 1 -- start start
2023-06-23T01:11:40.445 INFO:teuthology.orchestra.run.smithi120.stdout:/usr/bin/ceph: stderr
2023-06-23T01:11:32.900+0000 7f0b9a0cb700 1 --2- >> [v2:172.21.15.120:3300/0,v1:172.21.15.120:6789/0] conn(0x7f0b94070db0 0x7f0b94104f20 unknown :-1 s=NONE pgs=0 cs=0 l=0 rev1=0 crypto rx=0 tx=0 comp rx=0 tx=0).connect
2023-06-23T01:11:40.445 INFO:teuthology.orchestra.run.smithi120.stdout:/usr/bin/ceph: stderr
2023-06-23T01:11:32.900+0000 7f0b9a0cb700 1 -- --> [v2:172.21.15.120:3300/0,v1:172.21.15.120:6789/0] -- mon_getmap magic: 0 v1 -- 0x7f0b94105460 con 0x7f0b94070db0
2023-06-23T01:11:40.445 INFO:teuthology.orchestra.run.smithi120.stdout:/usr/bin/ceph: stderr
2023-06-23T01:11:32.900+0000 7f0b937fe700 1 --2- >> [v2:172.21.15.120:3300/0,v1:172.21.15.120:6789/0] conn(0x7f0b94070db0 0x7f0b94104f20 unknown :-1 s=BANNER_CONNECTING pgs=0 cs=0 l=0 rev1=0 crypto rx=0 tx=0 comp rx=0 tx=0)._handle_peer_banner_payload supported=3 required=0
2023-06-23T01:11:40.445 INFO:teuthology.orchestra.run.smithi120.stdout:/usr/bin/ceph: stderr
2023-06-23T01:11:32.901+0000 7f0b937fe700 1 --2- >> [v2:172.21.15.120:3300/0,v1:172.21.15.120:6789/0] conn(0x7f0b94070db0 0x7f0b94104f20 unknown :-1 s=HELLO_CONNECTING pgs=0 cs=0 l=0 rev1=1 crypto rx=0 tx=0 comp rx=0 tx=0).handle_hello peer v2:172.21.15.120:3300/0 says I am v2:172.21.15.120:53172/0 (socket says 172.21.15.120:53172)
2023-06-23T01:11:40.446 INFO:teuthology.orchestra.run.smithi120.stdout:/usr/bin/ceph: stderr
2023-06-23T01:11:32.901+0000 7f0b937fe700 1 -- 172.21.15.120:0/2460000824 learned_addr learned my addr 172.21.15.120:0/2460000824 (peer_addr_for_me v2:172.21.15.120:0/0)
2023-06-23T01:11:40.446 INFO:teuthology.orchestra.run.smithi120.stdout:/usr/bin/ceph: stderr
2023-06-23T01:11:32.901+0000 7f0b937fe700 1 -- 172.21.15.120:0/2460000824 --> [v2:172.21.15.120:3300/0,v1:172.21.15.120:6789/0] -- mon_subscribe({config=0+,monmap=0+}) v3 -- 0x7f0b941055a0 con 0x7f0b94070db0
2023-06-23T01:11:40.446 INFO:teuthology.orchestra.run.smithi120.stdout:/usr/bin/ceph: stderr
2023-06-23T01:11:32.901+0000 7f0b937fe700 1 --2- 172.21.15.120:0/2460000824 >> [v2:172.21.15.120:3300/0,v1:172.21.15.120:6789/0] conn(0x7f0b94070db0 0x7f0b94104f20 secure :-1 s=READY pgs=61 cs=0 l=1 rev1=1 crypto rx=0x7f0b840098e0 tx=0x7f0b84009250 comp rx=0 tx=0).ready entity=mon.0 client_cookie=9852c4726275c863 server_cookie=0 in_seq=0 out_seq=0
2023-06-23T01:11:40.446 INFO:teuthology.orchestra.run.smithi120.stdout:/usr/bin/ceph: stderr
2023-06-23T01:11:32.901+0000 7f0b927fc700 1 -- 172.21.15.120:0/2460000824 <== mon.0 v2:172.21.15.120:3300/0 1 ==== mon_map magic: 0 v1 ==== 205+0+0 (secure 0 0 0) 0x7f0b84009e80 con 0x7f0b94070db0
2023-06-23T01:11:40.446 INFO:teuthology.orchestra.run.smithi120.stdout:/usr/bin/ceph: stderr
2023-06-23T01:11:32.901+0000 7f0b927fc700 1 -- 172.21.15.120:0/2460000824 <== mon.0 v2:172.21.15.120:3300/0 2 ==== config(26 keys) v1 ==== 1105+0+0 (secure 0 0 0) 0x7f0b8400bdc0 con 0x7f0b94070db0
2023-06-23T01:11:40.446 INFO:teuthology.orchestra.run.smithi120.stdout:/usr/bin/ceph: stderr
2023-06-23T01:11:32.901+0000 7f0b927fc700 1 -- 172.21.15.120:0/2460000824 <== mon.0 v2:172.21.15.120:3300/0 3 ==== mon_map magic: 0 v1 ==== 205+0+0 (secure 0 0 0) 0x7f0b84011d80 con 0x7f0b94070db0
2023-06-23T01:11:40.446 INFO:teuthology.orchestra.run.smithi120.stdout:/usr/bin/ceph: stderr
2023-06-23T01:11:32.902+0000 7f0b9a0cb700 1 -- 172.21.15.120:0/2460000824 >> [v2:172.21.15.120:3300/0,v1:172.21.15.120:6789/0] conn(0x7f0b94070db0 msgr2=0x7f0b94104f20 secure :-1 s=STATE_CONNECTION_ESTABLISHED l=1).mark_down
2023-06-23T01:11:40.446 INFO:teuthology.orchestra.run.smithi120.stdout:/usr/bin/ceph: stderr
2023-06-23T01:11:32.902+0000 7f0b9a0cb700 1 --2- 172.21.15.120:0/2460000824 >> [v2:172.21.15.120:3300/0,v1:172.21.15.120:6789/0] conn(0x7f0b94070db0 0x7f0b94104f20 secure :-1 s=READY pgs=61 cs=0 l=1 rev1=1 crypto rx=0x7f0b840098e0 tx=0x7f0b84009250 comp rx=0 tx=0).stop
2023-06-23T01:11:40.447 INFO:teuthology.orchestra.run.smithi120.stdout:/usr/bin/ceph: stderr
2023-06-23T01:11:32.902+0000 7f0b9a0cb700 1 -- 172.21.15.120:0/2460000824 shutdown_connections
2023-06-23T01:11:40.447 INFO:teuthology.orchestra.run.smithi120.stdout:/usr/bin/ceph: stderr
2023-06-23T01:11:32.902+0000 7f0b9a0cb700 1 --2- 172.21.15.120:0/2460000824 >> [v2:172.21.15.120:3300/0,v1:172.21.15.120:6789/0] conn(0x7f0b94070db0 0x7f0b94104f20 unknown :-1 s=CLOSED pgs=61 cs=0 l=1 rev1=1 crypto rx=0 tx=0 comp rx=0 tx=0).stop
2023-06-23T01:11:40.447 INFO:teuthology.orchestra.run.smithi120.stdout:/usr/bin/ceph: stderr
2023-06-23T01:11:32.903+0000 7f0b9a0cb700 1 -- 172.21.15.120:0/2460000824 >> 172.21.15.120:0/2460000824 conn(0x7f0b940fc8f0 msgr2=0x7f0b940fed20 unknown :-1 s=STATE_NONE l=0).mark_down
2023-06-23T01:11:40.447 INFO:teuthology.orchestra.run.smithi120.stdout:/usr/bin/ceph: stderr
2023-06-23T01:11:32.903+0000 7f0b9a0cb700 1 -- 172.21.15.120:0/2460000824 shutdown_connections
2023-06-23T01:11:40.447 INFO:teuthology.orchestra.run.smithi120.stdout:/usr/bin/ceph: stderr
2023-06-23T01:11:32.903+0000 7f0b9a0cb700 1 -- 172.21.15.120:0/2460000824 wait complete.
2023-06-23T01:11:40.447 INFO:teuthology.orchestra.run.smithi120.stdout:/usr/bin/ceph: stderr
2023-06-23T01:11:32.903+0000 7f0b9a0cb700 1 Processor -- start
2023-06-23T01:11:40.447 INFO:teuthology.orchestra.run.smithi120.stdout:/usr/bin/ceph: stderr
2023-06-23T01:11:32.904+0000 7f0b9a0cb700 1 -- start start
2023-06-23T01:11:40.448 INFO:teuthology.orchestra.run.smithi120.stdout:/usr/bin/ceph: stderr
2023-06-23T01:11:32.904+0000 7f0b9a0cb700 1 --2- >> [v2:172.21.15.120:3300/0,v1:172.21.15.120:6789/0] conn(0x7f0b94070db0 0x7f0b941029a0 unknown :-1 s=NONE pgs=0 cs=0 l=1 rev1=0 crypto rx=0 tx=0 comp rx=0 tx=0).connect
2023-06-23T01:11:40.448 INFO:teuthology.orchestra.run.smithi120.stdout:/usr/bin/ceph: stderr
2023-06-23T01:11:32.904+0000 7f0b9a0cb700 1 -- --> [v2:172.21.15.120:3300/0,v1:172.21.15.120:6789/0] -- mon_getmap magic: 0 v1 -- 0x7f0b94100e20 con 0x7f0b94070db0
2023-06-23T01:11:40.448 INFO:teuthology.orchestra.run.smithi120.stdout:/usr/bin/ceph: stderr
2023-06-23T01:11:32.904+0000 7f0b937fe700 1 --2- >> [v2:172.21.15.120:3300/0,v1:172.21.15.120:6789/0] conn(0x7f0b94070db0 0x7f0b941029a0 unknown :-1 s=BANNER_CONNECTING pgs=0 cs=0 l=1 rev1=0 crypto rx=0 tx=0 comp rx=0 tx=0)._handle_peer_banner_payload supported=3 required=0
2023-06-23T01:11:40.448 INFO:teuthology.orchestra.run.smithi120.stdout:/usr/bin/ceph: stderr
2023-06-23T01:11:32.904+0000 7f0b937fe700 1 --2- >> [v2:172.21.15.120:3300/0,v1:172.21.15.120:6789/0] conn(0x7f0b94070db0 0x7f0b941029a0 unknown :-1 s=HELLO_CONNECTING pgs=0 cs=0 l=1 rev1=1 crypto rx=0 tx=0 comp rx=0 tx=0).handle_hello peer v2:172.21.15.120:3300/0 says I am v2:172.21.15.120:53176/0 (socket says 172.21.15.120:53176)
2023-06-23T01:11:40.448 INFO:teuthology.orchestra.run.smithi120.stdout:/usr/bin/ceph: stderr
2023-06-23T01:11:32.904+0000 7f0b937fe700 1 -- 172.21.15.120:0/2080064339 learned_addr learned my addr 172.21.15.120:0/2080064339 (peer_addr_for_me v2:172.21.15.120:0/0)
2023-06-23T01:11:40.449 INFO:teuthology.orchestra.run.smithi120.stdout:/usr/bin/ceph: stderr
