2023-06-23T01:11:08.049 INFO:teuthology.orchestra.run.smithi120.stdout:/usr/bin/ceph: stderr
2023-06-23T01:11:07.378+0000 7f787268c700 1 --2- >> [v2:172.21.15.120:3300/0,v1:172.21.15.120:6789/0] conn(0x7f786c077cd0 0x7f786c076170 unknown :-1 s=NONE pgs=0 cs=0 l=0 rev1=0 crypto rx=0 tx=0 comp rx=0 tx=0).connect
2023-06-23T01:11:08.049 INFO:teuthology.orchestra.run.smithi120.stdout:/usr/bin/ceph: stderr
2023-06-23T01:11:07.378+0000 7f787268c700 1 -- --> [v2:172.21.15.120:3300/0,v1:172.21.15.120:6789/0] -- mon_getmap magic: 0 v1 -- 0x7f786c0766b0 con 0x7f786c077cd0
2023-06-23T01:11:08.049 INFO:teuthology.orchestra.run.smithi120.stdout:/usr/bin/ceph: stderr
2023-06-23T01:11:07.378+0000 7f786bfff700 1 --2- >> [v2:172.21.15.120:3300/0,v1:172.21.15.120:6789/0] conn(0x7f786c077cd0 0x7f786c076170 unknown :-1 s=BANNER_CONNECTING pgs=0 cs=0 l=0 rev1=0 crypto rx=0 tx=0 comp rx=0 tx=0)._handle_peer_banner_payload supported=3 required=0
2023-06-23T01:11:08.049 INFO:teuthology.orchestra.run.smithi120.stdout:/usr/bin/ceph: stderr
2023-06-23T01:11:07.378+0000 7f786bfff700 1 --2- >> [v2:172.21.15.120:3300/0,v1:172.21.15.120:6789/0] conn(0x7f786c077cd0 0x7f786c076170 unknown :-1 s=HELLO_CONNECTING pgs=0 cs=0 l=0 rev1=1 crypto rx=0 tx=0 comp rx=0 tx=0).handle_hello peer v2:172.21.15.120:3300/0 says I am v2:172.21.15.120:49456/0 (socket says 172.21.15.120:49456)
2023-06-23T01:11:08.049 INFO:teuthology.orchestra.run.smithi120.stdout:/usr/bin/ceph: stderr
2023-06-23T01:11:07.378+0000 7f786bfff700 1 -- 172.21.15.120:0/3593967321 learned_addr learned my addr 172.21.15.120:0/3593967321 (peer_addr_for_me v2:172.21.15.120:0/0)
2023-06-23T01:11:08.049 INFO:teuthology.orchestra.run.smithi120.stdout:/usr/bin/ceph: stderr
2023-06-23T01:11:07.379+0000 7f786bfff700 1 -- 172.21.15.120:0/3593967321 --> [v2:172.21.15.120:3300/0,v1:172.21.15.120:6789/0] -- mon_subscribe({config=0+,monmap=0+}) v3 -- 0x7f786c0767f0 con 0x7f786c077cd0
2023-06-23T01:11:08.049 INFO:teuthology.orchestra.run.smithi120.stdout:/usr/bin/ceph: stderr
2023-06-23T01:11:07.379+0000 7f786bfff700 1 --2- 172.21.15.120:0/3593967321 >> [v2:172.21.15.120:3300/0,v1:172.21.15.120:6789/0] conn(0x7f786c077cd0 0x7f786c076170 secure :-1 s=READY pgs=26 cs=0 l=1 rev1=1 crypto rx=0x7f785c0098e0 tx=0x7f785c009250 comp rx=0 tx=0).ready entity=mon.0 client_cookie=10622480f50ce2bf server_cookie=0 in_seq=0 out_seq=0
2023-06-23T01:11:08.050 INFO:teuthology.orchestra.run.smithi120.stdout:/usr/bin/ceph: stderr
2023-06-23T01:11:07.379+0000 7f786affd700 1 -- 172.21.15.120:0/3593967321 <== mon.0 v2:172.21.15.120:3300/0 1 ==== mon_map magic: 0 v1 ==== 205+0+0 (secure 0 0 0) 0x7f785c009e80 con 0x7f786c077cd0
2023-06-23T01:11:08.050 INFO:teuthology.orchestra.run.smithi120.stdout:/usr/bin/ceph: stderr
2023-06-23T01:11:07.379+0000 7f786affd700 1 -- 172.21.15.120:0/3593967321 <== mon.0 v2:172.21.15.120:3300/0 2 ==== config(26 keys) v1 ==== 1074+0+0 (secure 0 0 0) 0x7f785c00bd10 con 0x7f786c077cd0
2023-06-23T01:11:08.050 INFO:teuthology.orchestra.run.smithi120.stdout:/usr/bin/ceph: stderr
2023-06-23T01:11:07.379+0000 7f786affd700 1 -- 172.21.15.120:0/3593967321 <== mon.0 v2:172.21.15.120:3300/0 3 ==== mon_map magic: 0 v1 ==== 205+0+0 (secure 0 0 0) 0x7f785c011ce0 con 0x7f786c077cd0
2023-06-23T01:11:08.050 INFO:teuthology.orchestra.run.smithi120.stdout:/usr/bin/ceph: stderr
2023-06-23T01:11:07.380+0000 7f787268c700 1 -- 172.21.15.120:0/3593967321 >> [v2:172.21.15.120:3300/0,v1:172.21.15.120:6789/0] conn(0x7f786c077cd0 msgr2=0x7f786c076170 secure :-1 s=STATE_CONNECTION_ESTABLISHED l=1).mark_down
2023-06-23T01:11:08.050 INFO:teuthology.orchestra.run.smithi120.stdout:/usr/bin/ceph: stderr
2023-06-23T01:11:07.380+0000 7f787268c700 1 --2- 172.21.15.120:0/3593967321 >> [v2:172.21.15.120:3300/0,v1:172.21.15.120:6789/0] conn(0x7f786c077cd0 0x7f786c076170 secure :-1 s=READY pgs=26 cs=0 l=1 rev1=1 crypto rx=0x7f785c0098e0 tx=0x7f785c009250 comp rx=0 tx=0).stop
2023-06-23T01:11:08.050 INFO:teuthology.orchestra.run.smithi120.stdout:/usr/bin/ceph: stderr
2023-06-23T01:11:07.380+0000 7f787268c700 1 -- 172.21.15.120:0/3593967321 shutdown_connections
2023-06-23T01:11:08.050 INFO:teuthology.orchestra.run.smithi120.stdout:/usr/bin/ceph: stderr
2023-06-23T01:11:07.380+0000 7f787268c700 1 --2- 172.21.15.120:0/3593967321 >> [v2:172.21.15.120:3300/0,v1:172.21.15.120:6789/0] conn(0x7f786c077cd0 0x7f786c076170 unknown :-1 s=CLOSED pgs=26 cs=0 l=1 rev1=1 crypto rx=0 tx=0 comp rx=0 tx=0).stop
2023-06-23T01:11:08.051 INFO:teuthology.orchestra.run.smithi120.stdout:/usr/bin/ceph: stderr
2023-06-23T01:11:07.380+0000 7f787268c700 1 -- 172.21.15.120:0/3593967321 >> 172.21.15.120:0/3593967321 conn(0x7f786c0fd990 msgr2=0x7f786c0ffda0 unknown :-1 s=STATE_NONE l=0).mark_down
2023-06-23T01:11:08.051 INFO:teuthology.orchestra.run.smithi120.stdout:/usr/bin/ceph: stderr
2023-06-23T01:11:07.380+0000 7f787268c700 1 -- 172.21.15.120:0/3593967321 shutdown_connections
2023-06-23T01:11:08.051 INFO:teuthology.orchestra.run.smithi120.stdout:/usr/bin/ceph: stderr
2023-06-23T01:11:07.380+0000 7f787268c700 1 -- 172.21.15.120:0/3593967321 wait complete.
2023-06-23T01:11:08.051 INFO:teuthology.orchestra.run.smithi120.stdout:/usr/bin/ceph: stderr
2023-06-23T01:11:07.381+0000 7f787268c700 1 Processor -- start
2023-06-23T01:11:08.051 INFO:teuthology.orchestra.run.smithi120.stdout:/usr/bin/ceph: stderr
2023-06-23T01:11:07.381+0000 7f787268c700 1 -- start start
2023-06-23T01:11:08.051 INFO:teuthology.orchestra.run.smithi120.stdout:/usr/bin/ceph: stderr
2023-06-23T01:11:07.381+0000 7f787268c700 1 --2- >> [v2:172.21.15.120:3300/0,v1:172.21.15.120:6789/0] conn(0x7f786c077cd0 0x7f786c113100 unknown :-1 s=NONE pgs=0 cs=0 l=1 rev1=0 crypto rx=0 tx=0 comp rx=0 tx=0).connect
2023-06-23T01:11:08.051 INFO:teuthology.orchestra.run.smithi120.stdout:/usr/bin/ceph: stderr
2023-06-23T01:11:07.381+0000 7f787268c700 1 -- --> [v2:172.21.15.120:3300/0,v1:172.21.15.120:6789/0] -- mon_getmap magic: 0 v1 -- 0x7f786c113640 con 0x7f786c077cd0
2023-06-23T01:11:08.051 INFO:teuthology.orchestra.run.smithi120.stdout:/usr/bin/ceph: stderr
2023-06-23T01:11:07.381+0000 7f786bfff700 1 --2- >> [v2:172.21.15.120:3300/0,v1:172.21.15.120:6789/0] conn(0x7f786c077cd0 0x7f786c113100 unknown :-1 s=BANNER_CONNECTING pgs=0 cs=0 l=1 rev1=0 crypto rx=0 tx=0 comp rx=0 tx=0)._handle_peer_banner_payload supported=3 required=0
2023-06-23T01:11:08.052 INFO:teuthology.orchestra.run.smithi120.stdout:/usr/bin/ceph: stderr
2023-06-23T01:11:07.381+0000 7f786bfff700 1 --2- >> [v2:172.21.15.120:3300/0,v1:172.21.15.120:6789/0] conn(0x7f786c077cd0 0x7f786c113100 unknown :-1 s=HELLO_CONNECTING pgs=0 cs=0 l=1 rev1=1 crypto rx=0 tx=0 comp rx=0 tx=0).handle_hello peer v2:172.21.15.120:3300/0 says I am v2:172.21.15.120:49466/0 (socket says 172.21.15.120:49466)
2023-06-23T01:11:08.052 INFO:teuthology.orchestra.run.smithi120.stdout:/usr/bin/ceph: stderr
2023-06-23T01:11:07.381+0000 7f786bfff700 1 -- 172.21.15.120:0/2070498293 learned_addr learned my addr 172.21.15.120:0/2070498293 (peer_addr_for_me v2:172.21.15.120:0/0)
2023-06-23T01:11:08.052 INFO:teuthology.orchestra.run.smithi120.stdout:/usr/bin/ceph: stderr
2023-06-23T01:11:07.382+0000 7f786bfff700 1 -- 172.21.15.120:0/2070498293 --> [v2:172.21.15.120:3300/0,v1:172.21.15.120:6789/0] -- mon_subscribe({config=0+,monmap=0+}) v3 -- 0x7f785c0094f0 con 0x7f786c077cd0
2023-06-23T01:11:08.052 INFO:teuthology.orchestra.run.smithi120.stdout:/usr/bin/ceph: stderr
2023-06-23T01:11:07.382+0000 7f786bfff700 1 --2- 172.21.15.120:0/2070498293 >> [v2:172.21.15.120:3300/0,v1:172.21.15.120:6789/0] conn(0x7f786c077cd0 0x7f786c113100 secure :-1 s=READY pgs=27 cs=0 l=1 rev1=1 crypto rx=0x7f785c011970 tx=0x7f785c009250 comp rx=0 tx=0).ready entity=mon.0 client_cookie=0 server_cookie=0 in_seq=0 out_seq=0
2023-06-23T01:11:08.052 INFO:teuthology.orchestra.run.smithi120.stdout:/usr/bin/ceph: stderr
2023-06-23T01:11:07.382+0000 7f7868ff9700 1 -- 172.21.15.120:0/2070498293 <== mon.0 v2:172.21.15.120:3300/0 1 ==== mon_map magic: 0 v1 ==== 205+0+0 (secure 0 0 0) 0x7f785c009e80 con 0x7f786c077cd0
2023-06-23T01:11:08.052 INFO:teuthology.orchestra.run.smithi120.stdout:/usr/bin/ceph: stderr
2023-06-23T01:11:07.382+0000 7f7868ff9700 1 -- 172.21.15.120:0/2070498293 <== mon.0 v2:172.21.15.120:3300/0 2 ==== config(26 keys) v1 ==== 1074+0+0 (secure 0 0 0) 0x7f785c01aaf0 con 0x7f786c077cd0
2023-06-23T01:11:08.052 INFO:teuthology.orchestra.run.smithi120.stdout:/usr/bin/ceph: stderr
2023-06-23T01:11:07.382+0000 7f787268c700 1 -- 172.21.15.120:0/2070498293 --> [v2:172.21.15.120:3300/0,v1:172.21.15.120:6789/0] -- mon_subscribe({mgrmap=0+}) v3 -- 0x7f786c113840 con 0x7f786c077cd0
2023-06-23T01:11:08.053 INFO:teuthology.orchestra.run.smithi120.stdout:/usr/bin/ceph: stderr
2023-06-23T01:11:07.382+0000 7f7868ff9700 1 -- 172.21.15.120:0/2070498293 <== mon.0 v2:172.21.15.120:3300/0 3 ==== mon_map magic: 0 v1 ==== 205+0+0 (secure 0 0 0) 0x7f785c022a90 con 0x7f786c077cd0
2023-06-23T01:11:08.053 INFO:teuthology.orchestra.run.smithi120.stdout:/usr/bin/ceph: stderr
2023-06-23T01:11:07.382+0000 7f787268c700 1 -- 172.21.15.120:0/2070498293 --> [v2:172.21.15.120:3300/0,v1:172.21.15.120:6789/0] -- mon_subscribe({osdmap=0}) v3 -- 0x7f786c1144e0 con 0x7f786c077cd0
2023-06-23T01:11:08.055 INFO:teuthology.orchestra.run.smithi120.stdout:/usr/bin/ceph: stderr
2023-06-23T01:11:07.383+0000 7f7868ff9700 1 -- 172.21.15.120:0/2070498293 <== mon.0 v2:172.21.15.120:3300/0 4 ==== mgrmap(e 5) v1 ==== 43219+0+0 (secure 0 0 0) 0x7f785c022c90 con 0x7f786c077cd0
2023-06-23T01:11:08.055 INFO:teuthology.orchestra.run.smithi120.stdout:/usr/bin/ceph: stderr
2023-06-23T01:11:07.383+0000 7f787268c700 1 -- 172.21.15.120:0/2070498293 --> [v2:172.21.15.120:3300/0,v1:172.21.15.120:6789/0] -- mon_command({"prefix": "get_command_descriptions"} v 0) v1 -- 0x7f786c05f060 con 0x7f786c077cd0
2023-06-23T01:11:08.055 INFO:teuthology.orchestra.run.smithi120.stdout:/usr/bin/ceph: stderr
2023-06-23T01:11:07.384+0000 7f7868ff9700 1 --2- 172.21.15.120:0/2070498293 >> [v2:172.21.15.120:6800/506843621,v1:172.21.15.120:6801/506843621] conn(0x7f7854036560 0x7f7854038a10 unknown :-1 s=NONE pgs=0 cs=0 l=1 rev1=0 crypto rx=0 tx=0 comp rx=0 tx=0).connect
2023-06-23T01:11:08.055 INFO:teuthology.orchestra.run.smithi120.stdout:/usr/bin/ceph: stderr
2023-06-23T01:11:07.384+0000 7f7868ff9700 1 -- 172.21.15.120:0/2070498293 <== mon.0 v2:172.21.15.120:3300/0 5 ==== osd_map(1..1 src has 1..1) v4 ==== 721+0+0 (secure 0 0 0) 0x7f785c04a390 con 0x7f786c077cd0
2023-06-23T01:11:08.055 INFO:teuthology.orchestra.run.smithi120.stdout:/usr/bin/ceph: stderr
2023-06-23T01:11:07.384+0000 7f786b7fe700 1 -- 172.21.15.120:0/2070498293 >> [v2:172.21.15.120:6800/506843621,v1:172.21.15.120:6801/506843621] conn(0x7f7854036560 msgr2=0x7f7854038a10 unknown :-1 s=STATE_CONNECTING_RE l=1).process reconnect failed to v2:172.21.15.120:6800/506843621
2023-06-23T01:11:08.055 INFO:teuthology.orchestra.run.smithi120.stdout:/usr/bin/ceph: stderr
2023-06-23T01:11:07.384+0000 7f786b7fe700 1 --2- 172.21.15.120:0/2070498293 >> [v2:172.21.15.120:6800/506843621,v1:172.21.15.120:6801/506843621] conn(0x7f7854036560 0x7f7854038a10 unknown :-1 s=START_CONNECT pgs=0 cs=0 l=1 rev1=0 crypto rx=0 tx=0 comp rx=0 tx=0)._fault waiting 0.200000
2023-06-23T01:11:08.056 INFO:teuthology.orchestra.run.smithi120.stdout:/usr/bin/ceph: stderr
2023-06-23T01:11:07.389+0000 7f7868ff9700 1 -- 172.21.15.120:0/2070498293 <== mon.0 v2:172.21.15.120:3300/0 6 ==== mon_command_ack([{"prefix": "get_command_descriptions"}]=0 v0) v1 ==== 72+0+174561 (secure 0 0 0) 0x7f785c006d70 con 0x7f786c077cd0
2023-06-23T01:11:08.056 INFO:teuthology.orchestra.run.smithi120.stdout:/usr/bin/ceph: stderr
2023-06-23T01:11:07.585+0000 7f786b7fe700 1 -- 172.21.15.120:0/2070498293 >> [v2:172.21.15.120:6800/506843621,v1:172.21.15.120:6801/506843621] conn(0x7f7854036560 msgr2=0x7f7854038a10 unknown :-1 s=STATE_CONNECTING_RE l=1).process reconnect failed to v2:172.21.15.120:6800/506843621
2023-06-23T01:11:08.056 INFO:teuthology.orchestra.run.smithi120.stdout:/usr/bin/ceph: stderr
2023-06-23T01:11:07.585+0000 7f786b7fe700 1 --2- 172.21.15.120:0/2070498293 >> [v2:172.21.15.120:6800/506843621,v1:172.21.15.120:6801/506843621] conn(0x7f7854036560 0x7f7854038a10 unknown :-1 s=START_CONNECT pgs=0 cs=0 l=1 rev1=0 crypto rx=0 tx=0 comp rx=0 tx=0)._fault waiting 0.400000
2023-06-23T01:11:08.056 INFO:teuthology.orchestra.run.smithi120.stdout:/usr/bin/ceph: stderr
2023-06-23T01:11:07.634+0000 7f787268c700 1 -- 172.21.15.120:0/2070498293 --> [v2:172.21.15.120:3300/0,v1:172.21.15.120:6789/0] -- mon_command({"prefix": "mgr stat"} v 0) v1 -- 0x7f786c114820 con 0x7f786c077cd0
2023-06-23T01:11:08.056 INFO:teuthology.orchestra.run.smithi120.stdout:/usr/bin/ceph: stderr
2023-06-23T01:11:07.634+0000 7f7868ff9700 1 -- 172.21.15.120:0/2070498293 <== mon.0 v2:172.21.15.120:3300/0 7 ==== mon_command_ack([{"prefix": "mgr stat"}]=0 v5) v1 ==== 56+0+88 (secure 0 0 0) 0x7f785c0213a0 con 0x7f786c077cd0
2023-06-23T01:11:08.056 INFO:teuthology.orchestra.run.smithi120.stdout:/usr/bin/ceph: stderr
2023-06-23T01:11:07.636+0000 7f787268c700 1 -- 172.21.15.120:0/2070498293 >> [v2:172.21.15.120:6800/506843621,v1:172.21.15.120:6801/506843621] conn(0x7f7854036560 msgr2=0x7f7854038a10 unknown :-1 s=STATE_CONNECTING l=1).mark_down
2023-06-23T01:11:08.056 INFO:teuthology.orchestra.run.smithi120.stdout:/usr/bin/ceph: stderr
2023-06-23T01:11:07.637+0000 7f787268c700 1 --2- 172.21.15.120:0/2070498293 >> [v2:172.21.15.120:6800/506843621,v1:172.21.15.120:6801/506843621] conn(0x7f7854036560 0x7f7854038a10 unknown :-1 s=START_CONNECT pgs=0 cs=0 l=1 rev1=0 crypto rx=0 tx=0 comp rx=0 tx=0).stop
2023-06-23T01:11:08.056 INFO:teuthology.orchestra.run.smithi120.stdout:/usr/bin/ceph: stderr
2023-06-23T01:11:07.637+0000 7f787268c700 1 -- 172.21.15.120:0/2070498293 >> [v2:172.21.15.120:3300/0,v1:172.21.15.120:6789/0] conn(0x7f786c077cd0 msgr2=0x7f786c113100 secure :-1 s=STATE_CONNECTION_ESTABLISHED l=1).mark_down
2023-06-23T01:11:08.057 INFO:teuthology.orchestra.run.smithi120.stdout:/usr/bin/ceph: stderr
2023-06-23T01:11:07.637+0000 7f787268c700 1 --2- 172.21.15.120:0/2070498293 >> [v2:172.21.15.120:3300/0,v1:172.21.15.120:6789/0] conn(0x7f786c077cd0 0x7f786c113100 secure :-1 s=READY pgs=27 cs=0 l=1 rev1=1 crypto rx=0x7f785c011970 tx=0x7f785c009250 comp rx=0 tx=0).stop
2023-06-23T01:11:08.057 INFO:teuthology.orchestra.run.smithi120.stdout:/usr/bin/ceph: stderr
2023-06-23T01:11:07.637+0000 7f787268c700 1 -- 172.21.15.120:0/2070498293 shutdown_connections
2023-06-23T01:11:08.057 INFO:teuthology.orchestra.run.smithi120.stdout:/usr/bin/ceph: stderr
2023-06-23T01:11:07.637+0000 7f787268c700 1 --2- 172.21.15.120:0/2070498293 >> [v2:172.21.15.120:6800/506843621,v1:172.21.15.120:6801/506843621] conn(0x7f7854036560 0x7f7854038a10 unknown :-1 s=CLOSED pgs=0 cs=0 l=1 rev1=0 crypto rx=0 tx=0 comp rx=0 tx=0).stop
2023-06-23T01:11:08.057 INFO:teuthology.orchestra.run.smithi120.stdout:/usr/bin/ceph: stderr
2023-06-23T01:11:07.637+0000 7f787268c700 1 --2- 172.21.15.120:0/2070498293 >> [v2:172.21.15.120:3300/0,v1:172.21.15.120:6789/0] conn(0x7f786c077cd0 0x7f786c113100 unknown :-1 s=CLOSED pgs=27 cs=0 l=1 rev1=1 crypto rx=0 tx=0 comp rx=0 tx=0).stop
2023-06-23T01:11:08.057 INFO:teuthology.orchestra.run.smithi120.stdout:/usr/bin/ceph: stderr
2023-06-23T01:11:07.637+0000 7f787268c700 1 -- 172.21.15.120:0/2070498293 >> 172.21.15.120:0/2070498293 conn(0x7f786c0fd990 msgr2=0x7f786c0fe670 unknown :-1 s=STATE_NONE l=0).mark_down
2023-06-23T01:11:08.057 INFO:teuthology.orchestra.run.smithi120.stdout:/usr/bin/ceph: stderr
2023-06-23T01:11:07.637+0000 7f787268c700 1 -- 172.21.15.120:0/2070498293 shutdown_connections
2023-06-23T01:11:08.057 INFO:teuthology.orchestra.run.smithi120.stdout:/usr/bin/ceph: stderr
2023-06-23T01:11:07.637+0000 7f787268c700 1 -- 172.21.15.120:0/2070498293 wait complete.
2023-06-23T01:11:08.057 INFO:teuthology.orchestra.run.smithi120.stdout:Waiting for the mgr to restart...
2023-06-23T01:11:08.058 INFO:teuthology.orchestra.run.smithi120.stdout:Waiting for mgr epoch 5...
2023-06-23T01:11:08.470 INFO:journalctl@ceph.mgr.x.smithi120.stdout:Jun 23 01:11:08 smithi120 conmon[80224]:
2023-06-23T01:11:08.125+0000 7fb7f2f701c0 -1 mgr[py] Module prometheus has missing NOTIFY_TYPES member
2023-06-23T01:11:08.470 INFO:journalctl@ceph.mgr.x.smithi120.stdout:Jun 23 01:11:08 smithi120 conmon[80224]:
2023-06-23T01:11:08.343+0000 7fb7f2f701c0 -1 mgr[py] Module osd_support has missing NOTIFY_TYPES member
2023-06-23T01:11:08.739 INFO:journalctl@ceph.mon.a.smithi120.stdout:Jun 23 01:11:08 smithi120 ceph-mon[79813]: from='client.? 172.21.15.120:0/2070498293' entity='client.admin' cmd=[{"prefix": "mgr stat"}]: dispatch
2023-06-23T01:11:08.739 INFO:journalctl@ceph.mgr.x.smithi120.stdout:Jun 23 01:11:08 smithi120 conmon[80224]:
2023-06-23T01:11:08.467+0000 7fb7f2f701c0 -1 mgr[py] Module balancer has missing NOTIFY_TYPES member
2023-06-23T01:11:08.739 INFO:journalctl@ceph.mgr.x.smithi120.stdout:Jun 23 01:11:08 smithi120 conmon[80224]:
2023-06-23T01:11:08.735+0000 7fb7f2f701c0 -1 mgr[py] Module orchestrator has missing NOTIFY_TYPES member
2023-06-23T01:11:09.010 INFO:journalctl@ceph.mgr.x.smithi120.stdout:Jun 23 01:11:08 smithi120 conmon[80224]:
2023-06-23T01:11:08.984+0000 7fb7f2f701c0 -1 mgr[py] Module volumes has missing NOTIFY_TYPES member
2023-06-23T01:11:09.510 INFO:journalctl@ceph.mgr.x.smithi120.stdout:Jun 23 01:11:09 smithi120 conmon[80224]:
2023-06-23T01:11:09.175+0000 7fb7f2f701c0 -1 mgr[py] Module pg_autoscaler has missing NOTIFY_TYPES member
2023-06-23T01:11:09.510 INFO:journalctl@ceph.mgr.x.smithi120.stdout:Jun 23 01:11:09 smithi120 conmon[80224]:
2023-06-23T01:11:09.276+0000 7fb7f2f701c0 -1 mgr[py] Module iostat has missing NOTIFY_TYPES member
2023-06-23T01:11:10.510 INFO:journalctl@ceph.mgr.x.smithi120.stdout:Jun 23 01:11:10 smithi120 conmon[80224]:
2023-06-23T01:11:10.015+0000 7fb7f2f701c0 -1 mgr[py] Module rbd_support has missing NOTIFY_TYPES member
2023-06-23T01:11:11.010 INFO:journalctl@ceph.mgr.x.smithi120.stdout:Jun 23 01:11:10 smithi120 conmon[80224]:
2023-06-23T01:11:10.602+0000 7fb7f2f701c0 -1 mgr[py] Module nfs has missing NOTIFY_TYPES member
2023-06-23T01:11:11.010 INFO:journalctl@ceph.mgr.x.smithi120.stdout:Jun 23 01:11:10 smithi120 conmon[80224]:
2023-06-23T01:11:10.717+0000 7fb7f2f701c0 -1 mgr[py] Module crash has missing NOTIFY_TYPES member
2023-06-23T01:11:11.010 INFO:journalctl@ceph.mgr.x.smithi120.stdout:Jun 23 01:11:10 smithi120 conmon[80224]:
2023-06-23T01:11:10.833+0000 7fb7f2f701c0 -1 mgr[py] Module snap_schedule has missing NOTIFY_TYPES member
2023-06-23T01:11:11.905 INFO:journalctl@ceph.mgr.x.smithi120.stdout:Jun 23 01:11:11 smithi120 conmon[80224]:
2023-06-23T01:11:11.576+0000 7fb7f2f701c0 -1 mgr[py] Module rook has missing NOTIFY_TYPES member
2023-06-23T01:11:11.905 INFO:journalctl@ceph.mgr.x.smithi120.stdout:Jun 23 01:11:11 smithi120 conmon[80224]:
2023-06-23T01:11:11.787+0000 7fb7f2f701c0 -1 mgr[py] Module test_orchestrator has missing NOTIFY_TYPES member
2023-06-23T01:11:11.906 INFO:journalctl@ceph.mgr.x.smithi120.stdout:Jun 23 01:11:11 smithi120 conmon[80224]:
2023-06-23T01:11:11.902+0000 7fb7f2f701c0 -1 mgr[py] Module selftest has missing NOTIFY_TYPES member
2023-06-23T01:11:12.184 INFO:journalctl@ceph.mgr.x.smithi120.stdout:Jun 23 01:11:12 smithi120 conmon[80224]:
2023-06-23T01:11:12.067+0000 7fb7f2f701c0 -1 mgr[py] Module diskprediction_local has missing NOTIFY_TYPES member
2023-06-23T01:11:13.510 INFO:journalctl@ceph.mgr.x.smithi120.stdout:Jun 23 01:11:12 smithi120 conmon[80224]:
2023-06-23T01:11:12.181+0000 7fb7f2f701c0 -1 mgr[py] Module status has missing NOTIFY_TYPES member
2023-06-23T01:11:13.510 INFO:journalctl@ceph.mgr.x.smithi120.stdout:Jun 23 01:11:13 smithi120 conmon[80224]:
2023-06-23T01:11:13.238+0000 7fb7f2f701c0 -1 mgr[py] Module rgw has missing NOTIFY_TYPES member
2023-06-23T01:11:13.510 INFO:journalctl@ceph.mgr.x.smithi120.stdout:Jun 23 01:11:13 smithi120 conmon[80224]:
2023-06-23T01:11:13.351+0000 7fb7f2f701c0 -1 mgr[py] Module zabbix has missing NOTIFY_TYPES member
2023-06-23T01:11:13.511 INFO:journalctl@ceph.mgr.x.smithi120.stdout:Jun 23 01:11:13 smithi120 conmon[80224]:
2023-06-23T01:11:13.462+0000 7fb7f2f701c0 -1 mgr[py] Module influx has missing NOTIFY_TYPES member
2023-06-23T01:11:14.010 INFO:journalctl@ceph.mgr.x.smithi120.stdout:Jun 23 01:11:13 smithi120 conmon[80224]:
2023-06-23T01:11:13.647+0000 7fb7f2f701c0 -1 mgr[py] Module telemetry has missing NOTIFY_TYPES member
2023-06-23T01:11:14.010 INFO:journalctl@ceph.mgr.x.smithi120.stdout:Jun 23 01:11:13 smithi120 conmon[80224]:
2023-06-23T01:11:13.769+0000 7fb7f2f701c0 -1 mgr[py] Module alerts has missing NOTIFY_TYPES member
2023-06-23T01:11:14.512 INFO:journalctl@ceph.mgr.x.smithi120.stdout:Jun 23 01:11:14 smithi120 conmon[80224]:
2023-06-23T01:11:14.234+0000 7fb7f2f701c0 -1 mgr[py] Module osd_perf_query has missing NOTIFY_TYPES member
2023-06-23T01:11:14.513 INFO:journalctl@ceph.mgr.x.smithi120.stdout:Jun 23 01:11:14 smithi120 conmon[80224]:
2023-06-23T01:11:14.348+0000 7fb7f2f701c0 -1 mgr[py] Module devicehealth has missing NOTIFY_TYPES member
2023-06-23T01:11:14.513 INFO:journalctl@ceph.mgr.x.smithi120.stdout:Jun 23 01:11:14 smithi120 conmon[80224]:
2023-06-23T01:11:14.460+0000 7fb7f2f701c0 -1 mgr[py] Module progress has missing NOTIFY_TYPES member
2023-06-23T01:11:15.010 INFO:journalctl@ceph.mgr.x.smithi120.stdout:Jun 23 01:11:14 smithi120 conmon[80224]:
2023-06-23T01:11:14.572+0000 7fb7f2f701c0 -1 mgr[py] Module telegraf has missing NOTIFY_TYPES member
2023-06-23T01:11:15.010 INFO:journalctl@ceph.mon.a.smithi120.stdout:Jun 23 01:11:14 smithi120 ceph-mon[79813]: Active manager daemon x restarted
2023-06-23T01:11:15.011 INFO:journalctl@ceph.mon.a.smithi120.stdout:Jun 23 01:11:14 smithi120 ceph-mon[79813]: Activating manager daemon x
2023-06-23T01:11:15.011 INFO:journalctl@ceph.mon.a.smithi120.stdout:Jun 23 01:11:14 smithi120 ceph-mon[79813]: osdmap e2: 0 total, 0 up, 0 in
2023-06-23T01:11:15.011 INFO:journalctl@ceph.mon.a.smithi120.stdout:Jun 23 01:11:14 smithi120 ceph-mon[79813]: mgrmap e6: x(active, starting, since 0.00374833s)
2023-06-23T01:11:15.011 INFO:journalctl@ceph.mon.a.smithi120.stdout:Jun 23 01:11:14 smithi120 ceph-mon[79813]: from='mgr.14120 172.21.15.120:0/66681182' entity='mgr.x' cmd=[{"prefix": "mon metadata", "id": "a"}]: dispatch
2023-06-23T01:11:15.011 INFO:journalctl@ceph.mon.a.smithi120.stdout:Jun 23 01:11:14 smithi120 ceph-mon[79813]: from='mgr.14120 172.21.15.120:0/66681182' entity='mgr.x' cmd=[{"prefix": "mgr metadata", "who": "x", "id": "x"}]: dispatch
2023-06-23T01:11:15.011 INFO:journalctl@ceph.mon.a.smithi120.stdout:Jun 23 01:11:14 smithi120 ceph-mon[79813]: from='mgr.14120 172.21.15.120:0/66681182' entity='mgr.x' cmd=[{"prefix": "mds metadata"}]: dispatch
2023-06-23T01:11:15.011 INFO:journalctl@ceph.mon.a.smithi120.stdout:Jun 23 01:11:14 smithi120 ceph-mon[79813]: from='mgr.14120 172.21.15.120:0/66681182' entity='mgr.x' cmd=[{"prefix": "osd metadata"}]: dispatch
2023-06-23T01:11:15.012 INFO:journalctl@ceph.mon.a.smithi120.stdout:Jun 23 01:11:14 smithi120 ceph-mon[79813]: from='mgr.14120 172.21.15.120:0/66681182' entity='mgr.x' cmd=[{"prefix": "mon metadata"}]: dispatch
2023-06-23T01:11:15.012 INFO:journalctl@ceph.mon.a.smithi120.stdout:Jun 23 01:11:14 smithi120 ceph-mon[79813]: Manager daemon x is now available
2023-06-23T01:11:15.012 INFO:journalctl@ceph.mon.a.smithi120.stdout:Jun 23 01:11:14 smithi120 ceph-mon[79813]: from='mgr.14120 172.21.15.120:0/66681182' entity='mgr.x'
2023-06-23T01:11:15.012 INFO:journalctl@ceph.mon.a.smithi120.stdout:Jun 23 01:11:14 smithi120 ceph-mon[79813]: from='mgr.14120 172.21.15.120:0/66681182' entity='mgr.x'
2023-06-23T01:11:15.012 INFO:journalctl@ceph.mon.a.smithi120.stdout:Jun 23 01:11:14 smithi120 ceph-mon[79813]: from='mgr.14120 172.21.15.120:0/66681182' entity='mgr.x' cmd=[{"prefix": "config dump", "format": "json"}]: dispatch
2023-06-23T01:11:15.012 INFO:journalctl@ceph.mon.a.smithi120.stdout:Jun 23 01:11:14 smithi120 ceph-mon[79813]: from='mgr.14120 172.21.15.120:0/66681182' entity='mgr.x' cmd=[{"prefix": "config dump", "format": "json"}]: dispatch
2023-06-23T01:11:15.012 INFO:journalctl@ceph.mon.a.smithi120.stdout:Jun 23 01:11:14 smithi120 ceph-mon[79813]: from='mgr.14120 172.21.15.120:0/66681182' entity='mgr.x' cmd=[{"prefix": "config dump", "format": "json"}]: dispatch
2023-06-23T01:11:15.915 INFO:journalctl@ceph.mon.a.smithi120.stdout:Jun 23 01:11:15 smithi120 ceph-mon[79813]: Found migration_current of "None". Setting to last migration.
2023-06-23T01:11:15.915 INFO:journalctl@ceph.mon.a.smithi120.stdout:Jun 23 01:11:15 smithi120 ceph-mon[79813]: from='mgr.14120 172.21.15.120:0/66681182' entity='mgr.x' cmd=[{"prefix":"config rm","who":"mgr","name":"mgr/rbd_support/x/mirror_snapshot_schedule"}]: dispatch
2023-06-23T01:11:15.915 INFO:journalctl@ceph.mon.a.smithi120.stdout:Jun 23 01:11:15 smithi120 ceph-mon[79813]: from='mgr.14120 172.21.15.120:0/66681182' entity='mgr.x' cmd=[{"prefix":"config rm","who":"mgr","name":"mgr/rbd_support/x/trash_purge_schedule"}]: dispatch
2023-06-23T01:11:15.915 INFO:journalctl@ceph.mon.a.smithi120.stdout:Jun 23 01:11:15 smithi120 ceph-mon[79813]: [23/Jun/2023:01:11:15] ENGINE Bus STARTING
2023-06-23T01:11:15.916 INFO:journalctl@ceph.mon.a.smithi120.stdout:Jun 23 01:11:15 smithi120 ceph-mon[79813]: mgrmap e7: x(active, since 1.00694s)
2023-06-23T01:11:15.916 INFO:journalctl@ceph.mon.a.smithi120.stdout:Jun 23 01:11:15 smithi120 ceph-mon[79813]: from='mgr.14120 172.21.15.120:0/66681182' entity='mgr.x'
2023-06-23T01:11:15.929 INFO:teuthology.orchestra.run.smithi120.stdout:/usr/bin/ceph: stdout {
2023-06-23T01:11:15.934 INFO:teuthology.orchestra.run.smithi120.stdout:/usr/bin/ceph: stdout "mgrmap_epoch": 7,
2023-06-23T01:11:15.934 INFO:teuthology.orchestra.run.smithi120.stdout:/usr/bin/ceph: stdout "initialized": true
2023-06-23T01:11:15.934 INFO:teuthology.orchestra.run.smithi120.stdout:/usr/bin/ceph: stdout }
2023-06-23T01:11:15.934 INFO:teuthology.orchestra.run.smithi120.stdout:/usr/bin/ceph: stderr
2023-06-23T01:11:08.550+0000 7f6a24467700 1 Processor -- start
2023-06-23T01:11:15.935 INFO:teuthology.orchestra.run.smithi120.stdout:/usr/bin/ceph: stderr
2023-06-23T01:11:08.550+0000 7f6a24467700 1 -- start start
2023-06-23T01:11:15.935 INFO:teuthology.orchestra.run.smithi120.stdout:/usr/bin/ceph: stderr
2023-06-23T01:11:08.550+0000 7f6a24467700 1 --2- >> [v2:172.21.15.120:3300/0,v1:172.21.15.120:6789/0] conn(0x7f6a1c102210 0x7f6a1c102620 unknown :-1 s=NONE pgs=0 cs=0 l=0 rev1=0 crypto rx=0 tx=0 comp rx=0 tx=0).connect
2023-06-23T01:11:15.935 INFO:teuthology.orchestra.run.smithi120.stdout:/usr/bin/ceph: stderr
2023-06-23T01:11:08.550+0000 7f6a24467700 1 -- --> [v2:172.21.15.120:3300/0,v1:172.21.15.120:6789/0] -- mon_getmap magic: 0 v1 -- 0x7f6a1c102b60 con 0x7f6a1c102210
2023-06-23T01:11:15.935 INFO:teuthology.orchestra.run.smithi120.stdout:/usr/bin/ceph: stderr
2023-06-23T01:11:08.551+0000 7f6a22203700 1 --2- >> [v2:172.21.15.120:3300/0,v1:172.21.15.120:6789/0] conn(0x7f6a1c102210 0x7f6a1c102620 unknown :-1 s=BANNER_CONNECTING pgs=0 cs=0 l=0 rev1=0 crypto rx=0 tx=0 comp rx=0 tx=0)._handle_peer_banner_payload supported=3 required=0
2023-06-23T01:11:15.935 INFO:teuthology.orchestra.run.smithi120.stdout:/usr/bin/ceph: stderr
2023-06-23T01:11:08.551+0000 7f6a22203700 1 --2- >> [v2:172.21.15.120:3300/0,v1:172.21.15.120:6789/0] conn(0x7f6a1c102210 0x7f6a1c102620 unknown :-1 s=HELLO_CONNECTING pgs=0 cs=0 l=0 rev1=1 crypto rx=0 tx=0 comp rx=0 tx=0).handle_hello peer v2:172.21.15.120:3300/0 says I am v2:172.21.15.120:49468/0 (socket says 172.21.15.120:49468)
2023-06-23T01:11:15.935 INFO:teuthology.orchestra.run.smithi120.stdout:/usr/bin/ceph: stderr
2023-06-23T01:11:08.551+0000 7f6a22203700 1 -- 172.21.15.120:0/4174422009 learned_addr learned my addr 172.21.15.120:0/4174422009 (peer_addr_for_me v2:172.21.15.120:0/0)
2023-06-23T01:11:15.935 INFO:teuthology.orchestra.run.smithi120.stdout:/usr/bin/ceph: stderr
2023-06-23T01:11:08.551+0000 7f6a22203700 1 -- 172.21.15.120:0/4174422009 --> [v2:172.21.15.120:3300/0,v1:172.21.15.120:6789/0] -- mon_subscribe({config=0+,monmap=0+}) v3 -- 0x7f6a1c102ca0 con 0x7f6a1c102210
2023-06-23T01:11:15.935 INFO:teuthology.orchestra.run.smithi120.stdout:/usr/bin/ceph: stderr
2023-06-23T01:11:08.551+0000 7f6a22203700 1 --2- 172.21.15.120:0/4174422009 >> [v2:172.21.15.120:3300/0,v1:172.21.15.120:6789/0] conn(0x7f6a1c102210 0x7f6a1c102620 secure :-1 s=READY pgs=28 cs=0 l=1 rev1=1 crypto rx=0x7f6a180098e0 tx=0x7f6a18009250 comp rx=0 tx=0).ready entity=mon.0 client_cookie=7cc29ef4279ad865 server_cookie=0 in_seq=0 out_seq=0
2023-06-23T01:11:15.936 INFO:teuthology.orchestra.run.smithi120.stdout:/usr/bin/ceph: stderr
2023-06-23T01:11:08.552+0000 7f6a21201700 1 -- 172.21.15.120:0/4174422009 <== mon.0 v2:172.21.15.120:3300/0 1 ==== mon_map magic: 0 v1 ==== 205+0+0 (secure 0 0 0) 0x7f6a18009e80 con 0x7f6a1c102210
2023-06-23T01:11:15.936 INFO:teuthology.orchestra.run.smithi120.stdout:/usr/bin/ceph: stderr
2023-06-23T01:11:08.552+0000 7f6a21201700 1 -- 172.21.15.120:0/4174422009 <== mon.0 v2:172.21.15.120:3300/0 2 ==== config(26 keys) v1 ==== 1074+0+0 (secure 0 0 0) 0x7f6a1800bd10 con 0x7f6a1c102210
2023-06-23T01:11:15.936 INFO:teuthology.orchestra.run.smithi120.stdout:/usr/bin/ceph: stderr
2023-06-23T01:11:08.552+0000 7f6a21201700 1 -- 172.21.15.120:0/4174422009 <== mon.0 v2:172.21.15.120:3300/0 3 ==== mon_map magic: 0 v1 ==== 205+0+0 (secure 0 0 0) 0x7f6a18011ce0 con 0x7f6a1c102210
2023-06-23T01:11:15.936 INFO:teuthology.orchestra.run.smithi120.stdout:/usr/bin/ceph: stderr
2023-06-23T01:11:08.552+0000 7f6a24467700 1 -- 172.21.15.120:0/4174422009 >> [v2:172.21.15.120:3300/0,v1:172.21.15.120:6789/0] conn(0x7f6a1c102210 msgr2=0x7f6a1c102620 secure :-1 s=STATE_CONNECTION_ESTABLISHED l=1).mark_down
2023-06-23T01:11:15.936 INFO:teuthology.orchestra.run.smithi120.stdout:/usr/bin/ceph: stderr
2023-06-23T01:11:08.552+0000 7f6a24467700 1 --2- 172.21.15.120:0/4174422009 >> [v2:172.21.15.120:3300/0,v1:172.21.15.120:6789/0] conn(0x7f6a1c102210 0x7f6a1c102620 secure :-1 s=READY pgs=28 cs=0 l=1 rev1=1 crypto rx=0x7f6a180098e0 tx=0x7f6a18009250 comp rx=0 tx=0).stop
2023-06-23T01:11:15.936 INFO:teuthology.orchestra.run.smithi120.stdout:/usr/bin/ceph: stderr
2023-06-23T01:11:08.552+0000 7f6a24467700 1 -- 172.21.15.120:0/4174422009 shutdown_connections
2023-06-23T01:11:15.936 INFO:teuthology.orchestra.run.smithi120.stdout:/usr/bin/ceph: stderr
2023-06-23T01:11:08.552+0000 7f6a24467700 1 --2- 172.21.15.120:0/4174422009 >> [v2:172.21.15.120:3300/0,v1:172.21.15.120:6789/0] conn(0x7f6a1c102210 0x7f6a1c102620 unknown :-1 s=CLOSED pgs=28 cs=0 l=1 rev1=1 crypto rx=0 tx=0 comp rx=0 tx=0).stop
2023-06-23T01:11:15.937 INFO:teuthology.orchestra.run.smithi120.stdout:/usr/bin/ceph: stderr
2023-06-23T01:11:08.552+0000 7f6a24467700 1 -- 172.21.15.120:0/4174422009 >> 172.21.15.120:0/4174422009 conn(0x7f6a1c0fd990 msgr2=0x7f6a1c0ffda0 unknown :-1 s=STATE_NONE l=0).mark_down
2023-06-23T01:11:15.937 INFO:teuthology.orchestra.run.smithi120.stdout:/usr/bin/ceph: stderr
2023-06-23T01:11:08.552+0000 7f6a24467700 1 -- 172.21.15.120:0/4174422009 shutdown_connections
2023-06-23T01:11:15.937 INFO:teuthology.orchestra.run.smithi120.stdout:/usr/bin/ceph: stderr
2023-06-23T01:11:08.553+0000 7f6a24467700 1 -- 172.21.15.120:0/4174422009 wait complete.
2023-06-23T01:11:15.937 INFO:teuthology.orchestra.run.smithi120.stdout:/usr/bin/ceph: stderr
2023-06-23T01:11:08.553+0000 7f6a24467700 1 Processor -- start
2023-06-23T01:11:15.937 INFO:teuthology.orchestra.run.smithi120.stdout:/usr/bin/ceph: stderr
2023-06-23T01:11:08.553+0000 7f6a24467700 1 -- start start
2023-06-23T01:11:15.937 INFO:teuthology.orchestra.run.smithi120.stdout:/usr/bin/ceph: stderr
2023-06-23T01:11:08.554+0000 7f6a24467700 1 --2- >> [v2:172.21.15.120:3300/0,v1:172.21.15.120:6789/0] conn(0x7f6a1c102210 0x7f6a1c1130f0 unknown :-1 s=NONE pgs=0 cs=0 l=1 rev1=0 crypto rx=0 tx=0 comp rx=0 tx=0).connect
2023-06-23T01:11:15.937 INFO:teuthology.orchestra.run.smithi120.stdout:/usr/bin/ceph: stderr
2023-06-23T01:11:08.554+0000 7f6a24467700 1 -- --> [v2:172.21.15.120:3300/0,v1:172.21.15.120:6789/0] -- mon_getmap magic: 0 v1 -- 0x7f6a1c113630 con 0x7f6a1c102210
2023-06-23T01:11:15.937 INFO:teuthology.orchestra.run.smithi120.stdout:/usr/bin/ceph: stderr
2023-06-23T01:11:08.554+0000 7f6a22203700 1 --2- >> [v2:172.21.15.120:3300/0,v1:172.21.15.120:6789/0] conn(0x7f6a1c102210 0x7f6a1c1130f0 unknown :-1 s=BANNER_CONNECTING pgs=0 cs=0 l=1 rev1=0 crypto rx=0 tx=0 comp rx=0 tx=0)._handle_peer_banner_payload supported=3 required=0
2023-06-23T01:11:15.938 INFO:teuthology.orchestra.run.smithi120.stdout:/usr/bin/ceph: stderr
2023-06-23T01:11:08.554+0000 7f6a22203700 1 --2- >> [v2:172.21.15.120:3300/0,v1:172.21.15.120:6789/0] conn(0x7f6a1c102210 0x7f6a1c1130f0 unknown :-1 s=HELLO_CONNECTING pgs=0 cs=0 l=1 rev1=1 crypto rx=0 tx=0 comp rx=0 tx=0).handle_hello peer v2:172.21.15.120:3300/0 says I am v2:172.21.15.120:49484/0 (socket says 172.21.15.120:49484)
2023-06-23T01:11:15.938 INFO:teuthology.orchestra.run.smithi120.stdout:/usr/bin/ceph: stderr
2023-06-23T01:11:08.554+0000 7f6a22203700 1 -- 172.21.15.120:0/2289349866 learned_addr learned my addr 172.21.15.120:0/2289349866 (peer_addr_for_me v2:172.21.15.120:0/0)
2023-06-23T01:11:15.938 INFO:teuthology.orchestra.run.smithi120.stdout:/usr/bin/ceph: stderr
2023-06-23T01:11:08.554+0000 7f6a22203700 1 -- 172.21.15.120:0/2289349866 --> [v2:172.21.15.120:3300/0,v1:172.21.15.120:6789/0] -- mon_subscribe({config=0+,monmap=0+}) v3 -- 0x7f6a180094f0 con 0x7f6a1c102210
2023-06-23T01:11:15.938 INFO:teuthology.orchestra.run.smithi120.stdout:/usr/bin/ceph: stderr
2023-06-23T01:11:08.555+0000 7f6a22203700 1 --2- 172.21.15.120:0/2289349866 >> [v2:172.21.15.120:3300/0,v1:172.21.15.120:6789/0] conn(0x7f6a1c102210 0x7f6a1c1130f0 secure :-1 s=READY pgs=29 cs=0 l=1 rev1=1 crypto rx=0x7f6a18006b00 tx=0x7f6a18009250 comp rx=0 tx=0).ready entity=mon.0 client_cookie=0 server_cookie=0 in_seq=0 out_seq=0
2023-06-23T01:11:15.938 INFO:teuthology.orchestra.run.smithi120.stdout:/usr/bin/ceph: stderr
2023-06-23T01:11:08.555+0000 7f6a12ffd700 1 -- 172.21.15.120:0/2289349866 <== mon.0 v2:172.21.15.120:3300/0 1 ==== mon_map magic: 0 v1 ==== 205+0+0 (secure 0 0 0) 0x7f6a1801a640 con 0x7f6a1c102210
2023-06-23T01:11:15.938 INFO:teuthology.orchestra.run.smithi120.stdout:/usr/bin/ceph: stderr
2023-06-23T01:11:08.555+0000 7f6a12ffd700 1 -- 172.21.15.120:0/2289349866 <== mon.0 v2:172.21.15.120:3300/0 2 ==== config(26 keys) v1 ==== 1074+0+0 (secure 0 0 0) 0x7f6a1801ac50 con 0x7f6a1c102210
2023-06-23T01:11:15.938 INFO:teuthology.orchestra.run.smithi120.stdout:/usr/bin/ceph: stderr
2023-06-23T01:11:08.555+0000 7f6a24467700 1 -- 172.21.15.120:0/2289349866 --> [v2:172.21.15.120:3300/0,v1:172.21.15.120:6789/0] -- mon_subscribe({mgrmap=0+}) v3 -- 0x7f6a1c113830 con 0x7f6a1c102210
2023-06-23T01:11:15.939 INFO:teuthology.orchestra.run.smithi120.stdout:/usr/bin/ceph: stderr
2023-06-23T01:11:08.555+0000 7f6a12ffd700 1 -- 172.21.15.120:0/2289349866 <== mon.0 v2:172.21.15.120:3300/0 3 ==== mon_map magic: 0 v1 ==== 205+0+0 (secure 0 0 0) 0x7f6a18022bb0 con 0x7f6a1c102210
2023-06-23T01:11:15.939 INFO:teuthology.orchestra.run.smithi120.stdout:/usr/bin/ceph: stderr
2023-06-23T01:11:08.555+0000 7f6a24467700 1 -- 172.21.15.120:0/2289349866 --> [v2:172.21.15.120:3300/0,v1:172.21.15.120:6789/0] -- mon_subscribe({osdmap=0}) v3 -- 0x7f6a1c1144d0 con 0x7f6a1c102210
2023-06-23T01:11:15.939 INFO:teuthology.orchestra.run.smithi120.stdout:/usr/bin/ceph: stderr
2023-06-23T01:11:08.556+0000 7f6a12ffd700 1 -- 172.21.15.120:0/2289349866 <== mon.0 v2:172.21.15.120:3300/0 4 ==== mgrmap(e 5) v1 ==== 43219+0+0 (secure 0 0 0) 0x7f6a18022490 con 0x7f6a1c102210
2023-06-23T01:11:15.939 INFO:teuthology.orchestra.run.smithi120.stdout:/usr/bin/ceph: stderr
2023-06-23T01:11:08.557+0000 7f6a12ffd700 1 --2- 172.21.15.120:0/2289349866 >> [v2:172.21.15.120:6800/506843621,v1:172.21.15.120:6801/506843621] conn(0x7f6a080365c0 0x7f6a08038a70 unknown :-1 s=NONE pgs=0 cs=0 l=1 rev1=0 crypto rx=0 tx=0 comp rx=0 tx=0).connect
2023-06-23T01:11:15.939 INFO:teuthology.orchestra.run.smithi120.stdout:/usr/bin/ceph: stderr
2023-06-23T01:11:08.557+0000 7f6a12ffd700 1 -- 172.21.15.120:0/2289349866 --> [v2:172.21.15.120:6800/506843621,v1:172.21.15.120:6801/506843621] -- command(tid 0: {"prefix": "get_command_descriptions"}) v1 -- 0x7f6a08039180 con 0x7f6a080365c0
2023-06-23T01:11:15.939 INFO:teuthology.orchestra.run.smithi120.stdout:/usr/bin/ceph: stderr
2023-06-23T01:11:08.557+0000 7f6a12ffd700 1 -- 172.21.15.120:0/2289349866 <== mon.0 v2:172.21.15.120:3300/0 5 ==== osd_map(1..1 src has 1..1) v4 ==== 721+0+0 (secure 0 0 0) 0x7f6a1804a3b0 con 0x7f6a1c102210
2023-06-23T01:11:15.939 INFO:teuthology.orchestra.run.smithi120.stdout:/usr/bin/ceph: stderr
2023-06-23T01:11:08.557+0000 7f6a21a02700 1 -- 172.21.15.120:0/2289349866 >> [v2:172.21.15.120:6800/506843621,v1:172.21.15.120:6801/506843621] conn(0x7f6a080365c0 msgr2=0x7f6a08038a70 unknown :-1 s=STATE_CONNECTING_RE l=1).process reconnect failed to v2:172.21.15.120:6800/506843621
2023-06-23T01:11:15.939 INFO:teuthology.orchestra.run.smithi120.stdout:/usr/bin/ceph: stderr
2023-06-23T01:11:08.557+0000 7f6a21a02700 1 --2- 172.21.15.120:0/2289349866 >> [v2:172.21.15.120:6800/506843621,v1:172.21.15.120:6801/506843621] conn(0x7f6a080365c0 0x7f6a08038a70 unknown :-1 s=START_CONNECT pgs=0 cs=0 l=1 rev1=0 crypto rx=0 tx=0 comp rx=0 tx=0)._fault waiting 0.200000
2023-06-23T01:11:15.940 INFO:teuthology.orchestra.run.smithi120.stdout:/usr/bin/ceph: stderr
2023-06-23T01:11:08.758+0000 7f6a21a02700 1 -- 172.21.15.120:0/2289349866 >> [v2:172.21.15.120:6800/506843621,v1:172.21.15.120:6801/506843621] conn(0x7f6a080365c0 msgr2=0x7f6a08038a70 unknown :-1 s=STATE_CONNECTING_RE l=1).process reconnect failed to v2:172.21.15.120:6800/506843621
2023-06-23T01:11:15.940 INFO:teuthology.orchestra.run.smithi120.stdout:/usr/bin/ceph: stderr
2023-06-23T01:11:08.758+0000 7f6a21a02700 1 --2- 172.21.15.120:0/2289349866 >> [v2:172.21.15.120:6800/506843621,v1:172.21.15.120:6801/506843621] conn(0x7f6a080365c0 0x7f6a08038a70 unknown :-1 s=START_CONNECT pgs=0 cs=0 l=1 rev1=0 crypto rx=0 tx=0 comp rx=0 tx=0)._fault waiting 0.400000
2023-06-23T01:11:15.940 INFO:teuthology.orchestra.run.smithi120.stdout:/usr/bin/ceph: stderr
2023-06-23T01:11:09.159+0000 7f6a21a02700 1 -- 172.21.15.120:0/2289349866 >> [v2:172.21.15.120:6800/506843621,v1:172.21.15.120:6801/506843621] conn(0x7f6a080365c0 msgr2=0x7f6a08038a70 unknown :-1 s=STATE_CONNECTING_RE l=1).process reconnect failed to v2:172.21.15.120:6800/506843621
2023-06-23T01:11:15.940 INFO:teuthology.orchestra.run.smithi120.stdout:/usr/bin/ceph: stderr
2023-06-23T01:11:09.159+0000 7f6a21a02700 1 --2- 172.21.15.120:0/2289349866 >> [v2:172.21.15.120:6800/506843621,v1:172.21.15.120:6801/506843621] conn(0x7f6a080365c0 0x7f6a08038a70 unknown :-1 s=START_CONNECT pgs=0 cs=0 l=1 rev1=0 crypto rx=0 tx=0 comp rx=0 tx=0)._fault waiting 0.800000
2023-06-23T01:11:15.940 INFO:teuthology.orchestra.run.smithi120.stdout:/usr/bin/ceph: stderr
2023-06-23T01:11:09.960+0000 7f6a21a02700 1 -- 172.21.15.120:0/2289349866 >> [v2:172.21.15.120:6800/506843621,v1:172.21.15.120:6801/506843621] conn(0x7f6a080365c0 msgr2=0x7f6a08038a70 unknown :-1 s=STATE_CONNECTING_RE l=1).process reconnect failed to v2:172.21.15.120:6800/506843621
2023-06-23T01:11:15.940 INFO:teuthology.orchestra.run.smithi120.stdout:/usr/bin/ceph: stderr
2023-06-23T01:11:09.960+0000 7f6a21a02700 1 --2- 172.21.15.120:0/2289349866 >> [v2:172.21.15.120:6800/506843621,v1:172.21.15.120:6801/506843621] conn(0x7f6a080365c0 0x7f6a08038a70 unknown :-1 s=START_CONNECT pgs=0 cs=0 l=1 rev1=0 crypto rx=0 tx=0 comp rx=0 tx=0)._fault waiting 1.600000
2023-06-23T01:11:15.940 INFO:teuthology.orchestra.run.smithi120.stdout:/usr/bin/ceph: stderr
2023-06-23T01:11:11.561+0000 7f6a21a02700 1 -- 172.21.15.120:0/2289349866 >> [v2:172.21.15.120:6800/506843621,v1:172.21.15.120:6801/506843621] conn(0x7f6a080365c0 msgr2=0x7f6a08038a70 unknown :-1 s=STATE_CONNECTING_RE l=1).process reconnect failed to v2:172.21.15.120:6800/506843621
2023-06-23T01:11:15.941 INFO:teuthology.orchestra.run.smithi120.stdout:/usr/bin/ceph: stderr
2023-06-23T01:11:11.562+0000 7f6a21a02700 1 --2- 172.21.15.120:0/2289349866 >> [v2:172.21.15.120:6800/506843621,v1:172.21.15.120:6801/506843621] conn(0x7f6a080365c0 0x7f6a08038a70 unknown :-1 s=START_CONNECT pgs=0 cs=0 l=1 rev1=0 crypto rx=0 tx=0 comp rx=0 tx=0)._fault waiting 3.200000
2023-06-23T01:11:15.941 INFO:teuthology.orchestra.run.smithi120.stdout:/usr/bin/ceph: stderr
2023-06-23T01:11:14.577+0000 7f6a12ffd700 1 -- 172.21.15.120:0/2289349866 <== mon.0 v2:172.21.15.120:3300/0 6 ==== mgrmap(e 6) v1 ==== 42986+0+0 (secure 0 0 0) 0x7f6a1801a7a0 con 0x7f6a1c102210
2023-06-23T01:11:15.941 INFO:teuthology.orchestra.run.smithi120.stdout:/usr/bin/ceph: stderr
2023-06-23T01:11:14.577+0000 7f6a12ffd700 1 -- 172.21.15.120:0/2289349866 >> [v2:172.21.15.120:6800/506843621,v1:172.21.15.120:6801/506843621] conn(0x7f6a080365c0 msgr2=0x7f6a08038a70 unknown :-1 s=STATE_CONNECTING l=1).mark_down
2023-06-23T01:11:15.941 INFO:teuthology.orchestra.run.smithi120.stdout:/usr/bin/ceph: stderr
2023-06-23T01:11:14.577+0000 7f6a12ffd700 1 --2- 172.21.15.120:0/2289349866 >> [v2:172.21.15.120:6800/506843621,v1:172.21.15.120:6801/506843621] conn(0x7f6a080365c0 0x7f6a08038a70 unknown :-1 s=START_CONNECT pgs=0 cs=0 l=1 rev1=0 crypto rx=0 tx=0 comp rx=0 tx=0).stop
2023-06-23T01:11:15.941 INFO:teuthology.orchestra.run.smithi120.stdout:/usr/bin/ceph: stderr
2023-06-23T01:11:15.579+0000 7f6a12ffd700 1 -- 172.21.15.120:0/2289349866 <== mon.0 v2:172.21.15.120:3300/0 7 ==== mgrmap(e 7) v1 ==== 43113+0+0 (secure 0 0 0) 0x7f6a1802c440 con 0x7f6a1c102210
2023-06-23T01:11:15.941 INFO:teuthology.orchestra.run.smithi120.stdout:/usr/bin/ceph: stderr
2023-06-23T01:11:15.579+0000 7f6a12ffd700 1 --2- 172.21.15.120:0/2289349866 >> [v2:172.21.15.120:6800/1836713308,v1:172.21.15.120:6801/1836713308] conn(0x7f6a08039e90 0x7f6a0803c270 unknown :-1 s=NONE pgs=0 cs=0 l=1 rev1=0 crypto rx=0 tx=0 comp rx=0 tx=0).connect
2023-06-23T01:11:15.941 INFO:teuthology.orchestra.run.smithi120.stdout:/usr/bin/ceph: stderr
2023-06-23T01:11:15.579+0000 7f6a12ffd700 1 -- 172.21.15.120:0/2289349866 --> [v2:172.21.15.120:6800/1836713308,v1:172.21.15.120:6801/1836713308] -- command(tid 0: {"prefix": "get_command_descriptions"}) v1 -- 0x7f6a08039180 con 0x7f6a08039e90
2023-06-23T01:11:15.941 INFO:teuthology.orchestra.run.smithi120.stdout:/usr/bin/ceph: stderr
2023-06-23T01:11:15.579+0000 7f6a21a02700 1 --2- 172.21.15.120:0/2289349866 >> [v2:172.21.15.120:6800/1836713308,v1:172.21.15.120:6801/1836713308] conn(0x7f6a08039e90 0x7f6a0803c270 unknown :-1 s=BANNER_CONNECTING pgs=0 cs=0 l=1 rev1=0 crypto rx=0 tx=0 comp rx=0 tx=0)._handle_peer_banner_payload supported=3 required=0
2023-06-23T01:11:15.942 INFO:teuthology.orchestra.run.smithi120.stdout:/usr/bin/ceph: stderr
2023-06-23T01:11:15.580+0000 7f6a21a02700 1 --2- 172.21.15.120:0/2289349866 >> [v2:172.21.15.120:6800/1836713308,v1:172.21.15.120:6801/1836713308] conn(0x7f6a08039e90 0x7f6a0803c270 secure :-1 s=READY pgs=1 cs=0 l=1 rev1=1 crypto rx=0x7f6a0c0039d0 tx=0x7f6a0c009350 comp rx=0 tx=0).ready entity=mgr.14120 client_cookie=0 server_cookie=0 in_seq=0 out_seq=0
2023-06-23T01:11:15.942 INFO:teuthology.orchestra.run.smithi120.stdout:/usr/bin/ceph: stderr
2023-06-23T01:11:15.581+0000 7f6a12ffd700 1 -- 172.21.15.120:0/2289349866 <== mgr.14120 v2:172.21.15.120:6800/1836713308 1 ==== command_reply(tid 0: 0 ) v1 ==== 8+0+6549 (secure 0 0 0) 0x7f6a08039180 con 0x7f6a08039e90
2023-06-23T01:11:15.942 INFO:teuthology.orchestra.run.smithi120.stdout:/usr/bin/ceph: stderr
2023-06-23T01:11:15.587+0000 7f6a24467700 1 -- 172.21.15.120:0/2289349866 --> [v2:172.21.15.120:6800/1836713308,v1:172.21.15.120:6801/1836713308] -- command(tid 1: {"prefix": "mgr_status"}) v1 -- 0x7f6a1c113cc0 con 0x7f6a08039e90
2023-06-23T01:11:15.942 INFO:teuthology.orchestra.run.smithi120.stdout:/usr/bin/ceph: stderr
2023-06-23T01:11:15.587+0000 7f6a12ffd700 1 -- 172.21.15.120:0/2289349866 <== mgr.14120 v2:172.21.15.120:6800/1836713308 2 ==== command_reply(tid 1: 0 ) v1 ==== 8+0+51 (secure 0 0 0) 0x7f6a1c113cc0 con 0x7f6a08039e90
2023-06-23T01:11:15.942 INFO:teuthology.orchestra.run.smithi120.stdout:/usr/bin/ceph: stderr
2023-06-23T01:11:15.588+0000 7f6a24467700 1 -- 172.21.15.120:0/2289349866 >> [v2:172.21.15.120:6800/1836713308,v1:172.21.15.120:6801/1836713308] conn(0x7f6a08039e90 msgr2=0x7f6a0803c270 secure :-1 s=STATE_CONNECTION_ESTABLISHED l=1).mark_down
2023-06-23T01:11:15.942 INFO:teuthology.orchestra.run.smithi120.stdout:/usr/bin/ceph: stderr
2023-06-23T01:11:15.588+0000 7f6a24467700 1 --2- 172.21.15.120:0/2289349866 >> [v2:172.21.15.120:6800/1836713308,v1:172.21.15.120:6801/1836713308] conn(0x7f6a08039e90 0x7f6a0803c270 secure :-1 s=READY pgs=1 cs=0 l=1 rev1=1 crypto rx=0x7f6a0c0039d0 tx=0x7f6a0c009350 comp rx=0 tx=0).stop
2023-06-23T01:11:15.942 INFO:teuthology.orchestra.run.smithi120.stdout:/usr/bin/ceph: stderr
2023-06-23T01:11:15.588+0000 7f6a24467700 1 -- 172.21.15.120:0/2289349866 >> [v2:172.21.15.120:3300/0,v1:172.21.15.120:6789/0] conn(0x7f6a1c102210 msgr2=0x7f6a1c1130f0 secure :-1 s=STATE_CONNECTION_ESTABLISHED l=1).mark_down
2023-06-23T01:11:15.942 INFO:teuthology.orchestra.run.smithi120.stdout:/usr/bin/ceph: stderr
2023-06-23T01:11:15.588+0000 7f6a24467700 1 --2- 172.21.15.120:0/2289349866 >> [v2:172.21.15.120:3300/0,v1:172.21.15.120:6789/0] conn(0x7f6a1c102210 0x7f6a1c1130f0 secure :-1 s=READY pgs=29 cs=0 l=1 rev1=1 crypto rx=0x7f6a18006b00 tx=0x7f6a18009250 comp rx=0 tx=0).stop
2023-06-23T01:11:15.943 INFO:teuthology.orchestra.run.smithi120.stdout:/usr/bin/ceph: stderr
2023-06-23T01:11:15.588+0000 7f6a24467700 1 -- 172.21.15.120:0/2289349866 shutdown_connections
2023-06-23T01:11:15.943 INFO:teuthology.orchestra.run.smithi120.stdout:/usr/bin/ceph: stderr
2023-06-23T01:11:15.588+0000 7f6a24467700 1 --2- 172.21.15.120:0/2289349866 >> [v2:172.21.15.120:6800/1836713308,v1:172.21.15.120:6801/1836713308] conn(0x7f6a08039e90 0x7f6a0803c270 unknown :-1 s=CLOSED pgs=1 cs=0 l=1 rev1=1 crypto rx=0 tx=0 comp rx=0 tx=0).stop
2023-06-23T01:11:15.943 INFO:teuthology.orchestra.run.smithi120.stdout:/usr/bin/ceph: stderr
2023-06-23T01:11:15.588+0000 7f6a24467700 1 --2- 172.21.15.120:0/2289349866 >> [v2:172.21.15.120:3300/0,v1:172.21.15.120:6789/0] conn(0x7f6a1c102210 0x7f6a1c1130f0 unknown :-1 s=CLOSED pgs=29 cs=0 l=1 rev1=1 crypto rx=0 tx=0 comp rx=0 tx=0).stop
2023-06-23T01:11:15.943 INFO:teuthology.orchestra.run.smithi120.stdout:/usr/bin/ceph: stderr
2023-06-23T01:11:15.588+0000 7f6a24467700 1 --2- 172.21.15.120:0/2289349866 >> [v2:172.21.15.120:6800/506843621,v1:172.21.15.120:6801/506843621] conn(0x7f6a080365c0 0x7f6a08038a70 unknown :-1 s=CLOSED pgs=0 cs=0 l=1 rev1=0 crypto rx=0 tx=0 comp rx=0 tx=0).stop
2023-06-23T01:11:15.943 INFO:teuthology.orchestra.run.smithi120.stdout:/usr/bin/ceph: stderr
2023-06-23T01:11:15.588+0000 7f6a24467700 1 -- 172.21.15.120:0/2289349866 >> 172.21.15.120:0/2289349866 conn(0x7f6a1c0fd990 msgr2=0x7f6a1c0fe5c0 unknown :-1 s=STATE_NONE l=0).mark_down
2023-06-23T01:11:15.943 INFO:teuthology.orchestra.run.smithi120.stdout:/usr/bin/ceph: stderr
2023-06-23T01:11:15.588+0000 7f6a24467700 1 -- 172.21.15.120:0/2289349866 shutdown_connections
2023-06-23T01:11:15.943 INFO:teuthology.orchestra.run.smithi120.stdout:/usr/bin/ceph: stderr
2023-06-23T01:11:15.588+0000 7f6a24467700 1 -- 172.21.15.120:0/2289349866 wait complete.
2023-06-23T01:11:15.944 INFO:teuthology.orchestra.run.smithi120.stdout:mgr epoch 5 is available
2023-06-23T01:11:15.944 INFO:teuthology.orchestra.run.smithi120.stdout:Setting orchestrator backend to cephadm...
2023-06-23T01:11:17.010 INFO:journalctl@ceph.mon.a.smithi120.stdout:Jun 23 01:11:16 smithi120 ceph-mon[79813]: from='client.14124 -' entity='client.admin' cmd=[{"prefix": "get_command_descriptions"}]: dispatch
2023-06-23T01:11:17.010 INFO:journalctl@ceph.mon.a.smithi120.stdout:Jun 23 01:11:16 smithi120 ceph-mon[79813]: from='client.14124 -' entity='client.admin' cmd=[{"prefix": "mgr_status"}]: dispatch
2023-06-23T01:11:17.011 INFO:journalctl@ceph.mon.a.smithi120.stdout:Jun 23 01:11:16 smithi120 ceph-mon[79813]: [23/Jun/2023:01:11:15] ENGINE Serving on https://172.21.15.120:7150
2023-06-23T01:11:17.011 INFO:journalctl@ceph.mon.a.smithi120.stdout:Jun 23 01:11:16 smithi120 ceph-mon[79813]: [23/Jun/2023:01:11:15] ENGINE Bus STARTED
2023-06-23T01:11:17.011 INFO:journalctl@ceph.mon.a.smithi120.stdout:Jun 23 01:11:16 smithi120 ceph-mon[79813]: from='mgr.14120 172.21.15.120:0/66681182' entity='mgr.x' cmd=[{"prefix": "config dump", "format": "json"}]: dispatch
2023-06-23T01:11:17.107 INFO:teuthology.orchestra.run.smithi120.stdout:/usr/bin/ceph: stderr
2023-06-23T01:11:16.433+0000 7f03a1177700 1 Processor -- start
2023-06-23T01:11:17.107 INFO:teuthology.orchestra.run.smithi120.stdout:/usr/bin/ceph: stderr
2023-06-23T01:11:16.434+0000 7f03a1177700 1 -- start start
2023-06-23T01:11:17.107 INFO:teuthology.orchestra.run.smithi120.stdout:/usr/bin/ceph: stderr
2023-06-23T01:11:16.434+0000 7f03a1177700 1 --2- >> [v2:172.21.15.120:3300/0,v1:172.21.15.120:6789/0] conn(0x7f039c070e10 0x7f039c104ea0 unknown :-1 s=NONE pgs=0 cs=0 l=0 rev1=0 crypto rx=0 tx=0 comp rx=0 tx=0).connect
2023-06-23T01:11:17.108 INFO:teuthology.orchestra.run.smithi120.stdout:/usr/bin/ceph: stderr
2023-06-23T01:11:16.434+0000 7f03a1177700 1 -- --> [v2:172.21.15.120:3300/0,v1:172.21.15.120:6789/0] -- mon_getmap magic: 0 v1 -- 0x7f039c1053e0 con 0x7f039c070e10
2023-06-23T01:11:17.108 INFO:teuthology.orchestra.run.smithi120.stdout:/usr/bin/ceph: stderr
