2023-06-23T01:24:25.177+0000 7f36523bb700 1 -- 172.21.15.50:0/2331090380 --> [v2:172.21.15.50:3300/0,v1:172.21.15.50:6789/0] -- mon_subscribe({config=0+,monmap=0+}) v3 -- 0x7f36480094f0 con 0x7f364c1010e0
2023-06-23T01:24:25.684 INFO:teuthology.orchestra.run.smithi050.stdout:/usr/bin/ceph: stderr
2023-06-23T01:24:25.177+0000 7f36523bb700 1 --2- 172.21.15.50:0/2331090380 >> [v2:172.21.15.50:3300/0,v1:172.21.15.50:6789/0] conn(0x7f364c1010e0 0x7f364c1130f0 secure :-1 s=READY pgs=10 cs=0 l=1 rev1=1 crypto rx=0x7f3648011970 tx=0x7f3648009250 comp rx=0 tx=0).ready entity=mon.0 client_cookie=0 server_cookie=0 in_seq=0 out_seq=0
2023-06-23T01:24:25.684 INFO:teuthology.orchestra.run.smithi050.stdout:/usr/bin/ceph: stderr
2023-06-23T01:24:25.177+0000 7f3642ffd700 1 -- 172.21.15.50:0/2331090380 <== mon.0 v2:172.21.15.50:3300/0 1 ==== mon_map magic: 0 v1 ==== 205+0+0 (secure 0 0 0) 0x7f364801a670 con 0x7f364c1010e0
2023-06-23T01:24:25.684 INFO:teuthology.orchestra.run.smithi050.stdout:/usr/bin/ceph: stderr
2023-06-23T01:24:25.177+0000 7f3642ffd700 1 -- 172.21.15.50:0/2331090380 <== mon.0 v2:172.21.15.50:3300/0 2 ==== config(26 keys) v1 ==== 1074+0+0 (secure 0 0 0) 0x7f364801ac80 con 0x7f364c1010e0
2023-06-23T01:24:25.684 INFO:teuthology.orchestra.run.smithi050.stdout:/usr/bin/ceph: stderr
2023-06-23T01:24:25.177+0000 7f365461f700 1 -- 172.21.15.50:0/2331090380 --> [v2:172.21.15.50:3300/0,v1:172.21.15.50:6789/0] -- mon_subscribe({mgrmap=0+}) v3 -- 0x7f364c113830 con 0x7f364c1010e0
2023-06-23T01:24:25.685 INFO:teuthology.orchestra.run.smithi050.stdout:/usr/bin/ceph: stderr
2023-06-23T01:24:25.177+0000 7f3642ffd700 1 -- 172.21.15.50:0/2331090380 <== mon.0 v2:172.21.15.50:3300/0 3 ==== mon_map magic: 0 v1 ==== 205+0+0 (secure 0 0 0) 0x7f3648022ac0 con 0x7f364c1010e0
2023-06-23T01:24:25.685 INFO:teuthology.orchestra.run.smithi050.stdout:/usr/bin/ceph: stderr
2023-06-23T01:24:25.177+0000 7f365461f700 1 -- 172.21.15.50:0/2331090380 --> [v2:172.21.15.50:3300/0,v1:172.21.15.50:6789/0] -- mon_subscribe({osdmap=0}) v3 -- 0x7f364c113c40 con 0x7f364c1010e0
2023-06-23T01:24:25.685 INFO:teuthology.orchestra.run.smithi050.stdout:/usr/bin/ceph: stderr
2023-06-23T01:24:25.177+0000 7f3642ffd700 1 -- 172.21.15.50:0/2331090380 <== mon.0 v2:172.21.15.50:3300/0 4 ==== mgrmap(e 1) v1 ==== 521+0+0 (secure 0 0 0) 0x7f3648023410 con 0x7f364c1010e0
2023-06-23T01:24:25.685 INFO:teuthology.orchestra.run.smithi050.stdout:/usr/bin/ceph: stderr
2023-06-23T01:24:25.177+0000 7f3642ffd700 1 -- 172.21.15.50:0/2331090380 <== mon.0 v2:172.21.15.50:3300/0 5 ==== osd_map(1..1 src has 1..1) v4 ==== 721+0+0 (secure 0 0 0) 0x7f36480193c0 con 0x7f364c1010e0
2023-06-23T01:24:25.685 INFO:teuthology.orchestra.run.smithi050.stdout:/usr/bin/ceph: stderr
2023-06-23T01:24:25.178+0000 7f365461f700 1 -- 172.21.15.50:0/2331090380 --> [v2:172.21.15.50:3300/0,v1:172.21.15.50:6789/0] -- mon_command({"prefix": "get_command_descriptions"} v 0) v1 -- 0x7f364c05f060 con 0x7f364c1010e0
2023-06-23T01:24:25.685 INFO:teuthology.orchestra.run.smithi050.stdout:/usr/bin/ceph: stderr
2023-06-23T01:24:25.180+0000 7f3642ffd700 1 -- 172.21.15.50:0/2331090380 <== mon.0 v2:172.21.15.50:3300/0 6 ==== mon_command_ack([{"prefix": "get_command_descriptions"}]=0 v0) v1 ==== 72+0+71365 (secure 0 0 0) 0x7f3648028060 con 0x7f364c1010e0
2023-06-23T01:24:25.685 INFO:teuthology.orchestra.run.smithi050.stdout:/usr/bin/ceph: stderr
2023-06-23T01:24:25.254+0000 7f365461f700 1 -- 172.21.15.50:0/2331090380 --> [v2:172.21.15.50:3300/0,v1:172.21.15.50:6789/0] -- mon_command({"prefix": "status", "format": "json-pretty"} v 0) v1 -- 0x7f364c114660 con 0x7f364c1010e0
2023-06-23T01:24:25.686 INFO:teuthology.orchestra.run.smithi050.stdout:/usr/bin/ceph: stderr
2023-06-23T01:24:25.254+0000 7f3642ffd700 1 -- 172.21.15.50:0/2331090380 <== mon.0 v2:172.21.15.50:3300/0 7 ==== mon_command_ack([{"prefix": "status", "format": "json-pretty"}]=0 v0) v1 ==== 79+0+1240 (secure 0 0 0) 0x7f364801e030 con 0x7f364c1010e0
2023-06-23T01:24:25.686 INFO:teuthology.orchestra.run.smithi050.stdout:/usr/bin/ceph: stderr
2023-06-23T01:24:25.255+0000 7f365461f700 1 -- 172.21.15.50:0/2331090380 >> [v2:172.21.15.50:3300/0,v1:172.21.15.50:6789/0] conn(0x7f364c1010e0 msgr2=0x7f364c1130f0 secure :-1 s=STATE_CONNECTION_ESTABLISHED l=1).mark_down
2023-06-23T01:24:25.686 INFO:teuthology.orchestra.run.smithi050.stdout:/usr/bin/ceph: stderr
2023-06-23T01:24:25.255+0000 7f365461f700 1 --2- 172.21.15.50:0/2331090380 >> [v2:172.21.15.50:3300/0,v1:172.21.15.50:6789/0] conn(0x7f364c1010e0 0x7f364c1130f0 secure :-1 s=READY pgs=10 cs=0 l=1 rev1=1 crypto rx=0x7f3648011970 tx=0x7f3648009250 comp rx=0 tx=0).stop
2023-06-23T01:24:25.686 INFO:teuthology.orchestra.run.smithi050.stdout:/usr/bin/ceph: stderr
2023-06-23T01:24:25.255+0000 7f365461f700 1 -- 172.21.15.50:0/2331090380 shutdown_connections
2023-06-23T01:24:25.686 INFO:teuthology.orchestra.run.smithi050.stdout:/usr/bin/ceph: stderr
2023-06-23T01:24:25.255+0000 7f365461f700 1 --2- 172.21.15.50:0/2331090380 >> [v2:172.21.15.50:3300/0,v1:172.21.15.50:6789/0] conn(0x7f364c1010e0 0x7f364c1130f0 unknown :-1 s=CLOSED pgs=10 cs=0 l=1 rev1=1 crypto rx=0 tx=0 comp rx=0 tx=0).stop
2023-06-23T01:24:25.686 INFO:teuthology.orchestra.run.smithi050.stdout:/usr/bin/ceph: stderr
2023-06-23T01:24:25.255+0000 7f365461f700 1 -- 172.21.15.50:0/2331090380 >> 172.21.15.50:0/2331090380 conn(0x7f364c0fc7a0 msgr2=0x7f364c0708e0 unknown :-1 s=STATE_NONE l=0).mark_down
2023-06-23T01:24:25.686 INFO:teuthology.orchestra.run.smithi050.stdout:/usr/bin/ceph: stderr
2023-06-23T01:24:25.255+0000 7f365461f700 1 -- 172.21.15.50:0/2331090380 shutdown_connections
2023-06-23T01:24:25.687 INFO:teuthology.orchestra.run.smithi050.stdout:/usr/bin/ceph: stderr
2023-06-23T01:24:25.255+0000 7f365461f700 1 -- 172.21.15.50:0/2331090380 wait complete.
2023-06-23T01:24:25.687 INFO:teuthology.orchestra.run.smithi050.stdout:mgr not available, waiting (3/15)...
2023-06-23T01:24:26.561 INFO:journalctl@ceph.mon.a.smithi050.stdout:Jun 23 01:24:26 smithi050 ceph-mon[84794]: Activating manager daemon x
2023-06-23T01:24:26.561 INFO:journalctl@ceph.mon.a.smithi050.stdout:Jun 23 01:24:26 smithi050 ceph-mon[84794]: mgrmap e2: x(active, starting, since 0.00269473s)
2023-06-23T01:24:26.561 INFO:journalctl@ceph.mon.a.smithi050.stdout:Jun 23 01:24:26 smithi050 ceph-mon[84794]: from='mgr.14100 172.21.15.50:0/1972799082' entity='mgr.x' cmd=[{"prefix": "mds metadata"}]: dispatch
2023-06-23T01:24:26.561 INFO:journalctl@ceph.mon.a.smithi050.stdout:Jun 23 01:24:26 smithi050 ceph-mon[84794]: from='mgr.14100 172.21.15.50:0/1972799082' entity='mgr.x' cmd=[{"prefix": "osd metadata"}]: dispatch
2023-06-23T01:24:26.561 INFO:journalctl@ceph.mon.a.smithi050.stdout:Jun 23 01:24:26 smithi050 ceph-mon[84794]: from='mgr.14100 172.21.15.50:0/1972799082' entity='mgr.x' cmd=[{"prefix": "mon metadata"}]: dispatch
2023-06-23T01:24:26.562 INFO:journalctl@ceph.mon.a.smithi050.stdout:Jun 23 01:24:26 smithi050 ceph-mon[84794]: from='mgr.14100 172.21.15.50:0/1972799082' entity='mgr.x' cmd=[{"prefix": "mon metadata", "id": "a"}]: dispatch
2023-06-23T01:24:26.562 INFO:journalctl@ceph.mon.a.smithi050.stdout:Jun 23 01:24:26 smithi050 ceph-mon[84794]: from='mgr.14100 172.21.15.50:0/1972799082' entity='mgr.x' cmd=[{"prefix": "mgr metadata", "who": "x", "id": "x"}]: dispatch
2023-06-23T01:24:26.562 INFO:journalctl@ceph.mon.a.smithi050.stdout:Jun 23 01:24:26 smithi050 ceph-mon[84794]: Manager daemon x is now available
2023-06-23T01:24:26.562 INFO:journalctl@ceph.mon.a.smithi050.stdout:Jun 23 01:24:26 smithi050 ceph-mon[84794]: from='mgr.14100 172.21.15.50:0/1972799082' entity='mgr.x' cmd=[{"prefix":"config rm","who":"mgr","name":"mgr/rbd_support/x/mirror_snapshot_schedule"}]: dispatch
2023-06-23T01:24:26.562 INFO:journalctl@ceph.mon.a.smithi050.stdout:Jun 23 01:24:26 smithi050 ceph-mon[84794]: from='mgr.14100 172.21.15.50:0/1972799082' entity='mgr.x' cmd=[{"prefix":"config rm","who":"mgr","name":"mgr/rbd_support/x/trash_purge_schedule"}]: dispatch
2023-06-23T01:24:26.562 INFO:journalctl@ceph.mon.a.smithi050.stdout:Jun 23 01:24:26 smithi050 ceph-mon[84794]: from='mgr.14100 172.21.15.50:0/1972799082' entity='mgr.x'
2023-06-23T01:24:26.562 INFO:journalctl@ceph.mon.a.smithi050.stdout:Jun 23 01:24:26 smithi050 ceph-mon[84794]: from='mgr.14100 172.21.15.50:0/1972799082' entity='mgr.x'
2023-06-23T01:24:26.563 INFO:journalctl@ceph.mon.a.smithi050.stdout:Jun 23 01:24:26 smithi050 ceph-mon[84794]: from='mgr.14100 172.21.15.50:0/1972799082' entity='mgr.x'
2023-06-23T01:24:27.810 INFO:journalctl@ceph.mon.a.smithi050.stdout:Jun 23 01:24:27 smithi050 ceph-mon[84794]: mgrmap e3: x(active, since 1.00702s)
2023-06-23T01:24:28.790 INFO:journalctl@ceph.mon.a.smithi050.stdout:Jun 23 01:24:28 smithi050 ceph-mon[84794]: from='client.? 172.21.15.50:0/975525846' entity='client.admin' cmd=[{"prefix": "status", "format": "json-pretty"}]: dispatch
2023-06-23T01:24:28.806 INFO:teuthology.orchestra.run.smithi050.stdout:/usr/bin/ceph: stdout
2023-06-23T01:24:28.806 INFO:teuthology.orchestra.run.smithi050.stdout:/usr/bin/ceph: stdout {
2023-06-23T01:24:28.807 INFO:teuthology.orchestra.run.smithi050.stdout:/usr/bin/ceph: stdout "fsid": "8182f622-1164-11ee-9b2b-001a4aab830c",
2023-06-23T01:24:28.807 INFO:teuthology.orchestra.run.smithi050.stdout:/usr/bin/ceph: stdout "health": {
2023-06-23T01:24:28.807 INFO:teuthology.orchestra.run.smithi050.stdout:/usr/bin/ceph: stdout "status": "HEALTH_OK",
2023-06-23T01:24:28.807 INFO:teuthology.orchestra.run.smithi050.stdout:/usr/bin/ceph: stdout "checks": {},
2023-06-23T01:24:28.807 INFO:teuthology.orchestra.run.smithi050.stdout:/usr/bin/ceph: stdout "mutes": []
2023-06-23T01:24:28.807 INFO:teuthology.orchestra.run.smithi050.stdout:/usr/bin/ceph: stdout },
2023-06-23T01:24:28.807 INFO:teuthology.orchestra.run.smithi050.stdout:/usr/bin/ceph: stdout "election_epoch": 5,
2023-06-23T01:24:28.808 INFO:teuthology.orchestra.run.smithi050.stdout:/usr/bin/ceph: stdout "quorum": [
2023-06-23T01:24:28.808 INFO:teuthology.orchestra.run.smithi050.stdout:/usr/bin/ceph: stdout 0
2023-06-23T01:24:28.808 INFO:teuthology.orchestra.run.smithi050.stdout:/usr/bin/ceph: stdout ],
2023-06-23T01:24:28.808 INFO:teuthology.orchestra.run.smithi050.stdout:/usr/bin/ceph: stdout "quorum_names": [
2023-06-23T01:24:28.808 INFO:teuthology.orchestra.run.smithi050.stdout:/usr/bin/ceph: stdout "a"
2023-06-23T01:24:28.808 INFO:teuthology.orchestra.run.smithi050.stdout:/usr/bin/ceph: stdout ],
2023-06-23T01:24:28.808 INFO:teuthology.orchestra.run.smithi050.stdout:/usr/bin/ceph: stdout "quorum_age": 11,
2023-06-23T01:24:28.809 INFO:teuthology.orchestra.run.smithi050.stdout:/usr/bin/ceph: stdout "monmap": {
2023-06-23T01:24:28.809 INFO:teuthology.orchestra.run.smithi050.stdout:/usr/bin/ceph: stdout "epoch": 1,
2023-06-23T01:24:28.809 INFO:teuthology.orchestra.run.smithi050.stdout:/usr/bin/ceph: stdout "min_mon_release_name": "quincy",
2023-06-23T01:24:28.809 INFO:teuthology.orchestra.run.smithi050.stdout:/usr/bin/ceph: stdout "num_mons": 1
2023-06-23T01:24:28.809 INFO:teuthology.orchestra.run.smithi050.stdout:/usr/bin/ceph: stdout },
2023-06-23T01:24:28.809 INFO:teuthology.orchestra.run.smithi050.stdout:/usr/bin/ceph: stdout "osdmap": {
2023-06-23T01:24:28.809 INFO:teuthology.orchestra.run.smithi050.stdout:/usr/bin/ceph: stdout "epoch": 1,
2023-06-23T01:24:28.809 INFO:teuthology.orchestra.run.smithi050.stdout:/usr/bin/ceph: stdout "num_osds": 0,
2023-06-23T01:24:28.810 INFO:teuthology.orchestra.run.smithi050.stdout:/usr/bin/ceph: stdout "num_up_osds": 0,
2023-06-23T01:24:28.810 INFO:teuthology.orchestra.run.smithi050.stdout:/usr/bin/ceph: stdout "osd_up_since": 0,
2023-06-23T01:24:28.810 INFO:teuthology.orchestra.run.smithi050.stdout:/usr/bin/ceph: stdout "num_in_osds": 0,
2023-06-23T01:24:28.810 INFO:teuthology.orchestra.run.smithi050.stdout:/usr/bin/ceph: stdout "osd_in_since": 0,
2023-06-23T01:24:28.810 INFO:teuthology.orchestra.run.smithi050.stdout:/usr/bin/ceph: stdout "num_remapped_pgs": 0
2023-06-23T01:24:28.810 INFO:teuthology.orchestra.run.smithi050.stdout:/usr/bin/ceph: stdout },
2023-06-23T01:24:28.810 INFO:teuthology.orchestra.run.smithi050.stdout:/usr/bin/ceph: stdout "pgmap": {
2023-06-23T01:24:28.810 INFO:teuthology.orchestra.run.smithi050.stdout:/usr/bin/ceph: stdout "pgs_by_state": [],
2023-06-23T01:24:28.811 INFO:teuthology.orchestra.run.smithi050.stdout:/usr/bin/ceph: stdout "num_pgs": 0,
2023-06-23T01:24:28.811 INFO:teuthology.orchestra.run.smithi050.stdout:/usr/bin/ceph: stdout "num_pools": 0,
2023-06-23T01:24:28.811 INFO:teuthology.orchestra.run.smithi050.stdout:/usr/bin/ceph: stdout "num_objects": 0,
2023-06-23T01:24:28.816 INFO:teuthology.orchestra.run.smithi050.stdout:/usr/bin/ceph: stdout "data_bytes": 0,
2023-06-23T01:24:28.816 INFO:teuthology.orchestra.run.smithi050.stdout:/usr/bin/ceph: stdout "bytes_used": 0,
2023-06-23T01:24:28.816 INFO:teuthology.orchestra.run.smithi050.stdout:/usr/bin/ceph: stdout "bytes_avail": 0,
2023-06-23T01:24:28.817 INFO:teuthology.orchestra.run.smithi050.stdout:/usr/bin/ceph: stdout "bytes_total": 0
2023-06-23T01:24:28.817 INFO:teuthology.orchestra.run.smithi050.stdout:/usr/bin/ceph: stdout },
2023-06-23T01:24:28.817 INFO:teuthology.orchestra.run.smithi050.stdout:/usr/bin/ceph: stdout "fsmap": {
2023-06-23T01:24:28.817 INFO:teuthology.orchestra.run.smithi050.stdout:/usr/bin/ceph: stdout "epoch": 1,
2023-06-23T01:24:28.817 INFO:teuthology.orchestra.run.smithi050.stdout:/usr/bin/ceph: stdout "by_rank": [],
2023-06-23T01:24:28.817 INFO:teuthology.orchestra.run.smithi050.stdout:/usr/bin/ceph: stdout "up:standby": 0
2023-06-23T01:24:28.817 INFO:teuthology.orchestra.run.smithi050.stdout:/usr/bin/ceph: stdout },
2023-06-23T01:24:28.817 INFO:teuthology.orchestra.run.smithi050.stdout:/usr/bin/ceph: stdout "mgrmap": {
2023-06-23T01:24:28.818 INFO:teuthology.orchestra.run.smithi050.stdout:/usr/bin/ceph: stdout "available": true,
2023-06-23T01:24:28.818 INFO:teuthology.orchestra.run.smithi050.stdout:/usr/bin/ceph: stdout "num_standbys": 0,
2023-06-23T01:24:28.818 INFO:teuthology.orchestra.run.smithi050.stdout:/usr/bin/ceph: stdout "modules": [
2023-06-23T01:24:28.818 INFO:teuthology.orchestra.run.smithi050.stdout:/usr/bin/ceph: stdout "iostat",
2023-06-23T01:24:28.818 INFO:teuthology.orchestra.run.smithi050.stdout:/usr/bin/ceph: stdout "nfs",
2023-06-23T01:24:28.818 INFO:teuthology.orchestra.run.smithi050.stdout:/usr/bin/ceph: stdout "restful"
2023-06-23T01:24:28.818 INFO:teuthology.orchestra.run.smithi050.stdout:/usr/bin/ceph: stdout ],
2023-06-23T01:24:28.818 INFO:teuthology.orchestra.run.smithi050.stdout:/usr/bin/ceph: stdout "services": {}
2023-06-23T01:24:28.819 INFO:teuthology.orchestra.run.smithi050.stdout:/usr/bin/ceph: stdout },
2023-06-23T01:24:28.819 INFO:teuthology.orchestra.run.smithi050.stdout:/usr/bin/ceph: stdout "servicemap": {
2023-06-23T01:24:28.819 INFO:teuthology.orchestra.run.smithi050.stdout:/usr/bin/ceph: stdout "epoch": 1,
2023-06-23T01:24:28.819 INFO:teuthology.orchestra.run.smithi050.stdout:/usr/bin/ceph: stdout "modified": "2023-06-23T01:24:03.708635+0000",
2023-06-23T01:24:28.819 INFO:teuthology.orchestra.run.smithi050.stdout:/usr/bin/ceph: stdout "services": {}
2023-06-23T01:24:28.819 INFO:teuthology.orchestra.run.smithi050.stdout:/usr/bin/ceph: stdout },
2023-06-23T01:24:28.819 INFO:teuthology.orchestra.run.smithi050.stdout:/usr/bin/ceph: stdout "progress_events": {}
2023-06-23T01:24:28.820 INFO:teuthology.orchestra.run.smithi050.stdout:/usr/bin/ceph: stdout }
2023-06-23T01:24:28.820 INFO:teuthology.orchestra.run.smithi050.stdout:/usr/bin/ceph: stderr
2023-06-23T01:24:28.117+0000 7fbeb647b700 1 Processor -- start
2023-06-23T01:24:28.820 INFO:teuthology.orchestra.run.smithi050.stdout:/usr/bin/ceph: stderr
2023-06-23T01:24:28.117+0000 7fbeb647b700 1 -- start start
2023-06-23T01:24:28.820 INFO:teuthology.orchestra.run.smithi050.stdout:/usr/bin/ceph: stderr
2023-06-23T01:24:28.117+0000 7fbeb647b700 1 --2- >> [v2:172.21.15.50:3300/0,v1:172.21.15.50:6789/0] conn(0x7fbeb01005d0 0x7fbeb01009e0 unknown :-1 s=NONE pgs=0 cs=0 l=0 rev1=0 crypto rx=0 tx=0 comp rx=0 tx=0).connect
2023-06-23T01:24:28.820 INFO:teuthology.orchestra.run.smithi050.stdout:/usr/bin/ceph: stderr
2023-06-23T01:24:28.117+0000 7fbeb647b700 1 -- --> [v2:172.21.15.50:3300/0,v1:172.21.15.50:6789/0] -- mon_getmap magic: 0 v1 -- 0x7fbeb0100f20 con 0x7fbeb01005d0
2023-06-23T01:24:28.820 INFO:teuthology.orchestra.run.smithi050.stdout:/usr/bin/ceph: stderr
2023-06-23T01:24:28.117+0000 7fbeaffff700 1 --2- >> [v2:172.21.15.50:3300/0,v1:172.21.15.50:6789/0] conn(0x7fbeb01005d0 0x7fbeb01009e0 unknown :-1 s=BANNER_CONNECTING pgs=0 cs=0 l=0 rev1=0 crypto rx=0 tx=0 comp rx=0 tx=0)._handle_peer_banner_payload supported=3 required=0
2023-06-23T01:24:28.820 INFO:teuthology.orchestra.run.smithi050.stdout:/usr/bin/ceph: stderr
2023-06-23T01:24:28.117+0000 7fbeaffff700 1 --2- >> [v2:172.21.15.50:3300/0,v1:172.21.15.50:6789/0] conn(0x7fbeb01005d0 0x7fbeb01009e0 unknown :-1 s=HELLO_CONNECTING pgs=0 cs=0 l=0 rev1=1 crypto rx=0 tx=0 comp rx=0 tx=0).handle_hello peer v2:172.21.15.50:3300/0 says I am v2:172.21.15.50:51920/0 (socket says 172.21.15.50:51920)
2023-06-23T01:24:28.820 INFO:teuthology.orchestra.run.smithi050.stdout:/usr/bin/ceph: stderr
2023-06-23T01:24:28.117+0000 7fbeaffff700 1 -- 172.21.15.50:0/292589547 learned_addr learned my addr 172.21.15.50:0/292589547 (peer_addr_for_me v2:172.21.15.50:0/0)
2023-06-23T01:24:28.821 INFO:teuthology.orchestra.run.smithi050.stdout:/usr/bin/ceph: stderr
2023-06-23T01:24:28.117+0000 7fbeaffff700 1 -- 172.21.15.50:0/292589547 --> [v2:172.21.15.50:3300/0,v1:172.21.15.50:6789/0] -- mon_subscribe({config=0+,monmap=0+}) v3 -- 0x7fbeb0101060 con 0x7fbeb01005d0
2023-06-23T01:24:28.821 INFO:teuthology.orchestra.run.smithi050.stdout:/usr/bin/ceph: stderr
2023-06-23T01:24:28.117+0000 7fbeaffff700 1 --2- 172.21.15.50:0/292589547 >> [v2:172.21.15.50:3300/0,v1:172.21.15.50:6789/0] conn(0x7fbeb01005d0 0x7fbeb01009e0 secure :-1 s=READY pgs=18 cs=0 l=1 rev1=1 crypto rx=0x7fbea00098e0 tx=0x7fbea0009250 comp rx=0 tx=0).ready entity=mon.0 client_cookie=c80edf21f07e4387 server_cookie=0 in_seq=0 out_seq=0
2023-06-23T01:24:28.821 INFO:teuthology.orchestra.run.smithi050.stdout:/usr/bin/ceph: stderr
2023-06-23T01:24:28.118+0000 7fbeaeffd700 1 -- 172.21.15.50:0/292589547 <== mon.0 v2:172.21.15.50:3300/0 1 ==== mon_map magic: 0 v1 ==== 205+0+0 (secure 0 0 0) 0x7fbea0009e80 con 0x7fbeb01005d0
2023-06-23T01:24:28.821 INFO:teuthology.orchestra.run.smithi050.stdout:/usr/bin/ceph: stderr
2023-06-23T01:24:28.118+0000 7fbeaeffd700 1 -- 172.21.15.50:0/292589547 <== mon.0 v2:172.21.15.50:3300/0 2 ==== config(26 keys) v1 ==== 1074+0+0 (secure 0 0 0) 0x7fbea000bd10 con 0x7fbeb01005d0
2023-06-23T01:24:28.821 INFO:teuthology.orchestra.run.smithi050.stdout:/usr/bin/ceph: stderr
2023-06-23T01:24:28.118+0000 7fbeaeffd700 1 -- 172.21.15.50:0/292589547 <== mon.0 v2:172.21.15.50:3300/0 3 ==== mon_map magic: 0 v1 ==== 205+0+0 (secure 0 0 0) 0x7fbea0011ce0 con 0x7fbeb01005d0
2023-06-23T01:24:28.821 INFO:teuthology.orchestra.run.smithi050.stdout:/usr/bin/ceph: stderr
2023-06-23T01:24:28.118+0000 7fbeb647b700 1 -- 172.21.15.50:0/292589547 >> [v2:172.21.15.50:3300/0,v1:172.21.15.50:6789/0] conn(0x7fbeb01005d0 msgr2=0x7fbeb01009e0 secure :-1 s=STATE_CONNECTION_ESTABLISHED l=1).mark_down
2023-06-23T01:24:28.821 INFO:teuthology.orchestra.run.smithi050.stdout:/usr/bin/ceph: stderr
2023-06-23T01:24:28.118+0000 7fbeb647b700 1 --2- 172.21.15.50:0/292589547 >> [v2:172.21.15.50:3300/0,v1:172.21.15.50:6789/0] conn(0x7fbeb01005d0 0x7fbeb01009e0 secure :-1 s=READY pgs=18 cs=0 l=1 rev1=1 crypto rx=0x7fbea00098e0 tx=0x7fbea0009250 comp rx=0 tx=0).stop
2023-06-23T01:24:28.822 INFO:teuthology.orchestra.run.smithi050.stdout:/usr/bin/ceph: stderr
2023-06-23T01:24:28.118+0000 7fbeb647b700 1 -- 172.21.15.50:0/292589547 shutdown_connections
2023-06-23T01:24:28.822 INFO:teuthology.orchestra.run.smithi050.stdout:/usr/bin/ceph: stderr
2023-06-23T01:24:28.118+0000 7fbeb647b700 1 --2- 172.21.15.50:0/292589547 >> [v2:172.21.15.50:3300/0,v1:172.21.15.50:6789/0] conn(0x7fbeb01005d0 0x7fbeb01009e0 unknown :-1 s=CLOSED pgs=18 cs=0 l=1 rev1=1 crypto rx=0 tx=0 comp rx=0 tx=0).stop
2023-06-23T01:24:28.822 INFO:teuthology.orchestra.run.smithi050.stdout:/usr/bin/ceph: stderr
2023-06-23T01:24:28.118+0000 7fbeb647b700 1 -- 172.21.15.50:0/292589547 >> 172.21.15.50:0/292589547 conn(0x7fbeb00fbfd0 msgr2=0x7fbeb00fe3e0 unknown :-1 s=STATE_NONE l=0).mark_down
2023-06-23T01:24:28.822 INFO:teuthology.orchestra.run.smithi050.stdout:/usr/bin/ceph: stderr
2023-06-23T01:24:28.118+0000 7fbeb647b700 1 -- 172.21.15.50:0/292589547 shutdown_connections
2023-06-23T01:24:28.822 INFO:teuthology.orchestra.run.smithi050.stdout:/usr/bin/ceph: stderr
2023-06-23T01:24:28.118+0000 7fbeb647b700 1 -- 172.21.15.50:0/292589547 wait complete.
2023-06-23T01:24:28.822 INFO:teuthology.orchestra.run.smithi050.stdout:/usr/bin/ceph: stderr
2023-06-23T01:24:28.119+0000 7fbeb647b700 1 Processor -- start
2023-06-23T01:24:28.822 INFO:teuthology.orchestra.run.smithi050.stdout:/usr/bin/ceph: stderr
2023-06-23T01:24:28.119+0000 7fbeb647b700 1 -- start start
2023-06-23T01:24:28.822 INFO:teuthology.orchestra.run.smithi050.stdout:/usr/bin/ceph: stderr
2023-06-23T01:24:28.119+0000 7fbeb647b700 1 --2- >> [v2:172.21.15.50:3300/0,v1:172.21.15.50:6789/0] conn(0x7fbeb01005d0 0x7fbeb0111090 unknown :-1 s=NONE pgs=0 cs=0 l=1 rev1=0 crypto rx=0 tx=0 comp rx=0 tx=0).connect
2023-06-23T01:24:28.823 INFO:teuthology.orchestra.run.smithi050.stdout:/usr/bin/ceph: stderr
2023-06-23T01:24:28.119+0000 7fbeb647b700 1 -- --> [v2:172.21.15.50:3300/0,v1:172.21.15.50:6789/0] -- mon_getmap magic: 0 v1 -- 0x7fbeb01115d0 con 0x7fbeb01005d0
2023-06-23T01:24:28.823 INFO:teuthology.orchestra.run.smithi050.stdout:/usr/bin/ceph: stderr
2023-06-23T01:24:28.119+0000 7fbeaffff700 1 --2- >> [v2:172.21.15.50:3300/0,v1:172.21.15.50:6789/0] conn(0x7fbeb01005d0 0x7fbeb0111090 unknown :-1 s=BANNER_CONNECTING pgs=0 cs=0 l=1 rev1=0 crypto rx=0 tx=0 comp rx=0 tx=0)._handle_peer_banner_payload supported=3 required=0
2023-06-23T01:24:28.823 INFO:teuthology.orchestra.run.smithi050.stdout:/usr/bin/ceph: stderr
2023-06-23T01:24:28.119+0000 7fbeaffff700 1 --2- >> [v2:172.21.15.50:3300/0,v1:172.21.15.50:6789/0] conn(0x7fbeb01005d0 0x7fbeb0111090 unknown :-1 s=HELLO_CONNECTING pgs=0 cs=0 l=1 rev1=1 crypto rx=0 tx=0 comp rx=0 tx=0).handle_hello peer v2:172.21.15.50:3300/0 says I am v2:172.21.15.50:51924/0 (socket says 172.21.15.50:51924)
2023-06-23T01:24:28.823 INFO:teuthology.orchestra.run.smithi050.stdout:/usr/bin/ceph: stderr
2023-06-23T01:24:28.119+0000 7fbeaffff700 1 -- 172.21.15.50:0/975525846 learned_addr learned my addr 172.21.15.50:0/975525846 (peer_addr_for_me v2:172.21.15.50:0/0)
2023-06-23T01:24:28.823 INFO:teuthology.orchestra.run.smithi050.stdout:/usr/bin/ceph: stderr
2023-06-23T01:24:28.119+0000 7fbeaffff700 1 -- 172.21.15.50:0/975525846 --> [v2:172.21.15.50:3300/0,v1:172.21.15.50:6789/0] -- mon_subscribe({config=0+,monmap=0+}) v3 -- 0x7fbea00094f0 con 0x7fbeb01005d0
2023-06-23T01:24:28.823 INFO:teuthology.orchestra.run.smithi050.stdout:/usr/bin/ceph: stderr
2023-06-23T01:24:28.120+0000 7fbeaffff700 1 --2- 172.21.15.50:0/975525846 >> [v2:172.21.15.50:3300/0,v1:172.21.15.50:6789/0] conn(0x7fbeb01005d0 0x7fbeb0111090 secure :-1 s=READY pgs=19 cs=0 l=1 rev1=1 crypto rx=0x7fbea0011970 tx=0x7fbea0009250 comp rx=0 tx=0).ready entity=mon.0 client_cookie=0 server_cookie=0 in_seq=0 out_seq=0
2023-06-23T01:24:28.823 INFO:teuthology.orchestra.run.smithi050.stdout:/usr/bin/ceph: stderr
2023-06-23T01:24:28.120+0000 7fbeacff9700 1 -- 172.21.15.50:0/975525846 <== mon.0 v2:172.21.15.50:3300/0 1 ==== mon_map magic: 0 v1 ==== 205+0+0 (secure 0 0 0) 0x7fbea001a670 con 0x7fbeb01005d0
2023-06-23T01:24:28.824 INFO:teuthology.orchestra.run.smithi050.stdout:/usr/bin/ceph: stderr
2023-06-23T01:24:28.120+0000 7fbeacff9700 1 -- 172.21.15.50:0/975525846 <== mon.0 v2:172.21.15.50:3300/0 2 ==== config(26 keys) v1 ==== 1074+0+0 (secure 0 0 0) 0x7fbea001ac80 con 0x7fbeb01005d0
2023-06-23T01:24:28.824 INFO:teuthology.orchestra.run.smithi050.stdout:/usr/bin/ceph: stderr
2023-06-23T01:24:28.120+0000 7fbeb647b700 1 -- 172.21.15.50:0/975525846 --> [v2:172.21.15.50:3300/0,v1:172.21.15.50:6789/0] -- mon_subscribe({mgrmap=0+}) v3 -- 0x7fbeb01117d0 con 0x7fbeb01005d0
2023-06-23T01:24:28.824 INFO:teuthology.orchestra.run.smithi050.stdout:/usr/bin/ceph: stderr
2023-06-23T01:24:28.120+0000 7fbeacff9700 1 -- 172.21.15.50:0/975525846 <== mon.0 v2:172.21.15.50:3300/0 3 ==== mon_map magic: 0 v1 ==== 205+0+0 (secure 0 0 0) 0x7fbea0022b30 con 0x7fbeb01005d0
2023-06-23T01:24:28.824 INFO:teuthology.orchestra.run.smithi050.stdout:/usr/bin/ceph: stderr
2023-06-23T01:24:28.120+0000 7fbeb647b700 1 -- 172.21.15.50:0/975525846 --> [v2:172.21.15.50:3300/0,v1:172.21.15.50:6789/0] -- mon_subscribe({osdmap=0}) v3 -- 0x7fbeb0111be0 con 0x7fbeb01005d0
2023-06-23T01:24:28.824 INFO:teuthology.orchestra.run.smithi050.stdout:/usr/bin/ceph: stderr
2023-06-23T01:24:28.121+0000 7fbeacff9700 1 -- 172.21.15.50:0/975525846 <== mon.0 v2:172.21.15.50:3300/0 4 ==== mgrmap(e 3) v1 ==== 43102+0+0 (secure 0 0 0) 0x7fbea0022d20 con 0x7fbeb01005d0
2023-06-23T01:24:28.824 INFO:teuthology.orchestra.run.smithi050.stdout:/usr/bin/ceph: stderr
2023-06-23T01:24:28.121+0000 7fbeacff9700 1 --2- 172.21.15.50:0/975525846 >> [v2:172.21.15.50:6800/3857617226,v1:172.21.15.50:6801/3857617226] conn(0x7fbe98036450 0x7fbe98038900 unknown :-1 s=NONE pgs=0 cs=0 l=1 rev1=0 crypto rx=0 tx=0 comp rx=0 tx=0).connect
2023-06-23T01:24:28.824 INFO:teuthology.orchestra.run.smithi050.stdout:/usr/bin/ceph: stderr
2023-06-23T01:24:28.121+0000 7fbeb647b700 1 -- 172.21.15.50:0/975525846 --> [v2:172.21.15.50:3300/0,v1:172.21.15.50:6789/0] -- mon_command({"prefix": "get_command_descriptions"} v 0) v1 -- 0x7fbeb004b970 con 0x7fbeb01005d0
2023-06-23T01:24:28.824 INFO:teuthology.orchestra.run.smithi050.stdout:/usr/bin/ceph: stderr
2023-06-23T01:24:28.121+0000 7fbeacff9700 1 -- 172.21.15.50:0/975525846 <== mon.0 v2:172.21.15.50:3300/0 5 ==== osd_map(1..1 src has 1..1) v4 ==== 721+0+0 (secure 0 0 0) 0x7fbea00493b0 con 0x7fbeb01005d0
2023-06-23T01:24:28.825 INFO:teuthology.orchestra.run.smithi050.stdout:/usr/bin/ceph: stderr
2023-06-23T01:24:28.121+0000 7fbeaf7fe700 1 --2- 172.21.15.50:0/975525846 >> [v2:172.21.15.50:6800/3857617226,v1:172.21.15.50:6801/3857617226] conn(0x7fbe98036450 0x7fbe98038900 unknown :-1 s=BANNER_CONNECTING pgs=0 cs=0 l=1 rev1=0 crypto rx=0 tx=0 comp rx=0 tx=0)._handle_peer_banner_payload supported=3 required=0
2023-06-23T01:24:28.825 INFO:teuthology.orchestra.run.smithi050.stdout:/usr/bin/ceph: stderr
2023-06-23T01:24:28.121+0000 7fbeaf7fe700 1 --2- 172.21.15.50:0/975525846 >> [v2:172.21.15.50:6800/3857617226,v1:172.21.15.50:6801/3857617226] conn(0x7fbe98036450 0x7fbe98038900 secure :-1 s=READY pgs=6 cs=0 l=1 rev1=1 crypto rx=0x7fbea4009990 tx=0x7fbea4006e40 comp rx=0 tx=0).ready entity=mgr.14100 client_cookie=0 server_cookie=0 in_seq=0 out_seq=0
2023-06-23T01:24:28.825 INFO:teuthology.orchestra.run.smithi050.stdout:/usr/bin/ceph: stderr
2023-06-23T01:24:28.126+0000 7fbeacff9700 1 -- 172.21.15.50:0/975525846 <== mon.0 v2:172.21.15.50:3300/0 6 ==== mon_command_ack([{"prefix": "get_command_descriptions"}]=0 v0) v1 ==== 72+0+174561 (secure 0 0 0) 0x7fbea001e070 con 0x7fbeb01005d0
2023-06-23T01:24:28.825 INFO:teuthology.orchestra.run.smithi050.stdout:/usr/bin/ceph: stderr
2023-06-23T01:24:28.398+0000 7fbeb647b700 1 -- 172.21.15.50:0/975525846 --> [v2:172.21.15.50:3300/0,v1:172.21.15.50:6789/0] -- mon_command({"prefix": "status", "format": "json-pretty"} v 0) v1 -- 0x7fbeb00638e0 con 0x7fbeb01005d0
2023-06-23T01:24:28.825 INFO:teuthology.orchestra.run.smithi050.stdout:/usr/bin/ceph: stderr
2023-06-23T01:24:28.398+0000 7fbeacff9700 1 -- 172.21.15.50:0/975525846 <== mon.0 v2:172.21.15.50:3300/0 7 ==== mon_command_ack([{"prefix": "status", "format": "json-pretty"}]=0 v0) v1 ==== 79+0+1240 (secure 0 0 0) 0x7fbea00223c0 con 0x7fbeb01005d0
2023-06-23T01:24:28.825 INFO:teuthology.orchestra.run.smithi050.stdout:/usr/bin/ceph: stderr
2023-06-23T01:24:28.400+0000 7fbeb647b700 1 -- 172.21.15.50:0/975525846 >> [v2:172.21.15.50:6800/3857617226,v1:172.21.15.50:6801/3857617226] conn(0x7fbe98036450 msgr2=0x7fbe98038900 secure :-1 s=STATE_CONNECTION_ESTABLISHED l=1).mark_down
2023-06-23T01:24:28.825 INFO:teuthology.orchestra.run.smithi050.stdout:/usr/bin/ceph: stderr
2023-06-23T01:24:28.400+0000 7fbeb647b700 1 --2- 172.21.15.50:0/975525846 >> [v2:172.21.15.50:6800/3857617226,v1:172.21.15.50:6801/3857617226] conn(0x7fbe98036450 0x7fbe98038900 secure :-1 s=READY pgs=6 cs=0 l=1 rev1=1 crypto rx=0x7fbea4009990 tx=0x7fbea4006e40 comp rx=0 tx=0).stop
2023-06-23T01:24:28.826 INFO:teuthology.orchestra.run.smithi050.stdout:/usr/bin/ceph: stderr
2023-06-23T01:24:28.400+0000 7fbeb647b700 1 -- 172.21.15.50:0/975525846 >> [v2:172.21.15.50:3300/0,v1:172.21.15.50:6789/0] conn(0x7fbeb01005d0 msgr2=0x7fbeb0111090 secure :-1 s=STATE_CONNECTION_ESTABLISHED l=1).mark_down
2023-06-23T01:24:28.826 INFO:teuthology.orchestra.run.smithi050.stdout:/usr/bin/ceph: stderr
2023-06-23T01:24:28.400+0000 7fbeb647b700 1 --2- 172.21.15.50:0/975525846 >> [v2:172.21.15.50:3300/0,v1:172.21.15.50:6789/0] conn(0x7fbeb01005d0 0x7fbeb0111090 secure :-1 s=READY pgs=19 cs=0 l=1 rev1=1 crypto rx=0x7fbea0011970 tx=0x7fbea0009250 comp rx=0 tx=0).stop
2023-06-23T01:24:28.826 INFO:teuthology.orchestra.run.smithi050.stdout:/usr/bin/ceph: stderr
2023-06-23T01:24:28.400+0000 7fbeb647b700 1 -- 172.21.15.50:0/975525846 shutdown_connections
2023-06-23T01:24:28.826 INFO:teuthology.orchestra.run.smithi050.stdout:/usr/bin/ceph: stderr
2023-06-23T01:24:28.400+0000 7fbeb647b700 1 --2- 172.21.15.50:0/975525846 >> [v2:172.21.15.50:6800/3857617226,v1:172.21.15.50:6801/3857617226] conn(0x7fbe98036450 0x7fbe98038900 unknown :-1 s=CLOSED pgs=6 cs=0 l=1 rev1=1 crypto rx=0 tx=0 comp rx=0 tx=0).stop
2023-06-23T01:24:28.826 INFO:teuthology.orchestra.run.smithi050.stdout:/usr/bin/ceph: stderr
2023-06-23T01:24:28.400+0000 7fbeb647b700 1 --2- 172.21.15.50:0/975525846 >> [v2:172.21.15.50:3300/0,v1:172.21.15.50:6789/0] conn(0x7fbeb01005d0 0x7fbeb0111090 unknown :-1 s=CLOSED pgs=19 cs=0 l=1 rev1=1 crypto rx=0 tx=0 comp rx=0 tx=0).stop
2023-06-23T01:24:28.826 INFO:teuthology.orchestra.run.smithi050.stdout:/usr/bin/ceph: stderr
2023-06-23T01:24:28.400+0000 7fbeb647b700 1 -- 172.21.15.50:0/975525846 >> 172.21.15.50:0/975525846 conn(0x7fbeb00fbfd0 msgr2=0x7fbeb00fcc90 unknown :-1 s=STATE_NONE l=0).mark_down
2023-06-23T01:24:28.826 INFO:teuthology.orchestra.run.smithi050.stdout:/usr/bin/ceph: stderr
2023-06-23T01:24:28.400+0000 7fbeb647b700 1 -- 172.21.15.50:0/975525846 shutdown_connections
2023-06-23T01:24:28.826 INFO:teuthology.orchestra.run.smithi050.stdout:/usr/bin/ceph: stderr
2023-06-23T01:24:28.400+0000 7fbeb647b700 1 -- 172.21.15.50:0/975525846 wait complete.
2023-06-23T01:24:28.827 INFO:teuthology.orchestra.run.smithi050.stdout:mgr is available
2023-06-23T01:24:29.811 INFO:journalctl@ceph.mon.a.smithi050.stdout:Jun 23 01:24:29 smithi050 ceph-mon[84794]: mgrmap e4: x(active, since 3s)
2023-06-23T01:24:29.811 INFO:journalctl@ceph.mon.a.smithi050.stdout:Jun 23 01:24:29 smithi050 ceph-mon[84794]: from='client.? 172.21.15.50:0/2976946725' entity='client.admin' cmd=[{"prefix": "config assimilate-conf"}]: dispatch
2023-06-23T01:24:29.850 INFO:teuthology.orchestra.run.smithi050.stdout:/usr/bin/ceph: stdout
2023-06-23T01:24:29.851 INFO:teuthology.orchestra.run.smithi050.stdout:/usr/bin/ceph: stdout [global]
2023-06-23T01:24:29.851 INFO:teuthology.orchestra.run.smithi050.stdout:/usr/bin/ceph: stdout fsid = 8182f622-1164-11ee-9b2b-001a4aab830c
2023-06-23T01:24:29.851 INFO:teuthology.orchestra.run.smithi050.stdout:/usr/bin/ceph: stdout mon_osd_allow_pg_remap = true
2023-06-23T01:24:29.851 INFO:teuthology.orchestra.run.smithi050.stdout:/usr/bin/ceph: stdout mon_osd_allow_primary_affinity = true
2023-06-23T01:24:29.851 INFO:teuthology.orchestra.run.smithi050.stdout:/usr/bin/ceph: stdout mon_warn_on_no_sortbitwise = false
2023-06-23T01:24:29.851 INFO:teuthology.orchestra.run.smithi050.stdout:/usr/bin/ceph: stdout osd_crush_chooseleaf_type = 0
2023-06-23T01:24:29.852 INFO:teuthology.orchestra.run.smithi050.stdout:/usr/bin/ceph: stdout
2023-06-23T01:24:29.852 INFO:teuthology.orchestra.run.smithi050.stdout:/usr/bin/ceph: stdout [mgr]
2023-06-23T01:24:29.852 INFO:teuthology.orchestra.run.smithi050.stdout:/usr/bin/ceph: stdout mgr/telemetry/nag = false
2023-06-23T01:24:29.852 INFO:teuthology.orchestra.run.smithi050.stdout:/usr/bin/ceph: stdout
2023-06-23T01:24:29.852 INFO:teuthology.orchestra.run.smithi050.stdout:/usr/bin/ceph: stdout [osd]
2023-06-23T01:24:29.852 INFO:teuthology.orchestra.run.smithi050.stdout:/usr/bin/ceph: stdout mon_osd_backfillfull_ratio = 0.85
2023-06-23T01:24:29.852 INFO:teuthology.orchestra.run.smithi050.stdout:/usr/bin/ceph: stdout mon_osd_full_ratio = 0.9
2023-06-23T01:24:29.853 INFO:teuthology.orchestra.run.smithi050.stdout:/usr/bin/ceph: stdout mon_osd_nearfull_ratio = 0.8
2023-06-23T01:24:29.853 INFO:teuthology.orchestra.run.smithi050.stdout:/usr/bin/ceph: stdout osd_map_max_advance = 10
2023-06-23T01:24:29.853 INFO:teuthology.orchestra.run.smithi050.stdout:/usr/bin/ceph: stdout osd_sloppy_crc = true
2023-06-23T01:24:29.853 INFO:teuthology.orchestra.run.smithi050.stdout:/usr/bin/ceph: stderr
2023-06-23T01:24:29.253+0000 7f047dbd9700 1 Processor -- start
2023-06-23T01:24:29.853 INFO:teuthology.orchestra.run.smithi050.stdout:/usr/bin/ceph: stderr
2023-06-23T01:24:29.253+0000 7f047dbd9700 1 -- start start
2023-06-23T01:24:29.853 INFO:teuthology.orchestra.run.smithi050.stdout:/usr/bin/ceph: stderr
2023-06-23T01:24:29.253+0000 7f047dbd9700 1 --2- >> [v2:172.21.15.50:3300/0,v1:172.21.15.50:6789/0] conn(0x7f04781010e0 0x7f04781014f0 unknown :-1 s=NONE pgs=0 cs=0 l=0 rev1=0 crypto rx=0 tx=0 comp rx=0 tx=0).connect
2023-06-23T01:24:29.853 INFO:teuthology.orchestra.run.smithi050.stdout:/usr/bin/ceph: stderr
2023-06-23T01:24:29.253+0000 7f047dbd9700 1 -- --> [v2:172.21.15.50:3300/0,v1:172.21.15.50:6789/0] -- mon_getmap magic: 0 v1 -- 0x7f0478101ac0 con 0x7f04781010e0
2023-06-23T01:24:29.854 INFO:teuthology.orchestra.run.smithi050.stdout:/usr/bin/ceph: stderr
2023-06-23T01:24:29.254+0000 7f04777fe700 1 --2- >> [v2:172.21.15.50:3300/0,v1:172.21.15.50:6789/0] conn(0x7f04781010e0 0x7f04781014f0 unknown :-1 s=BANNER_CONNECTING pgs=0 cs=0 l=0 rev1=0 crypto rx=0 tx=0 comp rx=0 tx=0)._handle_peer_banner_payload supported=3 required=0
2023-06-23T01:24:29.854 INFO:teuthology.orchestra.run.smithi050.stdout:/usr/bin/ceph: stderr
2023-06-23T01:24:29.254+0000 7f04777fe700 1 --2- >> [v2:172.21.15.50:3300/0,v1:172.21.15.50:6789/0] conn(0x7f04781010e0 0x7f04781014f0 unknown :-1 s=HELLO_CONNECTING pgs=0 cs=0 l=0 rev1=1 crypto rx=0 tx=0 comp rx=0 tx=0).handle_hello peer v2:172.21.15.50:3300/0 says I am v2:172.21.15.50:51926/0 (socket says 172.21.15.50:51926)
2023-06-23T01:24:29.854 INFO:teuthology.orchestra.run.smithi050.stdout:/usr/bin/ceph: stderr
2023-06-23T01:24:29.254+0000 7f04777fe700 1 -- 172.21.15.50:0/1092419174 learned_addr learned my addr 172.21.15.50:0/1092419174 (peer_addr_for_me v2:172.21.15.50:0/0)
2023-06-23T01:24:29.854 INFO:teuthology.orchestra.run.smithi050.stdout:/usr/bin/ceph: stderr
2023-06-23T01:24:29.254+0000 7f04777fe700 1 -- 172.21.15.50:0/1092419174 --> [v2:172.21.15.50:3300/0,v1:172.21.15.50:6789/0] -- mon_subscribe({config=0+,monmap=0+}) v3 -- 0x7f04781022f0 con 0x7f04781010e0
2023-06-23T01:24:29.855 INFO:teuthology.orchestra.run.smithi050.stdout:/usr/bin/ceph: stderr
2023-06-23T01:24:29.254+0000 7f04777fe700 1 --2- 172.21.15.50:0/1092419174 >> [v2:172.21.15.50:3300/0,v1:172.21.15.50:6789/0] conn(0x7f04781010e0 0x7f04781014f0 secure :-1 s=READY pgs=20 cs=0 l=1 rev1=1 crypto rx=0x7f0470009e50 tx=0x7f0470009840 comp rx=0 tx=0).ready entity=mon.0 client_cookie=9f7d7c9451086f91 server_cookie=0 in_seq=0 out_seq=0
2023-06-23T01:24:29.855 INFO:teuthology.orchestra.run.smithi050.stdout:/usr/bin/ceph: stderr
2023-06-23T01:24:29.254+0000 7f04767fc700 1 -- 172.21.15.50:0/1092419174 <== mon.0 v2:172.21.15.50:3300/0 1 ==== mon_map magic: 0 v1 ==== 205+0+0 (secure 0 0 0) 0x7f047000e070 con 0x7f04781010e0
2023-06-23T01:24:29.855 INFO:teuthology.orchestra.run.smithi050.stdout:/usr/bin/ceph: stderr
2023-06-23T01:24:29.254+0000 7f04767fc700 1 -- 172.21.15.50:0/1092419174 <== mon.0 v2:172.21.15.50:3300/0 2 ==== config(26 keys) v1 ==== 1074+0+0 (secure 0 0 0) 0x7f0470012430 con 0x7f04781010e0
2023-06-23T01:24:29.855 INFO:teuthology.orchestra.run.smithi050.stdout:/usr/bin/ceph: stderr
2023-06-23T01:24:29.254+0000 7f04767fc700 1 -- 172.21.15.50:0/1092419174 <== mon.0 v2:172.21.15.50:3300/0 3 ==== mon_map magic: 0 v1 ==== 205+0+0 (secure 0 0 0) 0x7f0470007400 con 0x7f04781010e0
2023-06-23T01:24:29.855 INFO:teuthology.orchestra.run.smithi050.stdout:/usr/bin/ceph: stderr
2023-06-23T01:24:29.255+0000 7f047dbd9700 1 -- 172.21.15.50:0/1092419174 >> [v2:172.21.15.50:3300/0,v1:172.21.15.50:6789/0] conn(0x7f04781010e0 msgr2=0x7f04781014f0 secure :-1 s=STATE_CONNECTION_ESTABLISHED l=1).mark_down
2023-06-23T01:24:29.855 INFO:teuthology.orchestra.run.smithi050.stdout:/usr/bin/ceph: stderr
2023-06-23T01:24:29.255+0000 7f047dbd9700 1 --2- 172.21.15.50:0/1092419174 >> [v2:172.21.15.50:3300/0,v1:172.21.15.50:6789/0] conn(0x7f04781010e0 0x7f04781014f0 secure :-1 s=READY pgs=20 cs=0 l=1 rev1=1 crypto rx=0x7f0470009e50 tx=0x7f0470009840 comp rx=0 tx=0).stop
2023-06-23T01:24:29.855 INFO:teuthology.orchestra.run.smithi050.stdout:/usr/bin/ceph: stderr
2023-06-23T01:24:29.255+0000 7f047dbd9700 1 -- 172.21.15.50:0/1092419174 shutdown_connections
2023-06-23T01:24:29.856 INFO:teuthology.orchestra.run.smithi050.stdout:/usr/bin/ceph: stderr
2023-06-23T01:24:29.255+0000 7f047dbd9700 1 --2- 172.21.15.50:0/1092419174 >> [v2:172.21.15.50:3300/0,v1:172.21.15.50:6789/0] conn(0x7f04781010e0 0x7f04781014f0 unknown :-1 s=CLOSED pgs=20 cs=0 l=1 rev1=1 crypto rx=0 tx=0 comp rx=0 tx=0).stop
2023-06-23T01:24:29.856 INFO:teuthology.orchestra.run.smithi050.stdout:/usr/bin/ceph: stderr
2023-06-23T01:24:29.255+0000 7f047dbd9700 1 -- 172.21.15.50:0/1092419174 >> 172.21.15.50:0/1092419174 conn(0x7f04780fc7a0 msgr2=0x7f04780febd0 unknown :-1 s=STATE_NONE l=0).mark_down
2023-06-23T01:24:29.856 INFO:teuthology.orchestra.run.smithi050.stdout:/usr/bin/ceph: stderr
2023-06-23T01:24:29.255+0000 7f047dbd9700 1 -- 172.21.15.50:0/1092419174 shutdown_connections
2023-06-23T01:24:29.856 INFO:teuthology.orchestra.run.smithi050.stdout:/usr/bin/ceph: stderr
2023-06-23T01:24:29.255+0000 7f047dbd9700 1 -- 172.21.15.50:0/1092419174 wait complete.
2023-06-23T01:24:29.856 INFO:teuthology.orchestra.run.smithi050.stdout:/usr/bin/ceph: stderr
2023-06-23T01:24:29.255+0000 7f047dbd9700 1 Processor -- start
2023-06-23T01:24:29.856 INFO:teuthology.orchestra.run.smithi050.stdout:/usr/bin/ceph: stderr
2023-06-23T01:24:29.256+0000 7f047dbd9700 1 -- start start
2023-06-23T01:24:29.857 INFO:teuthology.orchestra.run.smithi050.stdout:/usr/bin/ceph: stderr
2023-06-23T01:24:29.256+0000 7f047dbd9700 1 --2- >> [v2:172.21.15.50:3300/0,v1:172.21.15.50:6789/0] conn(0x7f04781010e0 0x7f0478110ef0 unknown :-1 s=NONE pgs=0 cs=0 l=1 rev1=0 crypto rx=0 tx=0 comp rx=0 tx=0).connect
2023-06-23T01:24:29.857 INFO:teuthology.orchestra.run.smithi050.stdout:/usr/bin/ceph: stderr
2023-06-23T01:24:29.256+0000 7f047dbd9700 1 -- --> [v2:172.21.15.50:3300/0,v1:172.21.15.50:6789/0] -- mon_getmap magic: 0 v1 -- 0x7f0478111430 con 0x7f04781010e0
2023-06-23T01:24:29.857 INFO:teuthology.orchestra.run.smithi050.stdout:/usr/bin/ceph: stderr
2023-06-23T01:24:29.256+0000 7f04777fe700 1 --2- >> [v2:172.21.15.50:3300/0,v1:172.21.15.50:6789/0] conn(0x7f04781010e0 0x7f0478110ef0 unknown :-1 s=BANNER_CONNECTING pgs=0 cs=0 l=1 rev1=0 crypto rx=0 tx=0 comp rx=0 tx=0)._handle_peer_banner_payload supported=3 required=0
2023-06-23T01:24:29.857 INFO:teuthology.orchestra.run.smithi050.stdout:/usr/bin/ceph: stderr
2023-06-23T01:24:29.256+0000 7f04777fe700 1 --2- >> [v2:172.21.15.50:3300/0,v1:172.21.15.50:6789/0] conn(0x7f04781010e0 0x7f0478110ef0 unknown :-1 s=HELLO_CONNECTING pgs=0 cs=0 l=1 rev1=1 crypto rx=0 tx=0 comp rx=0 tx=0).handle_hello peer v2:172.21.15.50:3300/0 says I am v2:172.21.15.50:51934/0 (socket says 172.21.15.50:51934)
2023-06-23T01:24:29.857 INFO:teuthology.orchestra.run.smithi050.stdout:/usr/bin/ceph: stderr
2023-06-23T01:24:29.256+0000 7f04777fe700 1 -- 172.21.15.50:0/2976946725 learned_addr learned my addr 172.21.15.50:0/2976946725 (peer_addr_for_me v2:172.21.15.50:0/0)
2023-06-23T01:24:29.859 INFO:teuthology.orchestra.run.smithi050.stdout:/usr/bin/ceph: stderr
2023-06-23T01:24:29.256+0000 7f04777fe700 1 -- 172.21.15.50:0/2976946725 --> [v2:172.21.15.50:3300/0,v1:172.21.15.50:6789/0] -- mon_subscribe({config=0+,monmap=0+}) v3 -- 0x7f0470009ae0 con 0x7f04781010e0
2023-06-23T01:24:29.859 INFO:teuthology.orchestra.run.smithi050.stdout:/usr/bin/ceph: stderr
2023-06-23T01:24:29.256+0000 7f04777fe700 1 --2- 172.21.15.50:0/2976946725 >> [v2:172.21.15.50:3300/0,v1:172.21.15.50:6789/0] conn(0x7f04781010e0 0x7f0478110ef0 secure :-1 s=READY pgs=21 cs=0 l=1 rev1=1 crypto rx=0x7f0470009fd0 tx=0x7f0470009840 comp rx=0 tx=0).ready entity=mon.0 client_cookie=0 server_cookie=0 in_seq=0 out_seq=0
2023-06-23T01:24:29.860 INFO:teuthology.orchestra.run.smithi050.stdout:/usr/bin/ceph: stderr
2023-06-23T01:24:29.257+0000 7f046ffff700 1 -- 172.21.15.50:0/2976946725 <== mon.0 v2:172.21.15.50:3300/0 1 ==== mon_map magic: 0 v1 ==== 205+0+0 (secure 0 0 0) 0x7f047000e030 con 0x7f04781010e0
2023-06-23T01:24:29.860 INFO:teuthology.orchestra.run.smithi050.stdout:/usr/bin/ceph: stderr
2023-06-23T01:24:29.257+0000 7f047dbd9700 1 -- 172.21.15.50:0/2976946725 --> [v2:172.21.15.50:3300/0,v1:172.21.15.50:6789/0] -- mon_subscribe({mgrmap=0+}) v3 -- 0x7f0478111630 con 0x7f04781010e0
2023-06-23T01:24:29.860 INFO:teuthology.orchestra.run.smithi050.stdout:/usr/bin/ceph: stderr
2023-06-23T01:24:29.257+0000 7f046ffff700 1 -- 172.21.15.50:0/2976946725 <== mon.0 v2:172.21.15.50:3300/0 2 ==== config(26 keys) v1 ==== 1074+0+0 (secure 0 0 0) 0x7f04700092e0 con 0x7f04781010e0
2023-06-23T01:24:29.860 INFO:teuthology.orchestra.run.smithi050.stdout:/usr/bin/ceph: stderr
2023-06-23T01:24:29.257+0000 7f046ffff700 1 -- 172.21.15.50:0/2976946725 <== mon.0 v2:172.21.15.50:3300/0 3 ==== mon_map magic: 0 v1 ==== 205+0+0 (secure 0 0 0) 0x7f047001c470 con 0x7f04781010e0
2023-06-23T01:24:29.860 INFO:teuthology.orchestra.run.smithi050.stdout:/usr/bin/ceph: stderr
2023-06-23T01:24:29.257+0000 7f047dbd9700 1 -- 172.21.15.50:0/2976946725 --> [v2:172.21.15.50:3300/0,v1:172.21.15.50:6789/0] -- mon_subscribe({osdmap=0}) v3 -- 0x7f04781122d0 con 0x7f04781010e0
2023-06-23T01:24:29.860 INFO:teuthology.orchestra.run.smithi050.stdout:/usr/bin/ceph: stderr
2023-06-23T01:24:29.257+0000 7f046ffff700 1 -- 172.21.15.50:0/2976946725 <== mon.0 v2:172.21.15.50:3300/0 4 ==== mgrmap(e 4) v1 ==== 43208+0+0 (secure 0 0 0) 0x7f0470019070 con 0x7f04781010e0
2023-06-23T01:24:29.861 INFO:teuthology.orchestra.run.smithi050.stdout:/usr/bin/ceph: stderr
2023-06-23T01:24:29.258+0000 7f046ffff700 1 --2- 172.21.15.50:0/2976946725 >> [v2:172.21.15.50:6800/3857617226,v1:172.21.15.50:6801/3857617226] conn(0x7f0464036520 0x7f04640389d0 unknown :-1 s=NONE pgs=0 cs=0 l=1 rev1=0 crypto rx=0 tx=0 comp rx=0 tx=0).connect
2023-06-23T01:24:29.861 INFO:teuthology.orchestra.run.smithi050.stdout:/usr/bin/ceph: stderr
2023-06-23T01:24:29.258+0000 7f047dbd9700 1 -- 172.21.15.50:0/2976946725 --> [v2:172.21.15.50:3300/0,v1:172.21.15.50:6789/0] -- mon_command({"prefix": "get_command_descriptions"} v 0) v1 -- 0x7f0478111aa0 con 0x7f04781010e0
2023-06-23T01:24:29.861 INFO:teuthology.orchestra.run.smithi050.stdout:/usr/bin/ceph: stderr
2023-06-23T01:24:29.258+0000 7f046ffff700 1 -- 172.21.15.50:0/2976946725 <== mon.0 v2:172.21.15.50:3300/0 5 ==== osd_map(1..1 src has 1..1) v4 ==== 721+0+0 (secure 0 0 0) 0x7f0470049970 con 0x7f04781010e0
2023-06-23T01:24:29.861 INFO:teuthology.orchestra.run.smithi050.stdout:/usr/bin/ceph: stderr
2023-06-23T01:24:29.258+0000 7f0476ffd700 1 --2- 172.21.15.50:0/2976946725 >> [v2:172.21.15.50:6800/3857617226,v1:172.21.15.50:6801/3857617226] conn(0x7f0464036520 0x7f04640389d0 unknown :-1 s=BANNER_CONNECTING pgs=0 cs=0 l=1 rev1=0 crypto rx=0 tx=0 comp rx=0 tx=0)._handle_peer_banner_payload supported=3 required=0
2023-06-23T01:24:29.861 INFO:teuthology.orchestra.run.smithi050.stdout:/usr/bin/ceph: stderr
2023-06-23T01:24:29.258+0000 7f0476ffd700 1 --2- 172.21.15.50:0/2976946725 >> [v2:172.21.15.50:6800/3857617226,v1:172.21.15.50:6801/3857617226] conn(0x7f0464036520 0x7f04640389d0 secure :-1 s=READY pgs=7 cs=0 l=1 rev1=1 crypto rx=0x7f0460009990 tx=0x7f0460006e40 comp rx=0 tx=0).ready entity=mgr.14100 client_cookie=0 server_cookie=0 in_seq=0 out_seq=0
2023-06-23T01:24:29.861 INFO:teuthology.orchestra.run.smithi050.stdout:/usr/bin/ceph: stderr
2023-06-23T01:24:29.262+0000 7f046ffff700 1 -- 172.21.15.50:0/2976946725 <== mon.0 v2:172.21.15.50:3300/0 6 ==== mon_command_ack([{"prefix": "get_command_descriptions"}]=0 v0) v1 ==== 72+0+174561 (secure 0 0 0) 0x7f0470019320 con 0x7f04781010e0
2023-06-23T01:24:29.862 INFO:teuthology.orchestra.run.smithi050.stdout:/usr/bin/ceph: stderr
2023-06-23T01:24:29.458+0000 7f047dbd9700 1 -- 172.21.15.50:0/2976946725 --> [v2:172.21.15.50:3300/0,v1:172.21.15.50:6789/0] -- mon_command({"prefix": "config assimilate-conf"} v 0) v1 -- 0x7f047805f060 con 0x7f04781010e0
2023-06-23T01:24:29.862 INFO:teuthology.orchestra.run.smithi050.stdout:/usr/bin/ceph: stderr
2023-06-23T01:24:29.459+0000 7f046ffff700 1 -- 172.21.15.50:0/2976946725 <== mon.0 v2:172.21.15.50:3300/0 7 ==== mon_command_ack([{"prefix": "config assimilate-conf"}]=0 v3) v1 ==== 70+0+373 (secure 0 0 0) 0x7f0470017070 con 0x7f04781010e0
2023-06-23T01:24:29.862 INFO:teuthology.orchestra.run.smithi050.stdout:/usr/bin/ceph: stderr
2023-06-23T01:24:29.461+0000 7f047dbd9700 1 -- 172.21.15.50:0/2976946725 >> [v2:172.21.15.50:6800/3857617226,v1:172.21.15.50:6801/3857617226] conn(0x7f0464036520 msgr2=0x7f04640389d0 secure :-1 s=STATE_CONNECTION_ESTABLISHED l=1).mark_down
2023-06-23T01:24:29.862 INFO:teuthology.orchestra.run.smithi050.stdout:/usr/bin/ceph: stderr
2023-06-23T01:24:29.461+0000 7f047dbd9700 1 --2- 172.21.15.50:0/2976946725 >> [v2:172.21.15.50:6800/3857617226,v1:172.21.15.50:6801/3857617226] conn(0x7f0464036520 0x7f04640389d0 secure :-1 s=READY pgs=7 cs=0 l=1 rev1=1 crypto rx=0x7f0460009990 tx=0x7f0460006e40 comp rx=0 tx=0).stop
2023-06-23T01:24:29.862 INFO:teuthology.orchestra.run.smithi050.stdout:/usr/bin/ceph: stderr
2023-06-23T01:24:29.461+0000 7f047dbd9700 1 -- 172.21.15.50:0/2976946725 >> [v2:172.21.15.50:3300/0,v1:172.21.15.50:6789/0] conn(0x7f04781010e0 msgr2=0x7f0478110ef0 secure :-1 s=STATE_CONNECTION_ESTABLISHED l=1).mark_down
2023-06-23T01:24:29.862 INFO:teuthology.orchestra.run.smithi050.stdout:/usr/bin/ceph: stderr
2023-06-23T01:24:29.461+0000 7f047dbd9700 1 --2- 172.21.15.50:0/2976946725 >> [v2:172.21.15.50:3300/0,v1:172.21.15.50:6789/0] conn(0x7f04781010e0 0x7f0478110ef0 secure :-1 s=READY pgs=21 cs=0 l=1 rev1=1 crypto rx=0x7f0470009fd0 tx=0x7f0470009840 comp rx=0 tx=0).stop
2023-06-23T01:24:29.863 INFO:teuthology.orchestra.run.smithi050.stdout:/usr/bin/ceph: stderr
2023-06-23T01:24:29.462+0000 7f047dbd9700 1 -- 172.21.15.50:0/2976946725 shutdown_connections
2023-06-23T01:24:29.863 INFO:teuthology.orchestra.run.smithi050.stdout:/usr/bin/ceph: stderr
2023-06-23T01:24:29.462+0000 7f047dbd9700 1 --2- 172.21.15.50:0/2976946725 >> [v2:172.21.15.50:6800/3857617226,v1:172.21.15.50:6801/3857617226] conn(0x7f0464036520 0x7f04640389d0 unknown :-1 s=CLOSED pgs=7 cs=0 l=1 rev1=1 crypto rx=0 tx=0 comp rx=0 tx=0).stop
2023-06-23T01:24:29.863 INFO:teuthology.orchestra.run.smithi050.stdout:/usr/bin/ceph: stderr
2023-06-23T01:24:29.462+0000 7f047dbd9700 1 --2- 172.21.15.50:0/2976946725 >> [v2:172.21.15.50:3300/0,v1:172.21.15.50:6789/0] conn(0x7f04781010e0 0x7f0478110ef0 unknown :-1 s=CLOSED pgs=21 cs=0 l=1 rev1=1 crypto rx=0 tx=0 comp rx=0 tx=0).stop
2023-06-23T01:24:29.863 INFO:teuthology.orchestra.run.smithi050.stdout:/usr/bin/ceph: stderr
2023-06-23T01:24:29.462+0000 7f047dbd9700 1 -- 172.21.15.50:0/2976946725 >> 172.21.15.50:0/2976946725 conn(0x7f04780fc7a0 msgr2=0x7f04780fd530 unknown :-1 s=STATE_NONE l=0).mark_down
2023-06-23T01:24:29.863 INFO:teuthology.orchestra.run.smithi050.stdout:/usr/bin/ceph: stderr
2023-06-23T01:24:29.462+0000 7f047dbd9700 1 -- 172.21.15.50:0/2976946725 shutdown_connections
2023-06-23T01:24:29.863 INFO:teuthology.orchestra.run.smithi050.stdout:/usr/bin/ceph: stderr
2023-06-23T01:24:29.462+0000 7f047dbd9700 1 -- 172.21.15.50:0/2976946725 wait complete.
2023-06-23T01:24:29.863 INFO:teuthology.orchestra.run.smithi050.stdout:Enabling cephadm module...
2023-06-23T01:24:30.973 INFO:journalctl@ceph.mon.a.smithi050.stdout:Jun 23 01:24:30 smithi050 ceph-mon[84794]: from='client.? 172.21.15.50:0/2287042464' entity='client.admin' cmd=[{"prefix": "mgr module enable", "module": "cephadm"}]: dispatch
2023-06-23T01:24:30.973 INFO:journalctl@ceph.mgr.x.smithi050.stdout:Jun 23 01:24:30 smithi050 conmon[85205]: ignoring --setuser ceph since I am not root
2023-06-23T01:24:30.974 INFO:journalctl@ceph.mgr.x.smithi050.stdout:Jun 23 01:24:30 smithi050 conmon[85205]: ignoring --setgroup ceph since I am not root
2023-06-23T01:24:30.993 INFO:teuthology.orchestra.run.smithi050.stdout:/usr/bin/ceph: stderr
2023-06-23T01:24:30.270+0000 7fe7d6a4d700 1 Processor -- start
2023-06-23T01:24:30.993 INFO:teuthology.orchestra.run.smithi050.stdout:/usr/bin/ceph: stderr
2023-06-23T01:24:30.270+0000 7fe7d6a4d700 1 -- start start
2023-06-23T01:24:30.993 INFO:teuthology.orchestra.run.smithi050.stdout:/usr/bin/ceph: stderr
