2023-09-30T14:31:13.145 INFO:teuthology.orchestra.run.smithi032.stdout:/usr/bin/ceph: stderr
2023-09-30T14:31:12.697+0000 7fbecf7fe700 1 -- 172.21.15.32:0/1104092571 <== mgr.14152 v2:172.21.15.32:6800/3273633815 1 ==== command_reply(tid 0: 0 ) v1 ==== 8+0+6910 (secure 0 0 0) 0x7fbec403b2a0 con 0x7fbec403bff0
2023-09-30T14:31:13.145 INFO:teuthology.orchestra.run.smithi032.stdout:/usr/bin/ceph: stderr
2023-09-30T14:31:12.708+0000 7fbee07b0700 1 -- 172.21.15.32:0/1104092571 --> [v2:172.21.15.32:6800/3273633815,v1:172.21.15.32:6801/3273633815] -- command(tid 1: {"prefix": "mgr_status"}) v1 -- 0x7fbed819b5c0 con 0x7fbec403bff0
2023-09-30T14:31:13.145 INFO:teuthology.orchestra.run.smithi032.stdout:/usr/bin/ceph: stderr
2023-09-30T14:31:12.708+0000 7fbecf7fe700 1 -- 172.21.15.32:0/1104092571 <== mgr.14152 v2:172.21.15.32:6800/3273633815 2 ==== command_reply(tid 1: 0 ) v1 ==== 8+0+52 (secure 0 0 0) 0x7fbed819b5c0 con 0x7fbec403bff0
2023-09-30T14:31:13.145 INFO:teuthology.orchestra.run.smithi032.stdout:/usr/bin/ceph: stderr
2023-09-30T14:31:12.709+0000 7fbee07b0700 1 -- 172.21.15.32:0/1104092571 >> [v2:172.21.15.32:6800/3273633815,v1:172.21.15.32:6801/3273633815] conn(0x7fbec403bff0 msgr2=0x7fbec403e3e0 secure :-1 s=STATE_CONNECTION_ESTABLISHED l=1).mark_down
2023-09-30T14:31:13.145 INFO:teuthology.orchestra.run.smithi032.stdout:/usr/bin/ceph: stderr
2023-09-30T14:31:12.709+0000 7fbee07b0700 1 --2- 172.21.15.32:0/1104092571 >> [v2:172.21.15.32:6800/3273633815,v1:172.21.15.32:6801/3273633815] conn(0x7fbec403bff0 0x7fbec403e3e0 secure :-1 s=READY pgs=3 cs=0 l=1 rev1=1 crypto rx=0x7fbec8003a10 tx=0x7fbec80092b0 comp rx=0 tx=0).stop
2023-09-30T14:31:13.145 INFO:teuthology.orchestra.run.smithi032.stdout:/usr/bin/ceph: stderr
2023-09-30T14:31:12.709+0000 7fbee07b0700 1 -- 172.21.15.32:0/1104092571 >> [v2:172.21.15.32:3300/0,v1:172.21.15.32:6789/0] conn(0x7fbed8107130 msgr2=0x7fbed819a280 secure :-1 s=STATE_CONNECTION_ESTABLISHED l=1).mark_down
2023-09-30T14:31:13.145 INFO:teuthology.orchestra.run.smithi032.stdout:/usr/bin/ceph: stderr
2023-09-30T14:31:12.709+0000 7fbee07b0700 1 --2- 172.21.15.32:0/1104092571 >> [v2:172.21.15.32:3300/0,v1:172.21.15.32:6789/0] conn(0x7fbed8107130 0x7fbed819a280 secure :-1 s=READY pgs=62 cs=0 l=1 rev1=1 crypto rx=0x7fbed4011980 tx=0x7fbed4011a60 comp rx=0 tx=0).stop
2023-09-30T14:31:13.145 INFO:teuthology.orchestra.run.smithi032.stdout:/usr/bin/ceph: stderr
2023-09-30T14:31:12.709+0000 7fbee07b0700 1 -- 172.21.15.32:0/1104092571 shutdown_connections
2023-09-30T14:31:13.145 INFO:teuthology.orchestra.run.smithi032.stdout:/usr/bin/ceph: stderr
2023-09-30T14:31:12.709+0000 7fbee07b0700 1 --2- 172.21.15.32:0/1104092571 >> [v2:172.21.15.32:3300/0,v1:172.21.15.32:6789/0] conn(0x7fbed8107130 0x7fbed819a280 unknown :-1 s=CLOSED pgs=62 cs=0 l=1 rev1=1 crypto rx=0 tx=0 comp rx=0 tx=0).stop
2023-09-30T14:31:13.145 INFO:teuthology.orchestra.run.smithi032.stdout:/usr/bin/ceph: stderr
2023-09-30T14:31:12.709+0000 7fbee07b0700 1 --2- 172.21.15.32:0/1104092571 >> [v2:172.21.15.32:6800/3273633815,v1:172.21.15.32:6801/3273633815] conn(0x7fbec403bff0 0x7fbec403e3e0 unknown :-1 s=CLOSED pgs=3 cs=0 l=1 rev1=1 crypto rx=0 tx=0 comp rx=0 tx=0).stop
2023-09-30T14:31:13.146 INFO:teuthology.orchestra.run.smithi032.stdout:/usr/bin/ceph: stderr
2023-09-30T14:31:12.709+0000 7fbee07b0700 1 --2- 172.21.15.32:0/1104092571 >> [v2:172.21.15.32:6800/1639474065,v1:172.21.15.32:6801/1639474065] conn(0x7fbec40386d0 0x7fbec403ab90 unknown :-1 s=CLOSED pgs=0 cs=0 l=1 rev1=0 crypto rx=0 tx=0 comp rx=0 tx=0).stop
2023-09-30T14:31:13.146 INFO:teuthology.orchestra.run.smithi032.stdout:/usr/bin/ceph: stderr
2023-09-30T14:31:12.709+0000 7fbee07b0700 1 -- 172.21.15.32:0/1104092571 >> 172.21.15.32:0/1104092571 conn(0x7fbed8100b80 msgr2=0x7fbed8101860 unknown :-1 s=STATE_NONE l=0).mark_down
2023-09-30T14:31:13.146 INFO:teuthology.orchestra.run.smithi032.stdout:/usr/bin/ceph: stderr
2023-09-30T14:31:12.709+0000 7fbee07b0700 1 -- 172.21.15.32:0/1104092571 shutdown_connections
2023-09-30T14:31:13.146 INFO:teuthology.orchestra.run.smithi032.stdout:/usr/bin/ceph: stderr
2023-09-30T14:31:12.709+0000 7fbee07b0700 1 -- 172.21.15.32:0/1104092571 wait complete.
2023-09-30T14:31:13.146 INFO:teuthology.orchestra.run.smithi032.stdout:mgr epoch 9 is available
2023-09-30T14:31:13.146 INFO:teuthology.orchestra.run.smithi032.stdout:Generating a dashboard self-signed certificate...
2023-09-30T14:31:14.137 INFO:journalctl@ceph.mon.a.smithi032.stdout:Sep 30 14:31:13 smithi032 ceph-mon[98592]: [30/Sep/2023:14:31:12] ENGINE Bus STARTING
2023-09-30T14:31:14.137 INFO:journalctl@ceph.mon.a.smithi032.stdout:Sep 30 14:31:13 smithi032 ceph-mon[98592]: from='client.14156 -' entity='client.admin' cmd=[{"prefix": "get_command_descriptions"}]: dispatch
2023-09-30T14:31:14.137 INFO:journalctl@ceph.mon.a.smithi032.stdout:Sep 30 14:31:13 smithi032 ceph-mon[98592]: from='client.14156 -' entity='client.admin' cmd=[{"prefix": "mgr_status"}]: dispatch
2023-09-30T14:31:14.138 INFO:journalctl@ceph.mon.a.smithi032.stdout:Sep 30 14:31:13 smithi032 ceph-mon[98592]: [30/Sep/2023:14:31:12] ENGINE Serving on http://172.21.15.32:8765
2023-09-30T14:31:14.138 INFO:journalctl@ceph.mon.a.smithi032.stdout:Sep 30 14:31:13 smithi032 ceph-mon[98592]: [30/Sep/2023:14:31:12] ENGINE Serving on https://172.21.15.32:7150
2023-09-30T14:31:14.138 INFO:journalctl@ceph.mon.a.smithi032.stdout:Sep 30 14:31:13 smithi032 ceph-mon[98592]: [30/Sep/2023:14:31:12] ENGINE Bus STARTED
2023-09-30T14:31:14.138 INFO:journalctl@ceph.mon.a.smithi032.stdout:Sep 30 14:31:13 smithi032 ceph-mon[98592]: from='mgr.14152 172.21.15.32:0/2748450750' entity='mgr.x'
2023-09-30T14:31:14.839 INFO:teuthology.orchestra.run.smithi032.stdout:/usr/bin/ceph: stdout Self-signed certificate created
2023-09-30T14:31:14.839 INFO:teuthology.orchestra.run.smithi032.stdout:/usr/bin/ceph: stderr
2023-09-30T14:31:13.794+0000 7fccd89d6700 1 Processor -- start
2023-09-30T14:31:14.839 INFO:teuthology.orchestra.run.smithi032.stdout:/usr/bin/ceph: stderr
2023-09-30T14:31:13.794+0000 7fccd89d6700 1 -- start start
2023-09-30T14:31:14.839 INFO:teuthology.orchestra.run.smithi032.stdout:/usr/bin/ceph: stderr
2023-09-30T14:31:13.794+0000 7fccd89d6700 1 --2- >> [v2:172.21.15.32:3300/0,v1:172.21.15.32:6789/0] conn(0x7fccd4107170 0x7fccd4109560 unknown :-1 s=NONE pgs=0 cs=0 l=0 rev1=0 crypto rx=0 tx=0 comp rx=0 tx=0).connect
2023-09-30T14:31:14.839 INFO:teuthology.orchestra.run.smithi032.stdout:/usr/bin/ceph: stderr
2023-09-30T14:31:13.794+0000 7fccd89d6700 1 -- --> [v2:172.21.15.32:3300/0,v1:172.21.15.32:6789/0] -- mon_getmap magic: 0 v1 -- 0x7fccd4074620 con 0x7fccd4107170
2023-09-30T14:31:14.839 INFO:teuthology.orchestra.run.smithi032.stdout:/usr/bin/ceph: stderr
2023-09-30T14:31:13.795+0000 7fccd259c700 1 --2- >> [v2:172.21.15.32:3300/0,v1:172.21.15.32:6789/0] conn(0x7fccd4107170 0x7fccd4109560 unknown :-1 s=BANNER_CONNECTING pgs=0 cs=0 l=0 rev1=0 crypto rx=0 tx=0 comp rx=0 tx=0)._handle_peer_banner_payload supported=3 required=0
2023-09-30T14:31:14.839 INFO:teuthology.orchestra.run.smithi032.stdout:/usr/bin/ceph: stderr
2023-09-30T14:31:13.795+0000 7fccd259c700 1 --2- >> [v2:172.21.15.32:3300/0,v1:172.21.15.32:6789/0] conn(0x7fccd4107170 0x7fccd4109560 unknown :-1 s=HELLO_CONNECTING pgs=0 cs=0 l=0 rev1=1 crypto rx=0 tx=0 comp rx=0 tx=0).handle_hello peer v2:172.21.15.32:3300/0 says I am v2:172.21.15.32:60958/0 (socket says 172.21.15.32:60958)
2023-09-30T14:31:14.840 INFO:teuthology.orchestra.run.smithi032.stdout:/usr/bin/ceph: stderr
2023-09-30T14:31:13.795+0000 7fccd259c700 1 -- 172.21.15.32:0/920532952 learned_addr learned my addr 172.21.15.32:0/920532952 (peer_addr_for_me v2:172.21.15.32:0/0)
2023-09-30T14:31:14.840 INFO:teuthology.orchestra.run.smithi032.stdout:/usr/bin/ceph: stderr
2023-09-30T14:31:13.795+0000 7fccd259c700 1 -- 172.21.15.32:0/920532952 --> [v2:172.21.15.32:3300/0,v1:172.21.15.32:6789/0] -- mon_subscribe({config=0+,monmap=0+}) v3 -- 0x7fccd4109aa0 con 0x7fccd4107170
2023-09-30T14:31:14.840 INFO:teuthology.orchestra.run.smithi032.stdout:/usr/bin/ceph: stderr
2023-09-30T14:31:13.795+0000 7fccd259c700 1 --2- 172.21.15.32:0/920532952 >> [v2:172.21.15.32:3300/0,v1:172.21.15.32:6789/0] conn(0x7fccd4107170 0x7fccd4109560 secure :-1 s=READY pgs=70 cs=0 l=1 rev1=1 crypto rx=0x7fccc40098a0 tx=0x7fccc4009bb0 comp rx=0 tx=0).ready entity=mon.0 client_cookie=1d8ef917b4cba8e9 server_cookie=0 in_seq=0 out_seq=0
2023-09-30T14:31:14.840 INFO:teuthology.orchestra.run.smithi032.stdout:/usr/bin/ceph: stderr
2023-09-30T14:31:13.795+0000 7fccd159a700 1 -- 172.21.15.32:0/920532952 <== mon.0 v2:172.21.15.32:3300/0 1 ==== mon_map magic: 0 v1 ==== 205+0+0 (secure 0 0 0) 0x7fccc4004160 con 0x7fccd4107170
2023-09-30T14:31:14.840 INFO:teuthology.orchestra.run.smithi032.stdout:/usr/bin/ceph: stderr
2023-09-30T14:31:13.795+0000 7fccd159a700 1 -- 172.21.15.32:0/920532952 <== mon.0 v2:172.21.15.32:3300/0 2 ==== config(26 keys) v1 ==== 1105+0+0 (secure 0 0 0) 0x7fccc40042c0 con 0x7fccd4107170
2023-09-30T14:31:14.840 INFO:teuthology.orchestra.run.smithi032.stdout:/usr/bin/ceph: stderr
2023-09-30T14:31:13.795+0000 7fccd159a700 1 -- 172.21.15.32:0/920532952 <== mon.0 v2:172.21.15.32:3300/0 3 ==== mon_map magic: 0 v1 ==== 205+0+0 (secure 0 0 0) 0x7fccc40119b0 con 0x7fccd4107170
2023-09-30T14:31:14.840 INFO:teuthology.orchestra.run.smithi032.stdout:/usr/bin/ceph: stderr
2023-09-30T14:31:13.796+0000 7fccd89d6700 1 -- 172.21.15.32:0/920532952 >> [v2:172.21.15.32:3300/0,v1:172.21.15.32:6789/0] conn(0x7fccd4107170 msgr2=0x7fccd4109560 secure :-1 s=STATE_CONNECTION_ESTABLISHED l=1).mark_down
2023-09-30T14:31:14.840 INFO:teuthology.orchestra.run.smithi032.stdout:/usr/bin/ceph: stderr
2023-09-30T14:31:13.796+0000 7fccd89d6700 1 --2- 172.21.15.32:0/920532952 >> [v2:172.21.15.32:3300/0,v1:172.21.15.32:6789/0] conn(0x7fccd4107170 0x7fccd4109560 secure :-1 s=READY pgs=70 cs=0 l=1 rev1=1 crypto rx=0x7fccc40098a0 tx=0x7fccc4009bb0 comp rx=0 tx=0).stop
2023-09-30T14:31:14.840 INFO:teuthology.orchestra.run.smithi032.stdout:/usr/bin/ceph: stderr
2023-09-30T14:31:13.796+0000 7fccd89d6700 1 -- 172.21.15.32:0/920532952 shutdown_connections
2023-09-30T14:31:14.840 INFO:teuthology.orchestra.run.smithi032.stdout:/usr/bin/ceph: stderr
2023-09-30T14:31:13.796+0000 7fccd89d6700 1 --2- 172.21.15.32:0/920532952 >> [v2:172.21.15.32:3300/0,v1:172.21.15.32:6789/0] conn(0x7fccd4107170 0x7fccd4109560 unknown :-1 s=CLOSED pgs=70 cs=0 l=1 rev1=1 crypto rx=0 tx=0 comp rx=0 tx=0).stop
2023-09-30T14:31:14.840 INFO:teuthology.orchestra.run.smithi032.stdout:/usr/bin/ceph: stderr
2023-09-30T14:31:13.796+0000 7fccd89d6700 1 -- 172.21.15.32:0/920532952 >> 172.21.15.32:0/920532952 conn(0x7fccd4100b80 msgr2=0x7fccd4102fa0 unknown :-1 s=STATE_NONE l=0).mark_down
2023-09-30T14:31:14.840 INFO:teuthology.orchestra.run.smithi032.stdout:/usr/bin/ceph: stderr
2023-09-30T14:31:13.796+0000 7fccd89d6700 1 -- 172.21.15.32:0/920532952 shutdown_connections
2023-09-30T14:31:14.841 INFO:teuthology.orchestra.run.smithi032.stdout:/usr/bin/ceph: stderr
2023-09-30T14:31:13.796+0000 7fccd89d6700 1 -- 172.21.15.32:0/920532952 wait complete.
2023-09-30T14:31:14.841 INFO:teuthology.orchestra.run.smithi032.stdout:/usr/bin/ceph: stderr
2023-09-30T14:31:13.797+0000 7fccd89d6700 1 Processor -- start
2023-09-30T14:31:14.841 INFO:teuthology.orchestra.run.smithi032.stdout:/usr/bin/ceph: stderr
2023-09-30T14:31:13.797+0000 7fccd89d6700 1 -- start start
2023-09-30T14:31:14.841 INFO:teuthology.orchestra.run.smithi032.stdout:/usr/bin/ceph: stderr
2023-09-30T14:31:13.797+0000 7fccd89d6700 1 --2- >> [v2:172.21.15.32:3300/0,v1:172.21.15.32:6789/0] conn(0x7fccd4107170 0x7fccd4106ad0 unknown :-1 s=NONE pgs=0 cs=0 l=1 rev1=0 crypto rx=0 tx=0 comp rx=0 tx=0).connect
2023-09-30T14:31:14.841 INFO:teuthology.orchestra.run.smithi032.stdout:/usr/bin/ceph: stderr
2023-09-30T14:31:13.797+0000 7fccd89d6700 1 -- --> [v2:172.21.15.32:3300/0,v1:172.21.15.32:6789/0] -- mon_getmap magic: 0 v1 -- 0x7fccd4107010 con 0x7fccd4107170
2023-09-30T14:31:14.841 INFO:teuthology.orchestra.run.smithi032.stdout:/usr/bin/ceph: stderr
2023-09-30T14:31:13.797+0000 7fccd259c700 1 --2- >> [v2:172.21.15.32:3300/0,v1:172.21.15.32:6789/0] conn(0x7fccd4107170 0x7fccd4106ad0 unknown :-1 s=BANNER_CONNECTING pgs=0 cs=0 l=1 rev1=0 crypto rx=0 tx=0 comp rx=0 tx=0)._handle_peer_banner_payload supported=3 required=0
2023-09-30T14:31:14.841 INFO:teuthology.orchestra.run.smithi032.stdout:/usr/bin/ceph: stderr
2023-09-30T14:31:13.797+0000 7fccd259c700 1 --2- >> [v2:172.21.15.32:3300/0,v1:172.21.15.32:6789/0] conn(0x7fccd4107170 0x7fccd4106ad0 unknown :-1 s=HELLO_CONNECTING pgs=0 cs=0 l=1 rev1=1 crypto rx=0 tx=0 comp rx=0 tx=0).handle_hello peer v2:172.21.15.32:3300/0 says I am v2:172.21.15.32:60960/0 (socket says 172.21.15.32:60960)
2023-09-30T14:31:14.841 INFO:teuthology.orchestra.run.smithi032.stdout:/usr/bin/ceph: stderr
2023-09-30T14:31:13.797+0000 7fccd259c700 1 -- 172.21.15.32:0/1542697499 learned_addr learned my addr 172.21.15.32:0/1542697499 (peer_addr_for_me v2:172.21.15.32:0/0)
2023-09-30T14:31:14.841 INFO:teuthology.orchestra.run.smithi032.stdout:/usr/bin/ceph: stderr
2023-09-30T14:31:13.798+0000 7fccd259c700 1 -- 172.21.15.32:0/1542697499 --> [v2:172.21.15.32:3300/0,v1:172.21.15.32:6789/0] -- mon_subscribe({config=0+,monmap=0+}) v3 -- 0x7fccc4009550 con 0x7fccd4107170
2023-09-30T14:31:14.841 INFO:teuthology.orchestra.run.smithi032.stdout:/usr/bin/ceph: stderr
2023-09-30T14:31:13.798+0000 7fccd259c700 1 --2- 172.21.15.32:0/1542697499 >> [v2:172.21.15.32:3300/0,v1:172.21.15.32:6789/0] conn(0x7fccd4107170 0x7fccd4106ad0 secure :-1 s=READY pgs=71 cs=0 l=1 rev1=1 crypto rx=0x7fccc4003e60 tx=0x7fccc4011aa0 comp rx=0 tx=0).ready entity=mon.0 client_cookie=0 server_cookie=0 in_seq=0 out_seq=0
2023-09-30T14:31:14.841 INFO:teuthology.orchestra.run.smithi032.stdout:/usr/bin/ceph: stderr
2023-09-30T14:31:13.798+0000 7fccc37fe700 1 -- 172.21.15.32:0/1542697499 <== mon.0 v2:172.21.15.32:3300/0 1 ==== mon_map magic: 0 v1 ==== 205+0+0 (secure 0 0 0) 0x7fccc4003970 con 0x7fccd4107170
2023-09-30T14:31:14.842 INFO:teuthology.orchestra.run.smithi032.stdout:/usr/bin/ceph: stderr
2023-09-30T14:31:13.798+0000 7fccc37fe700 1 -- 172.21.15.32:0/1542697499 <== mon.0 v2:172.21.15.32:3300/0 2 ==== config(26 keys) v1 ==== 1105+0+0 (secure 0 0 0) 0x7fccc4003ad0 con 0x7fccd4107170
2023-09-30T14:31:14.842 INFO:teuthology.orchestra.run.smithi032.stdout:/usr/bin/ceph: stderr
2023-09-30T14:31:13.798+0000 7fccc37fe700 1 -- 172.21.15.32:0/1542697499 <== mon.0 v2:172.21.15.32:3300/0 3 ==== mon_map magic: 0 v1 ==== 205+0+0 (secure 0 0 0) 0x7fccc40195e0 con 0x7fccd4107170
2023-09-30T14:31:14.842 INFO:teuthology.orchestra.run.smithi032.stdout:/usr/bin/ceph: stderr
2023-09-30T14:31:13.798+0000 7fccd89d6700 1 -- 172.21.15.32:0/1542697499 --> [v2:172.21.15.32:3300/0,v1:172.21.15.32:6789/0] -- mon_subscribe({mgrmap=0+}) v3 -- 0x7fccd4105120 con 0x7fccd4107170
2023-09-30T14:31:14.842 INFO:teuthology.orchestra.run.smithi032.stdout:/usr/bin/ceph: stderr
2023-09-30T14:31:13.798+0000 7fccd89d6700 1 -- 172.21.15.32:0/1542697499 --> [v2:172.21.15.32:3300/0,v1:172.21.15.32:6789/0] -- mon_subscribe({osdmap=0}) v3 -- 0x7fccd41055c0 con 0x7fccd4107170
2023-09-30T14:31:14.842 INFO:teuthology.orchestra.run.smithi032.stdout:/usr/bin/ceph: stderr
2023-09-30T14:31:13.799+0000 7fccc37fe700 1 -- 172.21.15.32:0/1542697499 <== mon.0 v2:172.21.15.32:3300/0 4 ==== mgrmap(e 11) v1 ==== 45399+0+0 (secure 0 0 0) 0x7fccc4019850 con 0x7fccd4107170
2023-09-30T14:31:14.842 INFO:teuthology.orchestra.run.smithi032.stdout:/usr/bin/ceph: stderr
2023-09-30T14:31:13.799+0000 7fccc37fe700 1 --2- 172.21.15.32:0/1542697499 >> [v2:172.21.15.32:6800/3273633815,v1:172.21.15.32:6801/3273633815] conn(0x7fccbc0385b0 0x7fccbc03aa70 unknown :-1 s=NONE pgs=0 cs=0 l=1 rev1=0 crypto rx=0 tx=0 comp rx=0 tx=0).connect
2023-09-30T14:31:14.842 INFO:teuthology.orchestra.run.smithi032.stdout:/usr/bin/ceph: stderr
2023-09-30T14:31:13.799+0000 7fccc37fe700 1 -- 172.21.15.32:0/1542697499 <== mon.0 v2:172.21.15.32:3300/0 5 ==== osd_map(3..3 src has 1..3) v4 ==== 1155+0+0 (secure 0 0 0) 0x7fccc404c700 con 0x7fccd4107170
2023-09-30T14:31:14.842 INFO:teuthology.orchestra.run.smithi032.stdout:/usr/bin/ceph: stderr
2023-09-30T14:31:13.799+0000 7fccd89d6700 1 -- 172.21.15.32:0/1542697499 --> [v2:172.21.15.32:3300/0,v1:172.21.15.32:6789/0] -- mon_command({"prefix": "get_command_descriptions"} v 0) v1 -- 0x7fccd410a880 con 0x7fccd4107170
2023-09-30T14:31:14.842 INFO:teuthology.orchestra.run.smithi032.stdout:/usr/bin/ceph: stderr
2023-09-30T14:31:13.799+0000 7fccd1d9b700 1 --2- 172.21.15.32:0/1542697499 >> [v2:172.21.15.32:6800/3273633815,v1:172.21.15.32:6801/3273633815] conn(0x7fccbc0385b0 0x7fccbc03aa70 unknown :-1 s=BANNER_CONNECTING pgs=0 cs=0 l=1 rev1=0 crypto rx=0 tx=0 comp rx=0 tx=0)._handle_peer_banner_payload supported=3 required=0
2023-09-30T14:31:14.842 INFO:teuthology.orchestra.run.smithi032.stdout:/usr/bin/ceph: stderr
2023-09-30T14:31:13.800+0000 7fccd1d9b700 1 --2- 172.21.15.32:0/1542697499 >> [v2:172.21.15.32:6800/3273633815,v1:172.21.15.32:6801/3273633815] conn(0x7fccbc0385b0 0x7fccbc03aa70 secure :-1 s=READY pgs=7 cs=0 l=1 rev1=1 crypto rx=0x7fccc8006fd0 tx=0x7fccc8006e40 comp rx=0 tx=0).ready entity=mgr.14152 client_cookie=0 server_cookie=0 in_seq=0 out_seq=0
2023-09-30T14:31:14.842 INFO:teuthology.orchestra.run.smithi032.stdout:/usr/bin/ceph: stderr
2023-09-30T14:31:13.805+0000 7fccc37fe700 1 -- 172.21.15.32:0/1542697499 <== mon.0 v2:172.21.15.32:3300/0 6 ==== mon_command_ack([{"prefix": "get_command_descriptions"}]=0 v0) v1 ==== 72+0+179998 (secure 0 0 0) 0x7fccc402b340 con 0x7fccd4107170
2023-09-30T14:31:14.842 INFO:teuthology.orchestra.run.smithi032.stdout:/usr/bin/ceph: stderr
2023-09-30T14:31:14.181+0000 7fccd89d6700 1 -- 172.21.15.32:0/1542697499 --> [v2:172.21.15.32:6800/3273633815,v1:172.21.15.32:6801/3273633815] -- mgr_command(tid 0: {"prefix": "dashboard create-self-signed-cert", "target": ["mon-mgr", ""]}) v1 -- 0x7fccd4105d70 con 0x7fccbc0385b0
2023-09-30T14:31:14.843 INFO:teuthology.orchestra.run.smithi032.stdout:/usr/bin/ceph: stderr
2023-09-30T14:31:14.231+0000 7fccc37fe700 1 -- 172.21.15.32:0/1542697499 <== mgr.14152 v2:172.21.15.32:6800/3273633815 1 ==== mgr_command_reply(tid 0: 0 ) v1 ==== 8+0+32 (secure 0 0 0) 0x7fccd4105d70 con 0x7fccbc0385b0
2023-09-30T14:31:14.843 INFO:teuthology.orchestra.run.smithi032.stdout:/usr/bin/ceph: stderr
2023-09-30T14:31:14.233+0000 7fccd89d6700 1 -- 172.21.15.32:0/1542697499 >> [v2:172.21.15.32:6800/3273633815,v1:172.21.15.32:6801/3273633815] conn(0x7fccbc0385b0 msgr2=0x7fccbc03aa70 secure :-1 s=STATE_CONNECTION_ESTABLISHED l=1).mark_down
2023-09-30T14:31:14.843 INFO:teuthology.orchestra.run.smithi032.stdout:/usr/bin/ceph: stderr
2023-09-30T14:31:14.233+0000 7fccd89d6700 1 --2- 172.21.15.32:0/1542697499 >> [v2:172.21.15.32:6800/3273633815,v1:172.21.15.32:6801/3273633815] conn(0x7fccbc0385b0 0x7fccbc03aa70 secure :-1 s=READY pgs=7 cs=0 l=1 rev1=1 crypto rx=0x7fccc8006fd0 tx=0x7fccc8006e40 comp rx=0 tx=0).stop
2023-09-30T14:31:14.843 INFO:teuthology.orchestra.run.smithi032.stdout:/usr/bin/ceph: stderr
2023-09-30T14:31:14.233+0000 7fccd89d6700 1 -- 172.21.15.32:0/1542697499 >> [v2:172.21.15.32:3300/0,v1:172.21.15.32:6789/0] conn(0x7fccd4107170 msgr2=0x7fccd4106ad0 secure :-1 s=STATE_CONNECTION_ESTABLISHED l=1).mark_down
2023-09-30T14:31:14.843 INFO:teuthology.orchestra.run.smithi032.stdout:/usr/bin/ceph: stderr
2023-09-30T14:31:14.233+0000 7fccd89d6700 1 --2- 172.21.15.32:0/1542697499 >> [v2:172.21.15.32:3300/0,v1:172.21.15.32:6789/0] conn(0x7fccd4107170 0x7fccd4106ad0 secure :-1 s=READY pgs=71 cs=0 l=1 rev1=1 crypto rx=0x7fccc4003e60 tx=0x7fccc4011aa0 comp rx=0 tx=0).stop
2023-09-30T14:31:14.843 INFO:teuthology.orchestra.run.smithi032.stdout:/usr/bin/ceph: stderr
2023-09-30T14:31:14.233+0000 7fccd89d6700 1 -- 172.21.15.32:0/1542697499 shutdown_connections
2023-09-30T14:31:14.843 INFO:teuthology.orchestra.run.smithi032.stdout:/usr/bin/ceph: stderr
2023-09-30T14:31:14.233+0000 7fccd89d6700 1 --2- 172.21.15.32:0/1542697499 >> [v2:172.21.15.32:6800/3273633815,v1:172.21.15.32:6801/3273633815] conn(0x7fccbc0385b0 0x7fccbc03aa70 unknown :-1 s=CLOSED pgs=7 cs=0 l=1 rev1=1 crypto rx=0 tx=0 comp rx=0 tx=0).stop
2023-09-30T14:31:14.843 INFO:teuthology.orchestra.run.smithi032.stdout:/usr/bin/ceph: stderr
2023-09-30T14:31:14.233+0000 7fccd89d6700 1 --2- 172.21.15.32:0/1542697499 >> [v2:172.21.15.32:3300/0,v1:172.21.15.32:6789/0] conn(0x7fccd4107170 0x7fccd4106ad0 unknown :-1 s=CLOSED pgs=71 cs=0 l=1 rev1=1 crypto rx=0 tx=0 comp rx=0 tx=0).stop
2023-09-30T14:31:14.843 INFO:teuthology.orchestra.run.smithi032.stdout:/usr/bin/ceph: stderr
2023-09-30T14:31:14.233+0000 7fccd89d6700 1 -- 172.21.15.32:0/1542697499 >> 172.21.15.32:0/1542697499 conn(0x7fccd4100b80 msgr2=0x7fccd4101850 unknown :-1 s=STATE_NONE l=0).mark_down
2023-09-30T14:31:14.843 INFO:teuthology.orchestra.run.smithi032.stdout:/usr/bin/ceph: stderr
2023-09-30T14:31:14.234+0000 7fccd89d6700 1 -- 172.21.15.32:0/1542697499 shutdown_connections
2023-09-30T14:31:14.843 INFO:teuthology.orchestra.run.smithi032.stdout:/usr/bin/ceph: stderr
2023-09-30T14:31:14.234+0000 7fccd89d6700 1 -- 172.21.15.32:0/1542697499 wait complete.
2023-09-30T14:31:14.843 INFO:teuthology.orchestra.run.smithi032.stdout:Creating initial admin user...
2023-09-30T14:31:15.387 INFO:journalctl@ceph.mon.a.smithi032.stdout:Sep 30 14:31:15 smithi032 ceph-mon[98592]: from='client.14164 -' entity='client.admin' cmd=[{"prefix": "dashboard create-self-signed-cert", "target": ["mon-mgr", ""]}]: dispatch
2023-09-30T14:31:15.387 INFO:journalctl@ceph.mon.a.smithi032.stdout:Sep 30 14:31:15 smithi032 ceph-mon[98592]: from='mgr.14152 172.21.15.32:0/2748450750' entity='mgr.x'
2023-09-30T14:31:15.387 INFO:journalctl@ceph.mon.a.smithi032.stdout:Sep 30 14:31:15 smithi032 ceph-mon[98592]: from='mgr.14152 172.21.15.32:0/2748450750' entity='mgr.x'
2023-09-30T14:31:15.387 INFO:journalctl@ceph.mon.a.smithi032.stdout:Sep 30 14:31:15 smithi032 ceph-mon[98592]: from='mgr.14152 172.21.15.32:0/2748450750' entity='mgr.x'
2023-09-30T14:31:15.388 INFO:journalctl@ceph.mon.a.smithi032.stdout:Sep 30 14:31:15 smithi032 ceph-mon[98592]: mgrmap e12: x(active, since 2s)
2023-09-30T14:31:16.485 INFO:teuthology.orchestra.run.smithi032.stdout:/usr/bin/ceph: stdout {"username": "admin", "password": "$2b$12$7AwppLvzliWL0cmYjMVZbeurD6H83MVubWgU0vm10vMi266EGhjhS", "roles": ["administrator"], "name": null, "email": null, "lastUpdate": 1696084276, "enabled": true, "pwdExpirationDate": null, "pwdUpdateRequired": true}
2023-09-30T14:31:16.486 INFO:teuthology.orchestra.run.smithi032.stdout:/usr/bin/ceph: stderr
2023-09-30T14:31:15.399+0000 7f6faaae6700 1 Processor -- start
2023-09-30T14:31:16.486 INFO:teuthology.orchestra.run.smithi032.stdout:/usr/bin/ceph: stderr
2023-09-30T14:31:15.399+0000 7f6faaae6700 1 -- start start
2023-09-30T14:31:16.486 INFO:teuthology.orchestra.run.smithi032.stdout:/usr/bin/ceph: stderr
2023-09-30T14:31:15.399+0000 7f6faaae6700 1 --2- >> [v2:172.21.15.32:3300/0,v1:172.21.15.32:6789/0] conn(0x7f6fa4107130 0x7f6fa4109520 unknown :-1 s=NONE pgs=0 cs=0 l=0 rev1=0 crypto rx=0 tx=0 comp rx=0 tx=0).connect
2023-09-30T14:31:16.486 INFO:teuthology.orchestra.run.smithi032.stdout:/usr/bin/ceph: stderr
2023-09-30T14:31:15.399+0000 7f6faaae6700 1 -- --> [v2:172.21.15.32:3300/0,v1:172.21.15.32:6789/0] -- mon_getmap magic: 0 v1 -- 0x7f6fa4079e90 con 0x7f6fa4107130
2023-09-30T14:31:16.486 INFO:teuthology.orchestra.run.smithi032.stdout:/usr/bin/ceph: stderr
2023-09-30T14:31:15.400+0000 7f6fa8882700 1 --2- >> [v2:172.21.15.32:3300/0,v1:172.21.15.32:6789/0] conn(0x7f6fa4107130 0x7f6fa4109520 unknown :-1 s=BANNER_CONNECTING pgs=0 cs=0 l=0 rev1=0 crypto rx=0 tx=0 comp rx=0 tx=0)._handle_peer_banner_payload supported=3 required=0
2023-09-30T14:31:16.486 INFO:teuthology.orchestra.run.smithi032.stdout:/usr/bin/ceph: stderr
2023-09-30T14:31:15.400+0000 7f6fa8882700 1 --2- >> [v2:172.21.15.32:3300/0,v1:172.21.15.32:6789/0] conn(0x7f6fa4107130 0x7f6fa4109520 unknown :-1 s=HELLO_CONNECTING pgs=0 cs=0 l=0 rev1=1 crypto rx=0 tx=0 comp rx=0 tx=0).handle_hello peer v2:172.21.15.32:3300/0 says I am v2:172.21.15.32:60964/0 (socket says 172.21.15.32:60964)
2023-09-30T14:31:16.486 INFO:teuthology.orchestra.run.smithi032.stdout:/usr/bin/ceph: stderr
2023-09-30T14:31:15.400+0000 7f6fa8882700 1 -- 172.21.15.32:0/1469062357 learned_addr learned my addr 172.21.15.32:0/1469062357 (peer_addr_for_me v2:172.21.15.32:0/0)
2023-09-30T14:31:16.486 INFO:teuthology.orchestra.run.smithi032.stdout:/usr/bin/ceph: stderr
2023-09-30T14:31:15.400+0000 7f6fa8882700 1 -- 172.21.15.32:0/1469062357 --> [v2:172.21.15.32:3300/0,v1:172.21.15.32:6789/0] -- mon_subscribe({config=0+,monmap=0+}) v3 -- 0x7f6fa4109a60 con 0x7f6fa4107130
2023-09-30T14:31:16.486 INFO:teuthology.orchestra.run.smithi032.stdout:/usr/bin/ceph: stderr
2023-09-30T14:31:15.400+0000 7f6fa8882700 1 --2- 172.21.15.32:0/1469062357 >> [v2:172.21.15.32:3300/0,v1:172.21.15.32:6789/0] conn(0x7f6fa4107130 0x7f6fa4109520 secure :-1 s=READY pgs=72 cs=0 l=1 rev1=1 crypto rx=0x7f6f980098a0 tx=0x7f6f98009bb0 comp rx=0 tx=0).ready entity=mon.0 client_cookie=18036e63b27b6f31 server_cookie=0 in_seq=0 out_seq=0
2023-09-30T14:31:16.486 INFO:teuthology.orchestra.run.smithi032.stdout:/usr/bin/ceph: stderr
2023-09-30T14:31:15.400+0000 7f6fa37fe700 1 -- 172.21.15.32:0/1469062357 <== mon.0 v2:172.21.15.32:3300/0 1 ==== mon_map magic: 0 v1 ==== 205+0+0 (secure 0 0 0) 0x7f6f98004160 con 0x7f6fa4107130
2023-09-30T14:31:16.487 INFO:teuthology.orchestra.run.smithi032.stdout:/usr/bin/ceph: stderr
2023-09-30T14:31:15.400+0000 7f6fa37fe700 1 -- 172.21.15.32:0/1469062357 <== mon.0 v2:172.21.15.32:3300/0 2 ==== config(26 keys) v1 ==== 1105+0+0 (secure 0 0 0) 0x7f6f980042c0 con 0x7f6fa4107130
2023-09-30T14:31:16.487 INFO:teuthology.orchestra.run.smithi032.stdout:/usr/bin/ceph: stderr
2023-09-30T14:31:15.400+0000 7f6fa37fe700 1 -- 172.21.15.32:0/1469062357 <== mon.0 v2:172.21.15.32:3300/0 3 ==== mon_map magic: 0 v1 ==== 205+0+0 (secure 0 0 0) 0x7f6f980119b0 con 0x7f6fa4107130
2023-09-30T14:31:16.487 INFO:teuthology.orchestra.run.smithi032.stdout:/usr/bin/ceph: stderr
2023-09-30T14:31:15.401+0000 7f6faaae6700 1 -- 172.21.15.32:0/1469062357 >> [v2:172.21.15.32:3300/0,v1:172.21.15.32:6789/0] conn(0x7f6fa4107130 msgr2=0x7f6fa4109520 secure :-1 s=STATE_CONNECTION_ESTABLISHED l=1).mark_down
2023-09-30T14:31:16.487 INFO:teuthology.orchestra.run.smithi032.stdout:/usr/bin/ceph: stderr
2023-09-30T14:31:15.401+0000 7f6faaae6700 1 --2- 172.21.15.32:0/1469062357 >> [v2:172.21.15.32:3300/0,v1:172.21.15.32:6789/0] conn(0x7f6fa4107130 0x7f6fa4109520 secure :-1 s=READY pgs=72 cs=0 l=1 rev1=1 crypto rx=0x7f6f980098a0 tx=0x7f6f98009bb0 comp rx=0 tx=0).stop
2023-09-30T14:31:16.487 INFO:teuthology.orchestra.run.smithi032.stdout:/usr/bin/ceph: stderr
2023-09-30T14:31:15.401+0000 7f6faaae6700 1 -- 172.21.15.32:0/1469062357 shutdown_connections
2023-09-30T14:31:16.487 INFO:teuthology.orchestra.run.smithi032.stdout:/usr/bin/ceph: stderr
2023-09-30T14:31:15.401+0000 7f6faaae6700 1 --2- 172.21.15.32:0/1469062357 >> [v2:172.21.15.32:3300/0,v1:172.21.15.32:6789/0] conn(0x7f6fa4107130 0x7f6fa4109520 unknown :-1 s=CLOSED pgs=72 cs=0 l=1 rev1=1 crypto rx=0 tx=0 comp rx=0 tx=0).stop
2023-09-30T14:31:16.487 INFO:teuthology.orchestra.run.smithi032.stdout:/usr/bin/ceph: stderr
2023-09-30T14:31:15.401+0000 7f6faaae6700 1 -- 172.21.15.32:0/1469062357 >> 172.21.15.32:0/1469062357 conn(0x7f6fa4100b00 msgr2=0x7f6fa4102f60 unknown :-1 s=STATE_NONE l=0).mark_down
2023-09-30T14:31:16.487 INFO:teuthology.orchestra.run.smithi032.stdout:/usr/bin/ceph: stderr
2023-09-30T14:31:15.401+0000 7f6faaae6700 1 -- 172.21.15.32:0/1469062357 shutdown_connections
2023-09-30T14:31:16.487 INFO:teuthology.orchestra.run.smithi032.stdout:/usr/bin/ceph: stderr
2023-09-30T14:31:15.401+0000 7f6faaae6700 1 -- 172.21.15.32:0/1469062357 wait complete.
2023-09-30T14:31:16.487 INFO:teuthology.orchestra.run.smithi032.stdout:/usr/bin/ceph: stderr
2023-09-30T14:31:15.402+0000 7f6faaae6700 1 Processor -- start
2023-09-30T14:31:16.487 INFO:teuthology.orchestra.run.smithi032.stdout:/usr/bin/ceph: stderr
2023-09-30T14:31:15.402+0000 7f6faaae6700 1 -- start start
2023-09-30T14:31:16.488 INFO:teuthology.orchestra.run.smithi032.stdout:/usr/bin/ceph: stderr
2023-09-30T14:31:15.402+0000 7f6faaae6700 1 --2- >> [v2:172.21.15.32:3300/0,v1:172.21.15.32:6789/0] conn(0x7f6fa4107130 0x7f6fa4106a90 unknown :-1 s=NONE pgs=0 cs=0 l=1 rev1=0 crypto rx=0 tx=0 comp rx=0 tx=0).connect
2023-09-30T14:31:16.488 INFO:teuthology.orchestra.run.smithi032.stdout:/usr/bin/ceph: stderr
2023-09-30T14:31:15.402+0000 7f6faaae6700 1 -- --> [v2:172.21.15.32:3300/0,v1:172.21.15.32:6789/0] -- mon_getmap magic: 0 v1 -- 0x7f6fa4106fd0 con 0x7f6fa4107130
2023-09-30T14:31:16.488 INFO:teuthology.orchestra.run.smithi032.stdout:/usr/bin/ceph: stderr
2023-09-30T14:31:15.402+0000 7f6fa8882700 1 --2- >> [v2:172.21.15.32:3300/0,v1:172.21.15.32:6789/0] conn(0x7f6fa4107130 0x7f6fa4106a90 unknown :-1 s=BANNER_CONNECTING pgs=0 cs=0 l=1 rev1=0 crypto rx=0 tx=0 comp rx=0 tx=0)._handle_peer_banner_payload supported=3 required=0
2023-09-30T14:31:16.488 INFO:teuthology.orchestra.run.smithi032.stdout:/usr/bin/ceph: stderr
2023-09-30T14:31:15.402+0000 7f6fa8882700 1 --2- >> [v2:172.21.15.32:3300/0,v1:172.21.15.32:6789/0] conn(0x7f6fa4107130 0x7f6fa4106a90 unknown :-1 s=HELLO_CONNECTING pgs=0 cs=0 l=1 rev1=1 crypto rx=0 tx=0 comp rx=0 tx=0).handle_hello peer v2:172.21.15.32:3300/0 says I am v2:172.21.15.32:60966/0 (socket says 172.21.15.32:60966)
2023-09-30T14:31:16.488 INFO:teuthology.orchestra.run.smithi032.stdout:/usr/bin/ceph: stderr
2023-09-30T14:31:15.402+0000 7f6fa8882700 1 -- 172.21.15.32:0/2687575992 learned_addr learned my addr 172.21.15.32:0/2687575992 (peer_addr_for_me v2:172.21.15.32:0/0)
2023-09-30T14:31:16.488 INFO:teuthology.orchestra.run.smithi032.stdout:/usr/bin/ceph: stderr
2023-09-30T14:31:15.402+0000 7f6fa8882700 1 -- 172.21.15.32:0/2687575992 --> [v2:172.21.15.32:3300/0,v1:172.21.15.32:6789/0] -- mon_subscribe({config=0+,monmap=0+}) v3 -- 0x7f6f98009550 con 0x7f6fa4107130
2023-09-30T14:31:16.488 INFO:teuthology.orchestra.run.smithi032.stdout:/usr/bin/ceph: stderr
2023-09-30T14:31:15.402+0000 7f6fa8882700 1 --2- 172.21.15.32:0/2687575992 >> [v2:172.21.15.32:3300/0,v1:172.21.15.32:6789/0] conn(0x7f6fa4107130 0x7f6fa4106a90 secure :-1 s=READY pgs=73 cs=0 l=1 rev1=1 crypto rx=0x7f6f98003e60 tx=0x7f6f98011aa0 comp rx=0 tx=0).ready entity=mon.0 client_cookie=0 server_cookie=0 in_seq=0 out_seq=0
2023-09-30T14:31:16.488 INFO:teuthology.orchestra.run.smithi032.stdout:/usr/bin/ceph: stderr
2023-09-30T14:31:15.403+0000 7f6fa1ffb700 1 -- 172.21.15.32:0/2687575992 <== mon.0 v2:172.21.15.32:3300/0 1 ==== mon_map magic: 0 v1 ==== 205+0+0 (secure 0 0 0) 0x7f6f98003970 con 0x7f6fa4107130
2023-09-30T14:31:16.488 INFO:teuthology.orchestra.run.smithi032.stdout:/usr/bin/ceph: stderr
2023-09-30T14:31:15.403+0000 7f6fa1ffb700 1 -- 172.21.15.32:0/2687575992 <== mon.0 v2:172.21.15.32:3300/0 2 ==== config(26 keys) v1 ==== 1105+0+0 (secure 0 0 0) 0x7f6f98003ad0 con 0x7f6fa4107130
2023-09-30T14:31:16.488 INFO:teuthology.orchestra.run.smithi032.stdout:/usr/bin/ceph: stderr
2023-09-30T14:31:15.403+0000 7f6faaae6700 1 -- 172.21.15.32:0/2687575992 --> [v2:172.21.15.32:3300/0,v1:172.21.15.32:6789/0] -- mon_subscribe({mgrmap=0+}) v3 -- 0x7f6fa41050e0 con 0x7f6fa4107130
2023-09-30T14:31:16.488 INFO:teuthology.orchestra.run.smithi032.stdout:/usr/bin/ceph: stderr
2023-09-30T14:31:15.403+0000 7f6fa1ffb700 1 -- 172.21.15.32:0/2687575992 <== mon.0 v2:172.21.15.32:3300/0 3 ==== mon_map magic: 0 v1 ==== 205+0+0 (secure 0 0 0) 0x7f6f980195e0 con 0x7f6fa4107130
2023-09-30T14:31:16.489 INFO:teuthology.orchestra.run.smithi032.stdout:/usr/bin/ceph: stderr
2023-09-30T14:31:15.403+0000 7f6faaae6700 1 -- 172.21.15.32:0/2687575992 --> [v2:172.21.15.32:3300/0,v1:172.21.15.32:6789/0] -- mon_subscribe({osdmap=0}) v3 -- 0x7f6fa4105580 con 0x7f6fa4107130
2023-09-30T14:31:16.489 INFO:teuthology.orchestra.run.smithi032.stdout:/usr/bin/ceph: stderr
2023-09-30T14:31:15.404+0000 7f6fa1ffb700 1 -- 172.21.15.32:0/2687575992 <== mon.0 v2:172.21.15.32:3300/0 4 ==== mgrmap(e 12) v1 ==== 45505+0+0 (secure 0 0 0) 0x7f6f98019850 con 0x7f6fa4107130
2023-09-30T14:31:16.489 INFO:teuthology.orchestra.run.smithi032.stdout:/usr/bin/ceph: stderr
2023-09-30T14:31:15.404+0000 7f6fa1ffb700 1 --2- 172.21.15.32:0/2687575992 >> [v2:172.21.15.32:6800/3273633815,v1:172.21.15.32:6801/3273633815] conn(0x7f6f940386d0 0x7f6f9403ab90 unknown :-1 s=NONE pgs=0 cs=0 l=1 rev1=0 crypto rx=0 tx=0 comp rx=0 tx=0).connect
2023-09-30T14:31:16.489 INFO:teuthology.orchestra.run.smithi032.stdout:/usr/bin/ceph: stderr
2023-09-30T14:31:15.404+0000 7f6fa1ffb700 1 -- 172.21.15.32:0/2687575992 <== mon.0 v2:172.21.15.32:3300/0 5 ==== osd_map(3..3 src has 1..3) v4 ==== 1155+0+0 (secure 0 0 0) 0x7f6f9804c9b0 con 0x7f6fa4107130
2023-09-30T14:31:16.489 INFO:teuthology.orchestra.run.smithi032.stdout:/usr/bin/ceph: stderr
2023-09-30T14:31:15.404+0000 7f6fa3fff700 1 --2- 172.21.15.32:0/2687575992 >> [v2:172.21.15.32:6800/3273633815,v1:172.21.15.32:6801/3273633815] conn(0x7f6f940386d0 0x7f6f9403ab90 unknown :-1 s=BANNER_CONNECTING pgs=0 cs=0 l=1 rev1=0 crypto rx=0 tx=0 comp rx=0 tx=0)._handle_peer_banner_payload supported=3 required=0
2023-09-30T14:31:16.489 INFO:teuthology.orchestra.run.smithi032.stdout:/usr/bin/ceph: stderr
2023-09-30T14:31:15.404+0000 7f6faaae6700 1 -- 172.21.15.32:0/2687575992 --> [v2:172.21.15.32:3300/0,v1:172.21.15.32:6789/0] -- mon_command({"prefix": "get_command_descriptions"} v 0) v1 -- 0x7f6fa410a840 con 0x7f6fa4107130
2023-09-30T14:31:16.489 INFO:teuthology.orchestra.run.smithi032.stdout:/usr/bin/ceph: stderr
2023-09-30T14:31:15.405+0000 7f6fa3fff700 1 --2- 172.21.15.32:0/2687575992 >> [v2:172.21.15.32:6800/3273633815,v1:172.21.15.32:6801/3273633815] conn(0x7f6f940386d0 0x7f6f9403ab90 secure :-1 s=READY pgs=8 cs=0 l=1 rev1=1 crypto rx=0x7f6f90006fd0 tx=0x7f6f90006e40 comp rx=0 tx=0).ready entity=mgr.14152 client_cookie=0 server_cookie=0 in_seq=0 out_seq=0
2023-09-30T14:31:16.489 INFO:teuthology.orchestra.run.smithi032.stdout:/usr/bin/ceph: stderr
2023-09-30T14:31:15.409+0000 7f6fa1ffb700 1 -- 172.21.15.32:0/2687575992 <== mon.0 v2:172.21.15.32:3300/0 6 ==== mon_command_ack([{"prefix": "get_command_descriptions"}]=0 v0) v1 ==== 72+0+179998 (secure 0 0 0) 0x7f6f98019ba0 con 0x7f6fa4107130
2023-09-30T14:31:16.489 INFO:teuthology.orchestra.run.smithi032.stdout:/usr/bin/ceph: stderr
2023-09-30T14:31:15.809+0000 7f6faaae6700 1 -- 172.21.15.32:0/2687575992 --> [v2:172.21.15.32:6800/3273633815,v1:172.21.15.32:6801/3273633815] -- mgr_command(tid 0: {"prefix": "dashboard ac-user-create", "username": "admin", "rolename": "administrator", "force_password": true, "pwd_update_required": true, "target": ["mon-mgr", ""]}) v1 -- 0x7f6fa4062270 con 0x7f6f940386d0
2023-09-30T14:31:16.489 INFO:teuthology.orchestra.run.smithi032.stdout:/usr/bin/ceph: stderr
2023-09-30T14:31:16.057+0000 7f6fa1ffb700 1 -- 172.21.15.32:0/2687575992 <== mgr.14152 v2:172.21.15.32:6800/3273633815 1 ==== mgr_command_reply(tid 0: 0 ) v1 ==== 8+0+252 (secure 0 0 0) 0x7f6fa4062270 con 0x7f6f940386d0
2023-09-30T14:31:16.489 INFO:teuthology.orchestra.run.smithi032.stdout:/usr/bin/ceph: stderr
2023-09-30T14:31:16.059+0000 7f6faaae6700 1 -- 172.21.15.32:0/2687575992 >> [v2:172.21.15.32:6800/3273633815,v1:172.21.15.32:6801/3273633815] conn(0x7f6f940386d0 msgr2=0x7f6f9403ab90 secure :-1 s=STATE_CONNECTION_ESTABLISHED l=1).mark_down
2023-09-30T14:31:16.489 INFO:teuthology.orchestra.run.smithi032.stdout:/usr/bin/ceph: stderr
2023-09-30T14:31:16.059+0000 7f6faaae6700 1 --2- 172.21.15.32:0/2687575992 >> [v2:172.21.15.32:6800/3273633815,v1:172.21.15.32:6801/3273633815] conn(0x7f6f940386d0 0x7f6f9403ab90 secure :-1 s=READY pgs=8 cs=0 l=1 rev1=1 crypto rx=0x7f6f90006fd0 tx=0x7f6f90006e40 comp rx=0 tx=0).stop
2023-09-30T14:31:16.490 INFO:teuthology.orchestra.run.smithi032.stdout:/usr/bin/ceph: stderr
2023-09-30T14:31:16.059+0000 7f6faaae6700 1 -- 172.21.15.32:0/2687575992 >> [v2:172.21.15.32:3300/0,v1:172.21.15.32:6789/0] conn(0x7f6fa4107130 msgr2=0x7f6fa4106a90 secure :-1 s=STATE_CONNECTION_ESTABLISHED l=1).mark_down
2023-09-30T14:31:16.490 INFO:teuthology.orchestra.run.smithi032.stdout:/usr/bin/ceph: stderr
2023-09-30T14:31:16.059+0000 7f6faaae6700 1 --2- 172.21.15.32:0/2687575992 >> [v2:172.21.15.32:3300/0,v1:172.21.15.32:6789/0] conn(0x7f6fa4107130 0x7f6fa4106a90 secure :-1 s=READY pgs=73 cs=0 l=1 rev1=1 crypto rx=0x7f6f98003e60 tx=0x7f6f98011aa0 comp rx=0 tx=0).stop
2023-09-30T14:31:16.490 INFO:teuthology.orchestra.run.smithi032.stdout:/usr/bin/ceph: stderr
2023-09-30T14:31:16.059+0000 7f6faaae6700 1 -- 172.21.15.32:0/2687575992 shutdown_connections
2023-09-30T14:31:16.490 INFO:teuthology.orchestra.run.smithi032.stdout:/usr/bin/ceph: stderr
2023-09-30T14:31:16.059+0000 7f6faaae6700 1 --2- 172.21.15.32:0/2687575992 >> [v2:172.21.15.32:6800/3273633815,v1:172.21.15.32:6801/3273633815] conn(0x7f6f940386d0 0x7f6f9403ab90 unknown :-1 s=CLOSED pgs=8 cs=0 l=1 rev1=1 crypto rx=0 tx=0 comp rx=0 tx=0).stop
2023-09-30T14:31:16.490 INFO:teuthology.orchestra.run.smithi032.stdout:/usr/bin/ceph: stderr
2023-09-30T14:31:16.059+0000 7f6faaae6700 1 --2- 172.21.15.32:0/2687575992 >> [v2:172.21.15.32:3300/0,v1:172.21.15.32:6789/0] conn(0x7f6fa4107130 0x7f6fa4106a90 unknown :-1 s=CLOSED pgs=73 cs=0 l=1 rev1=1 crypto rx=0 tx=0 comp rx=0 tx=0).stop
2023-09-30T14:31:16.490 INFO:teuthology.orchestra.run.smithi032.stdout:/usr/bin/ceph: stderr
2023-09-30T14:31:16.059+0000 7f6faaae6700 1 -- 172.21.15.32:0/2687575992 >> 172.21.15.32:0/2687575992 conn(0x7f6fa4100b00 msgr2=0x7f6fa4101900 unknown :-1 s=STATE_NONE l=0).mark_down
2023-09-30T14:31:16.490 INFO:teuthology.orchestra.run.smithi032.stdout:/usr/bin/ceph: stderr
2023-09-30T14:31:16.059+0000 7f6faaae6700 1 -- 172.21.15.32:0/2687575992 shutdown_connections
2023-09-30T14:31:16.490 INFO:teuthology.orchestra.run.smithi032.stdout:/usr/bin/ceph: stderr
2023-09-30T14:31:16.059+0000 7f6faaae6700 1 -- 172.21.15.32:0/2687575992 wait complete.
2023-09-30T14:31:16.490 INFO:teuthology.orchestra.run.smithi032.stdout:Fetching dashboard port number...
2023-09-30T14:31:17.372 INFO:journalctl@ceph.mon.a.smithi032.stdout:Sep 30 14:31:17 smithi032 ceph-mon[98592]: from='client.14166 -' entity='client.admin' cmd=[{"prefix": "dashboard ac-user-create", "username": "admin", "rolename": "administrator", "force_password": true, "pwd_update_required": true, "target": ["mon-mgr", ""]}]: dispatch
2023-09-30T14:31:17.372 INFO:journalctl@ceph.mon.a.smithi032.stdout:Sep 30 14:31:17 smithi032 ceph-mon[98592]: from='mgr.14152 172.21.15.32:0/2748450750' entity='mgr.x'
2023-09-30T14:31:17.833 INFO:teuthology.orchestra.run.smithi032.stdout:/usr/bin/ceph: stdout 8443
2023-09-30T14:31:17.833 INFO:teuthology.orchestra.run.smithi032.stdout:/usr/bin/ceph: stderr
2023-09-30T14:31:16.970+0000 7f5169c40700 1 Processor -- start
2023-09-30T14:31:17.833 INFO:teuthology.orchestra.run.smithi032.stdout:/usr/bin/ceph: stderr
2023-09-30T14:31:16.970+0000 7f5169c40700 1 -- start start
2023-09-30T14:31:17.834 INFO:teuthology.orchestra.run.smithi032.stdout:/usr/bin/ceph: stderr
2023-09-30T14:31:16.970+0000 7f5169c40700 1 --2- >> [v2:172.21.15.32:3300/0,v1:172.21.15.32:6789/0] conn(0x7f51641066c0 0x7f5164106ae0 unknown :-1 s=NONE pgs=0 cs=0 l=0 rev1=0 crypto rx=0 tx=0 comp rx=0 tx=0).connect
2023-09-30T14:31:17.834 INFO:teuthology.orchestra.run.smithi032.stdout:/usr/bin/ceph: stderr
2023-09-30T14:31:16.970+0000 7f5169c40700 1 -- --> [v2:172.21.15.32:3300/0,v1:172.21.15.32:6789/0] -- mon_getmap magic: 0 v1 -- 0x7f51641070b0 con 0x7f51641066c0
2023-09-30T14:31:17.834 INFO:teuthology.orchestra.run.smithi032.stdout:/usr/bin/ceph: stderr
2023-09-30T14:31:16.970+0000 7f51637fe700 1 --2- >> [v2:172.21.15.32:3300/0,v1:172.21.15.32:6789/0] conn(0x7f51641066c0 0x7f5164106ae0 unknown :-1 s=BANNER_CONNECTING pgs=0 cs=0 l=0 rev1=0 crypto rx=0 tx=0 comp rx=0 tx=0)._handle_peer_banner_payload supported=3 required=0
2023-09-30T14:31:17.834 INFO:teuthology.orchestra.run.smithi032.stdout:/usr/bin/ceph: stderr
2023-09-30T14:31:16.970+0000 7f51637fe700 1 --2- >> [v2:172.21.15.32:3300/0,v1:172.21.15.32:6789/0] conn(0x7f51641066c0 0x7f5164106ae0 unknown :-1 s=HELLO_CONNECTING pgs=0 cs=0 l=0 rev1=1 crypto rx=0 tx=0 comp rx=0 tx=0).handle_hello peer v2:172.21.15.32:3300/0 says I am v2:172.21.15.32:60970/0 (socket says 172.21.15.32:60970)
2023-09-30T14:31:17.834 INFO:teuthology.orchestra.run.smithi032.stdout:/usr/bin/ceph: stderr
2023-09-30T14:31:16.970+0000 7f51637fe700 1 -- 172.21.15.32:0/789798156 learned_addr learned my addr 172.21.15.32:0/789798156 (peer_addr_for_me v2:172.21.15.32:0/0)
2023-09-30T14:31:17.834 INFO:teuthology.orchestra.run.smithi032.stdout:/usr/bin/ceph: stderr
2023-09-30T14:31:16.970+0000 7f51637fe700 1 -- 172.21.15.32:0/789798156 --> [v2:172.21.15.32:3300/0,v1:172.21.15.32:6789/0] -- mon_subscribe({config=0+,monmap=0+}) v3 -- 0x7f51641078c0 con 0x7f51641066c0
2023-09-30T14:31:17.834 INFO:teuthology.orchestra.run.smithi032.stdout:/usr/bin/ceph: stderr
2023-09-30T14:31:16.971+0000 7f51637fe700 1 --2- 172.21.15.32:0/789798156 >> [v2:172.21.15.32:3300/0,v1:172.21.15.32:6789/0] conn(0x7f51641066c0 0x7f5164106ae0 secure :-1 s=READY pgs=74 cs=0 l=1 rev1=1 crypto rx=0x7f51540098a0 tx=0x7f5154009bb0 comp rx=0 tx=0).ready entity=mon.0 client_cookie=49a65235e626b7c1 server_cookie=0 in_seq=0 out_seq=0
2023-09-30T14:31:17.834 INFO:teuthology.orchestra.run.smithi032.stdout:/usr/bin/ceph: stderr
2023-09-30T14:31:16.971+0000 7f51627fc700 1 -- 172.21.15.32:0/789798156 <== mon.0 v2:172.21.15.32:3300/0 1 ==== mon_map magic: 0 v1 ==== 205+0+0 (secure 0 0 0) 0x7f5154004160 con 0x7f51641066c0
2023-09-30T14:31:17.834 INFO:teuthology.orchestra.run.smithi032.stdout:/usr/bin/ceph: stderr
2023-09-30T14:31:16.971+0000 7f51627fc700 1 -- 172.21.15.32:0/789798156 <== mon.0 v2:172.21.15.32:3300/0 2 ==== config(26 keys) v1 ==== 1105+0+0 (secure 0 0 0) 0x7f51540042c0 con 0x7f51641066c0
2023-09-30T14:31:17.835 INFO:teuthology.orchestra.run.smithi032.stdout:/usr/bin/ceph: stderr
2023-09-30T14:31:16.971+0000 7f51627fc700 1 -- 172.21.15.32:0/789798156 <== mon.0 v2:172.21.15.32:3300/0 3 ==== mon_map magic: 0 v1 ==== 205+0+0 (secure 0 0 0) 0x7f51540119b0 con 0x7f51641066c0
2023-09-30T14:31:17.835 INFO:teuthology.orchestra.run.smithi032.stdout:/usr/bin/ceph: stderr
2023-09-30T14:31:16.971+0000 7f5169c40700 1 -- 172.21.15.32:0/789798156 >> [v2:172.21.15.32:3300/0,v1:172.21.15.32:6789/0] conn(0x7f51641066c0 msgr2=0x7f5164106ae0 secure :-1 s=STATE_CONNECTION_ESTABLISHED l=1).mark_down
2023-09-30T14:31:17.835 INFO:teuthology.orchestra.run.smithi032.stdout:/usr/bin/ceph: stderr
2023-09-30T14:31:16.971+0000 7f5169c40700 1 --2- 172.21.15.32:0/789798156 >> [v2:172.21.15.32:3300/0,v1:172.21.15.32:6789/0] conn(0x7f51641066c0 0x7f5164106ae0 secure :-1 s=READY pgs=74 cs=0 l=1 rev1=1 crypto rx=0x7f51540098a0 tx=0x7f5154009bb0 comp rx=0 tx=0).stop
2023-09-30T14:31:17.835 INFO:teuthology.orchestra.run.smithi032.stdout:/usr/bin/ceph: stderr
2023-09-30T14:31:16.972+0000 7f5169c40700 1 -- 172.21.15.32:0/789798156 shutdown_connections
2023-09-30T14:31:17.835 INFO:teuthology.orchestra.run.smithi032.stdout:/usr/bin/ceph: stderr
2023-09-30T14:31:16.972+0000 7f5169c40700 1 --2- 172.21.15.32:0/789798156 >> [v2:172.21.15.32:3300/0,v1:172.21.15.32:6789/0] conn(0x7f51641066c0 0x7f5164106ae0 unknown :-1 s=CLOSED pgs=74 cs=0 l=1 rev1=1 crypto rx=0 tx=0 comp rx=0 tx=0).stop
2023-09-30T14:31:17.835 INFO:teuthology.orchestra.run.smithi032.stdout:/usr/bin/ceph: stderr
2023-09-30T14:31:16.972+0000 7f5169c40700 1 -- 172.21.15.32:0/789798156 >> 172.21.15.32:0/789798156 conn(0x7f5164101c80 msgr2=0x7f51641040a0 unknown :-1 s=STATE_NONE l=0).mark_down
2023-09-30T14:31:17.835 INFO:teuthology.orchestra.run.smithi032.stdout:/usr/bin/ceph: stderr
2023-09-30T14:31:16.972+0000 7f5169c40700 1 -- 172.21.15.32:0/789798156 shutdown_connections
2023-09-30T14:31:17.835 INFO:teuthology.orchestra.run.smithi032.stdout:/usr/bin/ceph: stderr
2023-09-30T14:31:16.972+0000 7f5169c40700 1 -- 172.21.15.32:0/789798156 wait complete.
2023-09-30T14:31:17.835 INFO:teuthology.orchestra.run.smithi032.stdout:/usr/bin/ceph: stderr
2023-09-30T14:31:16.972+0000 7f5169c40700 1 Processor -- start
2023-09-30T14:31:17.836 INFO:teuthology.orchestra.run.smithi032.stdout:/usr/bin/ceph: stderr
2023-09-30T14:31:16.972+0000 7f5169c40700 1 -- start start
2023-09-30T14:31:17.836 INFO:teuthology.orchestra.run.smithi032.stdout:/usr/bin/ceph: stderr
2023-09-30T14:31:16.973+0000 7f5169c40700 1 --2- >> [v2:172.21.15.32:3300/0,v1:172.21.15.32:6789/0] conn(0x7f51641066c0 0x7f516407ab60 unknown :-1 s=NONE pgs=0 cs=0 l=1 rev1=0 crypto rx=0 tx=0 comp rx=0 tx=0).connect
2023-09-30T14:31:17.836 INFO:teuthology.orchestra.run.smithi032.stdout:/usr/bin/ceph: stderr
2023-09-30T14:31:16.973+0000 7f5169c40700 1 -- --> [v2:172.21.15.32:3300/0,v1:172.21.15.32:6789/0] -- mon_getmap magic: 0 v1 -- 0x7f516407b0a0 con 0x7f51641066c0
2023-09-30T14:31:17.836 INFO:teuthology.orchestra.run.smithi032.stdout:/usr/bin/ceph: stderr
2023-09-30T14:31:16.973+0000 7f51637fe700 1 --2- >> [v2:172.21.15.32:3300/0,v1:172.21.15.32:6789/0] conn(0x7f51641066c0 0x7f516407ab60 unknown :-1 s=BANNER_CONNECTING pgs=0 cs=0 l=1 rev1=0 crypto rx=0 tx=0 comp rx=0 tx=0)._handle_peer_banner_payload supported=3 required=0
2023-09-30T14:31:17.836 INFO:teuthology.orchestra.run.smithi032.stdout:/usr/bin/ceph: stderr
2023-09-30T14:31:16.973+0000 7f51637fe700 1 --2- >> [v2:172.21.15.32:3300/0,v1:172.21.15.32:6789/0] conn(0x7f51641066c0 0x7f516407ab60 unknown :-1 s=HELLO_CONNECTING pgs=0 cs=0 l=1 rev1=1 crypto rx=0 tx=0 comp rx=0 tx=0).handle_hello peer v2:172.21.15.32:3300/0 says I am v2:172.21.15.32:60972/0 (socket says 172.21.15.32:60972)
2023-09-30T14:31:17.837 INFO:teuthology.orchestra.run.smithi032.stdout:/usr/bin/ceph: stderr
2023-09-30T14:31:16.973+0000 7f51637fe700 1 -- 172.21.15.32:0/3197049197 learned_addr learned my addr 172.21.15.32:0/3197049197 (peer_addr_for_me v2:172.21.15.32:0/0)
2023-09-30T14:31:17.837 INFO:teuthology.orchestra.run.smithi032.stdout:/usr/bin/ceph: stderr
2023-09-30T14:31:16.973+0000 7f51637fe700 1 -- 172.21.15.32:0/3197049197 --> [v2:172.21.15.32:3300/0,v1:172.21.15.32:6789/0] -- mon_subscribe({config=0+,monmap=0+}) v3 -- 0x7f5154009550 con 0x7f51641066c0
2023-09-30T14:31:17.837 INFO:teuthology.orchestra.run.smithi032.stdout:/usr/bin/ceph: stderr
2023-09-30T14:31:16.973+0000 7f51637fe700 1 --2- 172.21.15.32:0/3197049197 >> [v2:172.21.15.32:3300/0,v1:172.21.15.32:6789/0] conn(0x7f51641066c0 0x7f516407ab60 secure :-1 s=READY pgs=75 cs=0 l=1 rev1=1 crypto rx=0x7f5154000c00 tx=0x7f5154011a30 comp rx=0 tx=0).ready entity=mon.0 client_cookie=0 server_cookie=0 in_seq=0 out_seq=0
2023-09-30T14:31:17.837 INFO:teuthology.orchestra.run.smithi032.stdout:/usr/bin/ceph: stderr
2023-09-30T14:31:16.973+0000 7f5160ff9700 1 -- 172.21.15.32:0/3197049197 <== mon.0 v2:172.21.15.32:3300/0 1 ==== mon_map magic: 0 v1 ==== 205+0+0 (secure 0 0 0) 0x7f51540039f0 con 0x7f51641066c0
2023-09-30T14:31:17.837 INFO:teuthology.orchestra.run.smithi032.stdout:/usr/bin/ceph: stderr
2023-09-30T14:31:16.973+0000 7f5169c40700 1 -- 172.21.15.32:0/3197049197 --> [v2:172.21.15.32:3300/0,v1:172.21.15.32:6789/0] -- mon_subscribe({mgrmap=0+}) v3 -- 0x7f51640791b0 con 0x7f51641066c0
2023-09-30T14:31:17.837 INFO:teuthology.orchestra.run.smithi032.stdout:/usr/bin/ceph: stderr
2023-09-30T14:31:16.973+0000 7f5160ff9700 1 -- 172.21.15.32:0/3197049197 <== mon.0 v2:172.21.15.32:3300/0 2 ==== config(26 keys) v1 ==== 1105+0+0 (secure 0 0 0) 0x7f5154003b50 con 0x7f51641066c0
2023-09-30T14:31:17.837 INFO:teuthology.orchestra.run.smithi032.stdout:/usr/bin/ceph: stderr
2023-09-30T14:31:16.974+0000 7f5160ff9700 1 -- 172.21.15.32:0/3197049197 <== mon.0 v2:172.21.15.32:3300/0 3 ==== mon_map magic: 0 v1 ==== 205+0+0 (secure 0 0 0) 0x7f515401a780 con 0x7f51641066c0
2023-09-30T14:31:17.837 INFO:teuthology.orchestra.run.smithi032.stdout:/usr/bin/ceph: stderr
2023-09-30T14:31:16.974+0000 7f5169c40700 1 -- 172.21.15.32:0/3197049197 --> [v2:172.21.15.32:3300/0,v1:172.21.15.32:6789/0] -- mon_subscribe({osdmap=0}) v3 -- 0x7f5164079650 con 0x7f51641066c0
2023-09-30T14:31:17.838 INFO:teuthology.orchestra.run.smithi032.stdout:/usr/bin/ceph: stderr
2023-09-30T14:31:16.974+0000 7f5160ff9700 1 -- 172.21.15.32:0/3197049197 <== mon.0 v2:172.21.15.32:3300/0 4 ==== mgrmap(e 12) v1 ==== 45505+0+0 (secure 0 0 0) 0x7f515401aa40 con 0x7f51641066c0
2023-09-30T14:31:17.838 INFO:teuthology.orchestra.run.smithi032.stdout:/usr/bin/ceph: stderr
2023-09-30T14:31:16.975+0000 7f5160ff9700 1 --2- 172.21.15.32:0/3197049197 >> [v2:172.21.15.32:6800/3273633815,v1:172.21.15.32:6801/3273633815] conn(0x7f514c0386d0 0x7f514c03ab90 unknown :-1 s=NONE pgs=0 cs=0 l=1 rev1=0 crypto rx=0 tx=0 comp rx=0 tx=0).connect
2023-09-30T14:31:17.838 INFO:teuthology.orchestra.run.smithi032.stdout:/usr/bin/ceph: stderr
2023-09-30T14:31:16.975+0000 7f5169c40700 1 -- 172.21.15.32:0/3197049197 --> [v2:172.21.15.32:3300/0,v1:172.21.15.32:6789/0] -- mon_command({"prefix": "get_command_descriptions"} v 0) v1 -- 0x7f516410aaf0 con 0x7f51641066c0
2023-09-30T14:31:17.838 INFO:teuthology.orchestra.run.smithi032.stdout:/usr/bin/ceph: stderr
2023-09-30T14:31:16.975+0000 7f5160ff9700 1 -- 172.21.15.32:0/3197049197 <== mon.0 v2:172.21.15.32:3300/0 5 ==== osd_map(3..3 src has 1..3) v4 ==== 1155+0+0 (secure 0 0 0) 0x7f515404c7f0 con 0x7f51641066c0
2023-09-30T14:31:17.838 INFO:teuthology.orchestra.run.smithi032.stdout:/usr/bin/ceph: stderr
2023-09-30T14:31:16.975+0000 7f5162ffd700 1 --2- 172.21.15.32:0/3197049197 >> [v2:172.21.15.32:6800/3273633815,v1:172.21.15.32:6801/3273633815] conn(0x7f514c0386d0 0x7f514c03ab90 unknown :-1 s=BANNER_CONNECTING pgs=0 cs=0 l=1 rev1=0 crypto rx=0 tx=0 comp rx=0 tx=0)._handle_peer_banner_payload supported=3 required=0
