2023-09-30T14:31:17.838 INFO:teuthology.orchestra.run.smithi032.stdout:/usr/bin/ceph: stderr
2023-09-30T14:31:16.975+0000 7f5162ffd700 1 --2- 172.21.15.32:0/3197049197 >> [v2:172.21.15.32:6800/3273633815,v1:172.21.15.32:6801/3273633815] conn(0x7f514c0386d0 0x7f514c03ab90 secure :-1 s=READY pgs=9 cs=0 l=1 rev1=1 crypto rx=0x7f5158006fd0 tx=0x7f5158006e40 comp rx=0 tx=0).ready entity=mgr.14152 client_cookie=0 server_cookie=0 in_seq=0 out_seq=0
2023-09-30T14:31:17.838 INFO:teuthology.orchestra.run.smithi032.stdout:/usr/bin/ceph: stderr
2023-09-30T14:31:16.984+0000 7f5160ff9700 1 -- 172.21.15.32:0/3197049197 <== mon.0 v2:172.21.15.32:3300/0 6 ==== mon_command_ack([{"prefix": "get_command_descriptions"}]=0 v0) v1 ==== 72+0+179998 (secure 0 0 0) 0x7f515401ad40 con 0x7f51641066c0
2023-09-30T14:31:17.838 INFO:teuthology.orchestra.run.smithi032.stdout:/usr/bin/ceph: stderr
2023-09-30T14:31:17.347+0000 7f5169c40700 1 -- 172.21.15.32:0/3197049197 --> [v2:172.21.15.32:3300/0,v1:172.21.15.32:6789/0] -- mon_command({"prefix": "config get", "who": "mgr", "key": "mgr/dashboard/ssl_server_port"} v 0) v1 -- 0x7f516410ad00 con 0x7f51641066c0
2023-09-30T14:31:17.838 INFO:teuthology.orchestra.run.smithi032.stdout:/usr/bin/ceph: stderr
2023-09-30T14:31:17.347+0000 7f5160ff9700 1 -- 172.21.15.32:0/3197049197 <== mon.0 v2:172.21.15.32:3300/0 7 ==== mon_command_ack([{"prefix": "config get", "who": "mgr", "key": "mgr/dashboard/ssl_server_port"}]=0 v8) v1 ==== 112+0+5 (secure 0 0 0) 0x7f51540172b0 con 0x7f51641066c0
2023-09-30T14:31:17.838 INFO:teuthology.orchestra.run.smithi032.stdout:/usr/bin/ceph: stderr
2023-09-30T14:31:17.350+0000 7f5169c40700 1 -- 172.21.15.32:0/3197049197 >> [v2:172.21.15.32:6800/3273633815,v1:172.21.15.32:6801/3273633815] conn(0x7f514c0386d0 msgr2=0x7f514c03ab90 secure :-1 s=STATE_CONNECTION_ESTABLISHED l=1).mark_down
2023-09-30T14:31:17.838 INFO:teuthology.orchestra.run.smithi032.stdout:/usr/bin/ceph: stderr
2023-09-30T14:31:17.350+0000 7f5169c40700 1 --2- 172.21.15.32:0/3197049197 >> [v2:172.21.15.32:6800/3273633815,v1:172.21.15.32:6801/3273633815] conn(0x7f514c0386d0 0x7f514c03ab90 secure :-1 s=READY pgs=9 cs=0 l=1 rev1=1 crypto rx=0x7f5158006fd0 tx=0x7f5158006e40 comp rx=0 tx=0).stop
2023-09-30T14:31:17.839 INFO:teuthology.orchestra.run.smithi032.stdout:/usr/bin/ceph: stderr
2023-09-30T14:31:17.350+0000 7f5169c40700 1 -- 172.21.15.32:0/3197049197 >> [v2:172.21.15.32:3300/0,v1:172.21.15.32:6789/0] conn(0x7f51641066c0 msgr2=0x7f516407ab60 secure :-1 s=STATE_CONNECTION_ESTABLISHED l=1).mark_down
2023-09-30T14:31:17.839 INFO:teuthology.orchestra.run.smithi032.stdout:/usr/bin/ceph: stderr
2023-09-30T14:31:17.350+0000 7f5169c40700 1 --2- 172.21.15.32:0/3197049197 >> [v2:172.21.15.32:3300/0,v1:172.21.15.32:6789/0] conn(0x7f51641066c0 0x7f516407ab60 secure :-1 s=READY pgs=75 cs=0 l=1 rev1=1 crypto rx=0x7f5154000c00 tx=0x7f5154011a30 comp rx=0 tx=0).stop
2023-09-30T14:31:17.839 INFO:teuthology.orchestra.run.smithi032.stdout:/usr/bin/ceph: stderr
2023-09-30T14:31:17.350+0000 7f5169c40700 1 -- 172.21.15.32:0/3197049197 shutdown_connections
2023-09-30T14:31:17.839 INFO:teuthology.orchestra.run.smithi032.stdout:/usr/bin/ceph: stderr
2023-09-30T14:31:17.350+0000 7f5169c40700 1 --2- 172.21.15.32:0/3197049197 >> [v2:172.21.15.32:6800/3273633815,v1:172.21.15.32:6801/3273633815] conn(0x7f514c0386d0 0x7f514c03ab90 unknown :-1 s=CLOSED pgs=9 cs=0 l=1 rev1=1 crypto rx=0 tx=0 comp rx=0 tx=0).stop
2023-09-30T14:31:17.839 INFO:teuthology.orchestra.run.smithi032.stdout:/usr/bin/ceph: stderr
2023-09-30T14:31:17.350+0000 7f5169c40700 1 --2- 172.21.15.32:0/3197049197 >> [v2:172.21.15.32:3300/0,v1:172.21.15.32:6789/0] conn(0x7f51641066c0 0x7f516407ab60 unknown :-1 s=CLOSED pgs=75 cs=0 l=1 rev1=1 crypto rx=0 tx=0 comp rx=0 tx=0).stop
2023-09-30T14:31:17.839 INFO:teuthology.orchestra.run.smithi032.stdout:/usr/bin/ceph: stderr
2023-09-30T14:31:17.350+0000 7f5169c40700 1 -- 172.21.15.32:0/3197049197 >> 172.21.15.32:0/3197049197 conn(0x7f5164101c80 msgr2=0x7f5164102a20 unknown :-1 s=STATE_NONE l=0).mark_down
2023-09-30T14:31:17.839 INFO:teuthology.orchestra.run.smithi032.stdout:/usr/bin/ceph: stderr
2023-09-30T14:31:17.350+0000 7f5169c40700 1 -- 172.21.15.32:0/3197049197 shutdown_connections
2023-09-30T14:31:17.839 INFO:teuthology.orchestra.run.smithi032.stdout:/usr/bin/ceph: stderr
2023-09-30T14:31:17.350+0000 7f5169c40700 1 -- 172.21.15.32:0/3197049197 wait complete.
2023-09-30T14:31:17.841 INFO:teuthology.orchestra.run.smithi032.stdout:Non-zero exit code 1 from systemctl is-enabled firewalld.service
2023-09-30T14:31:17.841 INFO:teuthology.orchestra.run.smithi032.stdout:systemctl: stdout disabled
2023-09-30T14:31:17.848 INFO:teuthology.orchestra.run.smithi032.stdout:Non-zero exit code 3 from systemctl is-active firewalld.service
2023-09-30T14:31:17.848 INFO:teuthology.orchestra.run.smithi032.stdout:systemctl: stdout inactive
2023-09-30T14:31:17.848 INFO:teuthology.orchestra.run.smithi032.stdout:firewalld.service is not enabled
2023-09-30T14:31:17.848 INFO:teuthology.orchestra.run.smithi032.stdout:Not possible to open ports <[8443]>. firewalld.service is not available
2023-09-30T14:31:17.850 INFO:teuthology.orchestra.run.smithi032.stdout:Ceph Dashboard is now available at:
2023-09-30T14:31:17.850 INFO:teuthology.orchestra.run.smithi032.stdout:
2023-09-30T14:31:17.850 INFO:teuthology.orchestra.run.smithi032.stdout: URL: https://smithi032:8443/
2023-09-30T14:31:17.850 INFO:teuthology.orchestra.run.smithi032.stdout: User: admin
2023-09-30T14:31:17.850 INFO:teuthology.orchestra.run.smithi032.stdout: Password: rk64b92bf3
2023-09-30T14:31:17.850 INFO:teuthology.orchestra.run.smithi032.stdout:
2023-09-30T14:31:17.851 INFO:teuthology.orchestra.run.smithi032.stdout:Saving cluster configuration to /var/lib/ceph/bca3f5c6-5f9d-11ee-8db5-212e2dc638e7/config directory
2023-09-30T14:31:17.851 INFO:teuthology.orchestra.run.smithi032.stdout:Enabling autotune for osd_memory_target
2023-09-30T14:31:18.387 INFO:journalctl@ceph.mon.a.smithi032.stdout:Sep 30 14:31:18 smithi032 ceph-mon[98592]: from='client.? 172.21.15.32:0/3197049197' entity='client.admin' cmd=[{"prefix": "config get", "who": "mgr", "key": "mgr/dashboard/ssl_server_port"}]: dispatch
2023-09-30T14:31:19.097 INFO:teuthology.orchestra.run.smithi032.stdout:/usr/bin/ceph: stderr
2023-09-30T14:31:18.354+0000 7f113865d700 1 Processor -- start
2023-09-30T14:31:19.098 INFO:teuthology.orchestra.run.smithi032.stdout:/usr/bin/ceph: stderr
2023-09-30T14:31:18.354+0000 7f113865d700 1 -- start start
2023-09-30T14:31:19.098 INFO:teuthology.orchestra.run.smithi032.stdout:/usr/bin/ceph: stderr
2023-09-30T14:31:18.355+0000 7f113865d700 1 --2- >> [v2:172.21.15.32:3300/0,v1:172.21.15.32:6789/0] conn(0x7f113007ad90 0x7f11300791f0 unknown :-1 s=NONE pgs=0 cs=0 l=0 rev1=0 crypto rx=0 tx=0 comp rx=0 tx=0).connect
2023-09-30T14:31:19.098 INFO:teuthology.orchestra.run.smithi032.stdout:/usr/bin/ceph: stderr
2023-09-30T14:31:18.355+0000 7f113865d700 1 -- --> [v2:172.21.15.32:3300/0,v1:172.21.15.32:6789/0] -- mon_getmap magic: 0 v1 -- 0x7f11300797c0 con 0x7f113007ad90
2023-09-30T14:31:19.098 INFO:teuthology.orchestra.run.smithi032.stdout:/usr/bin/ceph: stderr
2023-09-30T14:31:18.355+0000 7f11363f9700 1 --2- >> [v2:172.21.15.32:3300/0,v1:172.21.15.32:6789/0] conn(0x7f113007ad90 0x7f11300791f0 unknown :-1 s=BANNER_CONNECTING pgs=0 cs=0 l=0 rev1=0 crypto rx=0 tx=0 comp rx=0 tx=0)._handle_peer_banner_payload supported=3 required=0
2023-09-30T14:31:19.098 INFO:teuthology.orchestra.run.smithi032.stdout:/usr/bin/ceph: stderr
2023-09-30T14:31:18.355+0000 7f11363f9700 1 --2- >> [v2:172.21.15.32:3300/0,v1:172.21.15.32:6789/0] conn(0x7f113007ad90 0x7f11300791f0 unknown :-1 s=HELLO_CONNECTING pgs=0 cs=0 l=0 rev1=1 crypto rx=0 tx=0 comp rx=0 tx=0).handle_hello peer v2:172.21.15.32:3300/0 says I am v2:172.21.15.32:60980/0 (socket says 172.21.15.32:60980)
2023-09-30T14:31:19.098 INFO:teuthology.orchestra.run.smithi032.stdout:/usr/bin/ceph: stderr
2023-09-30T14:31:18.355+0000 7f11363f9700 1 -- 172.21.15.32:0/1010138735 learned_addr learned my addr 172.21.15.32:0/1010138735 (peer_addr_for_me v2:172.21.15.32:0/0)
2023-09-30T14:31:19.098 INFO:teuthology.orchestra.run.smithi032.stdout:/usr/bin/ceph: stderr
2023-09-30T14:31:18.355+0000 7f11363f9700 1 -- 172.21.15.32:0/1010138735 --> [v2:172.21.15.32:3300/0,v1:172.21.15.32:6789/0] -- mon_subscribe({config=0+,monmap=0+}) v3 -- 0x7f1130079900 con 0x7f113007ad90
2023-09-30T14:31:19.098 INFO:teuthology.orchestra.run.smithi032.stdout:/usr/bin/ceph: stderr
2023-09-30T14:31:18.355+0000 7f11363f9700 1 --2- 172.21.15.32:0/1010138735 >> [v2:172.21.15.32:3300/0,v1:172.21.15.32:6789/0] conn(0x7f113007ad90 0x7f11300791f0 secure :-1 s=READY pgs=76 cs=0 l=1 rev1=1 crypto rx=0x7f11200098a0 tx=0x7f1120009bb0 comp rx=0 tx=0).ready entity=mon.0 client_cookie=ec3c09c4025de31c server_cookie=0 in_seq=0 out_seq=0
2023-09-30T14:31:19.099 INFO:teuthology.orchestra.run.smithi032.stdout:/usr/bin/ceph: stderr
2023-09-30T14:31:18.355+0000 7f11353f7700 1 -- 172.21.15.32:0/1010138735 <== mon.0 v2:172.21.15.32:3300/0 1 ==== mon_map magic: 0 v1 ==== 205+0+0 (secure 0 0 0) 0x7f1120004160 con 0x7f113007ad90
2023-09-30T14:31:19.099 INFO:teuthology.orchestra.run.smithi032.stdout:/usr/bin/ceph: stderr
2023-09-30T14:31:18.356+0000 7f11353f7700 1 -- 172.21.15.32:0/1010138735 <== mon.0 v2:172.21.15.32:3300/0 2 ==== config(26 keys) v1 ==== 1105+0+0 (secure 0 0 0) 0x7f11200042c0 con 0x7f113007ad90
2023-09-30T14:31:19.099 INFO:teuthology.orchestra.run.smithi032.stdout:/usr/bin/ceph: stderr
2023-09-30T14:31:18.356+0000 7f11353f7700 1 -- 172.21.15.32:0/1010138735 <== mon.0 v2:172.21.15.32:3300/0 3 ==== mon_map magic: 0 v1 ==== 205+0+0 (secure 0 0 0) 0x7f11200119b0 con 0x7f113007ad90
2023-09-30T14:31:19.099 INFO:teuthology.orchestra.run.smithi032.stdout:/usr/bin/ceph: stderr
2023-09-30T14:31:18.356+0000 7f113865d700 1 -- 172.21.15.32:0/1010138735 >> [v2:172.21.15.32:3300/0,v1:172.21.15.32:6789/0] conn(0x7f113007ad90 msgr2=0x7f11300791f0 secure :-1 s=STATE_CONNECTION_ESTABLISHED l=1).mark_down
2023-09-30T14:31:19.099 INFO:teuthology.orchestra.run.smithi032.stdout:/usr/bin/ceph: stderr
2023-09-30T14:31:18.356+0000 7f113865d700 1 --2- 172.21.15.32:0/1010138735 >> [v2:172.21.15.32:3300/0,v1:172.21.15.32:6789/0] conn(0x7f113007ad90 0x7f11300791f0 secure :-1 s=READY pgs=76 cs=0 l=1 rev1=1 crypto rx=0x7f11200098a0 tx=0x7f1120009bb0 comp rx=0 tx=0).stop
2023-09-30T14:31:19.099 INFO:teuthology.orchestra.run.smithi032.stdout:/usr/bin/ceph: stderr
2023-09-30T14:31:18.356+0000 7f113865d700 1 -- 172.21.15.32:0/1010138735 shutdown_connections
2023-09-30T14:31:19.099 INFO:teuthology.orchestra.run.smithi032.stdout:/usr/bin/ceph: stderr
2023-09-30T14:31:18.356+0000 7f113865d700 1 --2- 172.21.15.32:0/1010138735 >> [v2:172.21.15.32:3300/0,v1:172.21.15.32:6789/0] conn(0x7f113007ad90 0x7f11300791f0 unknown :-1 s=CLOSED pgs=76 cs=0 l=1 rev1=1 crypto rx=0 tx=0 comp rx=0 tx=0).stop
2023-09-30T14:31:19.099 INFO:teuthology.orchestra.run.smithi032.stdout:/usr/bin/ceph: stderr
2023-09-30T14:31:18.356+0000 7f113865d700 1 -- 172.21.15.32:0/1010138735 >> 172.21.15.32:0/1010138735 conn(0x7f1130101c30 msgr2=0x7f1130104070 unknown :-1 s=STATE_NONE l=0).mark_down
2023-09-30T14:31:19.099 INFO:teuthology.orchestra.run.smithi032.stdout:/usr/bin/ceph: stderr
2023-09-30T14:31:18.356+0000 7f113865d700 1 -- 172.21.15.32:0/1010138735 shutdown_connections
2023-09-30T14:31:19.099 INFO:teuthology.orchestra.run.smithi032.stdout:/usr/bin/ceph: stderr
2023-09-30T14:31:18.356+0000 7f113865d700 1 -- 172.21.15.32:0/1010138735 wait complete.
2023-09-30T14:31:19.099 INFO:teuthology.orchestra.run.smithi032.stdout:/usr/bin/ceph: stderr
2023-09-30T14:31:18.357+0000 7f113865d700 1 Processor -- start
2023-09-30T14:31:19.100 INFO:teuthology.orchestra.run.smithi032.stdout:/usr/bin/ceph: stderr
2023-09-30T14:31:18.357+0000 7f113865d700 1 -- start start
2023-09-30T14:31:19.100 INFO:teuthology.orchestra.run.smithi032.stdout:/usr/bin/ceph: stderr
2023-09-30T14:31:18.357+0000 7f113865d700 1 --2- >> [v2:172.21.15.32:3300/0,v1:172.21.15.32:6789/0] conn(0x7f113007ad90 0x7f113019c4a0 unknown :-1 s=NONE pgs=0 cs=0 l=1 rev1=0 crypto rx=0 tx=0 comp rx=0 tx=0).connect
2023-09-30T14:31:19.100 INFO:teuthology.orchestra.run.smithi032.stdout:/usr/bin/ceph: stderr
2023-09-30T14:31:18.357+0000 7f113865d700 1 -- --> [v2:172.21.15.32:3300/0,v1:172.21.15.32:6789/0] -- mon_getmap magic: 0 v1 -- 0x7f113019c9e0 con 0x7f113007ad90
2023-09-30T14:31:19.100 INFO:teuthology.orchestra.run.smithi032.stdout:/usr/bin/ceph: stderr
2023-09-30T14:31:18.358+0000 7f11363f9700 1 --2- >> [v2:172.21.15.32:3300/0,v1:172.21.15.32:6789/0] conn(0x7f113007ad90 0x7f113019c4a0 unknown :-1 s=BANNER_CONNECTING pgs=0 cs=0 l=1 rev1=0 crypto rx=0 tx=0 comp rx=0 tx=0)._handle_peer_banner_payload supported=3 required=0
2023-09-30T14:31:19.100 INFO:teuthology.orchestra.run.smithi032.stdout:/usr/bin/ceph: stderr
2023-09-30T14:31:18.358+0000 7f11363f9700 1 --2- >> [v2:172.21.15.32:3300/0,v1:172.21.15.32:6789/0] conn(0x7f113007ad90 0x7f113019c4a0 unknown :-1 s=HELLO_CONNECTING pgs=0 cs=0 l=1 rev1=1 crypto rx=0 tx=0 comp rx=0 tx=0).handle_hello peer v2:172.21.15.32:3300/0 says I am v2:172.21.15.32:60982/0 (socket says 172.21.15.32:60982)
2023-09-30T14:31:19.100 INFO:teuthology.orchestra.run.smithi032.stdout:/usr/bin/ceph: stderr
2023-09-30T14:31:18.358+0000 7f11363f9700 1 -- 172.21.15.32:0/1118646542 learned_addr learned my addr 172.21.15.32:0/1118646542 (peer_addr_for_me v2:172.21.15.32:0/0)
2023-09-30T14:31:19.100 INFO:teuthology.orchestra.run.smithi032.stdout:/usr/bin/ceph: stderr
2023-09-30T14:31:18.358+0000 7f11363f9700 1 -- 172.21.15.32:0/1118646542 --> [v2:172.21.15.32:3300/0,v1:172.21.15.32:6789/0] -- mon_subscribe({config=0+,monmap=0+}) v3 -- 0x7f1120009550 con 0x7f113007ad90
2023-09-30T14:31:19.100 INFO:teuthology.orchestra.run.smithi032.stdout:/usr/bin/ceph: stderr
2023-09-30T14:31:18.358+0000 7f11363f9700 1 --2- 172.21.15.32:0/1118646542 >> [v2:172.21.15.32:3300/0,v1:172.21.15.32:6789/0] conn(0x7f113007ad90 0x7f113019c4a0 secure :-1 s=READY pgs=77 cs=0 l=1 rev1=1 crypto rx=0x7f1120003e60 tx=0x7f1120011aa0 comp rx=0 tx=0).ready entity=mon.0 client_cookie=0 server_cookie=0 in_seq=0 out_seq=0
2023-09-30T14:31:19.100 INFO:teuthology.orchestra.run.smithi032.stdout:/usr/bin/ceph: stderr
2023-09-30T14:31:18.358+0000 7f11277fe700 1 -- 172.21.15.32:0/1118646542 <== mon.0 v2:172.21.15.32:3300/0 1 ==== mon_map magic: 0 v1 ==== 205+0+0 (secure 0 0 0) 0x7f1120003970 con 0x7f113007ad90
2023-09-30T14:31:19.100 INFO:teuthology.orchestra.run.smithi032.stdout:/usr/bin/ceph: stderr
2023-09-30T14:31:18.358+0000 7f11277fe700 1 -- 172.21.15.32:0/1118646542 <== mon.0 v2:172.21.15.32:3300/0 2 ==== config(26 keys) v1 ==== 1105+0+0 (secure 0 0 0) 0x7f1120003ad0 con 0x7f113007ad90
2023-09-30T14:31:19.100 INFO:teuthology.orchestra.run.smithi032.stdout:/usr/bin/ceph: stderr
2023-09-30T14:31:18.358+0000 7f113865d700 1 -- 172.21.15.32:0/1118646542 --> [v2:172.21.15.32:3300/0,v1:172.21.15.32:6789/0] -- mon_subscribe({mgrmap=0+}) v3 -- 0x7f113019cbe0 con 0x7f113007ad90
2023-09-30T14:31:19.101 INFO:teuthology.orchestra.run.smithi032.stdout:/usr/bin/ceph: stderr
2023-09-30T14:31:18.358+0000 7f11277fe700 1 -- 172.21.15.32:0/1118646542 <== mon.0 v2:172.21.15.32:3300/0 3 ==== mon_map magic: 0 v1 ==== 205+0+0 (secure 0 0 0) 0x7f11200195e0 con 0x7f113007ad90
2023-09-30T14:31:19.101 INFO:teuthology.orchestra.run.smithi032.stdout:/usr/bin/ceph: stderr
2023-09-30T14:31:18.358+0000 7f113865d700 1 -- 172.21.15.32:0/1118646542 --> [v2:172.21.15.32:3300/0,v1:172.21.15.32:6789/0] -- mon_subscribe({osdmap=0}) v3 -- 0x7f113019d080 con 0x7f113007ad90
2023-09-30T14:31:19.101 INFO:teuthology.orchestra.run.smithi032.stdout:/usr/bin/ceph: stderr
2023-09-30T14:31:18.359+0000 7f11277fe700 1 -- 172.21.15.32:0/1118646542 <== mon.0 v2:172.21.15.32:3300/0 4 ==== mgrmap(e 13) v1 ==== 45548+0+0 (secure 0 0 0) 0x7f1120019850 con 0x7f113007ad90
2023-09-30T14:31:19.101 INFO:teuthology.orchestra.run.smithi032.stdout:/usr/bin/ceph: stderr
2023-09-30T14:31:18.359+0000 7f11277fe700 1 --2- 172.21.15.32:0/1118646542 >> [v2:172.21.15.32:6800/3273633815,v1:172.21.15.32:6801/3273633815] conn(0x7f111c038770 0x7f111c03ac30 unknown :-1 s=NONE pgs=0 cs=0 l=1 rev1=0 crypto rx=0 tx=0 comp rx=0 tx=0).connect
2023-09-30T14:31:19.101 INFO:teuthology.orchestra.run.smithi032.stdout:/usr/bin/ceph: stderr
2023-09-30T14:31:18.359+0000 7f11277fe700 1 -- 172.21.15.32:0/1118646542 <== mon.0 v2:172.21.15.32:3300/0 5 ==== osd_map(3..3 src has 1..3) v4 ==== 1155+0+0 (secure 0 0 0) 0x7f112004cac0 con 0x7f113007ad90
2023-09-30T14:31:19.101 INFO:teuthology.orchestra.run.smithi032.stdout:/usr/bin/ceph: stderr
2023-09-30T14:31:18.359+0000 7f1135bf8700 1 --2- 172.21.15.32:0/1118646542 >> [v2:172.21.15.32:6800/3273633815,v1:172.21.15.32:6801/3273633815] conn(0x7f111c038770 0x7f111c03ac30 unknown :-1 s=BANNER_CONNECTING pgs=0 cs=0 l=1 rev1=0 crypto rx=0 tx=0 comp rx=0 tx=0)._handle_peer_banner_payload supported=3 required=0
2023-09-30T14:31:19.101 INFO:teuthology.orchestra.run.smithi032.stdout:/usr/bin/ceph: stderr
2023-09-30T14:31:18.359+0000 7f113865d700 1 -- 172.21.15.32:0/1118646542 --> [v2:172.21.15.32:3300/0,v1:172.21.15.32:6789/0] -- mon_command({"prefix": "get_command_descriptions"} v 0) v1 -- 0x7f1130062450 con 0x7f113007ad90
2023-09-30T14:31:19.101 INFO:teuthology.orchestra.run.smithi032.stdout:/usr/bin/ceph: stderr
2023-09-30T14:31:18.360+0000 7f1135bf8700 1 --2- 172.21.15.32:0/1118646542 >> [v2:172.21.15.32:6800/3273633815,v1:172.21.15.32:6801/3273633815] conn(0x7f111c038770 0x7f111c03ac30 secure :-1 s=READY pgs=10 cs=0 l=1 rev1=1 crypto rx=0x7f112c006fd0 tx=0x7f112c006e40 comp rx=0 tx=0).ready entity=mgr.14152 client_cookie=0 server_cookie=0 in_seq=0 out_seq=0
2023-09-30T14:31:19.101 INFO:teuthology.orchestra.run.smithi032.stdout:/usr/bin/ceph: stderr
2023-09-30T14:31:18.364+0000 7f11277fe700 1 -- 172.21.15.32:0/1118646542 <== mon.0 v2:172.21.15.32:3300/0 6 ==== mon_command_ack([{"prefix": "get_command_descriptions"}]=0 v0) v1 ==== 72+0+179998 (secure 0 0 0) 0x7f1120019ba0 con 0x7f113007ad90
2023-09-30T14:31:19.101 INFO:teuthology.orchestra.run.smithi032.stdout:/usr/bin/ceph: stderr
2023-09-30T14:31:18.726+0000 7f113865d700 1 -- 172.21.15.32:0/1118646542 --> [v2:172.21.15.32:3300/0,v1:172.21.15.32:6789/0] -- mon_command([{prefix=config set, name=osd_memory_target_autotune}] v 0) v1 -- 0x7f113010cbc0 con 0x7f113007ad90
2023-09-30T14:31:19.101 INFO:teuthology.orchestra.run.smithi032.stdout:/usr/bin/ceph: stderr
2023-09-30T14:31:18.727+0000 7f11277fe700 1 -- 172.21.15.32:0/1118646542 <== mon.0 v2:172.21.15.32:3300/0 7 ==== mon_command_ack([{prefix=config set, name=osd_memory_target_autotune}]=0 v8)=0 v8) v1 ==== 127+0+0 (secure 0 0 0) 0x7f1120018b40 con 0x7f113007ad90
2023-09-30T14:31:19.101 INFO:teuthology.orchestra.run.smithi032.stdout:/usr/bin/ceph: stderr
2023-09-30T14:31:18.729+0000 7f113865d700 1 -- 172.21.15.32:0/1118646542 >> [v2:172.21.15.32:6800/3273633815,v1:172.21.15.32:6801/3273633815] conn(0x7f111c038770 msgr2=0x7f111c03ac30 secure :-1 s=STATE_CONNECTION_ESTABLISHED l=1).mark_down
2023-09-30T14:31:19.102 INFO:teuthology.orchestra.run.smithi032.stdout:/usr/bin/ceph: stderr
2023-09-30T14:31:18.729+0000 7f113865d700 1 --2- 172.21.15.32:0/1118646542 >> [v2:172.21.15.32:6800/3273633815,v1:172.21.15.32:6801/3273633815] conn(0x7f111c038770 0x7f111c03ac30 secure :-1 s=READY pgs=10 cs=0 l=1 rev1=1 crypto rx=0x7f112c006fd0 tx=0x7f112c006e40 comp rx=0 tx=0).stop
2023-09-30T14:31:19.102 INFO:teuthology.orchestra.run.smithi032.stdout:/usr/bin/ceph: stderr
2023-09-30T14:31:18.729+0000 7f113865d700 1 -- 172.21.15.32:0/1118646542 >> [v2:172.21.15.32:3300/0,v1:172.21.15.32:6789/0] conn(0x7f113007ad90 msgr2=0x7f113019c4a0 secure :-1 s=STATE_CONNECTION_ESTABLISHED l=1).mark_down
2023-09-30T14:31:19.102 INFO:teuthology.orchestra.run.smithi032.stdout:/usr/bin/ceph: stderr
2023-09-30T14:31:18.729+0000 7f113865d700 1 --2- 172.21.15.32:0/1118646542 >> [v2:172.21.15.32:3300/0,v1:172.21.15.32:6789/0] conn(0x7f113007ad90 0x7f113019c4a0 secure :-1 s=READY pgs=77 cs=0 l=1 rev1=1 crypto rx=0x7f1120003e60 tx=0x7f1120011aa0 comp rx=0 tx=0).stop
2023-09-30T14:31:19.102 INFO:teuthology.orchestra.run.smithi032.stdout:/usr/bin/ceph: stderr
2023-09-30T14:31:18.729+0000 7f113865d700 1 -- 172.21.15.32:0/1118646542 shutdown_connections
2023-09-30T14:31:19.102 INFO:teuthology.orchestra.run.smithi032.stdout:/usr/bin/ceph: stderr
2023-09-30T14:31:18.729+0000 7f113865d700 1 --2- 172.21.15.32:0/1118646542 >> [v2:172.21.15.32:6800/3273633815,v1:172.21.15.32:6801/3273633815] conn(0x7f111c038770 0x7f111c03ac30 unknown :-1 s=CLOSED pgs=10 cs=0 l=1 rev1=1 crypto rx=0 tx=0 comp rx=0 tx=0).stop
2023-09-30T14:31:19.102 INFO:teuthology.orchestra.run.smithi032.stdout:/usr/bin/ceph: stderr
2023-09-30T14:31:18.729+0000 7f113865d700 1 --2- 172.21.15.32:0/1118646542 >> [v2:172.21.15.32:3300/0,v1:172.21.15.32:6789/0] conn(0x7f113007ad90 0x7f113019c4a0 unknown :-1 s=CLOSED pgs=77 cs=0 l=1 rev1=1 crypto rx=0 tx=0 comp rx=0 tx=0).stop
2023-09-30T14:31:19.102 INFO:teuthology.orchestra.run.smithi032.stdout:/usr/bin/ceph: stderr
2023-09-30T14:31:18.729+0000 7f113865d700 1 -- 172.21.15.32:0/1118646542 >> 172.21.15.32:0/1118646542 conn(0x7f1130101c30 msgr2=0x7f1130102940 unknown :-1 s=STATE_NONE l=0).mark_down
2023-09-30T14:31:19.102 INFO:teuthology.orchestra.run.smithi032.stdout:/usr/bin/ceph: stderr
2023-09-30T14:31:18.729+0000 7f113865d700 1 -- 172.21.15.32:0/1118646542 shutdown_connections
2023-09-30T14:31:19.102 INFO:teuthology.orchestra.run.smithi032.stdout:/usr/bin/ceph: stderr
2023-09-30T14:31:18.729+0000 7f113865d700 1 -- 172.21.15.32:0/1118646542 wait complete.
2023-09-30T14:31:19.318 INFO:journalctl@ceph.mon.a.smithi032.stdout:Sep 30 14:31:19 smithi032 ceph-mon[98592]: mgrmap e13: x(active, since 6s)
2023-09-30T14:31:20.544 INFO:teuthology.orchestra.run.smithi032.stdout:/usr/bin/ceph: stderr
2023-09-30T14:31:19.555+0000 7f82876a9700 1 Processor -- start
2023-09-30T14:31:20.545 INFO:teuthology.orchestra.run.smithi032.stdout:/usr/bin/ceph: stderr
2023-09-30T14:31:19.556+0000 7f82876a9700 1 -- start start
2023-09-30T14:31:20.545 INFO:teuthology.orchestra.run.smithi032.stdout:/usr/bin/ceph: stderr
2023-09-30T14:31:19.556+0000 7f82876a9700 1 --2- >> [v2:172.21.15.32:3300/0,v1:172.21.15.32:6789/0] conn(0x7f8280105580 0x7f82801059a0 unknown :-1 s=NONE pgs=0 cs=0 l=0 rev1=0 crypto rx=0 tx=0 comp rx=0 tx=0).connect
2023-09-30T14:31:20.545 INFO:teuthology.orchestra.run.smithi032.stdout:/usr/bin/ceph: stderr
2023-09-30T14:31:19.556+0000 7f82876a9700 1 -- --> [v2:172.21.15.32:3300/0,v1:172.21.15.32:6789/0] -- mon_getmap magic: 0 v1 -- 0x7f8280105f70 con 0x7f8280105580
2023-09-30T14:31:20.545 INFO:teuthology.orchestra.run.smithi032.stdout:/usr/bin/ceph: stderr
2023-09-30T14:31:19.556+0000 7f8285445700 1 --2- >> [v2:172.21.15.32:3300/0,v1:172.21.15.32:6789/0] conn(0x7f8280105580 0x7f82801059a0 unknown :-1 s=BANNER_CONNECTING pgs=0 cs=0 l=0 rev1=0 crypto rx=0 tx=0 comp rx=0 tx=0)._handle_peer_banner_payload supported=3 required=0
2023-09-30T14:31:20.545 INFO:teuthology.orchestra.run.smithi032.stdout:/usr/bin/ceph: stderr
2023-09-30T14:31:19.556+0000 7f8285445700 1 --2- >> [v2:172.21.15.32:3300/0,v1:172.21.15.32:6789/0] conn(0x7f8280105580 0x7f82801059a0 unknown :-1 s=HELLO_CONNECTING pgs=0 cs=0 l=0 rev1=1 crypto rx=0 tx=0 comp rx=0 tx=0).handle_hello peer v2:172.21.15.32:3300/0 says I am v2:172.21.15.32:60986/0 (socket says 172.21.15.32:60986)
2023-09-30T14:31:20.545 INFO:teuthology.orchestra.run.smithi032.stdout:/usr/bin/ceph: stderr
2023-09-30T14:31:19.556+0000 7f8285445700 1 -- 172.21.15.32:0/35692980 learned_addr learned my addr 172.21.15.32:0/35692980 (peer_addr_for_me v2:172.21.15.32:0/0)
2023-09-30T14:31:20.545 INFO:teuthology.orchestra.run.smithi032.stdout:/usr/bin/ceph: stderr
2023-09-30T14:31:19.556+0000 7f8285445700 1 -- 172.21.15.32:0/35692980 --> [v2:172.21.15.32:3300/0,v1:172.21.15.32:6789/0] -- mon_subscribe({config=0+,monmap=0+}) v3 -- 0x7f8280106780 con 0x7f8280105580
2023-09-30T14:31:20.545 INFO:teuthology.orchestra.run.smithi032.stdout:/usr/bin/ceph: stderr
2023-09-30T14:31:19.557+0000 7f8285445700 1 --2- 172.21.15.32:0/35692980 >> [v2:172.21.15.32:3300/0,v1:172.21.15.32:6789/0] conn(0x7f8280105580 0x7f82801059a0 secure :-1 s=READY pgs=78 cs=0 l=1 rev1=1 crypto rx=0x7f827c0098a0 tx=0x7f827c009bb0 comp rx=0 tx=0).ready entity=mon.0 client_cookie=64a056c022bf02f6 server_cookie=0 in_seq=0 out_seq=0
2023-09-30T14:31:20.545 INFO:teuthology.orchestra.run.smithi032.stdout:/usr/bin/ceph: stderr
2023-09-30T14:31:19.557+0000 7f8277fff700 1 -- 172.21.15.32:0/35692980 <== mon.0 v2:172.21.15.32:3300/0 1 ==== mon_map magic: 0 v1 ==== 205+0+0 (secure 0 0 0) 0x7f827c004160 con 0x7f8280105580
2023-09-30T14:31:20.545 INFO:teuthology.orchestra.run.smithi032.stdout:/usr/bin/ceph: stderr
2023-09-30T14:31:19.557+0000 7f8277fff700 1 -- 172.21.15.32:0/35692980 <== mon.0 v2:172.21.15.32:3300/0 2 ==== config(26 keys) v1 ==== 1105+0+0 (secure 0 0 0) 0x7f827c0042c0 con 0x7f8280105580
2023-09-30T14:31:20.545 INFO:teuthology.orchestra.run.smithi032.stdout:/usr/bin/ceph: stderr
2023-09-30T14:31:19.557+0000 7f8277fff700 1 -- 172.21.15.32:0/35692980 <== mon.0 v2:172.21.15.32:3300/0 3 ==== mon_map magic: 0 v1 ==== 205+0+0 (secure 0 0 0) 0x7f827c0119b0 con 0x7f8280105580
2023-09-30T14:31:20.545 INFO:teuthology.orchestra.run.smithi032.stdout:/usr/bin/ceph: stderr
2023-09-30T14:31:19.557+0000 7f82876a9700 1 -- 172.21.15.32:0/35692980 >> [v2:172.21.15.32:3300/0,v1:172.21.15.32:6789/0] conn(0x7f8280105580 msgr2=0x7f82801059a0 secure :-1 s=STATE_CONNECTION_ESTABLISHED l=1).mark_down
2023-09-30T14:31:20.546 INFO:teuthology.orchestra.run.smithi032.stdout:/usr/bin/ceph: stderr
2023-09-30T14:31:19.557+0000 7f82876a9700 1 --2- 172.21.15.32:0/35692980 >> [v2:172.21.15.32:3300/0,v1:172.21.15.32:6789/0] conn(0x7f8280105580 0x7f82801059a0 secure :-1 s=READY pgs=78 cs=0 l=1 rev1=1 crypto rx=0x7f827c0098a0 tx=0x7f827c009bb0 comp rx=0 tx=0).stop
2023-09-30T14:31:20.546 INFO:teuthology.orchestra.run.smithi032.stdout:/usr/bin/ceph: stderr
2023-09-30T14:31:19.557+0000 7f82876a9700 1 -- 172.21.15.32:0/35692980 shutdown_connections
2023-09-30T14:31:20.546 INFO:teuthology.orchestra.run.smithi032.stdout:/usr/bin/ceph: stderr
2023-09-30T14:31:19.557+0000 7f82876a9700 1 --2- 172.21.15.32:0/35692980 >> [v2:172.21.15.32:3300/0,v1:172.21.15.32:6789/0] conn(0x7f8280105580 0x7f82801059a0 unknown :-1 s=CLOSED pgs=78 cs=0 l=1 rev1=1 crypto rx=0 tx=0 comp rx=0 tx=0).stop
2023-09-30T14:31:20.546 INFO:teuthology.orchestra.run.smithi032.stdout:/usr/bin/ceph: stderr
2023-09-30T14:31:19.557+0000 7f82876a9700 1 -- 172.21.15.32:0/35692980 >> 172.21.15.32:0/35692980 conn(0x7f8280100b00 msgr2=0x7f8280102f60 unknown :-1 s=STATE_NONE l=0).mark_down
2023-09-30T14:31:20.546 INFO:teuthology.orchestra.run.smithi032.stdout:/usr/bin/ceph: stderr
2023-09-30T14:31:19.558+0000 7f82876a9700 1 -- 172.21.15.32:0/35692980 shutdown_connections
2023-09-30T14:31:20.546 INFO:teuthology.orchestra.run.smithi032.stdout:/usr/bin/ceph: stderr
2023-09-30T14:31:19.558+0000 7f82876a9700 1 -- 172.21.15.32:0/35692980 wait complete.
2023-09-30T14:31:20.546 INFO:teuthology.orchestra.run.smithi032.stdout:/usr/bin/ceph: stderr
2023-09-30T14:31:19.558+0000 7f82876a9700 1 Processor -- start
2023-09-30T14:31:20.546 INFO:teuthology.orchestra.run.smithi032.stdout:/usr/bin/ceph: stderr
2023-09-30T14:31:19.558+0000 7f82876a9700 1 -- start start
2023-09-30T14:31:20.546 INFO:teuthology.orchestra.run.smithi032.stdout:/usr/bin/ceph: stderr
2023-09-30T14:31:19.558+0000 7f82876a9700 1 --2- >> [v2:172.21.15.32:3300/0,v1:172.21.15.32:6789/0] conn(0x7f8280105580 0x7f8280079bb0 unknown :-1 s=NONE pgs=0 cs=0 l=1 rev1=0 crypto rx=0 tx=0 comp rx=0 tx=0).connect
2023-09-30T14:31:20.546 INFO:teuthology.orchestra.run.smithi032.stdout:/usr/bin/ceph: stderr
2023-09-30T14:31:19.558+0000 7f82876a9700 1 -- --> [v2:172.21.15.32:3300/0,v1:172.21.15.32:6789/0] -- mon_getmap magic: 0 v1 -- 0x7f828019d000 con 0x7f8280105580
2023-09-30T14:31:20.547 INFO:teuthology.orchestra.run.smithi032.stdout:/usr/bin/ceph: stderr
2023-09-30T14:31:19.558+0000 7f8285445700 1 --2- >> [v2:172.21.15.32:3300/0,v1:172.21.15.32:6789/0] conn(0x7f8280105580 0x7f8280079bb0 unknown :-1 s=BANNER_CONNECTING pgs=0 cs=0 l=1 rev1=0 crypto rx=0 tx=0 comp rx=0 tx=0)._handle_peer_banner_payload supported=3 required=0
2023-09-30T14:31:20.547 INFO:teuthology.orchestra.run.smithi032.stdout:/usr/bin/ceph: stderr
2023-09-30T14:31:19.558+0000 7f8285445700 1 --2- >> [v2:172.21.15.32:3300/0,v1:172.21.15.32:6789/0] conn(0x7f8280105580 0x7f8280079bb0 unknown :-1 s=HELLO_CONNECTING pgs=0 cs=0 l=1 rev1=1 crypto rx=0 tx=0 comp rx=0 tx=0).handle_hello peer v2:172.21.15.32:3300/0 says I am v2:172.21.15.32:60988/0 (socket says 172.21.15.32:60988)
2023-09-30T14:31:20.547 INFO:teuthology.orchestra.run.smithi032.stdout:/usr/bin/ceph: stderr
2023-09-30T14:31:19.558+0000 7f8285445700 1 -- 172.21.15.32:0/2307527802 learned_addr learned my addr 172.21.15.32:0/2307527802 (peer_addr_for_me v2:172.21.15.32:0/0)
2023-09-30T14:31:20.547 INFO:teuthology.orchestra.run.smithi032.stdout:/usr/bin/ceph: stderr
2023-09-30T14:31:19.559+0000 7f8285445700 1 -- 172.21.15.32:0/2307527802 --> [v2:172.21.15.32:3300/0,v1:172.21.15.32:6789/0] -- mon_subscribe({config=0+,monmap=0+}) v3 -- 0x7f827c009550 con 0x7f8280105580
2023-09-30T14:31:20.547 INFO:teuthology.orchestra.run.smithi032.stdout:/usr/bin/ceph: stderr
2023-09-30T14:31:19.559+0000 7f8285445700 1 --2- 172.21.15.32:0/2307527802 >> [v2:172.21.15.32:3300/0,v1:172.21.15.32:6789/0] conn(0x7f8280105580 0x7f8280079bb0 secure :-1 s=READY pgs=79 cs=0 l=1 rev1=1 crypto rx=0x7f827c003e60 tx=0x7f827c011aa0 comp rx=0 tx=0).ready entity=mon.0 client_cookie=0 server_cookie=0 in_seq=0 out_seq=0
2023-09-30T14:31:20.547 INFO:teuthology.orchestra.run.smithi032.stdout:/usr/bin/ceph: stderr
2023-09-30T14:31:19.559+0000 7f82767fc700 1 -- 172.21.15.32:0/2307527802 <== mon.0 v2:172.21.15.32:3300/0 1 ==== mon_map magic: 0 v1 ==== 205+0+0 (secure 0 0 0) 0x7f827c003970 con 0x7f8280105580
2023-09-30T14:31:20.547 INFO:teuthology.orchestra.run.smithi032.stdout:/usr/bin/ceph: stderr
2023-09-30T14:31:19.559+0000 7f82876a9700 1 -- 172.21.15.32:0/2307527802 --> [v2:172.21.15.32:3300/0,v1:172.21.15.32:6789/0] -- mon_subscribe({mgrmap=0+}) v3 -- 0x7f828019d140 con 0x7f8280105580
2023-09-30T14:31:20.547 INFO:teuthology.orchestra.run.smithi032.stdout:/usr/bin/ceph: stderr
2023-09-30T14:31:19.559+0000 7f82767fc700 1 -- 172.21.15.32:0/2307527802 <== mon.0 v2:172.21.15.32:3300/0 2 ==== config(26 keys) v1 ==== 1105+0+0 (secure 0 0 0) 0x7f827c003ad0 con 0x7f8280105580
2023-09-30T14:31:20.547 INFO:teuthology.orchestra.run.smithi032.stdout:/usr/bin/ceph: stderr
2023-09-30T14:31:19.559+0000 7f82767fc700 1 -- 172.21.15.32:0/2307527802 <== mon.0 v2:172.21.15.32:3300/0 3 ==== mon_map magic: 0 v1 ==== 205+0+0 (secure 0 0 0) 0x7f827c0195e0 con 0x7f8280105580
2023-09-30T14:31:20.547 INFO:teuthology.orchestra.run.smithi032.stdout:/usr/bin/ceph: stderr
2023-09-30T14:31:19.559+0000 7f82876a9700 1 -- 172.21.15.32:0/2307527802 --> [v2:172.21.15.32:3300/0,v1:172.21.15.32:6789/0] -- mon_subscribe({osdmap=0}) v3 -- 0x7f828019d5e0 con 0x7f8280105580
2023-09-30T14:31:20.547 INFO:teuthology.orchestra.run.smithi032.stdout:/usr/bin/ceph: stderr
2023-09-30T14:31:19.560+0000 7f82767fc700 1 -- 172.21.15.32:0/2307527802 <== mon.0 v2:172.21.15.32:3300/0 4 ==== mgrmap(e 13) v1 ==== 45548+0+0 (secure 0 0 0) 0x7f827c0198a0 con 0x7f8280105580
2023-09-30T14:31:20.547 INFO:teuthology.orchestra.run.smithi032.stdout:/usr/bin/ceph: stderr
2023-09-30T14:31:19.560+0000 7f82767fc700 1 --2- 172.21.15.32:0/2307527802 >> [v2:172.21.15.32:6800/3273633815,v1:172.21.15.32:6801/3273633815] conn(0x7f826c038720 0x7f826c03abe0 unknown :-1 s=NONE pgs=0 cs=0 l=1 rev1=0 crypto rx=0 tx=0 comp rx=0 tx=0).connect
2023-09-30T14:31:20.548 INFO:teuthology.orchestra.run.smithi032.stdout:/usr/bin/ceph: stderr
2023-09-30T14:31:19.560+0000 7f82767fc700 1 -- 172.21.15.32:0/2307527802 <== mon.0 v2:172.21.15.32:3300/0 5 ==== osd_map(3..3 src has 1..3) v4 ==== 1155+0+0 (secure 0 0 0) 0x7f827c04c9d0 con 0x7f8280105580
2023-09-30T14:31:20.548 INFO:teuthology.orchestra.run.smithi032.stdout:/usr/bin/ceph: stderr
2023-09-30T14:31:19.560+0000 7f82876a9700 1 -- 172.21.15.32:0/2307527802 --> [v2:172.21.15.32:3300/0,v1:172.21.15.32:6789/0] -- mon_command({"prefix": "get_command_descriptions"} v 0) v1 -- 0x7f82801099b0 con 0x7f8280105580
2023-09-30T14:31:20.548 INFO:teuthology.orchestra.run.smithi032.stdout:/usr/bin/ceph: stderr
2023-09-30T14:31:19.560+0000 7f8284c44700 1 --2- 172.21.15.32:0/2307527802 >> [v2:172.21.15.32:6800/3273633815,v1:172.21.15.32:6801/3273633815] conn(0x7f826c038720 0x7f826c03abe0 unknown :-1 s=BANNER_CONNECTING pgs=0 cs=0 l=1 rev1=0 crypto rx=0 tx=0 comp rx=0 tx=0)._handle_peer_banner_payload supported=3 required=0
2023-09-30T14:31:20.548 INFO:teuthology.orchestra.run.smithi032.stdout:/usr/bin/ceph: stderr
2023-09-30T14:31:19.561+0000 7f8284c44700 1 --2- 172.21.15.32:0/2307527802 >> [v2:172.21.15.32:6800/3273633815,v1:172.21.15.32:6801/3273633815] conn(0x7f826c038720 0x7f826c03abe0 secure :-1 s=READY pgs=11 cs=0 l=1 rev1=1 crypto rx=0x7f8270006fd0 tx=0x7f8270006e40 comp rx=0 tx=0).ready entity=mgr.14152 client_cookie=0 server_cookie=0 in_seq=0 out_seq=0
2023-09-30T14:31:20.548 INFO:teuthology.orchestra.run.smithi032.stdout:/usr/bin/ceph: stderr
2023-09-30T14:31:19.565+0000 7f82767fc700 1 -- 172.21.15.32:0/2307527802 <== mon.0 v2:172.21.15.32:3300/0 6 ==== mon_command_ack([{"prefix": "get_command_descriptions"}]=0 v0) v1 ==== 72+0+179998 (secure 0 0 0) 0x7f827c003c40 con 0x7f8280105580
2023-09-30T14:31:20.548 INFO:teuthology.orchestra.run.smithi032.stdout:/usr/bin/ceph: stderr
2023-09-30T14:31:20.144+0000 7f82876a9700 1 -- 172.21.15.32:0/2307527802 --> [v2:172.21.15.32:3300/0,v1:172.21.15.32:6789/0] -- mon_command([{prefix=config-key set, key=mgr/dashboard/cluster/status}] v 0) v1 -- 0x7f828019d820 con 0x7f8280105580
2023-09-30T14:31:20.548 INFO:teuthology.orchestra.run.smithi032.stdout:/usr/bin/ceph: stderr
2023-09-30T14:31:20.147+0000 7f82767fc700 1 -- 172.21.15.32:0/2307527802 <== mon.0 v2:172.21.15.32:3300/0 7 ==== mon_command_ack([{prefix=config-key set, key=mgr/dashboard/cluster/status}]=0 set mgr/dashboard/cluster/status v28)=0 set mgr/dashboard/cluster/status v28) v1 ==== 153+0+0 (secure 0 0 0) 0x7f827c0212a0 con 0x7f8280105580
2023-09-30T14:31:20.548 INFO:teuthology.orchestra.run.smithi032.stdout:/usr/bin/ceph: stderr
2023-09-30T14:31:20.149+0000 7f82876a9700 1 -- 172.21.15.32:0/2307527802 >> [v2:172.21.15.32:6800/3273633815,v1:172.21.15.32:6801/3273633815] conn(0x7f826c038720 msgr2=0x7f826c03abe0 secure :-1 s=STATE_CONNECTION_ESTABLISHED l=1).mark_down
2023-09-30T14:31:20.548 INFO:teuthology.orchestra.run.smithi032.stdout:/usr/bin/ceph: stderr
2023-09-30T14:31:20.149+0000 7f82876a9700 1 --2- 172.21.15.32:0/2307527802 >> [v2:172.21.15.32:6800/3273633815,v1:172.21.15.32:6801/3273633815] conn(0x7f826c038720 0x7f826c03abe0 secure :-1 s=READY pgs=11 cs=0 l=1 rev1=1 crypto rx=0x7f8270006fd0 tx=0x7f8270006e40 comp rx=0 tx=0).stop
2023-09-30T14:31:20.548 INFO:teuthology.orchestra.run.smithi032.stdout:/usr/bin/ceph: stderr
2023-09-30T14:31:20.149+0000 7f82876a9700 1 -- 172.21.15.32:0/2307527802 >> [v2:172.21.15.32:3300/0,v1:172.21.15.32:6789/0] conn(0x7f8280105580 msgr2=0x7f8280079bb0 secure :-1 s=STATE_CONNECTION_ESTABLISHED l=1).mark_down
2023-09-30T14:31:20.548 INFO:teuthology.orchestra.run.smithi032.stdout:/usr/bin/ceph: stderr
2023-09-30T14:31:20.149+0000 7f82876a9700 1 --2- 172.21.15.32:0/2307527802 >> [v2:172.21.15.32:3300/0,v1:172.21.15.32:6789/0] conn(0x7f8280105580 0x7f8280079bb0 secure :-1 s=READY pgs=79 cs=0 l=1 rev1=1 crypto rx=0x7f827c003e60 tx=0x7f827c011aa0 comp rx=0 tx=0).stop
2023-09-30T14:31:20.548 INFO:teuthology.orchestra.run.smithi032.stdout:/usr/bin/ceph: stderr
2023-09-30T14:31:20.150+0000 7f82876a9700 1 -- 172.21.15.32:0/2307527802 shutdown_connections
2023-09-30T14:31:20.549 INFO:teuthology.orchestra.run.smithi032.stdout:/usr/bin/ceph: stderr
2023-09-30T14:31:20.150+0000 7f82876a9700 1 --2- 172.21.15.32:0/2307527802 >> [v2:172.21.15.32:6800/3273633815,v1:172.21.15.32:6801/3273633815] conn(0x7f826c038720 0x7f826c03abe0 unknown :-1 s=CLOSED pgs=11 cs=0 l=1 rev1=1 crypto rx=0 tx=0 comp rx=0 tx=0).stop
2023-09-30T14:31:20.549 INFO:teuthology.orchestra.run.smithi032.stdout:/usr/bin/ceph: stderr
2023-09-30T14:31:20.150+0000 7f82876a9700 1 --2- 172.21.15.32:0/2307527802 >> [v2:172.21.15.32:3300/0,v1:172.21.15.32:6789/0] conn(0x7f8280105580 0x7f8280079bb0 unknown :-1 s=CLOSED pgs=79 cs=0 l=1 rev1=1 crypto rx=0 tx=0 comp rx=0 tx=0).stop
2023-09-30T14:31:20.549 INFO:teuthology.orchestra.run.smithi032.stdout:/usr/bin/ceph: stderr
2023-09-30T14:31:20.150+0000 7f82876a9700 1 -- 172.21.15.32:0/2307527802 >> 172.21.15.32:0/2307527802 conn(0x7f8280100b00 msgr2=0x7f82801018e0 unknown :-1 s=STATE_NONE l=0).mark_down
2023-09-30T14:31:20.549 INFO:teuthology.orchestra.run.smithi032.stdout:/usr/bin/ceph: stderr
2023-09-30T14:31:20.150+0000 7f82876a9700 1 -- 172.21.15.32:0/2307527802 shutdown_connections
2023-09-30T14:31:20.549 INFO:teuthology.orchestra.run.smithi032.stdout:/usr/bin/ceph: stderr
2023-09-30T14:31:20.150+0000 7f82876a9700 1 -- 172.21.15.32:0/2307527802 wait complete.
2023-09-30T14:31:20.549 INFO:teuthology.orchestra.run.smithi032.stdout:/usr/bin/ceph: stderr set mgr/dashboard/cluster/status
2023-09-30T14:31:20.549 INFO:teuthology.orchestra.run.smithi032.stdout:You can access the Ceph CLI as following in case of multi-cluster or non-default config:
2023-09-30T14:31:20.549 INFO:teuthology.orchestra.run.smithi032.stdout:
2023-09-30T14:31:20.549 INFO:teuthology.orchestra.run.smithi032.stdout: sudo /home/ubuntu/cephtest/cephadm shell --fsid bca3f5c6-5f9d-11ee-8db5-212e2dc638e7 -c /etc/ceph/ceph.conf -k /etc/ceph/ceph.client.admin.keyring
2023-09-30T14:31:20.549 INFO:teuthology.orchestra.run.smithi032.stdout:
2023-09-30T14:31:20.549 INFO:teuthology.orchestra.run.smithi032.stdout:Or, if you are only running a single cluster on this host:
2023-09-30T14:31:20.550 INFO:teuthology.orchestra.run.smithi032.stdout:
2023-09-30T14:31:20.550 INFO:teuthology.orchestra.run.smithi032.stdout: sudo /home/ubuntu/cephtest/cephadm shell
2023-09-30T14:31:20.550 INFO:teuthology.orchestra.run.smithi032.stdout:
2023-09-30T14:31:20.550 INFO:teuthology.orchestra.run.smithi032.stdout:Please consider enabling telemetry to help improve Ceph:
2023-09-30T14:31:20.550 INFO:teuthology.orchestra.run.smithi032.stdout:
2023-09-30T14:31:20.550 INFO:teuthology.orchestra.run.smithi032.stdout: ceph telemetry on
2023-09-30T14:31:20.550 INFO:teuthology.orchestra.run.smithi032.stdout:
2023-09-30T14:31:20.550 INFO:teuthology.orchestra.run.smithi032.stdout:For more information see:
2023-09-30T14:31:20.550 INFO:teuthology.orchestra.run.smithi032.stdout:
2023-09-30T14:31:20.550 INFO:teuthology.orchestra.run.smithi032.stdout: https://docs.ceph.com/en/latest/mgr/telemetry/
2023-09-30T14:31:20.550 INFO:teuthology.orchestra.run.smithi032.stdout:
2023-09-30T14:31:20.550 INFO:teuthology.orchestra.run.smithi032.stdout:Bootstrap complete.
2023-09-30T14:31:20.578 INFO:tasks.cephadm:Fetching config...
2023-09-30T14:31:20.579 DEBUG:teuthology.orchestra.run.smithi032:> set -ex
2023-09-30T14:31:20.579 DEBUG:teuthology.orchestra.run.smithi032:> dd if=/etc/ceph/ceph.conf of=/dev/stdout
2023-09-30T14:31:20.596 INFO:tasks.cephadm:Fetching client.admin keyring...
2023-09-30T14:31:20.597 DEBUG:teuthology.orchestra.run.smithi032:> set -ex
2023-09-30T14:31:20.597 DEBUG:teuthology.orchestra.run.smithi032:> dd if=/etc/ceph/ceph.client.admin.keyring of=/dev/stdout
2023-09-30T14:31:20.656 INFO:tasks.cephadm:Fetching mon keyring...
2023-09-30T14:31:20.657 DEBUG:teuthology.orchestra.run.smithi032:> set -ex
2023-09-30T14:31:20.657 DEBUG:teuthology.orchestra.run.smithi032:> sudo dd if=/var/lib/ceph/bca3f5c6-5f9d-11ee-8db5-212e2dc638e7/mon.a/keyring of=/dev/stdout
2023-09-30T14:31:20.726 INFO:tasks.cephadm:Fetching pub ssh key...
2023-09-30T14:31:20.726 DEBUG:teuthology.orchestra.run.smithi032:> set -ex
2023-09-30T14:31:20.726 DEBUG:teuthology.orchestra.run.smithi032:> dd if=/home/ubuntu/cephtest/ceph.pub of=/dev/stdout
2023-09-30T14:31:20.783 INFO:tasks.cephadm:Installing pub ssh key for root users...
2023-09-30T14:31:20.783 DEBUG:teuthology.orchestra.run.smithi032:> sudo install -d -m 0700 /root/.ssh && echo 'ssh-rsa AAAAB3NzaC1yc2EAAAADAQABAAABgQDodJBINELD7Ztf88FYZFaymjkdE1C/W3n/8v3aqRgdx1Cy7s1GM0BUr+BjoNBFK+JWwPUWVkNQe9kUlqCNeH+NYubmwdrCVadVrd0Rsf+1DRadO3LMldXuXhO1io+HIEk9AC9Omo9w/+KGYVrlFxAzfqtVXDo94cLFXrdar4DdUSnOAlXc/SqFyJ6i55HxGesymB4fm+/IG7qPYNm/HUFHFdComhlDoPFJ+uxFVArivrJo1RosQnThvq2J6UulOPFty+OZ4BtzFQsQ7qMdfzKslCWpmogxWBqrkk17FLXF9c4APFtONhkwoDFi8HsZRB8xZ+U5AYJhPIOiJLE3XBoK3I/bbtM91ezlvQHpoRbCo6nGqOd201Sgot+LpYQaDpPPfPiQ1IFDrSehQQhjY6yU+bztcKNUBWXHCoOPN10q+9bYnKgsR+Su3qU1ekzupuhRxJGBlWuGsaHM5oHU0H8d2QyoJDW144PnENNT0YeDBZpl6R1m1NufhxKbtPIsyns= ceph-bca3f5c6-5f9d-11ee-8db5-212e2dc638e7' | sudo tee -a /root/.ssh/authorized_keys && sudo chmod 0600 /root/.ssh/authorized_keys
2023-09-30T14:31:20.861 INFO:teuthology.orchestra.run.smithi032.stdout:ssh-rsa AAAAB3NzaC1yc2EAAAADAQABAAABgQDodJBINELD7Ztf88FYZFaymjkdE1C/W3n/8v3aqRgdx1Cy7s1GM0BUr+BjoNBFK+JWwPUWVkNQe9kUlqCNeH+NYubmwdrCVadVrd0Rsf+1DRadO3LMldXuXhO1io+HIEk9AC9Omo9w/+KGYVrlFxAzfqtVXDo94cLFXrdar4DdUSnOAlXc/SqFyJ6i55HxGesymB4fm+/IG7qPYNm/HUFHFdComhlDoPFJ+uxFVArivrJo1RosQnThvq2J6UulOPFty+OZ4BtzFQsQ7qMdfzKslCWpmogxWBqrkk17FLXF9c4APFtONhkwoDFi8HsZRB8xZ+U5AYJhPIOiJLE3XBoK3I/bbtM91ezlvQHpoRbCo6nGqOd201Sgot+LpYQaDpPPfPiQ1IFDrSehQQhjY6yU+bztcKNUBWXHCoOPN10q+9bYnKgsR+Su3qU1ekzupuhRxJGBlWuGsaHM5oHU0H8d2QyoJDW144PnENNT0YeDBZpl6R1m1NufhxKbtPIsyns= ceph-bca3f5c6-5f9d-11ee-8db5-212e2dc638e7
2023-09-30T14:31:20.876 DEBUG:teuthology.orchestra.run.smithi148:> sudo install -d -m 0700 /root/.ssh && echo 'ssh-rsa AAAAB3NzaC1yc2EAAAADAQABAAABgQDodJBINELD7Ztf88FYZFaymjkdE1C/W3n/8v3aqRgdx1Cy7s1GM0BUr+BjoNBFK+JWwPUWVkNQe9kUlqCNeH+NYubmwdrCVadVrd0Rsf+1DRadO3LMldXuXhO1io+HIEk9AC9Omo9w/+KGYVrlFxAzfqtVXDo94cLFXrdar4DdUSnOAlXc/SqFyJ6i55HxGesymB4fm+/IG7qPYNm/HUFHFdComhlDoPFJ+uxFVArivrJo1RosQnThvq2J6UulOPFty+OZ4BtzFQsQ7qMdfzKslCWpmogxWBqrkk17FLXF9c4APFtONhkwoDFi8HsZRB8xZ+U5AYJhPIOiJLE3XBoK3I/bbtM91ezlvQHpoRbCo6nGqOd201Sgot+LpYQaDpPPfPiQ1IFDrSehQQhjY6yU+bztcKNUBWXHCoOPN10q+9bYnKgsR+Su3qU1ekzupuhRxJGBlWuGsaHM5oHU0H8d2QyoJDW144PnENNT0YeDBZpl6R1m1NufhxKbtPIsyns= ceph-bca3f5c6-5f9d-11ee-8db5-212e2dc638e7' | sudo tee -a /root/.ssh/authorized_keys && sudo chmod 0600 /root/.ssh/authorized_keys
2023-09-30T14:31:20.923 INFO:teuthology.orchestra.run.smithi148.stdout:ssh-rsa AAAAB3NzaC1yc2EAAAADAQABAAABgQDodJBINELD7Ztf88FYZFaymjkdE1C/W3n/8v3aqRgdx1Cy7s1GM0BUr+BjoNBFK+JWwPUWVkNQe9kUlqCNeH+NYubmwdrCVadVrd0Rsf+1DRadO3LMldXuXhO1io+HIEk9AC9Omo9w/+KGYVrlFxAzfqtVXDo94cLFXrdar4DdUSnOAlXc/SqFyJ6i55HxGesymB4fm+/IG7qPYNm/HUFHFdComhlDoPFJ+uxFVArivrJo1RosQnThvq2J6UulOPFty+OZ4BtzFQsQ7qMdfzKslCWpmogxWBqrkk17FLXF9c4APFtONhkwoDFi8HsZRB8xZ+U5AYJhPIOiJLE3XBoK3I/bbtM91ezlvQHpoRbCo6nGqOd201Sgot+LpYQaDpPPfPiQ1IFDrSehQQhjY6yU+bztcKNUBWXHCoOPN10q+9bYnKgsR+Su3qU1ekzupuhRxJGBlWuGsaHM5oHU0H8d2QyoJDW144PnENNT0YeDBZpl6R1m1NufhxKbtPIsyns= ceph-bca3f5c6-5f9d-11ee-8db5-212e2dc638e7
2023-09-30T14:31:20.936 DEBUG:teuthology.orchestra.run.smithi156:> sudo install -d -m 0700 /root/.ssh && echo 'ssh-rsa AAAAB3NzaC1yc2EAAAADAQABAAABgQDodJBINELD7Ztf88FYZFaymjkdE1C/W3n/8v3aqRgdx1Cy7s1GM0BUr+BjoNBFK+JWwPUWVkNQe9kUlqCNeH+NYubmwdrCVadVrd0Rsf+1DRadO3LMldXuXhO1io+HIEk9AC9Omo9w/+KGYVrlFxAzfqtVXDo94cLFXrdar4DdUSnOAlXc/SqFyJ6i55HxGesymB4fm+/IG7qPYNm/HUFHFdComhlDoPFJ+uxFVArivrJo1RosQnThvq2J6UulOPFty+OZ4BtzFQsQ7qMdfzKslCWpmogxWBqrkk17FLXF9c4APFtONhkwoDFi8HsZRB8xZ+U5AYJhPIOiJLE3XBoK3I/bbtM91ezlvQHpoRbCo6nGqOd201Sgot+LpYQaDpPPfPiQ1IFDrSehQQhjY6yU+bztcKNUBWXHCoOPN10q+9bYnKgsR+Su3qU1ekzupuhRxJGBlWuGsaHM5oHU0H8d2QyoJDW144PnENNT0YeDBZpl6R1m1NufhxKbtPIsyns= ceph-bca3f5c6-5f9d-11ee-8db5-212e2dc638e7' | sudo tee -a /root/.ssh/authorized_keys && sudo chmod 0600 /root/.ssh/authorized_keys
2023-09-30T14:31:20.983 INFO:teuthology.orchestra.run.smithi156.stdout:ssh-rsa AAAAB3NzaC1yc2EAAAADAQABAAABgQDodJBINELD7Ztf88FYZFaymjkdE1C/W3n/8v3aqRgdx1Cy7s1GM0BUr+BjoNBFK+JWwPUWVkNQe9kUlqCNeH+NYubmwdrCVadVrd0Rsf+1DRadO3LMldXuXhO1io+HIEk9AC9Omo9w/+KGYVrlFxAzfqtVXDo94cLFXrdar4DdUSnOAlXc/SqFyJ6i55HxGesymB4fm+/IG7qPYNm/HUFHFdComhlDoPFJ+uxFVArivrJo1RosQnThvq2J6UulOPFty+OZ4BtzFQsQ7qMdfzKslCWpmogxWBqrkk17FLXF9c4APFtONhkwoDFi8HsZRB8xZ+U5AYJhPIOiJLE3XBoK3I/bbtM91ezlvQHpoRbCo6nGqOd201Sgot+LpYQaDpPPfPiQ1IFDrSehQQhjY6yU+bztcKNUBWXHCoOPN10q+9bYnKgsR+Su3qU1ekzupuhRxJGBlWuGsaHM5oHU0H8d2QyoJDW144PnENNT0YeDBZpl6R1m1NufhxKbtPIsyns= ceph-bca3f5c6-5f9d-11ee-8db5-212e2dc638e7
2023-09-30T14:31:20.998 DEBUG:teuthology.orchestra.run.smithi032:> sudo /home/ubuntu/cephtest/cephadm --image quay-quay-quay.apps.os.sepia.ceph.com/ceph-ci/ceph:1d10b71792f3be8887a7631e69851ac2df3585af shell -c /etc/ceph/ceph.conf -k /etc/ceph/ceph.client.admin.keyring --fsid bca3f5c6-5f9d-11ee-8db5-212e2dc638e7 -- ceph config set mgr mgr/cephadm/allow_ptrace true
2023-09-30T14:31:21.567 INFO:teuthology.orchestra.run.smithi032.stderr:Inferring config /var/lib/ceph/bca3f5c6-5f9d-11ee-8db5-212e2dc638e7/mon.a/config
2023-09-30T14:31:21.637 INFO:journalctl@ceph.mon.a.smithi032.stdout:Sep 30 14:31:21 smithi032 ceph-mon[98592]: from='client.? 172.21.15.32:0/2307527802' entity='client.admin'
2023-09-30T14:31:23.408 INFO:teuthology.orchestra.run.smithi032.stderr:2023-09-30T14:31:23.406+0000 7ff64877e700 1 -- 172.21.15.32:0/2662122423 >> [v2:172.21.15.32:3300/0,v1:172.21.15.32:6789/0] conn(0x7ff6400ffd80 msgr2=0x7ff6401001a0 secure :-1 s=STATE_CONNECTION_ESTABLISHED l=1).mark_down
2023-09-30T14:31:23.408 INFO:teuthology.orchestra.run.smithi032.stderr:2023-09-30T14:31:23.406+0000 7ff64877e700 1 --2- 172.21.15.32:0/2662122423 >> [v2:172.21.15.32:3300/0,v1:172.21.15.32:6789/0] conn(0x7ff6400ffd80 0x7ff6401001a0 secure :-1 s=READY pgs=80 cs=0 l=1 rev1=1 crypto rx=0x7ff63c009910 tx=0x7ff63c009c20 comp rx=0 tx=0).stop
2023-09-30T14:31:23.408 INFO:teuthology.orchestra.run.smithi032.stderr:2023-09-30T14:31:23.406+0000 7ff64877e700 1 -- 172.21.15.32:0/2662122423 shutdown_connections
2023-09-30T14:31:23.408 INFO:teuthology.orchestra.run.smithi032.stderr:2023-09-30T14:31:23.406+0000 7ff64877e700 1 --2- 172.21.15.32:0/2662122423 >> [v2:172.21.15.32:3300/0,v1:172.21.15.32:6789/0] conn(0x7ff6400ffd80 0x7ff6401001a0 unknown :-1 s=CLOSED pgs=80 cs=0 l=1 rev1=1 crypto rx=0 tx=0 comp rx=0 tx=0).stop
2023-09-30T14:31:23.408 INFO:teuthology.orchestra.run.smithi032.stderr:2023-09-30T14:31:23.406+0000 7ff64877e700 1 -- 172.21.15.32:0/2662122423 >> 172.21.15.32:0/2662122423 conn(0x7ff6400fa560 msgr2=0x7ff6400fc9c0 unknown :-1 s=STATE_NONE l=0).mark_down
2023-09-30T14:31:23.409 INFO:teuthology.orchestra.run.smithi032.stderr:2023-09-30T14:31:23.406+0000 7ff64877e700 1 -- 172.21.15.32:0/2662122423 shutdown_connections
2023-09-30T14:31:23.409 INFO:teuthology.orchestra.run.smithi032.stderr:2023-09-30T14:31:23.406+0000 7ff64877e700 1 -- 172.21.15.32:0/2662122423 wait complete.
2023-09-30T14:31:23.409 INFO:teuthology.orchestra.run.smithi032.stderr:2023-09-30T14:31:23.407+0000 7ff64877e700 1 Processor -- start
2023-09-30T14:31:23.409 INFO:teuthology.orchestra.run.smithi032.stderr:2023-09-30T14:31:23.407+0000 7ff64877e700 1 -- start start
2023-09-30T14:31:23.409 INFO:teuthology.orchestra.run.smithi032.stderr:2023-09-30T14:31:23.407+0000 7ff64877e700 1 --2- >> [v2:172.21.15.32:3300/0,v1:172.21.15.32:6789/0] conn(0x7ff6400ffd80 0x7ff6400ff440 unknown :-1 s=NONE pgs=0 cs=0 l=1 rev1=0 crypto rx=0 tx=0 comp rx=0 tx=0).connect
2023-09-30T14:31:23.409 INFO:teuthology.orchestra.run.smithi032.stderr:2023-09-30T14:31:23.407+0000 7ff64877e700 1 -- --> [v2:172.21.15.32:3300/0,v1:172.21.15.32:6789/0] -- mon_getmap magic: 0 v1 -- 0x7ff64019edc0 con 0x7ff6400ffd80
2023-09-30T14:31:23.409 INFO:teuthology.orchestra.run.smithi032.stderr:2023-09-30T14:31:23.407+0000 7ff64651a700 1 --2- >> [v2:172.21.15.32:3300/0,v1:172.21.15.32:6789/0] conn(0x7ff6400ffd80 0x7ff6400ff440 unknown :-1 s=BANNER_CONNECTING pgs=0 cs=0 l=1 rev1=0 crypto rx=0 tx=0 comp rx=0 tx=0)._handle_peer_banner_payload supported=3 required=0
2023-09-30T14:31:23.409 INFO:teuthology.orchestra.run.smithi032.stderr:2023-09-30T14:31:23.407+0000 7ff64651a700 1 --2- >> [v2:172.21.15.32:3300/0,v1:172.21.15.32:6789/0] conn(0x7ff6400ffd80 0x7ff6400ff440 unknown :-1 s=HELLO_CONNECTING pgs=0 cs=0 l=1 rev1=1 crypto rx=0 tx=0 comp rx=0 tx=0).handle_hello peer v2:172.21.15.32:3300/0 says I am v2:172.21.15.32:60994/0 (socket says 172.21.15.32:60994)
2023-09-30T14:31:23.409 INFO:teuthology.orchestra.run.smithi032.stderr:2023-09-30T14:31:23.407+0000 7ff64651a700 1 -- 172.21.15.32:0/4003554371 learned_addr learned my addr 172.21.15.32:0/4003554371 (peer_addr_for_me v2:172.21.15.32:0/0)
2023-09-30T14:31:23.409 INFO:teuthology.orchestra.run.smithi032.stderr:2023-09-30T14:31:23.407+0000 7ff64651a700 1 -- 172.21.15.32:0/4003554371 --> [v2:172.21.15.32:3300/0,v1:172.21.15.32:6789/0] -- mon_subscribe({config=0+,monmap=0+}) v3 -- 0x7ff63c0095f0 con 0x7ff6400ffd80
2023-09-30T14:31:23.409 INFO:teuthology.orchestra.run.smithi032.stderr:2023-09-30T14:31:23.408+0000 7ff64651a700 1 --2- 172.21.15.32:0/4003554371 >> [v2:172.21.15.32:3300/0,v1:172.21.15.32:6789/0] conn(0x7ff6400ffd80 0x7ff6400ff440 secure :-1 s=READY pgs=81 cs=0 l=1 rev1=1 crypto rx=0x7ff63c006010 tx=0x7ff63c0057c0 comp rx=0 tx=0).ready entity=mon.0 client_cookie=0 server_cookie=0 in_seq=0 out_seq=0
2023-09-30T14:31:23.411 INFO:teuthology.orchestra.run.smithi032.stderr:2023-09-30T14:31:23.408+0000 7ff6377fe700 1 -- 172.21.15.32:0/4003554371 <== mon.0 v2:172.21.15.32:3300/0 1 ==== mon_map magic: 0 v1 ==== 205+0+0 (secure 0 0 0) 0x7ff63c01d070 con 0x7ff6400ffd80
