2023-10-07T23:08:08.518+0000 7fbc3b7fe700 1 --2- 172.21.15.67:0/1564812996 >> [v2:172.21.15.67:6800/2928618291,v1:172.21.15.67:6801/2928618291] conn(0x7fbc3c0365b0 0x7fbc3c038a60 unknown :-1 s=NONE pgs=0 cs=0 l=1 rev1=0 crypto rx=0 tx=0 comp rx=0 tx=0).connect
2023-10-07T23:08:09.078 INFO:teuthology.orchestra.run.smithi067.stdout:/usr/bin/ceph: stderr
2023-10-07T23:08:08.518+0000 7fbc3b7fe700 1 -- 172.21.15.67:0/1564812996 <== mon.0 v2:172.21.15.67:3300/0 5 ==== osd_map(2..2 src has 1..2) v4 ==== 936+0+0 (secure 0 0 0) 0x7fbc4404a420 con 0x7fbc541047a0
2023-10-07T23:08:09.078 INFO:teuthology.orchestra.run.smithi067.stdout:/usr/bin/ceph: stderr
2023-10-07T23:08:08.518+0000 7fbc527fc700 1 --2- 172.21.15.67:0/1564812996 >> [v2:172.21.15.67:6800/2928618291,v1:172.21.15.67:6801/2928618291] conn(0x7fbc3c0365b0 0x7fbc3c038a60 unknown :-1 s=BANNER_CONNECTING pgs=0 cs=0 l=1 rev1=0 crypto rx=0 tx=0 comp rx=0 tx=0)._handle_peer_banner_payload supported=3 required=0
2023-10-07T23:08:09.078 INFO:teuthology.orchestra.run.smithi067.stdout:/usr/bin/ceph: stderr
2023-10-07T23:08:08.519+0000 7fbc527fc700 1 --2- 172.21.15.67:0/1564812996 >> [v2:172.21.15.67:6800/2928618291,v1:172.21.15.67:6801/2928618291] conn(0x7fbc3c0365b0 0x7fbc3c038a60 secure :-1 s=READY pgs=10 cs=0 l=1 rev1=1 crypto rx=0x7fbc48009990 tx=0x7fbc48006e40 comp rx=0 tx=0).ready entity=mgr.14120 client_cookie=0 server_cookie=0 in_seq=0 out_seq=0
2023-10-07T23:08:09.078 INFO:teuthology.orchestra.run.smithi067.stdout:/usr/bin/ceph: stderr
2023-10-07T23:08:08.523+0000 7fbc3b7fe700 1 -- 172.21.15.67:0/1564812996 <== mon.0 v2:172.21.15.67:3300/0 6 ==== mon_command_ack([{"prefix": "get_command_descriptions"}]=0 v0) v1 ==== 72+0+174570 (secure 0 0 0) 0x7fbc440219f0 con 0x7fbc541047a0
2023-10-07T23:08:09.078 INFO:teuthology.orchestra.run.smithi067.stdout:/usr/bin/ceph: stderr
2023-10-07T23:08:08.729+0000 7fbc59a02700 1 -- 172.21.15.67:0/1564812996 --> [v2:172.21.15.67:6800/2928618291,v1:172.21.15.67:6801/2928618291] -- mgr_command(tid 0: {"prefix": "cephadm get-pub-key", "target": ["mon-mgr", ""]}) v1 -- 0x7fbc54102d00 con 0x7fbc3c0365b0
2023-10-07T23:08:09.078 INFO:teuthology.orchestra.run.smithi067.stdout:/usr/bin/ceph: stderr
2023-10-07T23:08:08.730+0000 7fbc3b7fe700 1 -- 172.21.15.67:0/1564812996 <== mgr.14120 v2:172.21.15.67:6800/2928618291 1 ==== mgr_command_reply(tid 0: 0 ) v1 ==== 8+0+595 (secure 0 0 0) 0x7fbc54102d00 con 0x7fbc3c0365b0
2023-10-07T23:08:09.078 INFO:teuthology.orchestra.run.smithi067.stdout:/usr/bin/ceph: stderr
2023-10-07T23:08:08.733+0000 7fbc59a02700 1 -- 172.21.15.67:0/1564812996 >> [v2:172.21.15.67:6800/2928618291,v1:172.21.15.67:6801/2928618291] conn(0x7fbc3c0365b0 msgr2=0x7fbc3c038a60 secure :-1 s=STATE_CONNECTION_ESTABLISHED l=1).mark_down
2023-10-07T23:08:09.078 INFO:teuthology.orchestra.run.smithi067.stdout:/usr/bin/ceph: stderr
2023-10-07T23:08:08.733+0000 7fbc59a02700 1 --2- 172.21.15.67:0/1564812996 >> [v2:172.21.15.67:6800/2928618291,v1:172.21.15.67:6801/2928618291] conn(0x7fbc3c0365b0 0x7fbc3c038a60 secure :-1 s=READY pgs=10 cs=0 l=1 rev1=1 crypto rx=0x7fbc48009990 tx=0x7fbc48006e40 comp rx=0 tx=0).stop
2023-10-07T23:08:09.078 INFO:teuthology.orchestra.run.smithi067.stdout:/usr/bin/ceph: stderr
2023-10-07T23:08:08.733+0000 7fbc59a02700 1 -- 172.21.15.67:0/1564812996 >> [v2:172.21.15.67:3300/0,v1:172.21.15.67:6789/0] conn(0x7fbc541047a0 msgr2=0x7fbc54113170 secure :-1 s=STATE_CONNECTION_ESTABLISHED l=1).mark_down
2023-10-07T23:08:09.078 INFO:teuthology.orchestra.run.smithi067.stdout:/usr/bin/ceph: stderr
2023-10-07T23:08:08.733+0000 7fbc59a02700 1 --2- 172.21.15.67:0/1564812996 >> [v2:172.21.15.67:3300/0,v1:172.21.15.67:6789/0] conn(0x7fbc541047a0 0x7fbc54113170 secure :-1 s=READY pgs=44 cs=0 l=1 rev1=1 crypto rx=0x7fbc44006b00 tx=0x7fbc44009250 comp rx=0 tx=0).stop
2023-10-07T23:08:09.078 INFO:teuthology.orchestra.run.smithi067.stdout:/usr/bin/ceph: stderr
2023-10-07T23:08:08.733+0000 7fbc59a02700 1 -- 172.21.15.67:0/1564812996 shutdown_connections
2023-10-07T23:08:09.078 INFO:teuthology.orchestra.run.smithi067.stdout:/usr/bin/ceph: stderr
2023-10-07T23:08:08.733+0000 7fbc59a02700 1 --2- 172.21.15.67:0/1564812996 >> [v2:172.21.15.67:6800/2928618291,v1:172.21.15.67:6801/2928618291] conn(0x7fbc3c0365b0 0x7fbc3c038a60 unknown :-1 s=CLOSED pgs=10 cs=0 l=1 rev1=1 crypto rx=0 tx=0 comp rx=0 tx=0).stop
2023-10-07T23:08:09.079 INFO:teuthology.orchestra.run.smithi067.stdout:/usr/bin/ceph: stderr
2023-10-07T23:08:08.733+0000 7fbc59a02700 1 --2- 172.21.15.67:0/1564812996 >> [v2:172.21.15.67:3300/0,v1:172.21.15.67:6789/0] conn(0x7fbc541047a0 0x7fbc54113170 unknown :-1 s=CLOSED pgs=44 cs=0 l=1 rev1=1 crypto rx=0 tx=0 comp rx=0 tx=0).stop
2023-10-07T23:08:09.079 INFO:teuthology.orchestra.run.smithi067.stdout:/usr/bin/ceph: stderr
2023-10-07T23:08:08.733+0000 7fbc59a02700 1 -- 172.21.15.67:0/1564812996 >> 172.21.15.67:0/1564812996 conn(0x7fbc54077ab0 msgr2=0x7fbc541025f0 unknown :-1 s=STATE_NONE l=0).mark_down
2023-10-07T23:08:09.079 INFO:teuthology.orchestra.run.smithi067.stdout:/usr/bin/ceph: stderr
2023-10-07T23:08:08.733+0000 7fbc59a02700 1 -- 172.21.15.67:0/1564812996 shutdown_connections
2023-10-07T23:08:09.079 INFO:teuthology.orchestra.run.smithi067.stdout:/usr/bin/ceph: stderr
2023-10-07T23:08:08.733+0000 7fbc59a02700 1 -- 172.21.15.67:0/1564812996 wait complete.
2023-10-07T23:08:09.079 INFO:teuthology.orchestra.run.smithi067.stdout:Wrote public SSH key to /home/ubuntu/cephtest/ceph.pub
2023-10-07T23:08:09.079 INFO:teuthology.orchestra.run.smithi067.stdout:Adding key to root@localhost authorized_keys...
2023-10-07T23:08:09.079 INFO:teuthology.orchestra.run.smithi067.stdout:Adding host smithi067...
2023-10-07T23:08:09.973 INFO:journalctl@ceph.mon.a.smithi067.stdout:Oct 07 23:08:09 smithi067 ceph-mon[82723]: from='client.14138 -' entity='client.admin' cmd=[{"prefix": "cephadm get-pub-key", "target": ["mon-mgr", ""]}]: dispatch
2023-10-07T23:08:10.891 INFO:journalctl@ceph.mon.a.smithi067.stdout:Oct 07 23:08:10 smithi067 ceph-mon[82723]: from='client.14140 -' entity='client.admin' cmd=[{"prefix": "orch host add", "hostname": "smithi067", "addr": "172.21.15.67", "target": ["mon-mgr", ""]}]: dispatch
2023-10-07T23:08:11.869 INFO:journalctl@ceph.mon.a.smithi067.stdout:Oct 07 23:08:11 smithi067 ceph-mon[82723]: Deploying cephadm binary to smithi067
2023-10-07T23:08:12.757 INFO:teuthology.orchestra.run.smithi067.stdout:/usr/bin/ceph: stdout Added host 'smithi067' with addr '172.21.15.67'
2023-10-07T23:08:12.757 INFO:teuthology.orchestra.run.smithi067.stdout:/usr/bin/ceph: stderr
2023-10-07T23:08:09.600+0000 7f01cb1eb700 1 Processor -- start
2023-10-07T23:08:12.757 INFO:teuthology.orchestra.run.smithi067.stdout:/usr/bin/ceph: stderr
2023-10-07T23:08:09.600+0000 7f01cb1eb700 1 -- start start
2023-10-07T23:08:12.758 INFO:teuthology.orchestra.run.smithi067.stdout:/usr/bin/ceph: stderr
2023-10-07T23:08:09.601+0000 7f01cb1eb700 1 --2- >> [v2:172.21.15.67:3300/0,v1:172.21.15.67:6789/0] conn(0x7f01c4078d20 0x7f01c4077230 unknown :-1 s=NONE pgs=0 cs=0 l=0 rev1=0 crypto rx=0 tx=0 comp rx=0 tx=0).connect
2023-10-07T23:08:12.758 INFO:teuthology.orchestra.run.smithi067.stdout:/usr/bin/ceph: stderr
2023-10-07T23:08:09.601+0000 7f01cb1eb700 1 -- --> [v2:172.21.15.67:3300/0,v1:172.21.15.67:6789/0] -- mon_getmap magic: 0 v1 -- 0x7f01c4079130 con 0x7f01c4078d20
2023-10-07T23:08:12.758 INFO:teuthology.orchestra.run.smithi067.stdout:/usr/bin/ceph: stderr
2023-10-07T23:08:09.601+0000 7f01c8f87700 1 --2- >> [v2:172.21.15.67:3300/0,v1:172.21.15.67:6789/0] conn(0x7f01c4078d20 0x7f01c4077230 unknown :-1 s=BANNER_CONNECTING pgs=0 cs=0 l=0 rev1=0 crypto rx=0 tx=0 comp rx=0 tx=0)._handle_peer_banner_payload supported=3 required=0
2023-10-07T23:08:12.758 INFO:teuthology.orchestra.run.smithi067.stdout:/usr/bin/ceph: stderr
2023-10-07T23:08:09.601+0000 7f01c8f87700 1 --2- >> [v2:172.21.15.67:3300/0,v1:172.21.15.67:6789/0] conn(0x7f01c4078d20 0x7f01c4077230 unknown :-1 s=HELLO_CONNECTING pgs=0 cs=0 l=0 rev1=1 crypto rx=0 tx=0 comp rx=0 tx=0).handle_hello peer v2:172.21.15.67:3300/0 says I am v2:172.21.15.67:53046/0 (socket says 172.21.15.67:53046)
2023-10-07T23:08:12.759 INFO:teuthology.orchestra.run.smithi067.stdout:/usr/bin/ceph: stderr
2023-10-07T23:08:09.601+0000 7f01c8f87700 1 -- 172.21.15.67:0/1828411702 learned_addr learned my addr 172.21.15.67:0/1828411702 (peer_addr_for_me v2:172.21.15.67:0/0)
2023-10-07T23:08:12.759 INFO:teuthology.orchestra.run.smithi067.stdout:/usr/bin/ceph: stderr
2023-10-07T23:08:09.601+0000 7f01c8f87700 1 -- 172.21.15.67:0/1828411702 --> [v2:172.21.15.67:3300/0,v1:172.21.15.67:6789/0] -- mon_subscribe({config=0+,monmap=0+}) v3 -- 0x7f01c4077770 con 0x7f01c4078d20
2023-10-07T23:08:12.759 INFO:teuthology.orchestra.run.smithi067.stdout:/usr/bin/ceph: stderr
2023-10-07T23:08:09.602+0000 7f01c8f87700 1 --2- 172.21.15.67:0/1828411702 >> [v2:172.21.15.67:3300/0,v1:172.21.15.67:6789/0] conn(0x7f01c4078d20 0x7f01c4077230 secure :-1 s=READY pgs=45 cs=0 l=1 rev1=1 crypto rx=0x7f01b80098e0 tx=0x7f01b8009250 comp rx=0 tx=0).ready entity=mon.0 client_cookie=1c613d6ff68c7123 server_cookie=0 in_seq=0 out_seq=0
2023-10-07T23:08:12.759 INFO:teuthology.orchestra.run.smithi067.stdout:/usr/bin/ceph: stderr
2023-10-07T23:08:09.602+0000 7f01c37fe700 1 -- 172.21.15.67:0/1828411702 <== mon.0 v2:172.21.15.67:3300/0 1 ==== mon_map magic: 0 v1 ==== 205+0+0 (secure 0 0 0) 0x7f01b8009e80 con 0x7f01c4078d20
2023-10-07T23:08:12.759 INFO:teuthology.orchestra.run.smithi067.stdout:/usr/bin/ceph: stderr
2023-10-07T23:08:09.602+0000 7f01c37fe700 1 -- 172.21.15.67:0/1828411702 <== mon.0 v2:172.21.15.67:3300/0 2 ==== config(26 keys) v1 ==== 1074+0+0 (secure 0 0 0) 0x7f01b800bd10 con 0x7f01c4078d20
2023-10-07T23:08:12.759 INFO:teuthology.orchestra.run.smithi067.stdout:/usr/bin/ceph: stderr
2023-10-07T23:08:09.602+0000 7f01c37fe700 1 -- 172.21.15.67:0/1828411702 <== mon.0 v2:172.21.15.67:3300/0 3 ==== mon_map magic: 0 v1 ==== 205+0+0 (secure 0 0 0) 0x7f01b8011e20 con 0x7f01c4078d20
2023-10-07T23:08:12.759 INFO:teuthology.orchestra.run.smithi067.stdout:/usr/bin/ceph: stderr
2023-10-07T23:08:09.603+0000 7f01cb1eb700 1 -- 172.21.15.67:0/1828411702 >> [v2:172.21.15.67:3300/0,v1:172.21.15.67:6789/0] conn(0x7f01c4078d20 msgr2=0x7f01c4077230 secure :-1 s=STATE_CONNECTION_ESTABLISHED l=1).mark_down
2023-10-07T23:08:12.760 INFO:teuthology.orchestra.run.smithi067.stdout:/usr/bin/ceph: stderr
2023-10-07T23:08:09.603+0000 7f01cb1eb700 1 --2- 172.21.15.67:0/1828411702 >> [v2:172.21.15.67:3300/0,v1:172.21.15.67:6789/0] conn(0x7f01c4078d20 0x7f01c4077230 secure :-1 s=READY pgs=45 cs=0 l=1 rev1=1 crypto rx=0x7f01b80098e0 tx=0x7f01b8009250 comp rx=0 tx=0).stop
2023-10-07T23:08:12.760 INFO:teuthology.orchestra.run.smithi067.stdout:/usr/bin/ceph: stderr
2023-10-07T23:08:09.603+0000 7f01cb1eb700 1 -- 172.21.15.67:0/1828411702 shutdown_connections
2023-10-07T23:08:12.760 INFO:teuthology.orchestra.run.smithi067.stdout:/usr/bin/ceph: stderr
2023-10-07T23:08:09.603+0000 7f01cb1eb700 1 --2- 172.21.15.67:0/1828411702 >> [v2:172.21.15.67:3300/0,v1:172.21.15.67:6789/0] conn(0x7f01c4078d20 0x7f01c4077230 unknown :-1 s=CLOSED pgs=45 cs=0 l=1 rev1=1 crypto rx=0 tx=0 comp rx=0 tx=0).stop
2023-10-07T23:08:12.760 INFO:teuthology.orchestra.run.smithi067.stdout:/usr/bin/ceph: stderr
2023-10-07T23:08:09.603+0000 7f01cb1eb700 1 -- 172.21.15.67:0/1828411702 >> 172.21.15.67:0/1828411702 conn(0x7f01c40fda80 msgr2=0x7f01c40ffeb0 unknown :-1 s=STATE_NONE l=0).mark_down
2023-10-07T23:08:12.760 INFO:teuthology.orchestra.run.smithi067.stdout:/usr/bin/ceph: stderr
2023-10-07T23:08:09.603+0000 7f01cb1eb700 1 -- 172.21.15.67:0/1828411702 shutdown_connections
2023-10-07T23:08:12.760 INFO:teuthology.orchestra.run.smithi067.stdout:/usr/bin/ceph: stderr
2023-10-07T23:08:09.603+0000 7f01cb1eb700 1 -- 172.21.15.67:0/1828411702 wait complete.
2023-10-07T23:08:12.760 INFO:teuthology.orchestra.run.smithi067.stdout:/usr/bin/ceph: stderr
2023-10-07T23:08:09.604+0000 7f01cb1eb700 1 Processor -- start
2023-10-07T23:08:12.761 INFO:teuthology.orchestra.run.smithi067.stdout:/usr/bin/ceph: stderr
2023-10-07T23:08:09.604+0000 7f01cb1eb700 1 -- start start
2023-10-07T23:08:12.761 INFO:teuthology.orchestra.run.smithi067.stdout:/usr/bin/ceph: stderr
2023-10-07T23:08:09.604+0000 7f01cb1eb700 1 --2- >> [v2:172.21.15.67:3300/0,v1:172.21.15.67:6789/0] conn(0x7f01c4078d20 0x7f01c4113380 unknown :-1 s=NONE pgs=0 cs=0 l=1 rev1=0 crypto rx=0 tx=0 comp rx=0 tx=0).connect
2023-10-07T23:08:12.761 INFO:teuthology.orchestra.run.smithi067.stdout:/usr/bin/ceph: stderr
2023-10-07T23:08:09.604+0000 7f01cb1eb700 1 -- --> [v2:172.21.15.67:3300/0,v1:172.21.15.67:6789/0] -- mon_getmap magic: 0 v1 -- 0x7f01c41138c0 con 0x7f01c4078d20
2023-10-07T23:08:12.761 INFO:teuthology.orchestra.run.smithi067.stdout:/usr/bin/ceph: stderr
2023-10-07T23:08:09.604+0000 7f01c8f87700 1 --2- >> [v2:172.21.15.67:3300/0,v1:172.21.15.67:6789/0] conn(0x7f01c4078d20 0x7f01c4113380 unknown :-1 s=BANNER_CONNECTING pgs=0 cs=0 l=1 rev1=0 crypto rx=0 tx=0 comp rx=0 tx=0)._handle_peer_banner_payload supported=3 required=0
2023-10-07T23:08:12.761 INFO:teuthology.orchestra.run.smithi067.stdout:/usr/bin/ceph: stderr
2023-10-07T23:08:09.604+0000 7f01c8f87700 1 --2- >> [v2:172.21.15.67:3300/0,v1:172.21.15.67:6789/0] conn(0x7f01c4078d20 0x7f01c4113380 unknown :-1 s=HELLO_CONNECTING pgs=0 cs=0 l=1 rev1=1 crypto rx=0 tx=0 comp rx=0 tx=0).handle_hello peer v2:172.21.15.67:3300/0 says I am v2:172.21.15.67:53060/0 (socket says 172.21.15.67:53060)
2023-10-07T23:08:12.762 INFO:teuthology.orchestra.run.smithi067.stdout:/usr/bin/ceph: stderr
2023-10-07T23:08:09.604+0000 7f01c8f87700 1 -- 172.21.15.67:0/895183872 learned_addr learned my addr 172.21.15.67:0/895183872 (peer_addr_for_me v2:172.21.15.67:0/0)
2023-10-07T23:08:12.762 INFO:teuthology.orchestra.run.smithi067.stdout:/usr/bin/ceph: stderr
2023-10-07T23:08:09.605+0000 7f01c8f87700 1 -- 172.21.15.67:0/895183872 --> [v2:172.21.15.67:3300/0,v1:172.21.15.67:6789/0] -- mon_subscribe({config=0+,monmap=0+}) v3 -- 0x7f01b80094f0 con 0x7f01c4078d20
2023-10-07T23:08:12.762 INFO:teuthology.orchestra.run.smithi067.stdout:/usr/bin/ceph: stderr
2023-10-07T23:08:09.605+0000 7f01c8f87700 1 --2- 172.21.15.67:0/895183872 >> [v2:172.21.15.67:3300/0,v1:172.21.15.67:6789/0] conn(0x7f01c4078d20 0x7f01c4113380 secure :-1 s=READY pgs=46 cs=0 l=1 rev1=1 crypto rx=0x7f01b8006fd0 tx=0x7f01b8009250 comp rx=0 tx=0).ready entity=mon.0 client_cookie=0 server_cookie=0 in_seq=0 out_seq=0
2023-10-07T23:08:12.762 INFO:teuthology.orchestra.run.smithi067.stdout:/usr/bin/ceph: stderr
2023-10-07T23:08:09.605+0000 7f01c17fa700 1 -- 172.21.15.67:0/895183872 <== mon.0 v2:172.21.15.67:3300/0 1 ==== mon_map magic: 0 v1 ==== 205+0+0 (secure 0 0 0) 0x7f01b80117a0 con 0x7f01c4078d20
2023-10-07T23:08:12.762 INFO:teuthology.orchestra.run.smithi067.stdout:/usr/bin/ceph: stderr
2023-10-07T23:08:09.605+0000 7f01cb1eb700 1 -- 172.21.15.67:0/895183872 --> [v2:172.21.15.67:3300/0,v1:172.21.15.67:6789/0] -- mon_subscribe({mgrmap=0+}) v3 -- 0x7f01c4113ac0 con 0x7f01c4078d20
2023-10-07T23:08:12.762 INFO:teuthology.orchestra.run.smithi067.stdout:/usr/bin/ceph: stderr
2023-10-07T23:08:09.605+0000 7f01cb1eb700 1 -- 172.21.15.67:0/895183872 --> [v2:172.21.15.67:3300/0,v1:172.21.15.67:6789/0] -- mon_subscribe({osdmap=0}) v3 -- 0x7f01c4113ed0 con 0x7f01c4078d20
2023-10-07T23:08:12.763 INFO:teuthology.orchestra.run.smithi067.stdout:/usr/bin/ceph: stderr
2023-10-07T23:08:09.605+0000 7f01c17fa700 1 -- 172.21.15.67:0/895183872 <== mon.0 v2:172.21.15.67:3300/0 2 ==== config(26 keys) v1 ==== 1074+0+0 (secure 0 0 0) 0x7f01b8009e80 con 0x7f01c4078d20
2023-10-07T23:08:12.763 INFO:teuthology.orchestra.run.smithi067.stdout:/usr/bin/ceph: stderr
2023-10-07T23:08:09.605+0000 7f01c17fa700 1 -- 172.21.15.67:0/895183872 <== mon.0 v2:172.21.15.67:3300/0 3 ==== mon_map magic: 0 v1 ==== 205+0+0 (secure 0 0 0) 0x7f01b801ab60 con 0x7f01c4078d20
2023-10-07T23:08:12.763 INFO:teuthology.orchestra.run.smithi067.stdout:/usr/bin/ceph: stderr
2023-10-07T23:08:09.606+0000 7f01c17fa700 1 -- 172.21.15.67:0/895183872 <== mon.0 v2:172.21.15.67:3300/0 4 ==== mgrmap(e 8) v1 ==== 43265+0+0 (secure 0 0 0) 0x7f01b801acc0 con 0x7f01c4078d20
2023-10-07T23:08:12.763 INFO:teuthology.orchestra.run.smithi067.stdout:/usr/bin/ceph: stderr
2023-10-07T23:08:09.606+0000 7f01cb1eb700 1 -- 172.21.15.67:0/895183872 --> [v2:172.21.15.67:3300/0,v1:172.21.15.67:6789/0] -- mon_command({"prefix": "get_command_descriptions"} v 0) v1 -- 0x7f01a80052e0 con 0x7f01c4078d20
2023-10-07T23:08:12.763 INFO:teuthology.orchestra.run.smithi067.stdout:/usr/bin/ceph: stderr
2023-10-07T23:08:09.607+0000 7f01c17fa700 1 --2- 172.21.15.67:0/895183872 >> [v2:172.21.15.67:6800/2928618291,v1:172.21.15.67:6801/2928618291] conn(0x7f01b40365b0 0x7f01b4038a60 unknown :-1 s=NONE pgs=0 cs=0 l=1 rev1=0 crypto rx=0 tx=0 comp rx=0 tx=0).connect
2023-10-07T23:08:12.763 INFO:teuthology.orchestra.run.smithi067.stdout:/usr/bin/ceph: stderr
2023-10-07T23:08:09.607+0000 7f01c17fa700 1 -- 172.21.15.67:0/895183872 <== mon.0 v2:172.21.15.67:3300/0 5 ==== osd_map(2..2 src has 1..2) v4 ==== 936+0+0 (secure 0 0 0) 0x7f01b804a930 con 0x7f01c4078d20
2023-10-07T23:08:12.764 INFO:teuthology.orchestra.run.smithi067.stdout:/usr/bin/ceph: stderr
2023-10-07T23:08:09.607+0000 7f01c3fff700 1 --2- 172.21.15.67:0/895183872 >> [v2:172.21.15.67:6800/2928618291,v1:172.21.15.67:6801/2928618291] conn(0x7f01b40365b0 0x7f01b4038a60 unknown :-1 s=BANNER_CONNECTING pgs=0 cs=0 l=1 rev1=0 crypto rx=0 tx=0 comp rx=0 tx=0)._handle_peer_banner_payload supported=3 required=0
2023-10-07T23:08:12.764 INFO:teuthology.orchestra.run.smithi067.stdout:/usr/bin/ceph: stderr
2023-10-07T23:08:09.608+0000 7f01c3fff700 1 --2- 172.21.15.67:0/895183872 >> [v2:172.21.15.67:6800/2928618291,v1:172.21.15.67:6801/2928618291] conn(0x7f01b40365b0 0x7f01b4038a60 secure :-1 s=READY pgs=11 cs=0 l=1 rev1=1 crypto rx=0x7f01b0009990 tx=0x7f01b0006e40 comp rx=0 tx=0).ready entity=mgr.14120 client_cookie=0 server_cookie=0 in_seq=0 out_seq=0
2023-10-07T23:08:12.764 INFO:teuthology.orchestra.run.smithi067.stdout:/usr/bin/ceph: stderr
2023-10-07T23:08:09.612+0000 7f01c17fa700 1 -- 172.21.15.67:0/895183872 <== mon.0 v2:172.21.15.67:3300/0 6 ==== mon_command_ack([{"prefix": "get_command_descriptions"}]=0 v0) v1 ==== 72+0+174570 (secure 0 0 0) 0x7f01b8020940 con 0x7f01c4078d20
2023-10-07T23:08:12.764 INFO:teuthology.orchestra.run.smithi067.stdout:/usr/bin/ceph: stderr
2023-10-07T23:08:09.817+0000 7f01cb1eb700 1 -- 172.21.15.67:0/895183872 --> [v2:172.21.15.67:6800/2928618291,v1:172.21.15.67:6801/2928618291] -- mgr_command(tid 0: {"prefix": "orch host add", "hostname": "smithi067", "addr": "172.21.15.67", "target": ["mon-mgr", ""]}) v1 -- 0x7f01a8000bf0 con 0x7f01b40365b0
2023-10-07T23:08:12.764 INFO:teuthology.orchestra.run.smithi067.stdout:/usr/bin/ceph: stderr
2023-10-07T23:08:12.462+0000 7f01c17fa700 1 -- 172.21.15.67:0/895183872 <== mgr.14120 v2:172.21.15.67:6800/2928618291 1 ==== mgr_command_reply(tid 0: 0 ) v1 ==== 8+0+48 (secure 0 0 0) 0x7f01a8000bf0 con 0x7f01b40365b0
2023-10-07T23:08:12.765 INFO:teuthology.orchestra.run.smithi067.stdout:/usr/bin/ceph: stderr
2023-10-07T23:08:12.465+0000 7f01cb1eb700 1 -- 172.21.15.67:0/895183872 >> [v2:172.21.15.67:6800/2928618291,v1:172.21.15.67:6801/2928618291] conn(0x7f01b40365b0 msgr2=0x7f01b4038a60 secure :-1 s=STATE_CONNECTION_ESTABLISHED l=1).mark_down
2023-10-07T23:08:12.765 INFO:teuthology.orchestra.run.smithi067.stdout:/usr/bin/ceph: stderr
2023-10-07T23:08:12.465+0000 7f01cb1eb700 1 --2- 172.21.15.67:0/895183872 >> [v2:172.21.15.67:6800/2928618291,v1:172.21.15.67:6801/2928618291] conn(0x7f01b40365b0 0x7f01b4038a60 secure :-1 s=READY pgs=11 cs=0 l=1 rev1=1 crypto rx=0x7f01b0009990 tx=0x7f01b0006e40 comp rx=0 tx=0).stop
2023-10-07T23:08:12.765 INFO:teuthology.orchestra.run.smithi067.stdout:/usr/bin/ceph: stderr
2023-10-07T23:08:12.465+0000 7f01cb1eb700 1 -- 172.21.15.67:0/895183872 >> [v2:172.21.15.67:3300/0,v1:172.21.15.67:6789/0] conn(0x7f01c4078d20 msgr2=0x7f01c4113380 secure :-1 s=STATE_CONNECTION_ESTABLISHED l=1).mark_down
2023-10-07T23:08:12.765 INFO:teuthology.orchestra.run.smithi067.stdout:/usr/bin/ceph: stderr
2023-10-07T23:08:12.465+0000 7f01cb1eb700 1 --2- 172.21.15.67:0/895183872 >> [v2:172.21.15.67:3300/0,v1:172.21.15.67:6789/0] conn(0x7f01c4078d20 0x7f01c4113380 secure :-1 s=READY pgs=46 cs=0 l=1 rev1=1 crypto rx=0x7f01b8006fd0 tx=0x7f01b8009250 comp rx=0 tx=0).stop
2023-10-07T23:08:12.765 INFO:teuthology.orchestra.run.smithi067.stdout:/usr/bin/ceph: stderr
2023-10-07T23:08:12.465+0000 7f01cb1eb700 1 -- 172.21.15.67:0/895183872 shutdown_connections
2023-10-07T23:08:12.765 INFO:teuthology.orchestra.run.smithi067.stdout:/usr/bin/ceph: stderr
2023-10-07T23:08:12.465+0000 7f01cb1eb700 1 --2- 172.21.15.67:0/895183872 >> [v2:172.21.15.67:6800/2928618291,v1:172.21.15.67:6801/2928618291] conn(0x7f01b40365b0 0x7f01b4038a60 unknown :-1 s=CLOSED pgs=11 cs=0 l=1 rev1=1 crypto rx=0 tx=0 comp rx=0 tx=0).stop
2023-10-07T23:08:12.765 INFO:teuthology.orchestra.run.smithi067.stdout:/usr/bin/ceph: stderr
2023-10-07T23:08:12.465+0000 7f01cb1eb700 1 --2- 172.21.15.67:0/895183872 >> [v2:172.21.15.67:3300/0,v1:172.21.15.67:6789/0] conn(0x7f01c4078d20 0x7f01c4113380 unknown :-1 s=CLOSED pgs=46 cs=0 l=1 rev1=1 crypto rx=0 tx=0 comp rx=0 tx=0).stop
2023-10-07T23:08:12.766 INFO:teuthology.orchestra.run.smithi067.stdout:/usr/bin/ceph: stderr
2023-10-07T23:08:12.465+0000 7f01cb1eb700 1 -- 172.21.15.67:0/895183872 >> 172.21.15.67:0/895183872 conn(0x7f01c40fda80 msgr2=0x7f01c40ff1d0 unknown :-1 s=STATE_NONE l=0).mark_down
2023-10-07T23:08:12.766 INFO:teuthology.orchestra.run.smithi067.stdout:/usr/bin/ceph: stderr
2023-10-07T23:08:12.466+0000 7f01cb1eb700 1 -- 172.21.15.67:0/895183872 shutdown_connections
2023-10-07T23:08:12.766 INFO:teuthology.orchestra.run.smithi067.stdout:/usr/bin/ceph: stderr
2023-10-07T23:08:12.466+0000 7f01cb1eb700 1 -- 172.21.15.67:0/895183872 wait complete.
2023-10-07T23:08:12.766 INFO:teuthology.orchestra.run.smithi067.stdout:Deploying unmanaged mon service...
2023-10-07T23:08:13.754 INFO:journalctl@ceph.mon.a.smithi067.stdout:Oct 07 23:08:13 smithi067 ceph-mon[82723]: from='mgr.14120 172.21.15.67:0/329734236' entity='mgr.x'
2023-10-07T23:08:13.755 INFO:journalctl@ceph.mon.a.smithi067.stdout:Oct 07 23:08:13 smithi067 ceph-mon[82723]: Added host smithi067
2023-10-07T23:08:13.755 INFO:journalctl@ceph.mon.a.smithi067.stdout:Oct 07 23:08:13 smithi067 ceph-mon[82723]: from='mgr.14120 172.21.15.67:0/329734236' entity='mgr.x' cmd=[{"prefix": "config dump", "format": "json"}]: dispatch
2023-10-07T23:08:13.988 INFO:teuthology.orchestra.run.smithi067.stdout:/usr/bin/ceph: stdout Scheduled mon update...
2023-10-07T23:08:13.988 INFO:teuthology.orchestra.run.smithi067.stdout:/usr/bin/ceph: stderr
2023-10-07T23:08:13.272+0000 7fc4ce584700 1 Processor -- start
2023-10-07T23:08:13.988 INFO:teuthology.orchestra.run.smithi067.stdout:/usr/bin/ceph: stderr
2023-10-07T23:08:13.272+0000 7fc4ce584700 1 -- start start
2023-10-07T23:08:13.989 INFO:teuthology.orchestra.run.smithi067.stdout:/usr/bin/ceph: stderr
2023-10-07T23:08:13.272+0000 7fc4ce584700 1 --2- >> [v2:172.21.15.67:3300/0,v1:172.21.15.67:6789/0] conn(0x7fc4c8102320 0x7fc4c8102730 unknown :-1 s=NONE pgs=0 cs=0 l=0 rev1=0 crypto rx=0 tx=0 comp rx=0 tx=0).connect
2023-10-07T23:08:13.989 INFO:teuthology.orchestra.run.smithi067.stdout:/usr/bin/ceph: stderr
2023-10-07T23:08:13.273+0000 7fc4ce584700 1 -- --> [v2:172.21.15.67:3300/0,v1:172.21.15.67:6789/0] -- mon_getmap magic: 0 v1 -- 0x7fc4c8102c70 con 0x7fc4c8102320
2023-10-07T23:08:13.989 INFO:teuthology.orchestra.run.smithi067.stdout:/usr/bin/ceph: stderr
2023-10-07T23:08:13.273+0000 7fc4c7fff700 1 --2- >> [v2:172.21.15.67:3300/0,v1:172.21.15.67:6789/0] conn(0x7fc4c8102320 0x7fc4c8102730 unknown :-1 s=BANNER_CONNECTING pgs=0 cs=0 l=0 rev1=0 crypto rx=0 tx=0 comp rx=0 tx=0)._handle_peer_banner_payload supported=3 required=0
2023-10-07T23:08:13.989 INFO:teuthology.orchestra.run.smithi067.stdout:/usr/bin/ceph: stderr
2023-10-07T23:08:13.273+0000 7fc4c7fff700 1 --2- >> [v2:172.21.15.67:3300/0,v1:172.21.15.67:6789/0] conn(0x7fc4c8102320 0x7fc4c8102730 unknown :-1 s=HELLO_CONNECTING pgs=0 cs=0 l=0 rev1=1 crypto rx=0 tx=0 comp rx=0 tx=0).handle_hello peer v2:172.21.15.67:3300/0 says I am v2:172.21.15.67:44208/0 (socket says 172.21.15.67:44208)
2023-10-07T23:08:13.989 INFO:teuthology.orchestra.run.smithi067.stdout:/usr/bin/ceph: stderr
2023-10-07T23:08:13.273+0000 7fc4c7fff700 1 -- 172.21.15.67:0/77267059 learned_addr learned my addr 172.21.15.67:0/77267059 (peer_addr_for_me v2:172.21.15.67:0/0)
2023-10-07T23:08:13.989 INFO:teuthology.orchestra.run.smithi067.stdout:/usr/bin/ceph: stderr
2023-10-07T23:08:13.273+0000 7fc4c7fff700 1 -- 172.21.15.67:0/77267059 --> [v2:172.21.15.67:3300/0,v1:172.21.15.67:6789/0] -- mon_subscribe({config=0+,monmap=0+}) v3 -- 0x7fc4c8102db0 con 0x7fc4c8102320
2023-10-07T23:08:13.989 INFO:teuthology.orchestra.run.smithi067.stdout:/usr/bin/ceph: stderr
2023-10-07T23:08:13.274+0000 7fc4c7fff700 1 --2- 172.21.15.67:0/77267059 >> [v2:172.21.15.67:3300/0,v1:172.21.15.67:6789/0] conn(0x7fc4c8102320 0x7fc4c8102730 secure :-1 s=READY pgs=47 cs=0 l=1 rev1=1 crypto rx=0x7fc4b80098e0 tx=0x7fc4b8009250 comp rx=0 tx=0).ready entity=mon.0 client_cookie=e3d380eb161f40c2 server_cookie=0 in_seq=0 out_seq=0
2023-10-07T23:08:13.989 INFO:teuthology.orchestra.run.smithi067.stdout:/usr/bin/ceph: stderr
2023-10-07T23:08:13.274+0000 7fc4c6ffd700 1 -- 172.21.15.67:0/77267059 <== mon.0 v2:172.21.15.67:3300/0 1 ==== mon_map magic: 0 v1 ==== 205+0+0 (secure 0 0 0) 0x7fc4b8009e80 con 0x7fc4c8102320
2023-10-07T23:08:13.989 INFO:teuthology.orchestra.run.smithi067.stdout:/usr/bin/ceph: stderr
2023-10-07T23:08:13.274+0000 7fc4c6ffd700 1 -- 172.21.15.67:0/77267059 <== mon.0 v2:172.21.15.67:3300/0 2 ==== config(26 keys) v1 ==== 1074+0+0 (secure 0 0 0) 0x7fc4b800bd10 con 0x7fc4c8102320
2023-10-07T23:08:13.989 INFO:teuthology.orchestra.run.smithi067.stdout:/usr/bin/ceph: stderr
2023-10-07T23:08:13.274+0000 7fc4c6ffd700 1 -- 172.21.15.67:0/77267059 <== mon.0 v2:172.21.15.67:3300/0 3 ==== mon_map magic: 0 v1 ==== 205+0+0 (secure 0 0 0) 0x7fc4b8011ce0 con 0x7fc4c8102320
2023-10-07T23:08:13.989 INFO:teuthology.orchestra.run.smithi067.stdout:/usr/bin/ceph: stderr
2023-10-07T23:08:13.274+0000 7fc4ce584700 1 -- 172.21.15.67:0/77267059 >> [v2:172.21.15.67:3300/0,v1:172.21.15.67:6789/0] conn(0x7fc4c8102320 msgr2=0x7fc4c8102730 secure :-1 s=STATE_CONNECTION_ESTABLISHED l=1).mark_down
2023-10-07T23:08:13.989 INFO:teuthology.orchestra.run.smithi067.stdout:/usr/bin/ceph: stderr
2023-10-07T23:08:13.274+0000 7fc4ce584700 1 --2- 172.21.15.67:0/77267059 >> [v2:172.21.15.67:3300/0,v1:172.21.15.67:6789/0] conn(0x7fc4c8102320 0x7fc4c8102730 secure :-1 s=READY pgs=47 cs=0 l=1 rev1=1 crypto rx=0x7fc4b80098e0 tx=0x7fc4b8009250 comp rx=0 tx=0).stop
2023-10-07T23:08:13.990 INFO:teuthology.orchestra.run.smithi067.stdout:/usr/bin/ceph: stderr
2023-10-07T23:08:13.275+0000 7fc4ce584700 1 -- 172.21.15.67:0/77267059 shutdown_connections
2023-10-07T23:08:13.990 INFO:teuthology.orchestra.run.smithi067.stdout:/usr/bin/ceph: stderr
2023-10-07T23:08:13.275+0000 7fc4ce584700 1 --2- 172.21.15.67:0/77267059 >> [v2:172.21.15.67:3300/0,v1:172.21.15.67:6789/0] conn(0x7fc4c8102320 0x7fc4c8102730 unknown :-1 s=CLOSED pgs=47 cs=0 l=1 rev1=1 crypto rx=0 tx=0 comp rx=0 tx=0).stop
2023-10-07T23:08:13.990 INFO:teuthology.orchestra.run.smithi067.stdout:/usr/bin/ceph: stderr
2023-10-07T23:08:13.275+0000 7fc4ce584700 1 -- 172.21.15.67:0/77267059 >> 172.21.15.67:0/77267059 conn(0x7fc4c80fda80 msgr2=0x7fc4c80ffeb0 unknown :-1 s=STATE_NONE l=0).mark_down
2023-10-07T23:08:13.990 INFO:teuthology.orchestra.run.smithi067.stdout:/usr/bin/ceph: stderr
2023-10-07T23:08:13.275+0000 7fc4ce584700 1 -- 172.21.15.67:0/77267059 shutdown_connections
2023-10-07T23:08:13.990 INFO:teuthology.orchestra.run.smithi067.stdout:/usr/bin/ceph: stderr
2023-10-07T23:08:13.275+0000 7fc4ce584700 1 -- 172.21.15.67:0/77267059 wait complete.
2023-10-07T23:08:13.990 INFO:teuthology.orchestra.run.smithi067.stdout:/usr/bin/ceph: stderr
2023-10-07T23:08:13.275+0000 7fc4ce584700 1 Processor -- start
2023-10-07T23:08:13.990 INFO:teuthology.orchestra.run.smithi067.stdout:/usr/bin/ceph: stderr
2023-10-07T23:08:13.276+0000 7fc4ce584700 1 -- start start
2023-10-07T23:08:13.990 INFO:teuthology.orchestra.run.smithi067.stdout:/usr/bin/ceph: stderr
2023-10-07T23:08:13.276+0000 7fc4ce584700 1 --2- >> [v2:172.21.15.67:3300/0,v1:172.21.15.67:6789/0] conn(0x7fc4c8102320 0x7fc4c8078d10 unknown :-1 s=NONE pgs=0 cs=0 l=1 rev1=0 crypto rx=0 tx=0 comp rx=0 tx=0).connect
2023-10-07T23:08:13.990 INFO:teuthology.orchestra.run.smithi067.stdout:/usr/bin/ceph: stderr
2023-10-07T23:08:13.276+0000 7fc4ce584700 1 -- --> [v2:172.21.15.67:3300/0,v1:172.21.15.67:6789/0] -- mon_getmap magic: 0 v1 -- 0x7fc4c8077190 con 0x7fc4c8102320
2023-10-07T23:08:13.990 INFO:teuthology.orchestra.run.smithi067.stdout:/usr/bin/ceph: stderr
2023-10-07T23:08:13.276+0000 7fc4c7fff700 1 --2- >> [v2:172.21.15.67:3300/0,v1:172.21.15.67:6789/0] conn(0x7fc4c8102320 0x7fc4c8078d10 unknown :-1 s=BANNER_CONNECTING pgs=0 cs=0 l=1 rev1=0 crypto rx=0 tx=0 comp rx=0 tx=0)._handle_peer_banner_payload supported=3 required=0
2023-10-07T23:08:13.990 INFO:teuthology.orchestra.run.smithi067.stdout:/usr/bin/ceph: stderr
2023-10-07T23:08:13.276+0000 7fc4c7fff700 1 --2- >> [v2:172.21.15.67:3300/0,v1:172.21.15.67:6789/0] conn(0x7fc4c8102320 0x7fc4c8078d10 unknown :-1 s=HELLO_CONNECTING pgs=0 cs=0 l=1 rev1=1 crypto rx=0 tx=0 comp rx=0 tx=0).handle_hello peer v2:172.21.15.67:3300/0 says I am v2:172.21.15.67:44214/0 (socket says 172.21.15.67:44214)
2023-10-07T23:08:13.990 INFO:teuthology.orchestra.run.smithi067.stdout:/usr/bin/ceph: stderr
2023-10-07T23:08:13.276+0000 7fc4c7fff700 1 -- 172.21.15.67:0/403487383 learned_addr learned my addr 172.21.15.67:0/403487383 (peer_addr_for_me v2:172.21.15.67:0/0)
2023-10-07T23:08:13.991 INFO:teuthology.orchestra.run.smithi067.stdout:/usr/bin/ceph: stderr
2023-10-07T23:08:13.276+0000 7fc4c7fff700 1 -- 172.21.15.67:0/403487383 --> [v2:172.21.15.67:3300/0,v1:172.21.15.67:6789/0] -- mon_subscribe({config=0+,monmap=0+}) v3 -- 0x7fc4b80094f0 con 0x7fc4c8102320
2023-10-07T23:08:13.991 INFO:teuthology.orchestra.run.smithi067.stdout:/usr/bin/ceph: stderr
2023-10-07T23:08:13.277+0000 7fc4c7fff700 1 --2- 172.21.15.67:0/403487383 >> [v2:172.21.15.67:3300/0,v1:172.21.15.67:6789/0] conn(0x7fc4c8102320 0x7fc4c8078d10 secure :-1 s=READY pgs=48 cs=0 l=1 rev1=1 crypto rx=0x7fc4b8006b00 tx=0x7fc4b8009250 comp rx=0 tx=0).ready entity=mon.0 client_cookie=0 server_cookie=0 in_seq=0 out_seq=0
2023-10-07T23:08:13.991 INFO:teuthology.orchestra.run.smithi067.stdout:/usr/bin/ceph: stderr
2023-10-07T23:08:13.277+0000 7fc4c4ff9700 1 -- 172.21.15.67:0/403487383 <== mon.0 v2:172.21.15.67:3300/0 1 ==== mon_map magic: 0 v1 ==== 205+0+0 (secure 0 0 0) 0x7fc4b801a640 con 0x7fc4c8102320
2023-10-07T23:08:13.991 INFO:teuthology.orchestra.run.smithi067.stdout:/usr/bin/ceph: stderr
2023-10-07T23:08:13.277+0000 7fc4c4ff9700 1 -- 172.21.15.67:0/403487383 <== mon.0 v2:172.21.15.67:3300/0 2 ==== config(26 keys) v1 ==== 1074+0+0 (secure 0 0 0) 0x7fc4b801ac50 con 0x7fc4c8102320
2023-10-07T23:08:13.991 INFO:teuthology.orchestra.run.smithi067.stdout:/usr/bin/ceph: stderr
2023-10-07T23:08:13.277+0000 7fc4c4ff9700 1 -- 172.21.15.67:0/403487383 <== mon.0 v2:172.21.15.67:3300/0 3 ==== mon_map magic: 0 v1 ==== 205+0+0 (secure 0 0 0) 0x7fc4b8022bb0 con 0x7fc4c8102320
2023-10-07T23:08:13.991 INFO:teuthology.orchestra.run.smithi067.stdout:/usr/bin/ceph: stderr
2023-10-07T23:08:13.277+0000 7fc4ce584700 1 -- 172.21.15.67:0/403487383 --> [v2:172.21.15.67:3300/0,v1:172.21.15.67:6789/0] -- mon_subscribe({mgrmap=0+}) v3 -- 0x7fc4c8077390 con 0x7fc4c8102320
2023-10-07T23:08:13.991 INFO:teuthology.orchestra.run.smithi067.stdout:/usr/bin/ceph: stderr
2023-10-07T23:08:13.277+0000 7fc4ce584700 1 -- 172.21.15.67:0/403487383 --> [v2:172.21.15.67:3300/0,v1:172.21.15.67:6789/0] -- mon_subscribe({osdmap=0}) v3 -- 0x7fc4c80777a0 con 0x7fc4c8102320
2023-10-07T23:08:13.991 INFO:teuthology.orchestra.run.smithi067.stdout:/usr/bin/ceph: stderr
2023-10-07T23:08:13.278+0000 7fc4c4ff9700 1 -- 172.21.15.67:0/403487383 <== mon.0 v2:172.21.15.67:3300/0 4 ==== mgrmap(e 8) v1 ==== 43265+0+0 (secure 0 0 0) 0x7fc4b8022490 con 0x7fc4c8102320
2023-10-07T23:08:13.991 INFO:teuthology.orchestra.run.smithi067.stdout:/usr/bin/ceph: stderr
2023-10-07T23:08:13.278+0000 7fc4ce584700 1 -- 172.21.15.67:0/403487383 --> [v2:172.21.15.67:3300/0,v1:172.21.15.67:6789/0] -- mon_command({"prefix": "get_command_descriptions"} v 0) v1 -- 0x7fc4c804bb80 con 0x7fc4c8102320
2023-10-07T23:08:13.991 INFO:teuthology.orchestra.run.smithi067.stdout:/usr/bin/ceph: stderr
2023-10-07T23:08:13.279+0000 7fc4c4ff9700 1 --2- 172.21.15.67:0/403487383 >> [v2:172.21.15.67:6800/2928618291,v1:172.21.15.67:6801/2928618291] conn(0x7fc4b0036610 0x7fc4b0038ac0 unknown :-1 s=NONE pgs=0 cs=0 l=1 rev1=0 crypto rx=0 tx=0 comp rx=0 tx=0).connect
2023-10-07T23:08:13.991 INFO:teuthology.orchestra.run.smithi067.stdout:/usr/bin/ceph: stderr
2023-10-07T23:08:13.279+0000 7fc4c4ff9700 1 -- 172.21.15.67:0/403487383 <== mon.0 v2:172.21.15.67:3300/0 5 ==== osd_map(2..2 src has 1..2) v4 ==== 936+0+0 (secure 0 0 0) 0x7fc4b804a4a0 con 0x7fc4c8102320
2023-10-07T23:08:13.991 INFO:teuthology.orchestra.run.smithi067.stdout:/usr/bin/ceph: stderr
2023-10-07T23:08:13.279+0000 7fc4c77fe700 1 --2- 172.21.15.67:0/403487383 >> [v2:172.21.15.67:6800/2928618291,v1:172.21.15.67:6801/2928618291] conn(0x7fc4b0036610 0x7fc4b0038ac0 unknown :-1 s=BANNER_CONNECTING pgs=0 cs=0 l=1 rev1=0 crypto rx=0 tx=0 comp rx=0 tx=0)._handle_peer_banner_payload supported=3 required=0
2023-10-07T23:08:13.992 INFO:teuthology.orchestra.run.smithi067.stdout:/usr/bin/ceph: stderr
2023-10-07T23:08:13.279+0000 7fc4c77fe700 1 --2- 172.21.15.67:0/403487383 >> [v2:172.21.15.67:6800/2928618291,v1:172.21.15.67:6801/2928618291] conn(0x7fc4b0036610 0x7fc4b0038ac0 secure :-1 s=READY pgs=12 cs=0 l=1 rev1=1 crypto rx=0x7fc4bc009990 tx=0x7fc4bc006e40 comp rx=0 tx=0).ready entity=mgr.14120 client_cookie=0 server_cookie=0 in_seq=0 out_seq=0
2023-10-07T23:08:13.992 INFO:teuthology.orchestra.run.smithi067.stdout:/usr/bin/ceph: stderr
2023-10-07T23:08:13.283+0000 7fc4c4ff9700 1 -- 172.21.15.67:0/403487383 <== mon.0 v2:172.21.15.67:3300/0 6 ==== mon_command_ack([{"prefix": "get_command_descriptions"}]=0 v0) v1 ==== 72+0+174570 (secure 0 0 0) 0x7fc4b801adc0 con 0x7fc4c8102320
2023-10-07T23:08:13.992 INFO:teuthology.orchestra.run.smithi067.stdout:/usr/bin/ceph: stderr
2023-10-07T23:08:13.499+0000 7fc4ce584700 1 -- 172.21.15.67:0/403487383 --> [v2:172.21.15.67:6800/2928618291,v1:172.21.15.67:6801/2928618291] -- mgr_command(tid 0: {"prefix": "orch apply", "service_type": "mon", "unmanaged": true, "target": ["mon-mgr", ""]}) v1 -- 0x7fc4c8077fe0 con 0x7fc4b0036610
2023-10-07T23:08:13.992 INFO:teuthology.orchestra.run.smithi067.stdout:/usr/bin/ceph: stderr
2023-10-07T23:08:13.504+0000 7fc4c4ff9700 1 -- 172.21.15.67:0/403487383 <== mgr.14120 v2:172.21.15.67:6800/2928618291 1 ==== mgr_command_reply(tid 0: 0 ) v1 ==== 8+0+24 (secure 0 0 0) 0x7fc4c8077fe0 con 0x7fc4b0036610
2023-10-07T23:08:13.992 INFO:teuthology.orchestra.run.smithi067.stdout:/usr/bin/ceph: stderr
2023-10-07T23:08:13.506+0000 7fc4ce584700 1 -- 172.21.15.67:0/403487383 >> [v2:172.21.15.67:6800/2928618291,v1:172.21.15.67:6801/2928618291] conn(0x7fc4b0036610 msgr2=0x7fc4b0038ac0 secure :-1 s=STATE_CONNECTION_ESTABLISHED l=1).mark_down
2023-10-07T23:08:13.992 INFO:teuthology.orchestra.run.smithi067.stdout:/usr/bin/ceph: stderr
2023-10-07T23:08:13.506+0000 7fc4ce584700 1 --2- 172.21.15.67:0/403487383 >> [v2:172.21.15.67:6800/2928618291,v1:172.21.15.67:6801/2928618291] conn(0x7fc4b0036610 0x7fc4b0038ac0 secure :-1 s=READY pgs=12 cs=0 l=1 rev1=1 crypto rx=0x7fc4bc009990 tx=0x7fc4bc006e40 comp rx=0 tx=0).stop
2023-10-07T23:08:13.992 INFO:teuthology.orchestra.run.smithi067.stdout:/usr/bin/ceph: stderr
2023-10-07T23:08:13.506+0000 7fc4ce584700 1 -- 172.21.15.67:0/403487383 >> [v2:172.21.15.67:3300/0,v1:172.21.15.67:6789/0] conn(0x7fc4c8102320 msgr2=0x7fc4c8078d10 secure :-1 s=STATE_CONNECTION_ESTABLISHED l=1).mark_down
2023-10-07T23:08:13.992 INFO:teuthology.orchestra.run.smithi067.stdout:/usr/bin/ceph: stderr
2023-10-07T23:08:13.506+0000 7fc4ce584700 1 --2- 172.21.15.67:0/403487383 >> [v2:172.21.15.67:3300/0,v1:172.21.15.67:6789/0] conn(0x7fc4c8102320 0x7fc4c8078d10 secure :-1 s=READY pgs=48 cs=0 l=1 rev1=1 crypto rx=0x7fc4b8006b00 tx=0x7fc4b8009250 comp rx=0 tx=0).stop
2023-10-07T23:08:13.992 INFO:teuthology.orchestra.run.smithi067.stdout:/usr/bin/ceph: stderr
2023-10-07T23:08:13.506+0000 7fc4ce584700 1 -- 172.21.15.67:0/403487383 shutdown_connections
2023-10-07T23:08:13.992 INFO:teuthology.orchestra.run.smithi067.stdout:/usr/bin/ceph: stderr
2023-10-07T23:08:13.506+0000 7fc4ce584700 1 --2- 172.21.15.67:0/403487383 >> [v2:172.21.15.67:6800/2928618291,v1:172.21.15.67:6801/2928618291] conn(0x7fc4b0036610 0x7fc4b0038ac0 unknown :-1 s=CLOSED pgs=12 cs=0 l=1 rev1=1 crypto rx=0 tx=0 comp rx=0 tx=0).stop
2023-10-07T23:08:13.992 INFO:teuthology.orchestra.run.smithi067.stdout:/usr/bin/ceph: stderr
2023-10-07T23:08:13.506+0000 7fc4ce584700 1 --2- 172.21.15.67:0/403487383 >> [v2:172.21.15.67:3300/0,v1:172.21.15.67:6789/0] conn(0x7fc4c8102320 0x7fc4c8078d10 unknown :-1 s=CLOSED pgs=48 cs=0 l=1 rev1=1 crypto rx=0 tx=0 comp rx=0 tx=0).stop
2023-10-07T23:08:13.992 INFO:teuthology.orchestra.run.smithi067.stdout:/usr/bin/ceph: stderr
2023-10-07T23:08:13.506+0000 7fc4ce584700 1 -- 172.21.15.67:0/403487383 >> 172.21.15.67:0/403487383 conn(0x7fc4c80fda80 msgr2=0x7fc4c80fe790 unknown :-1 s=STATE_NONE l=0).mark_down
2023-10-07T23:08:13.993 INFO:teuthology.orchestra.run.smithi067.stdout:/usr/bin/ceph: stderr
2023-10-07T23:08:13.507+0000 7fc4ce584700 1 -- 172.21.15.67:0/403487383 shutdown_connections
2023-10-07T23:08:13.993 INFO:teuthology.orchestra.run.smithi067.stdout:/usr/bin/ceph: stderr
2023-10-07T23:08:13.507+0000 7fc4ce584700 1 -- 172.21.15.67:0/403487383 wait complete.
2023-10-07T23:08:13.993 INFO:teuthology.orchestra.run.smithi067.stdout:Deploying unmanaged mgr service...
2023-10-07T23:08:14.754 INFO:journalctl@ceph.mon.a.smithi067.stdout:Oct 07 23:08:14 smithi067 ceph-mon[82723]: from='client.14142 -' entity='client.admin' cmd=[{"prefix": "orch apply", "service_type": "mon", "unmanaged": true, "target": ["mon-mgr", ""]}]: dispatch
2023-10-07T23:08:14.754 INFO:journalctl@ceph.mon.a.smithi067.stdout:Oct 07 23:08:14 smithi067 ceph-mon[82723]: Saving service mon spec with placement count:5
2023-10-07T23:08:14.755 INFO:journalctl@ceph.mon.a.smithi067.stdout:Oct 07 23:08:14 smithi067 ceph-mon[82723]: from='mgr.14120 172.21.15.67:0/329734236' entity='mgr.x'
2023-10-07T23:08:15.164 INFO:teuthology.orchestra.run.smithi067.stdout:/usr/bin/ceph: stdout Scheduled mgr update...
2023-10-07T23:08:15.165 INFO:teuthology.orchestra.run.smithi067.stdout:/usr/bin/ceph: stderr
2023-10-07T23:08:14.533+0000 7f16336ca700 1 Processor -- start
2023-10-07T23:08:15.165 INFO:teuthology.orchestra.run.smithi067.stdout:/usr/bin/ceph: stderr
2023-10-07T23:08:14.533+0000 7f16336ca700 1 -- start start
2023-10-07T23:08:15.165 INFO:teuthology.orchestra.run.smithi067.stdout:/usr/bin/ceph: stderr
2023-10-07T23:08:14.533+0000 7f16336ca700 1 --2- >> [v2:172.21.15.67:3300/0,v1:172.21.15.67:6789/0] conn(0x7f162c078d00 0x7f162c077210 unknown :-1 s=NONE pgs=0 cs=0 l=0 rev1=0 crypto rx=0 tx=0 comp rx=0 tx=0).connect
2023-10-07T23:08:15.165 INFO:teuthology.orchestra.run.smithi067.stdout:/usr/bin/ceph: stderr
2023-10-07T23:08:14.533+0000 7f16336ca700 1 -- --> [v2:172.21.15.67:3300/0,v1:172.21.15.67:6789/0] -- mon_getmap magic: 0 v1 -- 0x7f162c079110 con 0x7f162c078d00
2023-10-07T23:08:15.165 INFO:teuthology.orchestra.run.smithi067.stdout:/usr/bin/ceph: stderr
2023-10-07T23:08:14.534+0000 7f1631466700 1 --2- >> [v2:172.21.15.67:3300/0,v1:172.21.15.67:6789/0] conn(0x7f162c078d00 0x7f162c077210 unknown :-1 s=BANNER_CONNECTING pgs=0 cs=0 l=0 rev1=0 crypto rx=0 tx=0 comp rx=0 tx=0)._handle_peer_banner_payload supported=3 required=0
2023-10-07T23:08:15.165 INFO:teuthology.orchestra.run.smithi067.stdout:/usr/bin/ceph: stderr
2023-10-07T23:08:14.534+0000 7f1631466700 1 --2- >> [v2:172.21.15.67:3300/0,v1:172.21.15.67:6789/0] conn(0x7f162c078d00 0x7f162c077210 unknown :-1 s=HELLO_CONNECTING pgs=0 cs=0 l=0 rev1=1 crypto rx=0 tx=0 comp rx=0 tx=0).handle_hello peer v2:172.21.15.67:3300/0 says I am v2:172.21.15.67:44218/0 (socket says 172.21.15.67:44218)
2023-10-07T23:08:15.165 INFO:teuthology.orchestra.run.smithi067.stdout:/usr/bin/ceph: stderr
2023-10-07T23:08:14.534+0000 7f1631466700 1 -- 172.21.15.67:0/3365951836 learned_addr learned my addr 172.21.15.67:0/3365951836 (peer_addr_for_me v2:172.21.15.67:0/0)
2023-10-07T23:08:15.165 INFO:teuthology.orchestra.run.smithi067.stdout:/usr/bin/ceph: stderr
2023-10-07T23:08:14.534+0000 7f1631466700 1 -- 172.21.15.67:0/3365951836 --> [v2:172.21.15.67:3300/0,v1:172.21.15.67:6789/0] -- mon_subscribe({config=0+,monmap=0+}) v3 -- 0x7f162c077750 con 0x7f162c078d00
2023-10-07T23:08:15.165 INFO:teuthology.orchestra.run.smithi067.stdout:/usr/bin/ceph: stderr
2023-10-07T23:08:14.534+0000 7f1631466700 1 --2- 172.21.15.67:0/3365951836 >> [v2:172.21.15.67:3300/0,v1:172.21.15.67:6789/0] conn(0x7f162c078d00 0x7f162c077210 secure :-1 s=READY pgs=49 cs=0 l=1 rev1=1 crypto rx=0x7f16280098e0 tx=0x7f1628009250 comp rx=0 tx=0).ready entity=mon.0 client_cookie=b5d2369da0b929b8 server_cookie=0 in_seq=0 out_seq=0
2023-10-07T23:08:15.166 INFO:teuthology.orchestra.run.smithi067.stdout:/usr/bin/ceph: stderr
2023-10-07T23:08:14.535+0000 7f1623fff700 1 -- 172.21.15.67:0/3365951836 <== mon.0 v2:172.21.15.67:3300/0 1 ==== mon_map magic: 0 v1 ==== 205+0+0 (secure 0 0 0) 0x7f1628009e80 con 0x7f162c078d00
2023-10-07T23:08:15.166 INFO:teuthology.orchestra.run.smithi067.stdout:/usr/bin/ceph: stderr
2023-10-07T23:08:14.535+0000 7f1623fff700 1 -- 172.21.15.67:0/3365951836 <== mon.0 v2:172.21.15.67:3300/0 2 ==== config(26 keys) v1 ==== 1074+0+0 (secure 0 0 0) 0x7f162800bd10 con 0x7f162c078d00
2023-10-07T23:08:15.166 INFO:teuthology.orchestra.run.smithi067.stdout:/usr/bin/ceph: stderr
2023-10-07T23:08:14.535+0000 7f1623fff700 1 -- 172.21.15.67:0/3365951836 <== mon.0 v2:172.21.15.67:3300/0 3 ==== mon_map magic: 0 v1 ==== 205+0+0 (secure 0 0 0) 0x7f1628011ce0 con 0x7f162c078d00
2023-10-07T23:08:15.166 INFO:teuthology.orchestra.run.smithi067.stdout:/usr/bin/ceph: stderr
2023-10-07T23:08:14.535+0000 7f16336ca700 1 -- 172.21.15.67:0/3365951836 >> [v2:172.21.15.67:3300/0,v1:172.21.15.67:6789/0] conn(0x7f162c078d00 msgr2=0x7f162c077210 secure :-1 s=STATE_CONNECTION_ESTABLISHED l=1).mark_down
2023-10-07T23:08:15.166 INFO:teuthology.orchestra.run.smithi067.stdout:/usr/bin/ceph: stderr
2023-10-07T23:08:14.535+0000 7f16336ca700 1 --2- 172.21.15.67:0/3365951836 >> [v2:172.21.15.67:3300/0,v1:172.21.15.67:6789/0] conn(0x7f162c078d00 0x7f162c077210 secure :-1 s=READY pgs=49 cs=0 l=1 rev1=1 crypto rx=0x7f16280098e0 tx=0x7f1628009250 comp rx=0 tx=0).stop
2023-10-07T23:08:15.166 INFO:teuthology.orchestra.run.smithi067.stdout:/usr/bin/ceph: stderr
2023-10-07T23:08:14.535+0000 7f16336ca700 1 -- 172.21.15.67:0/3365951836 shutdown_connections
2023-10-07T23:08:15.166 INFO:teuthology.orchestra.run.smithi067.stdout:/usr/bin/ceph: stderr
2023-10-07T23:08:14.535+0000 7f16336ca700 1 --2- 172.21.15.67:0/3365951836 >> [v2:172.21.15.67:3300/0,v1:172.21.15.67:6789/0] conn(0x7f162c078d00 0x7f162c077210 unknown :-1 s=CLOSED pgs=49 cs=0 l=1 rev1=1 crypto rx=0 tx=0 comp rx=0 tx=0).stop
2023-10-07T23:08:15.166 INFO:teuthology.orchestra.run.smithi067.stdout:/usr/bin/ceph: stderr
2023-10-07T23:08:14.535+0000 7f16336ca700 1 -- 172.21.15.67:0/3365951836 >> 172.21.15.67:0/3365951836 conn(0x7f162c0fda80 msgr2=0x7f162c0ffeb0 unknown :-1 s=STATE_NONE l=0).mark_down
2023-10-07T23:08:15.167 INFO:teuthology.orchestra.run.smithi067.stdout:/usr/bin/ceph: stderr
2023-10-07T23:08:14.535+0000 7f16336ca700 1 -- 172.21.15.67:0/3365951836 shutdown_connections
2023-10-07T23:08:15.167 INFO:teuthology.orchestra.run.smithi067.stdout:/usr/bin/ceph: stderr
2023-10-07T23:08:14.535+0000 7f16336ca700 1 -- 172.21.15.67:0/3365951836 wait complete.
2023-10-07T23:08:15.167 INFO:teuthology.orchestra.run.smithi067.stdout:/usr/bin/ceph: stderr
2023-10-07T23:08:14.536+0000 7f16336ca700 1 Processor -- start
2023-10-07T23:08:15.167 INFO:teuthology.orchestra.run.smithi067.stdout:/usr/bin/ceph: stderr
2023-10-07T23:08:14.536+0000 7f16336ca700 1 -- start start
2023-10-07T23:08:15.167 INFO:teuthology.orchestra.run.smithi067.stdout:/usr/bin/ceph: stderr
2023-10-07T23:08:14.537+0000 7f16336ca700 1 --2- >> [v2:172.21.15.67:3300/0,v1:172.21.15.67:6789/0] conn(0x7f162c078d00 0x7f162c113230 unknown :-1 s=NONE pgs=0 cs=0 l=1 rev1=0 crypto rx=0 tx=0 comp rx=0 tx=0).connect
2023-10-07T23:08:15.167 INFO:teuthology.orchestra.run.smithi067.stdout:/usr/bin/ceph: stderr
2023-10-07T23:08:14.537+0000 7f16336ca700 1 -- --> [v2:172.21.15.67:3300/0,v1:172.21.15.67:6789/0] -- mon_getmap magic: 0 v1 -- 0x7f162c113770 con 0x7f162c078d00
2023-10-07T23:08:15.167 INFO:teuthology.orchestra.run.smithi067.stdout:/usr/bin/ceph: stderr
2023-10-07T23:08:14.537+0000 7f1631466700 1 --2- >> [v2:172.21.15.67:3300/0,v1:172.21.15.67:6789/0] conn(0x7f162c078d00 0x7f162c113230 unknown :-1 s=BANNER_CONNECTING pgs=0 cs=0 l=1 rev1=0 crypto rx=0 tx=0 comp rx=0 tx=0)._handle_peer_banner_payload supported=3 required=0
2023-10-07T23:08:15.167 INFO:teuthology.orchestra.run.smithi067.stdout:/usr/bin/ceph: stderr
2023-10-07T23:08:14.537+0000 7f1631466700 1 --2- >> [v2:172.21.15.67:3300/0,v1:172.21.15.67:6789/0] conn(0x7f162c078d00 0x7f162c113230 unknown :-1 s=HELLO_CONNECTING pgs=0 cs=0 l=1 rev1=1 crypto rx=0 tx=0 comp rx=0 tx=0).handle_hello peer v2:172.21.15.67:3300/0 says I am v2:172.21.15.67:44220/0 (socket says 172.21.15.67:44220)
2023-10-07T23:08:15.167 INFO:teuthology.orchestra.run.smithi067.stdout:/usr/bin/ceph: stderr
2023-10-07T23:08:14.537+0000 7f1631466700 1 -- 172.21.15.67:0/2099574202 learned_addr learned my addr 172.21.15.67:0/2099574202 (peer_addr_for_me v2:172.21.15.67:0/0)
2023-10-07T23:08:15.168 INFO:teuthology.orchestra.run.smithi067.stdout:/usr/bin/ceph: stderr
2023-10-07T23:08:14.537+0000 7f1631466700 1 -- 172.21.15.67:0/2099574202 --> [v2:172.21.15.67:3300/0,v1:172.21.15.67:6789/0] -- mon_subscribe({config=0+,monmap=0+}) v3 -- 0x7f16280094f0 con 0x7f162c078d00
2023-10-07T23:08:15.168 INFO:teuthology.orchestra.run.smithi067.stdout:/usr/bin/ceph: stderr
2023-10-07T23:08:14.537+0000 7f1631466700 1 --2- 172.21.15.67:0/2099574202 >> [v2:172.21.15.67:3300/0,v1:172.21.15.67:6789/0] conn(0x7f162c078d00 0x7f162c113230 secure :-1 s=READY pgs=50 cs=0 l=1 rev1=1 crypto rx=0x7f1628011970 tx=0x7f1628009250 comp rx=0 tx=0).ready entity=mon.0 client_cookie=0 server_cookie=0 in_seq=0 out_seq=0
2023-10-07T23:08:15.168 INFO:teuthology.orchestra.run.smithi067.stdout:/usr/bin/ceph: stderr
2023-10-07T23:08:14.538+0000 7f1621ffb700 1 -- 172.21.15.67:0/2099574202 <== mon.0 v2:172.21.15.67:3300/0 1 ==== mon_map magic: 0 v1 ==== 205+0+0 (secure 0 0 0) 0x7f1628009e80 con 0x7f162c078d00
2023-10-07T23:08:15.168 INFO:teuthology.orchestra.run.smithi067.stdout:/usr/bin/ceph: stderr
2023-10-07T23:08:14.538+0000 7f1621ffb700 1 -- 172.21.15.67:0/2099574202 <== mon.0 v2:172.21.15.67:3300/0 2 ==== config(26 keys) v1 ==== 1074+0+0 (secure 0 0 0) 0x7f162801aaf0 con 0x7f162c078d00
2023-10-07T23:08:15.168 INFO:teuthology.orchestra.run.smithi067.stdout:/usr/bin/ceph: stderr
2023-10-07T23:08:14.538+0000 7f1621ffb700 1 -- 172.21.15.67:0/2099574202 <== mon.0 v2:172.21.15.67:3300/0 3 ==== mon_map magic: 0 v1 ==== 205+0+0 (secure 0 0 0) 0x7f1628022a90 con 0x7f162c078d00
2023-10-07T23:08:15.168 INFO:teuthology.orchestra.run.smithi067.stdout:/usr/bin/ceph: stderr
2023-10-07T23:08:14.538+0000 7f16336ca700 1 -- 172.21.15.67:0/2099574202 --> [v2:172.21.15.67:3300/0,v1:172.21.15.67:6789/0] -- mon_subscribe({mgrmap=0+}) v3 -- 0x7f162c113970 con 0x7f162c078d00
2023-10-07T23:08:15.168 INFO:teuthology.orchestra.run.smithi067.stdout:/usr/bin/ceph: stderr
2023-10-07T23:08:14.538+0000 7f16336ca700 1 -- 172.21.15.67:0/2099574202 --> [v2:172.21.15.67:3300/0,v1:172.21.15.67:6789/0] -- mon_subscribe({osdmap=0}) v3 -- 0x7f162c113d80 con 0x7f162c078d00
2023-10-07T23:08:15.168 INFO:teuthology.orchestra.run.smithi067.stdout:/usr/bin/ceph: stderr
2023-10-07T23:08:14.539+0000 7f16336ca700 1 -- 172.21.15.67:0/2099574202 --> [v2:172.21.15.67:3300/0,v1:172.21.15.67:6789/0] -- mon_command({"prefix": "get_command_descriptions"} v 0) v1 -- 0x7f162c04bb80 con 0x7f162c078d00
2023-10-07T23:08:15.169 INFO:teuthology.orchestra.run.smithi067.stdout:/usr/bin/ceph: stderr
2023-10-07T23:08:14.539+0000 7f1621ffb700 1 -- 172.21.15.67:0/2099574202 <== mon.0 v2:172.21.15.67:3300/0 4 ==== mgrmap(e 8) v1 ==== 43265+0+0 (secure 0 0 0) 0x7f1628022400 con 0x7f162c078d00
2023-10-07T23:08:15.169 INFO:teuthology.orchestra.run.smithi067.stdout:/usr/bin/ceph: stderr
2023-10-07T23:08:14.539+0000 7f1621ffb700 1 --2- 172.21.15.67:0/2099574202 >> [v2:172.21.15.67:6800/2928618291,v1:172.21.15.67:6801/2928618291] conn(0x7f1618036610 0x7f1618038ac0 unknown :-1 s=NONE pgs=0 cs=0 l=1 rev1=0 crypto rx=0 tx=0 comp rx=0 tx=0).connect
2023-10-07T23:08:15.169 INFO:teuthology.orchestra.run.smithi067.stdout:/usr/bin/ceph: stderr
2023-10-07T23:08:14.539+0000 7f1621ffb700 1 -- 172.21.15.67:0/2099574202 <== mon.0 v2:172.21.15.67:3300/0 5 ==== osd_map(2..2 src has 1..2) v4 ==== 936+0+0 (secure 0 0 0) 0x7f162804a500 con 0x7f162c078d00
2023-10-07T23:08:15.169 INFO:teuthology.orchestra.run.smithi067.stdout:/usr/bin/ceph: stderr
