2023-10-07T23:07:51.462+0000 7f7ed2edc700 1 -- 172.21.15.67:0/443869843 >> [v2:172.21.15.67:6800/3941151123,v1:172.21.15.67:6801/3941151123] conn(0x7f7ebc0364a0 msgr2=0x7f7ebc038950 secure :-1 s=STATE_CONNECTION_ESTABLISHED l=1).mark_down
2023-10-07T23:07:51.844 INFO:teuthology.orchestra.run.smithi067.stdout:/usr/bin/ceph: stderr
2023-10-07T23:07:51.462+0000 7f7ed2edc700 1 --2- 172.21.15.67:0/443869843 >> [v2:172.21.15.67:6800/3941151123,v1:172.21.15.67:6801/3941151123] conn(0x7f7ebc0364a0 0x7f7ebc038950 secure :-1 s=READY pgs=6 cs=0 l=1 rev1=1 crypto rx=0x7f7eb8009990 tx=0x7f7eb8006e40 comp rx=0 tx=0).stop
2023-10-07T23:07:51.844 INFO:teuthology.orchestra.run.smithi067.stdout:/usr/bin/ceph: stderr
2023-10-07T23:07:51.462+0000 7f7ed2edc700 1 -- 172.21.15.67:0/443869843 >> [v2:172.21.15.67:3300/0,v1:172.21.15.67:6789/0] conn(0x7f7ecc078cc0 msgr2=0x7f7ecc113250 secure :-1 s=STATE_CONNECTION_ESTABLISHED l=1).mark_down
2023-10-07T23:07:51.844 INFO:teuthology.orchestra.run.smithi067.stdout:/usr/bin/ceph: stderr
2023-10-07T23:07:51.462+0000 7f7ed2edc700 1 --2- 172.21.15.67:0/443869843 >> [v2:172.21.15.67:3300/0,v1:172.21.15.67:6789/0] conn(0x7f7ecc078cc0 0x7f7ecc113250 secure :-1 s=READY pgs=19 cs=0 l=1 rev1=1 crypto rx=0x7f7ec0011970 tx=0x7f7ec0009250 comp rx=0 tx=0).stop
2023-10-07T23:07:51.844 INFO:teuthology.orchestra.run.smithi067.stdout:/usr/bin/ceph: stderr
2023-10-07T23:07:51.462+0000 7f7ed2edc700 1 -- 172.21.15.67:0/443869843 shutdown_connections
2023-10-07T23:07:51.844 INFO:teuthology.orchestra.run.smithi067.stdout:/usr/bin/ceph: stderr
2023-10-07T23:07:51.462+0000 7f7ed2edc700 1 --2- 172.21.15.67:0/443869843 >> [v2:172.21.15.67:6800/3941151123,v1:172.21.15.67:6801/3941151123] conn(0x7f7ebc0364a0 0x7f7ebc038950 unknown :-1 s=CLOSED pgs=6 cs=0 l=1 rev1=1 crypto rx=0 tx=0 comp rx=0 tx=0).stop
2023-10-07T23:07:51.845 INFO:teuthology.orchestra.run.smithi067.stdout:/usr/bin/ceph: stderr
2023-10-07T23:07:51.462+0000 7f7ed2edc700 1 --2- 172.21.15.67:0/443869843 >> [v2:172.21.15.67:3300/0,v1:172.21.15.67:6789/0] conn(0x7f7ecc078cc0 0x7f7ecc113250 unknown :-1 s=CLOSED pgs=19 cs=0 l=1 rev1=1 crypto rx=0 tx=0 comp rx=0 tx=0).stop
2023-10-07T23:07:51.845 INFO:teuthology.orchestra.run.smithi067.stdout:/usr/bin/ceph: stderr
2023-10-07T23:07:51.462+0000 7f7ed2edc700 1 -- 172.21.15.67:0/443869843 >> 172.21.15.67:0/443869843 conn(0x7f7ecc0fda80 msgr2=0x7f7ecc0fe800 unknown :-1 s=STATE_NONE l=0).mark_down
2023-10-07T23:07:51.845 INFO:teuthology.orchestra.run.smithi067.stdout:/usr/bin/ceph: stderr
2023-10-07T23:07:51.463+0000 7f7ed2edc700 1 -- 172.21.15.67:0/443869843 shutdown_connections
2023-10-07T23:07:51.845 INFO:teuthology.orchestra.run.smithi067.stdout:/usr/bin/ceph: stderr
2023-10-07T23:07:51.463+0000 7f7ed2edc700 1 -- 172.21.15.67:0/443869843 wait complete.
2023-10-07T23:07:51.845 INFO:teuthology.orchestra.run.smithi067.stdout:mgr is available
2023-10-07T23:07:52.073 INFO:journalctl@ceph.mon.a.smithi067.stdout:Oct 07 23:07:51 smithi067 ceph-mon[82723]: mgrmap e3: x(active, since 1.00844s)
2023-10-07T23:07:52.073 INFO:journalctl@ceph.mon.a.smithi067.stdout:Oct 07 23:07:51 smithi067 ceph-mon[82723]: from='client.? 172.21.15.67:0/443869843' entity='client.admin' cmd=[{"prefix": "status", "format": "json-pretty"}]: dispatch
2023-10-07T23:07:52.910 INFO:teuthology.orchestra.run.smithi067.stdout:/usr/bin/ceph: stdout
2023-10-07T23:07:52.910 INFO:teuthology.orchestra.run.smithi067.stdout:/usr/bin/ceph: stdout [global]
2023-10-07T23:07:52.911 INFO:teuthology.orchestra.run.smithi067.stdout:/usr/bin/ceph: stdout fsid = 227de690-6566-11ee-8db5-212e2dc638e7
2023-10-07T23:07:52.911 INFO:teuthology.orchestra.run.smithi067.stdout:/usr/bin/ceph: stdout mon_osd_allow_pg_remap = true
2023-10-07T23:07:52.911 INFO:teuthology.orchestra.run.smithi067.stdout:/usr/bin/ceph: stdout mon_osd_allow_primary_affinity = true
2023-10-07T23:07:52.911 INFO:teuthology.orchestra.run.smithi067.stdout:/usr/bin/ceph: stdout mon_warn_on_no_sortbitwise = false
2023-10-07T23:07:52.911 INFO:teuthology.orchestra.run.smithi067.stdout:/usr/bin/ceph: stdout osd_crush_chooseleaf_type = 0
2023-10-07T23:07:52.911 INFO:teuthology.orchestra.run.smithi067.stdout:/usr/bin/ceph: stdout
2023-10-07T23:07:52.911 INFO:teuthology.orchestra.run.smithi067.stdout:/usr/bin/ceph: stdout [mgr]
2023-10-07T23:07:52.911 INFO:teuthology.orchestra.run.smithi067.stdout:/usr/bin/ceph: stdout mgr/telemetry/nag = false
2023-10-07T23:07:52.911 INFO:teuthology.orchestra.run.smithi067.stdout:/usr/bin/ceph: stdout
2023-10-07T23:07:52.911 INFO:teuthology.orchestra.run.smithi067.stdout:/usr/bin/ceph: stdout [osd]
2023-10-07T23:07:52.911 INFO:teuthology.orchestra.run.smithi067.stdout:/usr/bin/ceph: stdout mon_osd_backfillfull_ratio = 0.85
2023-10-07T23:07:52.912 INFO:teuthology.orchestra.run.smithi067.stdout:/usr/bin/ceph: stdout mon_osd_full_ratio = 0.9
2023-10-07T23:07:52.912 INFO:teuthology.orchestra.run.smithi067.stdout:/usr/bin/ceph: stdout mon_osd_nearfull_ratio = 0.8
2023-10-07T23:07:52.912 INFO:teuthology.orchestra.run.smithi067.stdout:/usr/bin/ceph: stdout osd_map_max_advance = 10
2023-10-07T23:07:52.912 INFO:teuthology.orchestra.run.smithi067.stdout:/usr/bin/ceph: stdout osd_sloppy_crc = true
2023-10-07T23:07:52.912 INFO:teuthology.orchestra.run.smithi067.stdout:/usr/bin/ceph: stderr
2023-10-07T23:07:52.325+0000 7f819bf11700 1 Processor -- start
2023-10-07T23:07:52.912 INFO:teuthology.orchestra.run.smithi067.stdout:/usr/bin/ceph: stderr
2023-10-07T23:07:52.325+0000 7f819bf11700 1 -- start start
2023-10-07T23:07:52.912 INFO:teuthology.orchestra.run.smithi067.stdout:/usr/bin/ceph: stderr
2023-10-07T23:07:52.325+0000 7f819bf11700 1 --2- >> [v2:172.21.15.67:3300/0,v1:172.21.15.67:6789/0] conn(0x7f8194076bc0 0x7f8194107390 unknown :-1 s=NONE pgs=0 cs=0 l=0 rev1=0 crypto rx=0 tx=0 comp rx=0 tx=0).connect
2023-10-07T23:07:52.912 INFO:teuthology.orchestra.run.smithi067.stdout:/usr/bin/ceph: stderr
2023-10-07T23:07:52.325+0000 7f819bf11700 1 -- --> [v2:172.21.15.67:3300/0,v1:172.21.15.67:6789/0] -- mon_getmap magic: 0 v1 -- 0x7f8194102d80 con 0x7f8194076bc0
2023-10-07T23:07:52.912 INFO:teuthology.orchestra.run.smithi067.stdout:/usr/bin/ceph: stderr
2023-10-07T23:07:52.326+0000 7f8199cad700 1 --2- >> [v2:172.21.15.67:3300/0,v1:172.21.15.67:6789/0] conn(0x7f8194076bc0 0x7f8194107390 unknown :-1 s=BANNER_CONNECTING pgs=0 cs=0 l=0 rev1=0 crypto rx=0 tx=0 comp rx=0 tx=0)._handle_peer_banner_payload supported=3 required=0
2023-10-07T23:07:52.912 INFO:teuthology.orchestra.run.smithi067.stdout:/usr/bin/ceph: stderr
2023-10-07T23:07:52.326+0000 7f8199cad700 1 --2- >> [v2:172.21.15.67:3300/0,v1:172.21.15.67:6789/0] conn(0x7f8194076bc0 0x7f8194107390 unknown :-1 s=HELLO_CONNECTING pgs=0 cs=0 l=0 rev1=1 crypto rx=0 tx=0 comp rx=0 tx=0).handle_hello peer v2:172.21.15.67:3300/0 says I am v2:172.21.15.67:46950/0 (socket says 172.21.15.67:46950)
2023-10-07T23:07:52.912 INFO:teuthology.orchestra.run.smithi067.stdout:/usr/bin/ceph: stderr
2023-10-07T23:07:52.326+0000 7f8199cad700 1 -- 172.21.15.67:0/1349027833 learned_addr learned my addr 172.21.15.67:0/1349027833 (peer_addr_for_me v2:172.21.15.67:0/0)
2023-10-07T23:07:52.912 INFO:teuthology.orchestra.run.smithi067.stdout:/usr/bin/ceph: stderr
2023-10-07T23:07:52.326+0000 7f8199cad700 1 -- 172.21.15.67:0/1349027833 --> [v2:172.21.15.67:3300/0,v1:172.21.15.67:6789/0] -- mon_subscribe({config=0+,monmap=0+}) v3 -- 0x7f81941078d0 con 0x7f8194076bc0
2023-10-07T23:07:52.913 INFO:teuthology.orchestra.run.smithi067.stdout:/usr/bin/ceph: stderr
2023-10-07T23:07:52.326+0000 7f8199cad700 1 --2- 172.21.15.67:0/1349027833 >> [v2:172.21.15.67:3300/0,v1:172.21.15.67:6789/0] conn(0x7f8194076bc0 0x7f8194107390 secure :-1 s=READY pgs=20 cs=0 l=1 rev1=1 crypto rx=0x7f81900098e0 tx=0x7f8190009250 comp rx=0 tx=0).ready entity=mon.0 client_cookie=f7b04e4451077d81 server_cookie=0 in_seq=0 out_seq=0
2023-10-07T23:07:52.913 INFO:teuthology.orchestra.run.smithi067.stdout:/usr/bin/ceph: stderr
2023-10-07T23:07:52.327+0000 7f8198cab700 1 -- 172.21.15.67:0/1349027833 <== mon.0 v2:172.21.15.67:3300/0 1 ==== mon_map magic: 0 v1 ==== 205+0+0 (secure 0 0 0) 0x7f8190009e80 con 0x7f8194076bc0
2023-10-07T23:07:52.913 INFO:teuthology.orchestra.run.smithi067.stdout:/usr/bin/ceph: stderr
2023-10-07T23:07:52.327+0000 7f8198cab700 1 -- 172.21.15.67:0/1349027833 <== mon.0 v2:172.21.15.67:3300/0 2 ==== config(26 keys) v1 ==== 1074+0+0 (secure 0 0 0) 0x7f819000bd10 con 0x7f8194076bc0
2023-10-07T23:07:52.913 INFO:teuthology.orchestra.run.smithi067.stdout:/usr/bin/ceph: stderr
2023-10-07T23:07:52.327+0000 7f8198cab700 1 -- 172.21.15.67:0/1349027833 <== mon.0 v2:172.21.15.67:3300/0 3 ==== mon_map magic: 0 v1 ==== 205+0+0 (secure 0 0 0) 0x7f8190011ce0 con 0x7f8194076bc0
2023-10-07T23:07:52.913 INFO:teuthology.orchestra.run.smithi067.stdout:/usr/bin/ceph: stderr
2023-10-07T23:07:52.327+0000 7f819bf11700 1 -- 172.21.15.67:0/1349027833 >> [v2:172.21.15.67:3300/0,v1:172.21.15.67:6789/0] conn(0x7f8194076bc0 msgr2=0x7f8194107390 secure :-1 s=STATE_CONNECTION_ESTABLISHED l=1).mark_down
2023-10-07T23:07:52.913 INFO:teuthology.orchestra.run.smithi067.stdout:/usr/bin/ceph: stderr
2023-10-07T23:07:52.327+0000 7f819bf11700 1 --2- 172.21.15.67:0/1349027833 >> [v2:172.21.15.67:3300/0,v1:172.21.15.67:6789/0] conn(0x7f8194076bc0 0x7f8194107390 secure :-1 s=READY pgs=20 cs=0 l=1 rev1=1 crypto rx=0x7f81900098e0 tx=0x7f8190009250 comp rx=0 tx=0).stop
2023-10-07T23:07:52.913 INFO:teuthology.orchestra.run.smithi067.stdout:/usr/bin/ceph: stderr
2023-10-07T23:07:52.327+0000 7f819bf11700 1 -- 172.21.15.67:0/1349027833 shutdown_connections
2023-10-07T23:07:52.913 INFO:teuthology.orchestra.run.smithi067.stdout:/usr/bin/ceph: stderr
2023-10-07T23:07:52.327+0000 7f819bf11700 1 --2- 172.21.15.67:0/1349027833 >> [v2:172.21.15.67:3300/0,v1:172.21.15.67:6789/0] conn(0x7f8194076bc0 0x7f8194107390 unknown :-1 s=CLOSED pgs=20 cs=0 l=1 rev1=1 crypto rx=0 tx=0 comp rx=0 tx=0).stop
2023-10-07T23:07:52.913 INFO:teuthology.orchestra.run.smithi067.stdout:/usr/bin/ceph: stderr
2023-10-07T23:07:52.327+0000 7f819bf11700 1 -- 172.21.15.67:0/1349027833 >> 172.21.15.67:0/1349027833 conn(0x7f81940fc980 msgr2=0x7f81940fedb0 unknown :-1 s=STATE_NONE l=0).mark_down
2023-10-07T23:07:52.913 INFO:teuthology.orchestra.run.smithi067.stdout:/usr/bin/ceph: stderr
2023-10-07T23:07:52.327+0000 7f819bf11700 1 -- 172.21.15.67:0/1349027833 shutdown_connections
2023-10-07T23:07:52.913 INFO:teuthology.orchestra.run.smithi067.stdout:/usr/bin/ceph: stderr
2023-10-07T23:07:52.327+0000 7f819bf11700 1 -- 172.21.15.67:0/1349027833 wait complete.
2023-10-07T23:07:52.914 INFO:teuthology.orchestra.run.smithi067.stdout:/usr/bin/ceph: stderr
2023-10-07T23:07:52.328+0000 7f819bf11700 1 Processor -- start
2023-10-07T23:07:52.914 INFO:teuthology.orchestra.run.smithi067.stdout:/usr/bin/ceph: stderr
2023-10-07T23:07:52.328+0000 7f819bf11700 1 -- start start
2023-10-07T23:07:52.914 INFO:teuthology.orchestra.run.smithi067.stdout:/usr/bin/ceph: stderr
2023-10-07T23:07:52.329+0000 7f819bf11700 1 --2- >> [v2:172.21.15.67:3300/0,v1:172.21.15.67:6789/0] conn(0x7f8194076bc0 0x7f81941131f0 unknown :-1 s=NONE pgs=0 cs=0 l=1 rev1=0 crypto rx=0 tx=0 comp rx=0 tx=0).connect
2023-10-07T23:07:52.914 INFO:teuthology.orchestra.run.smithi067.stdout:/usr/bin/ceph: stderr
2023-10-07T23:07:52.329+0000 7f819bf11700 1 -- --> [v2:172.21.15.67:3300/0,v1:172.21.15.67:6789/0] -- mon_getmap magic: 0 v1 -- 0x7f8194113730 con 0x7f8194076bc0
2023-10-07T23:07:52.914 INFO:teuthology.orchestra.run.smithi067.stdout:/usr/bin/ceph: stderr
2023-10-07T23:07:52.329+0000 7f8199cad700 1 --2- >> [v2:172.21.15.67:3300/0,v1:172.21.15.67:6789/0] conn(0x7f8194076bc0 0x7f81941131f0 unknown :-1 s=BANNER_CONNECTING pgs=0 cs=0 l=1 rev1=0 crypto rx=0 tx=0 comp rx=0 tx=0)._handle_peer_banner_payload supported=3 required=0
2023-10-07T23:07:52.914 INFO:teuthology.orchestra.run.smithi067.stdout:/usr/bin/ceph: stderr
2023-10-07T23:07:52.329+0000 7f8199cad700 1 --2- >> [v2:172.21.15.67:3300/0,v1:172.21.15.67:6789/0] conn(0x7f8194076bc0 0x7f81941131f0 unknown :-1 s=HELLO_CONNECTING pgs=0 cs=0 l=1 rev1=1 crypto rx=0 tx=0 comp rx=0 tx=0).handle_hello peer v2:172.21.15.67:3300/0 says I am v2:172.21.15.67:46962/0 (socket says 172.21.15.67:46962)
2023-10-07T23:07:52.914 INFO:teuthology.orchestra.run.smithi067.stdout:/usr/bin/ceph: stderr
2023-10-07T23:07:52.329+0000 7f8199cad700 1 -- 172.21.15.67:0/4064803945 learned_addr learned my addr 172.21.15.67:0/4064803945 (peer_addr_for_me v2:172.21.15.67:0/0)
2023-10-07T23:07:52.914 INFO:teuthology.orchestra.run.smithi067.stdout:/usr/bin/ceph: stderr
2023-10-07T23:07:52.329+0000 7f8199cad700 1 -- 172.21.15.67:0/4064803945 --> [v2:172.21.15.67:3300/0,v1:172.21.15.67:6789/0] -- mon_subscribe({config=0+,monmap=0+}) v3 -- 0x7f81900094f0 con 0x7f8194076bc0
2023-10-07T23:07:52.914 INFO:teuthology.orchestra.run.smithi067.stdout:/usr/bin/ceph: stderr
2023-10-07T23:07:52.329+0000 7f8199cad700 1 --2- 172.21.15.67:0/4064803945 >> [v2:172.21.15.67:3300/0,v1:172.21.15.67:6789/0] conn(0x7f8194076bc0 0x7f81941131f0 secure :-1 s=READY pgs=21 cs=0 l=1 rev1=1 crypto rx=0x7f8190011970 tx=0x7f8190009250 comp rx=0 tx=0).ready entity=mon.0 client_cookie=0 server_cookie=0 in_seq=0 out_seq=0
2023-10-07T23:07:52.914 INFO:teuthology.orchestra.run.smithi067.stdout:/usr/bin/ceph: stderr
2023-10-07T23:07:52.330+0000 7f818a7fc700 1 -- 172.21.15.67:0/4064803945 <== mon.0 v2:172.21.15.67:3300/0 1 ==== mon_map magic: 0 v1 ==== 205+0+0 (secure 0 0 0) 0x7f8190009e80 con 0x7f8194076bc0
2023-10-07T23:07:52.914 INFO:teuthology.orchestra.run.smithi067.stdout:/usr/bin/ceph: stderr
2023-10-07T23:07:52.330+0000 7f818a7fc700 1 -- 172.21.15.67:0/4064803945 <== mon.0 v2:172.21.15.67:3300/0 2 ==== config(26 keys) v1 ==== 1074+0+0 (secure 0 0 0) 0x7f819001aaf0 con 0x7f8194076bc0
2023-10-07T23:07:52.914 INFO:teuthology.orchestra.run.smithi067.stdout:/usr/bin/ceph: stderr
2023-10-07T23:07:52.330+0000 7f819bf11700 1 -- 172.21.15.67:0/4064803945 --> [v2:172.21.15.67:3300/0,v1:172.21.15.67:6789/0] -- mon_subscribe({mgrmap=0+}) v3 -- 0x7f8194113930 con 0x7f8194076bc0
2023-10-07T23:07:52.915 INFO:teuthology.orchestra.run.smithi067.stdout:/usr/bin/ceph: stderr
2023-10-07T23:07:52.330+0000 7f818a7fc700 1 -- 172.21.15.67:0/4064803945 <== mon.0 v2:172.21.15.67:3300/0 3 ==== mon_map magic: 0 v1 ==== 205+0+0 (secure 0 0 0) 0x7f8190022a90 con 0x7f8194076bc0
2023-10-07T23:07:52.915 INFO:teuthology.orchestra.run.smithi067.stdout:/usr/bin/ceph: stderr
2023-10-07T23:07:52.330+0000 7f819bf11700 1 -- 172.21.15.67:0/4064803945 --> [v2:172.21.15.67:3300/0,v1:172.21.15.67:6789/0] -- mon_subscribe({osdmap=0}) v3 -- 0x7f8194113d40 con 0x7f8194076bc0
2023-10-07T23:07:52.915 INFO:teuthology.orchestra.run.smithi067.stdout:/usr/bin/ceph: stderr
2023-10-07T23:07:52.331+0000 7f818a7fc700 1 -- 172.21.15.67:0/4064803945 <== mon.0 v2:172.21.15.67:3300/0 4 ==== mgrmap(e 4) v1 ==== 43254+0+0 (secure 0 0 0) 0x7f8190022c90 con 0x7f8194076bc0
2023-10-07T23:07:52.915 INFO:teuthology.orchestra.run.smithi067.stdout:/usr/bin/ceph: stderr
2023-10-07T23:07:52.331+0000 7f819bf11700 1 -- 172.21.15.67:0/4064803945 --> [v2:172.21.15.67:3300/0,v1:172.21.15.67:6789/0] -- mon_command({"prefix": "get_command_descriptions"} v 0) v1 -- 0x7f819404bb80 con 0x7f8194076bc0
2023-10-07T23:07:52.915 INFO:teuthology.orchestra.run.smithi067.stdout:/usr/bin/ceph: stderr
2023-10-07T23:07:52.331+0000 7f818a7fc700 1 --2- 172.21.15.67:0/4064803945 >> [v2:172.21.15.67:6800/3941151123,v1:172.21.15.67:6801/3941151123] conn(0x7f8180036570 0x7f8180038a20 unknown :-1 s=NONE pgs=0 cs=0 l=1 rev1=0 crypto rx=0 tx=0 comp rx=0 tx=0).connect
2023-10-07T23:07:52.915 INFO:teuthology.orchestra.run.smithi067.stdout:/usr/bin/ceph: stderr
2023-10-07T23:07:52.331+0000 7f818a7fc700 1 -- 172.21.15.67:0/4064803945 <== mon.0 v2:172.21.15.67:3300/0 5 ==== osd_map(1..1 src has 1..1) v4 ==== 721+0+0 (secure 0 0 0) 0x7f819004a3c0 con 0x7f8194076bc0
2023-10-07T23:07:52.915 INFO:teuthology.orchestra.run.smithi067.stdout:/usr/bin/ceph: stderr
2023-10-07T23:07:52.331+0000 7f81994ac700 1 --2- 172.21.15.67:0/4064803945 >> [v2:172.21.15.67:6800/3941151123,v1:172.21.15.67:6801/3941151123] conn(0x7f8180036570 0x7f8180038a20 unknown :-1 s=BANNER_CONNECTING pgs=0 cs=0 l=1 rev1=0 crypto rx=0 tx=0 comp rx=0 tx=0)._handle_peer_banner_payload supported=3 required=0
2023-10-07T23:07:52.915 INFO:teuthology.orchestra.run.smithi067.stdout:/usr/bin/ceph: stderr
2023-10-07T23:07:52.332+0000 7f81994ac700 1 --2- 172.21.15.67:0/4064803945 >> [v2:172.21.15.67:6800/3941151123,v1:172.21.15.67:6801/3941151123] conn(0x7f8180036570 0x7f8180038a20 secure :-1 s=READY pgs=7 cs=0 l=1 rev1=1 crypto rx=0x7f8184009990 tx=0x7f8184006e40 comp rx=0 tx=0).ready entity=mgr.14100 client_cookie=0 server_cookie=0 in_seq=0 out_seq=0
2023-10-07T23:07:52.915 INFO:teuthology.orchestra.run.smithi067.stdout:/usr/bin/ceph: stderr
2023-10-07T23:07:52.336+0000 7f818a7fc700 1 -- 172.21.15.67:0/4064803945 <== mon.0 v2:172.21.15.67:3300/0 6 ==== mon_command_ack([{"prefix": "get_command_descriptions"}]=0 v0) v1 ==== 72+0+174570 (secure 0 0 0) 0x7f8190006d70 con 0x7f8194076bc0
2023-10-07T23:07:52.915 INFO:teuthology.orchestra.run.smithi067.stdout:/usr/bin/ceph: stderr
2023-10-07T23:07:52.537+0000 7f819bf11700 1 -- 172.21.15.67:0/4064803945 --> [v2:172.21.15.67:3300/0,v1:172.21.15.67:6789/0] -- mon_command({"prefix": "config assimilate-conf"} v 0) v1 -- 0x7f8194114790 con 0x7f8194076bc0
2023-10-07T23:07:52.915 INFO:teuthology.orchestra.run.smithi067.stdout:/usr/bin/ceph: stderr
2023-10-07T23:07:52.539+0000 7f818a7fc700 1 -- 172.21.15.67:0/4064803945 <== mon.0 v2:172.21.15.67:3300/0 7 ==== mon_command_ack([{"prefix": "config assimilate-conf"}]=0 v3) v1 ==== 70+0+373 (secure 0 0 0) 0x7f81900213a0 con 0x7f8194076bc0
2023-10-07T23:07:52.916 INFO:teuthology.orchestra.run.smithi067.stdout:/usr/bin/ceph: stderr
2023-10-07T23:07:52.541+0000 7f819bf11700 1 -- 172.21.15.67:0/4064803945 >> [v2:172.21.15.67:6800/3941151123,v1:172.21.15.67:6801/3941151123] conn(0x7f8180036570 msgr2=0x7f8180038a20 secure :-1 s=STATE_CONNECTION_ESTABLISHED l=1).mark_down
2023-10-07T23:07:52.916 INFO:teuthology.orchestra.run.smithi067.stdout:/usr/bin/ceph: stderr
2023-10-07T23:07:52.541+0000 7f819bf11700 1 --2- 172.21.15.67:0/4064803945 >> [v2:172.21.15.67:6800/3941151123,v1:172.21.15.67:6801/3941151123] conn(0x7f8180036570 0x7f8180038a20 secure :-1 s=READY pgs=7 cs=0 l=1 rev1=1 crypto rx=0x7f8184009990 tx=0x7f8184006e40 comp rx=0 tx=0).stop
2023-10-07T23:07:52.916 INFO:teuthology.orchestra.run.smithi067.stdout:/usr/bin/ceph: stderr
2023-10-07T23:07:52.541+0000 7f819bf11700 1 -- 172.21.15.67:0/4064803945 >> [v2:172.21.15.67:3300/0,v1:172.21.15.67:6789/0] conn(0x7f8194076bc0 msgr2=0x7f81941131f0 secure :-1 s=STATE_CONNECTION_ESTABLISHED l=1).mark_down
2023-10-07T23:07:52.916 INFO:teuthology.orchestra.run.smithi067.stdout:/usr/bin/ceph: stderr
2023-10-07T23:07:52.541+0000 7f819bf11700 1 --2- 172.21.15.67:0/4064803945 >> [v2:172.21.15.67:3300/0,v1:172.21.15.67:6789/0] conn(0x7f8194076bc0 0x7f81941131f0 secure :-1 s=READY pgs=21 cs=0 l=1 rev1=1 crypto rx=0x7f8190011970 tx=0x7f8190009250 comp rx=0 tx=0).stop
2023-10-07T23:07:52.916 INFO:teuthology.orchestra.run.smithi067.stdout:/usr/bin/ceph: stderr
2023-10-07T23:07:52.541+0000 7f819bf11700 1 -- 172.21.15.67:0/4064803945 shutdown_connections
2023-10-07T23:07:52.916 INFO:teuthology.orchestra.run.smithi067.stdout:/usr/bin/ceph: stderr
2023-10-07T23:07:52.541+0000 7f819bf11700 1 --2- 172.21.15.67:0/4064803945 >> [v2:172.21.15.67:6800/3941151123,v1:172.21.15.67:6801/3941151123] conn(0x7f8180036570 0x7f8180038a20 unknown :-1 s=CLOSED pgs=7 cs=0 l=1 rev1=1 crypto rx=0 tx=0 comp rx=0 tx=0).stop
2023-10-07T23:07:52.916 INFO:teuthology.orchestra.run.smithi067.stdout:/usr/bin/ceph: stderr
2023-10-07T23:07:52.541+0000 7f819bf11700 1 --2- 172.21.15.67:0/4064803945 >> [v2:172.21.15.67:3300/0,v1:172.21.15.67:6789/0] conn(0x7f8194076bc0 0x7f81941131f0 unknown :-1 s=CLOSED pgs=21 cs=0 l=1 rev1=1 crypto rx=0 tx=0 comp rx=0 tx=0).stop
2023-10-07T23:07:52.916 INFO:teuthology.orchestra.run.smithi067.stdout:/usr/bin/ceph: stderr
2023-10-07T23:07:52.541+0000 7f819bf11700 1 -- 172.21.15.67:0/4064803945 >> 172.21.15.67:0/4064803945 conn(0x7f81940fc980 msgr2=0x7f81940fd690 unknown :-1 s=STATE_NONE l=0).mark_down
2023-10-07T23:07:52.916 INFO:teuthology.orchestra.run.smithi067.stdout:/usr/bin/ceph: stderr
2023-10-07T23:07:52.541+0000 7f819bf11700 1 -- 172.21.15.67:0/4064803945 shutdown_connections
2023-10-07T23:07:52.916 INFO:teuthology.orchestra.run.smithi067.stdout:/usr/bin/ceph: stderr
2023-10-07T23:07:52.541+0000 7f819bf11700 1 -- 172.21.15.67:0/4064803945 wait complete.
2023-10-07T23:07:52.916 INFO:teuthology.orchestra.run.smithi067.stdout:Enabling cephadm module...
2023-10-07T23:07:53.193 INFO:journalctl@ceph.mon.a.smithi067.stdout:Oct 07 23:07:52 smithi067 ceph-mon[82723]: mgrmap e4: x(active, since 2s)
2023-10-07T23:07:53.193 INFO:journalctl@ceph.mon.a.smithi067.stdout:Oct 07 23:07:52 smithi067 ceph-mon[82723]: from='client.? 172.21.15.67:0/4064803945' entity='client.admin' cmd=[{"prefix": "config assimilate-conf"}]: dispatch
2023-10-07T23:07:54.152 INFO:journalctl@ceph.mon.a.smithi067.stdout:Oct 07 23:07:53 smithi067 ceph-mon[82723]: from='client.? 172.21.15.67:0/3205950394' entity='client.admin' cmd=[{"prefix": "mgr module enable", "module": "cephadm"}]: dispatch
2023-10-07T23:07:54.152 INFO:journalctl@ceph.mgr.x.smithi067.stdout:Oct 07 23:07:53 smithi067 conmon[83139]: ignoring --setuser ceph since I am not root
2023-10-07T23:07:54.153 INFO:journalctl@ceph.mgr.x.smithi067.stdout:Oct 07 23:07:53 smithi067 conmon[83139]: ignoring --setgroup ceph since I am not root
2023-10-07T23:07:54.383 INFO:teuthology.orchestra.run.smithi067.stdout:/usr/bin/ceph: stderr
2023-10-07T23:07:53.441+0000 7f422a030700 1 Processor -- start
2023-10-07T23:07:54.383 INFO:teuthology.orchestra.run.smithi067.stdout:/usr/bin/ceph: stderr
2023-10-07T23:07:53.442+0000 7f422a030700 1 -- start start
2023-10-07T23:07:54.383 INFO:teuthology.orchestra.run.smithi067.stdout:/usr/bin/ceph: stderr
2023-10-07T23:07:53.442+0000 7f422a030700 1 --2- >> [v2:172.21.15.67:3300/0,v1:172.21.15.67:6789/0] conn(0x7f4224078cc0 0x7f42240771d0 unknown :-1 s=NONE pgs=0 cs=0 l=0 rev1=0 crypto rx=0 tx=0 comp rx=0 tx=0).connect
2023-10-07T23:07:54.383 INFO:teuthology.orchestra.run.smithi067.stdout:/usr/bin/ceph: stderr
2023-10-07T23:07:53.442+0000 7f422a030700 1 -- --> [v2:172.21.15.67:3300/0,v1:172.21.15.67:6789/0] -- mon_getmap magic: 0 v1 -- 0x7f42240790d0 con 0x7f4224078cc0
2023-10-07T23:07:54.383 INFO:teuthology.orchestra.run.smithi067.stdout:/usr/bin/ceph: stderr
2023-10-07T23:07:53.442+0000 7f42237fe700 1 --2- >> [v2:172.21.15.67:3300/0,v1:172.21.15.67:6789/0] conn(0x7f4224078cc0 0x7f42240771d0 unknown :-1 s=BANNER_CONNECTING pgs=0 cs=0 l=0 rev1=0 crypto rx=0 tx=0 comp rx=0 tx=0)._handle_peer_banner_payload supported=3 required=0
2023-10-07T23:07:54.385 INFO:teuthology.orchestra.run.smithi067.stdout:/usr/bin/ceph: stderr
2023-10-07T23:07:53.442+0000 7f42237fe700 1 --2- >> [v2:172.21.15.67:3300/0,v1:172.21.15.67:6789/0] conn(0x7f4224078cc0 0x7f42240771d0 unknown :-1 s=HELLO_CONNECTING pgs=0 cs=0 l=0 rev1=1 crypto rx=0 tx=0 comp rx=0 tx=0).handle_hello peer v2:172.21.15.67:3300/0 says I am v2:172.21.15.67:46978/0 (socket says 172.21.15.67:46978)
2023-10-07T23:07:54.385 INFO:teuthology.orchestra.run.smithi067.stdout:/usr/bin/ceph: stderr
2023-10-07T23:07:53.442+0000 7f42237fe700 1 -- 172.21.15.67:0/1141863622 learned_addr learned my addr 172.21.15.67:0/1141863622 (peer_addr_for_me v2:172.21.15.67:0/0)
2023-10-07T23:07:54.385 INFO:teuthology.orchestra.run.smithi067.stdout:/usr/bin/ceph: stderr
2023-10-07T23:07:53.443+0000 7f42237fe700 1 -- 172.21.15.67:0/1141863622 --> [v2:172.21.15.67:3300/0,v1:172.21.15.67:6789/0] -- mon_subscribe({config=0+,monmap=0+}) v3 -- 0x7f4224077710 con 0x7f4224078cc0
2023-10-07T23:07:54.385 INFO:teuthology.orchestra.run.smithi067.stdout:/usr/bin/ceph: stderr
2023-10-07T23:07:53.443+0000 7f42237fe700 1 --2- 172.21.15.67:0/1141863622 >> [v2:172.21.15.67:3300/0,v1:172.21.15.67:6789/0] conn(0x7f4224078cc0 0x7f42240771d0 secure :-1 s=READY pgs=22 cs=0 l=1 rev1=1 crypto rx=0x7f42140098e0 tx=0x7f4214009250 comp rx=0 tx=0).ready entity=mon.0 client_cookie=2075d620aea32b7d server_cookie=0 in_seq=0 out_seq=0
2023-10-07T23:07:54.385 INFO:teuthology.orchestra.run.smithi067.stdout:/usr/bin/ceph: stderr
2023-10-07T23:07:53.443+0000 7f42227fc700 1 -- 172.21.15.67:0/1141863622 <== mon.0 v2:172.21.15.67:3300/0 1 ==== mon_map magic: 0 v1 ==== 205+0+0 (secure 0 0 0) 0x7f4214009e80 con 0x7f4224078cc0
2023-10-07T23:07:54.385 INFO:teuthology.orchestra.run.smithi067.stdout:/usr/bin/ceph: stderr
2023-10-07T23:07:53.443+0000 7f42227fc700 1 -- 172.21.15.67:0/1141863622 <== mon.0 v2:172.21.15.67:3300/0 2 ==== config(26 keys) v1 ==== 1074+0+0 (secure 0 0 0) 0x7f421400bd10 con 0x7f4224078cc0
2023-10-07T23:07:54.385 INFO:teuthology.orchestra.run.smithi067.stdout:/usr/bin/ceph: stderr
2023-10-07T23:07:53.443+0000 7f42227fc700 1 -- 172.21.15.67:0/1141863622 <== mon.0 v2:172.21.15.67:3300/0 3 ==== mon_map magic: 0 v1 ==== 205+0+0 (secure 0 0 0) 0x7f4214011ce0 con 0x7f4224078cc0
2023-10-07T23:07:54.385 INFO:teuthology.orchestra.run.smithi067.stdout:/usr/bin/ceph: stderr
2023-10-07T23:07:53.444+0000 7f422a030700 1 -- 172.21.15.67:0/1141863622 >> [v2:172.21.15.67:3300/0,v1:172.21.15.67:6789/0] conn(0x7f4224078cc0 msgr2=0x7f42240771d0 secure :-1 s=STATE_CONNECTION_ESTABLISHED l=1).mark_down
2023-10-07T23:07:54.385 INFO:teuthology.orchestra.run.smithi067.stdout:/usr/bin/ceph: stderr
2023-10-07T23:07:53.444+0000 7f422a030700 1 --2- 172.21.15.67:0/1141863622 >> [v2:172.21.15.67:3300/0,v1:172.21.15.67:6789/0] conn(0x7f4224078cc0 0x7f42240771d0 secure :-1 s=READY pgs=22 cs=0 l=1 rev1=1 crypto rx=0x7f42140098e0 tx=0x7f4214009250 comp rx=0 tx=0).stop
2023-10-07T23:07:54.386 INFO:teuthology.orchestra.run.smithi067.stdout:/usr/bin/ceph: stderr
2023-10-07T23:07:53.444+0000 7f422a030700 1 -- 172.21.15.67:0/1141863622 shutdown_connections
2023-10-07T23:07:54.386 INFO:teuthology.orchestra.run.smithi067.stdout:/usr/bin/ceph: stderr
2023-10-07T23:07:53.444+0000 7f422a030700 1 --2- 172.21.15.67:0/1141863622 >> [v2:172.21.15.67:3300/0,v1:172.21.15.67:6789/0] conn(0x7f4224078cc0 0x7f42240771d0 unknown :-1 s=CLOSED pgs=22 cs=0 l=1 rev1=1 crypto rx=0 tx=0 comp rx=0 tx=0).stop
2023-10-07T23:07:54.386 INFO:teuthology.orchestra.run.smithi067.stdout:/usr/bin/ceph: stderr
2023-10-07T23:07:53.444+0000 7f422a030700 1 -- 172.21.15.67:0/1141863622 >> 172.21.15.67:0/1141863622 conn(0x7f42240fdaa0 msgr2=0x7f42240ffeb0 unknown :-1 s=STATE_NONE l=0).mark_down
2023-10-07T23:07:54.386 INFO:teuthology.orchestra.run.smithi067.stdout:/usr/bin/ceph: stderr
2023-10-07T23:07:53.444+0000 7f422a030700 1 -- 172.21.15.67:0/1141863622 shutdown_connections
2023-10-07T23:07:54.386 INFO:teuthology.orchestra.run.smithi067.stdout:/usr/bin/ceph: stderr
2023-10-07T23:07:53.444+0000 7f422a030700 1 -- 172.21.15.67:0/1141863622 wait complete.
2023-10-07T23:07:54.386 INFO:teuthology.orchestra.run.smithi067.stdout:/usr/bin/ceph: stderr
2023-10-07T23:07:53.445+0000 7f422a030700 1 Processor -- start
2023-10-07T23:07:54.386 INFO:teuthology.orchestra.run.smithi067.stdout:/usr/bin/ceph: stderr
2023-10-07T23:07:53.445+0000 7f422a030700 1 -- start start
2023-10-07T23:07:54.386 INFO:teuthology.orchestra.run.smithi067.stdout:/usr/bin/ceph: stderr
2023-10-07T23:07:53.445+0000 7f422a030700 1 --2- >> [v2:172.21.15.67:3300/0,v1:172.21.15.67:6789/0] conn(0x7f4224078cc0 0x7f42241131b0 unknown :-1 s=NONE pgs=0 cs=0 l=1 rev1=0 crypto rx=0 tx=0 comp rx=0 tx=0).connect
2023-10-07T23:07:54.386 INFO:teuthology.orchestra.run.smithi067.stdout:/usr/bin/ceph: stderr
2023-10-07T23:07:53.445+0000 7f422a030700 1 -- --> [v2:172.21.15.67:3300/0,v1:172.21.15.67:6789/0] -- mon_getmap magic: 0 v1 -- 0x7f42241136f0 con 0x7f4224078cc0
2023-10-07T23:07:54.386 INFO:teuthology.orchestra.run.smithi067.stdout:/usr/bin/ceph: stderr
2023-10-07T23:07:53.445+0000 7f42237fe700 1 --2- >> [v2:172.21.15.67:3300/0,v1:172.21.15.67:6789/0] conn(0x7f4224078cc0 0x7f42241131b0 unknown :-1 s=BANNER_CONNECTING pgs=0 cs=0 l=1 rev1=0 crypto rx=0 tx=0 comp rx=0 tx=0)._handle_peer_banner_payload supported=3 required=0
2023-10-07T23:07:54.386 INFO:teuthology.orchestra.run.smithi067.stdout:/usr/bin/ceph: stderr
2023-10-07T23:07:53.445+0000 7f42237fe700 1 --2- >> [v2:172.21.15.67:3300/0,v1:172.21.15.67:6789/0] conn(0x7f4224078cc0 0x7f42241131b0 unknown :-1 s=HELLO_CONNECTING pgs=0 cs=0 l=1 rev1=1 crypto rx=0 tx=0 comp rx=0 tx=0).handle_hello peer v2:172.21.15.67:3300/0 says I am v2:172.21.15.67:46988/0 (socket says 172.21.15.67:46988)
2023-10-07T23:07:54.387 INFO:teuthology.orchestra.run.smithi067.stdout:/usr/bin/ceph: stderr
2023-10-07T23:07:53.445+0000 7f42237fe700 1 -- 172.21.15.67:0/3205950394 learned_addr learned my addr 172.21.15.67:0/3205950394 (peer_addr_for_me v2:172.21.15.67:0/0)
2023-10-07T23:07:54.387 INFO:teuthology.orchestra.run.smithi067.stdout:/usr/bin/ceph: stderr
2023-10-07T23:07:53.446+0000 7f42237fe700 1 -- 172.21.15.67:0/3205950394 --> [v2:172.21.15.67:3300/0,v1:172.21.15.67:6789/0] -- mon_subscribe({config=0+,monmap=0+}) v3 -- 0x7f42140094f0 con 0x7f4224078cc0
2023-10-07T23:07:54.387 INFO:teuthology.orchestra.run.smithi067.stdout:/usr/bin/ceph: stderr
2023-10-07T23:07:53.446+0000 7f42237fe700 1 --2- 172.21.15.67:0/3205950394 >> [v2:172.21.15.67:3300/0,v1:172.21.15.67:6789/0] conn(0x7f4224078cc0 0x7f42241131b0 secure :-1 s=READY pgs=23 cs=0 l=1 rev1=1 crypto rx=0x7f4214011650 tx=0x7f4214009250 comp rx=0 tx=0).ready entity=mon.0 client_cookie=0 server_cookie=0 in_seq=0 out_seq=0
2023-10-07T23:07:54.387 INFO:teuthology.orchestra.run.smithi067.stdout:/usr/bin/ceph: stderr
2023-10-07T23:07:53.446+0000 7f420bfff700 1 -- 172.21.15.67:0/3205950394 <== mon.0 v2:172.21.15.67:3300/0 1 ==== mon_map magic: 0 v1 ==== 205+0+0 (secure 0 0 0) 0x7f421401a640 con 0x7f4224078cc0
2023-10-07T23:07:54.387 INFO:teuthology.orchestra.run.smithi067.stdout:/usr/bin/ceph: stderr
2023-10-07T23:07:53.446+0000 7f420bfff700 1 -- 172.21.15.67:0/3205950394 <== mon.0 v2:172.21.15.67:3300/0 2 ==== config(26 keys) v1 ==== 1074+0+0 (secure 0 0 0) 0x7f421401ac50 con 0x7f4224078cc0
2023-10-07T23:07:54.387 INFO:teuthology.orchestra.run.smithi067.stdout:/usr/bin/ceph: stderr
2023-10-07T23:07:53.446+0000 7f422a030700 1 -- 172.21.15.67:0/3205950394 --> [v2:172.21.15.67:3300/0,v1:172.21.15.67:6789/0] -- mon_subscribe({mgrmap=0+}) v3 -- 0x7f42241138f0 con 0x7f4224078cc0
2023-10-07T23:07:54.387 INFO:teuthology.orchestra.run.smithi067.stdout:/usr/bin/ceph: stderr
2023-10-07T23:07:53.446+0000 7f420bfff700 1 -- 172.21.15.67:0/3205950394 <== mon.0 v2:172.21.15.67:3300/0 3 ==== mon_map magic: 0 v1 ==== 205+0+0 (secure 0 0 0) 0x7f4214022b20 con 0x7f4224078cc0
2023-10-07T23:07:54.387 INFO:teuthology.orchestra.run.smithi067.stdout:/usr/bin/ceph: stderr
2023-10-07T23:07:53.446+0000 7f422a030700 1 -- 172.21.15.67:0/3205950394 --> [v2:172.21.15.67:3300/0,v1:172.21.15.67:6789/0] -- mon_subscribe({osdmap=0}) v3 -- 0x7f4224113d00 con 0x7f4224078cc0
2023-10-07T23:07:54.387 INFO:teuthology.orchestra.run.smithi067.stdout:/usr/bin/ceph: stderr
2023-10-07T23:07:53.447+0000 7f420bfff700 1 -- 172.21.15.67:0/3205950394 <== mon.0 v2:172.21.15.67:3300/0 4 ==== mgrmap(e 4) v1 ==== 43254+0+0 (secure 0 0 0) 0x7f4214022d10 con 0x7f4224078cc0
2023-10-07T23:07:54.387 INFO:teuthology.orchestra.run.smithi067.stdout:/usr/bin/ceph: stderr
2023-10-07T23:07:53.447+0000 7f422a030700 1 -- 172.21.15.67:0/3205950394 --> [v2:172.21.15.67:3300/0,v1:172.21.15.67:6789/0] -- mon_command({"prefix": "get_command_descriptions"} v 0) v1 -- 0x7f422404bb80 con 0x7f4224078cc0
2023-10-07T23:07:54.387 INFO:teuthology.orchestra.run.smithi067.stdout:/usr/bin/ceph: stderr
2023-10-07T23:07:53.448+0000 7f420bfff700 1 --2- 172.21.15.67:0/3205950394 >> [v2:172.21.15.67:6800/3941151123,v1:172.21.15.67:6801/3941151123] conn(0x7f420c0365b0 0x7f420c038a60 unknown :-1 s=NONE pgs=0 cs=0 l=1 rev1=0 crypto rx=0 tx=0 comp rx=0 tx=0).connect
2023-10-07T23:07:54.388 INFO:teuthology.orchestra.run.smithi067.stdout:/usr/bin/ceph: stderr
2023-10-07T23:07:53.448+0000 7f420bfff700 1 -- 172.21.15.67:0/3205950394 <== mon.0 v2:172.21.15.67:3300/0 5 ==== osd_map(1..1 src has 1..1) v4 ==== 721+0+0 (secure 0 0 0) 0x7f421404a470 con 0x7f4224078cc0
2023-10-07T23:07:54.388 INFO:teuthology.orchestra.run.smithi067.stdout:/usr/bin/ceph: stderr
2023-10-07T23:07:53.448+0000 7f4222ffd700 1 --2- 172.21.15.67:0/3205950394 >> [v2:172.21.15.67:6800/3941151123,v1:172.21.15.67:6801/3941151123] conn(0x7f420c0365b0 0x7f420c038a60 unknown :-1 s=BANNER_CONNECTING pgs=0 cs=0 l=1 rev1=0 crypto rx=0 tx=0 comp rx=0 tx=0)._handle_peer_banner_payload supported=3 required=0
2023-10-07T23:07:54.388 INFO:teuthology.orchestra.run.smithi067.stdout:/usr/bin/ceph: stderr
2023-10-07T23:07:53.449+0000 7f4222ffd700 1 --2- 172.21.15.67:0/3205950394 >> [v2:172.21.15.67:6800/3941151123,v1:172.21.15.67:6801/3941151123] conn(0x7f420c0365b0 0x7f420c038a60 secure :-1 s=READY pgs=8 cs=0 l=1 rev1=1 crypto rx=0x7f4218009990 tx=0x7f4218006e40 comp rx=0 tx=0).ready entity=mgr.14100 client_cookie=0 server_cookie=0 in_seq=0 out_seq=0
2023-10-07T23:07:54.388 INFO:teuthology.orchestra.run.smithi067.stdout:/usr/bin/ceph: stderr
2023-10-07T23:07:53.453+0000 7f420bfff700 1 -- 172.21.15.67:0/3205950394 <== mon.0 v2:172.21.15.67:3300/0 6 ==== mon_command_ack([{"prefix": "get_command_descriptions"}]=0 v0) v1 ==== 72+0+174570 (secure 0 0 0) 0x7f4214021580 con 0x7f4224078cc0
2023-10-07T23:07:54.388 INFO:teuthology.orchestra.run.smithi067.stdout:/usr/bin/ceph: stderr
2023-10-07T23:07:53.709+0000 7f422a030700 1 -- 172.21.15.67:0/3205950394 --> [v2:172.21.15.67:3300/0,v1:172.21.15.67:6789/0] -- mon_command({"prefix": "mgr module enable", "module": "cephadm"} v 0) v1 -- 0x7f4224114950 con 0x7f4224078cc0
2023-10-07T23:07:54.388 INFO:teuthology.orchestra.run.smithi067.stdout:/usr/bin/ceph: stderr
2023-10-07T23:07:53.849+0000 7f420bfff700 1 -- 172.21.15.67:0/3205950394 <== mon.0 v2:172.21.15.67:3300/0 7 ==== mgrmap(e 5) v1 ==== 43265+0+0 (secure 0 0 0) 0x7f42140224c0 con 0x7f4224078cc0
2023-10-07T23:07:54.388 INFO:teuthology.orchestra.run.smithi067.stdout:/usr/bin/ceph: stderr
2023-10-07T23:07:53.850+0000 7f420bfff700 1 -- 172.21.15.67:0/3205950394 <== mon.0 v2:172.21.15.67:3300/0 8 ==== mon_command_ack([{"prefix": "mgr module enable", "module": "cephadm"}]=0 v5) v1 ==== 86+0+0 (secure 0 0 0) 0x7f4214028900 con 0x7f4224078cc0
2023-10-07T23:07:54.389 INFO:teuthology.orchestra.run.smithi067.stdout:/usr/bin/ceph: stderr
2023-10-07T23:07:53.852+0000 7f422a030700 1 -- 172.21.15.67:0/3205950394 >> [v2:172.21.15.67:6800/3941151123,v1:172.21.15.67:6801/3941151123] conn(0x7f420c0365b0 msgr2=0x7f420c038a60 secure :-1 s=STATE_CONNECTION_ESTABLISHED l=1).mark_down
2023-10-07T23:07:54.389 INFO:teuthology.orchestra.run.smithi067.stdout:/usr/bin/ceph: stderr
2023-10-07T23:07:53.852+0000 7f422a030700 1 --2- 172.21.15.67:0/3205950394 >> [v2:172.21.15.67:6800/3941151123,v1:172.21.15.67:6801/3941151123] conn(0x7f420c0365b0 0x7f420c038a60 secure :-1 s=READY pgs=8 cs=0 l=1 rev1=1 crypto rx=0x7f4218009990 tx=0x7f4218006e40 comp rx=0 tx=0).stop
2023-10-07T23:07:54.389 INFO:teuthology.orchestra.run.smithi067.stdout:/usr/bin/ceph: stderr
2023-10-07T23:07:53.852+0000 7f422a030700 1 -- 172.21.15.67:0/3205950394 >> [v2:172.21.15.67:3300/0,v1:172.21.15.67:6789/0] conn(0x7f4224078cc0 msgr2=0x7f42241131b0 secure :-1 s=STATE_CONNECTION_ESTABLISHED l=1).mark_down
2023-10-07T23:07:54.389 INFO:teuthology.orchestra.run.smithi067.stdout:/usr/bin/ceph: stderr
2023-10-07T23:07:53.852+0000 7f422a030700 1 --2- 172.21.15.67:0/3205950394 >> [v2:172.21.15.67:3300/0,v1:172.21.15.67:6789/0] conn(0x7f4224078cc0 0x7f42241131b0 secure :-1 s=READY pgs=23 cs=0 l=1 rev1=1 crypto rx=0x7f4214011650 tx=0x7f4214009250 comp rx=0 tx=0).stop
2023-10-07T23:07:54.389 INFO:teuthology.orchestra.run.smithi067.stdout:/usr/bin/ceph: stderr
2023-10-07T23:07:53.852+0000 7f422a030700 1 -- 172.21.15.67:0/3205950394 shutdown_connections
2023-10-07T23:07:54.389 INFO:teuthology.orchestra.run.smithi067.stdout:/usr/bin/ceph: stderr
2023-10-07T23:07:53.852+0000 7f422a030700 1 --2- 172.21.15.67:0/3205950394 >> [v2:172.21.15.67:6800/3941151123,v1:172.21.15.67:6801/3941151123] conn(0x7f420c0365b0 0x7f420c038a60 unknown :-1 s=CLOSED pgs=8 cs=0 l=1 rev1=1 crypto rx=0 tx=0 comp rx=0 tx=0).stop
2023-10-07T23:07:54.389 INFO:teuthology.orchestra.run.smithi067.stdout:/usr/bin/ceph: stderr
2023-10-07T23:07:53.852+0000 7f422a030700 1 --2- 172.21.15.67:0/3205950394 >> [v2:172.21.15.67:3300/0,v1:172.21.15.67:6789/0] conn(0x7f4224078cc0 0x7f42241131b0 unknown :-1 s=CLOSED pgs=23 cs=0 l=1 rev1=1 crypto rx=0 tx=0 comp rx=0 tx=0).stop
2023-10-07T23:07:54.389 INFO:teuthology.orchestra.run.smithi067.stdout:/usr/bin/ceph: stderr
2023-10-07T23:07:53.852+0000 7f422a030700 1 -- 172.21.15.67:0/3205950394 >> 172.21.15.67:0/3205950394 conn(0x7f42240fdaa0 msgr2=0x7f42240fe7a0 unknown :-1 s=STATE_NONE l=0).mark_down
2023-10-07T23:07:54.389 INFO:teuthology.orchestra.run.smithi067.stdout:/usr/bin/ceph: stderr
2023-10-07T23:07:53.852+0000 7f422a030700 1 -- 172.21.15.67:0/3205950394 shutdown_connections
2023-10-07T23:07:54.389 INFO:teuthology.orchestra.run.smithi067.stdout:/usr/bin/ceph: stderr
2023-10-07T23:07:53.853+0000 7f422a030700 1 -- 172.21.15.67:0/3205950394 wait complete.
2023-10-07T23:07:55.004 INFO:journalctl@ceph.mon.a.smithi067.stdout:Oct 07 23:07:54 smithi067 ceph-mon[82723]: from='client.? 172.21.15.67:0/3205950394' entity='client.admin' cmd='[{"prefix": "mgr module enable", "module": "cephadm"}]': finished
2023-10-07T23:07:55.004 INFO:journalctl@ceph.mon.a.smithi067.stdout:Oct 07 23:07:54 smithi067 ceph-mon[82723]: mgrmap e5: x(active, since 4s)
2023-10-07T23:07:55.464 INFO:teuthology.orchestra.run.smithi067.stdout:/usr/bin/ceph: stdout {
2023-10-07T23:07:55.464 INFO:teuthology.orchestra.run.smithi067.stdout:/usr/bin/ceph: stdout "epoch": 5,
2023-10-07T23:07:55.464 INFO:teuthology.orchestra.run.smithi067.stdout:/usr/bin/ceph: stdout "available": true,
2023-10-07T23:07:55.465 INFO:teuthology.orchestra.run.smithi067.stdout:/usr/bin/ceph: stdout "active_name": "x",
2023-10-07T23:07:55.465 INFO:teuthology.orchestra.run.smithi067.stdout:/usr/bin/ceph: stdout "num_standby": 0
2023-10-07T23:07:55.465 INFO:teuthology.orchestra.run.smithi067.stdout:/usr/bin/ceph: stdout }
2023-10-07T23:07:55.465 INFO:teuthology.orchestra.run.smithi067.stdout:/usr/bin/ceph: stderr
2023-10-07T23:07:54.872+0000 7f27fa0c2700 1 Processor -- start
2023-10-07T23:07:55.465 INFO:teuthology.orchestra.run.smithi067.stdout:/usr/bin/ceph: stderr
2023-10-07T23:07:54.872+0000 7f27fa0c2700 1 -- start start
2023-10-07T23:07:55.465 INFO:teuthology.orchestra.run.smithi067.stdout:/usr/bin/ceph: stderr
2023-10-07T23:07:54.872+0000 7f27fa0c2700 1 --2- >> [v2:172.21.15.67:3300/0,v1:172.21.15.67:6789/0] conn(0x7f27f4076be0 0x7f27f4104f70 unknown :-1 s=NONE pgs=0 cs=0 l=0 rev1=0 crypto rx=0 tx=0 comp rx=0 tx=0).connect
2023-10-07T23:07:55.466 INFO:teuthology.orchestra.run.smithi067.stdout:/usr/bin/ceph: stderr
2023-10-07T23:07:54.872+0000 7f27fa0c2700 1 -- --> [v2:172.21.15.67:3300/0,v1:172.21.15.67:6789/0] -- mon_getmap magic: 0 v1 -- 0x7f27f41054b0 con 0x7f27f4076be0
2023-10-07T23:07:55.466 INFO:teuthology.orchestra.run.smithi067.stdout:/usr/bin/ceph: stderr
2023-10-07T23:07:54.873+0000 7f27f37fe700 1 --2- >> [v2:172.21.15.67:3300/0,v1:172.21.15.67:6789/0] conn(0x7f27f4076be0 0x7f27f4104f70 unknown :-1 s=BANNER_CONNECTING pgs=0 cs=0 l=0 rev1=0 crypto rx=0 tx=0 comp rx=0 tx=0)._handle_peer_banner_payload supported=3 required=0
2023-10-07T23:07:55.466 INFO:teuthology.orchestra.run.smithi067.stdout:/usr/bin/ceph: stderr
2023-10-07T23:07:54.873+0000 7f27f37fe700 1 --2- >> [v2:172.21.15.67:3300/0,v1:172.21.15.67:6789/0] conn(0x7f27f4076be0 0x7f27f4104f70 unknown :-1 s=HELLO_CONNECTING pgs=0 cs=0 l=0 rev1=1 crypto rx=0 tx=0 comp rx=0 tx=0).handle_hello peer v2:172.21.15.67:3300/0 says I am v2:172.21.15.67:47024/0 (socket says 172.21.15.67:47024)
2023-10-07T23:07:55.466 INFO:teuthology.orchestra.run.smithi067.stdout:/usr/bin/ceph: stderr
2023-10-07T23:07:54.873+0000 7f27f37fe700 1 -- 172.21.15.67:0/3563978012 learned_addr learned my addr 172.21.15.67:0/3563978012 (peer_addr_for_me v2:172.21.15.67:0/0)
2023-10-07T23:07:55.466 INFO:teuthology.orchestra.run.smithi067.stdout:/usr/bin/ceph: stderr
2023-10-07T23:07:54.873+0000 7f27f37fe700 1 -- 172.21.15.67:0/3563978012 --> [v2:172.21.15.67:3300/0,v1:172.21.15.67:6789/0] -- mon_subscribe({config=0+,monmap=0+}) v3 -- 0x7f27f41055f0 con 0x7f27f4076be0
2023-10-07T23:07:55.467 INFO:teuthology.orchestra.run.smithi067.stdout:/usr/bin/ceph: stderr
2023-10-07T23:07:54.873+0000 7f27f37fe700 1 --2- 172.21.15.67:0/3563978012 >> [v2:172.21.15.67:3300/0,v1:172.21.15.67:6789/0] conn(0x7f27f4076be0 0x7f27f4104f70 secure :-1 s=READY pgs=26 cs=0 l=1 rev1=1 crypto rx=0x7f27e40098e0 tx=0x7f27e4009250 comp rx=0 tx=0).ready entity=mon.0 client_cookie=1b7e8417b02ad4cb server_cookie=0 in_seq=0 out_seq=0
2023-10-07T23:07:55.467 INFO:teuthology.orchestra.run.smithi067.stdout:/usr/bin/ceph: stderr
2023-10-07T23:07:54.874+0000 7f27f27fc700 1 -- 172.21.15.67:0/3563978012 <== mon.0 v2:172.21.15.67:3300/0 1 ==== mon_map magic: 0 v1 ==== 205+0+0 (secure 0 0 0) 0x7f27e4009e80 con 0x7f27f4076be0
2023-10-07T23:07:55.467 INFO:teuthology.orchestra.run.smithi067.stdout:/usr/bin/ceph: stderr
2023-10-07T23:07:54.874+0000 7f27f27fc700 1 -- 172.21.15.67:0/3563978012 <== mon.0 v2:172.21.15.67:3300/0 2 ==== config(26 keys) v1 ==== 1074+0+0 (secure 0 0 0) 0x7f27e400bd10 con 0x7f27f4076be0
2023-10-07T23:07:55.467 INFO:teuthology.orchestra.run.smithi067.stdout:/usr/bin/ceph: stderr
2023-10-07T23:07:54.874+0000 7f27f27fc700 1 -- 172.21.15.67:0/3563978012 <== mon.0 v2:172.21.15.67:3300/0 3 ==== mon_map magic: 0 v1 ==== 205+0+0 (secure 0 0 0) 0x7f27e4011ce0 con 0x7f27f4076be0
2023-10-07T23:07:55.467 INFO:teuthology.orchestra.run.smithi067.stdout:/usr/bin/ceph: stderr
2023-10-07T23:07:54.874+0000 7f27fa0c2700 1 -- 172.21.15.67:0/3563978012 >> [v2:172.21.15.67:3300/0,v1:172.21.15.67:6789/0] conn(0x7f27f4076be0 msgr2=0x7f27f4104f70 secure :-1 s=STATE_CONNECTION_ESTABLISHED l=1).mark_down
2023-10-07T23:07:55.468 INFO:teuthology.orchestra.run.smithi067.stdout:/usr/bin/ceph: stderr
2023-10-07T23:07:54.874+0000 7f27fa0c2700 1 --2- 172.21.15.67:0/3563978012 >> [v2:172.21.15.67:3300/0,v1:172.21.15.67:6789/0] conn(0x7f27f4076be0 0x7f27f4104f70 secure :-1 s=READY pgs=26 cs=0 l=1 rev1=1 crypto rx=0x7f27e40098e0 tx=0x7f27e4009250 comp rx=0 tx=0).stop
2023-10-07T23:07:55.468 INFO:teuthology.orchestra.run.smithi067.stdout:/usr/bin/ceph: stderr
2023-10-07T23:07:54.874+0000 7f27fa0c2700 1 -- 172.21.15.67:0/3563978012 shutdown_connections
2023-10-07T23:07:55.468 INFO:teuthology.orchestra.run.smithi067.stdout:/usr/bin/ceph: stderr
2023-10-07T23:07:54.874+0000 7f27fa0c2700 1 --2- 172.21.15.67:0/3563978012 >> [v2:172.21.15.67:3300/0,v1:172.21.15.67:6789/0] conn(0x7f27f4076be0 0x7f27f4104f70 unknown :-1 s=CLOSED pgs=26 cs=0 l=1 rev1=1 crypto rx=0 tx=0 comp rx=0 tx=0).stop
2023-10-07T23:07:55.468 INFO:teuthology.orchestra.run.smithi067.stdout:/usr/bin/ceph: stderr
2023-10-07T23:07:54.874+0000 7f27fa0c2700 1 -- 172.21.15.67:0/3563978012 >> 172.21.15.67:0/3563978012 conn(0x7f27f40fc980 msgr2=0x7f27f40fedb0 unknown :-1 s=STATE_NONE l=0).mark_down
2023-10-07T23:07:55.468 INFO:teuthology.orchestra.run.smithi067.stdout:/usr/bin/ceph: stderr
2023-10-07T23:07:54.874+0000 7f27fa0c2700 1 -- 172.21.15.67:0/3563978012 shutdown_connections
2023-10-07T23:07:55.468 INFO:teuthology.orchestra.run.smithi067.stdout:/usr/bin/ceph: stderr
2023-10-07T23:07:54.874+0000 7f27fa0c2700 1 -- 172.21.15.67:0/3563978012 wait complete.
2023-10-07T23:07:55.469 INFO:teuthology.orchestra.run.smithi067.stdout:/usr/bin/ceph: stderr
2023-10-07T23:07:54.875+0000 7f27fa0c2700 1 Processor -- start
2023-10-07T23:07:55.469 INFO:teuthology.orchestra.run.smithi067.stdout:/usr/bin/ceph: stderr
2023-10-07T23:07:54.875+0000 7f27fa0c2700 1 -- start start
2023-10-07T23:07:55.469 INFO:teuthology.orchestra.run.smithi067.stdout:/usr/bin/ceph: stderr
2023-10-07T23:07:54.876+0000 7f27fa0c2700 1 --2- >> [v2:172.21.15.67:3300/0,v1:172.21.15.67:6789/0] conn(0x7f27f4076be0 0x7f27f41029f0 unknown :-1 s=NONE pgs=0 cs=0 l=1 rev1=0 crypto rx=0 tx=0 comp rx=0 tx=0).connect
2023-10-07T23:07:55.469 INFO:teuthology.orchestra.run.smithi067.stdout:/usr/bin/ceph: stderr
2023-10-07T23:07:54.876+0000 7f27fa0c2700 1 -- --> [v2:172.21.15.67:3300/0,v1:172.21.15.67:6789/0] -- mon_getmap magic: 0 v1 -- 0x7f27f4100e70 con 0x7f27f4076be0
2023-10-07T23:07:55.469 INFO:teuthology.orchestra.run.smithi067.stdout:/usr/bin/ceph: stderr
2023-10-07T23:07:54.876+0000 7f27f37fe700 1 --2- >> [v2:172.21.15.67:3300/0,v1:172.21.15.67:6789/0] conn(0x7f27f4076be0 0x7f27f41029f0 unknown :-1 s=BANNER_CONNECTING pgs=0 cs=0 l=1 rev1=0 crypto rx=0 tx=0 comp rx=0 tx=0)._handle_peer_banner_payload supported=3 required=0
2023-10-07T23:07:55.470 INFO:teuthology.orchestra.run.smithi067.stdout:/usr/bin/ceph: stderr
2023-10-07T23:07:54.876+0000 7f27f37fe700 1 --2- >> [v2:172.21.15.67:3300/0,v1:172.21.15.67:6789/0] conn(0x7f27f4076be0 0x7f27f41029f0 unknown :-1 s=HELLO_CONNECTING pgs=0 cs=0 l=1 rev1=1 crypto rx=0 tx=0 comp rx=0 tx=0).handle_hello peer v2:172.21.15.67:3300/0 says I am v2:172.21.15.67:47030/0 (socket says 172.21.15.67:47030)
2023-10-07T23:07:55.470 INFO:teuthology.orchestra.run.smithi067.stdout:/usr/bin/ceph: stderr
2023-10-07T23:07:54.876+0000 7f27f37fe700 1 -- 172.21.15.67:0/3836389423 learned_addr learned my addr 172.21.15.67:0/3836389423 (peer_addr_for_me v2:172.21.15.67:0/0)
2023-10-07T23:07:55.470 INFO:teuthology.orchestra.run.smithi067.stdout:/usr/bin/ceph: stderr
2023-10-07T23:07:54.876+0000 7f27f37fe700 1 -- 172.21.15.67:0/3836389423 --> [v2:172.21.15.67:3300/0,v1:172.21.15.67:6789/0] -- mon_subscribe({config=0+,monmap=0+}) v3 -- 0x7f27e40094f0 con 0x7f27f4076be0
2023-10-07T23:07:55.470 INFO:teuthology.orchestra.run.smithi067.stdout:/usr/bin/ceph: stderr
2023-10-07T23:07:54.877+0000 7f27f37fe700 1 --2- 172.21.15.67:0/3836389423 >> [v2:172.21.15.67:3300/0,v1:172.21.15.67:6789/0] conn(0x7f27f4076be0 0x7f27f41029f0 secure :-1 s=READY pgs=27 cs=0 l=1 rev1=1 crypto rx=0x7f27e4011970 tx=0x7f27e4009250 comp rx=0 tx=0).ready entity=mon.0 client_cookie=0 server_cookie=0 in_seq=0 out_seq=0
2023-10-07T23:07:55.470 INFO:teuthology.orchestra.run.smithi067.stdout:/usr/bin/ceph: stderr
2023-10-07T23:07:54.877+0000 7f27dbfff700 1 -- 172.21.15.67:0/3836389423 <== mon.0 v2:172.21.15.67:3300/0 1 ==== mon_map magic: 0 v1 ==== 205+0+0 (secure 0 0 0) 0x7f27e4009e80 con 0x7f27f4076be0
2023-10-07T23:07:55.471 INFO:teuthology.orchestra.run.smithi067.stdout:/usr/bin/ceph: stderr
2023-10-07T23:07:54.877+0000 7f27dbfff700 1 -- 172.21.15.67:0/3836389423 <== mon.0 v2:172.21.15.67:3300/0 2 ==== config(26 keys) v1 ==== 1074+0+0 (secure 0 0 0) 0x7f27e401aaf0 con 0x7f27f4076be0
2023-10-07T23:07:55.471 INFO:teuthology.orchestra.run.smithi067.stdout:/usr/bin/ceph: stderr
2023-10-07T23:07:54.877+0000 7f27fa0c2700 1 -- 172.21.15.67:0/3836389423 --> [v2:172.21.15.67:3300/0,v1:172.21.15.67:6789/0] -- mon_subscribe({mgrmap=0+}) v3 -- 0x7f27f4101070 con 0x7f27f4076be0
2023-10-07T23:07:55.471 INFO:teuthology.orchestra.run.smithi067.stdout:/usr/bin/ceph: stderr
2023-10-07T23:07:54.877+0000 7f27dbfff700 1 -- 172.21.15.67:0/3836389423 <== mon.0 v2:172.21.15.67:3300/0 3 ==== mon_map magic: 0 v1 ==== 205+0+0 (secure 0 0 0) 0x7f27e4022a90 con 0x7f27f4076be0
2023-10-07T23:07:55.471 INFO:teuthology.orchestra.run.smithi067.stdout:/usr/bin/ceph: stderr
2023-10-07T23:07:54.877+0000 7f27fa0c2700 1 -- 172.21.15.67:0/3836389423 --> [v2:172.21.15.67:3300/0,v1:172.21.15.67:6789/0] -- mon_subscribe({osdmap=0}) v3 -- 0x7f27f4101480 con 0x7f27f4076be0
2023-10-07T23:07:55.471 INFO:teuthology.orchestra.run.smithi067.stdout:/usr/bin/ceph: stderr
2023-10-07T23:07:54.878+0000 7f27dbfff700 1 -- 172.21.15.67:0/3836389423 <== mon.0 v2:172.21.15.67:3300/0 4 ==== mgrmap(e 5) v1 ==== 43265+0+0 (secure 0 0 0) 0x7f27e4022c90 con 0x7f27f4076be0
2023-10-07T23:07:55.472 INFO:teuthology.orchestra.run.smithi067.stdout:/usr/bin/ceph: stderr
2023-10-07T23:07:54.878+0000 7f27fa0c2700 1 -- 172.21.15.67:0/3836389423 --> [v2:172.21.15.67:3300/0,v1:172.21.15.67:6789/0] -- mon_command({"prefix": "get_command_descriptions"} v 0) v1 -- 0x7f27f404bb80 con 0x7f27f4076be0
2023-10-07T23:07:55.472 INFO:teuthology.orchestra.run.smithi067.stdout:/usr/bin/ceph: stderr
2023-10-07T23:07:54.879+0000 7f27dbfff700 1 --2- 172.21.15.67:0/3836389423 >> [v2:172.21.15.67:6800/3941151123,v1:172.21.15.67:6801/3941151123] conn(0x7f27dc0365b0 0x7f27dc038a60 unknown :-1 s=NONE pgs=0 cs=0 l=1 rev1=0 crypto rx=0 tx=0 comp rx=0 tx=0).connect
2023-10-07T23:07:55.472 INFO:teuthology.orchestra.run.smithi067.stdout:/usr/bin/ceph: stderr
2023-10-07T23:07:54.879+0000 7f27dbfff700 1 -- 172.21.15.67:0/3836389423 <== mon.0 v2:172.21.15.67:3300/0 5 ==== osd_map(1..1 src has 1..1) v4 ==== 721+0+0 (secure 0 0 0) 0x7f27e404a590 con 0x7f27f4076be0
2023-10-07T23:07:55.472 INFO:teuthology.orchestra.run.smithi067.stdout:/usr/bin/ceph: stderr
2023-10-07T23:07:54.879+0000 7f27f2ffd700 1 -- 172.21.15.67:0/3836389423 >> [v2:172.21.15.67:6800/3941151123,v1:172.21.15.67:6801/3941151123] conn(0x7f27dc0365b0 msgr2=0x7f27dc038a60 unknown :-1 s=STATE_CONNECTING_RE l=1).process reconnect failed to v2:172.21.15.67:6800/3941151123
2023-10-07T23:07:55.472 INFO:teuthology.orchestra.run.smithi067.stdout:/usr/bin/ceph: stderr
2023-10-07T23:07:54.879+0000 7f27f2ffd700 1 --2- 172.21.15.67:0/3836389423 >> [v2:172.21.15.67:6800/3941151123,v1:172.21.15.67:6801/3941151123] conn(0x7f27dc0365b0 0x7f27dc038a60 unknown :-1 s=START_CONNECT pgs=0 cs=0 l=1 rev1=0 crypto rx=0 tx=0 comp rx=0 tx=0)._fault waiting 0.200000
