2023-10-14T18:49:00.012+0000 7f6ae6ffd700 1 -- 172.21.15.86:0/684640948 <== mon.0 v2:172.21.15.86:3300/0 5 ==== osd_map(2..2 src has 1..2) v4 ==== 936+0+0 (secure 0 0 0) 0x7f6ae0014070 con 0x7f6af0102850
2023-10-14T18:49:00.824 INFO:teuthology.orchestra.run.smithi086.stdout:/usr/bin/ceph: stderr
2023-10-14T18:49:00.012+0000 7f6ae7fff700 1 --2- 172.21.15.86:0/684640948 >> [v2:172.21.15.86:6800/3450370052,v1:172.21.15.86:6801/3450370052] conn(0x7f6adc036610 0x7f6adc038ac0 unknown :-1 s=BANNER_CONNECTING pgs=0 cs=0 l=1 rev1=0 crypto rx=0 tx=0 comp rx=0 tx=0)._handle_peer_banner_payload supported=3 required=0
2023-10-14T18:49:00.824 INFO:teuthology.orchestra.run.smithi086.stdout:/usr/bin/ceph: stderr
2023-10-14T18:49:00.012+0000 7f6ae7fff700 1 --2- 172.21.15.86:0/684640948 >> [v2:172.21.15.86:6800/3450370052,v1:172.21.15.86:6801/3450370052] conn(0x7f6adc036610 0x7f6adc038ac0 secure :-1 s=READY pgs=9 cs=0 l=1 rev1=1 crypto rx=0x7f6ad8009990 tx=0x7f6ad8006e40 comp rx=0 tx=0).ready entity=mgr.14120 client_cookie=0 server_cookie=0 in_seq=0 out_seq=0
2023-10-14T18:49:00.824 INFO:teuthology.orchestra.run.smithi086.stdout:/usr/bin/ceph: stderr
2023-10-14T18:49:00.016+0000 7f6ae6ffd700 1 -- 172.21.15.86:0/684640948 <== mon.0 v2:172.21.15.86:3300/0 6 ==== mon_command_ack([{"prefix": "get_command_descriptions"}]=0 v0) v1 ==== 72+0+174570 (secure 0 0 0) 0x7f6af010fa00 con 0x7f6af0102850
2023-10-14T18:49:00.825 INFO:teuthology.orchestra.run.smithi086.stdout:/usr/bin/ceph: stderr
2023-10-14T18:49:00.199+0000 7f6af4bf2700 1 -- 172.21.15.86:0/684640948 --> [v2:172.21.15.86:6800/3450370052,v1:172.21.15.86:6801/3450370052] -- mgr_command(tid 0: {"prefix": "cephadm generate-key", "target": ["mon-mgr", ""]}) v1 -- 0x7f6af010fa00 con 0x7f6adc036610
2023-10-14T18:49:00.825 INFO:teuthology.orchestra.run.smithi086.stdout:/usr/bin/ceph: stderr
2023-10-14T18:49:00.483+0000 7f6ae6ffd700 1 -- 172.21.15.86:0/684640948 <== mgr.14120 v2:172.21.15.86:6800/3450370052 1 ==== mgr_command_reply(tid 0: 0 ) v1 ==== 8+0+0 (secure 0 0 0) 0x7f6af010fa00 con 0x7f6adc036610
2023-10-14T18:49:00.825 INFO:teuthology.orchestra.run.smithi086.stdout:/usr/bin/ceph: stderr
2023-10-14T18:49:00.485+0000 7f6af4bf2700 1 -- 172.21.15.86:0/684640948 >> [v2:172.21.15.86:6800/3450370052,v1:172.21.15.86:6801/3450370052] conn(0x7f6adc036610 msgr2=0x7f6adc038ac0 secure :-1 s=STATE_CONNECTION_ESTABLISHED l=1).mark_down
2023-10-14T18:49:00.825 INFO:teuthology.orchestra.run.smithi086.stdout:/usr/bin/ceph: stderr
2023-10-14T18:49:00.485+0000 7f6af4bf2700 1 --2- 172.21.15.86:0/684640948 >> [v2:172.21.15.86:6800/3450370052,v1:172.21.15.86:6801/3450370052] conn(0x7f6adc036610 0x7f6adc038ac0 secure :-1 s=READY pgs=9 cs=0 l=1 rev1=1 crypto rx=0x7f6ad8009990 tx=0x7f6ad8006e40 comp rx=0 tx=0).stop
2023-10-14T18:49:00.825 INFO:teuthology.orchestra.run.smithi086.stdout:/usr/bin/ceph: stderr
2023-10-14T18:49:00.485+0000 7f6af4bf2700 1 -- 172.21.15.86:0/684640948 >> [v2:172.21.15.86:3300/0,v1:172.21.15.86:6789/0] conn(0x7f6af0102850 msgr2=0x7f6af010eeb0 secure :-1 s=STATE_CONNECTION_ESTABLISHED l=1).mark_down
2023-10-14T18:49:00.826 INFO:teuthology.orchestra.run.smithi086.stdout:/usr/bin/ceph: stderr
2023-10-14T18:49:00.485+0000 7f6af4bf2700 1 --2- 172.21.15.86:0/684640948 >> [v2:172.21.15.86:3300/0,v1:172.21.15.86:6789/0] conn(0x7f6af0102850 0x7f6af010eeb0 secure :-1 s=READY pgs=42 cs=0 l=1 rev1=1 crypto rx=0x7f6ae00106a0 tx=0x7f6ae000b4f0 comp rx=0 tx=0).stop
2023-10-14T18:49:00.826 INFO:teuthology.orchestra.run.smithi086.stdout:/usr/bin/ceph: stderr
2023-10-14T18:49:00.485+0000 7f6af4bf2700 1 -- 172.21.15.86:0/684640948 shutdown_connections
2023-10-14T18:49:00.826 INFO:teuthology.orchestra.run.smithi086.stdout:/usr/bin/ceph: stderr
2023-10-14T18:49:00.485+0000 7f6af4bf2700 1 --2- 172.21.15.86:0/684640948 >> [v2:172.21.15.86:6800/3450370052,v1:172.21.15.86:6801/3450370052] conn(0x7f6adc036610 0x7f6adc038ac0 unknown :-1 s=CLOSED pgs=9 cs=0 l=1 rev1=1 crypto rx=0 tx=0 comp rx=0 tx=0).stop
2023-10-14T18:49:00.826 INFO:teuthology.orchestra.run.smithi086.stdout:/usr/bin/ceph: stderr
2023-10-14T18:49:00.485+0000 7f6af4bf2700 1 --2- 172.21.15.86:0/684640948 >> [v2:172.21.15.86:3300/0,v1:172.21.15.86:6789/0] conn(0x7f6af0102850 0x7f6af010eeb0 unknown :-1 s=CLOSED pgs=42 cs=0 l=1 rev1=1 crypto rx=0 tx=0 comp rx=0 tx=0).stop
2023-10-14T18:49:00.826 INFO:teuthology.orchestra.run.smithi086.stdout:/usr/bin/ceph: stderr
2023-10-14T18:49:00.485+0000 7f6af4bf2700 1 -- 172.21.15.86:0/684640948 >> 172.21.15.86:0/684640948 conn(0x7f6af00fc1c0 msgr2=0x7f6af01057a0 unknown :-1 s=STATE_NONE l=0).mark_down
2023-10-14T18:49:00.827 INFO:teuthology.orchestra.run.smithi086.stdout:/usr/bin/ceph: stderr
2023-10-14T18:49:00.485+0000 7f6af4bf2700 1 -- 172.21.15.86:0/684640948 shutdown_connections
2023-10-14T18:49:00.827 INFO:teuthology.orchestra.run.smithi086.stdout:/usr/bin/ceph: stderr
2023-10-14T18:49:00.485+0000 7f6af4bf2700 1 -- 172.21.15.86:0/684640948 wait complete.
2023-10-14T18:49:00.921 INFO:journalctl@ceph.mgr.x.smithi086.stdout:Oct 14 18:49:00 smithi086 conmon[88178]: Generating public/private rsa key pair.
2023-10-14T18:49:00.921 INFO:journalctl@ceph.mgr.x.smithi086.stdout:Oct 14 18:49:00 smithi086 conmon[88178]: Your identification has been saved in /tmp/tmpps8zxyot/key.
2023-10-14T18:49:00.922 INFO:journalctl@ceph.mgr.x.smithi086.stdout:Oct 14 18:49:00 smithi086 conmon[88178]: Your public key has been saved in /tmp/tmpps8zxyot/key.pub.
2023-10-14T18:49:00.922 INFO:journalctl@ceph.mgr.x.smithi086.stdout:Oct 14 18:49:00 smithi086 conmon[88178]: The key fingerprint is:
2023-10-14T18:49:00.922 INFO:journalctl@ceph.mgr.x.smithi086.stdout:Oct 14 18:49:00 smithi086 conmon[88178]: SHA256:VJ7ftUEpy0w68iVJfgJ0x7f+U9oAu5u6JlTvkcL7mRs ceph-17bdafae-6ac2-11ee-8db6-212e2dc638e7
2023-10-14T18:49:00.922 INFO:journalctl@ceph.mgr.x.smithi086.stdout:Oct 14 18:49:00 smithi086 conmon[88178]: The key's randomart image is:
2023-10-14T18:49:00.923 INFO:journalctl@ceph.mgr.x.smithi086.stdout:Oct 14 18:49:00 smithi086 conmon[88178]: +---[RSA 3072]----+
2023-10-14T18:49:00.923 INFO:journalctl@ceph.mgr.x.smithi086.stdout:Oct 14 18:49:00 smithi086 conmon[88178]: | ...... ..|
2023-10-14T18:49:00.923 INFO:journalctl@ceph.mgr.x.smithi086.stdout:Oct 14 18:49:00 smithi086 conmon[88178]: | +.o.+.o |
2023-10-14T18:49:00.923 INFO:journalctl@ceph.mgr.x.smithi086.stdout:Oct 14 18:49:00 smithi086 conmon[88178]: | . * * +.o|
2023-10-14T18:49:00.923 INFO:journalctl@ceph.mgr.x.smithi086.stdout:Oct 14 18:49:00 smithi086 conmon[88178]: | . ..O.B oo|
2023-10-14T18:49:00.924 INFO:journalctl@ceph.mgr.x.smithi086.stdout:Oct 14 18:49:00 smithi086 conmon[88178]: | Soo.B+o. |
2023-10-14T18:49:00.924 INFO:journalctl@ceph.mgr.x.smithi086.stdout:Oct 14 18:49:00 smithi086 conmon[88178]: | . o.= ...|
2023-10-14T18:49:00.924 INFO:journalctl@ceph.mgr.x.smithi086.stdout:Oct 14 18:49:00 smithi086 conmon[88178]: | . +Eo +o|
2023-10-14T18:49:00.924 INFO:journalctl@ceph.mgr.x.smithi086.stdout:Oct 14 18:49:00 smithi086 conmon[88178]: | . o o=..o|
2023-10-14T18:49:00.924 INFO:journalctl@ceph.mgr.x.smithi086.stdout:Oct 14 18:49:00 smithi086 conmon[88178]: | oo+Bo .|
2023-10-14T18:49:00.924 INFO:journalctl@ceph.mgr.x.smithi086.stdout:Oct 14 18:49:00 smithi086 conmon[88178]: +----[SHA256]-----+
2023-10-14T18:49:01.188 INFO:journalctl@ceph.mon.a.smithi086.stdout:Oct 14 18:49:00 smithi086 ceph-mon[87761]: from='client.14134 -' entity='client.admin' cmd=[{"prefix": "cephadm set-user", "user": "root", "target": ["mon-mgr", ""]}]: dispatch
2023-10-14T18:49:01.188 INFO:journalctl@ceph.mon.a.smithi086.stdout:Oct 14 18:49:00 smithi086 ceph-mon[87761]: from='mgr.14120 172.21.15.86:0/1934435455' entity='mgr.x'
2023-10-14T18:49:01.188 INFO:journalctl@ceph.mon.a.smithi086.stdout:Oct 14 18:49:00 smithi086 ceph-mon[87761]: from='mgr.14120 172.21.15.86:0/1934435455' entity='mgr.x'
2023-10-14T18:49:01.855 INFO:teuthology.orchestra.run.smithi086.stdout:/usr/bin/ceph: stdout ssh-rsa AAAAB3NzaC1yc2EAAAADAQABAAABgQC2jYrMlecmwlnc13fgFuZAzsrBNcHJWW0Dp2dKWmCcHNOw8X6nwYlOR2tldeION0McVlOrnlu9wg2opSfZV6TcRMk7IFNDoi0jb3buvAvyKI9JA4bc25Wl3pybFinqo4vzzZzJwmGRJs/dm6fi4VGH+nth4YpNAm+sKrBCroLH7edyGvtW+bqcpR5pzeYaAwDjmcL0XKmsNDlr5ABKhoO9CoUWXDWj5nXRDlGSunI/nOQ8iZm2ZEcU6LvisBxTfnmy7tjdT9bUUPAZaLuQgih0lY5royxkcFoMOxWAhkqZ7CzmIWIZNW+u7i9UmNPiwyT3Iyusj0KsBxK3Qj2i/TdDbSJCJ1Tk+SCqpFSXAmFeAot7vZR7uju4U/UdJ+6m3N3O8ZgVbCTUPOm1wG/yb86Ubl6InOollMllkP3Bxi3bjlxB6SaMt8p3L/h40lN53G5nIzyb2cyrVmBC1iX5hwuILExsPu2NhfvQfpZF2EKo4lwVtS1cM5LXPtA5qvX/vhk= ceph-17bdafae-6ac2-11ee-8db6-212e2dc638e7
2023-10-14T18:49:01.855 INFO:teuthology.orchestra.run.smithi086.stdout:/usr/bin/ceph: stderr
2023-10-14T18:49:01.258+0000 7f351c7ea700 1 Processor -- start
2023-10-14T18:49:01.855 INFO:teuthology.orchestra.run.smithi086.stdout:/usr/bin/ceph: stderr
2023-10-14T18:49:01.258+0000 7f351c7ea700 1 -- start start
2023-10-14T18:49:01.855 INFO:teuthology.orchestra.run.smithi086.stdout:/usr/bin/ceph: stderr
2023-10-14T18:49:01.259+0000 7f351c7ea700 1 --2- >> [v2:172.21.15.86:3300/0,v1:172.21.15.86:6789/0] conn(0x7f3514070f00 0x7f3514104fb0 unknown :-1 s=NONE pgs=0 cs=0 l=0 rev1=0 crypto rx=0 tx=0 comp rx=0 tx=0).connect
2023-10-14T18:49:01.856 INFO:teuthology.orchestra.run.smithi086.stdout:/usr/bin/ceph: stderr
2023-10-14T18:49:01.259+0000 7f351c7ea700 1 -- --> [v2:172.21.15.86:3300/0,v1:172.21.15.86:6789/0] -- mon_getmap magic: 0 v1 -- 0x7f35141054f0 con 0x7f3514070f00
2023-10-14T18:49:01.856 INFO:teuthology.orchestra.run.smithi086.stdout:/usr/bin/ceph: stderr
2023-10-14T18:49:01.259+0000 7f351a586700 1 --2- >> [v2:172.21.15.86:3300/0,v1:172.21.15.86:6789/0] conn(0x7f3514070f00 0x7f3514104fb0 unknown :-1 s=BANNER_CONNECTING pgs=0 cs=0 l=0 rev1=0 crypto rx=0 tx=0 comp rx=0 tx=0)._handle_peer_banner_payload supported=3 required=0
2023-10-14T18:49:01.856 INFO:teuthology.orchestra.run.smithi086.stdout:/usr/bin/ceph: stderr
2023-10-14T18:49:01.259+0000 7f351a586700 1 --2- >> [v2:172.21.15.86:3300/0,v1:172.21.15.86:6789/0] conn(0x7f3514070f00 0x7f3514104fb0 unknown :-1 s=HELLO_CONNECTING pgs=0 cs=0 l=0 rev1=1 crypto rx=0 tx=0 comp rx=0 tx=0).handle_hello peer v2:172.21.15.86:3300/0 says I am v2:172.21.15.86:50368/0 (socket says 172.21.15.86:50368)
2023-10-14T18:49:01.856 INFO:teuthology.orchestra.run.smithi086.stdout:/usr/bin/ceph: stderr
2023-10-14T18:49:01.259+0000 7f351a586700 1 -- 172.21.15.86:0/3177781650 learned_addr learned my addr 172.21.15.86:0/3177781650 (peer_addr_for_me v2:172.21.15.86:0/0)
2023-10-14T18:49:01.857 INFO:teuthology.orchestra.run.smithi086.stdout:/usr/bin/ceph: stderr
2023-10-14T18:49:01.259+0000 7f351a586700 1 -- 172.21.15.86:0/3177781650 --> [v2:172.21.15.86:3300/0,v1:172.21.15.86:6789/0] -- mon_subscribe({config=0+,monmap=0+}) v3 -- 0x7f3514105630 con 0x7f3514070f00
2023-10-14T18:49:01.857 INFO:teuthology.orchestra.run.smithi086.stdout:/usr/bin/ceph: stderr
2023-10-14T18:49:01.259+0000 7f351a586700 1 --2- 172.21.15.86:0/3177781650 >> [v2:172.21.15.86:3300/0,v1:172.21.15.86:6789/0] conn(0x7f3514070f00 0x7f3514104fb0 secure :-1 s=READY pgs=43 cs=0 l=1 rev1=1 crypto rx=0x7f35100098e0 tx=0x7f3510009250 comp rx=0 tx=0).ready entity=mon.0 client_cookie=f0cffd1b0aa7c3f4 server_cookie=0 in_seq=0 out_seq=0
2023-10-14T18:49:01.857 INFO:teuthology.orchestra.run.smithi086.stdout:/usr/bin/ceph: stderr
2023-10-14T18:49:01.259+0000 7f3519584700 1 -- 172.21.15.86:0/3177781650 <== mon.0 v2:172.21.15.86:3300/0 1 ==== mon_map magic: 0 v1 ==== 205+0+0 (secure 0 0 0) 0x7f3510009e80 con 0x7f3514070f00
2023-10-14T18:49:01.857 INFO:teuthology.orchestra.run.smithi086.stdout:/usr/bin/ceph: stderr
2023-10-14T18:49:01.259+0000 7f3519584700 1 -- 172.21.15.86:0/3177781650 <== mon.0 v2:172.21.15.86:3300/0 2 ==== config(26 keys) v1 ==== 1074+0+0 (secure 0 0 0) 0x7f351000bd10 con 0x7f3514070f00
2023-10-14T18:49:01.857 INFO:teuthology.orchestra.run.smithi086.stdout:/usr/bin/ceph: stderr
2023-10-14T18:49:01.259+0000 7f3519584700 1 -- 172.21.15.86:0/3177781650 <== mon.0 v2:172.21.15.86:3300/0 3 ==== mon_map magic: 0 v1 ==== 205+0+0 (secure 0 0 0) 0x7f3510011ce0 con 0x7f3514070f00
2023-10-14T18:49:01.858 INFO:teuthology.orchestra.run.smithi086.stdout:/usr/bin/ceph: stderr
2023-10-14T18:49:01.260+0000 7f351c7ea700 1 -- 172.21.15.86:0/3177781650 >> [v2:172.21.15.86:3300/0,v1:172.21.15.86:6789/0] conn(0x7f3514070f00 msgr2=0x7f3514104fb0 secure :-1 s=STATE_CONNECTION_ESTABLISHED l=1).mark_down
2023-10-14T18:49:01.858 INFO:teuthology.orchestra.run.smithi086.stdout:/usr/bin/ceph: stderr
2023-10-14T18:49:01.260+0000 7f351c7ea700 1 --2- 172.21.15.86:0/3177781650 >> [v2:172.21.15.86:3300/0,v1:172.21.15.86:6789/0] conn(0x7f3514070f00 0x7f3514104fb0 secure :-1 s=READY pgs=43 cs=0 l=1 rev1=1 crypto rx=0x7f35100098e0 tx=0x7f3510009250 comp rx=0 tx=0).stop
2023-10-14T18:49:01.858 INFO:teuthology.orchestra.run.smithi086.stdout:/usr/bin/ceph: stderr
2023-10-14T18:49:01.260+0000 7f351c7ea700 1 -- 172.21.15.86:0/3177781650 shutdown_connections
2023-10-14T18:49:01.858 INFO:teuthology.orchestra.run.smithi086.stdout:/usr/bin/ceph: stderr
2023-10-14T18:49:01.260+0000 7f351c7ea700 1 --2- 172.21.15.86:0/3177781650 >> [v2:172.21.15.86:3300/0,v1:172.21.15.86:6789/0] conn(0x7f3514070f00 0x7f3514104fb0 unknown :-1 s=CLOSED pgs=43 cs=0 l=1 rev1=1 crypto rx=0 tx=0 comp rx=0 tx=0).stop
2023-10-14T18:49:01.859 INFO:teuthology.orchestra.run.smithi086.stdout:/usr/bin/ceph: stderr
2023-10-14T18:49:01.260+0000 7f351c7ea700 1 -- 172.21.15.86:0/3177781650 >> 172.21.15.86:0/3177781650 conn(0x7f35140fca00 msgr2=0x7f35140fee30 unknown :-1 s=STATE_NONE l=0).mark_down
2023-10-14T18:49:01.859 INFO:teuthology.orchestra.run.smithi086.stdout:/usr/bin/ceph: stderr
2023-10-14T18:49:01.260+0000 7f351c7ea700 1 -- 172.21.15.86:0/3177781650 shutdown_connections
2023-10-14T18:49:01.859 INFO:teuthology.orchestra.run.smithi086.stdout:/usr/bin/ceph: stderr
2023-10-14T18:49:01.260+0000 7f351c7ea700 1 -- 172.21.15.86:0/3177781650 wait complete.
2023-10-14T18:49:01.859 INFO:teuthology.orchestra.run.smithi086.stdout:/usr/bin/ceph: stderr
2023-10-14T18:49:01.261+0000 7f351c7ea700 1 Processor -- start
2023-10-14T18:49:01.859 INFO:teuthology.orchestra.run.smithi086.stdout:/usr/bin/ceph: stderr
2023-10-14T18:49:01.261+0000 7f351c7ea700 1 -- start start
2023-10-14T18:49:01.860 INFO:teuthology.orchestra.run.smithi086.stdout:/usr/bin/ceph: stderr
2023-10-14T18:49:01.261+0000 7f351c7ea700 1 --2- >> [v2:172.21.15.86:3300/0,v1:172.21.15.86:6789/0] conn(0x7f3514070f00 0x7f3514111080 unknown :-1 s=NONE pgs=0 cs=0 l=1 rev1=0 crypto rx=0 tx=0 comp rx=0 tx=0).connect
2023-10-14T18:49:01.860 INFO:teuthology.orchestra.run.smithi086.stdout:/usr/bin/ceph: stderr
2023-10-14T18:49:01.261+0000 7f351c7ea700 1 -- --> [v2:172.21.15.86:3300/0,v1:172.21.15.86:6789/0] -- mon_getmap magic: 0 v1 -- 0x7f35141115c0 con 0x7f3514070f00
2023-10-14T18:49:01.860 INFO:teuthology.orchestra.run.smithi086.stdout:/usr/bin/ceph: stderr
2023-10-14T18:49:01.261+0000 7f351a586700 1 --2- >> [v2:172.21.15.86:3300/0,v1:172.21.15.86:6789/0] conn(0x7f3514070f00 0x7f3514111080 unknown :-1 s=BANNER_CONNECTING pgs=0 cs=0 l=1 rev1=0 crypto rx=0 tx=0 comp rx=0 tx=0)._handle_peer_banner_payload supported=3 required=0
2023-10-14T18:49:01.860 INFO:teuthology.orchestra.run.smithi086.stdout:/usr/bin/ceph: stderr
2023-10-14T18:49:01.261+0000 7f351a586700 1 --2- >> [v2:172.21.15.86:3300/0,v1:172.21.15.86:6789/0] conn(0x7f3514070f00 0x7f3514111080 unknown :-1 s=HELLO_CONNECTING pgs=0 cs=0 l=1 rev1=1 crypto rx=0 tx=0 comp rx=0 tx=0).handle_hello peer v2:172.21.15.86:3300/0 says I am v2:172.21.15.86:50372/0 (socket says 172.21.15.86:50372)
2023-10-14T18:49:01.860 INFO:teuthology.orchestra.run.smithi086.stdout:/usr/bin/ceph: stderr
2023-10-14T18:49:01.261+0000 7f351a586700 1 -- 172.21.15.86:0/2533245765 learned_addr learned my addr 172.21.15.86:0/2533245765 (peer_addr_for_me v2:172.21.15.86:0/0)
2023-10-14T18:49:01.861 INFO:teuthology.orchestra.run.smithi086.stdout:/usr/bin/ceph: stderr
2023-10-14T18:49:01.261+0000 7f351a586700 1 -- 172.21.15.86:0/2533245765 --> [v2:172.21.15.86:3300/0,v1:172.21.15.86:6789/0] -- mon_subscribe({config=0+,monmap=0+}) v3 -- 0x7f35100094f0 con 0x7f3514070f00
2023-10-14T18:49:01.861 INFO:teuthology.orchestra.run.smithi086.stdout:/usr/bin/ceph: stderr
2023-10-14T18:49:01.261+0000 7f351a586700 1 --2- 172.21.15.86:0/2533245765 >> [v2:172.21.15.86:3300/0,v1:172.21.15.86:6789/0] conn(0x7f3514070f00 0x7f3514111080 secure :-1 s=READY pgs=44 cs=0 l=1 rev1=1 crypto rx=0x7f3510006fd0 tx=0x7f3510009250 comp rx=0 tx=0).ready entity=mon.0 client_cookie=0 server_cookie=0 in_seq=0 out_seq=0
2023-10-14T18:49:01.861 INFO:teuthology.orchestra.run.smithi086.stdout:/usr/bin/ceph: stderr
2023-10-14T18:49:01.262+0000 7f350affd700 1 -- 172.21.15.86:0/2533245765 <== mon.0 v2:172.21.15.86:3300/0 1 ==== mon_map magic: 0 v1 ==== 205+0+0 (secure 0 0 0) 0x7f3510009e80 con 0x7f3514070f00
2023-10-14T18:49:01.861 INFO:teuthology.orchestra.run.smithi086.stdout:/usr/bin/ceph: stderr
2023-10-14T18:49:01.262+0000 7f350affd700 1 -- 172.21.15.86:0/2533245765 <== mon.0 v2:172.21.15.86:3300/0 2 ==== config(26 keys) v1 ==== 1074+0+0 (secure 0 0 0) 0x7f351001ab20 con 0x7f3514070f00
2023-10-14T18:49:01.862 INFO:teuthology.orchestra.run.smithi086.stdout:/usr/bin/ceph: stderr
2023-10-14T18:49:01.262+0000 7f350affd700 1 -- 172.21.15.86:0/2533245765 <== mon.0 v2:172.21.15.86:3300/0 3 ==== mon_map magic: 0 v1 ==== 205+0+0 (secure 0 0 0) 0x7f3510022aa0 con 0x7f3514070f00
2023-10-14T18:49:01.862 INFO:teuthology.orchestra.run.smithi086.stdout:/usr/bin/ceph: stderr
2023-10-14T18:49:01.262+0000 7f351c7ea700 1 -- 172.21.15.86:0/2533245765 --> [v2:172.21.15.86:3300/0,v1:172.21.15.86:6789/0] -- mon_subscribe({mgrmap=0+}) v3 -- 0x7f35141117c0 con 0x7f3514070f00
2023-10-14T18:49:01.862 INFO:teuthology.orchestra.run.smithi086.stdout:/usr/bin/ceph: stderr
2023-10-14T18:49:01.262+0000 7f351c7ea700 1 -- 172.21.15.86:0/2533245765 --> [v2:172.21.15.86:3300/0,v1:172.21.15.86:6789/0] -- mon_subscribe({osdmap=0}) v3 -- 0x7f3514111bd0 con 0x7f3514070f00
2023-10-14T18:49:01.862 INFO:teuthology.orchestra.run.smithi086.stdout:/usr/bin/ceph: stderr
2023-10-14T18:49:01.262+0000 7f350affd700 1 -- 172.21.15.86:0/2533245765 <== mon.0 v2:172.21.15.86:3300/0 4 ==== mgrmap(e 8) v1 ==== 43265+0+0 (secure 0 0 0) 0x7f3510022ce0 con 0x7f3514070f00
2023-10-14T18:49:01.862 INFO:teuthology.orchestra.run.smithi086.stdout:/usr/bin/ceph: stderr
2023-10-14T18:49:01.262+0000 7f351c7ea700 1 -- 172.21.15.86:0/2533245765 --> [v2:172.21.15.86:3300/0,v1:172.21.15.86:6789/0] -- mon_command({"prefix": "get_command_descriptions"} v 0) v1 -- 0x7f351404bb80 con 0x7f3514070f00
2023-10-14T18:49:01.863 INFO:teuthology.orchestra.run.smithi086.stdout:/usr/bin/ceph: stderr
2023-10-14T18:49:01.263+0000 7f350affd700 1 --2- 172.21.15.86:0/2533245765 >> [v2:172.21.15.86:6800/3450370052,v1:172.21.15.86:6801/3450370052] conn(0x7f35000365b0 0x7f3500038a60 unknown :-1 s=NONE pgs=0 cs=0 l=1 rev1=0 crypto rx=0 tx=0 comp rx=0 tx=0).connect
2023-10-14T18:49:01.863 INFO:teuthology.orchestra.run.smithi086.stdout:/usr/bin/ceph: stderr
2023-10-14T18:49:01.263+0000 7f350affd700 1 -- 172.21.15.86:0/2533245765 <== mon.0 v2:172.21.15.86:3300/0 5 ==== osd_map(2..2 src has 1..2) v4 ==== 936+0+0 (secure 0 0 0) 0x7f3510049a90 con 0x7f3514070f00
2023-10-14T18:49:01.863 INFO:teuthology.orchestra.run.smithi086.stdout:/usr/bin/ceph: stderr
2023-10-14T18:49:01.263+0000 7f3519d85700 1 --2- 172.21.15.86:0/2533245765 >> [v2:172.21.15.86:6800/3450370052,v1:172.21.15.86:6801/3450370052] conn(0x7f35000365b0 0x7f3500038a60 unknown :-1 s=BANNER_CONNECTING pgs=0 cs=0 l=1 rev1=0 crypto rx=0 tx=0 comp rx=0 tx=0)._handle_peer_banner_payload supported=3 required=0
2023-10-14T18:49:01.863 INFO:teuthology.orchestra.run.smithi086.stdout:/usr/bin/ceph: stderr
2023-10-14T18:49:01.263+0000 7f3519d85700 1 --2- 172.21.15.86:0/2533245765 >> [v2:172.21.15.86:6800/3450370052,v1:172.21.15.86:6801/3450370052] conn(0x7f35000365b0 0x7f3500038a60 secure :-1 s=READY pgs=10 cs=0 l=1 rev1=1 crypto rx=0x7f3504009990 tx=0x7f3504006e40 comp rx=0 tx=0).ready entity=mgr.14120 client_cookie=0 server_cookie=0 in_seq=0 out_seq=0
2023-10-14T18:49:01.863 INFO:teuthology.orchestra.run.smithi086.stdout:/usr/bin/ceph: stderr
2023-10-14T18:49:01.267+0000 7f350affd700 1 -- 172.21.15.86:0/2533245765 <== mon.0 v2:172.21.15.86:3300/0 6 ==== mon_command_ack([{"prefix": "get_command_descriptions"}]=0 v0) v1 ==== 72+0+174570 (secure 0 0 0) 0x7f35100223c0 con 0x7f3514070f00
2023-10-14T18:49:01.864 INFO:teuthology.orchestra.run.smithi086.stdout:/usr/bin/ceph: stderr
2023-10-14T18:49:01.451+0000 7f351c7ea700 1 -- 172.21.15.86:0/2533245765 --> [v2:172.21.15.86:6800/3450370052,v1:172.21.15.86:6801/3450370052] -- mgr_command(tid 0: {"prefix": "cephadm get-pub-key", "target": ["mon-mgr", ""]}) v1 -- 0x7f35140fde40 con 0x7f35000365b0
2023-10-14T18:49:01.864 INFO:teuthology.orchestra.run.smithi086.stdout:/usr/bin/ceph: stderr
2023-10-14T18:49:01.452+0000 7f350affd700 1 -- 172.21.15.86:0/2533245765 <== mgr.14120 v2:172.21.15.86:6800/3450370052 1 ==== mgr_command_reply(tid 0: 0 ) v1 ==== 8+0+595 (secure 0 0 0) 0x7f35140fde40 con 0x7f35000365b0
2023-10-14T18:49:01.864 INFO:teuthology.orchestra.run.smithi086.stdout:/usr/bin/ceph: stderr
2023-10-14T18:49:01.454+0000 7f351c7ea700 1 -- 172.21.15.86:0/2533245765 >> [v2:172.21.15.86:6800/3450370052,v1:172.21.15.86:6801/3450370052] conn(0x7f35000365b0 msgr2=0x7f3500038a60 secure :-1 s=STATE_CONNECTION_ESTABLISHED l=1).mark_down
2023-10-14T18:49:01.864 INFO:teuthology.orchestra.run.smithi086.stdout:/usr/bin/ceph: stderr
2023-10-14T18:49:01.454+0000 7f351c7ea700 1 --2- 172.21.15.86:0/2533245765 >> [v2:172.21.15.86:6800/3450370052,v1:172.21.15.86:6801/3450370052] conn(0x7f35000365b0 0x7f3500038a60 secure :-1 s=READY pgs=10 cs=0 l=1 rev1=1 crypto rx=0x7f3504009990 tx=0x7f3504006e40 comp rx=0 tx=0).stop
2023-10-14T18:49:01.865 INFO:teuthology.orchestra.run.smithi086.stdout:/usr/bin/ceph: stderr
2023-10-14T18:49:01.454+0000 7f351c7ea700 1 -- 172.21.15.86:0/2533245765 >> [v2:172.21.15.86:3300/0,v1:172.21.15.86:6789/0] conn(0x7f3514070f00 msgr2=0x7f3514111080 secure :-1 s=STATE_CONNECTION_ESTABLISHED l=1).mark_down
2023-10-14T18:49:01.865 INFO:teuthology.orchestra.run.smithi086.stdout:/usr/bin/ceph: stderr
2023-10-14T18:49:01.454+0000 7f351c7ea700 1 --2- 172.21.15.86:0/2533245765 >> [v2:172.21.15.86:3300/0,v1:172.21.15.86:6789/0] conn(0x7f3514070f00 0x7f3514111080 secure :-1 s=READY pgs=44 cs=0 l=1 rev1=1 crypto rx=0x7f3510006fd0 tx=0x7f3510009250 comp rx=0 tx=0).stop
2023-10-14T18:49:01.865 INFO:teuthology.orchestra.run.smithi086.stdout:/usr/bin/ceph: stderr
2023-10-14T18:49:01.454+0000 7f351c7ea700 1 -- 172.21.15.86:0/2533245765 shutdown_connections
2023-10-14T18:49:01.865 INFO:teuthology.orchestra.run.smithi086.stdout:/usr/bin/ceph: stderr
2023-10-14T18:49:01.454+0000 7f351c7ea700 1 --2- 172.21.15.86:0/2533245765 >> [v2:172.21.15.86:6800/3450370052,v1:172.21.15.86:6801/3450370052] conn(0x7f35000365b0 0x7f3500038a60 unknown :-1 s=CLOSED pgs=10 cs=0 l=1 rev1=1 crypto rx=0 tx=0 comp rx=0 tx=0).stop
2023-10-14T18:49:01.866 INFO:teuthology.orchestra.run.smithi086.stdout:/usr/bin/ceph: stderr
2023-10-14T18:49:01.454+0000 7f351c7ea700 1 --2- 172.21.15.86:0/2533245765 >> [v2:172.21.15.86:3300/0,v1:172.21.15.86:6789/0] conn(0x7f3514070f00 0x7f3514111080 unknown :-1 s=CLOSED pgs=44 cs=0 l=1 rev1=1 crypto rx=0 tx=0 comp rx=0 tx=0).stop
2023-10-14T18:49:01.866 INFO:teuthology.orchestra.run.smithi086.stdout:/usr/bin/ceph: stderr
2023-10-14T18:49:01.454+0000 7f351c7ea700 1 -- 172.21.15.86:0/2533245765 >> 172.21.15.86:0/2533245765 conn(0x7f35140fca00 msgr2=0x7f35140fd730 unknown :-1 s=STATE_NONE l=0).mark_down
2023-10-14T18:49:01.866 INFO:teuthology.orchestra.run.smithi086.stdout:/usr/bin/ceph: stderr
2023-10-14T18:49:01.454+0000 7f351c7ea700 1 -- 172.21.15.86:0/2533245765 shutdown_connections
2023-10-14T18:49:01.866 INFO:teuthology.orchestra.run.smithi086.stdout:/usr/bin/ceph: stderr
2023-10-14T18:49:01.454+0000 7f351c7ea700 1 -- 172.21.15.86:0/2533245765 wait complete.
2023-10-14T18:49:01.866 INFO:teuthology.orchestra.run.smithi086.stdout:Wrote public SSH key to /home/ubuntu/cephtest/ceph.pub
2023-10-14T18:49:01.867 INFO:teuthology.orchestra.run.smithi086.stdout:Adding key to root@localhost authorized_keys...
2023-10-14T18:49:01.867 INFO:teuthology.orchestra.run.smithi086.stdout:Adding host smithi086...
2023-10-14T18:49:02.188 INFO:journalctl@ceph.mon.a.smithi086.stdout:Oct 14 18:49:01 smithi086 ceph-mon[87761]: from='client.14136 -' entity='client.admin' cmd=[{"prefix": "cephadm generate-key", "target": ["mon-mgr", ""]}]: dispatch
2023-10-14T18:49:02.188 INFO:journalctl@ceph.mon.a.smithi086.stdout:Oct 14 18:49:01 smithi086 ceph-mon[87761]: Generating ssh key...
2023-10-14T18:49:03.117 INFO:journalctl@ceph.mon.a.smithi086.stdout:Oct 14 18:49:02 smithi086 ceph-mon[87761]: from='client.14138 -' entity='client.admin' cmd=[{"prefix": "cephadm get-pub-key", "target": ["mon-mgr", ""]}]: dispatch
2023-10-14T18:49:04.249 INFO:journalctl@ceph.mon.a.smithi086.stdout:Oct 14 18:49:03 smithi086 ceph-mon[87761]: from='client.14140 -' entity='client.admin' cmd=[{"prefix": "orch host add", "hostname": "smithi086", "addr": "172.21.15.86", "target": ["mon-mgr", ""]}]: dispatch
2023-10-14T18:49:04.250 INFO:journalctl@ceph.mon.a.smithi086.stdout:Oct 14 18:49:03 smithi086 ceph-mon[87761]: Deploying cephadm binary to smithi086
2023-10-14T18:49:04.596 INFO:teuthology.orchestra.run.smithi086.stdout:/usr/bin/ceph: stdout Added host 'smithi086' with addr '172.21.15.86'
2023-10-14T18:49:04.596 INFO:teuthology.orchestra.run.smithi086.stdout:/usr/bin/ceph: stderr
2023-10-14T18:49:02.285+0000 7feaf12b7700 1 Processor -- start
2023-10-14T18:49:04.597 INFO:teuthology.orchestra.run.smithi086.stdout:/usr/bin/ceph: stderr
2023-10-14T18:49:02.285+0000 7feaf12b7700 1 -- start start
2023-10-14T18:49:04.597 INFO:teuthology.orchestra.run.smithi086.stdout:/usr/bin/ceph: stderr
2023-10-14T18:49:02.285+0000 7feaf12b7700 1 --2- >> [v2:172.21.15.86:3300/0,v1:172.21.15.86:6789/0] conn(0x7feaec1029a0 0x7feaec102db0 unknown :-1 s=NONE pgs=0 cs=0 l=0 rev1=0 crypto rx=0 tx=0 comp rx=0 tx=0).connect
2023-10-14T18:49:04.597 INFO:teuthology.orchestra.run.smithi086.stdout:/usr/bin/ceph: stderr
2023-10-14T18:49:02.285+0000 7feaf12b7700 1 -- --> [v2:172.21.15.86:3300/0,v1:172.21.15.86:6789/0] -- mon_getmap magic: 0 v1 -- 0x7feaec1032f0 con 0x7feaec1029a0
2023-10-14T18:49:04.597 INFO:teuthology.orchestra.run.smithi086.stdout:/usr/bin/ceph: stderr
2023-10-14T18:49:02.285+0000 7feaeaffd700 1 --2- >> [v2:172.21.15.86:3300/0,v1:172.21.15.86:6789/0] conn(0x7feaec1029a0 0x7feaec102db0 unknown :-1 s=BANNER_CONNECTING pgs=0 cs=0 l=0 rev1=0 crypto rx=0 tx=0 comp rx=0 tx=0)._handle_peer_banner_payload supported=3 required=0
2023-10-14T18:49:04.597 INFO:teuthology.orchestra.run.smithi086.stdout:/usr/bin/ceph: stderr
2023-10-14T18:49:02.285+0000 7feaeaffd700 1 --2- >> [v2:172.21.15.86:3300/0,v1:172.21.15.86:6789/0] conn(0x7feaec1029a0 0x7feaec102db0 unknown :-1 s=HELLO_CONNECTING pgs=0 cs=0 l=0 rev1=1 crypto rx=0 tx=0 comp rx=0 tx=0).handle_hello peer v2:172.21.15.86:3300/0 says I am v2:172.21.15.86:50374/0 (socket says 172.21.15.86:50374)
2023-10-14T18:49:04.598 INFO:teuthology.orchestra.run.smithi086.stdout:/usr/bin/ceph: stderr
2023-10-14T18:49:02.285+0000 7feaeaffd700 1 -- 172.21.15.86:0/777931231 learned_addr learned my addr 172.21.15.86:0/777931231 (peer_addr_for_me v2:172.21.15.86:0/0)
2023-10-14T18:49:04.598 INFO:teuthology.orchestra.run.smithi086.stdout:/usr/bin/ceph: stderr
2023-10-14T18:49:02.286+0000 7feaeaffd700 1 -- 172.21.15.86:0/777931231 --> [v2:172.21.15.86:3300/0,v1:172.21.15.86:6789/0] -- mon_subscribe({config=0+,monmap=0+}) v3 -- 0x7feaec103430 con 0x7feaec1029a0
2023-10-14T18:49:04.598 INFO:teuthology.orchestra.run.smithi086.stdout:/usr/bin/ceph: stderr
2023-10-14T18:49:02.286+0000 7feaeaffd700 1 --2- 172.21.15.86:0/777931231 >> [v2:172.21.15.86:3300/0,v1:172.21.15.86:6789/0] conn(0x7feaec1029a0 0x7feaec102db0 secure :-1 s=READY pgs=45 cs=0 l=1 rev1=1 crypto rx=0x7feadc0098e0 tx=0x7feadc009250 comp rx=0 tx=0).ready entity=mon.0 client_cookie=fd6c18f292076554 server_cookie=0 in_seq=0 out_seq=0
2023-10-14T18:49:04.598 INFO:teuthology.orchestra.run.smithi086.stdout:/usr/bin/ceph: stderr
2023-10-14T18:49:02.286+0000 7feae9ffb700 1 -- 172.21.15.86:0/777931231 <== mon.0 v2:172.21.15.86:3300/0 1 ==== mon_map magic: 0 v1 ==== 205+0+0 (secure 0 0 0) 0x7feadc009e80 con 0x7feaec1029a0
2023-10-14T18:49:04.599 INFO:teuthology.orchestra.run.smithi086.stdout:/usr/bin/ceph: stderr
2023-10-14T18:49:02.286+0000 7feae9ffb700 1 -- 172.21.15.86:0/777931231 <== mon.0 v2:172.21.15.86:3300/0 2 ==== config(26 keys) v1 ==== 1074+0+0 (secure 0 0 0) 0x7feadc00bd10 con 0x7feaec1029a0
2023-10-14T18:49:04.599 INFO:teuthology.orchestra.run.smithi086.stdout:/usr/bin/ceph: stderr
2023-10-14T18:49:02.286+0000 7feae9ffb700 1 -- 172.21.15.86:0/777931231 <== mon.0 v2:172.21.15.86:3300/0 3 ==== mon_map magic: 0 v1 ==== 205+0+0 (secure 0 0 0) 0x7feadc011ce0 con 0x7feaec1029a0
2023-10-14T18:49:04.599 INFO:teuthology.orchestra.run.smithi086.stdout:/usr/bin/ceph: stderr
2023-10-14T18:49:02.286+0000 7feaf12b7700 1 -- 172.21.15.86:0/777931231 >> [v2:172.21.15.86:3300/0,v1:172.21.15.86:6789/0] conn(0x7feaec1029a0 msgr2=0x7feaec102db0 secure :-1 s=STATE_CONNECTION_ESTABLISHED l=1).mark_down
2023-10-14T18:49:04.599 INFO:teuthology.orchestra.run.smithi086.stdout:/usr/bin/ceph: stderr
2023-10-14T18:49:02.286+0000 7feaf12b7700 1 --2- 172.21.15.86:0/777931231 >> [v2:172.21.15.86:3300/0,v1:172.21.15.86:6789/0] conn(0x7feaec1029a0 0x7feaec102db0 secure :-1 s=READY pgs=45 cs=0 l=1 rev1=1 crypto rx=0x7feadc0098e0 tx=0x7feadc009250 comp rx=0 tx=0).stop
2023-10-14T18:49:04.599 INFO:teuthology.orchestra.run.smithi086.stdout:/usr/bin/ceph: stderr
2023-10-14T18:49:02.286+0000 7feaf12b7700 1 -- 172.21.15.86:0/777931231 shutdown_connections
2023-10-14T18:49:04.600 INFO:teuthology.orchestra.run.smithi086.stdout:/usr/bin/ceph: stderr
2023-10-14T18:49:02.286+0000 7feaf12b7700 1 --2- 172.21.15.86:0/777931231 >> [v2:172.21.15.86:3300/0,v1:172.21.15.86:6789/0] conn(0x7feaec1029a0 0x7feaec102db0 unknown :-1 s=CLOSED pgs=45 cs=0 l=1 rev1=1 crypto rx=0 tx=0 comp rx=0 tx=0).stop
2023-10-14T18:49:04.600 INFO:teuthology.orchestra.run.smithi086.stdout:/usr/bin/ceph: stderr
2023-10-14T18:49:02.286+0000 7feaf12b7700 1 -- 172.21.15.86:0/777931231 >> 172.21.15.86:0/777931231 conn(0x7feaec0fc190 msgr2=0x7feaec0fe5c0 unknown :-1 s=STATE_NONE l=0).mark_down
2023-10-14T18:49:04.600 INFO:teuthology.orchestra.run.smithi086.stdout:/usr/bin/ceph: stderr
2023-10-14T18:49:02.286+0000 7feaf12b7700 1 -- 172.21.15.86:0/777931231 shutdown_connections
2023-10-14T18:49:04.600 INFO:teuthology.orchestra.run.smithi086.stdout:/usr/bin/ceph: stderr
2023-10-14T18:49:02.286+0000 7feaf12b7700 1 -- 172.21.15.86:0/777931231 wait complete.
2023-10-14T18:49:04.600 INFO:teuthology.orchestra.run.smithi086.stdout:/usr/bin/ceph: stderr
2023-10-14T18:49:02.287+0000 7feaf12b7700 1 Processor -- start
2023-10-14T18:49:04.601 INFO:teuthology.orchestra.run.smithi086.stdout:/usr/bin/ceph: stderr
2023-10-14T18:49:02.287+0000 7feaf12b7700 1 -- start start
2023-10-14T18:49:04.601 INFO:teuthology.orchestra.run.smithi086.stdout:/usr/bin/ceph: stderr
2023-10-14T18:49:02.287+0000 7feaf12b7700 1 --2- >> [v2:172.21.15.86:3300/0,v1:172.21.15.86:6789/0] conn(0x7feaec1029a0 0x7feaec113240 unknown :-1 s=NONE pgs=0 cs=0 l=1 rev1=0 crypto rx=0 tx=0 comp rx=0 tx=0).connect
2023-10-14T18:49:04.601 INFO:teuthology.orchestra.run.smithi086.stdout:/usr/bin/ceph: stderr
2023-10-14T18:49:02.287+0000 7feaf12b7700 1 -- --> [v2:172.21.15.86:3300/0,v1:172.21.15.86:6789/0] -- mon_getmap magic: 0 v1 -- 0x7feaec113780 con 0x7feaec1029a0
2023-10-14T18:49:04.601 INFO:teuthology.orchestra.run.smithi086.stdout:/usr/bin/ceph: stderr
2023-10-14T18:49:02.287+0000 7feaeaffd700 1 --2- >> [v2:172.21.15.86:3300/0,v1:172.21.15.86:6789/0] conn(0x7feaec1029a0 0x7feaec113240 unknown :-1 s=BANNER_CONNECTING pgs=0 cs=0 l=1 rev1=0 crypto rx=0 tx=0 comp rx=0 tx=0)._handle_peer_banner_payload supported=3 required=0
2023-10-14T18:49:04.601 INFO:teuthology.orchestra.run.smithi086.stdout:/usr/bin/ceph: stderr
2023-10-14T18:49:02.287+0000 7feaeaffd700 1 --2- >> [v2:172.21.15.86:3300/0,v1:172.21.15.86:6789/0] conn(0x7feaec1029a0 0x7feaec113240 unknown :-1 s=HELLO_CONNECTING pgs=0 cs=0 l=1 rev1=1 crypto rx=0 tx=0 comp rx=0 tx=0).handle_hello peer v2:172.21.15.86:3300/0 says I am v2:172.21.15.86:50376/0 (socket says 172.21.15.86:50376)
2023-10-14T18:49:04.602 INFO:teuthology.orchestra.run.smithi086.stdout:/usr/bin/ceph: stderr
2023-10-14T18:49:02.287+0000 7feaeaffd700 1 -- 172.21.15.86:0/1957864900 learned_addr learned my addr 172.21.15.86:0/1957864900 (peer_addr_for_me v2:172.21.15.86:0/0)
2023-10-14T18:49:04.602 INFO:teuthology.orchestra.run.smithi086.stdout:/usr/bin/ceph: stderr
2023-10-14T18:49:02.288+0000 7feaeaffd700 1 -- 172.21.15.86:0/1957864900 --> [v2:172.21.15.86:3300/0,v1:172.21.15.86:6789/0] -- mon_subscribe({config=0+,monmap=0+}) v3 -- 0x7feadc0094f0 con 0x7feaec1029a0
2023-10-14T18:49:04.602 INFO:teuthology.orchestra.run.smithi086.stdout:/usr/bin/ceph: stderr
2023-10-14T18:49:02.288+0000 7feaeaffd700 1 --2- 172.21.15.86:0/1957864900 >> [v2:172.21.15.86:3300/0,v1:172.21.15.86:6789/0] conn(0x7feaec1029a0 0x7feaec113240 secure :-1 s=READY pgs=46 cs=0 l=1 rev1=1 crypto rx=0x7feadc00bce0 tx=0x7feadc009250 comp rx=0 tx=0).ready entity=mon.0 client_cookie=0 server_cookie=0 in_seq=0 out_seq=0
2023-10-14T18:49:04.602 INFO:teuthology.orchestra.run.smithi086.stdout:/usr/bin/ceph: stderr
2023-10-14T18:49:02.288+0000 7fead37fe700 1 -- 172.21.15.86:0/1957864900 <== mon.0 v2:172.21.15.86:3300/0 1 ==== mon_map magic: 0 v1 ==== 205+0+0 (secure 0 0 0) 0x7feadc01a640 con 0x7feaec1029a0
2023-10-14T18:49:04.602 INFO:teuthology.orchestra.run.smithi086.stdout:/usr/bin/ceph: stderr
2023-10-14T18:49:02.288+0000 7fead37fe700 1 -- 172.21.15.86:0/1957864900 <== mon.0 v2:172.21.15.86:3300/0 2 ==== config(26 keys) v1 ==== 1074+0+0 (secure 0 0 0) 0x7feadc01ac50 con 0x7feaec1029a0
2023-10-14T18:49:04.603 INFO:teuthology.orchestra.run.smithi086.stdout:/usr/bin/ceph: stderr
2023-10-14T18:49:02.288+0000 7fead37fe700 1 -- 172.21.15.86:0/1957864900 <== mon.0 v2:172.21.15.86:3300/0 3 ==== mon_map magic: 0 v1 ==== 205+0+0 (secure 0 0 0) 0x7feadc022b20 con 0x7feaec1029a0
2023-10-14T18:49:04.603 INFO:teuthology.orchestra.run.smithi086.stdout:/usr/bin/ceph: stderr
2023-10-14T18:49:02.288+0000 7feaf12b7700 1 -- 172.21.15.86:0/1957864900 --> [v2:172.21.15.86:3300/0,v1:172.21.15.86:6789/0] -- mon_subscribe({mgrmap=0+}) v3 -- 0x7feaec113980 con 0x7feaec1029a0
2023-10-14T18:49:04.603 INFO:teuthology.orchestra.run.smithi086.stdout:/usr/bin/ceph: stderr
2023-10-14T18:49:02.288+0000 7feaf12b7700 1 -- 172.21.15.86:0/1957864900 --> [v2:172.21.15.86:3300/0,v1:172.21.15.86:6789/0] -- mon_subscribe({osdmap=0}) v3 -- 0x7feaec113d90 con 0x7feaec1029a0
2023-10-14T18:49:04.605 INFO:teuthology.orchestra.run.smithi086.stdout:/usr/bin/ceph: stderr
2023-10-14T18:49:02.289+0000 7fead37fe700 1 -- 172.21.15.86:0/1957864900 <== mon.0 v2:172.21.15.86:3300/0 4 ==== mgrmap(e 8) v1 ==== 43265+0+0 (secure 0 0 0) 0x7feadc02c440 con 0x7feaec1029a0
2023-10-14T18:49:04.605 INFO:teuthology.orchestra.run.smithi086.stdout:/usr/bin/ceph: stderr
2023-10-14T18:49:02.289+0000 7feaf12b7700 1 -- 172.21.15.86:0/1957864900 --> [v2:172.21.15.86:3300/0,v1:172.21.15.86:6789/0] -- mon_command({"prefix": "get_command_descriptions"} v 0) v1 -- 0x7feaec04bb80 con 0x7feaec1029a0
2023-10-14T18:49:04.605 INFO:teuthology.orchestra.run.smithi086.stdout:/usr/bin/ceph: stderr
2023-10-14T18:49:02.289+0000 7fead37fe700 1 --2- 172.21.15.86:0/1957864900 >> [v2:172.21.15.86:6800/3450370052,v1:172.21.15.86:6801/3450370052] conn(0x7fead4036610 0x7fead4038ac0 unknown :-1 s=NONE pgs=0 cs=0 l=1 rev1=0 crypto rx=0 tx=0 comp rx=0 tx=0).connect
2023-10-14T18:49:04.606 INFO:teuthology.orchestra.run.smithi086.stdout:/usr/bin/ceph: stderr
2023-10-14T18:49:02.289+0000 7fead37fe700 1 -- 172.21.15.86:0/1957864900 <== mon.0 v2:172.21.15.86:3300/0 5 ==== osd_map(2..2 src has 1..2) v4 ==== 936+0+0 (secure 0 0 0) 0x7feadc04a7e0 con 0x7feaec1029a0
2023-10-14T18:49:04.606 INFO:teuthology.orchestra.run.smithi086.stdout:/usr/bin/ceph: stderr
2023-10-14T18:49:02.289+0000 7feaea7fc700 1 --2- 172.21.15.86:0/1957864900 >> [v2:172.21.15.86:6800/3450370052,v1:172.21.15.86:6801/3450370052] conn(0x7fead4036610 0x7fead4038ac0 unknown :-1 s=BANNER_CONNECTING pgs=0 cs=0 l=1 rev1=0 crypto rx=0 tx=0 comp rx=0 tx=0)._handle_peer_banner_payload supported=3 required=0
2023-10-14T18:49:04.606 INFO:teuthology.orchestra.run.smithi086.stdout:/usr/bin/ceph: stderr
2023-10-14T18:49:02.289+0000 7feaea7fc700 1 --2- 172.21.15.86:0/1957864900 >> [v2:172.21.15.86:6800/3450370052,v1:172.21.15.86:6801/3450370052] conn(0x7fead4036610 0x7fead4038ac0 secure :-1 s=READY pgs=11 cs=0 l=1 rev1=1 crypto rx=0x7feae0009990 tx=0x7feae0006e40 comp rx=0 tx=0).ready entity=mgr.14120 client_cookie=0 server_cookie=0 in_seq=0 out_seq=0
2023-10-14T18:49:04.606 INFO:teuthology.orchestra.run.smithi086.stdout:/usr/bin/ceph: stderr
2023-10-14T18:49:02.293+0000 7fead37fe700 1 -- 172.21.15.86:0/1957864900 <== mon.0 v2:172.21.15.86:3300/0 6 ==== mon_command_ack([{"prefix": "get_command_descriptions"}]=0 v0) v1 ==== 72+0+174570 (secure 0 0 0) 0x7feadc018530 con 0x7feaec1029a0
2023-10-14T18:49:04.606 INFO:teuthology.orchestra.run.smithi086.stdout:/usr/bin/ceph: stderr
2023-10-14T18:49:02.480+0000 7feaf12b7700 1 -- 172.21.15.86:0/1957864900 --> [v2:172.21.15.86:6800/3450370052,v1:172.21.15.86:6801/3450370052] -- mgr_command(tid 0: {"prefix": "orch host add", "hostname": "smithi086", "addr": "172.21.15.86", "target": ["mon-mgr", ""]}) v1 -- 0x7feaec0fd580 con 0x7fead4036610
2023-10-14T18:49:04.607 INFO:teuthology.orchestra.run.smithi086.stdout:/usr/bin/ceph: stderr
2023-10-14T18:49:04.218+0000 7fead37fe700 1 -- 172.21.15.86:0/1957864900 <== mgr.14120 v2:172.21.15.86:6800/3450370052 1 ==== mgr_command_reply(tid 0: 0 ) v1 ==== 8+0+48 (secure 0 0 0) 0x7feaec0fd580 con 0x7fead4036610
2023-10-14T18:49:04.607 INFO:teuthology.orchestra.run.smithi086.stdout:/usr/bin/ceph: stderr
2023-10-14T18:49:04.220+0000 7feaf12b7700 1 -- 172.21.15.86:0/1957864900 >> [v2:172.21.15.86:6800/3450370052,v1:172.21.15.86:6801/3450370052] conn(0x7fead4036610 msgr2=0x7fead4038ac0 secure :-1 s=STATE_CONNECTION_ESTABLISHED l=1).mark_down
2023-10-14T18:49:04.607 INFO:teuthology.orchestra.run.smithi086.stdout:/usr/bin/ceph: stderr
2023-10-14T18:49:04.220+0000 7feaf12b7700 1 --2- 172.21.15.86:0/1957864900 >> [v2:172.21.15.86:6800/3450370052,v1:172.21.15.86:6801/3450370052] conn(0x7fead4036610 0x7fead4038ac0 secure :-1 s=READY pgs=11 cs=0 l=1 rev1=1 crypto rx=0x7feae0009990 tx=0x7feae0006e40 comp rx=0 tx=0).stop
2023-10-14T18:49:04.607 INFO:teuthology.orchestra.run.smithi086.stdout:/usr/bin/ceph: stderr
2023-10-14T18:49:04.220+0000 7feaf12b7700 1 -- 172.21.15.86:0/1957864900 >> [v2:172.21.15.86:3300/0,v1:172.21.15.86:6789/0] conn(0x7feaec1029a0 msgr2=0x7feaec113240 secure :-1 s=STATE_CONNECTION_ESTABLISHED l=1).mark_down
2023-10-14T18:49:04.607 INFO:teuthology.orchestra.run.smithi086.stdout:/usr/bin/ceph: stderr
2023-10-14T18:49:04.220+0000 7feaf12b7700 1 --2- 172.21.15.86:0/1957864900 >> [v2:172.21.15.86:3300/0,v1:172.21.15.86:6789/0] conn(0x7feaec1029a0 0x7feaec113240 secure :-1 s=READY pgs=46 cs=0 l=1 rev1=1 crypto rx=0x7feadc00bce0 tx=0x7feadc009250 comp rx=0 tx=0).stop
2023-10-14T18:49:04.608 INFO:teuthology.orchestra.run.smithi086.stdout:/usr/bin/ceph: stderr
2023-10-14T18:49:04.220+0000 7feaf12b7700 1 -- 172.21.15.86:0/1957864900 shutdown_connections
2023-10-14T18:49:04.608 INFO:teuthology.orchestra.run.smithi086.stdout:/usr/bin/ceph: stderr
2023-10-14T18:49:04.220+0000 7feaf12b7700 1 --2- 172.21.15.86:0/1957864900 >> [v2:172.21.15.86:6800/3450370052,v1:172.21.15.86:6801/3450370052] conn(0x7fead4036610 0x7fead4038ac0 unknown :-1 s=CLOSED pgs=11 cs=0 l=1 rev1=1 crypto rx=0 tx=0 comp rx=0 tx=0).stop
2023-10-14T18:49:04.608 INFO:teuthology.orchestra.run.smithi086.stdout:/usr/bin/ceph: stderr
2023-10-14T18:49:04.220+0000 7feaf12b7700 1 --2- 172.21.15.86:0/1957864900 >> [v2:172.21.15.86:3300/0,v1:172.21.15.86:6789/0] conn(0x7feaec1029a0 0x7feaec113240 unknown :-1 s=CLOSED pgs=46 cs=0 l=1 rev1=1 crypto rx=0 tx=0 comp rx=0 tx=0).stop
2023-10-14T18:49:04.608 INFO:teuthology.orchestra.run.smithi086.stdout:/usr/bin/ceph: stderr
2023-10-14T18:49:04.220+0000 7feaf12b7700 1 -- 172.21.15.86:0/1957864900 >> 172.21.15.86:0/1957864900 conn(0x7feaec0fc190 msgr2=0x7feaec0fce70 unknown :-1 s=STATE_NONE l=0).mark_down
2023-10-14T18:49:04.608 INFO:teuthology.orchestra.run.smithi086.stdout:/usr/bin/ceph: stderr
2023-10-14T18:49:04.220+0000 7feaf12b7700 1 -- 172.21.15.86:0/1957864900 shutdown_connections
2023-10-14T18:49:04.609 INFO:teuthology.orchestra.run.smithi086.stdout:/usr/bin/ceph: stderr
2023-10-14T18:49:04.220+0000 7feaf12b7700 1 -- 172.21.15.86:0/1957864900 wait complete.
2023-10-14T18:49:04.609 INFO:teuthology.orchestra.run.smithi086.stdout:Deploying unmanaged mon service...
2023-10-14T18:49:05.476 INFO:journalctl@ceph.mon.a.smithi086.stdout:Oct 14 18:49:05 smithi086 ceph-mon[87761]: from='mgr.14120 172.21.15.86:0/1934435455' entity='mgr.x'
2023-10-14T18:49:05.476 INFO:journalctl@ceph.mon.a.smithi086.stdout:Oct 14 18:49:05 smithi086 ceph-mon[87761]: Added host smithi086
2023-10-14T18:49:05.476 INFO:journalctl@ceph.mon.a.smithi086.stdout:Oct 14 18:49:05 smithi086 ceph-mon[87761]: from='mgr.14120 172.21.15.86:0/1934435455' entity='mgr.x' cmd=[{"prefix": "config dump", "format": "json"}]: dispatch
2023-10-14T18:49:05.837 INFO:teuthology.orchestra.run.smithi086.stdout:/usr/bin/ceph: stdout Scheduled mon update...
2023-10-14T18:49:05.837 INFO:teuthology.orchestra.run.smithi086.stdout:/usr/bin/ceph: stderr
2023-10-14T18:49:05.114+0000 7f9aca212700 1 Processor -- start
2023-10-14T18:49:05.837 INFO:teuthology.orchestra.run.smithi086.stdout:/usr/bin/ceph: stderr
2023-10-14T18:49:05.114+0000 7f9aca212700 1 -- start start
2023-10-14T18:49:05.838 INFO:teuthology.orchestra.run.smithi086.stdout:/usr/bin/ceph: stderr
2023-10-14T18:49:05.115+0000 7f9aca212700 1 --2- >> [v2:172.21.15.86:3300/0,v1:172.21.15.86:6789/0] conn(0x7f9ac4076c70 0x7f9ac4104fc0 unknown :-1 s=NONE pgs=0 cs=0 l=0 rev1=0 crypto rx=0 tx=0 comp rx=0 tx=0).connect
2023-10-14T18:49:05.838 INFO:teuthology.orchestra.run.smithi086.stdout:/usr/bin/ceph: stderr
2023-10-14T18:49:05.115+0000 7f9aca212700 1 -- --> [v2:172.21.15.86:3300/0,v1:172.21.15.86:6789/0] -- mon_getmap magic: 0 v1 -- 0x7f9ac4105500 con 0x7f9ac4076c70
2023-10-14T18:49:05.838 INFO:teuthology.orchestra.run.smithi086.stdout:/usr/bin/ceph: stderr
2023-10-14T18:49:05.115+0000 7f9ac37fe700 1 --2- >> [v2:172.21.15.86:3300/0,v1:172.21.15.86:6789/0] conn(0x7f9ac4076c70 0x7f9ac4104fc0 unknown :-1 s=BANNER_CONNECTING pgs=0 cs=0 l=0 rev1=0 crypto rx=0 tx=0 comp rx=0 tx=0)._handle_peer_banner_payload supported=3 required=0
2023-10-14T18:49:05.838 INFO:teuthology.orchestra.run.smithi086.stdout:/usr/bin/ceph: stderr
2023-10-14T18:49:05.115+0000 7f9ac37fe700 1 --2- >> [v2:172.21.15.86:3300/0,v1:172.21.15.86:6789/0] conn(0x7f9ac4076c70 0x7f9ac4104fc0 unknown :-1 s=HELLO_CONNECTING pgs=0 cs=0 l=0 rev1=1 crypto rx=0 tx=0 comp rx=0 tx=0).handle_hello peer v2:172.21.15.86:3300/0 says I am v2:172.21.15.86:50392/0 (socket says 172.21.15.86:50392)
2023-10-14T18:49:05.839 INFO:teuthology.orchestra.run.smithi086.stdout:/usr/bin/ceph: stderr
2023-10-14T18:49:05.115+0000 7f9ac37fe700 1 -- 172.21.15.86:0/2700400219 learned_addr learned my addr 172.21.15.86:0/2700400219 (peer_addr_for_me v2:172.21.15.86:0/0)
2023-10-14T18:49:05.839 INFO:teuthology.orchestra.run.smithi086.stdout:/usr/bin/ceph: stderr
2023-10-14T18:49:05.115+0000 7f9ac37fe700 1 -- 172.21.15.86:0/2700400219 --> [v2:172.21.15.86:3300/0,v1:172.21.15.86:6789/0] -- mon_subscribe({config=0+,monmap=0+}) v3 -- 0x7f9ac4105640 con 0x7f9ac4076c70
2023-10-14T18:49:05.839 INFO:teuthology.orchestra.run.smithi086.stdout:/usr/bin/ceph: stderr
2023-10-14T18:49:05.115+0000 7f9ac37fe700 1 --2- 172.21.15.86:0/2700400219 >> [v2:172.21.15.86:3300/0,v1:172.21.15.86:6789/0] conn(0x7f9ac4076c70 0x7f9ac4104fc0 secure :-1 s=READY pgs=47 cs=0 l=1 rev1=1 crypto rx=0x7f9ab40098e0 tx=0x7f9ab4009250 comp rx=0 tx=0).ready entity=mon.0 client_cookie=2628d8386e741446 server_cookie=0 in_seq=0 out_seq=0
2023-10-14T18:49:05.839 INFO:teuthology.orchestra.run.smithi086.stdout:/usr/bin/ceph: stderr
2023-10-14T18:49:05.115+0000 7f9ac27fc700 1 -- 172.21.15.86:0/2700400219 <== mon.0 v2:172.21.15.86:3300/0 1 ==== mon_map magic: 0 v1 ==== 205+0+0 (secure 0 0 0) 0x7f9ab4009e80 con 0x7f9ac4076c70
2023-10-14T18:49:05.840 INFO:teuthology.orchestra.run.smithi086.stdout:/usr/bin/ceph: stderr
2023-10-14T18:49:05.115+0000 7f9ac27fc700 1 -- 172.21.15.86:0/2700400219 <== mon.0 v2:172.21.15.86:3300/0 2 ==== config(26 keys) v1 ==== 1074+0+0 (secure 0 0 0) 0x7f9ab400bd10 con 0x7f9ac4076c70
2023-10-14T18:49:05.840 INFO:teuthology.orchestra.run.smithi086.stdout:/usr/bin/ceph: stderr
2023-10-14T18:49:05.115+0000 7f9ac27fc700 1 -- 172.21.15.86:0/2700400219 <== mon.0 v2:172.21.15.86:3300/0 3 ==== mon_map magic: 0 v1 ==== 205+0+0 (secure 0 0 0) 0x7f9ab4011ce0 con 0x7f9ac4076c70
2023-10-14T18:49:05.840 INFO:teuthology.orchestra.run.smithi086.stdout:/usr/bin/ceph: stderr
2023-10-14T18:49:05.116+0000 7f9aca212700 1 -- 172.21.15.86:0/2700400219 >> [v2:172.21.15.86:3300/0,v1:172.21.15.86:6789/0] conn(0x7f9ac4076c70 msgr2=0x7f9ac4104fc0 secure :-1 s=STATE_CONNECTION_ESTABLISHED l=1).mark_down
2023-10-14T18:49:05.840 INFO:teuthology.orchestra.run.smithi086.stdout:/usr/bin/ceph: stderr
2023-10-14T18:49:05.116+0000 7f9aca212700 1 --2- 172.21.15.86:0/2700400219 >> [v2:172.21.15.86:3300/0,v1:172.21.15.86:6789/0] conn(0x7f9ac4076c70 0x7f9ac4104fc0 secure :-1 s=READY pgs=47 cs=0 l=1 rev1=1 crypto rx=0x7f9ab40098e0 tx=0x7f9ab4009250 comp rx=0 tx=0).stop
2023-10-14T18:49:05.840 INFO:teuthology.orchestra.run.smithi086.stdout:/usr/bin/ceph: stderr
2023-10-14T18:49:05.116+0000 7f9aca212700 1 -- 172.21.15.86:0/2700400219 shutdown_connections
2023-10-14T18:49:05.841 INFO:teuthology.orchestra.run.smithi086.stdout:/usr/bin/ceph: stderr
2023-10-14T18:49:05.116+0000 7f9aca212700 1 --2- 172.21.15.86:0/2700400219 >> [v2:172.21.15.86:3300/0,v1:172.21.15.86:6789/0] conn(0x7f9ac4076c70 0x7f9ac4104fc0 unknown :-1 s=CLOSED pgs=47 cs=0 l=1 rev1=1 crypto rx=0 tx=0 comp rx=0 tx=0).stop
2023-10-14T18:49:05.841 INFO:teuthology.orchestra.run.smithi086.stdout:/usr/bin/ceph: stderr
2023-10-14T18:49:05.116+0000 7f9aca212700 1 -- 172.21.15.86:0/2700400219 >> 172.21.15.86:0/2700400219 conn(0x7f9ac40fca30 msgr2=0x7f9ac40fee40 unknown :-1 s=STATE_NONE l=0).mark_down
2023-10-14T18:49:05.841 INFO:teuthology.orchestra.run.smithi086.stdout:/usr/bin/ceph: stderr
2023-10-14T18:49:05.116+0000 7f9aca212700 1 -- 172.21.15.86:0/2700400219 shutdown_connections
2023-10-14T18:49:05.841 INFO:teuthology.orchestra.run.smithi086.stdout:/usr/bin/ceph: stderr
2023-10-14T18:49:05.116+0000 7f9aca212700 1 -- 172.21.15.86:0/2700400219 wait complete.
2023-10-14T18:49:05.841 INFO:teuthology.orchestra.run.smithi086.stdout:/usr/bin/ceph: stderr
2023-10-14T18:49:05.116+0000 7f9aca212700 1 Processor -- start
2023-10-14T18:49:05.842 INFO:teuthology.orchestra.run.smithi086.stdout:/usr/bin/ceph: stderr
2023-10-14T18:49:05.117+0000 7f9aca212700 1 -- start start
2023-10-14T18:49:05.842 INFO:teuthology.orchestra.run.smithi086.stdout:/usr/bin/ceph: stderr
2023-10-14T18:49:05.117+0000 7f9aca212700 1 --2- >> [v2:172.21.15.86:3300/0,v1:172.21.15.86:6789/0] conn(0x7f9ac4076c70 0x7f9ac4102a40 unknown :-1 s=NONE pgs=0 cs=0 l=1 rev1=0 crypto rx=0 tx=0 comp rx=0 tx=0).connect
2023-10-14T18:49:05.842 INFO:teuthology.orchestra.run.smithi086.stdout:/usr/bin/ceph: stderr
2023-10-14T18:49:05.117+0000 7f9aca212700 1 -- --> [v2:172.21.15.86:3300/0,v1:172.21.15.86:6789/0] -- mon_getmap magic: 0 v1 -- 0x7f9ac4100ec0 con 0x7f9ac4076c70
2023-10-14T18:49:05.842 INFO:teuthology.orchestra.run.smithi086.stdout:/usr/bin/ceph: stderr
2023-10-14T18:49:05.117+0000 7f9ac37fe700 1 --2- >> [v2:172.21.15.86:3300/0,v1:172.21.15.86:6789/0] conn(0x7f9ac4076c70 0x7f9ac4102a40 unknown :-1 s=BANNER_CONNECTING pgs=0 cs=0 l=1 rev1=0 crypto rx=0 tx=0 comp rx=0 tx=0)._handle_peer_banner_payload supported=3 required=0
2023-10-14T18:49:05.842 INFO:teuthology.orchestra.run.smithi086.stdout:/usr/bin/ceph: stderr
2023-10-14T18:49:05.117+0000 7f9ac37fe700 1 --2- >> [v2:172.21.15.86:3300/0,v1:172.21.15.86:6789/0] conn(0x7f9ac4076c70 0x7f9ac4102a40 unknown :-1 s=HELLO_CONNECTING pgs=0 cs=0 l=1 rev1=1 crypto rx=0 tx=0 comp rx=0 tx=0).handle_hello peer v2:172.21.15.86:3300/0 says I am v2:172.21.15.86:50404/0 (socket says 172.21.15.86:50404)
2023-10-14T18:49:05.843 INFO:teuthology.orchestra.run.smithi086.stdout:/usr/bin/ceph: stderr
2023-10-14T18:49:05.117+0000 7f9ac37fe700 1 -- 172.21.15.86:0/46863774 learned_addr learned my addr 172.21.15.86:0/46863774 (peer_addr_for_me v2:172.21.15.86:0/0)
2023-10-14T18:49:05.843 INFO:teuthology.orchestra.run.smithi086.stdout:/usr/bin/ceph: stderr
2023-10-14T18:49:05.117+0000 7f9ac37fe700 1 -- 172.21.15.86:0/46863774 --> [v2:172.21.15.86:3300/0,v1:172.21.15.86:6789/0] -- mon_subscribe({config=0+,monmap=0+}) v3 -- 0x7f9ab40094f0 con 0x7f9ac4076c70
2023-10-14T18:49:05.843 INFO:teuthology.orchestra.run.smithi086.stdout:/usr/bin/ceph: stderr
2023-10-14T18:49:05.117+0000 7f9ac37fe700 1 --2- 172.21.15.86:0/46863774 >> [v2:172.21.15.86:3300/0,v1:172.21.15.86:6789/0] conn(0x7f9ac4076c70 0x7f9ac4102a40 secure :-1 s=READY pgs=48 cs=0 l=1 rev1=1 crypto rx=0x7f9ab4011650 tx=0x7f9ab4009250 comp rx=0 tx=0).ready entity=mon.0 client_cookie=0 server_cookie=0 in_seq=0 out_seq=0
2023-10-14T18:49:05.843 INFO:teuthology.orchestra.run.smithi086.stdout:/usr/bin/ceph: stderr
