2023-10-14T18:48:56.419+0000 7f41c1ffb700 1 --2- 172.21.15.86:0/1304333903 >> [v2:172.21.15.86:6800/3450370052,v1:172.21.15.86:6801/3450370052] conn(0x7f41b8039ee0 0x7f41b803c2c0 unknown :-1 s=NONE pgs=0 cs=0 l=1 rev1=0 crypto rx=0 tx=0 comp rx=0 tx=0).connect
2023-10-14T18:48:56.813 INFO:teuthology.orchestra.run.smithi086.stdout:/usr/bin/ceph: stderr
2023-10-14T18:48:56.419+0000 7f41c1ffb700 1 -- 172.21.15.86:0/1304333903 --> [v2:172.21.15.86:6800/3450370052,v1:172.21.15.86:6801/3450370052] -- command(tid 0: {"prefix": "get_command_descriptions"}) v1 -- 0x7f41b80391d0 con 0x7f41b8039ee0
2023-10-14T18:48:56.813 INFO:teuthology.orchestra.run.smithi086.stdout:/usr/bin/ceph: stderr
2023-10-14T18:48:56.419+0000 7f41d09f2700 1 --2- 172.21.15.86:0/1304333903 >> [v2:172.21.15.86:6800/3450370052,v1:172.21.15.86:6801/3450370052] conn(0x7f41b8039ee0 0x7f41b803c2c0 unknown :-1 s=BANNER_CONNECTING pgs=0 cs=0 l=1 rev1=0 crypto rx=0 tx=0 comp rx=0 tx=0)._handle_peer_banner_payload supported=3 required=0
2023-10-14T18:48:56.813 INFO:teuthology.orchestra.run.smithi086.stdout:/usr/bin/ceph: stderr
2023-10-14T18:48:56.419+0000 7f41d09f2700 1 --2- 172.21.15.86:0/1304333903 >> [v2:172.21.15.86:6800/3450370052,v1:172.21.15.86:6801/3450370052] conn(0x7f41b8039ee0 0x7f41b803c2c0 secure :-1 s=READY pgs=1 cs=0 l=1 rev1=1 crypto rx=0x7f41c80039d0 tx=0x7f41c8009350 comp rx=0 tx=0).ready entity=mgr.14120 client_cookie=0 server_cookie=0 in_seq=0 out_seq=0
2023-10-14T18:48:56.814 INFO:teuthology.orchestra.run.smithi086.stdout:/usr/bin/ceph: stderr
2023-10-14T18:48:56.420+0000 7f41c1ffb700 1 -- 172.21.15.86:0/1304333903 <== mgr.14120 v2:172.21.15.86:6800/3450370052 1 ==== command_reply(tid 0: 0 ) v1 ==== 8+0+6549 (secure 0 0 0) 0x7f41b80391d0 con 0x7f41b8039ee0
2023-10-14T18:48:56.814 INFO:teuthology.orchestra.run.smithi086.stdout:/usr/bin/ceph: stderr
2023-10-14T18:48:56.426+0000 7f41d3457700 1 -- 172.21.15.86:0/1304333903 --> [v2:172.21.15.86:6800/3450370052,v1:172.21.15.86:6801/3450370052] -- command(tid 1: {"prefix": "mgr_status"}) v1 -- 0x7f41cc04bb80 con 0x7f41b8039ee0
2023-10-14T18:48:56.814 INFO:teuthology.orchestra.run.smithi086.stdout:/usr/bin/ceph: stderr
2023-10-14T18:48:56.426+0000 7f41c1ffb700 1 -- 172.21.15.86:0/1304333903 <== mgr.14120 v2:172.21.15.86:6800/3450370052 2 ==== command_reply(tid 1: 0 ) v1 ==== 8+0+51 (secure 0 0 0) 0x7f41cc04bb80 con 0x7f41b8039ee0
2023-10-14T18:48:56.814 INFO:teuthology.orchestra.run.smithi086.stdout:/usr/bin/ceph: stderr
2023-10-14T18:48:56.427+0000 7f41d3457700 1 -- 172.21.15.86:0/1304333903 >> [v2:172.21.15.86:6800/3450370052,v1:172.21.15.86:6801/3450370052] conn(0x7f41b8039ee0 msgr2=0x7f41b803c2c0 secure :-1 s=STATE_CONNECTION_ESTABLISHED l=1).mark_down
2023-10-14T18:48:56.814 INFO:teuthology.orchestra.run.smithi086.stdout:/usr/bin/ceph: stderr
2023-10-14T18:48:56.427+0000 7f41d3457700 1 --2- 172.21.15.86:0/1304333903 >> [v2:172.21.15.86:6800/3450370052,v1:172.21.15.86:6801/3450370052] conn(0x7f41b8039ee0 0x7f41b803c2c0 secure :-1 s=READY pgs=1 cs=0 l=1 rev1=1 crypto rx=0x7f41c80039d0 tx=0x7f41c8009350 comp rx=0 tx=0).stop
2023-10-14T18:48:56.815 INFO:teuthology.orchestra.run.smithi086.stdout:/usr/bin/ceph: stderr
2023-10-14T18:48:56.427+0000 7f41d3457700 1 -- 172.21.15.86:0/1304333903 >> [v2:172.21.15.86:3300/0,v1:172.21.15.86:6789/0] conn(0x7f41cc076bf0 msgr2=0x7f41cc111370 secure :-1 s=STATE_CONNECTION_ESTABLISHED l=1).mark_down
2023-10-14T18:48:56.815 INFO:teuthology.orchestra.run.smithi086.stdout:/usr/bin/ceph: stderr
2023-10-14T18:48:56.427+0000 7f41d3457700 1 --2- 172.21.15.86:0/1304333903 >> [v2:172.21.15.86:3300/0,v1:172.21.15.86:6789/0] conn(0x7f41cc076bf0 0x7f41cc111370 secure :-1 s=READY pgs=29 cs=0 l=1 rev1=1 crypto rx=0x7f41bc006fd0 tx=0x7f41bc009250 comp rx=0 tx=0).stop
2023-10-14T18:48:56.815 INFO:teuthology.orchestra.run.smithi086.stdout:/usr/bin/ceph: stderr
2023-10-14T18:48:56.427+0000 7f41d3457700 1 -- 172.21.15.86:0/1304333903 shutdown_connections
2023-10-14T18:48:56.815 INFO:teuthology.orchestra.run.smithi086.stdout:/usr/bin/ceph: stderr
2023-10-14T18:48:56.427+0000 7f41d3457700 1 --2- 172.21.15.86:0/1304333903 >> [v2:172.21.15.86:6800/3450370052,v1:172.21.15.86:6801/3450370052] conn(0x7f41b8039ee0 0x7f41b803c2c0 unknown :-1 s=CLOSED pgs=1 cs=0 l=1 rev1=1 crypto rx=0 tx=0 comp rx=0 tx=0).stop
2023-10-14T18:48:56.815 INFO:teuthology.orchestra.run.smithi086.stdout:/usr/bin/ceph: stderr
2023-10-14T18:48:56.427+0000 7f41d3457700 1 --2- 172.21.15.86:0/1304333903 >> [v2:172.21.15.86:3300/0,v1:172.21.15.86:6789/0] conn(0x7f41cc076bf0 0x7f41cc111370 unknown :-1 s=CLOSED pgs=29 cs=0 l=1 rev1=1 crypto rx=0 tx=0 comp rx=0 tx=0).stop
2023-10-14T18:48:56.816 INFO:teuthology.orchestra.run.smithi086.stdout:/usr/bin/ceph: stderr
2023-10-14T18:48:56.427+0000 7f41d3457700 1 --2- 172.21.15.86:0/1304333903 >> [v2:172.21.15.86:6800/2165656784,v1:172.21.15.86:6801/2165656784] conn(0x7f41b8036610 0x7f41b8038ac0 unknown :-1 s=CLOSED pgs=0 cs=0 l=1 rev1=0 crypto rx=0 tx=0 comp rx=0 tx=0).stop
2023-10-14T18:48:56.816 INFO:teuthology.orchestra.run.smithi086.stdout:/usr/bin/ceph: stderr
2023-10-14T18:48:56.427+0000 7f41d3457700 1 -- 172.21.15.86:0/1304333903 >> 172.21.15.86:0/1304333903 conn(0x7f41cc0fca30 msgr2=0x7f41cc0fd7b0 unknown :-1 s=STATE_NONE l=0).mark_down
2023-10-14T18:48:56.816 INFO:teuthology.orchestra.run.smithi086.stdout:/usr/bin/ceph: stderr
2023-10-14T18:48:56.427+0000 7f41d3457700 1 -- 172.21.15.86:0/1304333903 shutdown_connections
2023-10-14T18:48:56.816 INFO:teuthology.orchestra.run.smithi086.stdout:/usr/bin/ceph: stderr
2023-10-14T18:48:56.427+0000 7f41d3457700 1 -- 172.21.15.86:0/1304333903 wait complete.
2023-10-14T18:48:56.817 INFO:teuthology.orchestra.run.smithi086.stdout:mgr epoch 5 is available
2023-10-14T18:48:56.817 INFO:teuthology.orchestra.run.smithi086.stdout:Setting orchestrator backend to cephadm...
2023-10-14T18:48:57.188 INFO:journalctl@ceph.mon.a.smithi086.stdout:Oct 14 18:48:56 smithi086 ceph-mon[87761]: Found migration_current of "None". Setting to last migration.
2023-10-14T18:48:57.188 INFO:journalctl@ceph.mon.a.smithi086.stdout:Oct 14 18:48:56 smithi086 ceph-mon[87761]: mgrmap e7: x(active, since 1.00592s)
2023-10-14T18:48:58.343 INFO:journalctl@ceph.mon.a.smithi086.stdout:Oct 14 18:48:57 smithi086 ceph-mon[87761]: from='client.14124 -' entity='client.admin' cmd=[{"prefix": "get_command_descriptions"}]: dispatch
2023-10-14T18:48:58.344 INFO:journalctl@ceph.mon.a.smithi086.stdout:Oct 14 18:48:57 smithi086 ceph-mon[87761]: from='client.14124 -' entity='client.admin' cmd=[{"prefix": "mgr_status"}]: dispatch
2023-10-14T18:48:58.344 INFO:journalctl@ceph.mon.a.smithi086.stdout:Oct 14 18:48:57 smithi086 ceph-mon[87761]: from='mgr.14120 172.21.15.86:0/1934435455' entity='mgr.x'
2023-10-14T18:48:58.344 INFO:journalctl@ceph.mon.a.smithi086.stdout:Oct 14 18:48:57 smithi086 ceph-mon[87761]: from='mgr.14120 172.21.15.86:0/1934435455' entity='mgr.x' cmd=[{"prefix": "config dump", "format": "json"}]: dispatch
2023-10-14T18:48:58.541 INFO:teuthology.orchestra.run.smithi086.stdout:/usr/bin/ceph: stderr
2023-10-14T18:48:57.227+0000 7fe8c0abb700 1 Processor -- start
2023-10-14T18:48:58.542 INFO:teuthology.orchestra.run.smithi086.stdout:/usr/bin/ceph: stderr
2023-10-14T18:48:57.227+0000 7fe8c0abb700 1 -- start start
2023-10-14T18:48:58.542 INFO:teuthology.orchestra.run.smithi086.stdout:/usr/bin/ceph: stderr
2023-10-14T18:48:57.227+0000 7fe8c0abb700 1 --2- >> [v2:172.21.15.86:3300/0,v1:172.21.15.86:6789/0] conn(0x7fe8bc1012a0 0x7fe8bc1016b0 unknown :-1 s=NONE pgs=0 cs=0 l=0 rev1=0 crypto rx=0 tx=0 comp rx=0 tx=0).connect
2023-10-14T18:48:58.542 INFO:teuthology.orchestra.run.smithi086.stdout:/usr/bin/ceph: stderr
2023-10-14T18:48:57.227+0000 7fe8c0abb700 1 -- --> [v2:172.21.15.86:3300/0,v1:172.21.15.86:6789/0] -- mon_getmap magic: 0 v1 -- 0x7fe8bc101bf0 con 0x7fe8bc1012a0
2023-10-14T18:48:58.543 INFO:teuthology.orchestra.run.smithi086.stdout:/usr/bin/ceph: stderr
2023-10-14T18:48:57.227+0000 7fe8ba59c700 1 --2- >> [v2:172.21.15.86:3300/0,v1:172.21.15.86:6789/0] conn(0x7fe8bc1012a0 0x7fe8bc1016b0 unknown :-1 s=BANNER_CONNECTING pgs=0 cs=0 l=0 rev1=0 crypto rx=0 tx=0 comp rx=0 tx=0)._handle_peer_banner_payload supported=3 required=0
2023-10-14T18:48:58.543 INFO:teuthology.orchestra.run.smithi086.stdout:/usr/bin/ceph: stderr
2023-10-14T18:48:57.228+0000 7fe8ba59c700 1 --2- >> [v2:172.21.15.86:3300/0,v1:172.21.15.86:6789/0] conn(0x7fe8bc1012a0 0x7fe8bc1016b0 unknown :-1 s=HELLO_CONNECTING pgs=0 cs=0 l=0 rev1=1 crypto rx=0 tx=0 comp rx=0 tx=0).handle_hello peer v2:172.21.15.86:3300/0 says I am v2:172.21.15.86:50312/0 (socket says 172.21.15.86:50312)
2023-10-14T18:48:58.543 INFO:teuthology.orchestra.run.smithi086.stdout:/usr/bin/ceph: stderr
2023-10-14T18:48:57.228+0000 7fe8ba59c700 1 -- 172.21.15.86:0/4032750975 learned_addr learned my addr 172.21.15.86:0/4032750975 (peer_addr_for_me v2:172.21.15.86:0/0)
2023-10-14T18:48:58.543 INFO:teuthology.orchestra.run.smithi086.stdout:/usr/bin/ceph: stderr
2023-10-14T18:48:57.228+0000 7fe8ba59c700 1 -- 172.21.15.86:0/4032750975 --> [v2:172.21.15.86:3300/0,v1:172.21.15.86:6789/0] -- mon_subscribe({config=0+,monmap=0+}) v3 -- 0x7fe8bc101d30 con 0x7fe8bc1012a0
2023-10-14T18:48:58.543 INFO:teuthology.orchestra.run.smithi086.stdout:/usr/bin/ceph: stderr
2023-10-14T18:48:57.228+0000 7fe8ba59c700 1 --2- 172.21.15.86:0/4032750975 >> [v2:172.21.15.86:3300/0,v1:172.21.15.86:6789/0] conn(0x7fe8bc1012a0 0x7fe8bc1016b0 secure :-1 s=READY pgs=37 cs=0 l=1 rev1=1 crypto rx=0x7fe8b000bb80 tx=0x7fe8b000b4f0 comp rx=0 tx=0).ready entity=mon.0 client_cookie=133fd37339a78f49 server_cookie=0 in_seq=0 out_seq=0
2023-10-14T18:48:58.544 INFO:teuthology.orchestra.run.smithi086.stdout:/usr/bin/ceph: stderr
2023-10-14T18:48:57.228+0000 7fe8b959a700 1 -- 172.21.15.86:0/4032750975 <== mon.0 v2:172.21.15.86:3300/0 1 ==== mon_map magic: 0 v1 ==== 205+0+0 (secure 0 0 0) 0x7fe8b000dba0 con 0x7fe8bc1012a0
2023-10-14T18:48:58.544 INFO:teuthology.orchestra.run.smithi086.stdout:/usr/bin/ceph: stderr
2023-10-14T18:48:57.228+0000 7fe8b959a700 1 -- 172.21.15.86:0/4032750975 <== mon.0 v2:172.21.15.86:3300/0 2 ==== config(26 keys) v1 ==== 1074+0+0 (secure 0 0 0) 0x7fe8b000dd00 con 0x7fe8bc1012a0
2023-10-14T18:48:58.544 INFO:teuthology.orchestra.run.smithi086.stdout:/usr/bin/ceph: stderr
2023-10-14T18:48:57.228+0000 7fe8b959a700 1 -- 172.21.15.86:0/4032750975 <== mon.0 v2:172.21.15.86:3300/0 3 ==== mon_map magic: 0 v1 ==== 205+0+0 (secure 0 0 0) 0x7fe8b0018780 con 0x7fe8bc1012a0
2023-10-14T18:48:58.544 INFO:teuthology.orchestra.run.smithi086.stdout:/usr/bin/ceph: stderr
2023-10-14T18:48:57.229+0000 7fe8c0abb700 1 -- 172.21.15.86:0/4032750975 >> [v2:172.21.15.86:3300/0,v1:172.21.15.86:6789/0] conn(0x7fe8bc1012a0 msgr2=0x7fe8bc1016b0 secure :-1 s=STATE_CONNECTION_ESTABLISHED l=1).mark_down
2023-10-14T18:48:58.544 INFO:teuthology.orchestra.run.smithi086.stdout:/usr/bin/ceph: stderr
2023-10-14T18:48:57.229+0000 7fe8c0abb700 1 --2- 172.21.15.86:0/4032750975 >> [v2:172.21.15.86:3300/0,v1:172.21.15.86:6789/0] conn(0x7fe8bc1012a0 0x7fe8bc1016b0 secure :-1 s=READY pgs=37 cs=0 l=1 rev1=1 crypto rx=0x7fe8b000bb80 tx=0x7fe8b000b4f0 comp rx=0 tx=0).stop
2023-10-14T18:48:58.545 INFO:teuthology.orchestra.run.smithi086.stdout:/usr/bin/ceph: stderr
2023-10-14T18:48:57.229+0000 7fe8c0abb700 1 -- 172.21.15.86:0/4032750975 shutdown_connections
2023-10-14T18:48:58.545 INFO:teuthology.orchestra.run.smithi086.stdout:/usr/bin/ceph: stderr
2023-10-14T18:48:57.229+0000 7fe8c0abb700 1 --2- 172.21.15.86:0/4032750975 >> [v2:172.21.15.86:3300/0,v1:172.21.15.86:6789/0] conn(0x7fe8bc1012a0 0x7fe8bc1016b0 unknown :-1 s=CLOSED pgs=37 cs=0 l=1 rev1=1 crypto rx=0 tx=0 comp rx=0 tx=0).stop
2023-10-14T18:48:58.545 INFO:teuthology.orchestra.run.smithi086.stdout:/usr/bin/ceph: stderr
2023-10-14T18:48:57.229+0000 7fe8c0abb700 1 -- 172.21.15.86:0/4032750975 >> 172.21.15.86:0/4032750975 conn(0x7fe8bc0fca00 msgr2=0x7fe8bc0fee30 unknown :-1 s=STATE_NONE l=0).mark_down
2023-10-14T18:48:58.545 INFO:teuthology.orchestra.run.smithi086.stdout:/usr/bin/ceph: stderr
2023-10-14T18:48:57.229+0000 7fe8c0abb700 1 -- 172.21.15.86:0/4032750975 shutdown_connections
2023-10-14T18:48:58.545 INFO:teuthology.orchestra.run.smithi086.stdout:/usr/bin/ceph: stderr
2023-10-14T18:48:57.229+0000 7fe8c0abb700 1 -- 172.21.15.86:0/4032750975 wait complete.
2023-10-14T18:48:58.546 INFO:teuthology.orchestra.run.smithi086.stdout:/usr/bin/ceph: stderr
2023-10-14T18:48:57.229+0000 7fe8c0abb700 1 Processor -- start
2023-10-14T18:48:58.546 INFO:teuthology.orchestra.run.smithi086.stdout:/usr/bin/ceph: stderr
2023-10-14T18:48:57.229+0000 7fe8c0abb700 1 -- start start
2023-10-14T18:48:58.546 INFO:teuthology.orchestra.run.smithi086.stdout:/usr/bin/ceph: stderr
2023-10-14T18:48:57.229+0000 7fe8c0abb700 1 --2- >> [v2:172.21.15.86:3300/0,v1:172.21.15.86:6789/0] conn(0x7fe8bc1012a0 0x7fe8bc113160 unknown :-1 s=NONE pgs=0 cs=0 l=1 rev1=0 crypto rx=0 tx=0 comp rx=0 tx=0).connect
2023-10-14T18:48:58.546 INFO:teuthology.orchestra.run.smithi086.stdout:/usr/bin/ceph: stderr
2023-10-14T18:48:57.229+0000 7fe8c0abb700 1 -- --> [v2:172.21.15.86:3300/0,v1:172.21.15.86:6789/0] -- mon_getmap magic: 0 v1 -- 0x7fe8bc1136a0 con 0x7fe8bc1012a0
2023-10-14T18:48:58.547 INFO:teuthology.orchestra.run.smithi086.stdout:/usr/bin/ceph: stderr
2023-10-14T18:48:57.230+0000 7fe8ba59c700 1 --2- >> [v2:172.21.15.86:3300/0,v1:172.21.15.86:6789/0] conn(0x7fe8bc1012a0 0x7fe8bc113160 unknown :-1 s=BANNER_CONNECTING pgs=0 cs=0 l=1 rev1=0 crypto rx=0 tx=0 comp rx=0 tx=0)._handle_peer_banner_payload supported=3 required=0
2023-10-14T18:48:58.547 INFO:teuthology.orchestra.run.smithi086.stdout:/usr/bin/ceph: stderr
2023-10-14T18:48:57.230+0000 7fe8ba59c700 1 --2- >> [v2:172.21.15.86:3300/0,v1:172.21.15.86:6789/0] conn(0x7fe8bc1012a0 0x7fe8bc113160 unknown :-1 s=HELLO_CONNECTING pgs=0 cs=0 l=1 rev1=1 crypto rx=0 tx=0 comp rx=0 tx=0).handle_hello peer v2:172.21.15.86:3300/0 says I am v2:172.21.15.86:50322/0 (socket says 172.21.15.86:50322)
2023-10-14T18:48:58.547 INFO:teuthology.orchestra.run.smithi086.stdout:/usr/bin/ceph: stderr
2023-10-14T18:48:57.230+0000 7fe8ba59c700 1 -- 172.21.15.86:0/1615695423 learned_addr learned my addr 172.21.15.86:0/1615695423 (peer_addr_for_me v2:172.21.15.86:0/0)
2023-10-14T18:48:58.548 INFO:teuthology.orchestra.run.smithi086.stdout:/usr/bin/ceph: stderr
2023-10-14T18:48:57.230+0000 7fe8ba59c700 1 -- 172.21.15.86:0/1615695423 --> [v2:172.21.15.86:3300/0,v1:172.21.15.86:6789/0] -- mon_subscribe({config=0+,monmap=0+}) v3 -- 0x7fe8b000b790 con 0x7fe8bc1012a0
2023-10-14T18:48:58.548 INFO:teuthology.orchestra.run.smithi086.stdout:/usr/bin/ceph: stderr
2023-10-14T18:48:57.230+0000 7fe8ba59c700 1 --2- 172.21.15.86:0/1615695423 >> [v2:172.21.15.86:3300/0,v1:172.21.15.86:6789/0] conn(0x7fe8bc1012a0 0x7fe8bc113160 secure :-1 s=READY pgs=38 cs=0 l=1 rev1=1 crypto rx=0x7fe8b00106d0 tx=0x7fe8b000b4f0 comp rx=0 tx=0).ready entity=mon.0 client_cookie=0 server_cookie=0 in_seq=0 out_seq=0
2023-10-14T18:48:58.548 INFO:teuthology.orchestra.run.smithi086.stdout:/usr/bin/ceph: stderr
2023-10-14T18:48:57.230+0000 7fe8aaffd700 1 -- 172.21.15.86:0/1615695423 <== mon.0 v2:172.21.15.86:3300/0 1 ==== mon_map magic: 0 v1 ==== 205+0+0 (secure 0 0 0) 0x7fe8b001c040 con 0x7fe8bc1012a0
2023-10-14T18:48:58.548 INFO:teuthology.orchestra.run.smithi086.stdout:/usr/bin/ceph: stderr
2023-10-14T18:48:57.230+0000 7fe8c0abb700 1 -- 172.21.15.86:0/1615695423 --> [v2:172.21.15.86:3300/0,v1:172.21.15.86:6789/0] -- mon_subscribe({mgrmap=0+}) v3 -- 0x7fe8bc1138a0 con 0x7fe8bc1012a0
2023-10-14T18:48:58.548 INFO:teuthology.orchestra.run.smithi086.stdout:/usr/bin/ceph: stderr
2023-10-14T18:48:57.230+0000 7fe8aaffd700 1 -- 172.21.15.86:0/1615695423 <== mon.0 v2:172.21.15.86:3300/0 2 ==== config(26 keys) v1 ==== 1074+0+0 (secure 0 0 0) 0x7fe8b000de70 con 0x7fe8bc1012a0
2023-10-14T18:48:58.549 INFO:teuthology.orchestra.run.smithi086.stdout:/usr/bin/ceph: stderr
2023-10-14T18:48:57.230+0000 7fe8aaffd700 1 -- 172.21.15.86:0/1615695423 <== mon.0 v2:172.21.15.86:3300/0 3 ==== mon_map magic: 0 v1 ==== 205+0+0 (secure 0 0 0) 0x7fe8b0021530 con 0x7fe8bc1012a0
2023-10-14T18:48:58.549 INFO:teuthology.orchestra.run.smithi086.stdout:/usr/bin/ceph: stderr
2023-10-14T18:48:57.230+0000 7fe8c0abb700 1 -- 172.21.15.86:0/1615695423 --> [v2:172.21.15.86:3300/0,v1:172.21.15.86:6789/0] -- mon_subscribe({osdmap=0}) v3 -- 0x7fe8bc113cb0 con 0x7fe8bc1012a0
2023-10-14T18:48:58.549 INFO:teuthology.orchestra.run.smithi086.stdout:/usr/bin/ceph: stderr
2023-10-14T18:48:57.231+0000 7fe8aaffd700 1 -- 172.21.15.86:0/1615695423 <== mon.0 v2:172.21.15.86:3300/0 4 ==== mgrmap(e 7) v1 ==== 43159+0+0 (secure 0 0 0) 0x7fe8b00217b0 con 0x7fe8bc1012a0
2023-10-14T18:48:58.549 INFO:teuthology.orchestra.run.smithi086.stdout:/usr/bin/ceph: stderr
2023-10-14T18:48:57.231+0000 7fe8aaffd700 1 --2- 172.21.15.86:0/1615695423 >> [v2:172.21.15.86:6800/3450370052,v1:172.21.15.86:6801/3450370052] conn(0x7fe8a40364a0 0x7fe8a4038950 unknown :-1 s=NONE pgs=0 cs=0 l=1 rev1=0 crypto rx=0 tx=0 comp rx=0 tx=0).connect
2023-10-14T18:48:58.549 INFO:teuthology.orchestra.run.smithi086.stdout:/usr/bin/ceph: stderr
2023-10-14T18:48:57.231+0000 7fe8aaffd700 1 -- 172.21.15.86:0/1615695423 <== mon.0 v2:172.21.15.86:3300/0 5 ==== osd_map(2..2 src has 1..2) v4 ==== 936+0+0 (secure 0 0 0) 0x7fe8b0014070 con 0x7fe8bc1012a0
2023-10-14T18:48:58.550 INFO:teuthology.orchestra.run.smithi086.stdout:/usr/bin/ceph: stderr
2023-10-14T18:48:57.231+0000 7fe8c0abb700 1 -- 172.21.15.86:0/1615695423 --> [v2:172.21.15.86:3300/0,v1:172.21.15.86:6789/0] -- mon_command({"prefix": "get_command_descriptions"} v 0) v1 -- 0x7fe8bc04bb80 con 0x7fe8bc1012a0
2023-10-14T18:48:58.550 INFO:teuthology.orchestra.run.smithi086.stdout:/usr/bin/ceph: stderr
2023-10-14T18:48:57.231+0000 7fe8b9d9b700 1 --2- 172.21.15.86:0/1615695423 >> [v2:172.21.15.86:6800/3450370052,v1:172.21.15.86:6801/3450370052] conn(0x7fe8a40364a0 0x7fe8a4038950 unknown :-1 s=BANNER_CONNECTING pgs=0 cs=0 l=1 rev1=0 crypto rx=0 tx=0 comp rx=0 tx=0)._handle_peer_banner_payload supported=3 required=0
2023-10-14T18:48:58.550 INFO:teuthology.orchestra.run.smithi086.stdout:/usr/bin/ceph: stderr
2023-10-14T18:48:57.232+0000 7fe8b9d9b700 1 --2- 172.21.15.86:0/1615695423 >> [v2:172.21.15.86:6800/3450370052,v1:172.21.15.86:6801/3450370052] conn(0x7fe8a40364a0 0x7fe8a4038950 secure :-1 s=READY pgs=7 cs=0 l=1 rev1=1 crypto rx=0x7fe8ac009990 tx=0x7fe8ac006e40 comp rx=0 tx=0).ready entity=mgr.14120 client_cookie=0 server_cookie=0 in_seq=0 out_seq=0
2023-10-14T18:48:58.550 INFO:teuthology.orchestra.run.smithi086.stdout:/usr/bin/ceph: stderr
2023-10-14T18:48:57.236+0000 7fe8aaffd700 1 -- 172.21.15.86:0/1615695423 <== mon.0 v2:172.21.15.86:3300/0 6 ==== mon_command_ack([{"prefix": "get_command_descriptions"}]=0 v0) v1 ==== 72+0+174570 (secure 0 0 0) 0x7fe8b0021a60 con 0x7fe8bc1012a0
2023-10-14T18:48:58.550 INFO:teuthology.orchestra.run.smithi086.stdout:/usr/bin/ceph: stderr
2023-10-14T18:48:57.442+0000 7fe8c0abb700 1 -- 172.21.15.86:0/1615695423 --> [v2:172.21.15.86:6800/3450370052,v1:172.21.15.86:6801/3450370052] -- mgr_command(tid 0: {"prefix": "orch set backend", "module_name": "cephadm", "target": ["mon-mgr", ""]}) v1 -- 0x7fe8bc108670 con 0x7fe8a40364a0
2023-10-14T18:48:58.551 INFO:teuthology.orchestra.run.smithi086.stdout:/usr/bin/ceph: stderr
2023-10-14T18:48:57.448+0000 7fe8aaffd700 1 -- 172.21.15.86:0/1615695423 <== mgr.14120 v2:172.21.15.86:6800/3450370052 1 ==== mgr_command_reply(tid 0: 0 ) v1 ==== 8+0+0 (secure 0 0 0) 0x7fe8bc108670 con 0x7fe8a40364a0
2023-10-14T18:48:58.551 INFO:teuthology.orchestra.run.smithi086.stdout:/usr/bin/ceph: stderr
2023-10-14T18:48:57.450+0000 7fe8c0abb700 1 -- 172.21.15.86:0/1615695423 >> [v2:172.21.15.86:6800/3450370052,v1:172.21.15.86:6801/3450370052] conn(0x7fe8a40364a0 msgr2=0x7fe8a4038950 secure :-1 s=STATE_CONNECTION_ESTABLISHED l=1).mark_down
2023-10-14T18:48:58.551 INFO:teuthology.orchestra.run.smithi086.stdout:/usr/bin/ceph: stderr
2023-10-14T18:48:57.450+0000 7fe8c0abb700 1 --2- 172.21.15.86:0/1615695423 >> [v2:172.21.15.86:6800/3450370052,v1:172.21.15.86:6801/3450370052] conn(0x7fe8a40364a0 0x7fe8a4038950 secure :-1 s=READY pgs=7 cs=0 l=1 rev1=1 crypto rx=0x7fe8ac009990 tx=0x7fe8ac006e40 comp rx=0 tx=0).stop
2023-10-14T18:48:58.551 INFO:teuthology.orchestra.run.smithi086.stdout:/usr/bin/ceph: stderr
2023-10-14T18:48:57.450+0000 7fe8c0abb700 1 -- 172.21.15.86:0/1615695423 >> [v2:172.21.15.86:3300/0,v1:172.21.15.86:6789/0] conn(0x7fe8bc1012a0 msgr2=0x7fe8bc113160 secure :-1 s=STATE_CONNECTION_ESTABLISHED l=1).mark_down
2023-10-14T18:48:58.551 INFO:teuthology.orchestra.run.smithi086.stdout:/usr/bin/ceph: stderr
2023-10-14T18:48:57.450+0000 7fe8c0abb700 1 --2- 172.21.15.86:0/1615695423 >> [v2:172.21.15.86:3300/0,v1:172.21.15.86:6789/0] conn(0x7fe8bc1012a0 0x7fe8bc113160 secure :-1 s=READY pgs=38 cs=0 l=1 rev1=1 crypto rx=0x7fe8b00106d0 tx=0x7fe8b000b4f0 comp rx=0 tx=0).stop
2023-10-14T18:48:58.552 INFO:teuthology.orchestra.run.smithi086.stdout:/usr/bin/ceph: stderr
2023-10-14T18:48:57.450+0000 7fe8c0abb700 1 -- 172.21.15.86:0/1615695423 shutdown_connections
2023-10-14T18:48:58.552 INFO:teuthology.orchestra.run.smithi086.stdout:/usr/bin/ceph: stderr
2023-10-14T18:48:57.450+0000 7fe8c0abb700 1 --2- 172.21.15.86:0/1615695423 >> [v2:172.21.15.86:6800/3450370052,v1:172.21.15.86:6801/3450370052] conn(0x7fe8a40364a0 0x7fe8a4038950 unknown :-1 s=CLOSED pgs=7 cs=0 l=1 rev1=1 crypto rx=0 tx=0 comp rx=0 tx=0).stop
2023-10-14T18:48:58.552 INFO:teuthology.orchestra.run.smithi086.stdout:/usr/bin/ceph: stderr
2023-10-14T18:48:57.450+0000 7fe8c0abb700 1 --2- 172.21.15.86:0/1615695423 >> [v2:172.21.15.86:3300/0,v1:172.21.15.86:6789/0] conn(0x7fe8bc1012a0 0x7fe8bc113160 unknown :-1 s=CLOSED pgs=38 cs=0 l=1 rev1=1 crypto rx=0 tx=0 comp rx=0 tx=0).stop
2023-10-14T18:48:58.552 INFO:teuthology.orchestra.run.smithi086.stdout:/usr/bin/ceph: stderr
2023-10-14T18:48:57.450+0000 7fe8c0abb700 1 -- 172.21.15.86:0/1615695423 >> 172.21.15.86:0/1615695423 conn(0x7fe8bc0fca00 msgr2=0x7fe8bc0fece0 unknown :-1 s=STATE_NONE l=0).mark_down
2023-10-14T18:48:58.552 INFO:teuthology.orchestra.run.smithi086.stdout:/usr/bin/ceph: stderr
2023-10-14T18:48:57.450+0000 7fe8c0abb700 1 -- 172.21.15.86:0/1615695423 shutdown_connections
2023-10-14T18:48:58.553 INFO:teuthology.orchestra.run.smithi086.stdout:/usr/bin/ceph: stderr
2023-10-14T18:48:57.450+0000 7fe8c0abb700 1 -- 172.21.15.86:0/1615695423 wait complete.
2023-10-14T18:48:59.188 INFO:journalctl@ceph.mon.a.smithi086.stdout:Oct 14 18:48:58 smithi086 ceph-mon[87761]: from='client.14132 -' entity='client.admin' cmd=[{"prefix": "orch set backend", "module_name": "cephadm", "target": ["mon-mgr", ""]}]: dispatch
2023-10-14T18:48:59.189 INFO:journalctl@ceph.mon.a.smithi086.stdout:Oct 14 18:48:58 smithi086 ceph-mon[87761]: mgrmap e8: x(active, since 2s)
2023-10-14T18:48:59.189 INFO:journalctl@ceph.mon.a.smithi086.stdout:Oct 14 18:48:58 smithi086 ceph-mon[87761]: from='mgr.14120 172.21.15.86:0/1934435455' entity='mgr.x'
2023-10-14T18:48:59.190 INFO:journalctl@ceph.mon.a.smithi086.stdout:Oct 14 18:48:58 smithi086 ceph-mon[87761]: from='mgr.14120 172.21.15.86:0/1934435455' entity='mgr.x' cmd=[{"prefix": "config dump", "format": "json"}]: dispatch
2023-10-14T18:48:59.579 INFO:teuthology.orchestra.run.smithi086.stdout:/usr/bin/ceph: stdout value unchanged
2023-10-14T18:48:59.579 INFO:teuthology.orchestra.run.smithi086.stdout:/usr/bin/ceph: stderr
2023-10-14T18:48:58.992+0000 7f9b455b7700 1 Processor -- start
2023-10-14T18:48:59.579 INFO:teuthology.orchestra.run.smithi086.stdout:/usr/bin/ceph: stderr
2023-10-14T18:48:58.992+0000 7f9b455b7700 1 -- start start
2023-10-14T18:48:59.579 INFO:teuthology.orchestra.run.smithi086.stdout:/usr/bin/ceph: stderr
2023-10-14T18:48:58.992+0000 7f9b455b7700 1 --2- >> [v2:172.21.15.86:3300/0,v1:172.21.15.86:6789/0] conn(0x7f9b401023b0 0x7f9b401027c0 unknown :-1 s=NONE pgs=0 cs=0 l=0 rev1=0 crypto rx=0 tx=0 comp rx=0 tx=0).connect
2023-10-14T18:48:59.580 INFO:teuthology.orchestra.run.smithi086.stdout:/usr/bin/ceph: stderr
2023-10-14T18:48:58.992+0000 7f9b455b7700 1 -- --> [v2:172.21.15.86:3300/0,v1:172.21.15.86:6789/0] -- mon_getmap magic: 0 v1 -- 0x7f9b40102d00 con 0x7f9b401023b0
2023-10-14T18:48:59.580 INFO:teuthology.orchestra.run.smithi086.stdout:/usr/bin/ceph: stderr
2023-10-14T18:48:58.992+0000 7f9b3effd700 1 --2- >> [v2:172.21.15.86:3300/0,v1:172.21.15.86:6789/0] conn(0x7f9b401023b0 0x7f9b401027c0 unknown :-1 s=BANNER_CONNECTING pgs=0 cs=0 l=0 rev1=0 crypto rx=0 tx=0 comp rx=0 tx=0)._handle_peer_banner_payload supported=3 required=0
2023-10-14T18:48:59.580 INFO:teuthology.orchestra.run.smithi086.stdout:/usr/bin/ceph: stderr
2023-10-14T18:48:58.992+0000 7f9b3effd700 1 --2- >> [v2:172.21.15.86:3300/0,v1:172.21.15.86:6789/0] conn(0x7f9b401023b0 0x7f9b401027c0 unknown :-1 s=HELLO_CONNECTING pgs=0 cs=0 l=0 rev1=1 crypto rx=0 tx=0 comp rx=0 tx=0).handle_hello peer v2:172.21.15.86:3300/0 says I am v2:172.21.15.86:50324/0 (socket says 172.21.15.86:50324)
2023-10-14T18:48:59.581 INFO:teuthology.orchestra.run.smithi086.stdout:/usr/bin/ceph: stderr
2023-10-14T18:48:58.992+0000 7f9b3effd700 1 -- 172.21.15.86:0/675369733 learned_addr learned my addr 172.21.15.86:0/675369733 (peer_addr_for_me v2:172.21.15.86:0/0)
2023-10-14T18:48:59.581 INFO:teuthology.orchestra.run.smithi086.stdout:/usr/bin/ceph: stderr
2023-10-14T18:48:58.992+0000 7f9b3effd700 1 -- 172.21.15.86:0/675369733 --> [v2:172.21.15.86:3300/0,v1:172.21.15.86:6789/0] -- mon_subscribe({config=0+,monmap=0+}) v3 -- 0x7f9b40102e40 con 0x7f9b401023b0
2023-10-14T18:48:59.581 INFO:teuthology.orchestra.run.smithi086.stdout:/usr/bin/ceph: stderr
2023-10-14T18:48:58.992+0000 7f9b3effd700 1 --2- 172.21.15.86:0/675369733 >> [v2:172.21.15.86:3300/0,v1:172.21.15.86:6789/0] conn(0x7f9b401023b0 0x7f9b401027c0 secure :-1 s=READY pgs=39 cs=0 l=1 rev1=1 crypto rx=0x7f9b300098e0 tx=0x7f9b30009250 comp rx=0 tx=0).ready entity=mon.0 client_cookie=7866cb5ee7ca2a35 server_cookie=0 in_seq=0 out_seq=0
2023-10-14T18:48:59.582 INFO:teuthology.orchestra.run.smithi086.stdout:/usr/bin/ceph: stderr
2023-10-14T18:48:58.992+0000 7f9b3dffb700 1 -- 172.21.15.86:0/675369733 <== mon.0 v2:172.21.15.86:3300/0 1 ==== mon_map magic: 0 v1 ==== 205+0+0 (secure 0 0 0) 0x7f9b30009e80 con 0x7f9b401023b0
2023-10-14T18:48:59.582 INFO:teuthology.orchestra.run.smithi086.stdout:/usr/bin/ceph: stderr
2023-10-14T18:48:58.993+0000 7f9b3dffb700 1 -- 172.21.15.86:0/675369733 <== mon.0 v2:172.21.15.86:3300/0 2 ==== config(26 keys) v1 ==== 1074+0+0 (secure 0 0 0) 0x7f9b3000bd10 con 0x7f9b401023b0
2023-10-14T18:48:59.582 INFO:teuthology.orchestra.run.smithi086.stdout:/usr/bin/ceph: stderr
2023-10-14T18:48:58.993+0000 7f9b3dffb700 1 -- 172.21.15.86:0/675369733 <== mon.0 v2:172.21.15.86:3300/0 3 ==== mon_map magic: 0 v1 ==== 205+0+0 (secure 0 0 0) 0x7f9b30011ce0 con 0x7f9b401023b0
2023-10-14T18:48:59.582 INFO:teuthology.orchestra.run.smithi086.stdout:/usr/bin/ceph: stderr
2023-10-14T18:48:58.993+0000 7f9b455b7700 1 -- 172.21.15.86:0/675369733 >> [v2:172.21.15.86:3300/0,v1:172.21.15.86:6789/0] conn(0x7f9b401023b0 msgr2=0x7f9b401027c0 secure :-1 s=STATE_CONNECTION_ESTABLISHED l=1).mark_down
2023-10-14T18:48:59.582 INFO:teuthology.orchestra.run.smithi086.stdout:/usr/bin/ceph: stderr
2023-10-14T18:48:58.993+0000 7f9b455b7700 1 --2- 172.21.15.86:0/675369733 >> [v2:172.21.15.86:3300/0,v1:172.21.15.86:6789/0] conn(0x7f9b401023b0 0x7f9b401027c0 secure :-1 s=READY pgs=39 cs=0 l=1 rev1=1 crypto rx=0x7f9b300098e0 tx=0x7f9b30009250 comp rx=0 tx=0).stop
2023-10-14T18:48:59.583 INFO:teuthology.orchestra.run.smithi086.stdout:/usr/bin/ceph: stderr
2023-10-14T18:48:58.993+0000 7f9b455b7700 1 -- 172.21.15.86:0/675369733 shutdown_connections
2023-10-14T18:48:59.583 INFO:teuthology.orchestra.run.smithi086.stdout:/usr/bin/ceph: stderr
2023-10-14T18:48:58.993+0000 7f9b455b7700 1 --2- 172.21.15.86:0/675369733 >> [v2:172.21.15.86:3300/0,v1:172.21.15.86:6789/0] conn(0x7f9b401023b0 0x7f9b401027c0 unknown :-1 s=CLOSED pgs=39 cs=0 l=1 rev1=1 crypto rx=0 tx=0 comp rx=0 tx=0).stop
2023-10-14T18:48:59.583 INFO:teuthology.orchestra.run.smithi086.stdout:/usr/bin/ceph: stderr
2023-10-14T18:48:58.993+0000 7f9b455b7700 1 -- 172.21.15.86:0/675369733 >> 172.21.15.86:0/675369733 conn(0x7f9b400fdb30 msgr2=0x7f9b400fff40 unknown :-1 s=STATE_NONE l=0).mark_down
2023-10-14T18:48:59.583 INFO:teuthology.orchestra.run.smithi086.stdout:/usr/bin/ceph: stderr
2023-10-14T18:48:58.993+0000 7f9b455b7700 1 -- 172.21.15.86:0/675369733 shutdown_connections
2023-10-14T18:48:59.583 INFO:teuthology.orchestra.run.smithi086.stdout:/usr/bin/ceph: stderr
2023-10-14T18:48:58.993+0000 7f9b455b7700 1 -- 172.21.15.86:0/675369733 wait complete.
2023-10-14T18:48:59.584 INFO:teuthology.orchestra.run.smithi086.stdout:/usr/bin/ceph: stderr
2023-10-14T18:48:58.994+0000 7f9b455b7700 1 Processor -- start
2023-10-14T18:48:59.584 INFO:teuthology.orchestra.run.smithi086.stdout:/usr/bin/ceph: stderr
2023-10-14T18:48:58.994+0000 7f9b455b7700 1 -- start start
2023-10-14T18:48:59.584 INFO:teuthology.orchestra.run.smithi086.stdout:/usr/bin/ceph: stderr
2023-10-14T18:48:58.994+0000 7f9b455b7700 1 --2- >> [v2:172.21.15.86:3300/0,v1:172.21.15.86:6789/0] conn(0x7f9b401023b0 0x7f9b40111000 unknown :-1 s=NONE pgs=0 cs=0 l=1 rev1=0 crypto rx=0 tx=0 comp rx=0 tx=0).connect
2023-10-14T18:48:59.584 INFO:teuthology.orchestra.run.smithi086.stdout:/usr/bin/ceph: stderr
2023-10-14T18:48:58.994+0000 7f9b455b7700 1 -- --> [v2:172.21.15.86:3300/0,v1:172.21.15.86:6789/0] -- mon_getmap magic: 0 v1 -- 0x7f9b40111540 con 0x7f9b401023b0
2023-10-14T18:48:59.584 INFO:teuthology.orchestra.run.smithi086.stdout:/usr/bin/ceph: stderr
2023-10-14T18:48:58.994+0000 7f9b3effd700 1 --2- >> [v2:172.21.15.86:3300/0,v1:172.21.15.86:6789/0] conn(0x7f9b401023b0 0x7f9b40111000 unknown :-1 s=BANNER_CONNECTING pgs=0 cs=0 l=1 rev1=0 crypto rx=0 tx=0 comp rx=0 tx=0)._handle_peer_banner_payload supported=3 required=0
2023-10-14T18:48:59.585 INFO:teuthology.orchestra.run.smithi086.stdout:/usr/bin/ceph: stderr
2023-10-14T18:48:58.994+0000 7f9b3effd700 1 --2- >> [v2:172.21.15.86:3300/0,v1:172.21.15.86:6789/0] conn(0x7f9b401023b0 0x7f9b40111000 unknown :-1 s=HELLO_CONNECTING pgs=0 cs=0 l=1 rev1=1 crypto rx=0 tx=0 comp rx=0 tx=0).handle_hello peer v2:172.21.15.86:3300/0 says I am v2:172.21.15.86:50340/0 (socket says 172.21.15.86:50340)
2023-10-14T18:48:59.585 INFO:teuthology.orchestra.run.smithi086.stdout:/usr/bin/ceph: stderr
2023-10-14T18:48:58.994+0000 7f9b3effd700 1 -- 172.21.15.86:0/2990542824 learned_addr learned my addr 172.21.15.86:0/2990542824 (peer_addr_for_me v2:172.21.15.86:0/0)
2023-10-14T18:48:59.585 INFO:teuthology.orchestra.run.smithi086.stdout:/usr/bin/ceph: stderr
2023-10-14T18:48:58.994+0000 7f9b3effd700 1 -- 172.21.15.86:0/2990542824 --> [v2:172.21.15.86:3300/0,v1:172.21.15.86:6789/0] -- mon_subscribe({config=0+,monmap=0+}) v3 -- 0x7f9b300094f0 con 0x7f9b401023b0
2023-10-14T18:48:59.585 INFO:teuthology.orchestra.run.smithi086.stdout:/usr/bin/ceph: stderr
2023-10-14T18:48:58.994+0000 7f9b3effd700 1 --2- 172.21.15.86:0/2990542824 >> [v2:172.21.15.86:3300/0,v1:172.21.15.86:6789/0] conn(0x7f9b401023b0 0x7f9b40111000 secure :-1 s=READY pgs=40 cs=0 l=1 rev1=1 crypto rx=0x7f9b3000bce0 tx=0x7f9b30009250 comp rx=0 tx=0).ready entity=mon.0 client_cookie=0 server_cookie=0 in_seq=0 out_seq=0
2023-10-14T18:48:59.585 INFO:teuthology.orchestra.run.smithi086.stdout:/usr/bin/ceph: stderr
2023-10-14T18:48:58.995+0000 7f9b277fe700 1 -- 172.21.15.86:0/2990542824 <== mon.0 v2:172.21.15.86:3300/0 1 ==== mon_map magic: 0 v1 ==== 205+0+0 (secure 0 0 0) 0x7f9b3001a640 con 0x7f9b401023b0
2023-10-14T18:48:59.585 INFO:teuthology.orchestra.run.smithi086.stdout:/usr/bin/ceph: stderr
2023-10-14T18:48:58.995+0000 7f9b277fe700 1 -- 172.21.15.86:0/2990542824 <== mon.0 v2:172.21.15.86:3300/0 2 ==== config(26 keys) v1 ==== 1074+0+0 (secure 0 0 0) 0x7f9b3001ac50 con 0x7f9b401023b0
2023-10-14T18:48:59.586 INFO:teuthology.orchestra.run.smithi086.stdout:/usr/bin/ceph: stderr
2023-10-14T18:48:58.995+0000 7f9b455b7700 1 -- 172.21.15.86:0/2990542824 --> [v2:172.21.15.86:3300/0,v1:172.21.15.86:6789/0] -- mon_subscribe({mgrmap=0+}) v3 -- 0x7f9b40111740 con 0x7f9b401023b0
2023-10-14T18:48:59.586 INFO:teuthology.orchestra.run.smithi086.stdout:/usr/bin/ceph: stderr
2023-10-14T18:48:58.995+0000 7f9b277fe700 1 -- 172.21.15.86:0/2990542824 <== mon.0 v2:172.21.15.86:3300/0 3 ==== mon_map magic: 0 v1 ==== 205+0+0 (secure 0 0 0) 0x7f9b30022b20 con 0x7f9b401023b0
2023-10-14T18:48:59.586 INFO:teuthology.orchestra.run.smithi086.stdout:/usr/bin/ceph: stderr
2023-10-14T18:48:58.995+0000 7f9b455b7700 1 -- 172.21.15.86:0/2990542824 --> [v2:172.21.15.86:3300/0,v1:172.21.15.86:6789/0] -- mon_subscribe({osdmap=0}) v3 -- 0x7f9b40111b50 con 0x7f9b401023b0
2023-10-14T18:48:59.586 INFO:teuthology.orchestra.run.smithi086.stdout:/usr/bin/ceph: stderr
2023-10-14T18:48:58.996+0000 7f9b277fe700 1 -- 172.21.15.86:0/2990542824 <== mon.0 v2:172.21.15.86:3300/0 4 ==== mgrmap(e 8) v1 ==== 43265+0+0 (secure 0 0 0) 0x7f9b30022400 con 0x7f9b401023b0
2023-10-14T18:48:59.586 INFO:teuthology.orchestra.run.smithi086.stdout:/usr/bin/ceph: stderr
2023-10-14T18:48:58.996+0000 7f9b455b7700 1 -- 172.21.15.86:0/2990542824 --> [v2:172.21.15.86:3300/0,v1:172.21.15.86:6789/0] -- mon_command({"prefix": "get_command_descriptions"} v 0) v1 -- 0x7f9b4004bb80 con 0x7f9b401023b0
2023-10-14T18:48:59.587 INFO:teuthology.orchestra.run.smithi086.stdout:/usr/bin/ceph: stderr
2023-10-14T18:48:58.996+0000 7f9b277fe700 1 --2- 172.21.15.86:0/2990542824 >> [v2:172.21.15.86:6800/3450370052,v1:172.21.15.86:6801/3450370052] conn(0x7f9b28036610 0x7f9b28038ac0 unknown :-1 s=NONE pgs=0 cs=0 l=1 rev1=0 crypto rx=0 tx=0 comp rx=0 tx=0).connect
2023-10-14T18:48:59.587 INFO:teuthology.orchestra.run.smithi086.stdout:/usr/bin/ceph: stderr
2023-10-14T18:48:58.996+0000 7f9b277fe700 1 -- 172.21.15.86:0/2990542824 <== mon.0 v2:172.21.15.86:3300/0 5 ==== osd_map(2..2 src has 1..2) v4 ==== 936+0+0 (secure 0 0 0) 0x7f9b3004a660 con 0x7f9b401023b0
2023-10-14T18:48:59.587 INFO:teuthology.orchestra.run.smithi086.stdout:/usr/bin/ceph: stderr
2023-10-14T18:48:58.996+0000 7f9b3e7fc700 1 --2- 172.21.15.86:0/2990542824 >> [v2:172.21.15.86:6800/3450370052,v1:172.21.15.86:6801/3450370052] conn(0x7f9b28036610 0x7f9b28038ac0 unknown :-1 s=BANNER_CONNECTING pgs=0 cs=0 l=1 rev1=0 crypto rx=0 tx=0 comp rx=0 tx=0)._handle_peer_banner_payload supported=3 required=0
2023-10-14T18:48:59.587 INFO:teuthology.orchestra.run.smithi086.stdout:/usr/bin/ceph: stderr
2023-10-14T18:48:58.996+0000 7f9b3e7fc700 1 --2- 172.21.15.86:0/2990542824 >> [v2:172.21.15.86:6800/3450370052,v1:172.21.15.86:6801/3450370052] conn(0x7f9b28036610 0x7f9b28038ac0 secure :-1 s=READY pgs=8 cs=0 l=1 rev1=1 crypto rx=0x7f9b34009990 tx=0x7f9b34006e40 comp rx=0 tx=0).ready entity=mgr.14120 client_cookie=0 server_cookie=0 in_seq=0 out_seq=0
2023-10-14T18:48:59.587 INFO:teuthology.orchestra.run.smithi086.stdout:/usr/bin/ceph: stderr
2023-10-14T18:48:59.000+0000 7f9b277fe700 1 -- 172.21.15.86:0/2990542824 <== mon.0 v2:172.21.15.86:3300/0 6 ==== mon_command_ack([{"prefix": "get_command_descriptions"}]=0 v0) v1 ==== 72+0+174570 (secure 0 0 0) 0x7f9b3002ab80 con 0x7f9b401023b0
2023-10-14T18:48:59.588 INFO:teuthology.orchestra.run.smithi086.stdout:/usr/bin/ceph: stderr
2023-10-14T18:48:59.185+0000 7f9b455b7700 1 -- 172.21.15.86:0/2990542824 --> [v2:172.21.15.86:6800/3450370052,v1:172.21.15.86:6801/3450370052] -- mgr_command(tid 0: {"prefix": "cephadm set-user", "user": "root", "target": ["mon-mgr", ""]}) v1 -- 0x7f9b400feed0 con 0x7f9b28036610
2023-10-14T18:48:59.588 INFO:teuthology.orchestra.run.smithi086.stdout:/usr/bin/ceph: stderr
2023-10-14T18:48:59.185+0000 7f9b277fe700 1 -- 172.21.15.86:0/2990542824 <== mgr.14120 v2:172.21.15.86:6800/3450370052 1 ==== mgr_command_reply(tid 0: 0 ) v1 ==== 8+0+16 (secure 0 0 0) 0x7f9b400feed0 con 0x7f9b28036610
2023-10-14T18:48:59.588 INFO:teuthology.orchestra.run.smithi086.stdout:/usr/bin/ceph: stderr
2023-10-14T18:48:59.187+0000 7f9b455b7700 1 -- 172.21.15.86:0/2990542824 >> [v2:172.21.15.86:6800/3450370052,v1:172.21.15.86:6801/3450370052] conn(0x7f9b28036610 msgr2=0x7f9b28038ac0 secure :-1 s=STATE_CONNECTION_ESTABLISHED l=1).mark_down
2023-10-14T18:48:59.588 INFO:teuthology.orchestra.run.smithi086.stdout:/usr/bin/ceph: stderr
2023-10-14T18:48:59.187+0000 7f9b455b7700 1 --2- 172.21.15.86:0/2990542824 >> [v2:172.21.15.86:6800/3450370052,v1:172.21.15.86:6801/3450370052] conn(0x7f9b28036610 0x7f9b28038ac0 secure :-1 s=READY pgs=8 cs=0 l=1 rev1=1 crypto rx=0x7f9b34009990 tx=0x7f9b34006e40 comp rx=0 tx=0).stop
2023-10-14T18:48:59.588 INFO:teuthology.orchestra.run.smithi086.stdout:/usr/bin/ceph: stderr
2023-10-14T18:48:59.187+0000 7f9b455b7700 1 -- 172.21.15.86:0/2990542824 >> [v2:172.21.15.86:3300/0,v1:172.21.15.86:6789/0] conn(0x7f9b401023b0 msgr2=0x7f9b40111000 secure :-1 s=STATE_CONNECTION_ESTABLISHED l=1).mark_down
2023-10-14T18:48:59.589 INFO:teuthology.orchestra.run.smithi086.stdout:/usr/bin/ceph: stderr
2023-10-14T18:48:59.187+0000 7f9b455b7700 1 --2- 172.21.15.86:0/2990542824 >> [v2:172.21.15.86:3300/0,v1:172.21.15.86:6789/0] conn(0x7f9b401023b0 0x7f9b40111000 secure :-1 s=READY pgs=40 cs=0 l=1 rev1=1 crypto rx=0x7f9b3000bce0 tx=0x7f9b30009250 comp rx=0 tx=0).stop
2023-10-14T18:48:59.589 INFO:teuthology.orchestra.run.smithi086.stdout:/usr/bin/ceph: stderr
2023-10-14T18:48:59.187+0000 7f9b455b7700 1 -- 172.21.15.86:0/2990542824 shutdown_connections
2023-10-14T18:48:59.589 INFO:teuthology.orchestra.run.smithi086.stdout:/usr/bin/ceph: stderr
2023-10-14T18:48:59.187+0000 7f9b455b7700 1 --2- 172.21.15.86:0/2990542824 >> [v2:172.21.15.86:6800/3450370052,v1:172.21.15.86:6801/3450370052] conn(0x7f9b28036610 0x7f9b28038ac0 unknown :-1 s=CLOSED pgs=8 cs=0 l=1 rev1=1 crypto rx=0 tx=0 comp rx=0 tx=0).stop
2023-10-14T18:48:59.589 INFO:teuthology.orchestra.run.smithi086.stdout:/usr/bin/ceph: stderr
2023-10-14T18:48:59.187+0000 7f9b455b7700 1 --2- 172.21.15.86:0/2990542824 >> [v2:172.21.15.86:3300/0,v1:172.21.15.86:6789/0] conn(0x7f9b401023b0 0x7f9b40111000 unknown :-1 s=CLOSED pgs=40 cs=0 l=1 rev1=1 crypto rx=0 tx=0 comp rx=0 tx=0).stop
2023-10-14T18:48:59.589 INFO:teuthology.orchestra.run.smithi086.stdout:/usr/bin/ceph: stderr
2023-10-14T18:48:59.187+0000 7f9b455b7700 1 -- 172.21.15.86:0/2990542824 >> 172.21.15.86:0/2990542824 conn(0x7f9b400fdb30 msgr2=0x7f9b400fe7c0 unknown :-1 s=STATE_NONE l=0).mark_down
2023-10-14T18:48:59.589 INFO:teuthology.orchestra.run.smithi086.stdout:/usr/bin/ceph: stderr
2023-10-14T18:48:59.187+0000 7f9b455b7700 1 -- 172.21.15.86:0/2990542824 shutdown_connections
2023-10-14T18:48:59.590 INFO:teuthology.orchestra.run.smithi086.stdout:/usr/bin/ceph: stderr
2023-10-14T18:48:59.187+0000 7f9b455b7700 1 -- 172.21.15.86:0/2990542824 wait complete.
2023-10-14T18:48:59.590 INFO:teuthology.orchestra.run.smithi086.stdout:Generating ssh key...
2023-10-14T18:49:00.438 INFO:journalctl@ceph.mon.a.smithi086.stdout:Oct 14 18:48:59 smithi086 ceph-mon[87761]: [14/Oct/2023:18:48:58] ENGINE Bus STARTING
2023-10-14T18:49:00.438 INFO:journalctl@ceph.mon.a.smithi086.stdout:Oct 14 18:48:59 smithi086 ceph-mon[87761]: [14/Oct/2023:18:48:58] ENGINE Serving on https://172.21.15.86:7150
2023-10-14T18:49:00.438 INFO:journalctl@ceph.mon.a.smithi086.stdout:Oct 14 18:48:59 smithi086 ceph-mon[87761]: [14/Oct/2023:18:48:58] ENGINE Bus STARTED
2023-10-14T18:49:00.817 INFO:teuthology.orchestra.run.smithi086.stdout:/usr/bin/ceph: stderr
2023-10-14T18:49:00.008+0000 7f6af4bf2700 1 Processor -- start
2023-10-14T18:49:00.817 INFO:teuthology.orchestra.run.smithi086.stdout:/usr/bin/ceph: stderr
2023-10-14T18:49:00.008+0000 7f6af4bf2700 1 -- start start
2023-10-14T18:49:00.817 INFO:teuthology.orchestra.run.smithi086.stdout:/usr/bin/ceph: stderr
2023-10-14T18:49:00.008+0000 7f6af4bf2700 1 --2- >> [v2:172.21.15.86:3300/0,v1:172.21.15.86:6789/0] conn(0x7f6af0102850 0x7f6af0102c60 unknown :-1 s=NONE pgs=0 cs=0 l=0 rev1=0 crypto rx=0 tx=0 comp rx=0 tx=0).connect
2023-10-14T18:49:00.817 INFO:teuthology.orchestra.run.smithi086.stdout:/usr/bin/ceph: stderr
2023-10-14T18:49:00.008+0000 7f6af4bf2700 1 -- --> [v2:172.21.15.86:3300/0,v1:172.21.15.86:6789/0] -- mon_getmap magic: 0 v1 -- 0x7f6af01031a0 con 0x7f6af0102850
2023-10-14T18:49:00.818 INFO:teuthology.orchestra.run.smithi086.stdout:/usr/bin/ceph: stderr
2023-10-14T18:49:00.008+0000 7f6aee59c700 1 --2- >> [v2:172.21.15.86:3300/0,v1:172.21.15.86:6789/0] conn(0x7f6af0102850 0x7f6af0102c60 unknown :-1 s=BANNER_CONNECTING pgs=0 cs=0 l=0 rev1=0 crypto rx=0 tx=0 comp rx=0 tx=0)._handle_peer_banner_payload supported=3 required=0
2023-10-14T18:49:00.818 INFO:teuthology.orchestra.run.smithi086.stdout:/usr/bin/ceph: stderr
2023-10-14T18:49:00.008+0000 7f6aee59c700 1 --2- >> [v2:172.21.15.86:3300/0,v1:172.21.15.86:6789/0] conn(0x7f6af0102850 0x7f6af0102c60 unknown :-1 s=HELLO_CONNECTING pgs=0 cs=0 l=0 rev1=1 crypto rx=0 tx=0 comp rx=0 tx=0).handle_hello peer v2:172.21.15.86:3300/0 says I am v2:172.21.15.86:50344/0 (socket says 172.21.15.86:50344)
2023-10-14T18:49:00.818 INFO:teuthology.orchestra.run.smithi086.stdout:/usr/bin/ceph: stderr
2023-10-14T18:49:00.008+0000 7f6aee59c700 1 -- 172.21.15.86:0/3023260129 learned_addr learned my addr 172.21.15.86:0/3023260129 (peer_addr_for_me v2:172.21.15.86:0/0)
2023-10-14T18:49:00.818 INFO:teuthology.orchestra.run.smithi086.stdout:/usr/bin/ceph: stderr
2023-10-14T18:49:00.008+0000 7f6aee59c700 1 -- 172.21.15.86:0/3023260129 --> [v2:172.21.15.86:3300/0,v1:172.21.15.86:6789/0] -- mon_subscribe({config=0+,monmap=0+}) v3 -- 0x7f6af01032e0 con 0x7f6af0102850
2023-10-14T18:49:00.818 INFO:teuthology.orchestra.run.smithi086.stdout:/usr/bin/ceph: stderr
2023-10-14T18:49:00.009+0000 7f6aee59c700 1 --2- 172.21.15.86:0/3023260129 >> [v2:172.21.15.86:3300/0,v1:172.21.15.86:6789/0] conn(0x7f6af0102850 0x7f6af0102c60 secure :-1 s=READY pgs=41 cs=0 l=1 rev1=1 crypto rx=0x7f6ae000bb80 tx=0x7f6ae000b4f0 comp rx=0 tx=0).ready entity=mon.0 client_cookie=1b00a34921be2d19 server_cookie=0 in_seq=0 out_seq=0
2023-10-14T18:49:00.819 INFO:teuthology.orchestra.run.smithi086.stdout:/usr/bin/ceph: stderr
2023-10-14T18:49:00.009+0000 7f6aedd9b700 1 -- 172.21.15.86:0/3023260129 <== mon.0 v2:172.21.15.86:3300/0 1 ==== mon_map magic: 0 v1 ==== 205+0+0 (secure 0 0 0) 0x7f6ae000dba0 con 0x7f6af0102850
2023-10-14T18:49:00.819 INFO:teuthology.orchestra.run.smithi086.stdout:/usr/bin/ceph: stderr
2023-10-14T18:49:00.009+0000 7f6aedd9b700 1 -- 172.21.15.86:0/3023260129 <== mon.0 v2:172.21.15.86:3300/0 2 ==== config(26 keys) v1 ==== 1074+0+0 (secure 0 0 0) 0x7f6ae000dd00 con 0x7f6af0102850
2023-10-14T18:49:00.819 INFO:teuthology.orchestra.run.smithi086.stdout:/usr/bin/ceph: stderr
2023-10-14T18:49:00.009+0000 7f6aedd9b700 1 -- 172.21.15.86:0/3023260129 <== mon.0 v2:172.21.15.86:3300/0 3 ==== mon_map magic: 0 v1 ==== 205+0+0 (secure 0 0 0) 0x7f6ae0018780 con 0x7f6af0102850
2023-10-14T18:49:00.819 INFO:teuthology.orchestra.run.smithi086.stdout:/usr/bin/ceph: stderr
2023-10-14T18:49:00.009+0000 7f6af4bf2700 1 -- 172.21.15.86:0/3023260129 >> [v2:172.21.15.86:3300/0,v1:172.21.15.86:6789/0] conn(0x7f6af0102850 msgr2=0x7f6af0102c60 secure :-1 s=STATE_CONNECTION_ESTABLISHED l=1).mark_down
2023-10-14T18:49:00.819 INFO:teuthology.orchestra.run.smithi086.stdout:/usr/bin/ceph: stderr
2023-10-14T18:49:00.009+0000 7f6af4bf2700 1 --2- 172.21.15.86:0/3023260129 >> [v2:172.21.15.86:3300/0,v1:172.21.15.86:6789/0] conn(0x7f6af0102850 0x7f6af0102c60 secure :-1 s=READY pgs=41 cs=0 l=1 rev1=1 crypto rx=0x7f6ae000bb80 tx=0x7f6ae000b4f0 comp rx=0 tx=0).stop
2023-10-14T18:49:00.820 INFO:teuthology.orchestra.run.smithi086.stdout:/usr/bin/ceph: stderr
2023-10-14T18:49:00.009+0000 7f6af4bf2700 1 -- 172.21.15.86:0/3023260129 shutdown_connections
2023-10-14T18:49:00.820 INFO:teuthology.orchestra.run.smithi086.stdout:/usr/bin/ceph: stderr
2023-10-14T18:49:00.009+0000 7f6af4bf2700 1 --2- 172.21.15.86:0/3023260129 >> [v2:172.21.15.86:3300/0,v1:172.21.15.86:6789/0] conn(0x7f6af0102850 0x7f6af0102c60 unknown :-1 s=CLOSED pgs=41 cs=0 l=1 rev1=1 crypto rx=0 tx=0 comp rx=0 tx=0).stop
2023-10-14T18:49:00.820 INFO:teuthology.orchestra.run.smithi086.stdout:/usr/bin/ceph: stderr
2023-10-14T18:49:00.009+0000 7f6af4bf2700 1 -- 172.21.15.86:0/3023260129 >> 172.21.15.86:0/3023260129 conn(0x7f6af00fc1c0 msgr2=0x7f6af00fe5d0 unknown :-1 s=STATE_NONE l=0).mark_down
2023-10-14T18:49:00.820 INFO:teuthology.orchestra.run.smithi086.stdout:/usr/bin/ceph: stderr
2023-10-14T18:49:00.009+0000 7f6af4bf2700 1 -- 172.21.15.86:0/3023260129 shutdown_connections
2023-10-14T18:49:00.820 INFO:teuthology.orchestra.run.smithi086.stdout:/usr/bin/ceph: stderr
2023-10-14T18:49:00.009+0000 7f6af4bf2700 1 -- 172.21.15.86:0/3023260129 wait complete.
2023-10-14T18:49:00.820 INFO:teuthology.orchestra.run.smithi086.stdout:/usr/bin/ceph: stderr
2023-10-14T18:49:00.010+0000 7f6af4bf2700 1 Processor -- start
2023-10-14T18:49:00.821 INFO:teuthology.orchestra.run.smithi086.stdout:/usr/bin/ceph: stderr
2023-10-14T18:49:00.010+0000 7f6af4bf2700 1 -- start start
2023-10-14T18:49:00.821 INFO:teuthology.orchestra.run.smithi086.stdout:/usr/bin/ceph: stderr
2023-10-14T18:49:00.010+0000 7f6af4bf2700 1 --2- >> [v2:172.21.15.86:3300/0,v1:172.21.15.86:6789/0] conn(0x7f6af0102850 0x7f6af010eeb0 unknown :-1 s=NONE pgs=0 cs=0 l=1 rev1=0 crypto rx=0 tx=0 comp rx=0 tx=0).connect
2023-10-14T18:49:00.821 INFO:teuthology.orchestra.run.smithi086.stdout:/usr/bin/ceph: stderr
2023-10-14T18:49:00.010+0000 7f6af4bf2700 1 -- --> [v2:172.21.15.86:3300/0,v1:172.21.15.86:6789/0] -- mon_getmap magic: 0 v1 -- 0x7f6af010f3f0 con 0x7f6af0102850
2023-10-14T18:49:00.821 INFO:teuthology.orchestra.run.smithi086.stdout:/usr/bin/ceph: stderr
2023-10-14T18:49:00.010+0000 7f6aee59c700 1 --2- >> [v2:172.21.15.86:3300/0,v1:172.21.15.86:6789/0] conn(0x7f6af0102850 0x7f6af010eeb0 unknown :-1 s=BANNER_CONNECTING pgs=0 cs=0 l=1 rev1=0 crypto rx=0 tx=0 comp rx=0 tx=0)._handle_peer_banner_payload supported=3 required=0
2023-10-14T18:49:00.821 INFO:teuthology.orchestra.run.smithi086.stdout:/usr/bin/ceph: stderr
2023-10-14T18:49:00.010+0000 7f6aee59c700 1 --2- >> [v2:172.21.15.86:3300/0,v1:172.21.15.86:6789/0] conn(0x7f6af0102850 0x7f6af010eeb0 unknown :-1 s=HELLO_CONNECTING pgs=0 cs=0 l=1 rev1=1 crypto rx=0 tx=0 comp rx=0 tx=0).handle_hello peer v2:172.21.15.86:3300/0 says I am v2:172.21.15.86:50354/0 (socket says 172.21.15.86:50354)
2023-10-14T18:49:00.822 INFO:teuthology.orchestra.run.smithi086.stdout:/usr/bin/ceph: stderr
2023-10-14T18:49:00.010+0000 7f6aee59c700 1 -- 172.21.15.86:0/684640948 learned_addr learned my addr 172.21.15.86:0/684640948 (peer_addr_for_me v2:172.21.15.86:0/0)
2023-10-14T18:49:00.822 INFO:teuthology.orchestra.run.smithi086.stdout:/usr/bin/ceph: stderr
2023-10-14T18:49:00.010+0000 7f6aee59c700 1 -- 172.21.15.86:0/684640948 --> [v2:172.21.15.86:3300/0,v1:172.21.15.86:6789/0] -- mon_subscribe({config=0+,monmap=0+}) v3 -- 0x7f6ae000b790 con 0x7f6af0102850
2023-10-14T18:49:00.822 INFO:teuthology.orchestra.run.smithi086.stdout:/usr/bin/ceph: stderr
2023-10-14T18:49:00.011+0000 7f6aee59c700 1 --2- 172.21.15.86:0/684640948 >> [v2:172.21.15.86:3300/0,v1:172.21.15.86:6789/0] conn(0x7f6af0102850 0x7f6af010eeb0 secure :-1 s=READY pgs=42 cs=0 l=1 rev1=1 crypto rx=0x7f6ae00106a0 tx=0x7f6ae000b4f0 comp rx=0 tx=0).ready entity=mon.0 client_cookie=0 server_cookie=0 in_seq=0 out_seq=0
2023-10-14T18:49:00.822 INFO:teuthology.orchestra.run.smithi086.stdout:/usr/bin/ceph: stderr
2023-10-14T18:49:00.011+0000 7f6ae6ffd700 1 -- 172.21.15.86:0/684640948 <== mon.0 v2:172.21.15.86:3300/0 1 ==== mon_map magic: 0 v1 ==== 205+0+0 (secure 0 0 0) 0x7f6ae000dba0 con 0x7f6af0102850
2023-10-14T18:49:00.822 INFO:teuthology.orchestra.run.smithi086.stdout:/usr/bin/ceph: stderr
2023-10-14T18:49:00.011+0000 7f6ae6ffd700 1 -- 172.21.15.86:0/684640948 <== mon.0 v2:172.21.15.86:3300/0 2 ==== config(26 keys) v1 ==== 1074+0+0 (secure 0 0 0) 0x7f6ae001d050 con 0x7f6af0102850
2023-10-14T18:49:00.823 INFO:teuthology.orchestra.run.smithi086.stdout:/usr/bin/ceph: stderr
2023-10-14T18:49:00.011+0000 7f6ae6ffd700 1 -- 172.21.15.86:0/684640948 <== mon.0 v2:172.21.15.86:3300/0 3 ==== mon_map magic: 0 v1 ==== 205+0+0 (secure 0 0 0) 0x7f6ae0010bf0 con 0x7f6af0102850
2023-10-14T18:49:00.823 INFO:teuthology.orchestra.run.smithi086.stdout:/usr/bin/ceph: stderr
2023-10-14T18:49:00.011+0000 7f6af4bf2700 1 -- 172.21.15.86:0/684640948 --> [v2:172.21.15.86:3300/0,v1:172.21.15.86:6789/0] -- mon_subscribe({mgrmap=0+}) v3 -- 0x7f6af010f5f0 con 0x7f6af0102850
2023-10-14T18:49:00.823 INFO:teuthology.orchestra.run.smithi086.stdout:/usr/bin/ceph: stderr
2023-10-14T18:49:00.011+0000 7f6af4bf2700 1 -- 172.21.15.86:0/684640948 --> [v2:172.21.15.86:3300/0,v1:172.21.15.86:6789/0] -- mon_subscribe({osdmap=0}) v3 -- 0x7f6af0110150 con 0x7f6af0102850
2023-10-14T18:49:00.823 INFO:teuthology.orchestra.run.smithi086.stdout:/usr/bin/ceph: stderr
2023-10-14T18:49:00.011+0000 7f6ae6ffd700 1 -- 172.21.15.86:0/684640948 <== mon.0 v2:172.21.15.86:3300/0 4 ==== mgrmap(e 8) v1 ==== 43265+0+0 (secure 0 0 0) 0x7f6ae00239b0 con 0x7f6af0102850
2023-10-14T18:49:00.823 INFO:teuthology.orchestra.run.smithi086.stdout:/usr/bin/ceph: stderr
2023-10-14T18:49:00.012+0000 7f6ae6ffd700 1 --2- 172.21.15.86:0/684640948 >> [v2:172.21.15.86:6800/3450370052,v1:172.21.15.86:6801/3450370052] conn(0x7f6adc036610 0x7f6adc038ac0 unknown :-1 s=NONE pgs=0 cs=0 l=1 rev1=0 crypto rx=0 tx=0 comp rx=0 tx=0).connect
2023-10-14T18:49:00.824 INFO:teuthology.orchestra.run.smithi086.stdout:/usr/bin/ceph: stderr
2023-10-14T18:49:00.012+0000 7f6af4bf2700 1 -- 172.21.15.86:0/684640948 --> [v2:172.21.15.86:3300/0,v1:172.21.15.86:6789/0] -- mon_command({"prefix": "get_command_descriptions"} v 0) v1 -- 0x7f6af010fa00 con 0x7f6af0102850
2023-10-14T18:49:00.824 INFO:teuthology.orchestra.run.smithi086.stdout:/usr/bin/ceph: stderr
