2023-10-18T14:31:28.522 INFO:teuthology.orchestra.run.smithi125.stdout:/usr/bin/ceph: stderr
2023-10-18T14:31:27.933+0000 7f59770a0700 1 --2- >> [v2:172.21.15.125:3300/0,v1:172.21.15.125:6789/0] conn(0x7f5970075d10 0x7f5970101850 unknown :-1 s=NONE pgs=0 cs=0 l=1 rev1=0 crypto rx=0 tx=0 comp rx=0 tx=0).connect
2023-10-18T14:31:28.523 INFO:teuthology.orchestra.run.smithi125.stdout:/usr/bin/ceph: stderr
2023-10-18T14:31:27.933+0000 7f59770a0700 1 -- --> [v2:172.21.15.125:3300/0,v1:172.21.15.125:6789/0] -- mon_getmap magic: 0 v1 -- 0x7f59700ffcd0 con 0x7f5970075d10
2023-10-18T14:31:28.523 INFO:teuthology.orchestra.run.smithi125.stdout:/usr/bin/ceph: stderr
2023-10-18T14:31:27.933+0000 7f5974e3c700 1 --2- >> [v2:172.21.15.125:3300/0,v1:172.21.15.125:6789/0] conn(0x7f5970075d10 0x7f5970101850 unknown :-1 s=BANNER_CONNECTING pgs=0 cs=0 l=1 rev1=0 crypto rx=0 tx=0 comp rx=0 tx=0)._handle_peer_banner_payload supported=3 required=0
2023-10-18T14:31:28.523 INFO:teuthology.orchestra.run.smithi125.stdout:/usr/bin/ceph: stderr
2023-10-18T14:31:27.933+0000 7f5974e3c700 1 --2- >> [v2:172.21.15.125:3300/0,v1:172.21.15.125:6789/0] conn(0x7f5970075d10 0x7f5970101850 unknown :-1 s=HELLO_CONNECTING pgs=0 cs=0 l=1 rev1=1 crypto rx=0 tx=0 comp rx=0 tx=0).handle_hello peer v2:172.21.15.125:3300/0 says I am v2:172.21.15.125:48736/0 (socket says 172.21.15.125:48736)
2023-10-18T14:31:28.524 INFO:teuthology.orchestra.run.smithi125.stdout:/usr/bin/ceph: stderr
2023-10-18T14:31:27.933+0000 7f5974e3c700 1 -- 172.21.15.125:0/903481876 learned_addr learned my addr 172.21.15.125:0/903481876 (peer_addr_for_me v2:172.21.15.125:0/0)
2023-10-18T14:31:28.524 INFO:teuthology.orchestra.run.smithi125.stdout:/usr/bin/ceph: stderr
2023-10-18T14:31:27.933+0000 7f5974e3c700 1 -- 172.21.15.125:0/903481876 --> [v2:172.21.15.125:3300/0,v1:172.21.15.125:6789/0] -- mon_subscribe({config=0+,monmap=0+}) v3 -- 0x7f59640094f0 con 0x7f5970075d10
2023-10-18T14:31:28.525 INFO:teuthology.orchestra.run.smithi125.stdout:/usr/bin/ceph: stderr
2023-10-18T14:31:27.934+0000 7f5974e3c700 1 --2- 172.21.15.125:0/903481876 >> [v2:172.21.15.125:3300/0,v1:172.21.15.125:6789/0] conn(0x7f5970075d10 0x7f5970101850 secure :-1 s=READY pgs=50 cs=0 l=1 rev1=1 crypto rx=0x7f596400b440 tx=0x7f5964009250 comp rx=0 tx=0).ready entity=mon.0 client_cookie=0 server_cookie=0 in_seq=0 out_seq=0
2023-10-18T14:31:28.525 INFO:teuthology.orchestra.run.smithi125.stdout:/usr/bin/ceph: stderr
2023-10-18T14:31:27.934+0000 7f596d7fa700 1 -- 172.21.15.125:0/903481876 <== mon.0 v2:172.21.15.125:3300/0 1 ==== mon_map magic: 0 v1 ==== 205+0+0 (secure 0 0 0) 0x7f5964018660 con 0x7f5970075d10
2023-10-18T14:31:28.525 INFO:teuthology.orchestra.run.smithi125.stdout:/usr/bin/ceph: stderr
2023-10-18T14:31:27.934+0000 7f59770a0700 1 -- 172.21.15.125:0/903481876 --> [v2:172.21.15.125:3300/0,v1:172.21.15.125:6789/0] -- mon_subscribe({mgrmap=0+}) v3 -- 0x7f59700ffed0 con 0x7f5970075d10
2023-10-18T14:31:28.525 INFO:teuthology.orchestra.run.smithi125.stdout:/usr/bin/ceph: stderr
2023-10-18T14:31:27.934+0000 7f596d7fa700 1 -- 172.21.15.125:0/903481876 <== mon.0 v2:172.21.15.125:3300/0 2 ==== config(24 keys) v1 ==== 1004+0+0 (secure 0 0 0) 0x7f5964018c20 con 0x7f5970075d10
2023-10-18T14:31:28.526 INFO:teuthology.orchestra.run.smithi125.stdout:/usr/bin/ceph: stderr
2023-10-18T14:31:27.934+0000 7f596d7fa700 1 -- 172.21.15.125:0/903481876 <== mon.0 v2:172.21.15.125:3300/0 3 ==== mon_map magic: 0 v1 ==== 205+0+0 (secure 0 0 0) 0x7f596401ab10 con 0x7f5970075d10
2023-10-18T14:31:28.526 INFO:teuthology.orchestra.run.smithi125.stdout:/usr/bin/ceph: stderr
2023-10-18T14:31:27.934+0000 7f59770a0700 1 -- 172.21.15.125:0/903481876 --> [v2:172.21.15.125:3300/0,v1:172.21.15.125:6789/0] -- mon_subscribe({osdmap=0}) v3 -- 0x7f59701002e0 con 0x7f5970075d10
2023-10-18T14:31:28.526 INFO:teuthology.orchestra.run.smithi125.stdout:/usr/bin/ceph: stderr
2023-10-18T14:31:27.935+0000 7f596d7fa700 1 -- 172.21.15.125:0/903481876 <== mon.0 v2:172.21.15.125:3300/0 4 ==== mgrmap(e 8) v1 ==== 43265+0+0 (secure 0 0 0) 0x7f59640187c0 con 0x7f5970075d10
2023-10-18T14:31:28.526 INFO:teuthology.orchestra.run.smithi125.stdout:/usr/bin/ceph: stderr
2023-10-18T14:31:27.935+0000 7f596d7fa700 20 mgrc handle_mgr_map mgrmap(e 8) v1
2023-10-18T14:31:28.527 INFO:teuthology.orchestra.run.smithi125.stdout:/usr/bin/ceph: stderr
2023-10-18T14:31:27.935+0000 7f59770a0700 1 -- 172.21.15.125:0/903481876 --> [v2:172.21.15.125:3300/0,v1:172.21.15.125:6789/0] -- mon_command({"prefix": "get_command_descriptions"} v 0) v1 -- 0x7f597005f270 con 0x7f5970075d10
2023-10-18T14:31:28.527 INFO:teuthology.orchestra.run.smithi125.stdout:/usr/bin/ceph: stderr
2023-10-18T14:31:27.935+0000 7f596d7fa700 4 mgrc handle_mgr_map Got map version 8
2023-10-18T14:31:28.527 INFO:teuthology.orchestra.run.smithi125.stdout:/usr/bin/ceph: stderr
2023-10-18T14:31:27.935+0000 7f596d7fa700 4 mgrc handle_mgr_map Active mgr is now [v2:172.21.15.125:6800/768368425,v1:172.21.15.125:6801/768368425]
2023-10-18T14:31:28.527 INFO:teuthology.orchestra.run.smithi125.stdout:/usr/bin/ceph: stderr
2023-10-18T14:31:27.935+0000 7f596d7fa700 4 mgrc reconnect Starting new session with [v2:172.21.15.125:6800/768368425,v1:172.21.15.125:6801/768368425]
2023-10-18T14:31:28.527 INFO:teuthology.orchestra.run.smithi125.stdout:/usr/bin/ceph: stderr
2023-10-18T14:31:27.935+0000 7f596d7fa700 1 --2- 172.21.15.125:0/903481876 >> [v2:172.21.15.125:6800/768368425,v1:172.21.15.125:6801/768368425] conn(0x7f59600365b0 0x7f5960038a60 unknown :-1 s=NONE pgs=0 cs=0 l=1 rev1=0 crypto rx=0 tx=0 comp rx=0 tx=0).connect
2023-10-18T14:31:28.528 INFO:teuthology.orchestra.run.smithi125.stdout:/usr/bin/ceph: stderr
2023-10-18T14:31:27.935+0000 7f596d7fa700 1 -- 172.21.15.125:0/903481876 <== mon.0 v2:172.21.15.125:3300/0 5 ==== osd_map(2..2 src has 1..2) v4 ==== 936+0+0 (secure 0 0 0) 0x7f596404a720 con 0x7f5970075d10
2023-10-18T14:31:28.528 INFO:teuthology.orchestra.run.smithi125.stdout:/usr/bin/ceph: stderr
2023-10-18T14:31:27.935+0000 7f596ffff700 1 --2- 172.21.15.125:0/903481876 >> [v2:172.21.15.125:6800/768368425,v1:172.21.15.125:6801/768368425] conn(0x7f59600365b0 0x7f5960038a60 unknown :-1 s=BANNER_CONNECTING pgs=0 cs=0 l=1 rev1=0 crypto rx=0 tx=0 comp rx=0 tx=0)._handle_peer_banner_payload supported=3 required=0
2023-10-18T14:31:28.528 INFO:teuthology.orchestra.run.smithi125.stdout:/usr/bin/ceph: stderr
2023-10-18T14:31:27.935+0000 7f596ffff700 1 --2- 172.21.15.125:0/903481876 >> [v2:172.21.15.125:6800/768368425,v1:172.21.15.125:6801/768368425] conn(0x7f59600365b0 0x7f5960038a60 secure :-1 s=READY pgs=13 cs=0 l=1 rev1=1 crypto rx=0x7f595c009990 tx=0x7f595c006e40 comp rx=0 tx=0).ready entity=mgr.14120 client_cookie=0 server_cookie=0 in_seq=0 out_seq=0
2023-10-18T14:31:28.528 INFO:teuthology.orchestra.run.smithi125.stdout:/usr/bin/ceph: stderr
2023-10-18T14:31:27.939+0000 7f596d7fa700 1 -- 172.21.15.125:0/903481876 <== mon.0 v2:172.21.15.125:3300/0 6 ==== mon_command_ack([{"prefix": "get_command_descriptions"}]=0 v0) v1 ==== 72+0+174570 (secure 0 0 0) 0x7f5964018d90 con 0x7f5970075d10
2023-10-18T14:31:28.528 INFO:teuthology.orchestra.run.smithi125.stdout:/usr/bin/ceph: stderr
2023-10-18T14:31:28.074+0000 7f596d7fa700 1 -- 172.21.15.125:0/903481876 <== mon.0 v2:172.21.15.125:3300/0 7 ==== config(24 keys) v1 ==== 1035+0+0 (secure 0 0 0) 0x7f596401ff00 con 0x7f5970075d10
2023-10-18T14:31:28.529 INFO:teuthology.orchestra.run.smithi125.stdout:/usr/bin/ceph: stderr
2023-10-18T14:31:28.145+0000 7f59770a0700 20 mgrc start_command cmd: [{"prefix": "orch apply", "service_type": "mgr", "unmanaged": true, "target": ["mon-mgr", ""]}]
2023-10-18T14:31:28.529 INFO:teuthology.orchestra.run.smithi125.stdout:/usr/bin/ceph: stderr
2023-10-18T14:31:28.145+0000 7f59770a0700 1 -- 172.21.15.125:0/903481876 --> [v2:172.21.15.125:6800/768368425,v1:172.21.15.125:6801/768368425] -- mgr_command(tid 0: {"prefix": "orch apply", "service_type": "mgr", "unmanaged": true, "target": ["mon-mgr", ""]}) v1 -- 0x7f597004bb80 con 0x7f59600365b0
2023-10-18T14:31:28.529 INFO:teuthology.orchestra.run.smithi125.stdout:/usr/bin/ceph: stderr
2023-10-18T14:31:28.152+0000 7f596d7fa700 1 -- 172.21.15.125:0/903481876 <== mgr.14120 v2:172.21.15.125:6800/768368425 1 ==== mgr_command_reply(tid 0: 0 ) v1 ==== 8+0+24 (secure 0 0 0) 0x7f597004bb80 con 0x7f59600365b0
2023-10-18T14:31:28.529 INFO:teuthology.orchestra.run.smithi125.stdout:/usr/bin/ceph: stderr
2023-10-18T14:31:28.152+0000 7f596d7fa700 20 mgrc handle_command_reply tid 0 r 0
2023-10-18T14:31:28.529 INFO:teuthology.orchestra.run.smithi125.stdout:/usr/bin/ceph: stderr
2023-10-18T14:31:28.154+0000 7f59770a0700 10 mgrc shutdown
2023-10-18T14:31:28.530 INFO:teuthology.orchestra.run.smithi125.stdout:/usr/bin/ceph: stderr
2023-10-18T14:31:28.154+0000 7f59770a0700 1 -- 172.21.15.125:0/903481876 >> [v2:172.21.15.125:6800/768368425,v1:172.21.15.125:6801/768368425] conn(0x7f59600365b0 msgr2=0x7f5960038a60 secure :-1 s=STATE_CONNECTION_ESTABLISHED l=1).mark_down
2023-10-18T14:31:28.530 INFO:teuthology.orchestra.run.smithi125.stdout:/usr/bin/ceph: stderr
2023-10-18T14:31:28.154+0000 7f59770a0700 1 --2- 172.21.15.125:0/903481876 >> [v2:172.21.15.125:6800/768368425,v1:172.21.15.125:6801/768368425] conn(0x7f59600365b0 0x7f5960038a60 secure :-1 s=READY pgs=13 cs=0 l=1 rev1=1 crypto rx=0x7f595c009990 tx=0x7f595c006e40 comp rx=0 tx=0).stop
2023-10-18T14:31:28.530 INFO:teuthology.orchestra.run.smithi125.stdout:/usr/bin/ceph: stderr
2023-10-18T14:31:28.154+0000 7f59770a0700 1 -- 172.21.15.125:0/903481876 >> [v2:172.21.15.125:3300/0,v1:172.21.15.125:6789/0] conn(0x7f5970075d10 msgr2=0x7f5970101850 secure :-1 s=STATE_CONNECTION_ESTABLISHED l=1).mark_down
2023-10-18T14:31:28.530 INFO:teuthology.orchestra.run.smithi125.stdout:/usr/bin/ceph: stderr
2023-10-18T14:31:28.154+0000 7f59770a0700 1 --2- 172.21.15.125:0/903481876 >> [v2:172.21.15.125:3300/0,v1:172.21.15.125:6789/0] conn(0x7f5970075d10 0x7f5970101850 secure :-1 s=READY pgs=50 cs=0 l=1 rev1=1 crypto rx=0x7f596400b440 tx=0x7f5964009250 comp rx=0 tx=0).stop
2023-10-18T14:31:28.531 INFO:teuthology.orchestra.run.smithi125.stdout:/usr/bin/ceph: stderr
2023-10-18T14:31:28.154+0000 7f59770a0700 1 -- 172.21.15.125:0/903481876 shutdown_connections
2023-10-18T14:31:28.531 INFO:teuthology.orchestra.run.smithi125.stdout:/usr/bin/ceph: stderr
2023-10-18T14:31:28.154+0000 7f59770a0700 1 --2- 172.21.15.125:0/903481876 >> [v2:172.21.15.125:6800/768368425,v1:172.21.15.125:6801/768368425] conn(0x7f59600365b0 0x7f5960038a60 unknown :-1 s=CLOSED pgs=13 cs=0 l=1 rev1=1 crypto rx=0 tx=0 comp rx=0 tx=0).stop
2023-10-18T14:31:28.531 INFO:teuthology.orchestra.run.smithi125.stdout:/usr/bin/ceph: stderr
2023-10-18T14:31:28.154+0000 7f59770a0700 1 --2- 172.21.15.125:0/903481876 >> [v2:172.21.15.125:3300/0,v1:172.21.15.125:6789/0] conn(0x7f5970075d10 0x7f5970101850 unknown :-1 s=CLOSED pgs=50 cs=0 l=1 rev1=1 crypto rx=0 tx=0 comp rx=0 tx=0).stop
2023-10-18T14:31:28.531 INFO:teuthology.orchestra.run.smithi125.stdout:/usr/bin/ceph: stderr
2023-10-18T14:31:28.154+0000 7f59770a0700 1 -- 172.21.15.125:0/903481876 >> 172.21.15.125:0/903481876 conn(0x7f59700fb7c0 msgr2=0x7f59700fc520 unknown :-1 s=STATE_NONE l=0).mark_down
2023-10-18T14:31:28.531 INFO:teuthology.orchestra.run.smithi125.stdout:/usr/bin/ceph: stderr
2023-10-18T14:31:28.155+0000 7f59770a0700 1 -- 172.21.15.125:0/903481876 shutdown_connections
2023-10-18T14:31:28.531 INFO:teuthology.orchestra.run.smithi125.stdout:/usr/bin/ceph: stderr
2023-10-18T14:31:28.155+0000 7f59770a0700 1 -- 172.21.15.125:0/903481876 wait complete.
2023-10-18T14:31:28.643 INFO:journalctl@ceph.mon.a.smithi125.stdout:Oct 18 14:31:28 smithi125 ceph-mon[112517]: from='client.14142 -' entity='client.admin' cmd=[{"prefix": "orch apply", "service_type": "mon", "unmanaged": true, "target": ["mon-mgr", ""]}]: dispatch
2023-10-18T14:31:28.643 INFO:journalctl@ceph.mon.a.smithi125.stdout:Oct 18 14:31:28 smithi125 ceph-mon[112517]: Saving service mon spec with placement count:5
2023-10-18T14:31:28.643 INFO:journalctl@ceph.mon.a.smithi125.stdout:Oct 18 14:31:28 smithi125 ceph-mon[112517]: from='mgr.14120 172.21.15.125:0/2159015951' entity='mgr.a'
2023-10-18T14:31:28.644 INFO:journalctl@ceph.mon.a.smithi125.stdout:Oct 18 14:31:28 smithi125 ceph-mon[112517]: from='mgr.14120 172.21.15.125:0/2159015951' entity='mgr.a'
2023-10-18T14:31:29.464 INFO:teuthology.orchestra.run.smithi125.stdout:/usr/bin/ceph: stderr
2023-10-18T14:31:28.818+0000 7f3756bb2700 1 Processor -- start
2023-10-18T14:31:29.464 INFO:teuthology.orchestra.run.smithi125.stdout:/usr/bin/ceph: stderr
2023-10-18T14:31:28.818+0000 7f3756bb2700 1 -- start start
2023-10-18T14:31:29.465 INFO:teuthology.orchestra.run.smithi125.stdout:/usr/bin/ceph: stderr
2023-10-18T14:31:28.818+0000 7f3756bb2700 1 --2- >> [v2:172.21.15.125:3300/0,v1:172.21.15.125:6789/0] conn(0x7f3750101210 0x7f3750101620 unknown :-1 s=NONE pgs=0 cs=0 l=0 rev1=0 crypto rx=0 tx=0 comp rx=0 tx=0).connect
2023-10-18T14:31:29.465 INFO:teuthology.orchestra.run.smithi125.stdout:/usr/bin/ceph: stderr
2023-10-18T14:31:28.818+0000 7f3756bb2700 1 -- --> [v2:172.21.15.125:3300/0,v1:172.21.15.125:6789/0] -- mon_getmap magic: 0 v1 -- 0x7f3750101b60 con 0x7f3750101210
2023-10-18T14:31:29.465 INFO:teuthology.orchestra.run.smithi125.stdout:/usr/bin/ceph: stderr
2023-10-18T14:31:28.819+0000 7f375494e700 1 --2- >> [v2:172.21.15.125:3300/0,v1:172.21.15.125:6789/0] conn(0x7f3750101210 0x7f3750101620 unknown :-1 s=BANNER_CONNECTING pgs=0 cs=0 l=0 rev1=0 crypto rx=0 tx=0 comp rx=0 tx=0)._handle_peer_banner_payload supported=3 required=0
2023-10-18T14:31:29.466 INFO:teuthology.orchestra.run.smithi125.stdout:/usr/bin/ceph: stderr
2023-10-18T14:31:28.819+0000 7f375494e700 1 --2- >> [v2:172.21.15.125:3300/0,v1:172.21.15.125:6789/0] conn(0x7f3750101210 0x7f3750101620 unknown :-1 s=HELLO_CONNECTING pgs=0 cs=0 l=0 rev1=1 crypto rx=0 tx=0 comp rx=0 tx=0).handle_hello peer v2:172.21.15.125:3300/0 says I am v2:172.21.15.125:48740/0 (socket says 172.21.15.125:48740)
2023-10-18T14:31:29.466 INFO:teuthology.orchestra.run.smithi125.stdout:/usr/bin/ceph: stderr
2023-10-18T14:31:28.819+0000 7f375494e700 1 -- 172.21.15.125:0/3289707677 learned_addr learned my addr 172.21.15.125:0/3289707677 (peer_addr_for_me v2:172.21.15.125:0/0)
2023-10-18T14:31:29.467 INFO:teuthology.orchestra.run.smithi125.stdout:/usr/bin/ceph: stderr
2023-10-18T14:31:28.819+0000 7f375494e700 1 -- 172.21.15.125:0/3289707677 --> [v2:172.21.15.125:3300/0,v1:172.21.15.125:6789/0] -- mon_subscribe({config=0+,monmap=0+}) v3 -- 0x7f3750101ca0 con 0x7f3750101210
2023-10-18T14:31:29.467 INFO:teuthology.orchestra.run.smithi125.stdout:/usr/bin/ceph: stderr
2023-10-18T14:31:28.819+0000 7f375494e700 1 --2- 172.21.15.125:0/3289707677 >> [v2:172.21.15.125:3300/0,v1:172.21.15.125:6789/0] conn(0x7f3750101210 0x7f3750101620 secure :-1 s=READY pgs=51 cs=0 l=1 rev1=1 crypto rx=0x7f37440098e0 tx=0x7f3744009250 comp rx=0 tx=0).ready entity=mon.0 client_cookie=33016650f5c3be08 server_cookie=0 in_seq=0 out_seq=0
2023-10-18T14:31:29.467 INFO:teuthology.orchestra.run.smithi125.stdout:/usr/bin/ceph: stderr
2023-10-18T14:31:28.819+0000 7f374f7fe700 1 -- 172.21.15.125:0/3289707677 <== mon.0 v2:172.21.15.125:3300/0 1 ==== mon_map magic: 0 v1 ==== 205+0+0 (secure 0 0 0) 0x7f3744009e80 con 0x7f3750101210
2023-10-18T14:31:29.468 INFO:teuthology.orchestra.run.smithi125.stdout:/usr/bin/ceph: stderr
2023-10-18T14:31:28.819+0000 7f374f7fe700 1 -- 172.21.15.125:0/3289707677 <== mon.0 v2:172.21.15.125:3300/0 2 ==== config(24 keys) v1 ==== 1035+0+0 (secure 0 0 0) 0x7f374400bce0 con 0x7f3750101210
2023-10-18T14:31:29.468 INFO:teuthology.orchestra.run.smithi125.stdout:/usr/bin/ceph: stderr
2023-10-18T14:31:28.819+0000 7f374f7fe700 1 -- 172.21.15.125:0/3289707677 <== mon.0 v2:172.21.15.125:3300/0 3 ==== mon_map magic: 0 v1 ==== 205+0+0 (secure 0 0 0) 0x7f3744011b60 con 0x7f3750101210
2023-10-18T14:31:29.468 INFO:teuthology.orchestra.run.smithi125.stdout:/usr/bin/ceph: stderr
2023-10-18T14:31:28.820+0000 7f3756bb2700 1 -- 172.21.15.125:0/3289707677 >> [v2:172.21.15.125:3300/0,v1:172.21.15.125:6789/0] conn(0x7f3750101210 msgr2=0x7f3750101620 secure :-1 s=STATE_CONNECTION_ESTABLISHED l=1).mark_down
2023-10-18T14:31:29.469 INFO:teuthology.orchestra.run.smithi125.stdout:/usr/bin/ceph: stderr
2023-10-18T14:31:28.820+0000 7f3756bb2700 1 --2- 172.21.15.125:0/3289707677 >> [v2:172.21.15.125:3300/0,v1:172.21.15.125:6789/0] conn(0x7f3750101210 0x7f3750101620 secure :-1 s=READY pgs=51 cs=0 l=1 rev1=1 crypto rx=0x7f37440098e0 tx=0x7f3744009250 comp rx=0 tx=0).stop
2023-10-18T14:31:29.469 INFO:teuthology.orchestra.run.smithi125.stdout:/usr/bin/ceph: stderr
2023-10-18T14:31:28.820+0000 7f3756bb2700 1 -- 172.21.15.125:0/3289707677 shutdown_connections
2023-10-18T14:31:29.470 INFO:teuthology.orchestra.run.smithi125.stdout:/usr/bin/ceph: stderr
2023-10-18T14:31:28.820+0000 7f3756bb2700 1 --2- 172.21.15.125:0/3289707677 >> [v2:172.21.15.125:3300/0,v1:172.21.15.125:6789/0] conn(0x7f3750101210 0x7f3750101620 unknown :-1 s=CLOSED pgs=51 cs=0 l=1 rev1=1 crypto rx=0 tx=0 comp rx=0 tx=0).stop
2023-10-18T14:31:29.470 INFO:teuthology.orchestra.run.smithi125.stdout:/usr/bin/ceph: stderr
2023-10-18T14:31:28.820+0000 7f3756bb2700 1 -- 172.21.15.125:0/3289707677 >> 172.21.15.125:0/3289707677 conn(0x7f37500fc970 msgr2=0x7f37500feda0 unknown :-1 s=STATE_NONE l=0).mark_down
2023-10-18T14:31:29.470 INFO:teuthology.orchestra.run.smithi125.stdout:/usr/bin/ceph: stderr
2023-10-18T14:31:28.820+0000 7f3756bb2700 1 -- 172.21.15.125:0/3289707677 shutdown_connections
2023-10-18T14:31:29.471 INFO:teuthology.orchestra.run.smithi125.stdout:/usr/bin/ceph: stderr
2023-10-18T14:31:28.820+0000 7f3756bb2700 1 -- 172.21.15.125:0/3289707677 wait complete.
2023-10-18T14:31:29.471 INFO:teuthology.orchestra.run.smithi125.stdout:/usr/bin/ceph: stderr
2023-10-18T14:31:28.821+0000 7f3756bb2700 1 Processor -- start
2023-10-18T14:31:29.471 INFO:teuthology.orchestra.run.smithi125.stdout:/usr/bin/ceph: stderr
2023-10-18T14:31:28.821+0000 7f3756bb2700 1 -- start start
2023-10-18T14:31:29.472 INFO:teuthology.orchestra.run.smithi125.stdout:/usr/bin/ceph: stderr
2023-10-18T14:31:28.821+0000 7f3756bb2700 1 --2- >> [v2:172.21.15.125:3300/0,v1:172.21.15.125:6789/0] conn(0x7f3750101210 0x7f375010dbb0 unknown :-1 s=NONE pgs=0 cs=0 l=1 rev1=0 crypto rx=0 tx=0 comp rx=0 tx=0).connect
2023-10-18T14:31:29.472 INFO:teuthology.orchestra.run.smithi125.stdout:/usr/bin/ceph: stderr
2023-10-18T14:31:28.821+0000 7f3756bb2700 1 -- --> [v2:172.21.15.125:3300/0,v1:172.21.15.125:6789/0] -- mon_getmap magic: 0 v1 -- 0x7f375010e0f0 con 0x7f3750101210
2023-10-18T14:31:29.472 INFO:teuthology.orchestra.run.smithi125.stdout:/usr/bin/ceph: stderr
2023-10-18T14:31:28.821+0000 7f375494e700 1 --2- >> [v2:172.21.15.125:3300/0,v1:172.21.15.125:6789/0] conn(0x7f3750101210 0x7f375010dbb0 unknown :-1 s=BANNER_CONNECTING pgs=0 cs=0 l=1 rev1=0 crypto rx=0 tx=0 comp rx=0 tx=0)._handle_peer_banner_payload supported=3 required=0
2023-10-18T14:31:29.473 INFO:teuthology.orchestra.run.smithi125.stdout:/usr/bin/ceph: stderr
2023-10-18T14:31:28.821+0000 7f375494e700 1 --2- >> [v2:172.21.15.125:3300/0,v1:172.21.15.125:6789/0] conn(0x7f3750101210 0x7f375010dbb0 unknown :-1 s=HELLO_CONNECTING pgs=0 cs=0 l=1 rev1=1 crypto rx=0 tx=0 comp rx=0 tx=0).handle_hello peer v2:172.21.15.125:3300/0 says I am v2:172.21.15.125:48742/0 (socket says 172.21.15.125:48742)
2023-10-18T14:31:29.473 INFO:teuthology.orchestra.run.smithi125.stdout:/usr/bin/ceph: stderr
2023-10-18T14:31:28.821+0000 7f375494e700 1 -- 172.21.15.125:0/1446174268 learned_addr learned my addr 172.21.15.125:0/1446174268 (peer_addr_for_me v2:172.21.15.125:0/0)
2023-10-18T14:31:29.474 INFO:teuthology.orchestra.run.smithi125.stdout:/usr/bin/ceph: stderr
2023-10-18T14:31:28.822+0000 7f375494e700 1 -- 172.21.15.125:0/1446174268 --> [v2:172.21.15.125:3300/0,v1:172.21.15.125:6789/0] -- mon_subscribe({config=0+,monmap=0+}) v3 -- 0x7f37440094f0 con 0x7f3750101210
2023-10-18T14:31:29.474 INFO:teuthology.orchestra.run.smithi125.stdout:/usr/bin/ceph: stderr
2023-10-18T14:31:28.822+0000 7f375494e700 1 --2- 172.21.15.125:0/1446174268 >> [v2:172.21.15.125:3300/0,v1:172.21.15.125:6789/0] conn(0x7f3750101210 0x7f375010dbb0 secure :-1 s=READY pgs=52 cs=0 l=1 rev1=1 crypto rx=0x7f3744000c00 tx=0x7f3744009250 comp rx=0 tx=0).ready entity=mon.0 client_cookie=0 server_cookie=0 in_seq=0 out_seq=0
2023-10-18T14:31:29.474 INFO:teuthology.orchestra.run.smithi125.stdout:/usr/bin/ceph: stderr
2023-10-18T14:31:28.822+0000 7f374d7fa700 1 -- 172.21.15.125:0/1446174268 <== mon.0 v2:172.21.15.125:3300/0 1 ==== mon_map magic: 0 v1 ==== 205+0+0 (secure 0 0 0) 0x7f37440188f0 con 0x7f3750101210
2023-10-18T14:31:29.475 INFO:teuthology.orchestra.run.smithi125.stdout:/usr/bin/ceph: stderr
2023-10-18T14:31:28.822+0000 7f374d7fa700 1 -- 172.21.15.125:0/1446174268 <== mon.0 v2:172.21.15.125:3300/0 2 ==== config(24 keys) v1 ==== 1035+0+0 (secure 0 0 0) 0x7f374401a430 con 0x7f3750101210
2023-10-18T14:31:29.475 INFO:teuthology.orchestra.run.smithi125.stdout:/usr/bin/ceph: stderr
2023-10-18T14:31:28.822+0000 7f3756bb2700 1 -- 172.21.15.125:0/1446174268 --> [v2:172.21.15.125:3300/0,v1:172.21.15.125:6789/0] -- mon_subscribe({mgrmap=0+}) v3 -- 0x7f375010e2f0 con 0x7f3750101210
2023-10-18T14:31:29.476 INFO:teuthology.orchestra.run.smithi125.stdout:/usr/bin/ceph: stderr
2023-10-18T14:31:28.822+0000 7f374d7fa700 1 -- 172.21.15.125:0/1446174268 <== mon.0 v2:172.21.15.125:3300/0 3 ==== mon_map magic: 0 v1 ==== 205+0+0 (secure 0 0 0) 0x7f374401aea0 con 0x7f3750101210
2023-10-18T14:31:29.476 INFO:teuthology.orchestra.run.smithi125.stdout:/usr/bin/ceph: stderr
2023-10-18T14:31:28.822+0000 7f3756bb2700 1 -- 172.21.15.125:0/1446174268 --> [v2:172.21.15.125:3300/0,v1:172.21.15.125:6789/0] -- mon_subscribe({osdmap=0}) v3 -- 0x7f375010ef90 con 0x7f3750101210
2023-10-18T14:31:29.476 INFO:teuthology.orchestra.run.smithi125.stdout:/usr/bin/ceph: stderr
2023-10-18T14:31:28.823+0000 7f374d7fa700 1 -- 172.21.15.125:0/1446174268 <== mon.0 v2:172.21.15.125:3300/0 4 ==== mgrmap(e 8) v1 ==== 43265+0+0 (secure 0 0 0) 0x7f374402c440 con 0x7f3750101210
2023-10-18T14:31:29.477 INFO:teuthology.orchestra.run.smithi125.stdout:/usr/bin/ceph: stderr
2023-10-18T14:31:28.823+0000 7f374d7fa700 20 mgrc handle_mgr_map mgrmap(e 8) v1
2023-10-18T14:31:29.477 INFO:teuthology.orchestra.run.smithi125.stdout:/usr/bin/ceph: stderr
2023-10-18T14:31:28.823+0000 7f374d7fa700 4 mgrc handle_mgr_map Got map version 8
2023-10-18T14:31:29.477 INFO:teuthology.orchestra.run.smithi125.stdout:/usr/bin/ceph: stderr
2023-10-18T14:31:28.823+0000 7f374d7fa700 4 mgrc handle_mgr_map Active mgr is now [v2:172.21.15.125:6800/768368425,v1:172.21.15.125:6801/768368425]
2023-10-18T14:31:29.478 INFO:teuthology.orchestra.run.smithi125.stdout:/usr/bin/ceph: stderr
2023-10-18T14:31:28.823+0000 7f374d7fa700 4 mgrc reconnect Starting new session with [v2:172.21.15.125:6800/768368425,v1:172.21.15.125:6801/768368425]
2023-10-18T14:31:29.478 INFO:teuthology.orchestra.run.smithi125.stdout:/usr/bin/ceph: stderr
2023-10-18T14:31:28.823+0000 7f374d7fa700 1 --2- 172.21.15.125:0/1446174268 >> [v2:172.21.15.125:6800/768368425,v1:172.21.15.125:6801/768368425] conn(0x7f374003a9b0 0x7f374003ce60 unknown :-1 s=NONE pgs=0 cs=0 l=1 rev1=0 crypto rx=0 tx=0 comp rx=0 tx=0).connect
2023-10-18T14:31:29.478 INFO:teuthology.orchestra.run.smithi125.stdout:/usr/bin/ceph: stderr
2023-10-18T14:31:28.823+0000 7f374d7fa700 1 -- 172.21.15.125:0/1446174268 <== mon.0 v2:172.21.15.125:3300/0 5 ==== osd_map(2..2 src has 1..2) v4 ==== 936+0+0 (secure 0 0 0) 0x7f374404b4e0 con 0x7f3750101210
2023-10-18T14:31:29.479 INFO:teuthology.orchestra.run.smithi125.stdout:/usr/bin/ceph: stderr
2023-10-18T14:31:28.823+0000 7f374ffff700 1 --2- 172.21.15.125:0/1446174268 >> [v2:172.21.15.125:6800/768368425,v1:172.21.15.125:6801/768368425] conn(0x7f374003a9b0 0x7f374003ce60 unknown :-1 s=BANNER_CONNECTING pgs=0 cs=0 l=1 rev1=0 crypto rx=0 tx=0 comp rx=0 tx=0)._handle_peer_banner_payload supported=3 required=0
2023-10-18T14:31:29.479 INFO:teuthology.orchestra.run.smithi125.stdout:/usr/bin/ceph: stderr
2023-10-18T14:31:28.823+0000 7f3756bb2700 1 -- 172.21.15.125:0/1446174268 --> [v2:172.21.15.125:3300/0,v1:172.21.15.125:6789/0] -- mon_command({"prefix": "get_command_descriptions"} v 0) v1 -- 0x7f375010e780 con 0x7f3750101210
2023-10-18T14:31:29.480 INFO:teuthology.orchestra.run.smithi125.stdout:/usr/bin/ceph: stderr
2023-10-18T14:31:28.823+0000 7f374ffff700 1 --2- 172.21.15.125:0/1446174268 >> [v2:172.21.15.125:6800/768368425,v1:172.21.15.125:6801/768368425] conn(0x7f374003a9b0 0x7f374003ce60 secure :-1 s=READY pgs=14 cs=0 l=1 rev1=1 crypto rx=0x7f373c009990 tx=0x7f373c006e40 comp rx=0 tx=0).ready entity=mgr.14120 client_cookie=0 server_cookie=0 in_seq=0 out_seq=0
2023-10-18T14:31:29.480 INFO:teuthology.orchestra.run.smithi125.stdout:/usr/bin/ceph: stderr
2023-10-18T14:31:28.829+0000 7f374d7fa700 1 -- 172.21.15.125:0/1446174268 <== mon.0 v2:172.21.15.125:3300/0 6 ==== mon_command_ack([{"prefix": "get_command_descriptions"}]=0 v0) v1 ==== 72+0+174570 (secure 0 0 0) 0x7f374402c740 con 0x7f3750101210
2023-10-18T14:31:29.480 INFO:teuthology.orchestra.run.smithi125.stdout:/usr/bin/ceph: stderr
2023-10-18T14:31:29.054+0000 7f3756bb2700 1 -- 172.21.15.125:0/1446174268 --> [v2:172.21.15.125:3300/0,v1:172.21.15.125:6789/0] -- mon_command([{prefix=config set, name=mgr/cephadm/container_init}] v 0) v1 -- 0x7f3750103080 con 0x7f3750101210
2023-10-18T14:31:29.481 INFO:teuthology.orchestra.run.smithi125.stdout:/usr/bin/ceph: stderr
2023-10-18T14:31:29.059+0000 7f374d7fa700 1 -- 172.21.15.125:0/1446174268 <== mon.0 v2:172.21.15.125:3300/0 7 ==== mon_command_ack([{prefix=config set, name=mgr/cephadm/container_init}]=0 v7)=0 v7) v1 ==== 142+0+0 (secure 0 0 0) 0x7f374402a390 con 0x7f3750101210
2023-10-18T14:31:29.481 INFO:teuthology.orchestra.run.smithi125.stdout:/usr/bin/ceph: stderr
2023-10-18T14:31:29.062+0000 7f3756bb2700 10 mgrc shutdown
2023-10-18T14:31:29.481 INFO:teuthology.orchestra.run.smithi125.stdout:/usr/bin/ceph: stderr
2023-10-18T14:31:29.062+0000 7f3756bb2700 1 -- 172.21.15.125:0/1446174268 >> [v2:172.21.15.125:6800/768368425,v1:172.21.15.125:6801/768368425] conn(0x7f374003a9b0 msgr2=0x7f374003ce60 secure :-1 s=STATE_CONNECTION_ESTABLISHED l=1).mark_down
2023-10-18T14:31:29.482 INFO:teuthology.orchestra.run.smithi125.stdout:/usr/bin/ceph: stderr
2023-10-18T14:31:29.062+0000 7f3756bb2700 1 --2- 172.21.15.125:0/1446174268 >> [v2:172.21.15.125:6800/768368425,v1:172.21.15.125:6801/768368425] conn(0x7f374003a9b0 0x7f374003ce60 secure :-1 s=READY pgs=14 cs=0 l=1 rev1=1 crypto rx=0x7f373c009990 tx=0x7f373c006e40 comp rx=0 tx=0).stop
2023-10-18T14:31:29.482 INFO:teuthology.orchestra.run.smithi125.stdout:/usr/bin/ceph: stderr
2023-10-18T14:31:29.062+0000 7f3756bb2700 1 -- 172.21.15.125:0/1446174268 >> [v2:172.21.15.125:3300/0,v1:172.21.15.125:6789/0] conn(0x7f3750101210 msgr2=0x7f375010dbb0 secure :-1 s=STATE_CONNECTION_ESTABLISHED l=1).mark_down
2023-10-18T14:31:29.483 INFO:teuthology.orchestra.run.smithi125.stdout:/usr/bin/ceph: stderr
2023-10-18T14:31:29.062+0000 7f3756bb2700 1 --2- 172.21.15.125:0/1446174268 >> [v2:172.21.15.125:3300/0,v1:172.21.15.125:6789/0] conn(0x7f3750101210 0x7f375010dbb0 secure :-1 s=READY pgs=52 cs=0 l=1 rev1=1 crypto rx=0x7f3744000c00 tx=0x7f3744009250 comp rx=0 tx=0).stop
2023-10-18T14:31:29.483 INFO:teuthology.orchestra.run.smithi125.stdout:/usr/bin/ceph: stderr
2023-10-18T14:31:29.062+0000 7f3756bb2700 1 -- 172.21.15.125:0/1446174268 shutdown_connections
2023-10-18T14:31:29.483 INFO:teuthology.orchestra.run.smithi125.stdout:/usr/bin/ceph: stderr
2023-10-18T14:31:29.062+0000 7f3756bb2700 1 --2- 172.21.15.125:0/1446174268 >> [v2:172.21.15.125:6800/768368425,v1:172.21.15.125:6801/768368425] conn(0x7f374003a9b0 0x7f374003ce60 unknown :-1 s=CLOSED pgs=14 cs=0 l=1 rev1=1 crypto rx=0 tx=0 comp rx=0 tx=0).stop
2023-10-18T14:31:29.484 INFO:teuthology.orchestra.run.smithi125.stdout:/usr/bin/ceph: stderr
2023-10-18T14:31:29.062+0000 7f3756bb2700 1 --2- 172.21.15.125:0/1446174268 >> [v2:172.21.15.125:3300/0,v1:172.21.15.125:6789/0] conn(0x7f3750101210 0x7f375010dbb0 secure :-1 s=CLOSED pgs=52 cs=0 l=1 rev1=1 crypto rx=0x7f3744000c00 tx=0x7f3744009250 comp rx=0 tx=0).stop
2023-10-18T14:31:29.484 INFO:teuthology.orchestra.run.smithi125.stdout:/usr/bin/ceph: stderr
2023-10-18T14:31:29.062+0000 7f3756bb2700 1 -- 172.21.15.125:0/1446174268 >> 172.21.15.125:0/1446174268 conn(0x7f37500fc970 msgr2=0x7f37500fd5d0 unknown :-1 s=STATE_NONE l=0).mark_down
2023-10-18T14:31:29.484 INFO:teuthology.orchestra.run.smithi125.stdout:/usr/bin/ceph: stderr
2023-10-18T14:31:29.062+0000 7f3756bb2700 1 -- 172.21.15.125:0/1446174268 shutdown_connections
2023-10-18T14:31:29.485 INFO:teuthology.orchestra.run.smithi125.stdout:/usr/bin/ceph: stderr
2023-10-18T14:31:29.062+0000 7f3756bb2700 1 -- 172.21.15.125:0/1446174268 wait complete.
2023-10-18T14:31:29.781 INFO:journalctl@ceph.mon.a.smithi125.stdout:Oct 18 14:31:29 smithi125 ceph-mon[112517]: from='client.14144 -' entity='client.admin' cmd=[{"prefix": "orch apply", "service_type": "mgr", "unmanaged": true, "target": ["mon-mgr", ""]}]: dispatch
2023-10-18T14:31:29.781 INFO:journalctl@ceph.mon.a.smithi125.stdout:Oct 18 14:31:29 smithi125 ceph-mon[112517]: Saving service mgr spec with placement count:2
2023-10-18T14:31:29.781 INFO:journalctl@ceph.mon.a.smithi125.stdout:Oct 18 14:31:29 smithi125 ceph-mon[112517]: from='mgr.14120 172.21.15.125:0/2159015951' entity='mgr.a'
2023-10-18T14:31:29.782 INFO:journalctl@ceph.mon.a.smithi125.stdout:Oct 18 14:31:29 smithi125 ceph-mon[112517]: from='client.? 172.21.15.125:0/1446174268' entity='client.admin'
2023-10-18T14:31:29.782 INFO:journalctl@ceph.mon.a.smithi125.stdout:Oct 18 14:31:29 smithi125 ceph-mon[112517]: from='mgr.14120 172.21.15.125:0/2159015951' entity='mgr.a'
2023-10-18T14:31:30.317 INFO:teuthology.orchestra.run.smithi125.stdout:/usr/bin/ceph: stderr
2023-10-18T14:31:29.708+0000 7fa526816700 1 Processor -- start
2023-10-18T14:31:30.317 INFO:teuthology.orchestra.run.smithi125.stdout:/usr/bin/ceph: stderr
2023-10-18T14:31:29.708+0000 7fa526816700 1 -- start start
2023-10-18T14:31:30.317 INFO:teuthology.orchestra.run.smithi125.stdout:/usr/bin/ceph: stderr
2023-10-18T14:31:29.708+0000 7fa526816700 1 --2- >> [v2:172.21.15.125:3300/0,v1:172.21.15.125:6789/0] conn(0x7fa520100100 0x7fa520100510 unknown :-1 s=NONE pgs=0 cs=0 l=0 rev1=0 crypto rx=0 tx=0 comp rx=0 tx=0).connect
2023-10-18T14:31:30.318 INFO:teuthology.orchestra.run.smithi125.stdout:/usr/bin/ceph: stderr
2023-10-18T14:31:29.708+0000 7fa526816700 1 -- --> [v2:172.21.15.125:3300/0,v1:172.21.15.125:6789/0] -- mon_getmap magic: 0 v1 -- 0x7fa520100a50 con 0x7fa520100100
2023-10-18T14:31:30.318 INFO:teuthology.orchestra.run.smithi125.stdout:/usr/bin/ceph: stderr
2023-10-18T14:31:29.708+0000 7fa51ffff700 1 --2- >> [v2:172.21.15.125:3300/0,v1:172.21.15.125:6789/0] conn(0x7fa520100100 0x7fa520100510 unknown :-1 s=BANNER_CONNECTING pgs=0 cs=0 l=0 rev1=0 crypto rx=0 tx=0 comp rx=0 tx=0)._handle_peer_banner_payload supported=3 required=0
2023-10-18T14:31:30.318 INFO:teuthology.orchestra.run.smithi125.stdout:/usr/bin/ceph: stderr
2023-10-18T14:31:29.708+0000 7fa51ffff700 1 --2- >> [v2:172.21.15.125:3300/0,v1:172.21.15.125:6789/0] conn(0x7fa520100100 0x7fa520100510 unknown :-1 s=HELLO_CONNECTING pgs=0 cs=0 l=0 rev1=1 crypto rx=0 tx=0 comp rx=0 tx=0).handle_hello peer v2:172.21.15.125:3300/0 says I am v2:172.21.15.125:48754/0 (socket says 172.21.15.125:48754)
2023-10-18T14:31:30.318 INFO:teuthology.orchestra.run.smithi125.stdout:/usr/bin/ceph: stderr
2023-10-18T14:31:29.708+0000 7fa51ffff700 1 -- 172.21.15.125:0/1651557882 learned_addr learned my addr 172.21.15.125:0/1651557882 (peer_addr_for_me v2:172.21.15.125:0/0)
2023-10-18T14:31:30.318 INFO:teuthology.orchestra.run.smithi125.stdout:/usr/bin/ceph: stderr
2023-10-18T14:31:29.708+0000 7fa51ffff700 1 -- 172.21.15.125:0/1651557882 --> [v2:172.21.15.125:3300/0,v1:172.21.15.125:6789/0] -- mon_subscribe({config=0+,monmap=0+}) v3 -- 0x7fa520100b90 con 0x7fa520100100
2023-10-18T14:31:30.319 INFO:teuthology.orchestra.run.smithi125.stdout:/usr/bin/ceph: stderr
2023-10-18T14:31:29.709+0000 7fa51ffff700 1 --2- 172.21.15.125:0/1651557882 >> [v2:172.21.15.125:3300/0,v1:172.21.15.125:6789/0] conn(0x7fa520100100 0x7fa520100510 secure :-1 s=READY pgs=53 cs=0 l=1 rev1=1 crypto rx=0x7fa5100098e0 tx=0x7fa510009250 comp rx=0 tx=0).ready entity=mon.0 client_cookie=d0812491db0eae91 server_cookie=0 in_seq=0 out_seq=0
2023-10-18T14:31:30.319 INFO:teuthology.orchestra.run.smithi125.stdout:/usr/bin/ceph: stderr
2023-10-18T14:31:29.709+0000 7fa51effd700 1 -- 172.21.15.125:0/1651557882 <== mon.0 v2:172.21.15.125:3300/0 1 ==== mon_map magic: 0 v1 ==== 205+0+0 (secure 0 0 0) 0x7fa510009e80 con 0x7fa520100100
2023-10-18T14:31:30.319 INFO:teuthology.orchestra.run.smithi125.stdout:/usr/bin/ceph: stderr
2023-10-18T14:31:29.709+0000 7fa51effd700 1 -- 172.21.15.125:0/1651557882 <== mon.0 v2:172.21.15.125:3300/0 2 ==== config(24 keys) v1 ==== 1035+0+0 (secure 0 0 0) 0x7fa51000bce0 con 0x7fa520100100
2023-10-18T14:31:30.319 INFO:teuthology.orchestra.run.smithi125.stdout:/usr/bin/ceph: stderr
2023-10-18T14:31:29.709+0000 7fa51effd700 1 -- 172.21.15.125:0/1651557882 <== mon.0 v2:172.21.15.125:3300/0 3 ==== mon_map magic: 0 v1 ==== 205+0+0 (secure 0 0 0) 0x7fa510011b60 con 0x7fa520100100
2023-10-18T14:31:30.320 INFO:teuthology.orchestra.run.smithi125.stdout:/usr/bin/ceph: stderr
2023-10-18T14:31:29.709+0000 7fa526816700 1 -- 172.21.15.125:0/1651557882 >> [v2:172.21.15.125:3300/0,v1:172.21.15.125:6789/0] conn(0x7fa520100100 msgr2=0x7fa520100510 secure :-1 s=STATE_CONNECTION_ESTABLISHED l=1).mark_down
2023-10-18T14:31:30.320 INFO:teuthology.orchestra.run.smithi125.stdout:/usr/bin/ceph: stderr
2023-10-18T14:31:29.709+0000 7fa526816700 1 --2- 172.21.15.125:0/1651557882 >> [v2:172.21.15.125:3300/0,v1:172.21.15.125:6789/0] conn(0x7fa520100100 0x7fa520100510 secure :-1 s=READY pgs=53 cs=0 l=1 rev1=1 crypto rx=0x7fa5100098e0 tx=0x7fa510009250 comp rx=0 tx=0).stop
2023-10-18T14:31:30.320 INFO:teuthology.orchestra.run.smithi125.stdout:/usr/bin/ceph: stderr
2023-10-18T14:31:29.709+0000 7fa526816700 1 -- 172.21.15.125:0/1651557882 shutdown_connections
2023-10-18T14:31:30.320 INFO:teuthology.orchestra.run.smithi125.stdout:/usr/bin/ceph: stderr
2023-10-18T14:31:29.709+0000 7fa526816700 1 --2- 172.21.15.125:0/1651557882 >> [v2:172.21.15.125:3300/0,v1:172.21.15.125:6789/0] conn(0x7fa520100100 0x7fa520100510 unknown :-1 s=CLOSED pgs=53 cs=0 l=1 rev1=1 crypto rx=0 tx=0 comp rx=0 tx=0).stop
2023-10-18T14:31:30.320 INFO:teuthology.orchestra.run.smithi125.stdout:/usr/bin/ceph: stderr
2023-10-18T14:31:29.709+0000 7fa526816700 1 -- 172.21.15.125:0/1651557882 >> 172.21.15.125:0/1651557882 conn(0x7fa5200fb840 msgr2=0x7fa5200fdc90 unknown :-1 s=STATE_NONE l=0).mark_down
2023-10-18T14:31:30.320 INFO:teuthology.orchestra.run.smithi125.stdout:/usr/bin/ceph: stderr
2023-10-18T14:31:29.709+0000 7fa526816700 1 -- 172.21.15.125:0/1651557882 shutdown_connections
2023-10-18T14:31:30.321 INFO:teuthology.orchestra.run.smithi125.stdout:/usr/bin/ceph: stderr
2023-10-18T14:31:29.709+0000 7fa526816700 1 -- 172.21.15.125:0/1651557882 wait complete.
2023-10-18T14:31:30.321 INFO:teuthology.orchestra.run.smithi125.stdout:/usr/bin/ceph: stderr
2023-10-18T14:31:29.710+0000 7fa526816700 1 Processor -- start
2023-10-18T14:31:30.321 INFO:teuthology.orchestra.run.smithi125.stdout:/usr/bin/ceph: stderr
2023-10-18T14:31:29.710+0000 7fa526816700 1 -- start start
2023-10-18T14:31:30.321 INFO:teuthology.orchestra.run.smithi125.stdout:/usr/bin/ceph: stderr
2023-10-18T14:31:29.710+0000 7fa526816700 1 --2- >> [v2:172.21.15.125:3300/0,v1:172.21.15.125:6789/0] conn(0x7fa520100100 0x7fa52010fe20 unknown :-1 s=NONE pgs=0 cs=0 l=1 rev1=0 crypto rx=0 tx=0 comp rx=0 tx=0).connect
2023-10-18T14:31:30.321 INFO:teuthology.orchestra.run.smithi125.stdout:/usr/bin/ceph: stderr
2023-10-18T14:31:29.710+0000 7fa526816700 1 -- --> [v2:172.21.15.125:3300/0,v1:172.21.15.125:6789/0] -- mon_getmap magic: 0 v1 -- 0x7fa520110360 con 0x7fa520100100
2023-10-18T14:31:30.322 INFO:teuthology.orchestra.run.smithi125.stdout:/usr/bin/ceph: stderr
2023-10-18T14:31:29.710+0000 7fa51ffff700 1 --2- >> [v2:172.21.15.125:3300/0,v1:172.21.15.125:6789/0] conn(0x7fa520100100 0x7fa52010fe20 unknown :-1 s=BANNER_CONNECTING pgs=0 cs=0 l=1 rev1=0 crypto rx=0 tx=0 comp rx=0 tx=0)._handle_peer_banner_payload supported=3 required=0
2023-10-18T14:31:30.322 INFO:teuthology.orchestra.run.smithi125.stdout:/usr/bin/ceph: stderr
2023-10-18T14:31:29.710+0000 7fa51ffff700 1 --2- >> [v2:172.21.15.125:3300/0,v1:172.21.15.125:6789/0] conn(0x7fa520100100 0x7fa52010fe20 unknown :-1 s=HELLO_CONNECTING pgs=0 cs=0 l=1 rev1=1 crypto rx=0 tx=0 comp rx=0 tx=0).handle_hello peer v2:172.21.15.125:3300/0 says I am v2:172.21.15.125:48770/0 (socket says 172.21.15.125:48770)
2023-10-18T14:31:30.322 INFO:teuthology.orchestra.run.smithi125.stdout:/usr/bin/ceph: stderr
2023-10-18T14:31:29.710+0000 7fa51ffff700 1 -- 172.21.15.125:0/565044646 learned_addr learned my addr 172.21.15.125:0/565044646 (peer_addr_for_me v2:172.21.15.125:0/0)
2023-10-18T14:31:30.322 INFO:teuthology.orchestra.run.smithi125.stdout:/usr/bin/ceph: stderr
2023-10-18T14:31:29.711+0000 7fa51ffff700 1 -- 172.21.15.125:0/565044646 --> [v2:172.21.15.125:3300/0,v1:172.21.15.125:6789/0] -- mon_subscribe({config=0+,monmap=0+}) v3 -- 0x7fa5100094f0 con 0x7fa520100100
2023-10-18T14:31:30.323 INFO:teuthology.orchestra.run.smithi125.stdout:/usr/bin/ceph: stderr
2023-10-18T14:31:29.711+0000 7fa51ffff700 1 --2- 172.21.15.125:0/565044646 >> [v2:172.21.15.125:3300/0,v1:172.21.15.125:6789/0] conn(0x7fa520100100 0x7fa52010fe20 secure :-1 s=READY pgs=54 cs=0 l=1 rev1=1 crypto rx=0x7fa510000c00 tx=0x7fa510009250 comp rx=0 tx=0).ready entity=mon.0 client_cookie=0 server_cookie=0 in_seq=0 out_seq=0
2023-10-18T14:31:30.323 INFO:teuthology.orchestra.run.smithi125.stdout:/usr/bin/ceph: stderr
2023-10-18T14:31:29.711+0000 7fa51cff9700 1 -- 172.21.15.125:0/565044646 <== mon.0 v2:172.21.15.125:3300/0 1 ==== mon_map magic: 0 v1 ==== 205+0+0 (secure 0 0 0) 0x7fa5100188f0 con 0x7fa520100100
2023-10-18T14:31:30.323 INFO:teuthology.orchestra.run.smithi125.stdout:/usr/bin/ceph: stderr
2023-10-18T14:31:29.711+0000 7fa51cff9700 1 -- 172.21.15.125:0/565044646 <== mon.0 v2:172.21.15.125:3300/0 2 ==== config(24 keys) v1 ==== 1035+0+0 (secure 0 0 0) 0x7fa51001a430 con 0x7fa520100100
2023-10-18T14:31:30.323 INFO:teuthology.orchestra.run.smithi125.stdout:/usr/bin/ceph: stderr
2023-10-18T14:31:29.711+0000 7fa51cff9700 1 -- 172.21.15.125:0/565044646 <== mon.0 v2:172.21.15.125:3300/0 3 ==== mon_map magic: 0 v1 ==== 205+0+0 (secure 0 0 0) 0x7fa51001aea0 con 0x7fa520100100
2023-10-18T14:31:30.323 INFO:teuthology.orchestra.run.smithi125.stdout:/usr/bin/ceph: stderr
2023-10-18T14:31:29.711+0000 7fa526816700 1 -- 172.21.15.125:0/565044646 --> [v2:172.21.15.125:3300/0,v1:172.21.15.125:6789/0] -- mon_subscribe({mgrmap=0+}) v3 -- 0x7fa520110560 con 0x7fa520100100
2023-10-18T14:31:30.324 INFO:teuthology.orchestra.run.smithi125.stdout:/usr/bin/ceph: stderr
2023-10-18T14:31:29.711+0000 7fa526816700 1 -- 172.21.15.125:0/565044646 --> [v2:172.21.15.125:3300/0,v1:172.21.15.125:6789/0] -- mon_subscribe({osdmap=0}) v3 -- 0x7fa520111120 con 0x7fa520100100
2023-10-18T14:31:30.324 INFO:teuthology.orchestra.run.smithi125.stdout:/usr/bin/ceph: stderr
2023-10-18T14:31:29.712+0000 7fa51cff9700 1 -- 172.21.15.125:0/565044646 <== mon.0 v2:172.21.15.125:3300/0 4 ==== mgrmap(e 8) v1 ==== 43265+0+0 (secure 0 0 0) 0x7fa510018a50 con 0x7fa520100100
2023-10-18T14:31:30.324 INFO:teuthology.orchestra.run.smithi125.stdout:/usr/bin/ceph: stderr
2023-10-18T14:31:29.712+0000 7fa51cff9700 20 mgrc handle_mgr_map mgrmap(e 8) v1
2023-10-18T14:31:30.324 INFO:teuthology.orchestra.run.smithi125.stdout:/usr/bin/ceph: stderr
2023-10-18T14:31:29.712+0000 7fa51cff9700 4 mgrc handle_mgr_map Got map version 8
2023-10-18T14:31:30.324 INFO:teuthology.orchestra.run.smithi125.stdout:/usr/bin/ceph: stderr
2023-10-18T14:31:29.712+0000 7fa51cff9700 4 mgrc handle_mgr_map Active mgr is now [v2:172.21.15.125:6800/768368425,v1:172.21.15.125:6801/768368425]
2023-10-18T14:31:30.325 INFO:teuthology.orchestra.run.smithi125.stdout:/usr/bin/ceph: stderr
2023-10-18T14:31:29.712+0000 7fa51cff9700 4 mgrc reconnect Starting new session with [v2:172.21.15.125:6800/768368425,v1:172.21.15.125:6801/768368425]
2023-10-18T14:31:30.325 INFO:teuthology.orchestra.run.smithi125.stdout:/usr/bin/ceph: stderr
2023-10-18T14:31:29.712+0000 7fa51cff9700 1 --2- 172.21.15.125:0/565044646 >> [v2:172.21.15.125:6800/768368425,v1:172.21.15.125:6801/768368425] conn(0x7fa508036610 0x7fa508038ac0 unknown :-1 s=NONE pgs=0 cs=0 l=1 rev1=0 crypto rx=0 tx=0 comp rx=0 tx=0).connect
2023-10-18T14:31:30.325 INFO:teuthology.orchestra.run.smithi125.stdout:/usr/bin/ceph: stderr
2023-10-18T14:31:29.712+0000 7fa51cff9700 1 -- 172.21.15.125:0/565044646 <== mon.0 v2:172.21.15.125:3300/0 5 ==== osd_map(2..2 src has 1..2) v4 ==== 936+0+0 (secure 0 0 0) 0x7fa51004a6b0 con 0x7fa520100100
2023-10-18T14:31:30.325 INFO:teuthology.orchestra.run.smithi125.stdout:/usr/bin/ceph: stderr
2023-10-18T14:31:29.712+0000 7fa526816700 1 -- 172.21.15.125:0/565044646 --> [v2:172.21.15.125:3300/0,v1:172.21.15.125:6789/0] -- mon_command({"prefix": "get_command_descriptions"} v 0) v1 -- 0x7fa52005f270 con 0x7fa520100100
2023-10-18T14:31:30.325 INFO:teuthology.orchestra.run.smithi125.stdout:/usr/bin/ceph: stderr
2023-10-18T14:31:29.712+0000 7fa51f7fe700 1 --2- 172.21.15.125:0/565044646 >> [v2:172.21.15.125:6800/768368425,v1:172.21.15.125:6801/768368425] conn(0x7fa508036610 0x7fa508038ac0 unknown :-1 s=BANNER_CONNECTING pgs=0 cs=0 l=1 rev1=0 crypto rx=0 tx=0 comp rx=0 tx=0)._handle_peer_banner_payload supported=3 required=0
2023-10-18T14:31:30.326 INFO:teuthology.orchestra.run.smithi125.stdout:/usr/bin/ceph: stderr
2023-10-18T14:31:29.712+0000 7fa51f7fe700 1 --2- 172.21.15.125:0/565044646 >> [v2:172.21.15.125:6800/768368425,v1:172.21.15.125:6801/768368425] conn(0x7fa508036610 0x7fa508038ac0 secure :-1 s=READY pgs=15 cs=0 l=1 rev1=1 crypto rx=0x7fa514009990 tx=0x7fa514006e40 comp rx=0 tx=0).ready entity=mgr.14120 client_cookie=0 server_cookie=0 in_seq=0 out_seq=0
2023-10-18T14:31:30.326 INFO:teuthology.orchestra.run.smithi125.stdout:/usr/bin/ceph: stderr
2023-10-18T14:31:29.717+0000 7fa51cff9700 1 -- 172.21.15.125:0/565044646 <== mon.0 v2:172.21.15.125:3300/0 6 ==== mon_command_ack([{"prefix": "get_command_descriptions"}]=0 v0) v1 ==== 72+0+174570 (secure 0 0 0) 0x7fa51002adf0 con 0x7fa520100100
2023-10-18T14:31:30.326 INFO:teuthology.orchestra.run.smithi125.stdout:/usr/bin/ceph: stderr
2023-10-18T14:31:29.900+0000 7fa526816700 1 -- 172.21.15.125:0/565044646 --> [v2:172.21.15.125:3300/0,v1:172.21.15.125:6789/0] -- mon_command([{prefix=config set, name=mgr/dashboard/ssl_server_port}] v 0) v1 -- 0x7fa520111360 con 0x7fa520100100
2023-10-18T14:31:30.326 INFO:teuthology.orchestra.run.smithi125.stdout:/usr/bin/ceph: stderr
2023-10-18T14:31:29.906+0000 7fa51cff9700 1 -- 172.21.15.125:0/565044646 <== mon.0 v2:172.21.15.125:3300/0 7 ==== mon_command_ack([{prefix=config set, name=mgr/dashboard/ssl_server_port}]=0 v8)=0 v8) v1 ==== 130+0+0 (secure 0 0 0) 0x7fa51002a390 con 0x7fa520100100
2023-10-18T14:31:30.326 INFO:teuthology.orchestra.run.smithi125.stdout:/usr/bin/ceph: stderr
2023-10-18T14:31:29.908+0000 7fa526816700 10 mgrc shutdown
2023-10-18T14:31:30.327 INFO:teuthology.orchestra.run.smithi125.stdout:/usr/bin/ceph: stderr
2023-10-18T14:31:29.908+0000 7fa526816700 1 -- 172.21.15.125:0/565044646 >> [v2:172.21.15.125:6800/768368425,v1:172.21.15.125:6801/768368425] conn(0x7fa508036610 msgr2=0x7fa508038ac0 secure :-1 s=STATE_CONNECTION_ESTABLISHED l=1).mark_down
2023-10-18T14:31:30.327 INFO:teuthology.orchestra.run.smithi125.stdout:/usr/bin/ceph: stderr
2023-10-18T14:31:29.908+0000 7fa526816700 1 --2- 172.21.15.125:0/565044646 >> [v2:172.21.15.125:6800/768368425,v1:172.21.15.125:6801/768368425] conn(0x7fa508036610 0x7fa508038ac0 secure :-1 s=READY pgs=15 cs=0 l=1 rev1=1 crypto rx=0x7fa514009990 tx=0x7fa514006e40 comp rx=0 tx=0).stop
2023-10-18T14:31:30.327 INFO:teuthology.orchestra.run.smithi125.stdout:/usr/bin/ceph: stderr
2023-10-18T14:31:29.908+0000 7fa526816700 1 -- 172.21.15.125:0/565044646 >> [v2:172.21.15.125:3300/0,v1:172.21.15.125:6789/0] conn(0x7fa520100100 msgr2=0x7fa52010fe20 secure :-1 s=STATE_CONNECTION_ESTABLISHED l=1).mark_down
2023-10-18T14:31:30.327 INFO:teuthology.orchestra.run.smithi125.stdout:/usr/bin/ceph: stderr
2023-10-18T14:31:29.908+0000 7fa526816700 1 --2- 172.21.15.125:0/565044646 >> [v2:172.21.15.125:3300/0,v1:172.21.15.125:6789/0] conn(0x7fa520100100 0x7fa52010fe20 secure :-1 s=READY pgs=54 cs=0 l=1 rev1=1 crypto rx=0x7fa510000c00 tx=0x7fa510009250 comp rx=0 tx=0).stop
2023-10-18T14:31:30.328 INFO:teuthology.orchestra.run.smithi125.stdout:/usr/bin/ceph: stderr
2023-10-18T14:31:29.908+0000 7fa526816700 1 -- 172.21.15.125:0/565044646 shutdown_connections
2023-10-18T14:31:30.328 INFO:teuthology.orchestra.run.smithi125.stdout:/usr/bin/ceph: stderr
2023-10-18T14:31:29.908+0000 7fa526816700 1 --2- 172.21.15.125:0/565044646 >> [v2:172.21.15.125:6800/768368425,v1:172.21.15.125:6801/768368425] conn(0x7fa508036610 0x7fa508038ac0 unknown :-1 s=CLOSED pgs=15 cs=0 l=1 rev1=1 crypto rx=0 tx=0 comp rx=0 tx=0).stop
2023-10-18T14:31:30.328 INFO:teuthology.orchestra.run.smithi125.stdout:/usr/bin/ceph: stderr
2023-10-18T14:31:29.908+0000 7fa526816700 1 --2- 172.21.15.125:0/565044646 >> [v2:172.21.15.125:3300/0,v1:172.21.15.125:6789/0] conn(0x7fa520100100 0x7fa52010fe20 unknown :-1 s=CLOSED pgs=54 cs=0 l=1 rev1=1 crypto rx=0 tx=0 comp rx=0 tx=0).stop
2023-10-18T14:31:30.328 INFO:teuthology.orchestra.run.smithi125.stdout:/usr/bin/ceph: stderr
2023-10-18T14:31:29.908+0000 7fa526816700 1 -- 172.21.15.125:0/565044646 >> 172.21.15.125:0/565044646 conn(0x7fa5200fb840 msgr2=0x7fa520070920 unknown :-1 s=STATE_NONE l=0).mark_down
2023-10-18T14:31:30.328 INFO:teuthology.orchestra.run.smithi125.stdout:/usr/bin/ceph: stderr
2023-10-18T14:31:29.908+0000 7fa526816700 1 -- 172.21.15.125:0/565044646 shutdown_connections
2023-10-18T14:31:30.329 INFO:teuthology.orchestra.run.smithi125.stdout:/usr/bin/ceph: stderr
2023-10-18T14:31:29.908+0000 7fa526816700 1 -- 172.21.15.125:0/565044646 wait complete.
2023-10-18T14:31:30.329 INFO:teuthology.orchestra.run.smithi125.stdout:Enabling the dashboard module...
2023-10-18T14:31:31.281 INFO:journalctl@ceph.mon.a.smithi125.stdout:Oct 18 14:31:30 smithi125 ceph-mon[112517]: from='client.? 172.21.15.125:0/565044646' entity='client.admin'
2023-10-18T14:31:31.281 INFO:journalctl@ceph.mon.a.smithi125.stdout:Oct 18 14:31:30 smithi125 ceph-mon[112517]: from='client.? 172.21.15.125:0/3515090810' entity='client.admin' cmd=[{"prefix": "mgr module enable", "module": "dashboard"}]: dispatch
2023-10-18T14:31:32.031 INFO:journalctl@ceph.mon.a.smithi125.stdout:Oct 18 14:31:32 smithi125 ceph-mon[112517]: from='mgr.14120 172.21.15.125:0/2159015951' entity='mgr.a'
2023-10-18T14:31:32.031 INFO:journalctl@ceph.mon.a.smithi125.stdout:Oct 18 14:31:32 smithi125 ceph-mon[112517]: from='client.? 172.21.15.125:0/3515090810' entity='client.admin' cmd='[{"prefix": "mgr module enable", "module": "dashboard"}]': finished
2023-10-18T14:31:32.031 INFO:journalctl@ceph.mon.a.smithi125.stdout:Oct 18 14:31:32 smithi125 ceph-mon[112517]: mgrmap e9: a(active, since 15s)
2023-10-18T14:31:32.032 INFO:journalctl@ceph.mgr.a.smithi125.stdout:Oct 18 14:31:31 smithi125 ceph-dba642a2-6dc2-11ee-8db6-212e2dc638e7-mgr-a[112745]: ignoring --setuser ceph since I am not root
2023-10-18T14:31:32.032 INFO:journalctl@ceph.mgr.a.smithi125.stdout:Oct 18 14:31:31 smithi125 ceph-dba642a2-6dc2-11ee-8db6-212e2dc638e7-mgr-a[112745]: ignoring --setgroup ceph since I am not root
2023-10-18T14:31:32.032 INFO:journalctl@ceph.mgr.a.smithi125.stdout:Oct 18 14:31:31 smithi125 ceph-dba642a2-6dc2-11ee-8db6-212e2dc638e7-mgr-a[112745]:
2023-10-18T14:31:31.969+0000 7fc45f60d1c0 -1 mgr[py] Module balancer has missing NOTIFY_TYPES member
2023-10-18T14:31:32.175 INFO:teuthology.orchestra.run.smithi125.stdout:/usr/bin/ceph: stderr
2023-10-18T14:31:30.568+0000 7f45f539f700 1 Processor -- start
2023-10-18T14:31:32.175 INFO:teuthology.orchestra.run.smithi125.stdout:/usr/bin/ceph: stderr
2023-10-18T14:31:30.568+0000 7f45f539f700 1 -- start start
2023-10-18T14:31:32.175 INFO:teuthology.orchestra.run.smithi125.stdout:/usr/bin/ceph: stderr
2023-10-18T14:31:30.568+0000 7f45f539f700 1 --2- >> [v2:172.21.15.125:3300/0,v1:172.21.15.125:6789/0] conn(0x7f45f0101d60 0x7f45f0104140 unknown :-1 s=NONE pgs=0 cs=0 l=0 rev1=0 crypto rx=0 tx=0 comp rx=0 tx=0).connect
2023-10-18T14:31:32.176 INFO:teuthology.orchestra.run.smithi125.stdout:/usr/bin/ceph: stderr
2023-10-18T14:31:30.568+0000 7f45f539f700 1 -- --> [v2:172.21.15.125:3300/0,v1:172.21.15.125:6789/0] -- mon_getmap magic: 0 v1 -- 0x7f45f0075e00 con 0x7f45f0101d60
2023-10-18T14:31:32.176 INFO:teuthology.orchestra.run.smithi125.stdout:/usr/bin/ceph: stderr
2023-10-18T14:31:30.568+0000 7f45eeffd700 1 --2- >> [v2:172.21.15.125:3300/0,v1:172.21.15.125:6789/0] conn(0x7f45f0101d60 0x7f45f0104140 unknown :-1 s=BANNER_CONNECTING pgs=0 cs=0 l=0 rev1=0 crypto rx=0 tx=0 comp rx=0 tx=0)._handle_peer_banner_payload supported=3 required=0
2023-10-18T14:31:32.176 INFO:teuthology.orchestra.run.smithi125.stdout:/usr/bin/ceph: stderr
2023-10-18T14:31:30.568+0000 7f45eeffd700 1 --2- >> [v2:172.21.15.125:3300/0,v1:172.21.15.125:6789/0] conn(0x7f45f0101d60 0x7f45f0104140 unknown :-1 s=HELLO_CONNECTING pgs=0 cs=0 l=0 rev1=1 crypto rx=0 tx=0 comp rx=0 tx=0).handle_hello peer v2:172.21.15.125:3300/0 says I am v2:172.21.15.125:48780/0 (socket says 172.21.15.125:48780)
2023-10-18T14:31:32.176 INFO:teuthology.orchestra.run.smithi125.stdout:/usr/bin/ceph: stderr
