2023-10-21T12:13:06.449 INFO:teuthology.orchestra.run.smithi079.stdout:/usr/bin/ceph: stderr
2023-10-21T12:13:06.067+0000 7f43331bb700 1 -- 172.21.15.79:0/2778189514 >> [v2:172.21.15.79:3300/0,v1:172.21.15.79:6789/0] conn(0x7f432c070f40 msgr2=0x7f432c1111e0 secure :-1 s=STATE_CONNECTION_ESTABLISHED l=1).mark_down
2023-10-21T12:13:06.449 INFO:teuthology.orchestra.run.smithi079.stdout:/usr/bin/ceph: stderr
2023-10-21T12:13:06.067+0000 7f43331bb700 1 --2- 172.21.15.79:0/2778189514 >> [v2:172.21.15.79:3300/0,v1:172.21.15.79:6789/0] conn(0x7f432c070f40 0x7f432c1111e0 secure :-1 s=READY pgs=10 cs=0 l=1 rev1=1 crypto rx=0x7f4320006d40 tx=0x7f4320009250 comp rx=0 tx=0).stop
2023-10-21T12:13:06.449 INFO:teuthology.orchestra.run.smithi079.stdout:/usr/bin/ceph: stderr
2023-10-21T12:13:06.067+0000 7f43331bb700 1 -- 172.21.15.79:0/2778189514 shutdown_connections
2023-10-21T12:13:06.449 INFO:teuthology.orchestra.run.smithi079.stdout:/usr/bin/ceph: stderr
2023-10-21T12:13:06.067+0000 7f43331bb700 1 --2- 172.21.15.79:0/2778189514 >> [v2:172.21.15.79:3300/0,v1:172.21.15.79:6789/0] conn(0x7f432c070f40 0x7f432c1111e0 unknown :-1 s=CLOSED pgs=10 cs=0 l=1 rev1=1 crypto rx=0 tx=0 comp rx=0 tx=0).stop
2023-10-21T12:13:06.450 INFO:teuthology.orchestra.run.smithi079.stdout:/usr/bin/ceph: stderr
2023-10-21T12:13:06.067+0000 7f43331bb700 1 -- 172.21.15.79:0/2778189514 >> 172.21.15.79:0/2778189514 conn(0x7f432c0fc970 msgr2=0x7f432c0fe1e0 unknown :-1 s=STATE_NONE l=0).mark_down
2023-10-21T12:13:06.450 INFO:teuthology.orchestra.run.smithi079.stdout:/usr/bin/ceph: stderr
2023-10-21T12:13:06.067+0000 7f43331bb700 1 -- 172.21.15.79:0/2778189514 shutdown_connections
2023-10-21T12:13:06.450 INFO:teuthology.orchestra.run.smithi079.stdout:/usr/bin/ceph: stderr
2023-10-21T12:13:06.067+0000 7f43331bb700 1 -- 172.21.15.79:0/2778189514 wait complete.
2023-10-21T12:13:06.450 INFO:teuthology.orchestra.run.smithi079.stdout:mgr not available, waiting (3/15)...
2023-10-21T12:13:07.387 INFO:journalctl@ceph.mon.smithi079.smithi079.stdout:Oct 21 12:13:07 smithi079 ceph-mon[112783]: Activating manager daemon smithi079.ntygju
2023-10-21T12:13:07.387 INFO:journalctl@ceph.mon.smithi079.smithi079.stdout:Oct 21 12:13:07 smithi079 ceph-mon[112783]: mgrmap e2: smithi079.ntygju(active, starting, since 0.00292623s)
2023-10-21T12:13:07.387 INFO:journalctl@ceph.mon.smithi079.smithi079.stdout:Oct 21 12:13:07 smithi079 ceph-mon[112783]: from='mgr.14100 172.21.15.79:0/218892251' entity='mgr.smithi079.ntygju' cmd=[{"prefix": "mds metadata"}]: dispatch
2023-10-21T12:13:07.387 INFO:journalctl@ceph.mon.smithi079.smithi079.stdout:Oct 21 12:13:07 smithi079 ceph-mon[112783]: from='mgr.14100 172.21.15.79:0/218892251' entity='mgr.smithi079.ntygju' cmd=[{"prefix": "osd metadata"}]: dispatch
2023-10-21T12:13:07.388 INFO:journalctl@ceph.mon.smithi079.smithi079.stdout:Oct 21 12:13:07 smithi079 ceph-mon[112783]: from='mgr.14100 172.21.15.79:0/218892251' entity='mgr.smithi079.ntygju' cmd=[{"prefix": "mon metadata"}]: dispatch
2023-10-21T12:13:07.388 INFO:journalctl@ceph.mon.smithi079.smithi079.stdout:Oct 21 12:13:07 smithi079 ceph-mon[112783]: from='mgr.14100 172.21.15.79:0/218892251' entity='mgr.smithi079.ntygju' cmd=[{"prefix": "mon metadata", "id": "smithi079"}]: dispatch
2023-10-21T12:13:07.388 INFO:journalctl@ceph.mon.smithi079.smithi079.stdout:Oct 21 12:13:07 smithi079 ceph-mon[112783]: from='mgr.14100 172.21.15.79:0/218892251' entity='mgr.smithi079.ntygju' cmd=[{"prefix": "mgr metadata", "who": "smithi079.ntygju", "id": "smithi079.ntygju"}]: dispatch
2023-10-21T12:13:07.388 INFO:journalctl@ceph.mon.smithi079.smithi079.stdout:Oct 21 12:13:07 smithi079 ceph-mon[112783]: Manager daemon smithi079.ntygju is now available
2023-10-21T12:13:07.388 INFO:journalctl@ceph.mon.smithi079.smithi079.stdout:Oct 21 12:13:07 smithi079 ceph-mon[112783]: from='mgr.14100 172.21.15.79:0/218892251' entity='mgr.smithi079.ntygju' cmd=[{"prefix":"config rm","who":"mgr","name":"mgr/rbd_support/smithi079.ntygju/mirror_snapshot_schedule"}]: dispatch
2023-10-21T12:13:07.389 INFO:journalctl@ceph.mon.smithi079.smithi079.stdout:Oct 21 12:13:07 smithi079 ceph-mon[112783]: from='mgr.14100 172.21.15.79:0/218892251' entity='mgr.smithi079.ntygju' cmd=[{"prefix":"config rm","who":"mgr","name":"mgr/rbd_support/smithi079.ntygju/trash_purge_schedule"}]: dispatch
2023-10-21T12:13:07.389 INFO:journalctl@ceph.mon.smithi079.smithi079.stdout:Oct 21 12:13:07 smithi079 ceph-mon[112783]: from='mgr.14100 172.21.15.79:0/218892251' entity='mgr.smithi079.ntygju'
2023-10-21T12:13:07.389 INFO:journalctl@ceph.mon.smithi079.smithi079.stdout:Oct 21 12:13:07 smithi079 ceph-mon[112783]: from='mgr.14100 172.21.15.79:0/218892251' entity='mgr.smithi079.ntygju'
2023-10-21T12:13:07.389 INFO:journalctl@ceph.mon.smithi079.smithi079.stdout:Oct 21 12:13:07 smithi079 ceph-mon[112783]: from='mgr.14100 172.21.15.79:0/218892251' entity='mgr.smithi079.ntygju'
2023-10-21T12:13:08.886 INFO:journalctl@ceph.mon.smithi079.smithi079.stdout:Oct 21 12:13:08 smithi079 ceph-mon[112783]: mgrmap e3: smithi079.ntygju(active, since 1.00885s)
2023-10-21T12:13:09.389 INFO:teuthology.orchestra.run.smithi079.stdout:/usr/bin/ceph: stdout
2023-10-21T12:13:09.390 INFO:teuthology.orchestra.run.smithi079.stdout:/usr/bin/ceph: stdout {
2023-10-21T12:13:09.390 INFO:teuthology.orchestra.run.smithi079.stdout:/usr/bin/ceph: stdout "fsid": "0a9d5f74-700b-11ee-8db6-212e2dc638e7",
2023-10-21T12:13:09.390 INFO:teuthology.orchestra.run.smithi079.stdout:/usr/bin/ceph: stdout "health": {
2023-10-21T12:13:09.390 INFO:teuthology.orchestra.run.smithi079.stdout:/usr/bin/ceph: stdout "status": "HEALTH_OK",
2023-10-21T12:13:09.390 INFO:teuthology.orchestra.run.smithi079.stdout:/usr/bin/ceph: stdout "checks": {},
2023-10-21T12:13:09.391 INFO:teuthology.orchestra.run.smithi079.stdout:/usr/bin/ceph: stdout "mutes": []
2023-10-21T12:13:09.391 INFO:teuthology.orchestra.run.smithi079.stdout:/usr/bin/ceph: stdout },
2023-10-21T12:13:09.391 INFO:teuthology.orchestra.run.smithi079.stdout:/usr/bin/ceph: stdout "election_epoch": 5,
2023-10-21T12:13:09.391 INFO:teuthology.orchestra.run.smithi079.stdout:/usr/bin/ceph: stdout "quorum": [
2023-10-21T12:13:09.391 INFO:teuthology.orchestra.run.smithi079.stdout:/usr/bin/ceph: stdout 0
2023-10-21T12:13:09.392 INFO:teuthology.orchestra.run.smithi079.stdout:/usr/bin/ceph: stdout ],
2023-10-21T12:13:09.392 INFO:teuthology.orchestra.run.smithi079.stdout:/usr/bin/ceph: stdout "quorum_names": [
2023-10-21T12:13:09.392 INFO:teuthology.orchestra.run.smithi079.stdout:/usr/bin/ceph: stdout "smithi079"
2023-10-21T12:13:09.392 INFO:teuthology.orchestra.run.smithi079.stdout:/usr/bin/ceph: stdout ],
2023-10-21T12:13:09.392 INFO:teuthology.orchestra.run.smithi079.stdout:/usr/bin/ceph: stdout "quorum_age": 10,
2023-10-21T12:13:09.393 INFO:teuthology.orchestra.run.smithi079.stdout:/usr/bin/ceph: stdout "monmap": {
2023-10-21T12:13:09.393 INFO:teuthology.orchestra.run.smithi079.stdout:/usr/bin/ceph: stdout "epoch": 1,
2023-10-21T12:13:09.393 INFO:teuthology.orchestra.run.smithi079.stdout:/usr/bin/ceph: stdout "min_mon_release_name": "quincy",
2023-10-21T12:13:09.393 INFO:teuthology.orchestra.run.smithi079.stdout:/usr/bin/ceph: stdout "num_mons": 1
2023-10-21T12:13:09.393 INFO:teuthology.orchestra.run.smithi079.stdout:/usr/bin/ceph: stdout },
2023-10-21T12:13:09.393 INFO:teuthology.orchestra.run.smithi079.stdout:/usr/bin/ceph: stdout "osdmap": {
2023-10-21T12:13:09.394 INFO:teuthology.orchestra.run.smithi079.stdout:/usr/bin/ceph: stdout "epoch": 1,
2023-10-21T12:13:09.394 INFO:teuthology.orchestra.run.smithi079.stdout:/usr/bin/ceph: stdout "num_osds": 0,
2023-10-21T12:13:09.394 INFO:teuthology.orchestra.run.smithi079.stdout:/usr/bin/ceph: stdout "num_up_osds": 0,
2023-10-21T12:13:09.394 INFO:teuthology.orchestra.run.smithi079.stdout:/usr/bin/ceph: stdout "osd_up_since": 0,
2023-10-21T12:13:09.402 INFO:teuthology.orchestra.run.smithi079.stdout:/usr/bin/ceph: stdout "num_in_osds": 0,
2023-10-21T12:13:09.402 INFO:teuthology.orchestra.run.smithi079.stdout:/usr/bin/ceph: stdout "osd_in_since": 0,
2023-10-21T12:13:09.403 INFO:teuthology.orchestra.run.smithi079.stdout:/usr/bin/ceph: stdout "num_remapped_pgs": 0
2023-10-21T12:13:09.403 INFO:teuthology.orchestra.run.smithi079.stdout:/usr/bin/ceph: stdout },
2023-10-21T12:13:09.403 INFO:teuthology.orchestra.run.smithi079.stdout:/usr/bin/ceph: stdout "pgmap": {
2023-10-21T12:13:09.403 INFO:teuthology.orchestra.run.smithi079.stdout:/usr/bin/ceph: stdout "pgs_by_state": [],
2023-10-21T12:13:09.403 INFO:teuthology.orchestra.run.smithi079.stdout:/usr/bin/ceph: stdout "num_pgs": 0,
2023-10-21T12:13:09.404 INFO:teuthology.orchestra.run.smithi079.stdout:/usr/bin/ceph: stdout "num_pools": 0,
2023-10-21T12:13:09.404 INFO:teuthology.orchestra.run.smithi079.stdout:/usr/bin/ceph: stdout "num_objects": 0,
2023-10-21T12:13:09.404 INFO:teuthology.orchestra.run.smithi079.stdout:/usr/bin/ceph: stdout "data_bytes": 0,
2023-10-21T12:13:09.404 INFO:teuthology.orchestra.run.smithi079.stdout:/usr/bin/ceph: stdout "bytes_used": 0,
2023-10-21T12:13:09.404 INFO:teuthology.orchestra.run.smithi079.stdout:/usr/bin/ceph: stdout "bytes_avail": 0,
2023-10-21T12:13:09.404 INFO:teuthology.orchestra.run.smithi079.stdout:/usr/bin/ceph: stdout "bytes_total": 0
2023-10-21T12:13:09.405 INFO:teuthology.orchestra.run.smithi079.stdout:/usr/bin/ceph: stdout },
2023-10-21T12:13:09.405 INFO:teuthology.orchestra.run.smithi079.stdout:/usr/bin/ceph: stdout "fsmap": {
2023-10-21T12:13:09.405 INFO:teuthology.orchestra.run.smithi079.stdout:/usr/bin/ceph: stdout "epoch": 1,
2023-10-21T12:13:09.405 INFO:teuthology.orchestra.run.smithi079.stdout:/usr/bin/ceph: stdout "by_rank": [],
2023-10-21T12:13:09.405 INFO:teuthology.orchestra.run.smithi079.stdout:/usr/bin/ceph: stdout "up:standby": 0
2023-10-21T12:13:09.406 INFO:teuthology.orchestra.run.smithi079.stdout:/usr/bin/ceph: stdout },
2023-10-21T12:13:09.406 INFO:teuthology.orchestra.run.smithi079.stdout:/usr/bin/ceph: stdout "mgrmap": {
2023-10-21T12:13:09.406 INFO:teuthology.orchestra.run.smithi079.stdout:/usr/bin/ceph: stdout "available": true,
2023-10-21T12:13:09.406 INFO:teuthology.orchestra.run.smithi079.stdout:/usr/bin/ceph: stdout "num_standbys": 0,
2023-10-21T12:13:09.406 INFO:teuthology.orchestra.run.smithi079.stdout:/usr/bin/ceph: stdout "modules": [
2023-10-21T12:13:09.407 INFO:teuthology.orchestra.run.smithi079.stdout:/usr/bin/ceph: stdout "iostat",
2023-10-21T12:13:09.407 INFO:teuthology.orchestra.run.smithi079.stdout:/usr/bin/ceph: stdout "nfs",
2023-10-21T12:13:09.407 INFO:teuthology.orchestra.run.smithi079.stdout:/usr/bin/ceph: stdout "restful"
2023-10-21T12:13:09.407 INFO:teuthology.orchestra.run.smithi079.stdout:/usr/bin/ceph: stdout ],
2023-10-21T12:13:09.407 INFO:teuthology.orchestra.run.smithi079.stdout:/usr/bin/ceph: stdout "services": {}
2023-10-21T12:13:09.408 INFO:teuthology.orchestra.run.smithi079.stdout:/usr/bin/ceph: stdout },
2023-10-21T12:13:09.408 INFO:teuthology.orchestra.run.smithi079.stdout:/usr/bin/ceph: stdout "servicemap": {
2023-10-21T12:13:09.408 INFO:teuthology.orchestra.run.smithi079.stdout:/usr/bin/ceph: stdout "epoch": 1,
2023-10-21T12:13:09.408 INFO:teuthology.orchestra.run.smithi079.stdout:/usr/bin/ceph: stdout "modified": "2023-10-21T12:12:55.179546+0000",
2023-10-21T12:13:09.408 INFO:teuthology.orchestra.run.smithi079.stdout:/usr/bin/ceph: stdout "services": {}
2023-10-21T12:13:09.409 INFO:teuthology.orchestra.run.smithi079.stdout:/usr/bin/ceph: stdout },
2023-10-21T12:13:09.409 INFO:teuthology.orchestra.run.smithi079.stdout:/usr/bin/ceph: stdout "progress_events": {}
2023-10-21T12:13:09.409 INFO:teuthology.orchestra.run.smithi079.stdout:/usr/bin/ceph: stdout }
2023-10-21T12:13:09.409 INFO:teuthology.orchestra.run.smithi079.stdout:/usr/bin/ceph: stderr
2023-10-21T12:13:08.776+0000 7f9c1b650700 1 Processor -- start
2023-10-21T12:13:09.409 INFO:teuthology.orchestra.run.smithi079.stdout:/usr/bin/ceph: stderr
2023-10-21T12:13:08.776+0000 7f9c1b650700 1 -- start start
2023-10-21T12:13:09.409 INFO:teuthology.orchestra.run.smithi079.stdout:/usr/bin/ceph: stderr
2023-10-21T12:13:08.776+0000 7f9c1b650700 1 --2- >> [v2:172.21.15.79:3300/0,v1:172.21.15.79:6789/0] conn(0x7f9c14070f40 0x7f9c14104f60 unknown :-1 s=NONE pgs=0 cs=0 l=0 rev1=0 crypto rx=0 tx=0 comp rx=0 tx=0).connect
2023-10-21T12:13:09.410 INFO:teuthology.orchestra.run.smithi079.stdout:/usr/bin/ceph: stderr
2023-10-21T12:13:08.776+0000 7f9c1b650700 1 -- --> [v2:172.21.15.79:3300/0,v1:172.21.15.79:6789/0] -- mon_getmap magic: 0 v1 -- 0x7f9c141054a0 con 0x7f9c14070f40
2023-10-21T12:13:09.410 INFO:teuthology.orchestra.run.smithi079.stdout:/usr/bin/ceph: stderr
2023-10-21T12:13:08.777+0000 7f9c193ec700 1 --2- >> [v2:172.21.15.79:3300/0,v1:172.21.15.79:6789/0] conn(0x7f9c14070f40 0x7f9c14104f60 unknown :-1 s=BANNER_CONNECTING pgs=0 cs=0 l=0 rev1=0 crypto rx=0 tx=0 comp rx=0 tx=0)._handle_peer_banner_payload supported=3 required=0
2023-10-21T12:13:09.410 INFO:teuthology.orchestra.run.smithi079.stdout:/usr/bin/ceph: stderr
2023-10-21T12:13:08.777+0000 7f9c193ec700 1 --2- >> [v2:172.21.15.79:3300/0,v1:172.21.15.79:6789/0] conn(0x7f9c14070f40 0x7f9c14104f60 unknown :-1 s=HELLO_CONNECTING pgs=0 cs=0 l=0 rev1=1 crypto rx=0 tx=0 comp rx=0 tx=0).handle_hello peer v2:172.21.15.79:3300/0 says I am v2:172.21.15.79:48626/0 (socket says 172.21.15.79:48626)
2023-10-21T12:13:09.410 INFO:teuthology.orchestra.run.smithi079.stdout:/usr/bin/ceph: stderr
2023-10-21T12:13:08.777+0000 7f9c193ec700 1 -- 172.21.15.79:0/1011358731 learned_addr learned my addr 172.21.15.79:0/1011358731 (peer_addr_for_me v2:172.21.15.79:0/0)
2023-10-21T12:13:09.411 INFO:teuthology.orchestra.run.smithi079.stdout:/usr/bin/ceph: stderr
2023-10-21T12:13:08.777+0000 7f9c193ec700 1 -- 172.21.15.79:0/1011358731 --> [v2:172.21.15.79:3300/0,v1:172.21.15.79:6789/0] -- mon_subscribe({config=0+,monmap=0+}) v3 -- 0x7f9c141055e0 con 0x7f9c14070f40
2023-10-21T12:13:09.411 INFO:teuthology.orchestra.run.smithi079.stdout:/usr/bin/ceph: stderr
2023-10-21T12:13:08.777+0000 7f9c193ec700 1 --2- 172.21.15.79:0/1011358731 >> [v2:172.21.15.79:3300/0,v1:172.21.15.79:6789/0] conn(0x7f9c14070f40 0x7f9c14104f60 secure :-1 s=READY pgs=18 cs=0 l=1 rev1=1 crypto rx=0x7f9c040098e0 tx=0x7f9c04009250 comp rx=0 tx=0).ready entity=mon.0 client_cookie=4a3f07e73744d087 server_cookie=0 in_seq=0 out_seq=0
2023-10-21T12:13:09.411 INFO:teuthology.orchestra.run.smithi079.stdout:/usr/bin/ceph: stderr
2023-10-21T12:13:08.777+0000 7f9c0bfff700 1 -- 172.21.15.79:0/1011358731 <== mon.0 v2:172.21.15.79:3300/0 1 ==== mon_map magic: 0 v1 ==== 229+0+0 (secure 0 0 0) 0x7f9c0400b8f0 con 0x7f9c14070f40
2023-10-21T12:13:09.411 INFO:teuthology.orchestra.run.smithi079.stdout:/usr/bin/ceph: stderr
2023-10-21T12:13:08.777+0000 7f9c0bfff700 1 -- 172.21.15.79:0/1011358731 <== mon.0 v2:172.21.15.79:3300/0 2 ==== config(26 keys) v1 ==== 1009+0+0 (secure 0 0 0) 0x7f9c04011420 con 0x7f9c14070f40
2023-10-21T12:13:09.411 INFO:teuthology.orchestra.run.smithi079.stdout:/usr/bin/ceph: stderr
2023-10-21T12:13:08.777+0000 7f9c0bfff700 1 -- 172.21.15.79:0/1011358731 <== mon.0 v2:172.21.15.79:3300/0 3 ==== mon_map magic: 0 v1 ==== 229+0+0 (secure 0 0 0) 0x7f9c04010540 con 0x7f9c14070f40
2023-10-21T12:13:09.412 INFO:teuthology.orchestra.run.smithi079.stdout:/usr/bin/ceph: stderr
2023-10-21T12:13:08.778+0000 7f9c1b650700 1 -- 172.21.15.79:0/1011358731 >> [v2:172.21.15.79:3300/0,v1:172.21.15.79:6789/0] conn(0x7f9c14070f40 msgr2=0x7f9c14104f60 secure :-1 s=STATE_CONNECTION_ESTABLISHED l=1).mark_down
2023-10-21T12:13:09.412 INFO:teuthology.orchestra.run.smithi079.stdout:/usr/bin/ceph: stderr
2023-10-21T12:13:08.778+0000 7f9c1b650700 1 --2- 172.21.15.79:0/1011358731 >> [v2:172.21.15.79:3300/0,v1:172.21.15.79:6789/0] conn(0x7f9c14070f40 0x7f9c14104f60 secure :-1 s=READY pgs=18 cs=0 l=1 rev1=1 crypto rx=0x7f9c040098e0 tx=0x7f9c04009250 comp rx=0 tx=0).stop
2023-10-21T12:13:09.412 INFO:teuthology.orchestra.run.smithi079.stdout:/usr/bin/ceph: stderr
2023-10-21T12:13:08.778+0000 7f9c1b650700 1 -- 172.21.15.79:0/1011358731 shutdown_connections
2023-10-21T12:13:09.412 INFO:teuthology.orchestra.run.smithi079.stdout:/usr/bin/ceph: stderr
2023-10-21T12:13:08.778+0000 7f9c1b650700 1 --2- 172.21.15.79:0/1011358731 >> [v2:172.21.15.79:3300/0,v1:172.21.15.79:6789/0] conn(0x7f9c14070f40 0x7f9c14104f60 unknown :-1 s=CLOSED pgs=18 cs=0 l=1 rev1=1 crypto rx=0 tx=0 comp rx=0 tx=0).stop
2023-10-21T12:13:09.412 INFO:teuthology.orchestra.run.smithi079.stdout:/usr/bin/ceph: stderr
2023-10-21T12:13:08.778+0000 7f9c1b650700 1 -- 172.21.15.79:0/1011358731 >> 172.21.15.79:0/1011358731 conn(0x7f9c140fc970 msgr2=0x7f9c140fed80 unknown :-1 s=STATE_NONE l=0).mark_down
2023-10-21T12:13:09.412 INFO:teuthology.orchestra.run.smithi079.stdout:/usr/bin/ceph: stderr
2023-10-21T12:13:08.778+0000 7f9c1b650700 1 -- 172.21.15.79:0/1011358731 shutdown_connections
2023-10-21T12:13:09.413 INFO:teuthology.orchestra.run.smithi079.stdout:/usr/bin/ceph: stderr
2023-10-21T12:13:08.778+0000 7f9c1b650700 1 -- 172.21.15.79:0/1011358731 wait complete.
2023-10-21T12:13:09.413 INFO:teuthology.orchestra.run.smithi079.stdout:/usr/bin/ceph: stderr
2023-10-21T12:13:08.779+0000 7f9c1b650700 1 Processor -- start
2023-10-21T12:13:09.413 INFO:teuthology.orchestra.run.smithi079.stdout:/usr/bin/ceph: stderr
2023-10-21T12:13:08.779+0000 7f9c1b650700 1 -- start start
2023-10-21T12:13:09.413 INFO:teuthology.orchestra.run.smithi079.stdout:/usr/bin/ceph: stderr
2023-10-21T12:13:08.779+0000 7f9c1b650700 1 --2- >> [v2:172.21.15.79:3300/0,v1:172.21.15.79:6789/0] conn(0x7f9c14070f40 0x7f9c141111e0 unknown :-1 s=NONE pgs=0 cs=0 l=1 rev1=0 crypto rx=0 tx=0 comp rx=0 tx=0).connect
2023-10-21T12:13:09.414 INFO:teuthology.orchestra.run.smithi079.stdout:/usr/bin/ceph: stderr
2023-10-21T12:13:08.779+0000 7f9c1b650700 1 -- --> [v2:172.21.15.79:3300/0,v1:172.21.15.79:6789/0] -- mon_getmap magic: 0 v1 -- 0x7f9c14111720 con 0x7f9c14070f40
2023-10-21T12:13:09.414 INFO:teuthology.orchestra.run.smithi079.stdout:/usr/bin/ceph: stderr
2023-10-21T12:13:08.779+0000 7f9c193ec700 1 --2- >> [v2:172.21.15.79:3300/0,v1:172.21.15.79:6789/0] conn(0x7f9c14070f40 0x7f9c141111e0 unknown :-1 s=BANNER_CONNECTING pgs=0 cs=0 l=1 rev1=0 crypto rx=0 tx=0 comp rx=0 tx=0)._handle_peer_banner_payload supported=3 required=0
2023-10-21T12:13:09.414 INFO:teuthology.orchestra.run.smithi079.stdout:/usr/bin/ceph: stderr
2023-10-21T12:13:08.779+0000 7f9c193ec700 1 --2- >> [v2:172.21.15.79:3300/0,v1:172.21.15.79:6789/0] conn(0x7f9c14070f40 0x7f9c141111e0 unknown :-1 s=HELLO_CONNECTING pgs=0 cs=0 l=1 rev1=1 crypto rx=0 tx=0 comp rx=0 tx=0).handle_hello peer v2:172.21.15.79:3300/0 says I am v2:172.21.15.79:48638/0 (socket says 172.21.15.79:48638)
2023-10-21T12:13:09.414 INFO:teuthology.orchestra.run.smithi079.stdout:/usr/bin/ceph: stderr
2023-10-21T12:13:08.779+0000 7f9c193ec700 1 -- 172.21.15.79:0/1031557514 learned_addr learned my addr 172.21.15.79:0/1031557514 (peer_addr_for_me v2:172.21.15.79:0/0)
2023-10-21T12:13:09.415 INFO:teuthology.orchestra.run.smithi079.stdout:/usr/bin/ceph: stderr
2023-10-21T12:13:08.779+0000 7f9c193ec700 1 -- 172.21.15.79:0/1031557514 --> [v2:172.21.15.79:3300/0,v1:172.21.15.79:6789/0] -- mon_subscribe({config=0+,monmap=0+}) v3 -- 0x7f9c040094f0 con 0x7f9c14070f40
2023-10-21T12:13:09.415 INFO:teuthology.orchestra.run.smithi079.stdout:/usr/bin/ceph: stderr
2023-10-21T12:13:08.779+0000 7f9c193ec700 1 --2- 172.21.15.79:0/1031557514 >> [v2:172.21.15.79:3300/0,v1:172.21.15.79:6789/0] conn(0x7f9c14070f40 0x7f9c141111e0 secure :-1 s=READY pgs=19 cs=0 l=1 rev1=1 crypto rx=0x7f9c04006d40 tx=0x7f9c04009250 comp rx=0 tx=0).ready entity=mon.0 client_cookie=0 server_cookie=0 in_seq=0 out_seq=0
2023-10-21T12:13:09.415 INFO:teuthology.orchestra.run.smithi079.stdout:/usr/bin/ceph: stderr
2023-10-21T12:13:08.780+0000 7f9c09ffb700 1 -- 172.21.15.79:0/1031557514 <== mon.0 v2:172.21.15.79:3300/0 1 ==== mon_map magic: 0 v1 ==== 229+0+0 (secure 0 0 0) 0x7f9c0400beb0 con 0x7f9c14070f40
2023-10-21T12:13:09.415 INFO:teuthology.orchestra.run.smithi079.stdout:/usr/bin/ceph: stderr
2023-10-21T12:13:08.780+0000 7f9c1b650700 1 -- 172.21.15.79:0/1031557514 --> [v2:172.21.15.79:3300/0,v1:172.21.15.79:6789/0] -- mon_subscribe({mgrmap=0+}) v3 -- 0x7f9c14111920 con 0x7f9c14070f40
2023-10-21T12:13:09.415 INFO:teuthology.orchestra.run.smithi079.stdout:/usr/bin/ceph: stderr
2023-10-21T12:13:08.780+0000 7f9c09ffb700 1 -- 172.21.15.79:0/1031557514 <== mon.0 v2:172.21.15.79:3300/0 2 ==== config(26 keys) v1 ==== 1009+0+0 (secure 0 0 0) 0x7f9c04010e80 con 0x7f9c14070f40
2023-10-21T12:13:09.416 INFO:teuthology.orchestra.run.smithi079.stdout:/usr/bin/ceph: stderr
2023-10-21T12:13:08.780+0000 7f9c09ffb700 1 -- 172.21.15.79:0/1031557514 <== mon.0 v2:172.21.15.79:3300/0 3 ==== mon_map magic: 0 v1 ==== 229+0+0 (secure 0 0 0) 0x7f9c04024e00 con 0x7f9c14070f40
2023-10-21T12:13:09.416 INFO:teuthology.orchestra.run.smithi079.stdout:/usr/bin/ceph: stderr
2023-10-21T12:13:08.780+0000 7f9c1b650700 1 -- 172.21.15.79:0/1031557514 --> [v2:172.21.15.79:3300/0,v1:172.21.15.79:6789/0] -- mon_subscribe({osdmap=0}) v3 -- 0x7f9c14111d30 con 0x7f9c14070f40
2023-10-21T12:13:09.416 INFO:teuthology.orchestra.run.smithi079.stdout:/usr/bin/ceph: stderr
2023-10-21T12:13:08.781+0000 7f9c09ffb700 1 -- 172.21.15.79:0/1031557514 <== mon.0 v2:172.21.15.79:3300/0 4 ==== mgrmap(e 3) v1 ==== 43163+0+0 (secure 0 0 0) 0x7f9c0401a4c0 con 0x7f9c14070f40
2023-10-21T12:13:09.416 INFO:teuthology.orchestra.run.smithi079.stdout:/usr/bin/ceph: stderr
2023-10-21T12:13:08.781+0000 7f9c09ffb700 1 --2- 172.21.15.79:0/1031557514 >> [v2:172.21.15.79:6800/1639377467,v1:172.21.15.79:6801/1639377467] conn(0x7f9c00036470 0x7f9c00038920 unknown :-1 s=NONE pgs=0 cs=0 l=1 rev1=0 crypto rx=0 tx=0 comp rx=0 tx=0).connect
2023-10-21T12:13:09.416 INFO:teuthology.orchestra.run.smithi079.stdout:/usr/bin/ceph: stderr
2023-10-21T12:13:08.781+0000 7f9c09ffb700 1 -- 172.21.15.79:0/1031557514 <== mon.0 v2:172.21.15.79:3300/0 5 ==== osd_map(1..1 src has 1..1) v4 ==== 721+0+0 (secure 0 0 0) 0x7f9c0404a390 con 0x7f9c14070f40
2023-10-21T12:13:09.416 INFO:teuthology.orchestra.run.smithi079.stdout:/usr/bin/ceph: stderr
2023-10-21T12:13:08.781+0000 7f9c1b650700 1 -- 172.21.15.79:0/1031557514 --> [v2:172.21.15.79:3300/0,v1:172.21.15.79:6789/0] -- mon_command({"prefix": "get_command_descriptions"} v 0) v1 -- 0x7f9c1404bb80 con 0x7f9c14070f40
2023-10-21T12:13:09.417 INFO:teuthology.orchestra.run.smithi079.stdout:/usr/bin/ceph: stderr
2023-10-21T12:13:08.781+0000 7f9c18beb700 1 --2- 172.21.15.79:0/1031557514 >> [v2:172.21.15.79:6800/1639377467,v1:172.21.15.79:6801/1639377467] conn(0x7f9c00036470 0x7f9c00038920 unknown :-1 s=BANNER_CONNECTING pgs=0 cs=0 l=1 rev1=0 crypto rx=0 tx=0 comp rx=0 tx=0)._handle_peer_banner_payload supported=3 required=0
2023-10-21T12:13:09.417 INFO:teuthology.orchestra.run.smithi079.stdout:/usr/bin/ceph: stderr
2023-10-21T12:13:08.781+0000 7f9c18beb700 1 --2- 172.21.15.79:0/1031557514 >> [v2:172.21.15.79:6800/1639377467,v1:172.21.15.79:6801/1639377467] conn(0x7f9c00036470 0x7f9c00038920 secure :-1 s=READY pgs=6 cs=0 l=1 rev1=1 crypto rx=0x7f9c10009990 tx=0x7f9c10006e40 comp rx=0 tx=0).ready entity=mgr.14100 client_cookie=0 server_cookie=0 in_seq=0 out_seq=0
2023-10-21T12:13:09.417 INFO:teuthology.orchestra.run.smithi079.stdout:/usr/bin/ceph: stderr
2023-10-21T12:13:08.786+0000 7f9c09ffb700 1 -- 172.21.15.79:0/1031557514 <== mon.0 v2:172.21.15.79:3300/0 6 ==== mon_command_ack([{"prefix": "get_command_descriptions"}]=0 v0) v1 ==== 72+0+174570 (secure 0 0 0) 0x7f9c04018940 con 0x7f9c14070f40
2023-10-21T12:13:09.417 INFO:teuthology.orchestra.run.smithi079.stdout:/usr/bin/ceph: stderr
2023-10-21T12:13:09.040+0000 7f9c1b650700 1 -- 172.21.15.79:0/1031557514 --> [v2:172.21.15.79:3300/0,v1:172.21.15.79:6789/0] -- mon_command({"prefix": "status", "format": "json-pretty"} v 0) v1 -- 0x7f9c1410aeb0 con 0x7f9c14070f40
2023-10-21T12:13:09.417 INFO:teuthology.orchestra.run.smithi079.stdout:/usr/bin/ceph: stderr
2023-10-21T12:13:09.040+0000 7f9c09ffb700 1 -- 172.21.15.79:0/1031557514 <== mon.0 v2:172.21.15.79:3300/0 7 ==== mon_command_ack([{"prefix": "status", "format": "json-pretty"}]=0 v0) v1 ==== 79+0+1248 (secure 0 0 0) 0x7f9c04018350 con 0x7f9c14070f40
2023-10-21T12:13:09.418 INFO:teuthology.orchestra.run.smithi079.stdout:/usr/bin/ceph: stderr
2023-10-21T12:13:09.042+0000 7f9c1b650700 1 -- 172.21.15.79:0/1031557514 >> [v2:172.21.15.79:6800/1639377467,v1:172.21.15.79:6801/1639377467] conn(0x7f9c00036470 msgr2=0x7f9c00038920 secure :-1 s=STATE_CONNECTION_ESTABLISHED l=1).mark_down
2023-10-21T12:13:09.418 INFO:teuthology.orchestra.run.smithi079.stdout:/usr/bin/ceph: stderr
2023-10-21T12:13:09.042+0000 7f9c1b650700 1 --2- 172.21.15.79:0/1031557514 >> [v2:172.21.15.79:6800/1639377467,v1:172.21.15.79:6801/1639377467] conn(0x7f9c00036470 0x7f9c00038920 secure :-1 s=READY pgs=6 cs=0 l=1 rev1=1 crypto rx=0x7f9c10009990 tx=0x7f9c10006e40 comp rx=0 tx=0).stop
2023-10-21T12:13:09.418 INFO:teuthology.orchestra.run.smithi079.stdout:/usr/bin/ceph: stderr
2023-10-21T12:13:09.042+0000 7f9c1b650700 1 -- 172.21.15.79:0/1031557514 >> [v2:172.21.15.79:3300/0,v1:172.21.15.79:6789/0] conn(0x7f9c14070f40 msgr2=0x7f9c141111e0 secure :-1 s=STATE_CONNECTION_ESTABLISHED l=1).mark_down
2023-10-21T12:13:09.418 INFO:teuthology.orchestra.run.smithi079.stdout:/usr/bin/ceph: stderr
2023-10-21T12:13:09.042+0000 7f9c1b650700 1 --2- 172.21.15.79:0/1031557514 >> [v2:172.21.15.79:3300/0,v1:172.21.15.79:6789/0] conn(0x7f9c14070f40 0x7f9c141111e0 secure :-1 s=READY pgs=19 cs=0 l=1 rev1=1 crypto rx=0x7f9c04006d40 tx=0x7f9c04009250 comp rx=0 tx=0).stop
2023-10-21T12:13:09.418 INFO:teuthology.orchestra.run.smithi079.stdout:/usr/bin/ceph: stderr
2023-10-21T12:13:09.042+0000 7f9c1b650700 1 -- 172.21.15.79:0/1031557514 shutdown_connections
2023-10-21T12:13:09.419 INFO:teuthology.orchestra.run.smithi079.stdout:/usr/bin/ceph: stderr
2023-10-21T12:13:09.042+0000 7f9c1b650700 1 --2- 172.21.15.79:0/1031557514 >> [v2:172.21.15.79:6800/1639377467,v1:172.21.15.79:6801/1639377467] conn(0x7f9c00036470 0x7f9c00038920 unknown :-1 s=CLOSED pgs=6 cs=0 l=1 rev1=1 crypto rx=0 tx=0 comp rx=0 tx=0).stop
2023-10-21T12:13:09.419 INFO:teuthology.orchestra.run.smithi079.stdout:/usr/bin/ceph: stderr
2023-10-21T12:13:09.042+0000 7f9c1b650700 1 --2- 172.21.15.79:0/1031557514 >> [v2:172.21.15.79:3300/0,v1:172.21.15.79:6789/0] conn(0x7f9c14070f40 0x7f9c141111e0 unknown :-1 s=CLOSED pgs=19 cs=0 l=1 rev1=1 crypto rx=0 tx=0 comp rx=0 tx=0).stop
2023-10-21T12:13:09.419 INFO:teuthology.orchestra.run.smithi079.stdout:/usr/bin/ceph: stderr
2023-10-21T12:13:09.042+0000 7f9c1b650700 1 -- 172.21.15.79:0/1031557514 >> 172.21.15.79:0/1031557514 conn(0x7f9c140fc970 msgr2=0x7f9c140fe1e0 unknown :-1 s=STATE_NONE l=0).mark_down
2023-10-21T12:13:09.419 INFO:teuthology.orchestra.run.smithi079.stdout:/usr/bin/ceph: stderr
2023-10-21T12:13:09.042+0000 7f9c1b650700 1 -- 172.21.15.79:0/1031557514 shutdown_connections
2023-10-21T12:13:09.419 INFO:teuthology.orchestra.run.smithi079.stdout:/usr/bin/ceph: stderr
2023-10-21T12:13:09.042+0000 7f9c1b650700 1 -- 172.21.15.79:0/1031557514 wait complete.
2023-10-21T12:13:09.420 INFO:teuthology.orchestra.run.smithi079.stdout:mgr is available
2023-10-21T12:13:09.924 INFO:journalctl@ceph.mon.smithi079.smithi079.stdout:Oct 21 12:13:09 smithi079 ceph-mon[112783]: from='client.? 172.21.15.79:0/1031557514' entity='client.admin' cmd=[{"prefix": "status", "format": "json-pretty"}]: dispatch
2023-10-21T12:13:09.925 INFO:journalctl@ceph.mon.smithi079.smithi079.stdout:Oct 21 12:13:09 smithi079 ceph-mon[112783]: mgrmap e4: smithi079.ntygju(active, since 3s)
2023-10-21T12:13:10.243 INFO:teuthology.orchestra.run.smithi079.stdout:/usr/bin/ceph: stdout
2023-10-21T12:13:10.243 INFO:teuthology.orchestra.run.smithi079.stdout:/usr/bin/ceph: stdout [global]
2023-10-21T12:13:10.244 INFO:teuthology.orchestra.run.smithi079.stdout:/usr/bin/ceph: stdout fsid = 0a9d5f74-700b-11ee-8db6-212e2dc638e7
2023-10-21T12:13:10.244 INFO:teuthology.orchestra.run.smithi079.stdout:/usr/bin/ceph: stdout mon_osd_allow_pg_remap = true
2023-10-21T12:13:10.244 INFO:teuthology.orchestra.run.smithi079.stdout:/usr/bin/ceph: stdout mon_osd_allow_primary_affinity = true
2023-10-21T12:13:10.244 INFO:teuthology.orchestra.run.smithi079.stdout:/usr/bin/ceph: stdout mon_warn_on_no_sortbitwise = false
2023-10-21T12:13:10.244 INFO:teuthology.orchestra.run.smithi079.stdout:/usr/bin/ceph: stdout osd_crush_chooseleaf_type = 0
2023-10-21T12:13:10.245 INFO:teuthology.orchestra.run.smithi079.stdout:/usr/bin/ceph: stdout
2023-10-21T12:13:10.245 INFO:teuthology.orchestra.run.smithi079.stdout:/usr/bin/ceph: stdout [mgr]
2023-10-21T12:13:10.245 INFO:teuthology.orchestra.run.smithi079.stdout:/usr/bin/ceph: stdout mgr/telemetry/nag = false
2023-10-21T12:13:10.245 INFO:teuthology.orchestra.run.smithi079.stdout:/usr/bin/ceph: stdout
2023-10-21T12:13:10.245 INFO:teuthology.orchestra.run.smithi079.stdout:/usr/bin/ceph: stdout [osd]
2023-10-21T12:13:10.246 INFO:teuthology.orchestra.run.smithi079.stdout:/usr/bin/ceph: stdout mon_osd_backfillfull_ratio = 0.85
2023-10-21T12:13:10.246 INFO:teuthology.orchestra.run.smithi079.stdout:/usr/bin/ceph: stdout mon_osd_full_ratio = 0.9
2023-10-21T12:13:10.246 INFO:teuthology.orchestra.run.smithi079.stdout:/usr/bin/ceph: stdout mon_osd_nearfull_ratio = 0.8
2023-10-21T12:13:10.246 INFO:teuthology.orchestra.run.smithi079.stdout:/usr/bin/ceph: stdout osd_map_max_advance = 10
2023-10-21T12:13:10.246 INFO:teuthology.orchestra.run.smithi079.stdout:/usr/bin/ceph: stdout osd_sloppy_crc = true
2023-10-21T12:13:10.247 INFO:teuthology.orchestra.run.smithi079.stdout:/usr/bin/ceph: stderr
2023-10-21T12:13:09.708+0000 7f6624f33700 1 Processor -- start
2023-10-21T12:13:10.247 INFO:teuthology.orchestra.run.smithi079.stdout:/usr/bin/ceph: stderr
2023-10-21T12:13:09.708+0000 7f6624f33700 1 -- start start
2023-10-21T12:13:10.247 INFO:teuthology.orchestra.run.smithi079.stdout:/usr/bin/ceph: stderr
2023-10-21T12:13:09.709+0000 7f6624f33700 1 --2- >> [v2:172.21.15.79:3300/0,v1:172.21.15.79:6789/0] conn(0x7f66201011d0 0x7f66201015e0 unknown :-1 s=NONE pgs=0 cs=0 l=0 rev1=0 crypto rx=0 tx=0 comp rx=0 tx=0).connect
2023-10-21T12:13:10.247 INFO:teuthology.orchestra.run.smithi079.stdout:/usr/bin/ceph: stderr
2023-10-21T12:13:09.709+0000 7f6624f33700 1 -- --> [v2:172.21.15.79:3300/0,v1:172.21.15.79:6789/0] -- mon_getmap magic: 0 v1 -- 0x7f6620101b20 con 0x7f66201011d0
2023-10-21T12:13:10.248 INFO:teuthology.orchestra.run.smithi079.stdout:/usr/bin/ceph: stderr
2023-10-21T12:13:09.709+0000 7f661e59c700 1 --2- >> [v2:172.21.15.79:3300/0,v1:172.21.15.79:6789/0] conn(0x7f66201011d0 0x7f66201015e0 unknown :-1 s=BANNER_CONNECTING pgs=0 cs=0 l=0 rev1=0 crypto rx=0 tx=0 comp rx=0 tx=0)._handle_peer_banner_payload supported=3 required=0
2023-10-21T12:13:10.248 INFO:teuthology.orchestra.run.smithi079.stdout:/usr/bin/ceph: stderr
2023-10-21T12:13:09.709+0000 7f661e59c700 1 --2- >> [v2:172.21.15.79:3300/0,v1:172.21.15.79:6789/0] conn(0x7f66201011d0 0x7f66201015e0 unknown :-1 s=HELLO_CONNECTING pgs=0 cs=0 l=0 rev1=1 crypto rx=0 tx=0 comp rx=0 tx=0).handle_hello peer v2:172.21.15.79:3300/0 says I am v2:172.21.15.79:48640/0 (socket says 172.21.15.79:48640)
2023-10-21T12:13:10.248 INFO:teuthology.orchestra.run.smithi079.stdout:/usr/bin/ceph: stderr
2023-10-21T12:13:09.709+0000 7f661e59c700 1 -- 172.21.15.79:0/1950887837 learned_addr learned my addr 172.21.15.79:0/1950887837 (peer_addr_for_me v2:172.21.15.79:0/0)
2023-10-21T12:13:10.248 INFO:teuthology.orchestra.run.smithi079.stdout:/usr/bin/ceph: stderr
2023-10-21T12:13:09.709+0000 7f661e59c700 1 -- 172.21.15.79:0/1950887837 --> [v2:172.21.15.79:3300/0,v1:172.21.15.79:6789/0] -- mon_subscribe({config=0+,monmap=0+}) v3 -- 0x7f6620101c60 con 0x7f66201011d0
2023-10-21T12:13:10.248 INFO:teuthology.orchestra.run.smithi079.stdout:/usr/bin/ceph: stderr
2023-10-21T12:13:09.709+0000 7f661e59c700 1 --2- 172.21.15.79:0/1950887837 >> [v2:172.21.15.79:3300/0,v1:172.21.15.79:6789/0] conn(0x7f66201011d0 0x7f66201015e0 secure :-1 s=READY pgs=20 cs=0 l=1 rev1=1 crypto rx=0x7f66140098e0 tx=0x7f6614009250 comp rx=0 tx=0).ready entity=mon.0 client_cookie=e75444d4fd98a3fe server_cookie=0 in_seq=0 out_seq=0
2023-10-21T12:13:10.249 INFO:teuthology.orchestra.run.smithi079.stdout:/usr/bin/ceph: stderr
2023-10-21T12:13:09.709+0000 7f661d59a700 1 -- 172.21.15.79:0/1950887837 <== mon.0 v2:172.21.15.79:3300/0 1 ==== mon_map magic: 0 v1 ==== 229+0+0 (secure 0 0 0) 0x7f661400b860 con 0x7f66201011d0
2023-10-21T12:13:10.249 INFO:teuthology.orchestra.run.smithi079.stdout:/usr/bin/ceph: stderr
2023-10-21T12:13:09.709+0000 7f661d59a700 1 -- 172.21.15.79:0/1950887837 <== mon.0 v2:172.21.15.79:3300/0 2 ==== config(26 keys) v1 ==== 1009+0+0 (secure 0 0 0) 0x7f661400be30 con 0x7f66201011d0
2023-10-21T12:13:10.249 INFO:teuthology.orchestra.run.smithi079.stdout:/usr/bin/ceph: stderr
2023-10-21T12:13:09.709+0000 7f661d59a700 1 -- 172.21.15.79:0/1950887837 <== mon.0 v2:172.21.15.79:3300/0 3 ==== mon_map magic: 0 v1 ==== 229+0+0 (secure 0 0 0) 0x7f6614010380 con 0x7f66201011d0
2023-10-21T12:13:10.249 INFO:teuthology.orchestra.run.smithi079.stdout:/usr/bin/ceph: stderr
2023-10-21T12:13:09.710+0000 7f6624f33700 1 -- 172.21.15.79:0/1950887837 >> [v2:172.21.15.79:3300/0,v1:172.21.15.79:6789/0] conn(0x7f66201011d0 msgr2=0x7f66201015e0 secure :-1 s=STATE_CONNECTION_ESTABLISHED l=1).mark_down
2023-10-21T12:13:10.249 INFO:teuthology.orchestra.run.smithi079.stdout:/usr/bin/ceph: stderr
2023-10-21T12:13:09.710+0000 7f6624f33700 1 --2- 172.21.15.79:0/1950887837 >> [v2:172.21.15.79:3300/0,v1:172.21.15.79:6789/0] conn(0x7f66201011d0 0x7f66201015e0 secure :-1 s=READY pgs=20 cs=0 l=1 rev1=1 crypto rx=0x7f66140098e0 tx=0x7f6614009250 comp rx=0 tx=0).stop
2023-10-21T12:13:10.250 INFO:teuthology.orchestra.run.smithi079.stdout:/usr/bin/ceph: stderr
2023-10-21T12:13:09.710+0000 7f6624f33700 1 -- 172.21.15.79:0/1950887837 shutdown_connections
2023-10-21T12:13:10.250 INFO:teuthology.orchestra.run.smithi079.stdout:/usr/bin/ceph: stderr
2023-10-21T12:13:09.710+0000 7f6624f33700 1 --2- 172.21.15.79:0/1950887837 >> [v2:172.21.15.79:3300/0,v1:172.21.15.79:6789/0] conn(0x7f66201011d0 0x7f66201015e0 unknown :-1 s=CLOSED pgs=20 cs=0 l=1 rev1=1 crypto rx=0 tx=0 comp rx=0 tx=0).stop
2023-10-21T12:13:10.250 INFO:teuthology.orchestra.run.smithi079.stdout:/usr/bin/ceph: stderr
2023-10-21T12:13:09.710+0000 7f6624f33700 1 -- 172.21.15.79:0/1950887837 >> 172.21.15.79:0/1950887837 conn(0x7f66200fc970 msgr2=0x7f66200fed80 unknown :-1 s=STATE_NONE l=0).mark_down
2023-10-21T12:13:10.250 INFO:teuthology.orchestra.run.smithi079.stdout:/usr/bin/ceph: stderr
2023-10-21T12:13:09.710+0000 7f6624f33700 1 -- 172.21.15.79:0/1950887837 shutdown_connections
2023-10-21T12:13:10.250 INFO:teuthology.orchestra.run.smithi079.stdout:/usr/bin/ceph: stderr
2023-10-21T12:13:09.710+0000 7f6624f33700 1 -- 172.21.15.79:0/1950887837 wait complete.
2023-10-21T12:13:10.251 INFO:teuthology.orchestra.run.smithi079.stdout:/usr/bin/ceph: stderr
2023-10-21T12:13:09.711+0000 7f6624f33700 1 Processor -- start
2023-10-21T12:13:10.251 INFO:teuthology.orchestra.run.smithi079.stdout:/usr/bin/ceph: stderr
2023-10-21T12:13:09.711+0000 7f6624f33700 1 -- start start
2023-10-21T12:13:10.251 INFO:teuthology.orchestra.run.smithi079.stdout:/usr/bin/ceph: stderr
2023-10-21T12:13:09.711+0000 7f6624f33700 1 --2- >> [v2:172.21.15.79:3300/0,v1:172.21.15.79:6789/0] conn(0x7f66201011d0 0x7f6620111150 unknown :-1 s=NONE pgs=0 cs=0 l=1 rev1=0 crypto rx=0 tx=0 comp rx=0 tx=0).connect
2023-10-21T12:13:10.251 INFO:teuthology.orchestra.run.smithi079.stdout:/usr/bin/ceph: stderr
2023-10-21T12:13:09.711+0000 7f6624f33700 1 -- --> [v2:172.21.15.79:3300/0,v1:172.21.15.79:6789/0] -- mon_getmap magic: 0 v1 -- 0x7f6620111690 con 0x7f66201011d0
2023-10-21T12:13:10.251 INFO:teuthology.orchestra.run.smithi079.stdout:/usr/bin/ceph: stderr
2023-10-21T12:13:09.711+0000 7f661e59c700 1 --2- >> [v2:172.21.15.79:3300/0,v1:172.21.15.79:6789/0] conn(0x7f66201011d0 0x7f6620111150 unknown :-1 s=BANNER_CONNECTING pgs=0 cs=0 l=1 rev1=0 crypto rx=0 tx=0 comp rx=0 tx=0)._handle_peer_banner_payload supported=3 required=0
2023-10-21T12:13:10.252 INFO:teuthology.orchestra.run.smithi079.stdout:/usr/bin/ceph: stderr
2023-10-21T12:13:09.711+0000 7f661e59c700 1 --2- >> [v2:172.21.15.79:3300/0,v1:172.21.15.79:6789/0] conn(0x7f66201011d0 0x7f6620111150 unknown :-1 s=HELLO_CONNECTING pgs=0 cs=0 l=1 rev1=1 crypto rx=0 tx=0 comp rx=0 tx=0).handle_hello peer v2:172.21.15.79:3300/0 says I am v2:172.21.15.79:48644/0 (socket says 172.21.15.79:48644)
2023-10-21T12:13:10.252 INFO:teuthology.orchestra.run.smithi079.stdout:/usr/bin/ceph: stderr
2023-10-21T12:13:09.711+0000 7f661e59c700 1 -- 172.21.15.79:0/1955389818 learned_addr learned my addr 172.21.15.79:0/1955389818 (peer_addr_for_me v2:172.21.15.79:0/0)
2023-10-21T12:13:10.252 INFO:teuthology.orchestra.run.smithi079.stdout:/usr/bin/ceph: stderr
2023-10-21T12:13:09.711+0000 7f661e59c700 1 -- 172.21.15.79:0/1955389818 --> [v2:172.21.15.79:3300/0,v1:172.21.15.79:6789/0] -- mon_subscribe({config=0+,monmap=0+}) v3 -- 0x7f66140094f0 con 0x7f66201011d0
2023-10-21T12:13:10.252 INFO:teuthology.orchestra.run.smithi079.stdout:/usr/bin/ceph: stderr
2023-10-21T12:13:09.711+0000 7f661e59c700 1 --2- 172.21.15.79:0/1955389818 >> [v2:172.21.15.79:3300/0,v1:172.21.15.79:6789/0] conn(0x7f66201011d0 0x7f6620111150 secure :-1 s=READY pgs=21 cs=0 l=1 rev1=1 crypto rx=0x7f6614006b00 tx=0x7f6614009250 comp rx=0 tx=0).ready entity=mon.0 client_cookie=0 server_cookie=0 in_seq=0 out_seq=0
2023-10-21T12:13:10.252 INFO:teuthology.orchestra.run.smithi079.stdout:/usr/bin/ceph: stderr
2023-10-21T12:13:09.711+0000 7f660effd700 1 -- 172.21.15.79:0/1955389818 <== mon.0 v2:172.21.15.79:3300/0 1 ==== mon_map magic: 0 v1 ==== 229+0+0 (secure 0 0 0) 0x7f66140109b0 con 0x7f66201011d0
2023-10-21T12:13:10.253 INFO:teuthology.orchestra.run.smithi079.stdout:/usr/bin/ceph: stderr
2023-10-21T12:13:09.711+0000 7f660effd700 1 -- 172.21.15.79:0/1955389818 <== mon.0 v2:172.21.15.79:3300/0 2 ==== config(26 keys) v1 ==== 1009+0+0 (secure 0 0 0) 0x7f6614024440 con 0x7f66201011d0
2023-10-21T12:13:10.253 INFO:teuthology.orchestra.run.smithi079.stdout:/usr/bin/ceph: stderr
2023-10-21T12:13:09.711+0000 7f6624f33700 1 -- 172.21.15.79:0/1955389818 --> [v2:172.21.15.79:3300/0,v1:172.21.15.79:6789/0] -- mon_subscribe({mgrmap=0+}) v3 -- 0x7f6620111890 con 0x7f66201011d0
2023-10-21T12:13:10.253 INFO:teuthology.orchestra.run.smithi079.stdout:/usr/bin/ceph: stderr
2023-10-21T12:13:09.711+0000 7f660effd700 1 -- 172.21.15.79:0/1955389818 <== mon.0 v2:172.21.15.79:3300/0 3 ==== mon_map magic: 0 v1 ==== 229+0+0 (secure 0 0 0) 0x7f661401a5f0 con 0x7f66201011d0
2023-10-21T12:13:10.253 INFO:teuthology.orchestra.run.smithi079.stdout:/usr/bin/ceph: stderr
2023-10-21T12:13:09.711+0000 7f6624f33700 1 -- 172.21.15.79:0/1955389818 --> [v2:172.21.15.79:3300/0,v1:172.21.15.79:6789/0] -- mon_subscribe({osdmap=0}) v3 -- 0x7f6620111ca0 con 0x7f66201011d0
2023-10-21T12:13:10.253 INFO:teuthology.orchestra.run.smithi079.stdout:/usr/bin/ceph: stderr
2023-10-21T12:13:09.712+0000 7f660effd700 1 -- 172.21.15.79:0/1955389818 <== mon.0 v2:172.21.15.79:3300/0 4 ==== mgrmap(e 4) v1 ==== 43269+0+0 (secure 0 0 0) 0x7f6614010b10 con 0x7f66201011d0
2023-10-21T12:13:10.253 INFO:teuthology.orchestra.run.smithi079.stdout:/usr/bin/ceph: stderr
2023-10-21T12:13:09.712+0000 7f660effd700 1 --2- 172.21.15.79:0/1955389818 >> [v2:172.21.15.79:6800/1639377467,v1:172.21.15.79:6801/1639377467] conn(0x7f66080365a0 0x7f6608038a50 unknown :-1 s=NONE pgs=0 cs=0 l=1 rev1=0 crypto rx=0 tx=0 comp rx=0 tx=0).connect
2023-10-21T12:13:10.254 INFO:teuthology.orchestra.run.smithi079.stdout:/usr/bin/ceph: stderr
2023-10-21T12:13:09.712+0000 7f6624f33700 1 -- 172.21.15.79:0/1955389818 --> [v2:172.21.15.79:3300/0,v1:172.21.15.79:6789/0] -- mon_command({"prefix": "get_command_descriptions"} v 0) v1 -- 0x7f662004bb80 con 0x7f66201011d0
2023-10-21T12:13:10.254 INFO:teuthology.orchestra.run.smithi079.stdout:/usr/bin/ceph: stderr
2023-10-21T12:13:09.712+0000 7f660effd700 1 -- 172.21.15.79:0/1955389818 <== mon.0 v2:172.21.15.79:3300/0 5 ==== osd_map(1..1 src has 1..1) v4 ==== 721+0+0 (secure 0 0 0) 0x7f661404a550 con 0x7f66201011d0
2023-10-21T12:13:10.254 INFO:teuthology.orchestra.run.smithi079.stdout:/usr/bin/ceph: stderr
2023-10-21T12:13:09.712+0000 7f661dd9b700 1 --2- 172.21.15.79:0/1955389818 >> [v2:172.21.15.79:6800/1639377467,v1:172.21.15.79:6801/1639377467] conn(0x7f66080365a0 0x7f6608038a50 unknown :-1 s=BANNER_CONNECTING pgs=0 cs=0 l=1 rev1=0 crypto rx=0 tx=0 comp rx=0 tx=0)._handle_peer_banner_payload supported=3 required=0
2023-10-21T12:13:10.254 INFO:teuthology.orchestra.run.smithi079.stdout:/usr/bin/ceph: stderr
2023-10-21T12:13:09.713+0000 7f661dd9b700 1 --2- 172.21.15.79:0/1955389818 >> [v2:172.21.15.79:6800/1639377467,v1:172.21.15.79:6801/1639377467] conn(0x7f66080365a0 0x7f6608038a50 secure :-1 s=READY pgs=7 cs=0 l=1 rev1=1 crypto rx=0x7f6610009990 tx=0x7f6610006e40 comp rx=0 tx=0).ready entity=mgr.14100 client_cookie=0 server_cookie=0 in_seq=0 out_seq=0
2023-10-21T12:13:10.254 INFO:teuthology.orchestra.run.smithi079.stdout:/usr/bin/ceph: stderr
2023-10-21T12:13:09.717+0000 7f660effd700 1 -- 172.21.15.79:0/1955389818 <== mon.0 v2:172.21.15.79:3300/0 6 ==== mon_command_ack([{"prefix": "get_command_descriptions"}]=0 v0) v1 ==== 72+0+174570 (secure 0 0 0) 0x7f661402d3f0 con 0x7f66201011d0
2023-10-21T12:13:10.255 INFO:teuthology.orchestra.run.smithi079.stdout:/usr/bin/ceph: stderr
2023-10-21T12:13:09.898+0000 7f6624f33700 1 -- 172.21.15.79:0/1955389818 --> [v2:172.21.15.79:3300/0,v1:172.21.15.79:6789/0] -- mon_command({"prefix": "config assimilate-conf"} v 0) v1 -- 0x7f66201126f0 con 0x7f66201011d0
2023-10-21T12:13:10.255 INFO:teuthology.orchestra.run.smithi079.stdout:/usr/bin/ceph: stderr
2023-10-21T12:13:09.899+0000 7f660effd700 1 -- 172.21.15.79:0/1955389818 <== mon.0 v2:172.21.15.79:3300/0 7 ==== mon_command_ack([{"prefix": "config assimilate-conf"}]=0 v3) v1 ==== 70+0+373 (secure 0 0 0) 0x7f66140233a0 con 0x7f66201011d0
2023-10-21T12:13:10.255 INFO:teuthology.orchestra.run.smithi079.stdout:/usr/bin/ceph: stderr
2023-10-21T12:13:09.901+0000 7f6624f33700 1 -- 172.21.15.79:0/1955389818 >> [v2:172.21.15.79:6800/1639377467,v1:172.21.15.79:6801/1639377467] conn(0x7f66080365a0 msgr2=0x7f6608038a50 secure :-1 s=STATE_CONNECTION_ESTABLISHED l=1).mark_down
2023-10-21T12:13:10.255 INFO:teuthology.orchestra.run.smithi079.stdout:/usr/bin/ceph: stderr
2023-10-21T12:13:09.901+0000 7f6624f33700 1 --2- 172.21.15.79:0/1955389818 >> [v2:172.21.15.79:6800/1639377467,v1:172.21.15.79:6801/1639377467] conn(0x7f66080365a0 0x7f6608038a50 secure :-1 s=READY pgs=7 cs=0 l=1 rev1=1 crypto rx=0x7f6610009990 tx=0x7f6610006e40 comp rx=0 tx=0).stop
2023-10-21T12:13:10.255 INFO:teuthology.orchestra.run.smithi079.stdout:/usr/bin/ceph: stderr
2023-10-21T12:13:09.901+0000 7f6624f33700 1 -- 172.21.15.79:0/1955389818 >> [v2:172.21.15.79:3300/0,v1:172.21.15.79:6789/0] conn(0x7f66201011d0 msgr2=0x7f6620111150 secure :-1 s=STATE_CONNECTION_ESTABLISHED l=1).mark_down
2023-10-21T12:13:10.256 INFO:teuthology.orchestra.run.smithi079.stdout:/usr/bin/ceph: stderr
2023-10-21T12:13:09.901+0000 7f6624f33700 1 --2- 172.21.15.79:0/1955389818 >> [v2:172.21.15.79:3300/0,v1:172.21.15.79:6789/0] conn(0x7f66201011d0 0x7f6620111150 secure :-1 s=READY pgs=21 cs=0 l=1 rev1=1 crypto rx=0x7f6614006b00 tx=0x7f6614009250 comp rx=0 tx=0).stop
2023-10-21T12:13:10.256 INFO:teuthology.orchestra.run.smithi079.stdout:/usr/bin/ceph: stderr
2023-10-21T12:13:09.901+0000 7f6624f33700 1 -- 172.21.15.79:0/1955389818 shutdown_connections
2023-10-21T12:13:10.256 INFO:teuthology.orchestra.run.smithi079.stdout:/usr/bin/ceph: stderr
2023-10-21T12:13:09.901+0000 7f6624f33700 1 --2- 172.21.15.79:0/1955389818 >> [v2:172.21.15.79:6800/1639377467,v1:172.21.15.79:6801/1639377467] conn(0x7f66080365a0 0x7f6608038a50 unknown :-1 s=CLOSED pgs=7 cs=0 l=1 rev1=1 crypto rx=0 tx=0 comp rx=0 tx=0).stop
2023-10-21T12:13:10.256 INFO:teuthology.orchestra.run.smithi079.stdout:/usr/bin/ceph: stderr
2023-10-21T12:13:09.901+0000 7f6624f33700 1 --2- 172.21.15.79:0/1955389818 >> [v2:172.21.15.79:3300/0,v1:172.21.15.79:6789/0] conn(0x7f66201011d0 0x7f6620111150 unknown :-1 s=CLOSED pgs=21 cs=0 l=1 rev1=1 crypto rx=0 tx=0 comp rx=0 tx=0).stop
2023-10-21T12:13:10.256 INFO:teuthology.orchestra.run.smithi079.stdout:/usr/bin/ceph: stderr
2023-10-21T12:13:09.901+0000 7f6624f33700 1 -- 172.21.15.79:0/1955389818 >> 172.21.15.79:0/1955389818 conn(0x7f66200fc970 msgr2=0x7f6620070b90 unknown :-1 s=STATE_NONE l=0).mark_down
2023-10-21T12:13:10.257 INFO:teuthology.orchestra.run.smithi079.stdout:/usr/bin/ceph: stderr
2023-10-21T12:13:09.901+0000 7f6624f33700 1 -- 172.21.15.79:0/1955389818 shutdown_connections
2023-10-21T12:13:10.257 INFO:teuthology.orchestra.run.smithi079.stdout:/usr/bin/ceph: stderr
2023-10-21T12:13:09.901+0000 7f6624f33700 1 -- 172.21.15.79:0/1955389818 wait complete.
2023-10-21T12:13:10.257 INFO:teuthology.orchestra.run.smithi079.stdout:Enabling cephadm module...
2023-10-21T12:13:11.136 INFO:journalctl@ceph.mon.smithi079.smithi079.stdout:Oct 21 12:13:10 smithi079 ceph-mon[112783]: from='client.? 172.21.15.79:0/1955389818' entity='client.admin' cmd=[{"prefix": "config assimilate-conf"}]: dispatch
2023-10-21T12:13:11.949 INFO:journalctl@ceph.mon.smithi079.smithi079.stdout:Oct 21 12:13:11 smithi079 ceph-mon[112783]: from='client.? 172.21.15.79:0/704026417' entity='client.admin' cmd=[{"prefix": "mgr module enable", "module": "cephadm"}]: dispatch
2023-10-21T12:13:12.024 INFO:teuthology.orchestra.run.smithi079.stdout:/usr/bin/ceph: stderr
2023-10-21T12:13:10.576+0000 7f0cfc449700 1 Processor -- start
2023-10-21T12:13:12.025 INFO:teuthology.orchestra.run.smithi079.stdout:/usr/bin/ceph: stderr
2023-10-21T12:13:10.576+0000 7f0cfc449700 1 -- start start
2023-10-21T12:13:12.025 INFO:teuthology.orchestra.run.smithi079.stdout:/usr/bin/ceph: stderr
2023-10-21T12:13:10.576+0000 7f0cfc449700 1 --2- >> [v2:172.21.15.79:3300/0,v1:172.21.15.79:6789/0] conn(0x7f0cf41011c0 0x7f0cf41015d0 unknown :-1 s=NONE pgs=0 cs=0 l=0 rev1=0 crypto rx=0 tx=0 comp rx=0 tx=0).connect
2023-10-21T12:13:12.025 INFO:teuthology.orchestra.run.smithi079.stdout:/usr/bin/ceph: stderr
2023-10-21T12:13:10.576+0000 7f0cfc449700 1 -- --> [v2:172.21.15.79:3300/0,v1:172.21.15.79:6789/0] -- mon_getmap magic: 0 v1 -- 0x7f0cf4101b10 con 0x7f0cf41011c0
2023-10-21T12:13:12.025 INFO:teuthology.orchestra.run.smithi079.stdout:/usr/bin/ceph: stderr
2023-10-21T12:13:10.577+0000 7f0cfa1e5700 1 --2- >> [v2:172.21.15.79:3300/0,v1:172.21.15.79:6789/0] conn(0x7f0cf41011c0 0x7f0cf41015d0 unknown :-1 s=BANNER_CONNECTING pgs=0 cs=0 l=0 rev1=0 crypto rx=0 tx=0 comp rx=0 tx=0)._handle_peer_banner_payload supported=3 required=0
2023-10-21T12:13:12.026 INFO:teuthology.orchestra.run.smithi079.stdout:/usr/bin/ceph: stderr
2023-10-21T12:13:10.577+0000 7f0cfa1e5700 1 --2- >> [v2:172.21.15.79:3300/0,v1:172.21.15.79:6789/0] conn(0x7f0cf41011c0 0x7f0cf41015d0 unknown :-1 s=HELLO_CONNECTING pgs=0 cs=0 l=0 rev1=1 crypto rx=0 tx=0 comp rx=0 tx=0).handle_hello peer v2:172.21.15.79:3300/0 says I am v2:172.21.15.79:33336/0 (socket says 172.21.15.79:33336)
2023-10-21T12:13:12.026 INFO:teuthology.orchestra.run.smithi079.stdout:/usr/bin/ceph: stderr
2023-10-21T12:13:10.577+0000 7f0cfa1e5700 1 -- 172.21.15.79:0/2426946269 learned_addr learned my addr 172.21.15.79:0/2426946269 (peer_addr_for_me v2:172.21.15.79:0/0)
2023-10-21T12:13:12.026 INFO:teuthology.orchestra.run.smithi079.stdout:/usr/bin/ceph: stderr
2023-10-21T12:13:10.577+0000 7f0cfa1e5700 1 -- 172.21.15.79:0/2426946269 --> [v2:172.21.15.79:3300/0,v1:172.21.15.79:6789/0] -- mon_subscribe({config=0+,monmap=0+}) v3 -- 0x7f0cf4101c50 con 0x7f0cf41011c0
2023-10-21T12:13:12.026 INFO:teuthology.orchestra.run.smithi079.stdout:/usr/bin/ceph: stderr
2023-10-21T12:13:10.577+0000 7f0cfa1e5700 1 --2- 172.21.15.79:0/2426946269 >> [v2:172.21.15.79:3300/0,v1:172.21.15.79:6789/0] conn(0x7f0cf41011c0 0x7f0cf41015d0 secure :-1 s=READY pgs=22 cs=0 l=1 rev1=1 crypto rx=0x7f0ce40098e0 tx=0x7f0ce4009250 comp rx=0 tx=0).ready entity=mon.0 client_cookie=c901f24d1990cfee server_cookie=0 in_seq=0 out_seq=0
2023-10-21T12:13:12.026 INFO:teuthology.orchestra.run.smithi079.stdout:/usr/bin/ceph: stderr
2023-10-21T12:13:10.577+0000 7f0cf91e3700 1 -- 172.21.15.79:0/2426946269 <== mon.0 v2:172.21.15.79:3300/0 1 ==== mon_map magic: 0 v1 ==== 229+0+0 (secure 0 0 0) 0x7f0ce400b860 con 0x7f0cf41011c0
2023-10-21T12:13:12.027 INFO:teuthology.orchestra.run.smithi079.stdout:/usr/bin/ceph: stderr
2023-10-21T12:13:10.577+0000 7f0cf91e3700 1 -- 172.21.15.79:0/2426946269 <== mon.0 v2:172.21.15.79:3300/0 2 ==== config(26 keys) v1 ==== 1009+0+0 (secure 0 0 0) 0x7f0ce400be30 con 0x7f0cf41011c0
2023-10-21T12:13:12.027 INFO:teuthology.orchestra.run.smithi079.stdout:/usr/bin/ceph: stderr
2023-10-21T12:13:10.577+0000 7f0cf91e3700 1 -- 172.21.15.79:0/2426946269 <== mon.0 v2:172.21.15.79:3300/0 3 ==== mon_map magic: 0 v1 ==== 229+0+0 (secure 0 0 0) 0x7f0ce4010380 con 0x7f0cf41011c0
2023-10-21T12:13:12.027 INFO:teuthology.orchestra.run.smithi079.stdout:/usr/bin/ceph: stderr
2023-10-21T12:13:10.578+0000 7f0cfc449700 1 -- 172.21.15.79:0/2426946269 >> [v2:172.21.15.79:3300/0,v1:172.21.15.79:6789/0] conn(0x7f0cf41011c0 msgr2=0x7f0cf41015d0 secure :-1 s=STATE_CONNECTION_ESTABLISHED l=1).mark_down
2023-10-21T12:13:12.027 INFO:teuthology.orchestra.run.smithi079.stdout:/usr/bin/ceph: stderr
2023-10-21T12:13:10.578+0000 7f0cfc449700 1 --2- 172.21.15.79:0/2426946269 >> [v2:172.21.15.79:3300/0,v1:172.21.15.79:6789/0] conn(0x7f0cf41011c0 0x7f0cf41015d0 secure :-1 s=READY pgs=22 cs=0 l=1 rev1=1 crypto rx=0x7f0ce40098e0 tx=0x7f0ce4009250 comp rx=0 tx=0).stop
2023-10-21T12:13:12.027 INFO:teuthology.orchestra.run.smithi079.stdout:/usr/bin/ceph: stderr
