2023-10-21T12:13:29.256+0000 7f7e9b7fe700 1 --2- 172.21.15.79:0/525438008 >> [v2:172.21.15.79:6800/583897475,v1:172.21.15.79:6801/583897475] conn(0x7f7e88036640 0x7f7e88038af0 unknown :-1 s=BANNER_CONNECTING pgs=0 cs=0 l=1 rev1=0 crypto rx=0 tx=0 comp rx=0 tx=0)._handle_peer_banner_payload supported=3 required=0
2023-10-21T12:13:29.894 INFO:teuthology.orchestra.run.smithi079.stdout:/usr/bin/ceph: stderr
2023-10-21T12:13:29.257+0000 7f7e9b7fe700 1 --2- 172.21.15.79:0/525438008 >> [v2:172.21.15.79:6800/583897475,v1:172.21.15.79:6801/583897475] conn(0x7f7e88036640 0x7f7e88038af0 secure :-1 s=READY pgs=12 cs=0 l=1 rev1=1 crypto rx=0x7f7e84009990 tx=0x7f7e84006e40 comp rx=0 tx=0).ready entity=mgr.14120 client_cookie=0 server_cookie=0 in_seq=0 out_seq=0
2023-10-21T12:13:29.895 INFO:teuthology.orchestra.run.smithi079.stdout:/usr/bin/ceph: stderr
2023-10-21T12:13:29.262+0000 7f7e98ff9700 1 -- 172.21.15.79:0/525438008 <== mon.0 v2:172.21.15.79:3300/0 6 ==== mon_command_ack([{"prefix": "get_command_descriptions"}]=0 v0) v1 ==== 72+0+174570 (secure 0 0 0) 0x7f7e8c018b40 con 0x7f7e9c076c20
2023-10-21T12:13:29.895 INFO:teuthology.orchestra.run.smithi079.stdout:/usr/bin/ceph: stderr
2023-10-21T12:13:29.471+0000 7f7ea2957700 1 -- 172.21.15.79:0/525438008 --> [v2:172.21.15.79:6800/583897475,v1:172.21.15.79:6801/583897475] -- mgr_command(tid 0: {"prefix": "orch apply", "service_type": "mon", "target": ["mon-mgr", ""]}) v1 -- 0x7f7e9c10ad40 con 0x7f7e88036640
2023-10-21T12:13:29.895 INFO:teuthology.orchestra.run.smithi079.stdout:/usr/bin/ceph: stderr
2023-10-21T12:13:29.475+0000 7f7e98ff9700 1 -- 172.21.15.79:0/525438008 <== mgr.14120 v2:172.21.15.79:6800/583897475 1 ==== mgr_command_reply(tid 0: 0 ) v1 ==== 8+0+24 (secure 0 0 0) 0x7f7e9c10ad40 con 0x7f7e88036640
2023-10-21T12:13:29.895 INFO:teuthology.orchestra.run.smithi079.stdout:/usr/bin/ceph: stderr
2023-10-21T12:13:29.477+0000 7f7ea2957700 1 -- 172.21.15.79:0/525438008 >> [v2:172.21.15.79:6800/583897475,v1:172.21.15.79:6801/583897475] conn(0x7f7e88036640 msgr2=0x7f7e88038af0 secure :-1 s=STATE_CONNECTION_ESTABLISHED l=1).mark_down
2023-10-21T12:13:29.895 INFO:teuthology.orchestra.run.smithi079.stdout:/usr/bin/ceph: stderr
2023-10-21T12:13:29.477+0000 7f7ea2957700 1 --2- 172.21.15.79:0/525438008 >> [v2:172.21.15.79:6800/583897475,v1:172.21.15.79:6801/583897475] conn(0x7f7e88036640 0x7f7e88038af0 secure :-1 s=READY pgs=12 cs=0 l=1 rev1=1 crypto rx=0x7f7e84009990 tx=0x7f7e84006e40 comp rx=0 tx=0).stop
2023-10-21T12:13:29.895 INFO:teuthology.orchestra.run.smithi079.stdout:/usr/bin/ceph: stderr
2023-10-21T12:13:29.477+0000 7f7ea2957700 1 -- 172.21.15.79:0/525438008 >> [v2:172.21.15.79:3300/0,v1:172.21.15.79:6789/0] conn(0x7f7e9c076c20 msgr2=0x7f7e9c111140 secure :-1 s=STATE_CONNECTION_ESTABLISHED l=1).mark_down
2023-10-21T12:13:29.896 INFO:teuthology.orchestra.run.smithi079.stdout:/usr/bin/ceph: stderr
2023-10-21T12:13:29.477+0000 7f7ea2957700 1 --2- 172.21.15.79:0/525438008 >> [v2:172.21.15.79:3300/0,v1:172.21.15.79:6789/0] conn(0x7f7e9c076c20 0x7f7e9c111140 secure :-1 s=READY pgs=48 cs=0 l=1 rev1=1 crypto rx=0x7f7e8c006d40 tx=0x7f7e8c009250 comp rx=0 tx=0).stop
2023-10-21T12:13:29.896 INFO:teuthology.orchestra.run.smithi079.stdout:/usr/bin/ceph: stderr
2023-10-21T12:13:29.477+0000 7f7ea2957700 1 -- 172.21.15.79:0/525438008 shutdown_connections
2023-10-21T12:13:29.896 INFO:teuthology.orchestra.run.smithi079.stdout:/usr/bin/ceph: stderr
2023-10-21T12:13:29.477+0000 7f7ea2957700 1 --2- 172.21.15.79:0/525438008 >> [v2:172.21.15.79:6800/583897475,v1:172.21.15.79:6801/583897475] conn(0x7f7e88036640 0x7f7e88038af0 unknown :-1 s=CLOSED pgs=12 cs=0 l=1 rev1=1 crypto rx=0 tx=0 comp rx=0 tx=0).stop
2023-10-21T12:13:29.896 INFO:teuthology.orchestra.run.smithi079.stdout:/usr/bin/ceph: stderr
2023-10-21T12:13:29.477+0000 7f7ea2957700 1 --2- 172.21.15.79:0/525438008 >> [v2:172.21.15.79:3300/0,v1:172.21.15.79:6789/0] conn(0x7f7e9c076c20 0x7f7e9c111140 unknown :-1 s=CLOSED pgs=48 cs=0 l=1 rev1=1 crypto rx=0 tx=0 comp rx=0 tx=0).stop
2023-10-21T12:13:29.896 INFO:teuthology.orchestra.run.smithi079.stdout:/usr/bin/ceph: stderr
2023-10-21T12:13:29.477+0000 7f7ea2957700 1 -- 172.21.15.79:0/525438008 >> 172.21.15.79:0/525438008 conn(0x7f7e9c0fc980 msgr2=0x7f7e9c0fed80 unknown :-1 s=STATE_NONE l=0).mark_down
2023-10-21T12:13:29.897 INFO:teuthology.orchestra.run.smithi079.stdout:/usr/bin/ceph: stderr
2023-10-21T12:13:29.478+0000 7f7ea2957700 1 -- 172.21.15.79:0/525438008 shutdown_connections
2023-10-21T12:13:29.897 INFO:teuthology.orchestra.run.smithi079.stdout:/usr/bin/ceph: stderr
2023-10-21T12:13:29.478+0000 7f7ea2957700 1 -- 172.21.15.79:0/525438008 wait complete.
2023-10-21T12:13:29.897 INFO:teuthology.orchestra.run.smithi079.stdout:Deploying mgr service with default placement...
2023-10-21T12:13:30.886 INFO:journalctl@ceph.mon.smithi079.smithi079.stdout:Oct 21 12:13:30 smithi079 ceph-mon[112783]: from='client.14142 -' entity='client.admin' cmd=[{"prefix": "orch apply", "service_type": "mon", "target": ["mon-mgr", ""]}]: dispatch
2023-10-21T12:13:30.887 INFO:journalctl@ceph.mon.smithi079.smithi079.stdout:Oct 21 12:13:30 smithi079 ceph-mon[112783]: Saving service mon spec with placement count:5
2023-10-21T12:13:30.887 INFO:journalctl@ceph.mon.smithi079.smithi079.stdout:Oct 21 12:13:30 smithi079 ceph-mon[112783]: from='mgr.14120 172.21.15.79:0/488133975' entity='mgr.smithi079.ntygju'
2023-10-21T12:13:30.887 INFO:journalctl@ceph.mon.smithi079.smithi079.stdout:Oct 21 12:13:30 smithi079 ceph-mon[112783]: from='mgr.14120 172.21.15.79:0/488133975' entity='mgr.smithi079.ntygju'
2023-10-21T12:13:30.887 INFO:journalctl@ceph.mon.smithi079.smithi079.stdout:Oct 21 12:13:30 smithi079 ceph-mon[112783]: from='mgr.14120 172.21.15.79:0/488133975' entity='mgr.smithi079.ntygju'
2023-10-21T12:13:30.946 INFO:teuthology.orchestra.run.smithi079.stdout:/usr/bin/ceph: stdout Scheduled mgr update...
2023-10-21T12:13:30.947 INFO:teuthology.orchestra.run.smithi079.stdout:/usr/bin/ceph: stderr
2023-10-21T12:13:30.358+0000 7fac48eef700 1 Processor -- start
2023-10-21T12:13:30.947 INFO:teuthology.orchestra.run.smithi079.stdout:/usr/bin/ceph: stderr
2023-10-21T12:13:30.358+0000 7fac48eef700 1 -- start start
2023-10-21T12:13:30.947 INFO:teuthology.orchestra.run.smithi079.stdout:/usr/bin/ceph: stderr
2023-10-21T12:13:30.359+0000 7fac48eef700 1 --2- >> [v2:172.21.15.79:3300/0,v1:172.21.15.79:6789/0] conn(0x7fac44070fa0 0x7fac44104f00 unknown :-1 s=NONE pgs=0 cs=0 l=0 rev1=0 crypto rx=0 tx=0 comp rx=0 tx=0).connect
2023-10-21T12:13:30.947 INFO:teuthology.orchestra.run.smithi079.stdout:/usr/bin/ceph: stderr
2023-10-21T12:13:30.359+0000 7fac48eef700 1 -- --> [v2:172.21.15.79:3300/0,v1:172.21.15.79:6789/0] -- mon_getmap magic: 0 v1 -- 0x7fac44105440 con 0x7fac44070fa0
2023-10-21T12:13:30.948 INFO:teuthology.orchestra.run.smithi079.stdout:/usr/bin/ceph: stderr
2023-10-21T12:13:30.359+0000 7fac4259c700 1 --2- >> [v2:172.21.15.79:3300/0,v1:172.21.15.79:6789/0] conn(0x7fac44070fa0 0x7fac44104f00 unknown :-1 s=BANNER_CONNECTING pgs=0 cs=0 l=0 rev1=0 crypto rx=0 tx=0 comp rx=0 tx=0)._handle_peer_banner_payload supported=3 required=0
2023-10-21T12:13:30.948 INFO:teuthology.orchestra.run.smithi079.stdout:/usr/bin/ceph: stderr
2023-10-21T12:13:30.359+0000 7fac4259c700 1 --2- >> [v2:172.21.15.79:3300/0,v1:172.21.15.79:6789/0] conn(0x7fac44070fa0 0x7fac44104f00 unknown :-1 s=HELLO_CONNECTING pgs=0 cs=0 l=0 rev1=1 crypto rx=0 tx=0 comp rx=0 tx=0).handle_hello peer v2:172.21.15.79:3300/0 says I am v2:172.21.15.79:33742/0 (socket says 172.21.15.79:33742)
2023-10-21T12:13:30.948 INFO:teuthology.orchestra.run.smithi079.stdout:/usr/bin/ceph: stderr
2023-10-21T12:13:30.359+0000 7fac4259c700 1 -- 172.21.15.79:0/4260665690 learned_addr learned my addr 172.21.15.79:0/4260665690 (peer_addr_for_me v2:172.21.15.79:0/0)
2023-10-21T12:13:30.948 INFO:teuthology.orchestra.run.smithi079.stdout:/usr/bin/ceph: stderr
2023-10-21T12:13:30.359+0000 7fac4259c700 1 -- 172.21.15.79:0/4260665690 --> [v2:172.21.15.79:3300/0,v1:172.21.15.79:6789/0] -- mon_subscribe({config=0+,monmap=0+}) v3 -- 0x7fac44105580 con 0x7fac44070fa0
2023-10-21T12:13:30.948 INFO:teuthology.orchestra.run.smithi079.stdout:/usr/bin/ceph: stderr
2023-10-21T12:13:30.359+0000 7fac4259c700 1 --2- 172.21.15.79:0/4260665690 >> [v2:172.21.15.79:3300/0,v1:172.21.15.79:6789/0] conn(0x7fac44070fa0 0x7fac44104f00 secure :-1 s=READY pgs=49 cs=0 l=1 rev1=1 crypto rx=0x7fac340098e0 tx=0x7fac34009250 comp rx=0 tx=0).ready entity=mon.0 client_cookie=bff8a8ef3c5635d6 server_cookie=0 in_seq=0 out_seq=0
2023-10-21T12:13:30.949 INFO:teuthology.orchestra.run.smithi079.stdout:/usr/bin/ceph: stderr
2023-10-21T12:13:30.359+0000 7fac4159a700 1 -- 172.21.15.79:0/4260665690 <== mon.0 v2:172.21.15.79:3300/0 1 ==== mon_map magic: 0 v1 ==== 229+0+0 (secure 0 0 0) 0x7fac3400b860 con 0x7fac44070fa0
2023-10-21T12:13:30.949 INFO:teuthology.orchestra.run.smithi079.stdout:/usr/bin/ceph: stderr
2023-10-21T12:13:30.359+0000 7fac4159a700 1 -- 172.21.15.79:0/4260665690 <== mon.0 v2:172.21.15.79:3300/0 2 ==== config(26 keys) v1 ==== 1074+0+0 (secure 0 0 0) 0x7fac3400be70 con 0x7fac44070fa0
2023-10-21T12:13:30.949 INFO:teuthology.orchestra.run.smithi079.stdout:/usr/bin/ceph: stderr
2023-10-21T12:13:30.359+0000 7fac4159a700 1 -- 172.21.15.79:0/4260665690 <== mon.0 v2:172.21.15.79:3300/0 3 ==== mon_map magic: 0 v1 ==== 229+0+0 (secure 0 0 0) 0x7fac34010380 con 0x7fac44070fa0
2023-10-21T12:13:30.949 INFO:teuthology.orchestra.run.smithi079.stdout:/usr/bin/ceph: stderr
2023-10-21T12:13:30.360+0000 7fac48eef700 1 -- 172.21.15.79:0/4260665690 >> [v2:172.21.15.79:3300/0,v1:172.21.15.79:6789/0] conn(0x7fac44070fa0 msgr2=0x7fac44104f00 secure :-1 s=STATE_CONNECTION_ESTABLISHED l=1).mark_down
2023-10-21T12:13:30.950 INFO:teuthology.orchestra.run.smithi079.stdout:/usr/bin/ceph: stderr
2023-10-21T12:13:30.360+0000 7fac48eef700 1 --2- 172.21.15.79:0/4260665690 >> [v2:172.21.15.79:3300/0,v1:172.21.15.79:6789/0] conn(0x7fac44070fa0 0x7fac44104f00 secure :-1 s=READY pgs=49 cs=0 l=1 rev1=1 crypto rx=0x7fac340098e0 tx=0x7fac34009250 comp rx=0 tx=0).stop
2023-10-21T12:13:30.950 INFO:teuthology.orchestra.run.smithi079.stdout:/usr/bin/ceph: stderr
2023-10-21T12:13:30.360+0000 7fac48eef700 1 -- 172.21.15.79:0/4260665690 shutdown_connections
2023-10-21T12:13:30.950 INFO:teuthology.orchestra.run.smithi079.stdout:/usr/bin/ceph: stderr
2023-10-21T12:13:30.360+0000 7fac48eef700 1 --2- 172.21.15.79:0/4260665690 >> [v2:172.21.15.79:3300/0,v1:172.21.15.79:6789/0] conn(0x7fac44070fa0 0x7fac44104f00 unknown :-1 s=CLOSED pgs=49 cs=0 l=1 rev1=1 crypto rx=0 tx=0 comp rx=0 tx=0).stop
2023-10-21T12:13:30.950 INFO:teuthology.orchestra.run.smithi079.stdout:/usr/bin/ceph: stderr
2023-10-21T12:13:30.360+0000 7fac48eef700 1 -- 172.21.15.79:0/4260665690 >> 172.21.15.79:0/4260665690 conn(0x7fac440fc970 msgr2=0x7fac440fed80 unknown :-1 s=STATE_NONE l=0).mark_down
2023-10-21T12:13:30.951 INFO:teuthology.orchestra.run.smithi079.stdout:/usr/bin/ceph: stderr
2023-10-21T12:13:30.360+0000 7fac48eef700 1 -- 172.21.15.79:0/4260665690 shutdown_connections
2023-10-21T12:13:30.951 INFO:teuthology.orchestra.run.smithi079.stdout:/usr/bin/ceph: stderr
2023-10-21T12:13:30.360+0000 7fac48eef700 1 -- 172.21.15.79:0/4260665690 wait complete.
2023-10-21T12:13:30.951 INFO:teuthology.orchestra.run.smithi079.stdout:/usr/bin/ceph: stderr
2023-10-21T12:13:30.361+0000 7fac48eef700 1 Processor -- start
2023-10-21T12:13:30.951 INFO:teuthology.orchestra.run.smithi079.stdout:/usr/bin/ceph: stderr
2023-10-21T12:13:30.361+0000 7fac48eef700 1 -- start start
2023-10-21T12:13:30.951 INFO:teuthology.orchestra.run.smithi079.stdout:/usr/bin/ceph: stderr
2023-10-21T12:13:30.361+0000 7fac48eef700 1 --2- >> [v2:172.21.15.79:3300/0,v1:172.21.15.79:6789/0] conn(0x7fac44070fa0 0x7fac441111e0 unknown :-1 s=NONE pgs=0 cs=0 l=1 rev1=0 crypto rx=0 tx=0 comp rx=0 tx=0).connect
2023-10-21T12:13:30.952 INFO:teuthology.orchestra.run.smithi079.stdout:/usr/bin/ceph: stderr
2023-10-21T12:13:30.361+0000 7fac48eef700 1 -- --> [v2:172.21.15.79:3300/0,v1:172.21.15.79:6789/0] -- mon_getmap magic: 0 v1 -- 0x7fac44111720 con 0x7fac44070fa0
2023-10-21T12:13:30.952 INFO:teuthology.orchestra.run.smithi079.stdout:/usr/bin/ceph: stderr
2023-10-21T12:13:30.361+0000 7fac4259c700 1 --2- >> [v2:172.21.15.79:3300/0,v1:172.21.15.79:6789/0] conn(0x7fac44070fa0 0x7fac441111e0 unknown :-1 s=BANNER_CONNECTING pgs=0 cs=0 l=1 rev1=0 crypto rx=0 tx=0 comp rx=0 tx=0)._handle_peer_banner_payload supported=3 required=0
2023-10-21T12:13:30.952 INFO:teuthology.orchestra.run.smithi079.stdout:/usr/bin/ceph: stderr
2023-10-21T12:13:30.361+0000 7fac4259c700 1 --2- >> [v2:172.21.15.79:3300/0,v1:172.21.15.79:6789/0] conn(0x7fac44070fa0 0x7fac441111e0 unknown :-1 s=HELLO_CONNECTING pgs=0 cs=0 l=1 rev1=1 crypto rx=0 tx=0 comp rx=0 tx=0).handle_hello peer v2:172.21.15.79:3300/0 says I am v2:172.21.15.79:33758/0 (socket says 172.21.15.79:33758)
2023-10-21T12:13:30.952 INFO:teuthology.orchestra.run.smithi079.stdout:/usr/bin/ceph: stderr
2023-10-21T12:13:30.361+0000 7fac4259c700 1 -- 172.21.15.79:0/361928958 learned_addr learned my addr 172.21.15.79:0/361928958 (peer_addr_for_me v2:172.21.15.79:0/0)
2023-10-21T12:13:30.952 INFO:teuthology.orchestra.run.smithi079.stdout:/usr/bin/ceph: stderr
2023-10-21T12:13:30.361+0000 7fac4259c700 1 -- 172.21.15.79:0/361928958 --> [v2:172.21.15.79:3300/0,v1:172.21.15.79:6789/0] -- mon_subscribe({config=0+,monmap=0+}) v3 -- 0x7fac340094f0 con 0x7fac44070fa0
2023-10-21T12:13:30.953 INFO:teuthology.orchestra.run.smithi079.stdout:/usr/bin/ceph: stderr
2023-10-21T12:13:30.361+0000 7fac4259c700 1 --2- 172.21.15.79:0/361928958 >> [v2:172.21.15.79:3300/0,v1:172.21.15.79:6789/0] conn(0x7fac44070fa0 0x7fac441111e0 secure :-1 s=READY pgs=50 cs=0 l=1 rev1=1 crypto rx=0x7fac340094c0 tx=0x7fac34009250 comp rx=0 tx=0).ready entity=mon.0 client_cookie=0 server_cookie=0 in_seq=0 out_seq=0
2023-10-21T12:13:30.953 INFO:teuthology.orchestra.run.smithi079.stdout:/usr/bin/ceph: stderr
2023-10-21T12:13:30.362+0000 7fac32ffd700 1 -- 172.21.15.79:0/361928958 <== mon.0 v2:172.21.15.79:3300/0 1 ==== mon_map magic: 0 v1 ==== 229+0+0 (secure 0 0 0) 0x7fac34010850 con 0x7fac44070fa0
2023-10-21T12:13:30.953 INFO:teuthology.orchestra.run.smithi079.stdout:/usr/bin/ceph: stderr
2023-10-21T12:13:30.362+0000 7fac48eef700 1 -- 172.21.15.79:0/361928958 --> [v2:172.21.15.79:3300/0,v1:172.21.15.79:6789/0] -- mon_subscribe({mgrmap=0+}) v3 -- 0x7fac44111920 con 0x7fac44070fa0
2023-10-21T12:13:30.953 INFO:teuthology.orchestra.run.smithi079.stdout:/usr/bin/ceph: stderr
2023-10-21T12:13:30.362+0000 7fac32ffd700 1 -- 172.21.15.79:0/361928958 <== mon.0 v2:172.21.15.79:3300/0 2 ==== config(26 keys) v1 ==== 1074+0+0 (secure 0 0 0) 0x7fac34010e60 con 0x7fac44070fa0
2023-10-21T12:13:30.953 INFO:teuthology.orchestra.run.smithi079.stdout:/usr/bin/ceph: stderr
2023-10-21T12:13:30.362+0000 7fac32ffd700 1 -- 172.21.15.79:0/361928958 <== mon.0 v2:172.21.15.79:3300/0 3 ==== mon_map magic: 0 v1 ==== 229+0+0 (secure 0 0 0) 0x7fac3401a430 con 0x7fac44070fa0
2023-10-21T12:13:30.954 INFO:teuthology.orchestra.run.smithi079.stdout:/usr/bin/ceph: stderr
2023-10-21T12:13:30.362+0000 7fac48eef700 1 -- 172.21.15.79:0/361928958 --> [v2:172.21.15.79:3300/0,v1:172.21.15.79:6789/0] -- mon_subscribe({osdmap=0}) v3 -- 0x7fac44111d30 con 0x7fac44070fa0
2023-10-21T12:13:30.954 INFO:teuthology.orchestra.run.smithi079.stdout:/usr/bin/ceph: stderr
2023-10-21T12:13:30.363+0000 7fac32ffd700 1 -- 172.21.15.79:0/361928958 <== mon.0 v2:172.21.15.79:3300/0 4 ==== mgrmap(e 8) v1 ==== 43280+0+0 (secure 0 0 0) 0x7fac3401a6b0 con 0x7fac44070fa0
2023-10-21T12:13:30.954 INFO:teuthology.orchestra.run.smithi079.stdout:/usr/bin/ceph: stderr
2023-10-21T12:13:30.363+0000 7fac32ffd700 1 --2- 172.21.15.79:0/361928958 >> [v2:172.21.15.79:6800/583897475,v1:172.21.15.79:6801/583897475] conn(0x7fac2c0365f0 0x7fac2c038aa0 unknown :-1 s=NONE pgs=0 cs=0 l=1 rev1=0 crypto rx=0 tx=0 comp rx=0 tx=0).connect
2023-10-21T12:13:30.954 INFO:teuthology.orchestra.run.smithi079.stdout:/usr/bin/ceph: stderr
2023-10-21T12:13:30.363+0000 7fac32ffd700 1 -- 172.21.15.79:0/361928958 <== mon.0 v2:172.21.15.79:3300/0 5 ==== osd_map(2..2 src has 1..2) v4 ==== 936+0+0 (secure 0 0 0) 0x7fac3404a530 con 0x7fac44070fa0
2023-10-21T12:13:30.954 INFO:teuthology.orchestra.run.smithi079.stdout:/usr/bin/ceph: stderr
2023-10-21T12:13:30.363+0000 7fac48eef700 1 -- 172.21.15.79:0/361928958 --> [v2:172.21.15.79:3300/0,v1:172.21.15.79:6789/0] -- mon_command({"prefix": "get_command_descriptions"} v 0) v1 -- 0x7fac4404bb80 con 0x7fac44070fa0
2023-10-21T12:13:30.955 INFO:teuthology.orchestra.run.smithi079.stdout:/usr/bin/ceph: stderr
2023-10-21T12:13:30.363+0000 7fac41d9b700 1 --2- 172.21.15.79:0/361928958 >> [v2:172.21.15.79:6800/583897475,v1:172.21.15.79:6801/583897475] conn(0x7fac2c0365f0 0x7fac2c038aa0 unknown :-1 s=BANNER_CONNECTING pgs=0 cs=0 l=1 rev1=0 crypto rx=0 tx=0 comp rx=0 tx=0)._handle_peer_banner_payload supported=3 required=0
2023-10-21T12:13:30.955 INFO:teuthology.orchestra.run.smithi079.stdout:/usr/bin/ceph: stderr
2023-10-21T12:13:30.363+0000 7fac41d9b700 1 --2- 172.21.15.79:0/361928958 >> [v2:172.21.15.79:6800/583897475,v1:172.21.15.79:6801/583897475] conn(0x7fac2c0365f0 0x7fac2c038aa0 secure :-1 s=READY pgs=13 cs=0 l=1 rev1=1 crypto rx=0x7fac38009990 tx=0x7fac38006e40 comp rx=0 tx=0).ready entity=mgr.14120 client_cookie=0 server_cookie=0 in_seq=0 out_seq=0
2023-10-21T12:13:30.955 INFO:teuthology.orchestra.run.smithi079.stdout:/usr/bin/ceph: stderr
2023-10-21T12:13:30.368+0000 7fac32ffd700 1 -- 172.21.15.79:0/361928958 <== mon.0 v2:172.21.15.79:3300/0 6 ==== mon_command_ack([{"prefix": "get_command_descriptions"}]=0 v0) v1 ==== 72+0+174570 (secure 0 0 0) 0x7fac340189a0 con 0x7fac44070fa0
2023-10-21T12:13:30.955 INFO:teuthology.orchestra.run.smithi079.stdout:/usr/bin/ceph: stderr
2023-10-21T12:13:30.572+0000 7fac48eef700 1 -- 172.21.15.79:0/361928958 --> [v2:172.21.15.79:6800/583897475,v1:172.21.15.79:6801/583897475] -- mgr_command(tid 0: {"prefix": "orch apply", "service_type": "mgr", "target": ["mon-mgr", ""]}) v1 -- 0x7fac4410ad60 con 0x7fac2c0365f0
2023-10-21T12:13:30.956 INFO:teuthology.orchestra.run.smithi079.stdout:/usr/bin/ceph: stderr
2023-10-21T12:13:30.577+0000 7fac32ffd700 1 -- 172.21.15.79:0/361928958 <== mgr.14120 v2:172.21.15.79:6800/583897475 1 ==== mgr_command_reply(tid 0: 0 ) v1 ==== 8+0+24 (secure 0 0 0) 0x7fac4410ad60 con 0x7fac2c0365f0
2023-10-21T12:13:30.956 INFO:teuthology.orchestra.run.smithi079.stdout:/usr/bin/ceph: stderr
2023-10-21T12:13:30.579+0000 7fac48eef700 1 -- 172.21.15.79:0/361928958 >> [v2:172.21.15.79:6800/583897475,v1:172.21.15.79:6801/583897475] conn(0x7fac2c0365f0 msgr2=0x7fac2c038aa0 secure :-1 s=STATE_CONNECTION_ESTABLISHED l=1).mark_down
2023-10-21T12:13:30.956 INFO:teuthology.orchestra.run.smithi079.stdout:/usr/bin/ceph: stderr
2023-10-21T12:13:30.579+0000 7fac48eef700 1 --2- 172.21.15.79:0/361928958 >> [v2:172.21.15.79:6800/583897475,v1:172.21.15.79:6801/583897475] conn(0x7fac2c0365f0 0x7fac2c038aa0 secure :-1 s=READY pgs=13 cs=0 l=1 rev1=1 crypto rx=0x7fac38009990 tx=0x7fac38006e40 comp rx=0 tx=0).stop
2023-10-21T12:13:30.956 INFO:teuthology.orchestra.run.smithi079.stdout:/usr/bin/ceph: stderr
2023-10-21T12:13:30.579+0000 7fac48eef700 1 -- 172.21.15.79:0/361928958 >> [v2:172.21.15.79:3300/0,v1:172.21.15.79:6789/0] conn(0x7fac44070fa0 msgr2=0x7fac441111e0 secure :-1 s=STATE_CONNECTION_ESTABLISHED l=1).mark_down
2023-10-21T12:13:30.956 INFO:teuthology.orchestra.run.smithi079.stdout:/usr/bin/ceph: stderr
2023-10-21T12:13:30.579+0000 7fac48eef700 1 --2- 172.21.15.79:0/361928958 >> [v2:172.21.15.79:3300/0,v1:172.21.15.79:6789/0] conn(0x7fac44070fa0 0x7fac441111e0 secure :-1 s=READY pgs=50 cs=0 l=1 rev1=1 crypto rx=0x7fac340094c0 tx=0x7fac34009250 comp rx=0 tx=0).stop
2023-10-21T12:13:30.957 INFO:teuthology.orchestra.run.smithi079.stdout:/usr/bin/ceph: stderr
2023-10-21T12:13:30.579+0000 7fac48eef700 1 -- 172.21.15.79:0/361928958 shutdown_connections
2023-10-21T12:13:30.957 INFO:teuthology.orchestra.run.smithi079.stdout:/usr/bin/ceph: stderr
2023-10-21T12:13:30.579+0000 7fac48eef700 1 --2- 172.21.15.79:0/361928958 >> [v2:172.21.15.79:6800/583897475,v1:172.21.15.79:6801/583897475] conn(0x7fac2c0365f0 0x7fac2c038aa0 unknown :-1 s=CLOSED pgs=13 cs=0 l=1 rev1=1 crypto rx=0 tx=0 comp rx=0 tx=0).stop
2023-10-21T12:13:30.957 INFO:teuthology.orchestra.run.smithi079.stdout:/usr/bin/ceph: stderr
2023-10-21T12:13:30.579+0000 7fac48eef700 1 --2- 172.21.15.79:0/361928958 >> [v2:172.21.15.79:3300/0,v1:172.21.15.79:6789/0] conn(0x7fac44070fa0 0x7fac441111e0 unknown :-1 s=CLOSED pgs=50 cs=0 l=1 rev1=1 crypto rx=0 tx=0 comp rx=0 tx=0).stop
2023-10-21T12:13:30.957 INFO:teuthology.orchestra.run.smithi079.stdout:/usr/bin/ceph: stderr
2023-10-21T12:13:30.579+0000 7fac48eef700 1 -- 172.21.15.79:0/361928958 >> 172.21.15.79:0/361928958 conn(0x7fac440fc970 msgr2=0x7fac440fed70 unknown :-1 s=STATE_NONE l=0).mark_down
2023-10-21T12:13:30.957 INFO:teuthology.orchestra.run.smithi079.stdout:/usr/bin/ceph: stderr
2023-10-21T12:13:30.579+0000 7fac48eef700 1 -- 172.21.15.79:0/361928958 shutdown_connections
2023-10-21T12:13:30.957 INFO:teuthology.orchestra.run.smithi079.stdout:/usr/bin/ceph: stderr
2023-10-21T12:13:30.579+0000 7fac48eef700 1 -- 172.21.15.79:0/361928958 wait complete.
2023-10-21T12:13:30.958 INFO:teuthology.orchestra.run.smithi079.stdout:Deploying crash service with default placement...
2023-10-21T12:13:31.886 INFO:journalctl@ceph.mon.smithi079.smithi079.stdout:Oct 21 12:13:31 smithi079 ceph-mon[112783]: from='client.14144 -' entity='client.admin' cmd=[{"prefix": "orch apply", "service_type": "mgr", "target": ["mon-mgr", ""]}]: dispatch
2023-10-21T12:13:31.887 INFO:journalctl@ceph.mon.smithi079.smithi079.stdout:Oct 21 12:13:31 smithi079 ceph-mon[112783]: Saving service mgr spec with placement count:2
2023-10-21T12:13:31.887 INFO:journalctl@ceph.mon.smithi079.smithi079.stdout:Oct 21 12:13:31 smithi079 ceph-mon[112783]: from='mgr.14120 172.21.15.79:0/488133975' entity='mgr.smithi079.ntygju'
2023-10-21T12:13:31.887 INFO:journalctl@ceph.mon.smithi079.smithi079.stdout:Oct 21 12:13:31 smithi079 ceph-mon[112783]: from='mgr.14120 172.21.15.79:0/488133975' entity='mgr.smithi079.ntygju'
2023-10-21T12:13:31.919 INFO:teuthology.orchestra.run.smithi079.stdout:/usr/bin/ceph: stdout Scheduled crash update...
2023-10-21T12:13:31.920 INFO:teuthology.orchestra.run.smithi079.stdout:/usr/bin/ceph: stderr
2023-10-21T12:13:31.353+0000 7fda76253700 1 Processor -- start
2023-10-21T12:13:31.920 INFO:teuthology.orchestra.run.smithi079.stdout:/usr/bin/ceph: stderr
2023-10-21T12:13:31.353+0000 7fda76253700 1 -- start start
2023-10-21T12:13:31.920 INFO:teuthology.orchestra.run.smithi079.stdout:/usr/bin/ceph: stderr
2023-10-21T12:13:31.353+0000 7fda76253700 1 --2- >> [v2:172.21.15.79:3300/0,v1:172.21.15.79:6789/0] conn(0x7fda70100950 0x7fda70100d60 unknown :-1 s=NONE pgs=0 cs=0 l=0 rev1=0 crypto rx=0 tx=0 comp rx=0 tx=0).connect
2023-10-21T12:13:31.920 INFO:teuthology.orchestra.run.smithi079.stdout:/usr/bin/ceph: stderr
2023-10-21T12:13:31.353+0000 7fda76253700 1 -- --> [v2:172.21.15.79:3300/0,v1:172.21.15.79:6789/0] -- mon_getmap magic: 0 v1 -- 0x7fda701012a0 con 0x7fda70100950
2023-10-21T12:13:31.920 INFO:teuthology.orchestra.run.smithi079.stdout:/usr/bin/ceph: stderr
2023-10-21T12:13:31.353+0000 7fda6f7fe700 1 --2- >> [v2:172.21.15.79:3300/0,v1:172.21.15.79:6789/0] conn(0x7fda70100950 0x7fda70100d60 unknown :-1 s=BANNER_CONNECTING pgs=0 cs=0 l=0 rev1=0 crypto rx=0 tx=0 comp rx=0 tx=0)._handle_peer_banner_payload supported=3 required=0
2023-10-21T12:13:31.921 INFO:teuthology.orchestra.run.smithi079.stdout:/usr/bin/ceph: stderr
2023-10-21T12:13:31.353+0000 7fda6f7fe700 1 --2- >> [v2:172.21.15.79:3300/0,v1:172.21.15.79:6789/0] conn(0x7fda70100950 0x7fda70100d60 unknown :-1 s=HELLO_CONNECTING pgs=0 cs=0 l=0 rev1=1 crypto rx=0 tx=0 comp rx=0 tx=0).handle_hello peer v2:172.21.15.79:3300/0 says I am v2:172.21.15.79:33762/0 (socket says 172.21.15.79:33762)
2023-10-21T12:13:31.921 INFO:teuthology.orchestra.run.smithi079.stdout:/usr/bin/ceph: stderr
2023-10-21T12:13:31.353+0000 7fda6f7fe700 1 -- 172.21.15.79:0/3112466054 learned_addr learned my addr 172.21.15.79:0/3112466054 (peer_addr_for_me v2:172.21.15.79:0/0)
2023-10-21T12:13:31.921 INFO:teuthology.orchestra.run.smithi079.stdout:/usr/bin/ceph: stderr
2023-10-21T12:13:31.354+0000 7fda6f7fe700 1 -- 172.21.15.79:0/3112466054 --> [v2:172.21.15.79:3300/0,v1:172.21.15.79:6789/0] -- mon_subscribe({config=0+,monmap=0+}) v3 -- 0x7fda701013e0 con 0x7fda70100950
2023-10-21T12:13:31.921 INFO:teuthology.orchestra.run.smithi079.stdout:/usr/bin/ceph: stderr
2023-10-21T12:13:31.354+0000 7fda6f7fe700 1 --2- 172.21.15.79:0/3112466054 >> [v2:172.21.15.79:3300/0,v1:172.21.15.79:6789/0] conn(0x7fda70100950 0x7fda70100d60 secure :-1 s=READY pgs=51 cs=0 l=1 rev1=1 crypto rx=0x7fda600098e0 tx=0x7fda60009250 comp rx=0 tx=0).ready entity=mon.0 client_cookie=5bf5c48958a0e01 server_cookie=0 in_seq=0 out_seq=0
2023-10-21T12:13:31.921 INFO:teuthology.orchestra.run.smithi079.stdout:/usr/bin/ceph: stderr
2023-10-21T12:13:31.354+0000 7fda6e7fc700 1 -- 172.21.15.79:0/3112466054 <== mon.0 v2:172.21.15.79:3300/0 1 ==== mon_map magic: 0 v1 ==== 229+0+0 (secure 0 0 0) 0x7fda6000b860 con 0x7fda70100950
2023-10-21T12:13:31.922 INFO:teuthology.orchestra.run.smithi079.stdout:/usr/bin/ceph: stderr
2023-10-21T12:13:31.354+0000 7fda6e7fc700 1 -- 172.21.15.79:0/3112466054 <== mon.0 v2:172.21.15.79:3300/0 2 ==== config(26 keys) v1 ==== 1074+0+0 (secure 0 0 0) 0x7fda6000be70 con 0x7fda70100950
2023-10-21T12:13:31.922 INFO:teuthology.orchestra.run.smithi079.stdout:/usr/bin/ceph: stderr
2023-10-21T12:13:31.354+0000 7fda6e7fc700 1 -- 172.21.15.79:0/3112466054 <== mon.0 v2:172.21.15.79:3300/0 3 ==== mon_map magic: 0 v1 ==== 229+0+0 (secure 0 0 0) 0x7fda60010380 con 0x7fda70100950
2023-10-21T12:13:31.922 INFO:teuthology.orchestra.run.smithi079.stdout:/usr/bin/ceph: stderr
2023-10-21T12:13:31.355+0000 7fda76253700 1 -- 172.21.15.79:0/3112466054 >> [v2:172.21.15.79:3300/0,v1:172.21.15.79:6789/0] conn(0x7fda70100950 msgr2=0x7fda70100d60 secure :-1 s=STATE_CONNECTION_ESTABLISHED l=1).mark_down
2023-10-21T12:13:31.922 INFO:teuthology.orchestra.run.smithi079.stdout:/usr/bin/ceph: stderr
2023-10-21T12:13:31.355+0000 7fda76253700 1 --2- 172.21.15.79:0/3112466054 >> [v2:172.21.15.79:3300/0,v1:172.21.15.79:6789/0] conn(0x7fda70100950 0x7fda70100d60 secure :-1 s=READY pgs=51 cs=0 l=1 rev1=1 crypto rx=0x7fda600098e0 tx=0x7fda60009250 comp rx=0 tx=0).stop
2023-10-21T12:13:31.922 INFO:teuthology.orchestra.run.smithi079.stdout:/usr/bin/ceph: stderr
2023-10-21T12:13:31.355+0000 7fda76253700 1 -- 172.21.15.79:0/3112466054 shutdown_connections
2023-10-21T12:13:31.923 INFO:teuthology.orchestra.run.smithi079.stdout:/usr/bin/ceph: stderr
2023-10-21T12:13:31.355+0000 7fda76253700 1 --2- 172.21.15.79:0/3112466054 >> [v2:172.21.15.79:3300/0,v1:172.21.15.79:6789/0] conn(0x7fda70100950 0x7fda70100d60 unknown :-1 s=CLOSED pgs=51 cs=0 l=1 rev1=1 crypto rx=0 tx=0 comp rx=0 tx=0).stop
2023-10-21T12:13:31.923 INFO:teuthology.orchestra.run.smithi079.stdout:/usr/bin/ceph: stderr
2023-10-21T12:13:31.355+0000 7fda76253700 1 -- 172.21.15.79:0/3112466054 >> 172.21.15.79:0/3112466054 conn(0x7fda700fc0b0 msgr2=0x7fda700fe4e0 unknown :-1 s=STATE_NONE l=0).mark_down
2023-10-21T12:13:31.923 INFO:teuthology.orchestra.run.smithi079.stdout:/usr/bin/ceph: stderr
2023-10-21T12:13:31.355+0000 7fda76253700 1 -- 172.21.15.79:0/3112466054 shutdown_connections
2023-10-21T12:13:31.923 INFO:teuthology.orchestra.run.smithi079.stdout:/usr/bin/ceph: stderr
2023-10-21T12:13:31.355+0000 7fda76253700 1 -- 172.21.15.79:0/3112466054 wait complete.
2023-10-21T12:13:31.923 INFO:teuthology.orchestra.run.smithi079.stdout:/usr/bin/ceph: stderr
2023-10-21T12:13:31.355+0000 7fda76253700 1 Processor -- start
2023-10-21T12:13:31.924 INFO:teuthology.orchestra.run.smithi079.stdout:/usr/bin/ceph: stderr
2023-10-21T12:13:31.355+0000 7fda76253700 1 -- start start
2023-10-21T12:13:31.924 INFO:teuthology.orchestra.run.smithi079.stdout:/usr/bin/ceph: stderr
2023-10-21T12:13:31.356+0000 7fda76253700 1 --2- >> [v2:172.21.15.79:3300/0,v1:172.21.15.79:6789/0] conn(0x7fda70100950 0x7fda70111190 unknown :-1 s=NONE pgs=0 cs=0 l=1 rev1=0 crypto rx=0 tx=0 comp rx=0 tx=0).connect
2023-10-21T12:13:31.924 INFO:teuthology.orchestra.run.smithi079.stdout:/usr/bin/ceph: stderr
2023-10-21T12:13:31.356+0000 7fda76253700 1 -- --> [v2:172.21.15.79:3300/0,v1:172.21.15.79:6789/0] -- mon_getmap magic: 0 v1 -- 0x7fda701116d0 con 0x7fda70100950
2023-10-21T12:13:31.924 INFO:teuthology.orchestra.run.smithi079.stdout:/usr/bin/ceph: stderr
2023-10-21T12:13:31.356+0000 7fda6f7fe700 1 --2- >> [v2:172.21.15.79:3300/0,v1:172.21.15.79:6789/0] conn(0x7fda70100950 0x7fda70111190 unknown :-1 s=BANNER_CONNECTING pgs=0 cs=0 l=1 rev1=0 crypto rx=0 tx=0 comp rx=0 tx=0)._handle_peer_banner_payload supported=3 required=0
2023-10-21T12:13:31.924 INFO:teuthology.orchestra.run.smithi079.stdout:/usr/bin/ceph: stderr
2023-10-21T12:13:31.356+0000 7fda6f7fe700 1 --2- >> [v2:172.21.15.79:3300/0,v1:172.21.15.79:6789/0] conn(0x7fda70100950 0x7fda70111190 unknown :-1 s=HELLO_CONNECTING pgs=0 cs=0 l=1 rev1=1 crypto rx=0 tx=0 comp rx=0 tx=0).handle_hello peer v2:172.21.15.79:3300/0 says I am v2:172.21.15.79:33766/0 (socket says 172.21.15.79:33766)
2023-10-21T12:13:31.925 INFO:teuthology.orchestra.run.smithi079.stdout:/usr/bin/ceph: stderr
2023-10-21T12:13:31.356+0000 7fda6f7fe700 1 -- 172.21.15.79:0/3144106191 learned_addr learned my addr 172.21.15.79:0/3144106191 (peer_addr_for_me v2:172.21.15.79:0/0)
2023-10-21T12:13:31.925 INFO:teuthology.orchestra.run.smithi079.stdout:/usr/bin/ceph: stderr
2023-10-21T12:13:31.356+0000 7fda6f7fe700 1 -- 172.21.15.79:0/3144106191 --> [v2:172.21.15.79:3300/0,v1:172.21.15.79:6789/0] -- mon_subscribe({config=0+,monmap=0+}) v3 -- 0x7fda600094f0 con 0x7fda70100950
2023-10-21T12:13:31.925 INFO:teuthology.orchestra.run.smithi079.stdout:/usr/bin/ceph: stderr
2023-10-21T12:13:31.356+0000 7fda6f7fe700 1 --2- 172.21.15.79:0/3144106191 >> [v2:172.21.15.79:3300/0,v1:172.21.15.79:6789/0] conn(0x7fda70100950 0x7fda70111190 secure :-1 s=READY pgs=52 cs=0 l=1 rev1=1 crypto rx=0x7fda60011b60 tx=0x7fda60009250 comp rx=0 tx=0).ready entity=mon.0 client_cookie=0 server_cookie=0 in_seq=0 out_seq=0
2023-10-21T12:13:31.925 INFO:teuthology.orchestra.run.smithi079.stdout:/usr/bin/ceph: stderr
2023-10-21T12:13:31.356+0000 7fda57fff700 1 -- 172.21.15.79:0/3144106191 <== mon.0 v2:172.21.15.79:3300/0 1 ==== mon_map magic: 0 v1 ==== 229+0+0 (secure 0 0 0) 0x7fda60010850 con 0x7fda70100950
2023-10-21T12:13:31.925 INFO:teuthology.orchestra.run.smithi079.stdout:/usr/bin/ceph: stderr
2023-10-21T12:13:31.356+0000 7fda57fff700 1 -- 172.21.15.79:0/3144106191 <== mon.0 v2:172.21.15.79:3300/0 2 ==== config(26 keys) v1 ==== 1074+0+0 (secure 0 0 0) 0x7fda60010e60 con 0x7fda70100950
2023-10-21T12:13:31.925 INFO:teuthology.orchestra.run.smithi079.stdout:/usr/bin/ceph: stderr
2023-10-21T12:13:31.356+0000 7fda76253700 1 -- 172.21.15.79:0/3144106191 --> [v2:172.21.15.79:3300/0,v1:172.21.15.79:6789/0] -- mon_subscribe({mgrmap=0+}) v3 -- 0x7fda701118d0 con 0x7fda70100950
2023-10-21T12:13:31.926 INFO:teuthology.orchestra.run.smithi079.stdout:/usr/bin/ceph: stderr
2023-10-21T12:13:31.356+0000 7fda57fff700 1 -- 172.21.15.79:0/3144106191 <== mon.0 v2:172.21.15.79:3300/0 3 ==== mon_map magic: 0 v1 ==== 229+0+0 (secure 0 0 0) 0x7fda6001ae20 con 0x7fda70100950
2023-10-21T12:13:31.926 INFO:teuthology.orchestra.run.smithi079.stdout:/usr/bin/ceph: stderr
2023-10-21T12:13:31.356+0000 7fda76253700 1 -- 172.21.15.79:0/3144106191 --> [v2:172.21.15.79:3300/0,v1:172.21.15.79:6789/0] -- mon_subscribe({osdmap=0}) v3 -- 0x7fda70111ce0 con 0x7fda70100950
2023-10-21T12:13:31.926 INFO:teuthology.orchestra.run.smithi079.stdout:/usr/bin/ceph: stderr
2023-10-21T12:13:31.357+0000 7fda57fff700 1 -- 172.21.15.79:0/3144106191 <== mon.0 v2:172.21.15.79:3300/0 4 ==== mgrmap(e 8) v1 ==== 43280+0+0 (secure 0 0 0) 0x7fda6002d3f0 con 0x7fda70100950
2023-10-21T12:13:31.926 INFO:teuthology.orchestra.run.smithi079.stdout:/usr/bin/ceph: stderr
2023-10-21T12:13:31.357+0000 7fda57fff700 1 --2- 172.21.15.79:0/3144106191 >> [v2:172.21.15.79:6800/583897475,v1:172.21.15.79:6801/583897475] conn(0x7fda58036620 0x7fda58038ad0 unknown :-1 s=NONE pgs=0 cs=0 l=1 rev1=0 crypto rx=0 tx=0 comp rx=0 tx=0).connect
2023-10-21T12:13:31.926 INFO:teuthology.orchestra.run.smithi079.stdout:/usr/bin/ceph: stderr
2023-10-21T12:13:31.357+0000 7fda57fff700 1 -- 172.21.15.79:0/3144106191 <== mon.0 v2:172.21.15.79:3300/0 5 ==== osd_map(2..2 src has 1..2) v4 ==== 936+0+0 (secure 0 0 0) 0x7fda6004a330 con 0x7fda70100950
2023-10-21T12:13:31.927 INFO:teuthology.orchestra.run.smithi079.stdout:/usr/bin/ceph: stderr
2023-10-21T12:13:31.357+0000 7fda6effd700 1 --2- 172.21.15.79:0/3144106191 >> [v2:172.21.15.79:6800/583897475,v1:172.21.15.79:6801/583897475] conn(0x7fda58036620 0x7fda58038ad0 unknown :-1 s=BANNER_CONNECTING pgs=0 cs=0 l=1 rev1=0 crypto rx=0 tx=0 comp rx=0 tx=0)._handle_peer_banner_payload supported=3 required=0
2023-10-21T12:13:31.927 INFO:teuthology.orchestra.run.smithi079.stdout:/usr/bin/ceph: stderr
2023-10-21T12:13:31.357+0000 7fda76253700 1 -- 172.21.15.79:0/3144106191 --> [v2:172.21.15.79:3300/0,v1:172.21.15.79:6789/0] -- mon_command({"prefix": "get_command_descriptions"} v 0) v1 -- 0x7fda7004bb80 con 0x7fda70100950
2023-10-21T12:13:31.927 INFO:teuthology.orchestra.run.smithi079.stdout:/usr/bin/ceph: stderr
2023-10-21T12:13:31.358+0000 7fda6effd700 1 --2- 172.21.15.79:0/3144106191 >> [v2:172.21.15.79:6800/583897475,v1:172.21.15.79:6801/583897475] conn(0x7fda58036620 0x7fda58038ad0 secure :-1 s=READY pgs=14 cs=0 l=1 rev1=1 crypto rx=0x7fda64009990 tx=0x7fda64006e40 comp rx=0 tx=0).ready entity=mgr.14120 client_cookie=0 server_cookie=0 in_seq=0 out_seq=0
2023-10-21T12:13:31.927 INFO:teuthology.orchestra.run.smithi079.stdout:/usr/bin/ceph: stderr
2023-10-21T12:13:31.362+0000 7fda57fff700 1 -- 172.21.15.79:0/3144106191 <== mon.0 v2:172.21.15.79:3300/0 6 ==== mon_command_ack([{"prefix": "get_command_descriptions"}]=0 v0) v1 ==== 72+0+174570 (secure 0 0 0) 0x7fda6002b8e0 con 0x7fda70100950
2023-10-21T12:13:31.928 INFO:teuthology.orchestra.run.smithi079.stdout:/usr/bin/ceph: stderr
2023-10-21T12:13:31.577+0000 7fda76253700 1 -- 172.21.15.79:0/3144106191 --> [v2:172.21.15.79:6800/583897475,v1:172.21.15.79:6801/583897475] -- mgr_command(tid 0: {"prefix": "orch apply", "service_type": "crash", "target": ["mon-mgr", ""]}) v1 -- 0x7fda70108370 con 0x7fda58036620
2023-10-21T12:13:31.928 INFO:teuthology.orchestra.run.smithi079.stdout:/usr/bin/ceph: stderr
2023-10-21T12:13:31.582+0000 7fda57fff700 1 -- 172.21.15.79:0/3144106191 <== mgr.14120 v2:172.21.15.79:6800/583897475 1 ==== mgr_command_reply(tid 0: 0 ) v1 ==== 8+0+26 (secure 0 0 0) 0x7fda70108370 con 0x7fda58036620
2023-10-21T12:13:31.928 INFO:teuthology.orchestra.run.smithi079.stdout:/usr/bin/ceph: stderr
2023-10-21T12:13:31.584+0000 7fda76253700 1 -- 172.21.15.79:0/3144106191 >> [v2:172.21.15.79:6800/583897475,v1:172.21.15.79:6801/583897475] conn(0x7fda58036620 msgr2=0x7fda58038ad0 secure :-1 s=STATE_CONNECTION_ESTABLISHED l=1).mark_down
2023-10-21T12:13:31.928 INFO:teuthology.orchestra.run.smithi079.stdout:/usr/bin/ceph: stderr
2023-10-21T12:13:31.584+0000 7fda76253700 1 --2- 172.21.15.79:0/3144106191 >> [v2:172.21.15.79:6800/583897475,v1:172.21.15.79:6801/583897475] conn(0x7fda58036620 0x7fda58038ad0 secure :-1 s=READY pgs=14 cs=0 l=1 rev1=1 crypto rx=0x7fda64009990 tx=0x7fda64006e40 comp rx=0 tx=0).stop
2023-10-21T12:13:31.928 INFO:teuthology.orchestra.run.smithi079.stdout:/usr/bin/ceph: stderr
2023-10-21T12:13:31.584+0000 7fda76253700 1 -- 172.21.15.79:0/3144106191 >> [v2:172.21.15.79:3300/0,v1:172.21.15.79:6789/0] conn(0x7fda70100950 msgr2=0x7fda70111190 secure :-1 s=STATE_CONNECTION_ESTABLISHED l=1).mark_down
2023-10-21T12:13:31.928 INFO:teuthology.orchestra.run.smithi079.stdout:/usr/bin/ceph: stderr
2023-10-21T12:13:31.584+0000 7fda76253700 1 --2- 172.21.15.79:0/3144106191 >> [v2:172.21.15.79:3300/0,v1:172.21.15.79:6789/0] conn(0x7fda70100950 0x7fda70111190 secure :-1 s=READY pgs=52 cs=0 l=1 rev1=1 crypto rx=0x7fda60011b60 tx=0x7fda60009250 comp rx=0 tx=0).stop
2023-10-21T12:13:31.929 INFO:teuthology.orchestra.run.smithi079.stdout:/usr/bin/ceph: stderr
2023-10-21T12:13:31.584+0000 7fda76253700 1 -- 172.21.15.79:0/3144106191 shutdown_connections
2023-10-21T12:13:31.929 INFO:teuthology.orchestra.run.smithi079.stdout:/usr/bin/ceph: stderr
2023-10-21T12:13:31.584+0000 7fda76253700 1 --2- 172.21.15.79:0/3144106191 >> [v2:172.21.15.79:6800/583897475,v1:172.21.15.79:6801/583897475] conn(0x7fda58036620 0x7fda58038ad0 unknown :-1 s=CLOSED pgs=14 cs=0 l=1 rev1=1 crypto rx=0 tx=0 comp rx=0 tx=0).stop
2023-10-21T12:13:31.929 INFO:teuthology.orchestra.run.smithi079.stdout:/usr/bin/ceph: stderr
2023-10-21T12:13:31.584+0000 7fda76253700 1 --2- 172.21.15.79:0/3144106191 >> [v2:172.21.15.79:3300/0,v1:172.21.15.79:6789/0] conn(0x7fda70100950 0x7fda70111190 unknown :-1 s=CLOSED pgs=52 cs=0 l=1 rev1=1 crypto rx=0 tx=0 comp rx=0 tx=0).stop
2023-10-21T12:13:31.929 INFO:teuthology.orchestra.run.smithi079.stdout:/usr/bin/ceph: stderr
2023-10-21T12:13:31.584+0000 7fda76253700 1 -- 172.21.15.79:0/3144106191 >> 172.21.15.79:0/3144106191 conn(0x7fda700fc0b0 msgr2=0x7fda701036b0 unknown :-1 s=STATE_NONE l=0).mark_down
2023-10-21T12:13:31.929 INFO:teuthology.orchestra.run.smithi079.stdout:/usr/bin/ceph: stderr
2023-10-21T12:13:31.585+0000 7fda76253700 1 -- 172.21.15.79:0/3144106191 shutdown_connections
2023-10-21T12:13:31.930 INFO:teuthology.orchestra.run.smithi079.stdout:/usr/bin/ceph: stderr
2023-10-21T12:13:31.585+0000 7fda76253700 1 -- 172.21.15.79:0/3144106191 wait complete.
2023-10-21T12:13:31.930 INFO:teuthology.orchestra.run.smithi079.stdout:Deploying prometheus service with default placement...
2023-10-21T12:13:32.884 INFO:journalctl@ceph.mon.smithi079.smithi079.stdout:Oct 21 12:13:32 smithi079 ceph-mon[112783]: from='client.14146 -' entity='client.admin' cmd=[{"prefix": "orch apply", "service_type": "crash", "target": ["mon-mgr", ""]}]: dispatch
2023-10-21T12:13:32.885 INFO:journalctl@ceph.mon.smithi079.smithi079.stdout:Oct 21 12:13:32 smithi079 ceph-mon[112783]: Saving service crash spec with placement *
2023-10-21T12:13:32.885 INFO:journalctl@ceph.mon.smithi079.smithi079.stdout:Oct 21 12:13:32 smithi079 ceph-mon[112783]: from='mgr.14120 172.21.15.79:0/488133975' entity='mgr.smithi079.ntygju'
2023-10-21T12:13:32.885 INFO:journalctl@ceph.mon.smithi079.smithi079.stdout:Oct 21 12:13:32 smithi079 ceph-mon[112783]: from='mgr.14120 172.21.15.79:0/488133975' entity='mgr.smithi079.ntygju'
2023-10-21T12:13:32.995 INFO:teuthology.orchestra.run.smithi079.stdout:/usr/bin/ceph: stdout Scheduled prometheus update...
2023-10-21T12:13:32.995 INFO:teuthology.orchestra.run.smithi079.stdout:/usr/bin/ceph: stderr
2023-10-21T12:13:32.300+0000 7f84e7c93700 1 Processor -- start
2023-10-21T12:13:32.995 INFO:teuthology.orchestra.run.smithi079.stdout:/usr/bin/ceph: stderr
2023-10-21T12:13:32.300+0000 7f84e7c93700 1 -- start start
2023-10-21T12:13:32.995 INFO:teuthology.orchestra.run.smithi079.stdout:/usr/bin/ceph: stderr
2023-10-21T12:13:32.300+0000 7f84e7c93700 1 --2- >> [v2:172.21.15.79:3300/0,v1:172.21.15.79:6789/0] conn(0x7f84e01011d0 0x7f84e01015e0 unknown :-1 s=NONE pgs=0 cs=0 l=0 rev1=0 crypto rx=0 tx=0 comp rx=0 tx=0).connect
2023-10-21T12:13:32.996 INFO:teuthology.orchestra.run.smithi079.stdout:/usr/bin/ceph: stderr
2023-10-21T12:13:32.300+0000 7f84e7c93700 1 -- --> [v2:172.21.15.79:3300/0,v1:172.21.15.79:6789/0] -- mon_getmap magic: 0 v1 -- 0x7f84e0101b20 con 0x7f84e01011d0
2023-10-21T12:13:32.996 INFO:teuthology.orchestra.run.smithi079.stdout:/usr/bin/ceph: stderr
2023-10-21T12:13:32.301+0000 7f84e5a2f700 1 --2- >> [v2:172.21.15.79:3300/0,v1:172.21.15.79:6789/0] conn(0x7f84e01011d0 0x7f84e01015e0 unknown :-1 s=BANNER_CONNECTING pgs=0 cs=0 l=0 rev1=0 crypto rx=0 tx=0 comp rx=0 tx=0)._handle_peer_banner_payload supported=3 required=0
2023-10-21T12:13:32.996 INFO:teuthology.orchestra.run.smithi079.stdout:/usr/bin/ceph: stderr
2023-10-21T12:13:32.301+0000 7f84e5a2f700 1 --2- >> [v2:172.21.15.79:3300/0,v1:172.21.15.79:6789/0] conn(0x7f84e01011d0 0x7f84e01015e0 unknown :-1 s=HELLO_CONNECTING pgs=0 cs=0 l=0 rev1=1 crypto rx=0 tx=0 comp rx=0 tx=0).handle_hello peer v2:172.21.15.79:3300/0 says I am v2:172.21.15.79:33772/0 (socket says 172.21.15.79:33772)
2023-10-21T12:13:32.996 INFO:teuthology.orchestra.run.smithi079.stdout:/usr/bin/ceph: stderr
2023-10-21T12:13:32.301+0000 7f84e5a2f700 1 -- 172.21.15.79:0/2524770642 learned_addr learned my addr 172.21.15.79:0/2524770642 (peer_addr_for_me v2:172.21.15.79:0/0)
2023-10-21T12:13:32.996 INFO:teuthology.orchestra.run.smithi079.stdout:/usr/bin/ceph: stderr
2023-10-21T12:13:32.301+0000 7f84e5a2f700 1 -- 172.21.15.79:0/2524770642 --> [v2:172.21.15.79:3300/0,v1:172.21.15.79:6789/0] -- mon_subscribe({config=0+,monmap=0+}) v3 -- 0x7f84e0101c60 con 0x7f84e01011d0
2023-10-21T12:13:32.997 INFO:teuthology.orchestra.run.smithi079.stdout:/usr/bin/ceph: stderr
2023-10-21T12:13:32.301+0000 7f84e5a2f700 1 --2- 172.21.15.79:0/2524770642 >> [v2:172.21.15.79:3300/0,v1:172.21.15.79:6789/0] conn(0x7f84e01011d0 0x7f84e01015e0 secure :-1 s=READY pgs=53 cs=0 l=1 rev1=1 crypto rx=0x7f84dc0098e0 tx=0x7f84dc009250 comp rx=0 tx=0).ready entity=mon.0 client_cookie=b9d28ae4f3f220fe server_cookie=0 in_seq=0 out_seq=0
2023-10-21T12:13:32.997 INFO:teuthology.orchestra.run.smithi079.stdout:/usr/bin/ceph: stderr
2023-10-21T12:13:32.301+0000 7f84e4a2d700 1 -- 172.21.15.79:0/2524770642 <== mon.0 v2:172.21.15.79:3300/0 1 ==== mon_map magic: 0 v1 ==== 229+0+0 (secure 0 0 0) 0x7f84dc00b860 con 0x7f84e01011d0
2023-10-21T12:13:32.997 INFO:teuthology.orchestra.run.smithi079.stdout:/usr/bin/ceph: stderr
2023-10-21T12:13:32.301+0000 7f84e4a2d700 1 -- 172.21.15.79:0/2524770642 <== mon.0 v2:172.21.15.79:3300/0 2 ==== config(26 keys) v1 ==== 1074+0+0 (secure 0 0 0) 0x7f84dc00be70 con 0x7f84e01011d0
2023-10-21T12:13:32.997 INFO:teuthology.orchestra.run.smithi079.stdout:/usr/bin/ceph: stderr
2023-10-21T12:13:32.301+0000 7f84e4a2d700 1 -- 172.21.15.79:0/2524770642 <== mon.0 v2:172.21.15.79:3300/0 3 ==== mon_map magic: 0 v1 ==== 229+0+0 (secure 0 0 0) 0x7f84dc010380 con 0x7f84e01011d0
2023-10-21T12:13:32.997 INFO:teuthology.orchestra.run.smithi079.stdout:/usr/bin/ceph: stderr
2023-10-21T12:13:32.302+0000 7f84e7c93700 1 -- 172.21.15.79:0/2524770642 >> [v2:172.21.15.79:3300/0,v1:172.21.15.79:6789/0] conn(0x7f84e01011d0 msgr2=0x7f84e01015e0 secure :-1 s=STATE_CONNECTION_ESTABLISHED l=1).mark_down
2023-10-21T12:13:32.998 INFO:teuthology.orchestra.run.smithi079.stdout:/usr/bin/ceph: stderr
2023-10-21T12:13:32.302+0000 7f84e7c93700 1 --2- 172.21.15.79:0/2524770642 >> [v2:172.21.15.79:3300/0,v1:172.21.15.79:6789/0] conn(0x7f84e01011d0 0x7f84e01015e0 secure :-1 s=READY pgs=53 cs=0 l=1 rev1=1 crypto rx=0x7f84dc0098e0 tx=0x7f84dc009250 comp rx=0 tx=0).stop
2023-10-21T12:13:32.998 INFO:teuthology.orchestra.run.smithi079.stdout:/usr/bin/ceph: stderr
2023-10-21T12:13:32.302+0000 7f84e7c93700 1 -- 172.21.15.79:0/2524770642 shutdown_connections
2023-10-21T12:13:32.998 INFO:teuthology.orchestra.run.smithi079.stdout:/usr/bin/ceph: stderr
2023-10-21T12:13:32.302+0000 7f84e7c93700 1 --2- 172.21.15.79:0/2524770642 >> [v2:172.21.15.79:3300/0,v1:172.21.15.79:6789/0] conn(0x7f84e01011d0 0x7f84e01015e0 unknown :-1 s=CLOSED pgs=53 cs=0 l=1 rev1=1 crypto rx=0 tx=0 comp rx=0 tx=0).stop
2023-10-21T12:13:32.998 INFO:teuthology.orchestra.run.smithi079.stdout:/usr/bin/ceph: stderr
2023-10-21T12:13:32.302+0000 7f84e7c93700 1 -- 172.21.15.79:0/2524770642 >> 172.21.15.79:0/2524770642 conn(0x7f84e00fc950 msgr2=0x7f84e00fed60 unknown :-1 s=STATE_NONE l=0).mark_down
2023-10-21T12:13:32.998 INFO:teuthology.orchestra.run.smithi079.stdout:/usr/bin/ceph: stderr
2023-10-21T12:13:32.302+0000 7f84e7c93700 1 -- 172.21.15.79:0/2524770642 shutdown_connections
2023-10-21T12:13:32.999 INFO:teuthology.orchestra.run.smithi079.stdout:/usr/bin/ceph: stderr
2023-10-21T12:13:32.302+0000 7f84e7c93700 1 -- 172.21.15.79:0/2524770642 wait complete.
2023-10-21T12:13:32.999 INFO:teuthology.orchestra.run.smithi079.stdout:/usr/bin/ceph: stderr
2023-10-21T12:13:32.303+0000 7f84e7c93700 1 Processor -- start
2023-10-21T12:13:32.999 INFO:teuthology.orchestra.run.smithi079.stdout:/usr/bin/ceph: stderr
2023-10-21T12:13:32.303+0000 7f84e7c93700 1 -- start start
2023-10-21T12:13:32.999 INFO:teuthology.orchestra.run.smithi079.stdout:/usr/bin/ceph: stderr
2023-10-21T12:13:32.303+0000 7f84e7c93700 1 --2- >> [v2:172.21.15.79:3300/0,v1:172.21.15.79:6789/0] conn(0x7f84e01011d0 0x7f84e01075b0 unknown :-1 s=NONE pgs=0 cs=0 l=1 rev1=0 crypto rx=0 tx=0 comp rx=0 tx=0).connect
2023-10-21T12:13:32.999 INFO:teuthology.orchestra.run.smithi079.stdout:/usr/bin/ceph: stderr
2023-10-21T12:13:32.303+0000 7f84e7c93700 1 -- --> [v2:172.21.15.79:3300/0,v1:172.21.15.79:6789/0] -- mon_getmap magic: 0 v1 -- 0x7f84e0105a30 con 0x7f84e01011d0
2023-10-21T12:13:33.000 INFO:teuthology.orchestra.run.smithi079.stdout:/usr/bin/ceph: stderr
2023-10-21T12:13:32.303+0000 7f84e5a2f700 1 --2- >> [v2:172.21.15.79:3300/0,v1:172.21.15.79:6789/0] conn(0x7f84e01011d0 0x7f84e01075b0 unknown :-1 s=BANNER_CONNECTING pgs=0 cs=0 l=1 rev1=0 crypto rx=0 tx=0 comp rx=0 tx=0)._handle_peer_banner_payload supported=3 required=0
2023-10-21T12:13:33.000 INFO:teuthology.orchestra.run.smithi079.stdout:/usr/bin/ceph: stderr
2023-10-21T12:13:32.303+0000 7f84e5a2f700 1 --2- >> [v2:172.21.15.79:3300/0,v1:172.21.15.79:6789/0] conn(0x7f84e01011d0 0x7f84e01075b0 unknown :-1 s=HELLO_CONNECTING pgs=0 cs=0 l=1 rev1=1 crypto rx=0 tx=0 comp rx=0 tx=0).handle_hello peer v2:172.21.15.79:3300/0 says I am v2:172.21.15.79:33786/0 (socket says 172.21.15.79:33786)
2023-10-21T12:13:33.000 INFO:teuthology.orchestra.run.smithi079.stdout:/usr/bin/ceph: stderr
2023-10-21T12:13:32.303+0000 7f84e5a2f700 1 -- 172.21.15.79:0/2421789541 learned_addr learned my addr 172.21.15.79:0/2421789541 (peer_addr_for_me v2:172.21.15.79:0/0)
2023-10-21T12:13:33.000 INFO:teuthology.orchestra.run.smithi079.stdout:/usr/bin/ceph: stderr
2023-10-21T12:13:32.303+0000 7f84e5a2f700 1 -- 172.21.15.79:0/2421789541 --> [v2:172.21.15.79:3300/0,v1:172.21.15.79:6789/0] -- mon_subscribe({config=0+,monmap=0+}) v3 -- 0x7f84dc0094f0 con 0x7f84e01011d0
2023-10-21T12:13:33.000 INFO:teuthology.orchestra.run.smithi079.stdout:/usr/bin/ceph: stderr
2023-10-21T12:13:32.303+0000 7f84e5a2f700 1 --2- 172.21.15.79:0/2421789541 >> [v2:172.21.15.79:3300/0,v1:172.21.15.79:6789/0] conn(0x7f84e01011d0 0x7f84e01075b0 secure :-1 s=READY pgs=54 cs=0 l=1 rev1=1 crypto rx=0x7f84dc00c010 tx=0x7f84dc009250 comp rx=0 tx=0).ready entity=mon.0 client_cookie=0 server_cookie=0 in_seq=0 out_seq=0
2023-10-21T12:13:33.001 INFO:teuthology.orchestra.run.smithi079.stdout:/usr/bin/ceph: stderr
2023-10-21T12:13:32.304+0000 7f84d67fc700 1 -- 172.21.15.79:0/2421789541 <== mon.0 v2:172.21.15.79:3300/0 1 ==== mon_map magic: 0 v1 ==== 229+0+0 (secure 0 0 0) 0x7f84dc010960 con 0x7f84e01011d0
2023-10-21T12:13:33.001 INFO:teuthology.orchestra.run.smithi079.stdout:/usr/bin/ceph: stderr
2023-10-21T12:13:32.304+0000 7f84d67fc700 1 -- 172.21.15.79:0/2421789541 <== mon.0 v2:172.21.15.79:3300/0 2 ==== config(26 keys) v1 ==== 1074+0+0 (secure 0 0 0) 0x7f84dc01a430 con 0x7f84e01011d0
2023-10-21T12:13:33.001 INFO:teuthology.orchestra.run.smithi079.stdout:/usr/bin/ceph: stderr
2023-10-21T12:13:32.304+0000 7f84e7c93700 1 -- 172.21.15.79:0/2421789541 --> [v2:172.21.15.79:3300/0,v1:172.21.15.79:6789/0] -- mon_subscribe({mgrmap=0+}) v3 -- 0x7f84e0105c30 con 0x7f84e01011d0
2023-10-21T12:13:33.001 INFO:teuthology.orchestra.run.smithi079.stdout:/usr/bin/ceph: stderr
2023-10-21T12:13:32.304+0000 7f84d67fc700 1 -- 172.21.15.79:0/2421789541 <== mon.0 v2:172.21.15.79:3300/0 3 ==== mon_map magic: 0 v1 ==== 229+0+0 (secure 0 0 0) 0x7f84dc019580 con 0x7f84e01011d0
2023-10-21T12:13:33.001 INFO:teuthology.orchestra.run.smithi079.stdout:/usr/bin/ceph: stderr
2023-10-21T12:13:32.304+0000 7f84e7c93700 1 -- 172.21.15.79:0/2421789541 --> [v2:172.21.15.79:3300/0,v1:172.21.15.79:6789/0] -- mon_subscribe({osdmap=0}) v3 -- 0x7f84e0106040 con 0x7f84e01011d0
2023-10-21T12:13:33.002 INFO:teuthology.orchestra.run.smithi079.stdout:/usr/bin/ceph: stderr
2023-10-21T12:13:32.304+0000 7f84d67fc700 1 -- 172.21.15.79:0/2421789541 <== mon.0 v2:172.21.15.79:3300/0 4 ==== mgrmap(e 8) v1 ==== 43280+0+0 (secure 0 0 0) 0x7f84dc0197b0 con 0x7f84e01011d0
2023-10-21T12:13:33.002 INFO:teuthology.orchestra.run.smithi079.stdout:/usr/bin/ceph: stderr
2023-10-21T12:13:32.305+0000 7f84d67fc700 1 --2- 172.21.15.79:0/2421789541 >> [v2:172.21.15.79:6800/583897475,v1:172.21.15.79:6801/583897475] conn(0x7f84cc036640 0x7f84cc038af0 unknown :-1 s=NONE pgs=0 cs=0 l=1 rev1=0 crypto rx=0 tx=0 comp rx=0 tx=0).connect
2023-10-21T12:13:33.002 INFO:teuthology.orchestra.run.smithi079.stdout:/usr/bin/ceph: stderr
2023-10-21T12:13:32.305+0000 7f84d67fc700 1 -- 172.21.15.79:0/2421789541 <== mon.0 v2:172.21.15.79:3300/0 5 ==== osd_map(2..2 src has 1..2) v4 ==== 936+0+0 (secure 0 0 0) 0x7f84dc04a410 con 0x7f84e01011d0
2023-10-21T12:13:33.002 INFO:teuthology.orchestra.run.smithi079.stdout:/usr/bin/ceph: stderr
2023-10-21T12:13:32.305+0000 7f84e522e700 1 --2- 172.21.15.79:0/2421789541 >> [v2:172.21.15.79:6800/583897475,v1:172.21.15.79:6801/583897475] conn(0x7f84cc036640 0x7f84cc038af0 unknown :-1 s=BANNER_CONNECTING pgs=0 cs=0 l=1 rev1=0 crypto rx=0 tx=0 comp rx=0 tx=0)._handle_peer_banner_payload supported=3 required=0
2023-10-21T12:13:33.002 INFO:teuthology.orchestra.run.smithi079.stdout:/usr/bin/ceph: stderr
