2023-10-21T15:31:44.939+0000 7fda6e59c700 1 -- 172.21.15.46:0/905872675 --> [v2:172.21.15.46:3300/0,v1:172.21.15.46:6789/0] -- mon_subscribe({config=0+,monmap=0+}) v3 -- 0x7fda70109bf0 con 0x7fda701072c0
2023-10-21T15:31:52.223 INFO:teuthology.orchestra.run.smithi046.stdout:/usr/bin/ceph: stderr
2023-10-21T15:31:44.939+0000 7fda6e59c700 1 --2- 172.21.15.46:0/905872675 >> [v2:172.21.15.46:3300/0,v1:172.21.15.46:6789/0] conn(0x7fda701072c0 0x7fda701096b0 secure :-1 s=READY pgs=26 cs=0 l=1 rev1=1 crypto rx=0x7fda600098a0 tx=0x7fda60009bb0 comp rx=0 tx=0).ready entity=mon.0 client_cookie=961b5d1b649061f7 server_cookie=0 in_seq=0 out_seq=0
2023-10-21T15:31:52.223 INFO:teuthology.orchestra.run.smithi046.stdout:/usr/bin/ceph: stderr
2023-10-21T15:31:44.939+0000 7fda6d59a700 1 -- 172.21.15.46:0/905872675 <== mon.0 v2:172.21.15.46:3300/0 1 ==== mon_map magic: 0 v1 ==== 205+0+0 (secure 0 0 0) 0x7fda60004160 con 0x7fda701072c0
2023-10-21T15:31:52.223 INFO:teuthology.orchestra.run.smithi046.stdout:/usr/bin/ceph: stderr
2023-10-21T15:31:44.939+0000 7fda6d59a700 1 -- 172.21.15.46:0/905872675 <== mon.0 v2:172.21.15.46:3300/0 2 ==== config(26 keys) v1 ==== 1074+0+0 (secure 0 0 0) 0x7fda600042c0 con 0x7fda701072c0
2023-10-21T15:31:52.223 INFO:teuthology.orchestra.run.smithi046.stdout:/usr/bin/ceph: stderr
2023-10-21T15:31:44.939+0000 7fda6d59a700 1 -- 172.21.15.46:0/905872675 <== mon.0 v2:172.21.15.46:3300/0 3 ==== mon_map magic: 0 v1 ==== 205+0+0 (secure 0 0 0) 0x7fda60011a00 con 0x7fda701072c0
2023-10-21T15:31:52.224 INFO:teuthology.orchestra.run.smithi046.stdout:/usr/bin/ceph: stderr
2023-10-21T15:31:44.940+0000 7fda74f7b700 1 -- 172.21.15.46:0/905872675 >> [v2:172.21.15.46:3300/0,v1:172.21.15.46:6789/0] conn(0x7fda701072c0 msgr2=0x7fda701096b0 secure :-1 s=STATE_CONNECTION_ESTABLISHED l=1).mark_down
2023-10-21T15:31:52.224 INFO:teuthology.orchestra.run.smithi046.stdout:/usr/bin/ceph: stderr
2023-10-21T15:31:44.940+0000 7fda74f7b700 1 --2- 172.21.15.46:0/905872675 >> [v2:172.21.15.46:3300/0,v1:172.21.15.46:6789/0] conn(0x7fda701072c0 0x7fda701096b0 secure :-1 s=READY pgs=26 cs=0 l=1 rev1=1 crypto rx=0x7fda600098a0 tx=0x7fda60009bb0 comp rx=0 tx=0).stop
2023-10-21T15:31:52.225 INFO:teuthology.orchestra.run.smithi046.stdout:/usr/bin/ceph: stderr
2023-10-21T15:31:44.940+0000 7fda74f7b700 1 -- 172.21.15.46:0/905872675 shutdown_connections
2023-10-21T15:31:52.225 INFO:teuthology.orchestra.run.smithi046.stdout:/usr/bin/ceph: stderr
2023-10-21T15:31:44.940+0000 7fda74f7b700 1 --2- 172.21.15.46:0/905872675 >> [v2:172.21.15.46:3300/0,v1:172.21.15.46:6789/0] conn(0x7fda701072c0 0x7fda701096b0 unknown :-1 s=CLOSED pgs=26 cs=0 l=1 rev1=1 crypto rx=0 tx=0 comp rx=0 tx=0).stop
2023-10-21T15:31:52.225 INFO:teuthology.orchestra.run.smithi046.stdout:/usr/bin/ceph: stderr
2023-10-21T15:31:44.940+0000 7fda74f7b700 1 -- 172.21.15.46:0/905872675 >> 172.21.15.46:0/905872675 conn(0x7fda70100cb0 msgr2=0x7fda701030f0 unknown :-1 s=STATE_NONE l=0).mark_down
2023-10-21T15:31:52.225 INFO:teuthology.orchestra.run.smithi046.stdout:/usr/bin/ceph: stderr
2023-10-21T15:31:44.940+0000 7fda74f7b700 1 -- 172.21.15.46:0/905872675 shutdown_connections
2023-10-21T15:31:52.225 INFO:teuthology.orchestra.run.smithi046.stdout:/usr/bin/ceph: stderr
2023-10-21T15:31:44.940+0000 7fda74f7b700 1 -- 172.21.15.46:0/905872675 wait complete.
2023-10-21T15:31:52.226 INFO:teuthology.orchestra.run.smithi046.stdout:/usr/bin/ceph: stderr
2023-10-21T15:31:44.941+0000 7fda74f7b700 1 Processor -- start
2023-10-21T15:31:52.226 INFO:teuthology.orchestra.run.smithi046.stdout:/usr/bin/ceph: stderr
2023-10-21T15:31:44.941+0000 7fda74f7b700 1 -- start start
2023-10-21T15:31:52.226 INFO:teuthology.orchestra.run.smithi046.stdout:/usr/bin/ceph: stderr
2023-10-21T15:31:44.941+0000 7fda74f7b700 1 --2- >> [v2:172.21.15.46:3300/0,v1:172.21.15.46:6789/0] conn(0x7fda701072c0 0x7fda7019c660 unknown :-1 s=NONE pgs=0 cs=0 l=1 rev1=0 crypto rx=0 tx=0 comp rx=0 tx=0).connect
2023-10-21T15:31:52.226 INFO:teuthology.orchestra.run.smithi046.stdout:/usr/bin/ceph: stderr
2023-10-21T15:31:44.941+0000 7fda74f7b700 1 -- --> [v2:172.21.15.46:3300/0,v1:172.21.15.46:6789/0] -- mon_getmap magic: 0 v1 -- 0x7fda7019cba0 con 0x7fda701072c0
2023-10-21T15:31:52.226 INFO:teuthology.orchestra.run.smithi046.stdout:/usr/bin/ceph: stderr
2023-10-21T15:31:44.941+0000 7fda6e59c700 1 --2- >> [v2:172.21.15.46:3300/0,v1:172.21.15.46:6789/0] conn(0x7fda701072c0 0x7fda7019c660 unknown :-1 s=BANNER_CONNECTING pgs=0 cs=0 l=1 rev1=0 crypto rx=0 tx=0 comp rx=0 tx=0)._handle_peer_banner_payload supported=3 required=0
2023-10-21T15:31:52.227 INFO:teuthology.orchestra.run.smithi046.stdout:/usr/bin/ceph: stderr
2023-10-21T15:31:44.941+0000 7fda6e59c700 1 --2- >> [v2:172.21.15.46:3300/0,v1:172.21.15.46:6789/0] conn(0x7fda701072c0 0x7fda7019c660 unknown :-1 s=HELLO_CONNECTING pgs=0 cs=0 l=1 rev1=1 crypto rx=0 tx=0 comp rx=0 tx=0).handle_hello peer v2:172.21.15.46:3300/0 says I am v2:172.21.15.46:60040/0 (socket says 172.21.15.46:60040)
2023-10-21T15:31:52.227 INFO:teuthology.orchestra.run.smithi046.stdout:/usr/bin/ceph: stderr
2023-10-21T15:31:44.941+0000 7fda6e59c700 1 -- 172.21.15.46:0/384935241 learned_addr learned my addr 172.21.15.46:0/384935241 (peer_addr_for_me v2:172.21.15.46:0/0)
2023-10-21T15:31:52.227 INFO:teuthology.orchestra.run.smithi046.stdout:/usr/bin/ceph: stderr
2023-10-21T15:31:44.941+0000 7fda6e59c700 1 -- 172.21.15.46:0/384935241 --> [v2:172.21.15.46:3300/0,v1:172.21.15.46:6789/0] -- mon_subscribe({config=0+,monmap=0+}) v3 -- 0x7fda60009550 con 0x7fda701072c0
2023-10-21T15:31:52.227 INFO:teuthology.orchestra.run.smithi046.stdout:/usr/bin/ceph: stderr
2023-10-21T15:31:44.942+0000 7fda6e59c700 1 --2- 172.21.15.46:0/384935241 >> [v2:172.21.15.46:3300/0,v1:172.21.15.46:6789/0] conn(0x7fda701072c0 0x7fda7019c660 secure :-1 s=READY pgs=27 cs=0 l=1 rev1=1 crypto rx=0x7fda60006af0 tx=0x7fda60011ad0 comp rx=0 tx=0).ready entity=mon.0 client_cookie=0 server_cookie=0 in_seq=0 out_seq=0
2023-10-21T15:31:52.227 INFO:teuthology.orchestra.run.smithi046.stdout:/usr/bin/ceph: stderr
2023-10-21T15:31:44.942+0000 7fda5f7fe700 1 -- 172.21.15.46:0/384935241 <== mon.0 v2:172.21.15.46:3300/0 1 ==== mon_map magic: 0 v1 ==== 205+0+0 (secure 0 0 0) 0x7fda60003a40 con 0x7fda701072c0
2023-10-21T15:31:52.228 INFO:teuthology.orchestra.run.smithi046.stdout:/usr/bin/ceph: stderr
2023-10-21T15:31:44.942+0000 7fda74f7b700 1 -- 172.21.15.46:0/384935241 --> [v2:172.21.15.46:3300/0,v1:172.21.15.46:6789/0] -- mon_subscribe({mgrmap=0+}) v3 -- 0x7fda7019cda0 con 0x7fda701072c0
2023-10-21T15:31:52.228 INFO:teuthology.orchestra.run.smithi046.stdout:/usr/bin/ceph: stderr
2023-10-21T15:31:44.942+0000 7fda5f7fe700 1 -- 172.21.15.46:0/384935241 <== mon.0 v2:172.21.15.46:3300/0 2 ==== config(26 keys) v1 ==== 1074+0+0 (secure 0 0 0) 0x7fda60003ba0 con 0x7fda701072c0
2023-10-21T15:31:52.228 INFO:teuthology.orchestra.run.smithi046.stdout:/usr/bin/ceph: stderr
2023-10-21T15:31:44.942+0000 7fda5f7fe700 1 -- 172.21.15.46:0/384935241 <== mon.0 v2:172.21.15.46:3300/0 3 ==== mon_map magic: 0 v1 ==== 205+0+0 (secure 0 0 0) 0x7fda6001a6e0 con 0x7fda701072c0
2023-10-21T15:31:52.228 INFO:teuthology.orchestra.run.smithi046.stdout:/usr/bin/ceph: stderr
2023-10-21T15:31:44.942+0000 7fda74f7b700 1 -- 172.21.15.46:0/384935241 --> [v2:172.21.15.46:3300/0,v1:172.21.15.46:6789/0] -- mon_subscribe({osdmap=0}) v3 -- 0x7fda7019d1c0 con 0x7fda701072c0
2023-10-21T15:31:52.228 INFO:teuthology.orchestra.run.smithi046.stdout:/usr/bin/ceph: stderr
2023-10-21T15:31:44.943+0000 7fda5f7fe700 1 -- 172.21.15.46:0/384935241 <== mon.0 v2:172.21.15.46:3300/0 4 ==== mgrmap(e 5) v1 ==== 45579+0+0 (secure 0 0 0) 0x7fda60024430 con 0x7fda701072c0
2023-10-21T15:31:52.229 INFO:teuthology.orchestra.run.smithi046.stdout:/usr/bin/ceph: stderr
2023-10-21T15:31:44.943+0000 7fda5f7fe700 1 --2- 172.21.15.46:0/384935241 >> [v2:172.21.15.46:6800/713429116,v1:172.21.15.46:6801/713429116] conn(0x7fda58038820 0x7fda5803ace0 unknown :-1 s=NONE pgs=0 cs=0 l=1 rev1=0 crypto rx=0 tx=0 comp rx=0 tx=0).connect
2023-10-21T15:31:52.229 INFO:teuthology.orchestra.run.smithi046.stdout:/usr/bin/ceph: stderr
2023-10-21T15:31:44.943+0000 7fda74f7b700 1 -- 172.21.15.46:0/384935241 --> [v2:172.21.15.46:6800/713429116,v1:172.21.15.46:6801/713429116] -- command(tid 0: {"prefix": "get_command_descriptions"}) v1 -- 0x7fda700624e0 con 0x7fda58038820
2023-10-21T15:31:52.229 INFO:teuthology.orchestra.run.smithi046.stdout:/usr/bin/ceph: stderr
2023-10-21T15:31:44.943+0000 7fda5f7fe700 1 -- 172.21.15.46:0/384935241 <== mon.0 v2:172.21.15.46:3300/0 5 ==== osd_map(1..1 src has 1..1) v4 ==== 725+0+0 (secure 0 0 0) 0x7fda6004c860 con 0x7fda701072c0
2023-10-21T15:31:52.229 INFO:teuthology.orchestra.run.smithi046.stdout:/usr/bin/ceph: stderr
2023-10-21T15:31:44.943+0000 7fda6dd9b700 1 -- 172.21.15.46:0/384935241 >> [v2:172.21.15.46:6800/713429116,v1:172.21.15.46:6801/713429116] conn(0x7fda58038820 msgr2=0x7fda5803ace0 unknown :-1 s=STATE_CONNECTING_RE l=1).process reconnect failed to v2:172.21.15.46:6800/713429116
2023-10-21T15:31:52.230 INFO:teuthology.orchestra.run.smithi046.stdout:/usr/bin/ceph: stderr
2023-10-21T15:31:44.943+0000 7fda6dd9b700 1 --2- 172.21.15.46:0/384935241 >> [v2:172.21.15.46:6800/713429116,v1:172.21.15.46:6801/713429116] conn(0x7fda58038820 0x7fda5803ace0 unknown :-1 s=START_CONNECT pgs=0 cs=0 l=1 rev1=0 crypto rx=0 tx=0 comp rx=0 tx=0)._fault waiting 0.200000
2023-10-21T15:31:52.230 INFO:teuthology.orchestra.run.smithi046.stdout:/usr/bin/ceph: stderr
2023-10-21T15:31:45.144+0000 7fda6dd9b700 1 -- 172.21.15.46:0/384935241 >> [v2:172.21.15.46:6800/713429116,v1:172.21.15.46:6801/713429116] conn(0x7fda58038820 msgr2=0x7fda5803ace0 unknown :-1 s=STATE_CONNECTING_RE l=1).process reconnect failed to v2:172.21.15.46:6800/713429116
2023-10-21T15:31:52.230 INFO:teuthology.orchestra.run.smithi046.stdout:/usr/bin/ceph: stderr
2023-10-21T15:31:45.144+0000 7fda6dd9b700 1 --2- 172.21.15.46:0/384935241 >> [v2:172.21.15.46:6800/713429116,v1:172.21.15.46:6801/713429116] conn(0x7fda58038820 0x7fda5803ace0 unknown :-1 s=START_CONNECT pgs=0 cs=0 l=1 rev1=0 crypto rx=0 tx=0 comp rx=0 tx=0)._fault waiting 0.400000
2023-10-21T15:31:52.230 INFO:teuthology.orchestra.run.smithi046.stdout:/usr/bin/ceph: stderr
2023-10-21T15:31:45.545+0000 7fda6dd9b700 1 -- 172.21.15.46:0/384935241 >> [v2:172.21.15.46:6800/713429116,v1:172.21.15.46:6801/713429116] conn(0x7fda58038820 msgr2=0x7fda5803ace0 unknown :-1 s=STATE_CONNECTING_RE l=1).process reconnect failed to v2:172.21.15.46:6800/713429116
2023-10-21T15:31:52.231 INFO:teuthology.orchestra.run.smithi046.stdout:/usr/bin/ceph: stderr
2023-10-21T15:31:45.545+0000 7fda6dd9b700 1 --2- 172.21.15.46:0/384935241 >> [v2:172.21.15.46:6800/713429116,v1:172.21.15.46:6801/713429116] conn(0x7fda58038820 0x7fda5803ace0 unknown :-1 s=START_CONNECT pgs=0 cs=0 l=1 rev1=0 crypto rx=0 tx=0 comp rx=0 tx=0)._fault waiting 0.800000
2023-10-21T15:31:52.231 INFO:teuthology.orchestra.run.smithi046.stdout:/usr/bin/ceph: stderr
2023-10-21T15:31:46.346+0000 7fda6dd9b700 1 -- 172.21.15.46:0/384935241 >> [v2:172.21.15.46:6800/713429116,v1:172.21.15.46:6801/713429116] conn(0x7fda58038820 msgr2=0x7fda5803ace0 unknown :-1 s=STATE_CONNECTING_RE l=1).process reconnect failed to v2:172.21.15.46:6800/713429116
2023-10-21T15:31:52.231 INFO:teuthology.orchestra.run.smithi046.stdout:/usr/bin/ceph: stderr
2023-10-21T15:31:46.346+0000 7fda6dd9b700 1 --2- 172.21.15.46:0/384935241 >> [v2:172.21.15.46:6800/713429116,v1:172.21.15.46:6801/713429116] conn(0x7fda58038820 0x7fda5803ace0 unknown :-1 s=START_CONNECT pgs=0 cs=0 l=1 rev1=0 crypto rx=0 tx=0 comp rx=0 tx=0)._fault waiting 1.600000
2023-10-21T15:31:52.231 INFO:teuthology.orchestra.run.smithi046.stdout:/usr/bin/ceph: stderr
2023-10-21T15:31:47.947+0000 7fda6dd9b700 1 -- 172.21.15.46:0/384935241 >> [v2:172.21.15.46:6800/713429116,v1:172.21.15.46:6801/713429116] conn(0x7fda58038820 msgr2=0x7fda5803ace0 unknown :-1 s=STATE_CONNECTING_RE l=1).process reconnect failed to v2:172.21.15.46:6800/713429116
2023-10-21T15:31:52.231 INFO:teuthology.orchestra.run.smithi046.stdout:/usr/bin/ceph: stderr
2023-10-21T15:31:47.947+0000 7fda6dd9b700 1 --2- 172.21.15.46:0/384935241 >> [v2:172.21.15.46:6800/713429116,v1:172.21.15.46:6801/713429116] conn(0x7fda58038820 0x7fda5803ace0 unknown :-1 s=START_CONNECT pgs=0 cs=0 l=1 rev1=0 crypto rx=0 tx=0 comp rx=0 tx=0)._fault waiting 3.200000
2023-10-21T15:31:52.232 INFO:teuthology.orchestra.run.smithi046.stdout:/usr/bin/ceph: stderr
2023-10-21T15:31:50.780+0000 7fda5f7fe700 1 -- 172.21.15.46:0/384935241 <== mon.0 v2:172.21.15.46:3300/0 6 ==== mgrmap(e 6) v1 ==== 45346+0+0 (secure 0 0 0) 0x7fda6002d910 con 0x7fda701072c0
2023-10-21T15:31:52.232 INFO:teuthology.orchestra.run.smithi046.stdout:/usr/bin/ceph: stderr
2023-10-21T15:31:50.780+0000 7fda5f7fe700 1 -- 172.21.15.46:0/384935241 >> [v2:172.21.15.46:6800/713429116,v1:172.21.15.46:6801/713429116] conn(0x7fda58038820 msgr2=0x7fda5803ace0 unknown :-1 s=STATE_CONNECTING l=1).mark_down
2023-10-21T15:31:52.232 INFO:teuthology.orchestra.run.smithi046.stdout:/usr/bin/ceph: stderr
2023-10-21T15:31:50.780+0000 7fda5f7fe700 1 --2- 172.21.15.46:0/384935241 >> [v2:172.21.15.46:6800/713429116,v1:172.21.15.46:6801/713429116] conn(0x7fda58038820 0x7fda5803ace0 unknown :-1 s=START_CONNECT pgs=0 cs=0 l=1 rev1=0 crypto rx=0 tx=0 comp rx=0 tx=0).stop
2023-10-21T15:31:52.232 INFO:teuthology.orchestra.run.smithi046.stdout:/usr/bin/ceph: stderr
2023-10-21T15:31:51.781+0000 7fda5f7fe700 1 -- 172.21.15.46:0/384935241 <== mon.0 v2:172.21.15.46:3300/0 7 ==== mgrmap(e 7) v1 ==== 45473+0+0 (secure 0 0 0) 0x7fda6004e160 con 0x7fda701072c0
2023-10-21T15:31:52.232 INFO:teuthology.orchestra.run.smithi046.stdout:/usr/bin/ceph: stderr
2023-10-21T15:31:51.781+0000 7fda5f7fe700 1 --2- 172.21.15.46:0/384935241 >> [v2:172.21.15.46:6800/2286995794,v1:172.21.15.46:6801/2286995794] conn(0x7fda5803bfb0 0x7fda5803e3a0 unknown :-1 s=NONE pgs=0 cs=0 l=1 rev1=0 crypto rx=0 tx=0 comp rx=0 tx=0).connect
2023-10-21T15:31:52.233 INFO:teuthology.orchestra.run.smithi046.stdout:/usr/bin/ceph: stderr
2023-10-21T15:31:51.781+0000 7fda5f7fe700 1 -- 172.21.15.46:0/384935241 --> [v2:172.21.15.46:6800/2286995794,v1:172.21.15.46:6801/2286995794] -- command(tid 0: {"prefix": "get_command_descriptions"}) v1 -- 0x7fda700624e0 con 0x7fda5803bfb0
2023-10-21T15:31:52.233 INFO:teuthology.orchestra.run.smithi046.stdout:/usr/bin/ceph: stderr
2023-10-21T15:31:51.782+0000 7fda6dd9b700 1 --2- 172.21.15.46:0/384935241 >> [v2:172.21.15.46:6800/2286995794,v1:172.21.15.46:6801/2286995794] conn(0x7fda5803bfb0 0x7fda5803e3a0 unknown :-1 s=BANNER_CONNECTING pgs=0 cs=0 l=1 rev1=0 crypto rx=0 tx=0 comp rx=0 tx=0)._handle_peer_banner_payload supported=3 required=0
2023-10-21T15:31:52.233 INFO:teuthology.orchestra.run.smithi046.stdout:/usr/bin/ceph: stderr
2023-10-21T15:31:51.782+0000 7fda6dd9b700 1 --2- 172.21.15.46:0/384935241 >> [v2:172.21.15.46:6800/2286995794,v1:172.21.15.46:6801/2286995794] conn(0x7fda5803bfb0 0x7fda5803e3a0 secure :-1 s=READY pgs=1 cs=0 l=1 rev1=1 crypto rx=0x7fda64003a10 tx=0x7fda64009290 comp rx=0 tx=0).ready entity=mgr.14118 client_cookie=0 server_cookie=0 in_seq=0 out_seq=0
2023-10-21T15:31:52.233 INFO:teuthology.orchestra.run.smithi046.stdout:/usr/bin/ceph: stderr
2023-10-21T15:31:51.783+0000 7fda5f7fe700 1 -- 172.21.15.46:0/384935241 <== mgr.14118 v2:172.21.15.46:6800/2286995794 1 ==== command_reply(tid 0: 0 ) v1 ==== 8+0+6910 (secure 0 0 0) 0x7fda700624e0 con 0x7fda5803bfb0
2023-10-21T15:31:52.233 INFO:teuthology.orchestra.run.smithi046.stdout:/usr/bin/ceph: stderr
2023-10-21T15:31:51.794+0000 7fda74f7b700 1 -- 172.21.15.46:0/384935241 --> [v2:172.21.15.46:6800/2286995794,v1:172.21.15.46:6801/2286995794] -- command(tid 1: {"prefix": "mgr_status"}) v1 -- 0x7fda7019d9a0 con 0x7fda5803bfb0
2023-10-21T15:31:52.233 INFO:teuthology.orchestra.run.smithi046.stdout:/usr/bin/ceph: stderr
2023-10-21T15:31:51.794+0000 7fda5f7fe700 1 -- 172.21.15.46:0/384935241 <== mgr.14118 v2:172.21.15.46:6800/2286995794 2 ==== command_reply(tid 1: 0 ) v1 ==== 8+0+51 (secure 0 0 0) 0x7fda7019d9a0 con 0x7fda5803bfb0
2023-10-21T15:31:52.234 INFO:teuthology.orchestra.run.smithi046.stdout:/usr/bin/ceph: stderr
2023-10-21T15:31:51.794+0000 7fda74f7b700 1 -- 172.21.15.46:0/384935241 >> [v2:172.21.15.46:6800/2286995794,v1:172.21.15.46:6801/2286995794] conn(0x7fda5803bfb0 msgr2=0x7fda5803e3a0 secure :-1 s=STATE_CONNECTION_ESTABLISHED l=1).mark_down
2023-10-21T15:31:52.234 INFO:teuthology.orchestra.run.smithi046.stdout:/usr/bin/ceph: stderr
2023-10-21T15:31:51.794+0000 7fda74f7b700 1 --2- 172.21.15.46:0/384935241 >> [v2:172.21.15.46:6800/2286995794,v1:172.21.15.46:6801/2286995794] conn(0x7fda5803bfb0 0x7fda5803e3a0 secure :-1 s=READY pgs=1 cs=0 l=1 rev1=1 crypto rx=0x7fda64003a10 tx=0x7fda64009290 comp rx=0 tx=0).stop
2023-10-21T15:31:52.234 INFO:teuthology.orchestra.run.smithi046.stdout:/usr/bin/ceph: stderr
2023-10-21T15:31:51.794+0000 7fda74f7b700 1 -- 172.21.15.46:0/384935241 >> [v2:172.21.15.46:3300/0,v1:172.21.15.46:6789/0] conn(0x7fda701072c0 msgr2=0x7fda7019c660 secure :-1 s=STATE_CONNECTION_ESTABLISHED l=1).mark_down
2023-10-21T15:31:52.234 INFO:teuthology.orchestra.run.smithi046.stdout:/usr/bin/ceph: stderr
2023-10-21T15:31:51.794+0000 7fda74f7b700 1 --2- 172.21.15.46:0/384935241 >> [v2:172.21.15.46:3300/0,v1:172.21.15.46:6789/0] conn(0x7fda701072c0 0x7fda7019c660 secure :-1 s=READY pgs=27 cs=0 l=1 rev1=1 crypto rx=0x7fda60006af0 tx=0x7fda60011ad0 comp rx=0 tx=0).stop
2023-10-21T15:31:52.235 INFO:teuthology.orchestra.run.smithi046.stdout:/usr/bin/ceph: stderr
2023-10-21T15:31:51.794+0000 7fda74f7b700 1 -- 172.21.15.46:0/384935241 shutdown_connections
2023-10-21T15:31:52.235 INFO:teuthology.orchestra.run.smithi046.stdout:/usr/bin/ceph: stderr
2023-10-21T15:31:51.794+0000 7fda74f7b700 1 --2- 172.21.15.46:0/384935241 >> [v2:172.21.15.46:6800/2286995794,v1:172.21.15.46:6801/2286995794] conn(0x7fda5803bfb0 0x7fda5803e3a0 unknown :-1 s=CLOSED pgs=1 cs=0 l=1 rev1=1 crypto rx=0 tx=0 comp rx=0 tx=0).stop
2023-10-21T15:31:52.235 INFO:teuthology.orchestra.run.smithi046.stdout:/usr/bin/ceph: stderr
2023-10-21T15:31:51.794+0000 7fda74f7b700 1 --2- 172.21.15.46:0/384935241 >> [v2:172.21.15.46:3300/0,v1:172.21.15.46:6789/0] conn(0x7fda701072c0 0x7fda7019c660 unknown :-1 s=CLOSED pgs=27 cs=0 l=1 rev1=1 crypto rx=0 tx=0 comp rx=0 tx=0).stop
2023-10-21T15:31:52.235 INFO:teuthology.orchestra.run.smithi046.stdout:/usr/bin/ceph: stderr
2023-10-21T15:31:51.794+0000 7fda74f7b700 1 --2- 172.21.15.46:0/384935241 >> [v2:172.21.15.46:6800/713429116,v1:172.21.15.46:6801/713429116] conn(0x7fda58038820 0x7fda5803ace0 unknown :-1 s=CLOSED pgs=0 cs=0 l=1 rev1=0 crypto rx=0 tx=0 comp rx=0 tx=0).stop
2023-10-21T15:31:52.235 INFO:teuthology.orchestra.run.smithi046.stdout:/usr/bin/ceph: stderr
2023-10-21T15:31:51.794+0000 7fda74f7b700 1 -- 172.21.15.46:0/384935241 >> 172.21.15.46:0/384935241 conn(0x7fda70100cb0 msgr2=0x7fda70101a40 unknown :-1 s=STATE_NONE l=0).mark_down
2023-10-21T15:31:52.235 INFO:teuthology.orchestra.run.smithi046.stdout:/usr/bin/ceph: stderr
2023-10-21T15:31:51.794+0000 7fda74f7b700 1 -- 172.21.15.46:0/384935241 shutdown_connections
2023-10-21T15:31:52.236 INFO:teuthology.orchestra.run.smithi046.stdout:/usr/bin/ceph: stderr
2023-10-21T15:31:51.794+0000 7fda74f7b700 1 -- 172.21.15.46:0/384935241 wait complete.
2023-10-21T15:31:52.236 INFO:teuthology.orchestra.run.smithi046.stdout:mgr epoch 5 is available
2023-10-21T15:31:52.236 INFO:teuthology.orchestra.run.smithi046.stdout:Setting orchestrator backend to cephadm...
2023-10-21T15:31:52.669 INFO:journalctl@ceph.mon.a.smithi046.stdout:Oct 21 15:31:52 smithi046 ceph-mon[99436]: Found migration_current of "None". Setting to last migration.
2023-10-21T15:31:52.669 INFO:journalctl@ceph.mon.a.smithi046.stdout:Oct 21 15:31:52 smithi046 ceph-mon[99436]: mgrmap e7: x(active, since 1.00555s)
2023-10-21T15:31:52.670 INFO:journalctl@ceph.mon.a.smithi046.stdout:Oct 21 15:31:52 smithi046 ceph-mon[99436]: from='mgr.14118 172.21.15.46:0/3015201017' entity='mgr.x' cmd=[{"prefix": "config dump", "format": "json"}]: dispatch
2023-10-21T15:31:53.463 INFO:teuthology.orchestra.run.smithi046.stdout:/usr/bin/ceph: stderr
2023-10-21T15:31:52.700+0000 7f3671b06700 1 Processor -- start
2023-10-21T15:31:53.464 INFO:teuthology.orchestra.run.smithi046.stdout:/usr/bin/ceph: stderr
2023-10-21T15:31:52.700+0000 7f3671b06700 1 -- start start
2023-10-21T15:31:53.464 INFO:teuthology.orchestra.run.smithi046.stdout:/usr/bin/ceph: stderr
2023-10-21T15:31:52.700+0000 7f3671b06700 1 --2- >> [v2:172.21.15.46:3300/0,v1:172.21.15.46:6789/0] conn(0x7f366c1072c0 0x7f366c1096b0 unknown :-1 s=NONE pgs=0 cs=0 l=0 rev1=0 crypto rx=0 tx=0 comp rx=0 tx=0).connect
2023-10-21T15:31:53.464 INFO:teuthology.orchestra.run.smithi046.stdout:/usr/bin/ceph: stderr
2023-10-21T15:31:52.700+0000 7f3671b06700 1 -- --> [v2:172.21.15.46:3300/0,v1:172.21.15.46:6789/0] -- mon_getmap magic: 0 v1 -- 0x7f366c074740 con 0x7f366c1072c0
2023-10-21T15:31:53.464 INFO:teuthology.orchestra.run.smithi046.stdout:/usr/bin/ceph: stderr
2023-10-21T15:31:52.700+0000 7f366b7fe700 1 --2- >> [v2:172.21.15.46:3300/0,v1:172.21.15.46:6789/0] conn(0x7f366c1072c0 0x7f366c1096b0 unknown :-1 s=BANNER_CONNECTING pgs=0 cs=0 l=0 rev1=0 crypto rx=0 tx=0 comp rx=0 tx=0)._handle_peer_banner_payload supported=3 required=0
2023-10-21T15:31:53.464 INFO:teuthology.orchestra.run.smithi046.stdout:/usr/bin/ceph: stderr
2023-10-21T15:31:52.700+0000 7f366b7fe700 1 --2- >> [v2:172.21.15.46:3300/0,v1:172.21.15.46:6789/0] conn(0x7f366c1072c0 0x7f366c1096b0 unknown :-1 s=HELLO_CONNECTING pgs=0 cs=0 l=0 rev1=1 crypto rx=0 tx=0 comp rx=0 tx=0).handle_hello peer v2:172.21.15.46:3300/0 says I am v2:172.21.15.46:60092/0 (socket says 172.21.15.46:60092)
2023-10-21T15:31:53.465 INFO:teuthology.orchestra.run.smithi046.stdout:/usr/bin/ceph: stderr
2023-10-21T15:31:52.700+0000 7f366b7fe700 1 -- 172.21.15.46:0/3277357637 learned_addr learned my addr 172.21.15.46:0/3277357637 (peer_addr_for_me v2:172.21.15.46:0/0)
2023-10-21T15:31:53.465 INFO:teuthology.orchestra.run.smithi046.stdout:/usr/bin/ceph: stderr
2023-10-21T15:31:52.700+0000 7f366b7fe700 1 -- 172.21.15.46:0/3277357637 --> [v2:172.21.15.46:3300/0,v1:172.21.15.46:6789/0] -- mon_subscribe({config=0+,monmap=0+}) v3 -- 0x7f366c109bf0 con 0x7f366c1072c0
2023-10-21T15:31:53.465 INFO:teuthology.orchestra.run.smithi046.stdout:/usr/bin/ceph: stderr
2023-10-21T15:31:52.701+0000 7f366b7fe700 1 --2- 172.21.15.46:0/3277357637 >> [v2:172.21.15.46:3300/0,v1:172.21.15.46:6789/0] conn(0x7f366c1072c0 0x7f366c1096b0 secure :-1 s=READY pgs=35 cs=0 l=1 rev1=1 crypto rx=0x7f365c0098a0 tx=0x7f365c009bb0 comp rx=0 tx=0).ready entity=mon.0 client_cookie=8bef8d168873a716 server_cookie=0 in_seq=0 out_seq=0
2023-10-21T15:31:53.465 INFO:teuthology.orchestra.run.smithi046.stdout:/usr/bin/ceph: stderr
2023-10-21T15:31:52.701+0000 7f366a7fc700 1 -- 172.21.15.46:0/3277357637 <== mon.0 v2:172.21.15.46:3300/0 1 ==== mon_map magic: 0 v1 ==== 205+0+0 (secure 0 0 0) 0x7f365c004160 con 0x7f366c1072c0
2023-10-21T15:31:53.465 INFO:teuthology.orchestra.run.smithi046.stdout:/usr/bin/ceph: stderr
2023-10-21T15:31:52.701+0000 7f366a7fc700 1 -- 172.21.15.46:0/3277357637 <== mon.0 v2:172.21.15.46:3300/0 2 ==== config(26 keys) v1 ==== 1074+0+0 (secure 0 0 0) 0x7f365c0042c0 con 0x7f366c1072c0
2023-10-21T15:31:53.466 INFO:teuthology.orchestra.run.smithi046.stdout:/usr/bin/ceph: stderr
2023-10-21T15:31:52.701+0000 7f366a7fc700 1 -- 172.21.15.46:0/3277357637 <== mon.0 v2:172.21.15.46:3300/0 3 ==== mon_map magic: 0 v1 ==== 205+0+0 (secure 0 0 0) 0x7f365c011a00 con 0x7f366c1072c0
2023-10-21T15:31:53.466 INFO:teuthology.orchestra.run.smithi046.stdout:/usr/bin/ceph: stderr
2023-10-21T15:31:52.701+0000 7f3671b06700 1 -- 172.21.15.46:0/3277357637 >> [v2:172.21.15.46:3300/0,v1:172.21.15.46:6789/0] conn(0x7f366c1072c0 msgr2=0x7f366c1096b0 secure :-1 s=STATE_CONNECTION_ESTABLISHED l=1).mark_down
2023-10-21T15:31:53.466 INFO:teuthology.orchestra.run.smithi046.stdout:/usr/bin/ceph: stderr
2023-10-21T15:31:52.701+0000 7f3671b06700 1 --2- 172.21.15.46:0/3277357637 >> [v2:172.21.15.46:3300/0,v1:172.21.15.46:6789/0] conn(0x7f366c1072c0 0x7f366c1096b0 secure :-1 s=READY pgs=35 cs=0 l=1 rev1=1 crypto rx=0x7f365c0098a0 tx=0x7f365c009bb0 comp rx=0 tx=0).stop
2023-10-21T15:31:53.466 INFO:teuthology.orchestra.run.smithi046.stdout:/usr/bin/ceph: stderr
2023-10-21T15:31:52.701+0000 7f3671b06700 1 -- 172.21.15.46:0/3277357637 shutdown_connections
2023-10-21T15:31:53.466 INFO:teuthology.orchestra.run.smithi046.stdout:/usr/bin/ceph: stderr
2023-10-21T15:31:52.701+0000 7f3671b06700 1 --2- 172.21.15.46:0/3277357637 >> [v2:172.21.15.46:3300/0,v1:172.21.15.46:6789/0] conn(0x7f366c1072c0 0x7f366c1096b0 unknown :-1 s=CLOSED pgs=35 cs=0 l=1 rev1=1 crypto rx=0 tx=0 comp rx=0 tx=0).stop
2023-10-21T15:31:53.467 INFO:teuthology.orchestra.run.smithi046.stdout:/usr/bin/ceph: stderr
2023-10-21T15:31:52.701+0000 7f3671b06700 1 -- 172.21.15.46:0/3277357637 >> 172.21.15.46:0/3277357637 conn(0x7f366c100cb0 msgr2=0x7f366c1030f0 unknown :-1 s=STATE_NONE l=0).mark_down
2023-10-21T15:31:53.467 INFO:teuthology.orchestra.run.smithi046.stdout:/usr/bin/ceph: stderr
2023-10-21T15:31:52.701+0000 7f3671b06700 1 -- 172.21.15.46:0/3277357637 shutdown_connections
2023-10-21T15:31:53.467 INFO:teuthology.orchestra.run.smithi046.stdout:/usr/bin/ceph: stderr
2023-10-21T15:31:52.701+0000 7f3671b06700 1 -- 172.21.15.46:0/3277357637 wait complete.
2023-10-21T15:31:53.467 INFO:teuthology.orchestra.run.smithi046.stdout:/usr/bin/ceph: stderr
2023-10-21T15:31:52.702+0000 7f3671b06700 1 Processor -- start
2023-10-21T15:31:53.467 INFO:teuthology.orchestra.run.smithi046.stdout:/usr/bin/ceph: stderr
2023-10-21T15:31:52.702+0000 7f3671b06700 1 -- start start
2023-10-21T15:31:53.468 INFO:teuthology.orchestra.run.smithi046.stdout:/usr/bin/ceph: stderr
2023-10-21T15:31:52.702+0000 7f3671b06700 1 --2- >> [v2:172.21.15.46:3300/0,v1:172.21.15.46:6789/0] conn(0x7f366c1072c0 0x7f366c19a480 unknown :-1 s=NONE pgs=0 cs=0 l=1 rev1=0 crypto rx=0 tx=0 comp rx=0 tx=0).connect
2023-10-21T15:31:53.468 INFO:teuthology.orchestra.run.smithi046.stdout:/usr/bin/ceph: stderr
2023-10-21T15:31:52.702+0000 7f3671b06700 1 -- --> [v2:172.21.15.46:3300/0,v1:172.21.15.46:6789/0] -- mon_getmap magic: 0 v1 -- 0x7f366c19a9c0 con 0x7f366c1072c0
2023-10-21T15:31:53.468 INFO:teuthology.orchestra.run.smithi046.stdout:/usr/bin/ceph: stderr
2023-10-21T15:31:52.703+0000 7f366b7fe700 1 --2- >> [v2:172.21.15.46:3300/0,v1:172.21.15.46:6789/0] conn(0x7f366c1072c0 0x7f366c19a480 unknown :-1 s=BANNER_CONNECTING pgs=0 cs=0 l=1 rev1=0 crypto rx=0 tx=0 comp rx=0 tx=0)._handle_peer_banner_payload supported=3 required=0
2023-10-21T15:31:53.468 INFO:teuthology.orchestra.run.smithi046.stdout:/usr/bin/ceph: stderr
2023-10-21T15:31:52.703+0000 7f366b7fe700 1 --2- >> [v2:172.21.15.46:3300/0,v1:172.21.15.46:6789/0] conn(0x7f366c1072c0 0x7f366c19a480 unknown :-1 s=HELLO_CONNECTING pgs=0 cs=0 l=1 rev1=1 crypto rx=0 tx=0 comp rx=0 tx=0).handle_hello peer v2:172.21.15.46:3300/0 says I am v2:172.21.15.46:60094/0 (socket says 172.21.15.46:60094)
2023-10-21T15:31:53.468 INFO:teuthology.orchestra.run.smithi046.stdout:/usr/bin/ceph: stderr
2023-10-21T15:31:52.703+0000 7f366b7fe700 1 -- 172.21.15.46:0/1546415481 learned_addr learned my addr 172.21.15.46:0/1546415481 (peer_addr_for_me v2:172.21.15.46:0/0)
2023-10-21T15:31:53.468 INFO:teuthology.orchestra.run.smithi046.stdout:/usr/bin/ceph: stderr
2023-10-21T15:31:52.703+0000 7f366b7fe700 1 -- 172.21.15.46:0/1546415481 --> [v2:172.21.15.46:3300/0,v1:172.21.15.46:6789/0] -- mon_subscribe({config=0+,monmap=0+}) v3 -- 0x7f365c009550 con 0x7f366c1072c0
2023-10-21T15:31:53.469 INFO:teuthology.orchestra.run.smithi046.stdout:/usr/bin/ceph: stderr
2023-10-21T15:31:52.703+0000 7f366b7fe700 1 --2- 172.21.15.46:0/1546415481 >> [v2:172.21.15.46:3300/0,v1:172.21.15.46:6789/0] conn(0x7f366c1072c0 0x7f366c19a480 secure :-1 s=READY pgs=36 cs=0 l=1 rev1=1 crypto rx=0x7f365c009fb0 tx=0x7f365c011ad0 comp rx=0 tx=0).ready entity=mon.0 client_cookie=0 server_cookie=0 in_seq=0 out_seq=0
2023-10-21T15:31:53.469 INFO:teuthology.orchestra.run.smithi046.stdout:/usr/bin/ceph: stderr
2023-10-21T15:31:52.703+0000 7f3668ff9700 1 -- 172.21.15.46:0/1546415481 <== mon.0 v2:172.21.15.46:3300/0 1 ==== mon_map magic: 0 v1 ==== 205+0+0 (secure 0 0 0) 0x7f365c003930 con 0x7f366c1072c0
2023-10-21T15:31:53.469 INFO:teuthology.orchestra.run.smithi046.stdout:/usr/bin/ceph: stderr
2023-10-21T15:31:52.703+0000 7f3671b06700 1 -- 172.21.15.46:0/1546415481 --> [v2:172.21.15.46:3300/0,v1:172.21.15.46:6789/0] -- mon_subscribe({mgrmap=0+}) v3 -- 0x7f366c19abc0 con 0x7f366c1072c0
2023-10-21T15:31:53.469 INFO:teuthology.orchestra.run.smithi046.stdout:/usr/bin/ceph: stderr
2023-10-21T15:31:52.703+0000 7f3668ff9700 1 -- 172.21.15.46:0/1546415481 <== mon.0 v2:172.21.15.46:3300/0 2 ==== config(26 keys) v1 ==== 1074+0+0 (secure 0 0 0) 0x7f365c003a90 con 0x7f366c1072c0
2023-10-21T15:31:53.469 INFO:teuthology.orchestra.run.smithi046.stdout:/usr/bin/ceph: stderr
2023-10-21T15:31:52.703+0000 7f3668ff9700 1 -- 172.21.15.46:0/1546415481 <== mon.0 v2:172.21.15.46:3300/0 3 ==== mon_map magic: 0 v1 ==== 205+0+0 (secure 0 0 0) 0x7f365c019610 con 0x7f366c1072c0
2023-10-21T15:31:53.470 INFO:teuthology.orchestra.run.smithi046.stdout:/usr/bin/ceph: stderr
2023-10-21T15:31:52.703+0000 7f3671b06700 1 -- 172.21.15.46:0/1546415481 --> [v2:172.21.15.46:3300/0,v1:172.21.15.46:6789/0] -- mon_subscribe({osdmap=0}) v3 -- 0x7f366c19afe0 con 0x7f366c1072c0
2023-10-21T15:31:53.470 INFO:teuthology.orchestra.run.smithi046.stdout:/usr/bin/ceph: stderr
2023-10-21T15:31:52.704+0000 7f3668ff9700 1 -- 172.21.15.46:0/1546415481 <== mon.0 v2:172.21.15.46:3300/0 4 ==== mgrmap(e 7) v1 ==== 45473+0+0 (secure 0 0 0) 0x7f365c0198d0 con 0x7f366c1072c0
2023-10-21T15:31:53.470 INFO:teuthology.orchestra.run.smithi046.stdout:/usr/bin/ceph: stderr
2023-10-21T15:31:52.704+0000 7f3668ff9700 1 --2- 172.21.15.46:0/1546415481 >> [v2:172.21.15.46:6800/2286995794,v1:172.21.15.46:6801/2286995794] conn(0x7f36540386b0 0x7f365403ab70 unknown :-1 s=NONE pgs=0 cs=0 l=1 rev1=0 crypto rx=0 tx=0 comp rx=0 tx=0).connect
2023-10-21T15:31:53.470 INFO:teuthology.orchestra.run.smithi046.stdout:/usr/bin/ceph: stderr
2023-10-21T15:31:52.704+0000 7f3671b06700 1 -- 172.21.15.46:0/1546415481 --> [v2:172.21.15.46:3300/0,v1:172.21.15.46:6789/0] -- mon_command({"prefix": "get_command_descriptions"} v 0) v1 -- 0x7f366c0624e0 con 0x7f366c1072c0
2023-10-21T15:31:53.470 INFO:teuthology.orchestra.run.smithi046.stdout:/usr/bin/ceph: stderr
2023-10-21T15:31:52.704+0000 7f3668ff9700 1 -- 172.21.15.46:0/1546415481 <== mon.0 v2:172.21.15.46:3300/0 5 ==== osd_map(2..2 src has 1..2) v4 ==== 940+0+0 (secure 0 0 0) 0x7f365c04c7d0 con 0x7f366c1072c0
2023-10-21T15:31:53.471 INFO:teuthology.orchestra.run.smithi046.stdout:/usr/bin/ceph: stderr
2023-10-21T15:31:52.705+0000 7f366affd700 1 --2- 172.21.15.46:0/1546415481 >> [v2:172.21.15.46:6800/2286995794,v1:172.21.15.46:6801/2286995794] conn(0x7f36540386b0 0x7f365403ab70 unknown :-1 s=BANNER_CONNECTING pgs=0 cs=0 l=1 rev1=0 crypto rx=0 tx=0 comp rx=0 tx=0)._handle_peer_banner_payload supported=3 required=0
2023-10-21T15:31:53.471 INFO:teuthology.orchestra.run.smithi046.stdout:/usr/bin/ceph: stderr
2023-10-21T15:31:52.705+0000 7f366affd700 1 --2- 172.21.15.46:0/1546415481 >> [v2:172.21.15.46:6800/2286995794,v1:172.21.15.46:6801/2286995794] conn(0x7f36540386b0 0x7f365403ab70 secure :-1 s=READY pgs=7 cs=0 l=1 rev1=1 crypto rx=0x7f3660006fd0 tx=0x7f3660006e40 comp rx=0 tx=0).ready entity=mgr.14118 client_cookie=0 server_cookie=0 in_seq=0 out_seq=0
2023-10-21T15:31:53.471 INFO:teuthology.orchestra.run.smithi046.stdout:/usr/bin/ceph: stderr
2023-10-21T15:31:52.709+0000 7f3668ff9700 1 -- 172.21.15.46:0/1546415481 <== mon.0 v2:172.21.15.46:3300/0 6 ==== mon_command_ack([{"prefix": "get_command_descriptions"}]=0 v0) v1 ==== 72+0+180459 (secure 0 0 0) 0x7f365c02b340 con 0x7f366c1072c0
2023-10-21T15:31:53.471 INFO:teuthology.orchestra.run.smithi046.stdout:/usr/bin/ceph: stderr
2023-10-21T15:31:53.103+0000 7f3671b06700 1 -- 172.21.15.46:0/1546415481 --> [v2:172.21.15.46:6800/2286995794,v1:172.21.15.46:6801/2286995794] -- mgr_command(tid 0: {"prefix": "orch set backend", "module_name": "cephadm", "target": ["mon-mgr", ""]}) v1 -- 0x7f366c1021b0 con 0x7f36540386b0
2023-10-21T15:31:53.471 INFO:teuthology.orchestra.run.smithi046.stdout:/usr/bin/ceph: stderr
2023-10-21T15:31:53.109+0000 7f3668ff9700 1 -- 172.21.15.46:0/1546415481 <== mgr.14118 v2:172.21.15.46:6800/2286995794 1 ==== mgr_command_reply(tid 0: 0 ) v1 ==== 8+0+0 (secure 0 0 0) 0x7f366c1021b0 con 0x7f36540386b0
2023-10-21T15:31:53.472 INFO:teuthology.orchestra.run.smithi046.stdout:/usr/bin/ceph: stderr
2023-10-21T15:31:53.112+0000 7f3671b06700 1 -- 172.21.15.46:0/1546415481 >> [v2:172.21.15.46:6800/2286995794,v1:172.21.15.46:6801/2286995794] conn(0x7f36540386b0 msgr2=0x7f365403ab70 secure :-1 s=STATE_CONNECTION_ESTABLISHED l=1).mark_down
2023-10-21T15:31:53.472 INFO:teuthology.orchestra.run.smithi046.stdout:/usr/bin/ceph: stderr
2023-10-21T15:31:53.112+0000 7f3671b06700 1 --2- 172.21.15.46:0/1546415481 >> [v2:172.21.15.46:6800/2286995794,v1:172.21.15.46:6801/2286995794] conn(0x7f36540386b0 0x7f365403ab70 secure :-1 s=READY pgs=7 cs=0 l=1 rev1=1 crypto rx=0x7f3660006fd0 tx=0x7f3660006e40 comp rx=0 tx=0).stop
2023-10-21T15:31:53.472 INFO:teuthology.orchestra.run.smithi046.stdout:/usr/bin/ceph: stderr
2023-10-21T15:31:53.112+0000 7f3671b06700 1 -- 172.21.15.46:0/1546415481 >> [v2:172.21.15.46:3300/0,v1:172.21.15.46:6789/0] conn(0x7f366c1072c0 msgr2=0x7f366c19a480 secure :-1 s=STATE_CONNECTION_ESTABLISHED l=1).mark_down
2023-10-21T15:31:53.472 INFO:teuthology.orchestra.run.smithi046.stdout:/usr/bin/ceph: stderr
2023-10-21T15:31:53.112+0000 7f3671b06700 1 --2- 172.21.15.46:0/1546415481 >> [v2:172.21.15.46:3300/0,v1:172.21.15.46:6789/0] conn(0x7f366c1072c0 0x7f366c19a480 secure :-1 s=READY pgs=36 cs=0 l=1 rev1=1 crypto rx=0x7f365c009fb0 tx=0x7f365c011ad0 comp rx=0 tx=0).stop
2023-10-21T15:31:53.472 INFO:teuthology.orchestra.run.smithi046.stdout:/usr/bin/ceph: stderr
2023-10-21T15:31:53.112+0000 7f3671b06700 1 -- 172.21.15.46:0/1546415481 shutdown_connections
2023-10-21T15:31:53.473 INFO:teuthology.orchestra.run.smithi046.stdout:/usr/bin/ceph: stderr
2023-10-21T15:31:53.112+0000 7f3671b06700 1 --2- 172.21.15.46:0/1546415481 >> [v2:172.21.15.46:6800/2286995794,v1:172.21.15.46:6801/2286995794] conn(0x7f36540386b0 0x7f365403ab70 unknown :-1 s=CLOSED pgs=7 cs=0 l=1 rev1=1 crypto rx=0 tx=0 comp rx=0 tx=0).stop
2023-10-21T15:31:53.473 INFO:teuthology.orchestra.run.smithi046.stdout:/usr/bin/ceph: stderr
2023-10-21T15:31:53.112+0000 7f3671b06700 1 --2- 172.21.15.46:0/1546415481 >> [v2:172.21.15.46:3300/0,v1:172.21.15.46:6789/0] conn(0x7f366c1072c0 0x7f366c19a480 unknown :-1 s=CLOSED pgs=36 cs=0 l=1 rev1=1 crypto rx=0 tx=0 comp rx=0 tx=0).stop
2023-10-21T15:31:53.473 INFO:teuthology.orchestra.run.smithi046.stdout:/usr/bin/ceph: stderr
2023-10-21T15:31:53.112+0000 7f3671b06700 1 -- 172.21.15.46:0/1546415481 >> 172.21.15.46:0/1546415481 conn(0x7f366c100cb0 msgr2=0x7f366c101aa0 unknown :-1 s=STATE_NONE l=0).mark_down
2023-10-21T15:31:53.473 INFO:teuthology.orchestra.run.smithi046.stdout:/usr/bin/ceph: stderr
2023-10-21T15:31:53.112+0000 7f3671b06700 1 -- 172.21.15.46:0/1546415481 shutdown_connections
2023-10-21T15:31:53.473 INFO:teuthology.orchestra.run.smithi046.stdout:/usr/bin/ceph: stderr
2023-10-21T15:31:53.112+0000 7f3671b06700 1 -- 172.21.15.46:0/1546415481 wait complete.
2023-10-21T15:31:53.690 INFO:journalctl@ceph.mon.a.smithi046.stdout:Oct 21 15:31:53 smithi046 ceph-mon[99436]: [21/Oct/2023:15:31:51] ENGINE Bus STARTING
2023-10-21T15:31:53.690 INFO:journalctl@ceph.mon.a.smithi046.stdout:Oct 21 15:31:53 smithi046 ceph-mon[99436]: from='client.14122 -' entity='client.admin' cmd=[{"prefix": "get_command_descriptions"}]: dispatch
2023-10-21T15:31:53.691 INFO:journalctl@ceph.mon.a.smithi046.stdout:Oct 21 15:31:53 smithi046 ceph-mon[99436]: from='client.14122 -' entity='client.admin' cmd=[{"prefix": "mgr_status"}]: dispatch
2023-10-21T15:31:53.691 INFO:journalctl@ceph.mon.a.smithi046.stdout:Oct 21 15:31:53 smithi046 ceph-mon[99436]: [21/Oct/2023:15:31:51] ENGINE Serving on http://172.21.15.46:8765
2023-10-21T15:31:53.691 INFO:journalctl@ceph.mon.a.smithi046.stdout:Oct 21 15:31:53 smithi046 ceph-mon[99436]: [21/Oct/2023:15:31:51] ENGINE Serving on https://172.21.15.46:7150
2023-10-21T15:31:53.691 INFO:journalctl@ceph.mon.a.smithi046.stdout:Oct 21 15:31:53 smithi046 ceph-mon[99436]: [21/Oct/2023:15:31:51] ENGINE Bus STARTED
2023-10-21T15:31:53.691 INFO:journalctl@ceph.mon.a.smithi046.stdout:Oct 21 15:31:53 smithi046 ceph-mon[99436]: from='mgr.14118 172.21.15.46:0/3015201017' entity='mgr.x'
2023-10-21T15:31:53.692 INFO:journalctl@ceph.mon.a.smithi046.stdout:Oct 21 15:31:53 smithi046 ceph-mon[99436]: from='mgr.14118 172.21.15.46:0/3015201017' entity='mgr.x' cmd=[{"prefix": "config dump", "format": "json"}]: dispatch
2023-10-21T15:31:54.669 INFO:journalctl@ceph.mon.a.smithi046.stdout:Oct 21 15:31:54 smithi046 ceph-mon[99436]: from='client.14130 -' entity='client.admin' cmd=[{"prefix": "orch set backend", "module_name": "cephadm", "target": ["mon-mgr", ""]}]: dispatch
2023-10-21T15:31:54.670 INFO:journalctl@ceph.mon.a.smithi046.stdout:Oct 21 15:31:54 smithi046 ceph-mon[99436]: mgrmap e8: x(active, since 2s)
2023-10-21T15:31:54.707 INFO:teuthology.orchestra.run.smithi046.stdout:/usr/bin/ceph: stdout value unchanged
2023-10-21T15:31:54.707 INFO:teuthology.orchestra.run.smithi046.stdout:/usr/bin/ceph: stderr
2023-10-21T15:31:53.948+0000 7f082034b700 1 Processor -- start
2023-10-21T15:31:54.707 INFO:teuthology.orchestra.run.smithi046.stdout:/usr/bin/ceph: stderr
2023-10-21T15:31:53.948+0000 7f082034b700 1 -- start start
2023-10-21T15:31:54.708 INFO:teuthology.orchestra.run.smithi046.stdout:/usr/bin/ceph: stderr
2023-10-21T15:31:53.949+0000 7f082034b700 1 --2- >> [v2:172.21.15.46:3300/0,v1:172.21.15.46:6789/0] conn(0x7f08181072c0 0x7f08181096b0 unknown :-1 s=NONE pgs=0 cs=0 l=0 rev1=0 crypto rx=0 tx=0 comp rx=0 tx=0).connect
2023-10-21T15:31:54.708 INFO:teuthology.orchestra.run.smithi046.stdout:/usr/bin/ceph: stderr
2023-10-21T15:31:53.949+0000 7f082034b700 1 -- --> [v2:172.21.15.46:3300/0,v1:172.21.15.46:6789/0] -- mon_getmap magic: 0 v1 -- 0x7f0818074740 con 0x7f08181072c0
2023-10-21T15:31:54.708 INFO:teuthology.orchestra.run.smithi046.stdout:/usr/bin/ceph: stderr
2023-10-21T15:31:53.949+0000 7f081e0e7700 1 --2- >> [v2:172.21.15.46:3300/0,v1:172.21.15.46:6789/0] conn(0x7f08181072c0 0x7f08181096b0 unknown :-1 s=BANNER_CONNECTING pgs=0 cs=0 l=0 rev1=0 crypto rx=0 tx=0 comp rx=0 tx=0)._handle_peer_banner_payload supported=3 required=0
2023-10-21T15:31:54.708 INFO:teuthology.orchestra.run.smithi046.stdout:/usr/bin/ceph: stderr
2023-10-21T15:31:53.949+0000 7f081e0e7700 1 --2- >> [v2:172.21.15.46:3300/0,v1:172.21.15.46:6789/0] conn(0x7f08181072c0 0x7f08181096b0 unknown :-1 s=HELLO_CONNECTING pgs=0 cs=0 l=0 rev1=1 crypto rx=0 tx=0 comp rx=0 tx=0).handle_hello peer v2:172.21.15.46:3300/0 says I am v2:172.21.15.46:60098/0 (socket says 172.21.15.46:60098)
2023-10-21T15:31:54.708 INFO:teuthology.orchestra.run.smithi046.stdout:/usr/bin/ceph: stderr
2023-10-21T15:31:53.949+0000 7f081e0e7700 1 -- 172.21.15.46:0/791333222 learned_addr learned my addr 172.21.15.46:0/791333222 (peer_addr_for_me v2:172.21.15.46:0/0)
2023-10-21T15:31:54.709 INFO:teuthology.orchestra.run.smithi046.stdout:/usr/bin/ceph: stderr
2023-10-21T15:31:53.949+0000 7f081e0e7700 1 -- 172.21.15.46:0/791333222 --> [v2:172.21.15.46:3300/0,v1:172.21.15.46:6789/0] -- mon_subscribe({config=0+,monmap=0+}) v3 -- 0x7f0818109bf0 con 0x7f08181072c0
2023-10-21T15:31:54.709 INFO:teuthology.orchestra.run.smithi046.stdout:/usr/bin/ceph: stderr
2023-10-21T15:31:53.949+0000 7f081e0e7700 1 --2- 172.21.15.46:0/791333222 >> [v2:172.21.15.46:3300/0,v1:172.21.15.46:6789/0] conn(0x7f08181072c0 0x7f08181096b0 secure :-1 s=READY pgs=37 cs=0 l=1 rev1=1 crypto rx=0x7f08140098a0 tx=0x7f0814009bb0 comp rx=0 tx=0).ready entity=mon.0 client_cookie=8ba768bd08ff586d server_cookie=0 in_seq=0 out_seq=0
2023-10-21T15:31:54.709 INFO:teuthology.orchestra.run.smithi046.stdout:/usr/bin/ceph: stderr
2023-10-21T15:31:53.949+0000 7f081d0e5700 1 -- 172.21.15.46:0/791333222 <== mon.0 v2:172.21.15.46:3300/0 1 ==== mon_map magic: 0 v1 ==== 205+0+0 (secure 0 0 0) 0x7f0814004160 con 0x7f08181072c0
2023-10-21T15:31:54.709 INFO:teuthology.orchestra.run.smithi046.stdout:/usr/bin/ceph: stderr
2023-10-21T15:31:53.949+0000 7f081d0e5700 1 -- 172.21.15.46:0/791333222 <== mon.0 v2:172.21.15.46:3300/0 2 ==== config(26 keys) v1 ==== 1074+0+0 (secure 0 0 0) 0x7f08140042c0 con 0x7f08181072c0
2023-10-21T15:31:54.709 INFO:teuthology.orchestra.run.smithi046.stdout:/usr/bin/ceph: stderr
2023-10-21T15:31:53.950+0000 7f081d0e5700 1 -- 172.21.15.46:0/791333222 <== mon.0 v2:172.21.15.46:3300/0 3 ==== mon_map magic: 0 v1 ==== 205+0+0 (secure 0 0 0) 0x7f0814011a00 con 0x7f08181072c0
2023-10-21T15:31:54.710 INFO:teuthology.orchestra.run.smithi046.stdout:/usr/bin/ceph: stderr
2023-10-21T15:31:53.950+0000 7f082034b700 1 -- 172.21.15.46:0/791333222 >> [v2:172.21.15.46:3300/0,v1:172.21.15.46:6789/0] conn(0x7f08181072c0 msgr2=0x7f08181096b0 secure :-1 s=STATE_CONNECTION_ESTABLISHED l=1).mark_down
2023-10-21T15:31:54.710 INFO:teuthology.orchestra.run.smithi046.stdout:/usr/bin/ceph: stderr
2023-10-21T15:31:53.950+0000 7f082034b700 1 --2- 172.21.15.46:0/791333222 >> [v2:172.21.15.46:3300/0,v1:172.21.15.46:6789/0] conn(0x7f08181072c0 0x7f08181096b0 secure :-1 s=READY pgs=37 cs=0 l=1 rev1=1 crypto rx=0x7f08140098a0 tx=0x7f0814009bb0 comp rx=0 tx=0).stop
2023-10-21T15:31:54.710 INFO:teuthology.orchestra.run.smithi046.stdout:/usr/bin/ceph: stderr
2023-10-21T15:31:53.950+0000 7f082034b700 1 -- 172.21.15.46:0/791333222 shutdown_connections
2023-10-21T15:31:54.710 INFO:teuthology.orchestra.run.smithi046.stdout:/usr/bin/ceph: stderr
2023-10-21T15:31:53.950+0000 7f082034b700 1 --2- 172.21.15.46:0/791333222 >> [v2:172.21.15.46:3300/0,v1:172.21.15.46:6789/0] conn(0x7f08181072c0 0x7f08181096b0 unknown :-1 s=CLOSED pgs=37 cs=0 l=1 rev1=1 crypto rx=0 tx=0 comp rx=0 tx=0).stop
2023-10-21T15:31:54.711 INFO:teuthology.orchestra.run.smithi046.stdout:/usr/bin/ceph: stderr
2023-10-21T15:31:53.950+0000 7f082034b700 1 -- 172.21.15.46:0/791333222 >> 172.21.15.46:0/791333222 conn(0x7f0818100cb0 msgr2=0x7f08181030f0 unknown :-1 s=STATE_NONE l=0).mark_down
2023-10-21T15:31:54.711 INFO:teuthology.orchestra.run.smithi046.stdout:/usr/bin/ceph: stderr
2023-10-21T15:31:53.950+0000 7f082034b700 1 -- 172.21.15.46:0/791333222 shutdown_connections
2023-10-21T15:31:54.711 INFO:teuthology.orchestra.run.smithi046.stdout:/usr/bin/ceph: stderr
2023-10-21T15:31:53.950+0000 7f082034b700 1 -- 172.21.15.46:0/791333222 wait complete.
2023-10-21T15:31:54.711 INFO:teuthology.orchestra.run.smithi046.stdout:/usr/bin/ceph: stderr
2023-10-21T15:31:53.951+0000 7f082034b700 1 Processor -- start
2023-10-21T15:31:54.712 INFO:teuthology.orchestra.run.smithi046.stdout:/usr/bin/ceph: stderr
2023-10-21T15:31:53.951+0000 7f082034b700 1 -- start start
2023-10-21T15:31:54.712 INFO:teuthology.orchestra.run.smithi046.stdout:/usr/bin/ceph: stderr
2023-10-21T15:31:53.951+0000 7f082034b700 1 --2- >> [v2:172.21.15.46:3300/0,v1:172.21.15.46:6789/0] conn(0x7f08181072c0 0x7f081819a470 unknown :-1 s=NONE pgs=0 cs=0 l=1 rev1=0 crypto rx=0 tx=0 comp rx=0 tx=0).connect
2023-10-21T15:31:54.712 INFO:teuthology.orchestra.run.smithi046.stdout:/usr/bin/ceph: stderr
2023-10-21T15:31:53.951+0000 7f082034b700 1 -- --> [v2:172.21.15.46:3300/0,v1:172.21.15.46:6789/0] -- mon_getmap magic: 0 v1 -- 0x7f081819a9b0 con 0x7f08181072c0
2023-10-21T15:31:54.712 INFO:teuthology.orchestra.run.smithi046.stdout:/usr/bin/ceph: stderr
2023-10-21T15:31:53.951+0000 7f081e0e7700 1 --2- >> [v2:172.21.15.46:3300/0,v1:172.21.15.46:6789/0] conn(0x7f08181072c0 0x7f081819a470 unknown :-1 s=BANNER_CONNECTING pgs=0 cs=0 l=1 rev1=0 crypto rx=0 tx=0 comp rx=0 tx=0)._handle_peer_banner_payload supported=3 required=0
2023-10-21T15:31:54.712 INFO:teuthology.orchestra.run.smithi046.stdout:/usr/bin/ceph: stderr
2023-10-21T15:31:53.951+0000 7f081e0e7700 1 --2- >> [v2:172.21.15.46:3300/0,v1:172.21.15.46:6789/0] conn(0x7f08181072c0 0x7f081819a470 unknown :-1 s=HELLO_CONNECTING pgs=0 cs=0 l=1 rev1=1 crypto rx=0 tx=0 comp rx=0 tx=0).handle_hello peer v2:172.21.15.46:3300/0 says I am v2:172.21.15.46:60100/0 (socket says 172.21.15.46:60100)
2023-10-21T15:31:54.713 INFO:teuthology.orchestra.run.smithi046.stdout:/usr/bin/ceph: stderr
2023-10-21T15:31:53.951+0000 7f081e0e7700 1 -- 172.21.15.46:0/2899263063 learned_addr learned my addr 172.21.15.46:0/2899263063 (peer_addr_for_me v2:172.21.15.46:0/0)
2023-10-21T15:31:54.713 INFO:teuthology.orchestra.run.smithi046.stdout:/usr/bin/ceph: stderr
2023-10-21T15:31:53.951+0000 7f081e0e7700 1 -- 172.21.15.46:0/2899263063 --> [v2:172.21.15.46:3300/0,v1:172.21.15.46:6789/0] -- mon_subscribe({config=0+,monmap=0+}) v3 -- 0x7f0814009550 con 0x7f08181072c0
2023-10-21T15:31:54.713 INFO:teuthology.orchestra.run.smithi046.stdout:/usr/bin/ceph: stderr
2023-10-21T15:31:53.952+0000 7f081e0e7700 1 --2- 172.21.15.46:0/2899263063 >> [v2:172.21.15.46:3300/0,v1:172.21.15.46:6789/0] conn(0x7f08181072c0 0x7f081819a470 secure :-1 s=READY pgs=38 cs=0 l=1 rev1=1 crypto rx=0x7f0814006af0 tx=0x7f0814011ad0 comp rx=0 tx=0).ready entity=mon.0 client_cookie=0 server_cookie=0 in_seq=0 out_seq=0
2023-10-21T15:31:54.713 INFO:teuthology.orchestra.run.smithi046.stdout:/usr/bin/ceph: stderr
2023-10-21T15:31:53.952+0000 7f080b7fe700 1 -- 172.21.15.46:0/2899263063 <== mon.0 v2:172.21.15.46:3300/0 1 ==== mon_map magic: 0 v1 ==== 205+0+0 (secure 0 0 0) 0x7f0814003a40 con 0x7f08181072c0
2023-10-21T15:31:54.713 INFO:teuthology.orchestra.run.smithi046.stdout:/usr/bin/ceph: stderr
2023-10-21T15:31:53.952+0000 7f080b7fe700 1 -- 172.21.15.46:0/2899263063 <== mon.0 v2:172.21.15.46:3300/0 2 ==== config(26 keys) v1 ==== 1074+0+0 (secure 0 0 0) 0x7f0814003ba0 con 0x7f08181072c0
2023-10-21T15:31:54.714 INFO:teuthology.orchestra.run.smithi046.stdout:/usr/bin/ceph: stderr
2023-10-21T15:31:53.952+0000 7f080b7fe700 1 -- 172.21.15.46:0/2899263063 <== mon.0 v2:172.21.15.46:3300/0 3 ==== mon_map magic: 0 v1 ==== 205+0+0 (secure 0 0 0) 0x7f081401a6e0 con 0x7f08181072c0
2023-10-21T15:31:54.714 INFO:teuthology.orchestra.run.smithi046.stdout:/usr/bin/ceph: stderr
2023-10-21T15:31:53.952+0000 7f082034b700 1 -- 172.21.15.46:0/2899263063 --> [v2:172.21.15.46:3300/0,v1:172.21.15.46:6789/0] -- mon_subscribe({mgrmap=0+}) v3 -- 0x7f081819abb0 con 0x7f08181072c0
2023-10-21T15:31:54.714 INFO:teuthology.orchestra.run.smithi046.stdout:/usr/bin/ceph: stderr
2023-10-21T15:31:53.952+0000 7f082034b700 1 -- 172.21.15.46:0/2899263063 --> [v2:172.21.15.46:3300/0,v1:172.21.15.46:6789/0] -- mon_subscribe({osdmap=0}) v3 -- 0x7f081819afd0 con 0x7f08181072c0
2023-10-21T15:31:54.714 INFO:teuthology.orchestra.run.smithi046.stdout:/usr/bin/ceph: stderr
2023-10-21T15:31:53.953+0000 7f080b7fe700 1 -- 172.21.15.46:0/2899263063 <== mon.0 v2:172.21.15.46:3300/0 4 ==== mgrmap(e 8) v1 ==== 45579+0+0 (secure 0 0 0) 0x7f0814024a60 con 0x7f08181072c0
2023-10-21T15:31:54.714 INFO:teuthology.orchestra.run.smithi046.stdout:/usr/bin/ceph: stderr
2023-10-21T15:31:53.953+0000 7f082034b700 1 -- 172.21.15.46:0/2899263063 --> [v2:172.21.15.46:3300/0,v1:172.21.15.46:6789/0] -- mon_command({"prefix": "get_command_descriptions"} v 0) v1 -- 0x7f08180624e0 con 0x7f08181072c0
2023-10-21T15:31:54.715 INFO:teuthology.orchestra.run.smithi046.stdout:/usr/bin/ceph: stderr
2023-10-21T15:31:53.953+0000 7f080b7fe700 1 --2- 172.21.15.46:0/2899263063 >> [v2:172.21.15.46:6800/2286995794,v1:172.21.15.46:6801/2286995794] conn(0x7f0804038870 0x7f080403ad30 unknown :-1 s=NONE pgs=0 cs=0 l=1 rev1=0 crypto rx=0 tx=0 comp rx=0 tx=0).connect
2023-10-21T15:31:54.715 INFO:teuthology.orchestra.run.smithi046.stdout:/usr/bin/ceph: stderr
2023-10-21T15:31:53.953+0000 7f080b7fe700 1 -- 172.21.15.46:0/2899263063 <== mon.0 v2:172.21.15.46:3300/0 5 ==== osd_map(2..2 src has 1..2) v4 ==== 940+0+0 (secure 0 0 0) 0x7f081404c870 con 0x7f08181072c0
2023-10-21T15:31:54.715 INFO:teuthology.orchestra.run.smithi046.stdout:/usr/bin/ceph: stderr
2023-10-21T15:31:53.953+0000 7f081d8e6700 1 --2- 172.21.15.46:0/2899263063 >> [v2:172.21.15.46:6800/2286995794,v1:172.21.15.46:6801/2286995794] conn(0x7f0804038870 0x7f080403ad30 unknown :-1 s=BANNER_CONNECTING pgs=0 cs=0 l=1 rev1=0 crypto rx=0 tx=0 comp rx=0 tx=0)._handle_peer_banner_payload supported=3 required=0
2023-10-21T15:31:54.715 INFO:teuthology.orchestra.run.smithi046.stdout:/usr/bin/ceph: stderr
2023-10-21T15:31:53.954+0000 7f081d8e6700 1 --2- 172.21.15.46:0/2899263063 >> [v2:172.21.15.46:6800/2286995794,v1:172.21.15.46:6801/2286995794] conn(0x7f0804038870 0x7f080403ad30 secure :-1 s=READY pgs=8 cs=0 l=1 rev1=1 crypto rx=0x7f080c006fd0 tx=0x7f080c006e40 comp rx=0 tx=0).ready entity=mgr.14118 client_cookie=0 server_cookie=0 in_seq=0 out_seq=0
2023-10-21T15:31:54.715 INFO:teuthology.orchestra.run.smithi046.stdout:/usr/bin/ceph: stderr
2023-10-21T15:31:53.958+0000 7f080b7fe700 1 -- 172.21.15.46:0/2899263063 <== mon.0 v2:172.21.15.46:3300/0 6 ==== mon_command_ack([{"prefix": "get_command_descriptions"}]=0 v0) v1 ==== 72+0+180459 (secure 0 0 0) 0x7f0814024430 con 0x7f08181072c0
2023-10-21T15:31:54.716 INFO:teuthology.orchestra.run.smithi046.stdout:/usr/bin/ceph: stderr
2023-10-21T15:31:54.324+0000 7f082034b700 1 -- 172.21.15.46:0/2899263063 --> [v2:172.21.15.46:6800/2286995794,v1:172.21.15.46:6801/2286995794] -- mgr_command(tid 0: {"prefix": "cephadm set-user", "user": "root", "target": ["mon-mgr", ""]}) v1 -- 0x7f0818102150 con 0x7f0804038870
2023-10-21T15:31:54.716 INFO:teuthology.orchestra.run.smithi046.stdout:/usr/bin/ceph: stderr
