2023-10-26T09:50:21.450+0000 7f46ff232700 1 -- 172.21.15.69:0/1059241600 >> [v2:172.21.15.69:3300/0,v1:172.21.15.69:6789/0] conn(0x7f46f81048b0 msgr2=0x7f46f8104cd0 secure :-1 s=STATE_CONNECTION_ESTABLISHED l=1).mark_down
2023-10-26T09:50:22.108 INFO:teuthology.orchestra.run.smithi069.stdout:/usr/bin/ceph: stderr
2023-10-26T09:50:21.450+0000 7f46ff232700 1 --2- 172.21.15.69:0/1059241600 >> [v2:172.21.15.69:3300/0,v1:172.21.15.69:6789/0] conn(0x7f46f81048b0 0x7f46f8104cd0 secure :-1 s=READY pgs=43 cs=0 l=1 rev1=1 crypto rx=0x7f46ec0098a0 tx=0x7f46ec009bb0 comp rx=0 tx=0).stop
2023-10-26T09:50:22.108 INFO:teuthology.orchestra.run.smithi069.stdout:/usr/bin/ceph: stderr
2023-10-26T09:50:21.451+0000 7f46ff232700 1 -- 172.21.15.69:0/1059241600 shutdown_connections
2023-10-26T09:50:22.108 INFO:teuthology.orchestra.run.smithi069.stdout:/usr/bin/ceph: stderr
2023-10-26T09:50:21.451+0000 7f46ff232700 1 --2- 172.21.15.69:0/1059241600 >> [v2:172.21.15.69:3300/0,v1:172.21.15.69:6789/0] conn(0x7f46f81048b0 0x7f46f8104cd0 unknown :-1 s=CLOSED pgs=43 cs=0 l=1 rev1=1 crypto rx=0 tx=0 comp rx=0 tx=0).stop
2023-10-26T09:50:22.108 INFO:teuthology.orchestra.run.smithi069.stdout:/usr/bin/ceph: stderr
2023-10-26T09:50:21.451+0000 7f46ff232700 1 -- 172.21.15.69:0/1059241600 >> 172.21.15.69:0/1059241600 conn(0x7f46f8100200 msgr2=0x7f46f8102620 unknown :-1 s=STATE_NONE l=0).mark_down
2023-10-26T09:50:22.108 INFO:teuthology.orchestra.run.smithi069.stdout:/usr/bin/ceph: stderr
2023-10-26T09:50:21.451+0000 7f46ff232700 1 -- 172.21.15.69:0/1059241600 shutdown_connections
2023-10-26T09:50:22.109 INFO:teuthology.orchestra.run.smithi069.stdout:/usr/bin/ceph: stderr
2023-10-26T09:50:21.451+0000 7f46ff232700 1 -- 172.21.15.69:0/1059241600 wait complete.
2023-10-26T09:50:22.109 INFO:teuthology.orchestra.run.smithi069.stdout:/usr/bin/ceph: stderr
2023-10-26T09:50:21.451+0000 7f46ff232700 1 Processor -- start
2023-10-26T09:50:22.109 INFO:teuthology.orchestra.run.smithi069.stdout:/usr/bin/ceph: stderr
2023-10-26T09:50:21.451+0000 7f46ff232700 1 -- start start
2023-10-26T09:50:22.109 INFO:teuthology.orchestra.run.smithi069.stdout:/usr/bin/ceph: stderr
2023-10-26T09:50:21.451+0000 7f46ff232700 1 --2- >> [v2:172.21.15.69:3300/0,v1:172.21.15.69:6789/0] conn(0x7f46f81048b0 0x7f46f819a2b0 unknown :-1 s=NONE pgs=0 cs=0 l=1 rev1=0 crypto rx=0 tx=0 comp rx=0 tx=0).connect
2023-10-26T09:50:22.109 INFO:teuthology.orchestra.run.smithi069.stdout:/usr/bin/ceph: stderr
2023-10-26T09:50:21.451+0000 7f46ff232700 1 -- --> [v2:172.21.15.69:3300/0,v1:172.21.15.69:6789/0] -- mon_getmap magic: 0 v1 -- 0x7f46f819a7f0 con 0x7f46f81048b0
2023-10-26T09:50:22.110 INFO:teuthology.orchestra.run.smithi069.stdout:/usr/bin/ceph: stderr
2023-10-26T09:50:21.452+0000 7f46fcfce700 1 --2- >> [v2:172.21.15.69:3300/0,v1:172.21.15.69:6789/0] conn(0x7f46f81048b0 0x7f46f819a2b0 unknown :-1 s=BANNER_CONNECTING pgs=0 cs=0 l=1 rev1=0 crypto rx=0 tx=0 comp rx=0 tx=0)._handle_peer_banner_payload supported=3 required=0
2023-10-26T09:50:22.110 INFO:teuthology.orchestra.run.smithi069.stdout:/usr/bin/ceph: stderr
2023-10-26T09:50:21.452+0000 7f46fcfce700 1 --2- >> [v2:172.21.15.69:3300/0,v1:172.21.15.69:6789/0] conn(0x7f46f81048b0 0x7f46f819a2b0 unknown :-1 s=HELLO_CONNECTING pgs=0 cs=0 l=1 rev1=1 crypto rx=0 tx=0 comp rx=0 tx=0).handle_hello peer v2:172.21.15.69:3300/0 says I am v2:172.21.15.69:53786/0 (socket says 172.21.15.69:53786)
2023-10-26T09:50:22.110 INFO:teuthology.orchestra.run.smithi069.stdout:/usr/bin/ceph: stderr
2023-10-26T09:50:21.452+0000 7f46fcfce700 1 -- 172.21.15.69:0/3639506299 learned_addr learned my addr 172.21.15.69:0/3639506299 (peer_addr_for_me v2:172.21.15.69:0/0)
2023-10-26T09:50:22.110 INFO:teuthology.orchestra.run.smithi069.stdout:/usr/bin/ceph: stderr
2023-10-26T09:50:21.452+0000 7f46fcfce700 1 -- 172.21.15.69:0/3639506299 --> [v2:172.21.15.69:3300/0,v1:172.21.15.69:6789/0] -- mon_subscribe({config=0+,monmap=0+}) v3 -- 0x7f46ec009550 con 0x7f46f81048b0
2023-10-26T09:50:22.110 INFO:teuthology.orchestra.run.smithi069.stdout:/usr/bin/ceph: stderr
2023-10-26T09:50:21.452+0000 7f46fcfce700 1 --2- 172.21.15.69:0/3639506299 >> [v2:172.21.15.69:3300/0,v1:172.21.15.69:6789/0] conn(0x7f46f81048b0 0x7f46f819a2b0 secure :-1 s=READY pgs=44 cs=0 l=1 rev1=1 crypto rx=0x7f46ec009fb0 tx=0x7f46ec011ad0 comp rx=0 tx=0).ready entity=mon.0 client_cookie=0 server_cookie=0 in_seq=0 out_seq=0
2023-10-26T09:50:22.111 INFO:teuthology.orchestra.run.smithi069.stdout:/usr/bin/ceph: stderr
2023-10-26T09:50:21.452+0000 7f46f5ffb700 1 -- 172.21.15.69:0/3639506299 <== mon.0 v2:172.21.15.69:3300/0 1 ==== mon_map magic: 0 v1 ==== 205+0+0 (secure 0 0 0) 0x7f46ec003930 con 0x7f46f81048b0
2023-10-26T09:50:22.111 INFO:teuthology.orchestra.run.smithi069.stdout:/usr/bin/ceph: stderr
2023-10-26T09:50:21.452+0000 7f46f5ffb700 1 -- 172.21.15.69:0/3639506299 <== mon.0 v2:172.21.15.69:3300/0 2 ==== config(26 keys) v1 ==== 1074+0+0 (secure 0 0 0) 0x7f46ec003a90 con 0x7f46f81048b0
2023-10-26T09:50:22.111 INFO:teuthology.orchestra.run.smithi069.stdout:/usr/bin/ceph: stderr
2023-10-26T09:50:21.452+0000 7f46f5ffb700 1 -- 172.21.15.69:0/3639506299 <== mon.0 v2:172.21.15.69:3300/0 3 ==== mon_map magic: 0 v1 ==== 205+0+0 (secure 0 0 0) 0x7f46ec0195e0 con 0x7f46f81048b0
2023-10-26T09:50:22.111 INFO:teuthology.orchestra.run.smithi069.stdout:/usr/bin/ceph: stderr
2023-10-26T09:50:21.452+0000 7f46ff232700 1 -- 172.21.15.69:0/3639506299 --> [v2:172.21.15.69:3300/0,v1:172.21.15.69:6789/0] -- mon_subscribe({mgrmap=0+}) v3 -- 0x7f46f819a9f0 con 0x7f46f81048b0
2023-10-26T09:50:22.111 INFO:teuthology.orchestra.run.smithi069.stdout:/usr/bin/ceph: stderr
2023-10-26T09:50:21.452+0000 7f46ff232700 1 -- 172.21.15.69:0/3639506299 --> [v2:172.21.15.69:3300/0,v1:172.21.15.69:6789/0] -- mon_subscribe({osdmap=0}) v3 -- 0x7f46f819ae10 con 0x7f46f81048b0
2023-10-26T09:50:22.113 INFO:teuthology.orchestra.run.smithi069.stdout:/usr/bin/ceph: stderr
2023-10-26T09:50:21.453+0000 7f46f5ffb700 1 -- 172.21.15.69:0/3639506299 <== mon.0 v2:172.21.15.69:3300/0 4 ==== mgrmap(e 8) v1 ==== 45418+0+0 (secure 0 0 0) 0x7f46ec01a9d0 con 0x7f46f81048b0
2023-10-26T09:50:22.113 INFO:teuthology.orchestra.run.smithi069.stdout:/usr/bin/ceph: stderr
2023-10-26T09:50:21.453+0000 7f46f5ffb700 1 --2- 172.21.15.69:0/3639506299 >> [v2:172.21.15.69:6800/3523174888,v1:172.21.15.69:6801/3523174888] conn(0x7f46e80384b0 0x7f46e803a970 unknown :-1 s=NONE pgs=0 cs=0 l=1 rev1=0 crypto rx=0 tx=0 comp rx=0 tx=0).connect
2023-10-26T09:50:22.114 INFO:teuthology.orchestra.run.smithi069.stdout:/usr/bin/ceph: stderr
2023-10-26T09:50:21.453+0000 7f46f5ffb700 1 -- 172.21.15.69:0/3639506299 <== mon.0 v2:172.21.15.69:3300/0 5 ==== osd_map(2..2 src has 1..2) v4 ==== 940+0+0 (secure 0 0 0) 0x7f46ec04c590 con 0x7f46f81048b0
2023-10-26T09:50:22.114 INFO:teuthology.orchestra.run.smithi069.stdout:/usr/bin/ceph: stderr
2023-10-26T09:50:21.453+0000 7f46ff232700 1 -- 172.21.15.69:0/3639506299 --> [v2:172.21.15.69:3300/0,v1:172.21.15.69:6789/0] -- mon_command({"prefix": "get_command_descriptions"} v 0) v1 -- 0x7f46f80623c0 con 0x7f46f81048b0
2023-10-26T09:50:22.114 INFO:teuthology.orchestra.run.smithi069.stdout:/usr/bin/ceph: stderr
2023-10-26T09:50:21.453+0000 7f46f7fff700 1 --2- 172.21.15.69:0/3639506299 >> [v2:172.21.15.69:6800/3523174888,v1:172.21.15.69:6801/3523174888] conn(0x7f46e80384b0 0x7f46e803a970 unknown :-1 s=BANNER_CONNECTING pgs=0 cs=0 l=1 rev1=0 crypto rx=0 tx=0 comp rx=0 tx=0)._handle_peer_banner_payload supported=3 required=0
2023-10-26T09:50:22.114 INFO:teuthology.orchestra.run.smithi069.stdout:/usr/bin/ceph: stderr
2023-10-26T09:50:21.454+0000 7f46f7fff700 1 --2- 172.21.15.69:0/3639506299 >> [v2:172.21.15.69:6800/3523174888,v1:172.21.15.69:6801/3523174888] conn(0x7f46e80384b0 0x7f46e803a970 secure :-1 s=READY pgs=10 cs=0 l=1 rev1=1 crypto rx=0x7f46e4006fd0 tx=0x7f46e4006e40 comp rx=0 tx=0).ready entity=mgr.14120 client_cookie=0 server_cookie=0 in_seq=0 out_seq=0
2023-10-26T09:50:22.114 INFO:teuthology.orchestra.run.smithi069.stdout:/usr/bin/ceph: stderr
2023-10-26T09:50:21.458+0000 7f46f5ffb700 1 -- 172.21.15.69:0/3639506299 <== mon.0 v2:172.21.15.69:3300/0 6 ==== mon_command_ack([{"prefix": "get_command_descriptions"}]=0 v0) v1 ==== 72+0+180373 (secure 0 0 0) 0x7f46ec0198a0 con 0x7f46f81048b0
2023-10-26T09:50:22.115 INFO:teuthology.orchestra.run.smithi069.stdout:/usr/bin/ceph: stderr
2023-10-26T09:50:21.646+0000 7f46ff232700 1 -- 172.21.15.69:0/3639506299 --> [v2:172.21.15.69:6800/3523174888,v1:172.21.15.69:6801/3523174888] -- mgr_command(tid 0: {"prefix": "cephadm get-pub-key", "target": ["mon-mgr", ""]}) v1 -- 0x7f46f8102510 con 0x7f46e80384b0
2023-10-26T09:50:22.115 INFO:teuthology.orchestra.run.smithi069.stdout:/usr/bin/ceph: stderr
2023-10-26T09:50:21.647+0000 7f46f5ffb700 1 -- 172.21.15.69:0/3639506299 <== mgr.14120 v2:172.21.15.69:6800/3523174888 1 ==== mgr_command_reply(tid 0: 0 ) v1 ==== 8+0+595 (secure 0 0 0) 0x7f46f8102510 con 0x7f46e80384b0
2023-10-26T09:50:22.115 INFO:teuthology.orchestra.run.smithi069.stdout:/usr/bin/ceph: stderr
2023-10-26T09:50:21.649+0000 7f46ff232700 1 -- 172.21.15.69:0/3639506299 >> [v2:172.21.15.69:6800/3523174888,v1:172.21.15.69:6801/3523174888] conn(0x7f46e80384b0 msgr2=0x7f46e803a970 secure :-1 s=STATE_CONNECTION_ESTABLISHED l=1).mark_down
2023-10-26T09:50:22.115 INFO:teuthology.orchestra.run.smithi069.stdout:/usr/bin/ceph: stderr
2023-10-26T09:50:21.649+0000 7f46ff232700 1 --2- 172.21.15.69:0/3639506299 >> [v2:172.21.15.69:6800/3523174888,v1:172.21.15.69:6801/3523174888] conn(0x7f46e80384b0 0x7f46e803a970 secure :-1 s=READY pgs=10 cs=0 l=1 rev1=1 crypto rx=0x7f46e4006fd0 tx=0x7f46e4006e40 comp rx=0 tx=0).stop
2023-10-26T09:50:22.115 INFO:teuthology.orchestra.run.smithi069.stdout:/usr/bin/ceph: stderr
2023-10-26T09:50:21.649+0000 7f46ff232700 1 -- 172.21.15.69:0/3639506299 >> [v2:172.21.15.69:3300/0,v1:172.21.15.69:6789/0] conn(0x7f46f81048b0 msgr2=0x7f46f819a2b0 secure :-1 s=STATE_CONNECTION_ESTABLISHED l=1).mark_down
2023-10-26T09:50:22.115 INFO:teuthology.orchestra.run.smithi069.stdout:/usr/bin/ceph: stderr
2023-10-26T09:50:21.649+0000 7f46ff232700 1 --2- 172.21.15.69:0/3639506299 >> [v2:172.21.15.69:3300/0,v1:172.21.15.69:6789/0] conn(0x7f46f81048b0 0x7f46f819a2b0 secure :-1 s=READY pgs=44 cs=0 l=1 rev1=1 crypto rx=0x7f46ec009fb0 tx=0x7f46ec011ad0 comp rx=0 tx=0).stop
2023-10-26T09:50:22.116 INFO:teuthology.orchestra.run.smithi069.stdout:/usr/bin/ceph: stderr
2023-10-26T09:50:21.649+0000 7f46ff232700 1 -- 172.21.15.69:0/3639506299 shutdown_connections
2023-10-26T09:50:22.116 INFO:teuthology.orchestra.run.smithi069.stdout:/usr/bin/ceph: stderr
2023-10-26T09:50:21.649+0000 7f46ff232700 1 --2- 172.21.15.69:0/3639506299 >> [v2:172.21.15.69:6800/3523174888,v1:172.21.15.69:6801/3523174888] conn(0x7f46e80384b0 0x7f46e803a970 unknown :-1 s=CLOSED pgs=10 cs=0 l=1 rev1=1 crypto rx=0 tx=0 comp rx=0 tx=0).stop
2023-10-26T09:50:22.116 INFO:teuthology.orchestra.run.smithi069.stdout:/usr/bin/ceph: stderr
2023-10-26T09:50:21.649+0000 7f46ff232700 1 --2- 172.21.15.69:0/3639506299 >> [v2:172.21.15.69:3300/0,v1:172.21.15.69:6789/0] conn(0x7f46f81048b0 0x7f46f819a2b0 unknown :-1 s=CLOSED pgs=44 cs=0 l=1 rev1=1 crypto rx=0 tx=0 comp rx=0 tx=0).stop
2023-10-26T09:50:22.116 INFO:teuthology.orchestra.run.smithi069.stdout:/usr/bin/ceph: stderr
2023-10-26T09:50:21.649+0000 7f46ff232700 1 -- 172.21.15.69:0/3639506299 >> 172.21.15.69:0/3639506299 conn(0x7f46f8100200 msgr2=0x7f46f81018f0 unknown :-1 s=STATE_NONE l=0).mark_down
2023-10-26T09:50:22.116 INFO:teuthology.orchestra.run.smithi069.stdout:/usr/bin/ceph: stderr
2023-10-26T09:50:21.650+0000 7f46ff232700 1 -- 172.21.15.69:0/3639506299 shutdown_connections
2023-10-26T09:50:22.117 INFO:teuthology.orchestra.run.smithi069.stdout:/usr/bin/ceph: stderr
2023-10-26T09:50:21.650+0000 7f46ff232700 1 -- 172.21.15.69:0/3639506299 wait complete.
2023-10-26T09:50:22.117 INFO:teuthology.orchestra.run.smithi069.stdout:Wrote public SSH key to /home/ubuntu/cephtest/ceph.pub
2023-10-26T09:50:22.117 INFO:teuthology.orchestra.run.smithi069.stdout:Adding key to root@localhost authorized_keys...
2023-10-26T09:50:22.117 INFO:teuthology.orchestra.run.smithi069.stdout:Adding host smithi069...
2023-10-26T09:50:22.492 INFO:journalctl@ceph.mon.a.smithi069.stdout:Oct 26 09:50:22 smithi069 ceph-mon[95988]: from='client.14138 -' entity='client.admin' cmd=[{"prefix": "cephadm get-pub-key", "target": ["mon-mgr", ""]}]: dispatch
2023-10-26T09:50:23.639 INFO:journalctl@ceph.mon.a.smithi069.stdout:Oct 26 09:50:23 smithi069 ceph-mon[95988]: from='client.14140 -' entity='client.admin' cmd=[{"prefix": "orch host add", "hostname": "smithi069", "addr": "172.21.15.69", "target": ["mon-mgr", ""]}]: dispatch
2023-10-26T09:50:23.639 INFO:journalctl@ceph.mon.a.smithi069.stdout:Oct 26 09:50:23 smithi069 ceph-mon[95988]: Deploying cephadm binary to smithi069
2023-10-26T09:50:25.358 INFO:teuthology.orchestra.run.smithi069.stdout:/usr/bin/ceph: stdout Added host 'smithi069' with addr '172.21.15.69'
2023-10-26T09:50:25.358 INFO:teuthology.orchestra.run.smithi069.stdout:/usr/bin/ceph: stderr
2023-10-26T09:50:22.558+0000 7f0323e64700 1 Processor -- start
2023-10-26T09:50:25.359 INFO:teuthology.orchestra.run.smithi069.stdout:/usr/bin/ceph: stderr
2023-10-26T09:50:22.558+0000 7f0323e64700 1 -- start start
2023-10-26T09:50:25.359 INFO:teuthology.orchestra.run.smithi069.stdout:/usr/bin/ceph: stderr
2023-10-26T09:50:22.558+0000 7f0323e64700 1 --2- >> [v2:172.21.15.69:3300/0,v1:172.21.15.69:6789/0] conn(0x7f031c107070 0x7f031c109460 unknown :-1 s=NONE pgs=0 cs=0 l=0 rev1=0 crypto rx=0 tx=0 comp rx=0 tx=0).connect
2023-10-26T09:50:25.359 INFO:teuthology.orchestra.run.smithi069.stdout:/usr/bin/ceph: stderr
2023-10-26T09:50:22.558+0000 7f0323e64700 1 -- --> [v2:172.21.15.69:3300/0,v1:172.21.15.69:6789/0] -- mon_getmap magic: 0 v1 -- 0x7f031c079e80 con 0x7f031c107070
2023-10-26T09:50:25.359 INFO:teuthology.orchestra.run.smithi069.stdout:/usr/bin/ceph: stderr
2023-10-26T09:50:22.558+0000 7f0321c00700 1 --2- >> [v2:172.21.15.69:3300/0,v1:172.21.15.69:6789/0] conn(0x7f031c107070 0x7f031c109460 unknown :-1 s=BANNER_CONNECTING pgs=0 cs=0 l=0 rev1=0 crypto rx=0 tx=0 comp rx=0 tx=0)._handle_peer_banner_payload supported=3 required=0
2023-10-26T09:50:25.359 INFO:teuthology.orchestra.run.smithi069.stdout:/usr/bin/ceph: stderr
2023-10-26T09:50:22.558+0000 7f0321c00700 1 --2- >> [v2:172.21.15.69:3300/0,v1:172.21.15.69:6789/0] conn(0x7f031c107070 0x7f031c109460 unknown :-1 s=HELLO_CONNECTING pgs=0 cs=0 l=0 rev1=1 crypto rx=0 tx=0 comp rx=0 tx=0).handle_hello peer v2:172.21.15.69:3300/0 says I am v2:172.21.15.69:53790/0 (socket says 172.21.15.69:53790)
2023-10-26T09:50:25.360 INFO:teuthology.orchestra.run.smithi069.stdout:/usr/bin/ceph: stderr
2023-10-26T09:50:22.559+0000 7f0321c00700 1 -- 172.21.15.69:0/4182437244 learned_addr learned my addr 172.21.15.69:0/4182437244 (peer_addr_for_me v2:172.21.15.69:0/0)
2023-10-26T09:50:25.360 INFO:teuthology.orchestra.run.smithi069.stdout:/usr/bin/ceph: stderr
2023-10-26T09:50:22.559+0000 7f0321c00700 1 -- 172.21.15.69:0/4182437244 --> [v2:172.21.15.69:3300/0,v1:172.21.15.69:6789/0] -- mon_subscribe({config=0+,monmap=0+}) v3 -- 0x7f031c1099a0 con 0x7f031c107070
2023-10-26T09:50:25.360 INFO:teuthology.orchestra.run.smithi069.stdout:/usr/bin/ceph: stderr
2023-10-26T09:50:22.559+0000 7f0321c00700 1 --2- 172.21.15.69:0/4182437244 >> [v2:172.21.15.69:3300/0,v1:172.21.15.69:6789/0] conn(0x7f031c107070 0x7f031c109460 secure :-1 s=READY pgs=45 cs=0 l=1 rev1=1 crypto rx=0x7f03180098a0 tx=0x7f0318009bb0 comp rx=0 tx=0).ready entity=mon.0 client_cookie=1b3f05fea0499650 server_cookie=0 in_seq=0 out_seq=0
2023-10-26T09:50:25.360 INFO:teuthology.orchestra.run.smithi069.stdout:/usr/bin/ceph: stderr
2023-10-26T09:50:22.559+0000 7f0320bfe700 1 -- 172.21.15.69:0/4182437244 <== mon.0 v2:172.21.15.69:3300/0 1 ==== mon_map magic: 0 v1 ==== 205+0+0 (secure 0 0 0) 0x7f0318004160 con 0x7f031c107070
2023-10-26T09:50:25.361 INFO:teuthology.orchestra.run.smithi069.stdout:/usr/bin/ceph: stderr
2023-10-26T09:50:22.559+0000 7f0320bfe700 1 -- 172.21.15.69:0/4182437244 <== mon.0 v2:172.21.15.69:3300/0 2 ==== config(26 keys) v1 ==== 1074+0+0 (secure 0 0 0) 0x7f03180042c0 con 0x7f031c107070
2023-10-26T09:50:25.361 INFO:teuthology.orchestra.run.smithi069.stdout:/usr/bin/ceph: stderr
2023-10-26T09:50:22.559+0000 7f0320bfe700 1 -- 172.21.15.69:0/4182437244 <== mon.0 v2:172.21.15.69:3300/0 3 ==== mon_map magic: 0 v1 ==== 205+0+0 (secure 0 0 0) 0x7f0318011a00 con 0x7f031c107070
2023-10-26T09:50:25.361 INFO:teuthology.orchestra.run.smithi069.stdout:/usr/bin/ceph: stderr
2023-10-26T09:50:22.560+0000 7f0323e64700 1 -- 172.21.15.69:0/4182437244 >> [v2:172.21.15.69:3300/0,v1:172.21.15.69:6789/0] conn(0x7f031c107070 msgr2=0x7f031c109460 secure :-1 s=STATE_CONNECTION_ESTABLISHED l=1).mark_down
2023-10-26T09:50:25.361 INFO:teuthology.orchestra.run.smithi069.stdout:/usr/bin/ceph: stderr
2023-10-26T09:50:22.560+0000 7f0323e64700 1 --2- 172.21.15.69:0/4182437244 >> [v2:172.21.15.69:3300/0,v1:172.21.15.69:6789/0] conn(0x7f031c107070 0x7f031c109460 secure :-1 s=READY pgs=45 cs=0 l=1 rev1=1 crypto rx=0x7f03180098a0 tx=0x7f0318009bb0 comp rx=0 tx=0).stop
2023-10-26T09:50:25.361 INFO:teuthology.orchestra.run.smithi069.stdout:/usr/bin/ceph: stderr
2023-10-26T09:50:22.560+0000 7f0323e64700 1 -- 172.21.15.69:0/4182437244 shutdown_connections
2023-10-26T09:50:25.362 INFO:teuthology.orchestra.run.smithi069.stdout:/usr/bin/ceph: stderr
2023-10-26T09:50:22.560+0000 7f0323e64700 1 --2- 172.21.15.69:0/4182437244 >> [v2:172.21.15.69:3300/0,v1:172.21.15.69:6789/0] conn(0x7f031c107070 0x7f031c109460 unknown :-1 s=CLOSED pgs=45 cs=0 l=1 rev1=1 crypto rx=0 tx=0 comp rx=0 tx=0).stop
2023-10-26T09:50:25.362 INFO:teuthology.orchestra.run.smithi069.stdout:/usr/bin/ceph: stderr
2023-10-26T09:50:22.560+0000 7f0323e64700 1 -- 172.21.15.69:0/4182437244 >> 172.21.15.69:0/4182437244 conn(0x7f031c100a80 msgr2=0x7f031c102ea0 unknown :-1 s=STATE_NONE l=0).mark_down
2023-10-26T09:50:25.362 INFO:teuthology.orchestra.run.smithi069.stdout:/usr/bin/ceph: stderr
2023-10-26T09:50:22.560+0000 7f0323e64700 1 -- 172.21.15.69:0/4182437244 shutdown_connections
2023-10-26T09:50:25.362 INFO:teuthology.orchestra.run.smithi069.stdout:/usr/bin/ceph: stderr
2023-10-26T09:50:22.560+0000 7f0323e64700 1 -- 172.21.15.69:0/4182437244 wait complete.
2023-10-26T09:50:25.363 INFO:teuthology.orchestra.run.smithi069.stdout:/usr/bin/ceph: stderr
2023-10-26T09:50:22.560+0000 7f0323e64700 1 Processor -- start
2023-10-26T09:50:25.363 INFO:teuthology.orchestra.run.smithi069.stdout:/usr/bin/ceph: stderr
2023-10-26T09:50:22.560+0000 7f0323e64700 1 -- start start
2023-10-26T09:50:25.363 INFO:teuthology.orchestra.run.smithi069.stdout:/usr/bin/ceph: stderr
2023-10-26T09:50:22.561+0000 7f0323e64700 1 --2- >> [v2:172.21.15.69:3300/0,v1:172.21.15.69:6789/0] conn(0x7f031c107070 0x7f031c19c530 unknown :-1 s=NONE pgs=0 cs=0 l=1 rev1=0 crypto rx=0 tx=0 comp rx=0 tx=0).connect
2023-10-26T09:50:25.363 INFO:teuthology.orchestra.run.smithi069.stdout:/usr/bin/ceph: stderr
2023-10-26T09:50:22.561+0000 7f0323e64700 1 -- --> [v2:172.21.15.69:3300/0,v1:172.21.15.69:6789/0] -- mon_getmap magic: 0 v1 -- 0x7f031c19ca70 con 0x7f031c107070
2023-10-26T09:50:25.363 INFO:teuthology.orchestra.run.smithi069.stdout:/usr/bin/ceph: stderr
2023-10-26T09:50:22.561+0000 7f0321c00700 1 --2- >> [v2:172.21.15.69:3300/0,v1:172.21.15.69:6789/0] conn(0x7f031c107070 0x7f031c19c530 unknown :-1 s=BANNER_CONNECTING pgs=0 cs=0 l=1 rev1=0 crypto rx=0 tx=0 comp rx=0 tx=0)._handle_peer_banner_payload supported=3 required=0
2023-10-26T09:50:25.364 INFO:teuthology.orchestra.run.smithi069.stdout:/usr/bin/ceph: stderr
2023-10-26T09:50:22.561+0000 7f0321c00700 1 --2- >> [v2:172.21.15.69:3300/0,v1:172.21.15.69:6789/0] conn(0x7f031c107070 0x7f031c19c530 unknown :-1 s=HELLO_CONNECTING pgs=0 cs=0 l=1 rev1=1 crypto rx=0 tx=0 comp rx=0 tx=0).handle_hello peer v2:172.21.15.69:3300/0 says I am v2:172.21.15.69:53792/0 (socket says 172.21.15.69:53792)
2023-10-26T09:50:25.364 INFO:teuthology.orchestra.run.smithi069.stdout:/usr/bin/ceph: stderr
2023-10-26T09:50:22.561+0000 7f0321c00700 1 -- 172.21.15.69:0/51302411 learned_addr learned my addr 172.21.15.69:0/51302411 (peer_addr_for_me v2:172.21.15.69:0/0)
2023-10-26T09:50:25.364 INFO:teuthology.orchestra.run.smithi069.stdout:/usr/bin/ceph: stderr
2023-10-26T09:50:22.561+0000 7f0321c00700 1 -- 172.21.15.69:0/51302411 --> [v2:172.21.15.69:3300/0,v1:172.21.15.69:6789/0] -- mon_subscribe({config=0+,monmap=0+}) v3 -- 0x7f0318009550 con 0x7f031c107070
2023-10-26T09:50:25.364 INFO:teuthology.orchestra.run.smithi069.stdout:/usr/bin/ceph: stderr
2023-10-26T09:50:22.561+0000 7f0321c00700 1 --2- 172.21.15.69:0/51302411 >> [v2:172.21.15.69:3300/0,v1:172.21.15.69:6789/0] conn(0x7f031c107070 0x7f031c19c530 secure :-1 s=READY pgs=46 cs=0 l=1 rev1=1 crypto rx=0x7f0318009fb0 tx=0x7f0318011ad0 comp rx=0 tx=0).ready entity=mon.0 client_cookie=0 server_cookie=0 in_seq=0 out_seq=0
2023-10-26T09:50:25.364 INFO:teuthology.orchestra.run.smithi069.stdout:/usr/bin/ceph: stderr
2023-10-26T09:50:22.561+0000 7f0312ffd700 1 -- 172.21.15.69:0/51302411 <== mon.0 v2:172.21.15.69:3300/0 1 ==== mon_map magic: 0 v1 ==== 205+0+0 (secure 0 0 0) 0x7f0318003a40 con 0x7f031c107070
2023-10-26T09:50:25.365 INFO:teuthology.orchestra.run.smithi069.stdout:/usr/bin/ceph: stderr
2023-10-26T09:50:22.561+0000 7f0312ffd700 1 -- 172.21.15.69:0/51302411 <== mon.0 v2:172.21.15.69:3300/0 2 ==== config(26 keys) v1 ==== 1074+0+0 (secure 0 0 0) 0x7f0318003ba0 con 0x7f031c107070
2023-10-26T09:50:25.365 INFO:teuthology.orchestra.run.smithi069.stdout:/usr/bin/ceph: stderr
2023-10-26T09:50:22.561+0000 7f0323e64700 1 -- 172.21.15.69:0/51302411 --> [v2:172.21.15.69:3300/0,v1:172.21.15.69:6789/0] -- mon_subscribe({mgrmap=0+}) v3 -- 0x7f031c19cc70 con 0x7f031c107070
2023-10-26T09:50:25.365 INFO:teuthology.orchestra.run.smithi069.stdout:/usr/bin/ceph: stderr
2023-10-26T09:50:22.561+0000 7f0312ffd700 1 -- 172.21.15.69:0/51302411 <== mon.0 v2:172.21.15.69:3300/0 3 ==== mon_map magic: 0 v1 ==== 205+0+0 (secure 0 0 0) 0x7f031801a750 con 0x7f031c107070
2023-10-26T09:50:25.365 INFO:teuthology.orchestra.run.smithi069.stdout:/usr/bin/ceph: stderr
2023-10-26T09:50:22.561+0000 7f0323e64700 1 -- 172.21.15.69:0/51302411 --> [v2:172.21.15.69:3300/0,v1:172.21.15.69:6789/0] -- mon_subscribe({osdmap=0}) v3 -- 0x7f031c19d090 con 0x7f031c107070
2023-10-26T09:50:25.366 INFO:teuthology.orchestra.run.smithi069.stdout:/usr/bin/ceph: stderr
2023-10-26T09:50:22.562+0000 7f0312ffd700 1 -- 172.21.15.69:0/51302411 <== mon.0 v2:172.21.15.69:3300/0 4 ==== mgrmap(e 8) v1 ==== 45418+0+0 (secure 0 0 0) 0x7f0318024b60 con 0x7f031c107070
2023-10-26T09:50:25.366 INFO:teuthology.orchestra.run.smithi069.stdout:/usr/bin/ceph: stderr
2023-10-26T09:50:22.562+0000 7f0323e64700 1 -- 172.21.15.69:0/51302411 --> [v2:172.21.15.69:3300/0,v1:172.21.15.69:6789/0] -- mon_command({"prefix": "get_command_descriptions"} v 0) v1 -- 0x7f031c0623c0 con 0x7f031c107070
2023-10-26T09:50:25.366 INFO:teuthology.orchestra.run.smithi069.stdout:/usr/bin/ceph: stderr
2023-10-26T09:50:22.562+0000 7f0312ffd700 1 --2- 172.21.15.69:0/51302411 >> [v2:172.21.15.69:6800/3523174888,v1:172.21.15.69:6801/3523174888] conn(0x7f0308038500 0x7f030803a9c0 unknown :-1 s=NONE pgs=0 cs=0 l=1 rev1=0 crypto rx=0 tx=0 comp rx=0 tx=0).connect
2023-10-26T09:50:25.366 INFO:teuthology.orchestra.run.smithi069.stdout:/usr/bin/ceph: stderr
2023-10-26T09:50:22.562+0000 7f0312ffd700 1 -- 172.21.15.69:0/51302411 <== mon.0 v2:172.21.15.69:3300/0 5 ==== osd_map(2..2 src has 1..2) v4 ==== 940+0+0 (secure 0 0 0) 0x7f031804c440 con 0x7f031c107070
2023-10-26T09:50:25.366 INFO:teuthology.orchestra.run.smithi069.stdout:/usr/bin/ceph: stderr
2023-10-26T09:50:22.563+0000 7f03213ff700 1 --2- 172.21.15.69:0/51302411 >> [v2:172.21.15.69:6800/3523174888,v1:172.21.15.69:6801/3523174888] conn(0x7f0308038500 0x7f030803a9c0 unknown :-1 s=BANNER_CONNECTING pgs=0 cs=0 l=1 rev1=0 crypto rx=0 tx=0 comp rx=0 tx=0)._handle_peer_banner_payload supported=3 required=0
2023-10-26T09:50:25.367 INFO:teuthology.orchestra.run.smithi069.stdout:/usr/bin/ceph: stderr
2023-10-26T09:50:22.563+0000 7f03213ff700 1 --2- 172.21.15.69:0/51302411 >> [v2:172.21.15.69:6800/3523174888,v1:172.21.15.69:6801/3523174888] conn(0x7f0308038500 0x7f030803a9c0 secure :-1 s=READY pgs=11 cs=0 l=1 rev1=1 crypto rx=0x7f030c006fd0 tx=0x7f030c006e40 comp rx=0 tx=0).ready entity=mgr.14120 client_cookie=0 server_cookie=0 in_seq=0 out_seq=0
2023-10-26T09:50:25.367 INFO:teuthology.orchestra.run.smithi069.stdout:/usr/bin/ceph: stderr
2023-10-26T09:50:22.567+0000 7f0312ffd700 1 -- 172.21.15.69:0/51302411 <== mon.0 v2:172.21.15.69:3300/0 6 ==== mon_command_ack([{"prefix": "get_command_descriptions"}]=0 v0) v1 ==== 72+0+180373 (secure 0 0 0) 0x7f0318024430 con 0x7f031c107070
2023-10-26T09:50:25.367 INFO:teuthology.orchestra.run.smithi069.stdout:/usr/bin/ceph: stderr
2023-10-26T09:50:22.759+0000 7f0323e64700 1 -- 172.21.15.69:0/51302411 --> [v2:172.21.15.69:6800/3523174888,v1:172.21.15.69:6801/3523174888] -- mgr_command(tid 0: {"prefix": "orch host add", "hostname": "smithi069", "addr": "172.21.15.69", "target": ["mon-mgr", ""]}) v1 -- 0x7f031c102de0 con 0x7f0308038500
2023-10-26T09:50:25.367 INFO:teuthology.orchestra.run.smithi069.stdout:/usr/bin/ceph: stderr
2023-10-26T09:50:25.022+0000 7f0312ffd700 1 -- 172.21.15.69:0/51302411 <== mgr.14120 v2:172.21.15.69:6800/3523174888 1 ==== mgr_command_reply(tid 0: 0 ) v1 ==== 8+0+48 (secure 0 0 0) 0x7f031c102de0 con 0x7f0308038500
2023-10-26T09:50:25.367 INFO:teuthology.orchestra.run.smithi069.stdout:/usr/bin/ceph: stderr
2023-10-26T09:50:25.025+0000 7f0323e64700 1 -- 172.21.15.69:0/51302411 >> [v2:172.21.15.69:6800/3523174888,v1:172.21.15.69:6801/3523174888] conn(0x7f0308038500 msgr2=0x7f030803a9c0 secure :-1 s=STATE_CONNECTION_ESTABLISHED l=1).mark_down
2023-10-26T09:50:25.368 INFO:teuthology.orchestra.run.smithi069.stdout:/usr/bin/ceph: stderr
2023-10-26T09:50:25.025+0000 7f0323e64700 1 --2- 172.21.15.69:0/51302411 >> [v2:172.21.15.69:6800/3523174888,v1:172.21.15.69:6801/3523174888] conn(0x7f0308038500 0x7f030803a9c0 secure :-1 s=READY pgs=11 cs=0 l=1 rev1=1 crypto rx=0x7f030c006fd0 tx=0x7f030c006e40 comp rx=0 tx=0).stop
2023-10-26T09:50:25.368 INFO:teuthology.orchestra.run.smithi069.stdout:/usr/bin/ceph: stderr
2023-10-26T09:50:25.025+0000 7f0323e64700 1 -- 172.21.15.69:0/51302411 >> [v2:172.21.15.69:3300/0,v1:172.21.15.69:6789/0] conn(0x7f031c107070 msgr2=0x7f031c19c530 secure :-1 s=STATE_CONNECTION_ESTABLISHED l=1).mark_down
2023-10-26T09:50:25.368 INFO:teuthology.orchestra.run.smithi069.stdout:/usr/bin/ceph: stderr
2023-10-26T09:50:25.025+0000 7f0323e64700 1 --2- 172.21.15.69:0/51302411 >> [v2:172.21.15.69:3300/0,v1:172.21.15.69:6789/0] conn(0x7f031c107070 0x7f031c19c530 secure :-1 s=READY pgs=46 cs=0 l=1 rev1=1 crypto rx=0x7f0318009fb0 tx=0x7f0318011ad0 comp rx=0 tx=0).stop
2023-10-26T09:50:25.368 INFO:teuthology.orchestra.run.smithi069.stdout:/usr/bin/ceph: stderr
2023-10-26T09:50:25.025+0000 7f0323e64700 1 -- 172.21.15.69:0/51302411 shutdown_connections
2023-10-26T09:50:25.369 INFO:teuthology.orchestra.run.smithi069.stdout:/usr/bin/ceph: stderr
2023-10-26T09:50:25.025+0000 7f0323e64700 1 --2- 172.21.15.69:0/51302411 >> [v2:172.21.15.69:6800/3523174888,v1:172.21.15.69:6801/3523174888] conn(0x7f0308038500 0x7f030803a9c0 unknown :-1 s=CLOSED pgs=11 cs=0 l=1 rev1=1 crypto rx=0 tx=0 comp rx=0 tx=0).stop
2023-10-26T09:50:25.369 INFO:teuthology.orchestra.run.smithi069.stdout:/usr/bin/ceph: stderr
2023-10-26T09:50:25.025+0000 7f0323e64700 1 --2- 172.21.15.69:0/51302411 >> [v2:172.21.15.69:3300/0,v1:172.21.15.69:6789/0] conn(0x7f031c107070 0x7f031c19c530 unknown :-1 s=CLOSED pgs=46 cs=0 l=1 rev1=1 crypto rx=0 tx=0 comp rx=0 tx=0).stop
2023-10-26T09:50:25.369 INFO:teuthology.orchestra.run.smithi069.stdout:/usr/bin/ceph: stderr
2023-10-26T09:50:25.025+0000 7f0323e64700 1 -- 172.21.15.69:0/51302411 >> 172.21.15.69:0/51302411 conn(0x7f031c100a80 msgr2=0x7f031c102180 unknown :-1 s=STATE_NONE l=0).mark_down
2023-10-26T09:50:25.369 INFO:teuthology.orchestra.run.smithi069.stdout:/usr/bin/ceph: stderr
2023-10-26T09:50:25.025+0000 7f0323e64700 1 -- 172.21.15.69:0/51302411 shutdown_connections
2023-10-26T09:50:25.369 INFO:teuthology.orchestra.run.smithi069.stdout:/usr/bin/ceph: stderr
2023-10-26T09:50:25.025+0000 7f0323e64700 1 -- 172.21.15.69:0/51302411 wait complete.
2023-10-26T09:50:25.370 INFO:teuthology.orchestra.run.smithi069.stdout:Deploying unmanaged mon service...
2023-10-26T09:50:26.235 INFO:journalctl@ceph.mon.a.smithi069.stdout:Oct 26 09:50:26 smithi069 ceph-mon[95988]: from='mgr.14120 172.21.15.69:0/855355500' entity='mgr.x'
2023-10-26T09:50:26.235 INFO:journalctl@ceph.mon.a.smithi069.stdout:Oct 26 09:50:26 smithi069 ceph-mon[95988]: Added host smithi069
2023-10-26T09:50:26.236 INFO:journalctl@ceph.mon.a.smithi069.stdout:Oct 26 09:50:26 smithi069 ceph-mon[95988]: from='mgr.14120 172.21.15.69:0/855355500' entity='mgr.x' cmd=[{"prefix": "config dump", "format": "json"}]: dispatch
2023-10-26T09:50:26.603 INFO:teuthology.orchestra.run.smithi069.stdout:/usr/bin/ceph: stdout Scheduled mon update...
2023-10-26T09:50:26.603 INFO:teuthology.orchestra.run.smithi069.stdout:/usr/bin/ceph: stderr
2023-10-26T09:50:25.873+0000 7f2c32181700 1 Processor -- start
2023-10-26T09:50:26.603 INFO:teuthology.orchestra.run.smithi069.stdout:/usr/bin/ceph: stderr
2023-10-26T09:50:25.873+0000 7f2c32181700 1 -- start start
2023-10-26T09:50:26.604 INFO:teuthology.orchestra.run.smithi069.stdout:/usr/bin/ceph: stderr
2023-10-26T09:50:25.873+0000 7f2c32181700 1 --2- >> [v2:172.21.15.69:3300/0,v1:172.21.15.69:6789/0] conn(0x7f2c2c106a70 0x7f2c2c106e90 unknown :-1 s=NONE pgs=0 cs=0 l=0 rev1=0 crypto rx=0 tx=0 comp rx=0 tx=0).connect
2023-10-26T09:50:26.604 INFO:teuthology.orchestra.run.smithi069.stdout:/usr/bin/ceph: stderr
2023-10-26T09:50:25.873+0000 7f2c32181700 1 -- --> [v2:172.21.15.69:3300/0,v1:172.21.15.69:6789/0] -- mon_getmap magic: 0 v1 -- 0x7f2c2c107460 con 0x7f2c2c106a70
2023-10-26T09:50:26.604 INFO:teuthology.orchestra.run.smithi069.stdout:/usr/bin/ceph: stderr
2023-10-26T09:50:25.873+0000 7f2c2b7fe700 1 --2- >> [v2:172.21.15.69:3300/0,v1:172.21.15.69:6789/0] conn(0x7f2c2c106a70 0x7f2c2c106e90 unknown :-1 s=BANNER_CONNECTING pgs=0 cs=0 l=0 rev1=0 crypto rx=0 tx=0 comp rx=0 tx=0)._handle_peer_banner_payload supported=3 required=0
2023-10-26T09:50:26.604 INFO:teuthology.orchestra.run.smithi069.stdout:/usr/bin/ceph: stderr
2023-10-26T09:50:25.873+0000 7f2c2b7fe700 1 --2- >> [v2:172.21.15.69:3300/0,v1:172.21.15.69:6789/0] conn(0x7f2c2c106a70 0x7f2c2c106e90 unknown :-1 s=HELLO_CONNECTING pgs=0 cs=0 l=0 rev1=1 crypto rx=0 tx=0 comp rx=0 tx=0).handle_hello peer v2:172.21.15.69:3300/0 says I am v2:172.21.15.69:53816/0 (socket says 172.21.15.69:53816)
2023-10-26T09:50:26.604 INFO:teuthology.orchestra.run.smithi069.stdout:/usr/bin/ceph: stderr
2023-10-26T09:50:25.873+0000 7f2c2b7fe700 1 -- 172.21.15.69:0/2692444154 learned_addr learned my addr 172.21.15.69:0/2692444154 (peer_addr_for_me v2:172.21.15.69:0/0)
2023-10-26T09:50:26.605 INFO:teuthology.orchestra.run.smithi069.stdout:/usr/bin/ceph: stderr
2023-10-26T09:50:25.873+0000 7f2c2b7fe700 1 -- 172.21.15.69:0/2692444154 --> [v2:172.21.15.69:3300/0,v1:172.21.15.69:6789/0] -- mon_subscribe({config=0+,monmap=0+}) v3 -- 0x7f2c2c1056d0 con 0x7f2c2c106a70
2023-10-26T09:50:26.605 INFO:teuthology.orchestra.run.smithi069.stdout:/usr/bin/ceph: stderr
2023-10-26T09:50:25.874+0000 7f2c2b7fe700 1 --2- 172.21.15.69:0/2692444154 >> [v2:172.21.15.69:3300/0,v1:172.21.15.69:6789/0] conn(0x7f2c2c106a70 0x7f2c2c106e90 secure :-1 s=READY pgs=47 cs=0 l=1 rev1=1 crypto rx=0x7f2c1c0098a0 tx=0x7f2c1c009bb0 comp rx=0 tx=0).ready entity=mon.0 client_cookie=ac3989c8ba262b4e server_cookie=0 in_seq=0 out_seq=0
2023-10-26T09:50:26.605 INFO:teuthology.orchestra.run.smithi069.stdout:/usr/bin/ceph: stderr
2023-10-26T09:50:25.874+0000 7f2c2a7fc700 1 -- 172.21.15.69:0/2692444154 <== mon.0 v2:172.21.15.69:3300/0 1 ==== mon_map magic: 0 v1 ==== 205+0+0 (secure 0 0 0) 0x7f2c1c004160 con 0x7f2c2c106a70
2023-10-26T09:50:26.605 INFO:teuthology.orchestra.run.smithi069.stdout:/usr/bin/ceph: stderr
2023-10-26T09:50:25.874+0000 7f2c2a7fc700 1 -- 172.21.15.69:0/2692444154 <== mon.0 v2:172.21.15.69:3300/0 2 ==== config(26 keys) v1 ==== 1074+0+0 (secure 0 0 0) 0x7f2c1c0042c0 con 0x7f2c2c106a70
2023-10-26T09:50:26.606 INFO:teuthology.orchestra.run.smithi069.stdout:/usr/bin/ceph: stderr
2023-10-26T09:50:25.874+0000 7f2c2a7fc700 1 -- 172.21.15.69:0/2692444154 <== mon.0 v2:172.21.15.69:3300/0 3 ==== mon_map magic: 0 v1 ==== 205+0+0 (secure 0 0 0) 0x7f2c1c011a00 con 0x7f2c2c106a70
2023-10-26T09:50:26.606 INFO:teuthology.orchestra.run.smithi069.stdout:/usr/bin/ceph: stderr
2023-10-26T09:50:25.874+0000 7f2c32181700 1 -- 172.21.15.69:0/2692444154 >> [v2:172.21.15.69:3300/0,v1:172.21.15.69:6789/0] conn(0x7f2c2c106a70 msgr2=0x7f2c2c106e90 secure :-1 s=STATE_CONNECTION_ESTABLISHED l=1).mark_down
2023-10-26T09:50:26.606 INFO:teuthology.orchestra.run.smithi069.stdout:/usr/bin/ceph: stderr
2023-10-26T09:50:25.874+0000 7f2c32181700 1 --2- 172.21.15.69:0/2692444154 >> [v2:172.21.15.69:3300/0,v1:172.21.15.69:6789/0] conn(0x7f2c2c106a70 0x7f2c2c106e90 secure :-1 s=READY pgs=47 cs=0 l=1 rev1=1 crypto rx=0x7f2c1c0098a0 tx=0x7f2c1c009bb0 comp rx=0 tx=0).stop
2023-10-26T09:50:26.606 INFO:teuthology.orchestra.run.smithi069.stdout:/usr/bin/ceph: stderr
2023-10-26T09:50:25.874+0000 7f2c32181700 1 -- 172.21.15.69:0/2692444154 shutdown_connections
2023-10-26T09:50:26.606 INFO:teuthology.orchestra.run.smithi069.stdout:/usr/bin/ceph: stderr
2023-10-26T09:50:25.874+0000 7f2c32181700 1 --2- 172.21.15.69:0/2692444154 >> [v2:172.21.15.69:3300/0,v1:172.21.15.69:6789/0] conn(0x7f2c2c106a70 0x7f2c2c106e90 unknown :-1 s=CLOSED pgs=47 cs=0 l=1 rev1=1 crypto rx=0 tx=0 comp rx=0 tx=0).stop
2023-10-26T09:50:26.607 INFO:teuthology.orchestra.run.smithi069.stdout:/usr/bin/ceph: stderr
2023-10-26T09:50:25.874+0000 7f2c32181700 1 -- 172.21.15.69:0/2692444154 >> 172.21.15.69:0/2692444154 conn(0x7f2c2c100200 msgr2=0x7f2c2c102620 unknown :-1 s=STATE_NONE l=0).mark_down
2023-10-26T09:50:26.607 INFO:teuthology.orchestra.run.smithi069.stdout:/usr/bin/ceph: stderr
2023-10-26T09:50:25.874+0000 7f2c32181700 1 -- 172.21.15.69:0/2692444154 shutdown_connections
2023-10-26T09:50:26.607 INFO:teuthology.orchestra.run.smithi069.stdout:/usr/bin/ceph: stderr
2023-10-26T09:50:25.874+0000 7f2c32181700 1 -- 172.21.15.69:0/2692444154 wait complete.
2023-10-26T09:50:26.607 INFO:teuthology.orchestra.run.smithi069.stdout:/usr/bin/ceph: stderr
2023-10-26T09:50:25.875+0000 7f2c32181700 1 Processor -- start
2023-10-26T09:50:26.607 INFO:teuthology.orchestra.run.smithi069.stdout:/usr/bin/ceph: stderr
2023-10-26T09:50:25.875+0000 7f2c32181700 1 -- start start
2023-10-26T09:50:26.608 INFO:teuthology.orchestra.run.smithi069.stdout:/usr/bin/ceph: stderr
2023-10-26T09:50:25.875+0000 7f2c32181700 1 --2- >> [v2:172.21.15.69:3300/0,v1:172.21.15.69:6789/0] conn(0x7f2c2c106a70 0x7f2c2c10b480 unknown :-1 s=NONE pgs=0 cs=0 l=1 rev1=0 crypto rx=0 tx=0 comp rx=0 tx=0).connect
2023-10-26T09:50:26.608 INFO:teuthology.orchestra.run.smithi069.stdout:/usr/bin/ceph: stderr
2023-10-26T09:50:25.875+0000 7f2c32181700 1 -- --> [v2:172.21.15.69:3300/0,v1:172.21.15.69:6789/0] -- mon_getmap magic: 0 v1 -- 0x7f2c2c10b9c0 con 0x7f2c2c106a70
2023-10-26T09:50:26.608 INFO:teuthology.orchestra.run.smithi069.stdout:/usr/bin/ceph: stderr
2023-10-26T09:50:25.875+0000 7f2c2b7fe700 1 --2- >> [v2:172.21.15.69:3300/0,v1:172.21.15.69:6789/0] conn(0x7f2c2c106a70 0x7f2c2c10b480 unknown :-1 s=BANNER_CONNECTING pgs=0 cs=0 l=1 rev1=0 crypto rx=0 tx=0 comp rx=0 tx=0)._handle_peer_banner_payload supported=3 required=0
2023-10-26T09:50:26.608 INFO:teuthology.orchestra.run.smithi069.stdout:/usr/bin/ceph: stderr
2023-10-26T09:50:25.875+0000 7f2c2b7fe700 1 --2- >> [v2:172.21.15.69:3300/0,v1:172.21.15.69:6789/0] conn(0x7f2c2c106a70 0x7f2c2c10b480 unknown :-1 s=HELLO_CONNECTING pgs=0 cs=0 l=1 rev1=1 crypto rx=0 tx=0 comp rx=0 tx=0).handle_hello peer v2:172.21.15.69:3300/0 says I am v2:172.21.15.69:53818/0 (socket says 172.21.15.69:53818)
2023-10-26T09:50:26.608 INFO:teuthology.orchestra.run.smithi069.stdout:/usr/bin/ceph: stderr
2023-10-26T09:50:25.875+0000 7f2c2b7fe700 1 -- 172.21.15.69:0/3120041142 learned_addr learned my addr 172.21.15.69:0/3120041142 (peer_addr_for_me v2:172.21.15.69:0/0)
2023-10-26T09:50:26.609 INFO:teuthology.orchestra.run.smithi069.stdout:/usr/bin/ceph: stderr
2023-10-26T09:50:25.876+0000 7f2c2b7fe700 1 -- 172.21.15.69:0/3120041142 --> [v2:172.21.15.69:3300/0,v1:172.21.15.69:6789/0] -- mon_subscribe({config=0+,monmap=0+}) v3 -- 0x7f2c1c009550 con 0x7f2c2c106a70
2023-10-26T09:50:26.609 INFO:teuthology.orchestra.run.smithi069.stdout:/usr/bin/ceph: stderr
2023-10-26T09:50:25.876+0000 7f2c2b7fe700 1 --2- 172.21.15.69:0/3120041142 >> [v2:172.21.15.69:3300/0,v1:172.21.15.69:6789/0] conn(0x7f2c2c106a70 0x7f2c2c10b480 secure :-1 s=READY pgs=48 cs=0 l=1 rev1=1 crypto rx=0x7f2c1c006af0 tx=0x7f2c1c011ad0 comp rx=0 tx=0).ready entity=mon.0 client_cookie=0 server_cookie=0 in_seq=0 out_seq=0
2023-10-26T09:50:26.609 INFO:teuthology.orchestra.run.smithi069.stdout:/usr/bin/ceph: stderr
2023-10-26T09:50:25.876+0000 7f2c28ff9700 1 -- 172.21.15.69:0/3120041142 <== mon.0 v2:172.21.15.69:3300/0 1 ==== mon_map magic: 0 v1 ==== 205+0+0 (secure 0 0 0) 0x7f2c1c003a40 con 0x7f2c2c106a70
2023-10-26T09:50:26.609 INFO:teuthology.orchestra.run.smithi069.stdout:/usr/bin/ceph: stderr
2023-10-26T09:50:25.876+0000 7f2c32181700 1 -- 172.21.15.69:0/3120041142 --> [v2:172.21.15.69:3300/0,v1:172.21.15.69:6789/0] -- mon_subscribe({mgrmap=0+}) v3 -- 0x7f2c2c109ad0 con 0x7f2c2c106a70
2023-10-26T09:50:26.609 INFO:teuthology.orchestra.run.smithi069.stdout:/usr/bin/ceph: stderr
2023-10-26T09:50:25.876+0000 7f2c28ff9700 1 -- 172.21.15.69:0/3120041142 <== mon.0 v2:172.21.15.69:3300/0 2 ==== config(26 keys) v1 ==== 1074+0+0 (secure 0 0 0) 0x7f2c1c003ba0 con 0x7f2c2c106a70
2023-10-26T09:50:26.610 INFO:teuthology.orchestra.run.smithi069.stdout:/usr/bin/ceph: stderr
2023-10-26T09:50:25.876+0000 7f2c28ff9700 1 -- 172.21.15.69:0/3120041142 <== mon.0 v2:172.21.15.69:3300/0 3 ==== mon_map magic: 0 v1 ==== 205+0+0 (secure 0 0 0) 0x7f2c1c01a6e0 con 0x7f2c2c106a70
2023-10-26T09:50:26.610 INFO:teuthology.orchestra.run.smithi069.stdout:/usr/bin/ceph: stderr
2023-10-26T09:50:25.876+0000 7f2c32181700 1 -- 172.21.15.69:0/3120041142 --> [v2:172.21.15.69:3300/0,v1:172.21.15.69:6789/0] -- mon_subscribe({osdmap=0}) v3 -- 0x7f2c2c109ef0 con 0x7f2c2c106a70
2023-10-26T09:50:26.610 INFO:teuthology.orchestra.run.smithi069.stdout:/usr/bin/ceph: stderr
2023-10-26T09:50:25.877+0000 7f2c28ff9700 1 -- 172.21.15.69:0/3120041142 <== mon.0 v2:172.21.15.69:3300/0 4 ==== mgrmap(e 8) v1 ==== 45418+0+0 (secure 0 0 0) 0x7f2c1c01a950 con 0x7f2c2c106a70
2023-10-26T09:50:26.610 INFO:teuthology.orchestra.run.smithi069.stdout:/usr/bin/ceph: stderr
2023-10-26T09:50:25.877+0000 7f2c28ff9700 1 --2- 172.21.15.69:0/3120041142 >> [v2:172.21.15.69:6800/3523174888,v1:172.21.15.69:6801/3523174888] conn(0x7f2c14038500 0x7f2c1403a9c0 unknown :-1 s=NONE pgs=0 cs=0 l=1 rev1=0 crypto rx=0 tx=0 comp rx=0 tx=0).connect
2023-10-26T09:50:26.610 INFO:teuthology.orchestra.run.smithi069.stdout:/usr/bin/ceph: stderr
2023-10-26T09:50:25.877+0000 7f2c28ff9700 1 -- 172.21.15.69:0/3120041142 <== mon.0 v2:172.21.15.69:3300/0 5 ==== osd_map(2..2 src has 1..2) v4 ==== 940+0+0 (secure 0 0 0) 0x7f2c1c04c440 con 0x7f2c2c106a70
2023-10-26T09:50:26.611 INFO:teuthology.orchestra.run.smithi069.stdout:/usr/bin/ceph: stderr
2023-10-26T09:50:25.877+0000 7f2c32181700 1 -- 172.21.15.69:0/3120041142 --> [v2:172.21.15.69:3300/0,v1:172.21.15.69:6789/0] -- mon_command({"prefix": "get_command_descriptions"} v 0) v1 -- 0x7f2c2c0623c0 con 0x7f2c2c106a70
2023-10-26T09:50:26.611 INFO:teuthology.orchestra.run.smithi069.stdout:/usr/bin/ceph: stderr
2023-10-26T09:50:25.877+0000 7f2c2affd700 1 --2- 172.21.15.69:0/3120041142 >> [v2:172.21.15.69:6800/3523174888,v1:172.21.15.69:6801/3523174888] conn(0x7f2c14038500 0x7f2c1403a9c0 unknown :-1 s=BANNER_CONNECTING pgs=0 cs=0 l=1 rev1=0 crypto rx=0 tx=0 comp rx=0 tx=0)._handle_peer_banner_payload supported=3 required=0
2023-10-26T09:50:26.611 INFO:teuthology.orchestra.run.smithi069.stdout:/usr/bin/ceph: stderr
2023-10-26T09:50:25.877+0000 7f2c2affd700 1 --2- 172.21.15.69:0/3120041142 >> [v2:172.21.15.69:6800/3523174888,v1:172.21.15.69:6801/3523174888] conn(0x7f2c14038500 0x7f2c1403a9c0 secure :-1 s=READY pgs=12 cs=0 l=1 rev1=1 crypto rx=0x7f2c20006fd0 tx=0x7f2c20006e40 comp rx=0 tx=0).ready entity=mgr.14120 client_cookie=0 server_cookie=0 in_seq=0 out_seq=0
2023-10-26T09:50:26.611 INFO:teuthology.orchestra.run.smithi069.stdout:/usr/bin/ceph: stderr
2023-10-26T09:50:25.882+0000 7f2c28ff9700 1 -- 172.21.15.69:0/3120041142 <== mon.0 v2:172.21.15.69:3300/0 6 ==== mon_command_ack([{"prefix": "get_command_descriptions"}]=0 v0) v1 ==== 72+0+180373 (secure 0 0 0) 0x7f2c1c01ac00 con 0x7f2c2c106a70
2023-10-26T09:50:26.611 INFO:teuthology.orchestra.run.smithi069.stdout:/usr/bin/ceph: stderr
2023-10-26T09:50:26.102+0000 7f2c32181700 1 -- 172.21.15.69:0/3120041142 --> [v2:172.21.15.69:6800/3523174888,v1:172.21.15.69:6801/3523174888] -- mgr_command(tid 0: {"prefix": "orch apply", "service_type": "mon", "unmanaged": true, "target": ["mon-mgr", ""]}) v1 -- 0x7f2c2c193f60 con 0x7f2c14038500
2023-10-26T09:50:26.612 INFO:teuthology.orchestra.run.smithi069.stdout:/usr/bin/ceph: stderr
2023-10-26T09:50:26.107+0000 7f2c28ff9700 1 -- 172.21.15.69:0/3120041142 <== mgr.14120 v2:172.21.15.69:6800/3523174888 1 ==== mgr_command_reply(tid 0: 0 ) v1 ==== 8+0+24 (secure 0 0 0) 0x7f2c2c193f60 con 0x7f2c14038500
2023-10-26T09:50:26.612 INFO:teuthology.orchestra.run.smithi069.stdout:/usr/bin/ceph: stderr
2023-10-26T09:50:26.109+0000 7f2c32181700 1 -- 172.21.15.69:0/3120041142 >> [v2:172.21.15.69:6800/3523174888,v1:172.21.15.69:6801/3523174888] conn(0x7f2c14038500 msgr2=0x7f2c1403a9c0 secure :-1 s=STATE_CONNECTION_ESTABLISHED l=1).mark_down
2023-10-26T09:50:26.612 INFO:teuthology.orchestra.run.smithi069.stdout:/usr/bin/ceph: stderr
2023-10-26T09:50:26.109+0000 7f2c32181700 1 --2- 172.21.15.69:0/3120041142 >> [v2:172.21.15.69:6800/3523174888,v1:172.21.15.69:6801/3523174888] conn(0x7f2c14038500 0x7f2c1403a9c0 secure :-1 s=READY pgs=12 cs=0 l=1 rev1=1 crypto rx=0x7f2c20006fd0 tx=0x7f2c20006e40 comp rx=0 tx=0).stop
2023-10-26T09:50:26.612 INFO:teuthology.orchestra.run.smithi069.stdout:/usr/bin/ceph: stderr
2023-10-26T09:50:26.109+0000 7f2c32181700 1 -- 172.21.15.69:0/3120041142 >> [v2:172.21.15.69:3300/0,v1:172.21.15.69:6789/0] conn(0x7f2c2c106a70 msgr2=0x7f2c2c10b480 secure :-1 s=STATE_CONNECTION_ESTABLISHED l=1).mark_down
2023-10-26T09:50:26.612 INFO:teuthology.orchestra.run.smithi069.stdout:/usr/bin/ceph: stderr
2023-10-26T09:50:26.109+0000 7f2c32181700 1 --2- 172.21.15.69:0/3120041142 >> [v2:172.21.15.69:3300/0,v1:172.21.15.69:6789/0] conn(0x7f2c2c106a70 0x7f2c2c10b480 secure :-1 s=READY pgs=48 cs=0 l=1 rev1=1 crypto rx=0x7f2c1c006af0 tx=0x7f2c1c011ad0 comp rx=0 tx=0).stop
2023-10-26T09:50:26.613 INFO:teuthology.orchestra.run.smithi069.stdout:/usr/bin/ceph: stderr
2023-10-26T09:50:26.109+0000 7f2c32181700 1 -- 172.21.15.69:0/3120041142 shutdown_connections
2023-10-26T09:50:26.613 INFO:teuthology.orchestra.run.smithi069.stdout:/usr/bin/ceph: stderr
2023-10-26T09:50:26.109+0000 7f2c32181700 1 --2- 172.21.15.69:0/3120041142 >> [v2:172.21.15.69:6800/3523174888,v1:172.21.15.69:6801/3523174888] conn(0x7f2c14038500 0x7f2c1403a9c0 unknown :-1 s=CLOSED pgs=12 cs=0 l=1 rev1=1 crypto rx=0 tx=0 comp rx=0 tx=0).stop
2023-10-26T09:50:26.613 INFO:teuthology.orchestra.run.smithi069.stdout:/usr/bin/ceph: stderr
2023-10-26T09:50:26.109+0000 7f2c32181700 1 --2- 172.21.15.69:0/3120041142 >> [v2:172.21.15.69:3300/0,v1:172.21.15.69:6789/0] conn(0x7f2c2c106a70 0x7f2c2c10b480 unknown :-1 s=CLOSED pgs=48 cs=0 l=1 rev1=1 crypto rx=0 tx=0 comp rx=0 tx=0).stop
2023-10-26T09:50:26.613 INFO:teuthology.orchestra.run.smithi069.stdout:/usr/bin/ceph: stderr
2023-10-26T09:50:26.109+0000 7f2c32181700 1 -- 172.21.15.69:0/3120041142 >> 172.21.15.69:0/3120041142 conn(0x7f2c2c100200 msgr2=0x7f2c2c100e70 unknown :-1 s=STATE_NONE l=0).mark_down
2023-10-26T09:50:26.613 INFO:teuthology.orchestra.run.smithi069.stdout:/usr/bin/ceph: stderr
2023-10-26T09:50:26.109+0000 7f2c32181700 1 -- 172.21.15.69:0/3120041142 shutdown_connections
2023-10-26T09:50:26.614 INFO:teuthology.orchestra.run.smithi069.stdout:/usr/bin/ceph: stderr
2023-10-26T09:50:26.109+0000 7f2c32181700 1 -- 172.21.15.69:0/3120041142 wait complete.
2023-10-26T09:50:26.614 INFO:teuthology.orchestra.run.smithi069.stdout:Deploying unmanaged mgr service...
2023-10-26T09:50:27.492 INFO:journalctl@ceph.mon.a.smithi069.stdout:Oct 26 09:50:27 smithi069 ceph-mon[95988]: from='client.14142 -' entity='client.admin' cmd=[{"prefix": "orch apply", "service_type": "mon", "unmanaged": true, "target": ["mon-mgr", ""]}]: dispatch
2023-10-26T09:50:27.492 INFO:journalctl@ceph.mon.a.smithi069.stdout:Oct 26 09:50:27 smithi069 ceph-mon[95988]: Saving service mon spec with placement count:5
2023-10-26T09:50:27.492 INFO:journalctl@ceph.mon.a.smithi069.stdout:Oct 26 09:50:27 smithi069 ceph-mon[95988]: from='mgr.14120 172.21.15.69:0/855355500' entity='mgr.x'
2023-10-26T09:50:27.493 INFO:journalctl@ceph.mon.a.smithi069.stdout:Oct 26 09:50:27 smithi069 ceph-mon[95988]: from='mgr.14120 172.21.15.69:0/855355500' entity='mgr.x'
2023-10-26T09:50:27.990 INFO:teuthology.orchestra.run.smithi069.stdout:/usr/bin/ceph: stdout Scheduled mgr update...
2023-10-26T09:50:27.995 INFO:teuthology.orchestra.run.smithi069.stdout:/usr/bin/ceph: stderr
2023-10-26T09:50:27.348+0000 7f9ad0e54700 1 Processor -- start
2023-10-26T09:50:27.995 INFO:teuthology.orchestra.run.smithi069.stdout:/usr/bin/ceph: stderr
2023-10-26T09:50:27.349+0000 7f9ad0e54700 1 -- start start
2023-10-26T09:50:27.996 INFO:teuthology.orchestra.run.smithi069.stdout:/usr/bin/ceph: stderr
2023-10-26T09:50:27.349+0000 7f9ad0e54700 1 --2- >> [v2:172.21.15.69:3300/0,v1:172.21.15.69:6789/0] conn(0x7f9acc1054c0 0x7f9acc1058e0 unknown :-1 s=NONE pgs=0 cs=0 l=0 rev1=0 crypto rx=0 tx=0 comp rx=0 tx=0).connect
2023-10-26T09:50:27.996 INFO:teuthology.orchestra.run.smithi069.stdout:/usr/bin/ceph: stderr
2023-10-26T09:50:27.349+0000 7f9ad0e54700 1 -- --> [v2:172.21.15.69:3300/0,v1:172.21.15.69:6789/0] -- mon_getmap magic: 0 v1 -- 0x7f9acc105eb0 con 0x7f9acc1054c0
2023-10-26T09:50:27.996 INFO:teuthology.orchestra.run.smithi069.stdout:/usr/bin/ceph: stderr
2023-10-26T09:50:27.349+0000 7f9aca59c700 1 --2- >> [v2:172.21.15.69:3300/0,v1:172.21.15.69:6789/0] conn(0x7f9acc1054c0 0x7f9acc1058e0 unknown :-1 s=BANNER_CONNECTING pgs=0 cs=0 l=0 rev1=0 crypto rx=0 tx=0 comp rx=0 tx=0)._handle_peer_banner_payload supported=3 required=0
2023-10-26T09:50:27.996 INFO:teuthology.orchestra.run.smithi069.stdout:/usr/bin/ceph: stderr
2023-10-26T09:50:27.349+0000 7f9aca59c700 1 --2- >> [v2:172.21.15.69:3300/0,v1:172.21.15.69:6789/0] conn(0x7f9acc1054c0 0x7f9acc1058e0 unknown :-1 s=HELLO_CONNECTING pgs=0 cs=0 l=0 rev1=1 crypto rx=0 tx=0 comp rx=0 tx=0).handle_hello peer v2:172.21.15.69:3300/0 says I am v2:172.21.15.69:53822/0 (socket says 172.21.15.69:53822)
2023-10-26T09:50:27.996 INFO:teuthology.orchestra.run.smithi069.stdout:/usr/bin/ceph: stderr
2023-10-26T09:50:27.349+0000 7f9aca59c700 1 -- 172.21.15.69:0/499787653 learned_addr learned my addr 172.21.15.69:0/499787653 (peer_addr_for_me v2:172.21.15.69:0/0)
2023-10-26T09:50:27.997 INFO:teuthology.orchestra.run.smithi069.stdout:/usr/bin/ceph: stderr
2023-10-26T09:50:27.350+0000 7f9aca59c700 1 -- 172.21.15.69:0/499787653 --> [v2:172.21.15.69:3300/0,v1:172.21.15.69:6789/0] -- mon_subscribe({config=0+,monmap=0+}) v3 -- 0x7f9acc1066c0 con 0x7f9acc1054c0
2023-10-26T09:50:27.997 INFO:teuthology.orchestra.run.smithi069.stdout:/usr/bin/ceph: stderr
2023-10-26T09:50:27.350+0000 7f9aca59c700 1 --2- 172.21.15.69:0/499787653 >> [v2:172.21.15.69:3300/0,v1:172.21.15.69:6789/0] conn(0x7f9acc1054c0 0x7f9acc1058e0 secure :-1 s=READY pgs=49 cs=0 l=1 rev1=1 crypto rx=0x7f9abc00bb40 tx=0x7f9abc00be50 comp rx=0 tx=0).ready entity=mon.0 client_cookie=84f715acdf85dd4b server_cookie=0 in_seq=0 out_seq=0
2023-10-26T09:50:27.997 INFO:teuthology.orchestra.run.smithi069.stdout:/usr/bin/ceph: stderr
2023-10-26T09:50:27.350+0000 7f9ac959a700 1 -- 172.21.15.69:0/499787653 <== mon.0 v2:172.21.15.69:3300/0 1 ==== mon_map magic: 0 v1 ==== 205+0+0 (secure 0 0 0) 0x7f9abc00dbe0 con 0x7f9acc1054c0
2023-10-26T09:50:27.997 INFO:teuthology.orchestra.run.smithi069.stdout:/usr/bin/ceph: stderr
2023-10-26T09:50:27.350+0000 7f9ac959a700 1 -- 172.21.15.69:0/499787653 <== mon.0 v2:172.21.15.69:3300/0 2 ==== config(26 keys) v1 ==== 1105+0+0 (secure 0 0 0) 0x7f9abc0044f0 con 0x7f9acc1054c0
2023-10-26T09:50:27.997 INFO:teuthology.orchestra.run.smithi069.stdout:/usr/bin/ceph: stderr
2023-10-26T09:50:27.350+0000 7f9ac959a700 1 -- 172.21.15.69:0/499787653 <== mon.0 v2:172.21.15.69:3300/0 3 ==== mon_map magic: 0 v1 ==== 205+0+0 (secure 0 0 0) 0x7f9abc003e60 con 0x7f9acc1054c0
2023-10-26T09:50:27.998 INFO:teuthology.orchestra.run.smithi069.stdout:/usr/bin/ceph: stderr
2023-10-26T09:50:27.350+0000 7f9ad0e54700 1 -- 172.21.15.69:0/499787653 >> [v2:172.21.15.69:3300/0,v1:172.21.15.69:6789/0] conn(0x7f9acc1054c0 msgr2=0x7f9acc1058e0 secure :-1 s=STATE_CONNECTION_ESTABLISHED l=1).mark_down
2023-10-26T09:50:27.998 INFO:teuthology.orchestra.run.smithi069.stdout:/usr/bin/ceph: stderr
2023-10-26T09:50:27.350+0000 7f9ad0e54700 1 --2- 172.21.15.69:0/499787653 >> [v2:172.21.15.69:3300/0,v1:172.21.15.69:6789/0] conn(0x7f9acc1054c0 0x7f9acc1058e0 secure :-1 s=READY pgs=49 cs=0 l=1 rev1=1 crypto rx=0x7f9abc00bb40 tx=0x7f9abc00be50 comp rx=0 tx=0).stop
2023-10-26T09:50:27.998 INFO:teuthology.orchestra.run.smithi069.stdout:/usr/bin/ceph: stderr
