2023-11-06T01:26:30.336+0000 7f8b457fa700 1 -- 172.21.15.53:0/1483989577 <== mon.0 v2:172.21.15.53:3300/0 3 ==== mon_map magic: 0 v1 ==== 205+0+0 (secure 0 0 0) 0x7f8b3801a780 con 0x7f8b481047f0
2023-11-06T01:26:31.034 INFO:teuthology.orchestra.run.smithi053.stdout:/usr/bin/ceph: stderr
2023-11-06T01:26:30.336+0000 7f8b4e499700 1 -- 172.21.15.53:0/1483989577 --> [v2:172.21.15.53:3300/0,v1:172.21.15.53:6789/0] -- mon_subscribe({osdmap=0}) v3 -- 0x7f8b4819ad70 con 0x7f8b481047f0
2023-11-06T01:26:31.034 INFO:teuthology.orchestra.run.smithi053.stdout:/usr/bin/ceph: stderr
2023-11-06T01:26:30.337+0000 7f8b457fa700 1 -- 172.21.15.53:0/1483989577 <== mon.0 v2:172.21.15.53:3300/0 4 ==== mgrmap(e 12) v1 ==== 45281+0+0 (secure 0 0 0) 0x7f8b3801a9f0 con 0x7f8b481047f0
2023-11-06T01:26:31.034 INFO:teuthology.orchestra.run.smithi053.stdout:/usr/bin/ceph: stderr
2023-11-06T01:26:30.337+0000 7f8b457fa700 1 --2- 172.21.15.53:0/1483989577 >> [v2:172.21.15.53:6800/1491433716,v1:172.21.15.53:6801/1491433716] conn(0x7f8b300383a0 0x7f8b3003a860 unknown :-1 s=NONE pgs=0 cs=0 l=1 rev1=0 crypto rx=0 tx=0 comp rx=0 tx=0).connect
2023-11-06T01:26:31.035 INFO:teuthology.orchestra.run.smithi053.stdout:/usr/bin/ceph: stderr
2023-11-06T01:26:30.337+0000 7f8b457fa700 1 -- 172.21.15.53:0/1483989577 <== mon.0 v2:172.21.15.53:3300/0 5 ==== osd_map(3..3 src has 1..3) v4 ==== 1155+0+0 (secure 0 0 0) 0x7f8b3804c5a0 con 0x7f8b481047f0
2023-11-06T01:26:31.035 INFO:teuthology.orchestra.run.smithi053.stdout:/usr/bin/ceph: stderr
2023-11-06T01:26:30.337+0000 7f8b477fe700 1 --2- 172.21.15.53:0/1483989577 >> [v2:172.21.15.53:6800/1491433716,v1:172.21.15.53:6801/1491433716] conn(0x7f8b300383a0 0x7f8b3003a860 unknown :-1 s=BANNER_CONNECTING pgs=0 cs=0 l=1 rev1=0 crypto rx=0 tx=0 comp rx=0 tx=0)._handle_peer_banner_payload supported=3 required=0
2023-11-06T01:26:31.035 INFO:teuthology.orchestra.run.smithi053.stdout:/usr/bin/ceph: stderr
2023-11-06T01:26:30.337+0000 7f8b4e499700 1 -- 172.21.15.53:0/1483989577 --> [v2:172.21.15.53:3300/0,v1:172.21.15.53:6789/0] -- mon_command({"prefix": "get_command_descriptions"} v 0) v1 -- 0x7f8b480623c0 con 0x7f8b481047f0
2023-11-06T01:26:31.035 INFO:teuthology.orchestra.run.smithi053.stdout:/usr/bin/ceph: stderr
2023-11-06T01:26:30.338+0000 7f8b477fe700 1 --2- 172.21.15.53:0/1483989577 >> [v2:172.21.15.53:6800/1491433716,v1:172.21.15.53:6801/1491433716] conn(0x7f8b300383a0 0x7f8b3003a860 secure :-1 s=READY pgs=9 cs=0 l=1 rev1=1 crypto rx=0x7f8b3c006fd0 tx=0x7f8b3c006e40 comp rx=0 tx=0).ready entity=mgr.14152 client_cookie=0 server_cookie=0 in_seq=0 out_seq=0
2023-11-06T01:26:31.036 INFO:teuthology.orchestra.run.smithi053.stdout:/usr/bin/ceph: stderr
2023-11-06T01:26:30.342+0000 7f8b457fa700 1 -- 172.21.15.53:0/1483989577 <== mon.0 v2:172.21.15.53:3300/0 6 ==== mon_command_ack([{"prefix": "get_command_descriptions"}]=0 v0) v1 ==== 72+0+180422 (secure 0 0 0) 0x7f8b3801acf0 con 0x7f8b481047f0
2023-11-06T01:26:31.036 INFO:teuthology.orchestra.run.smithi053.stdout:/usr/bin/ceph: stderr
2023-11-06T01:26:30.712+0000 7f8b4e499700 1 -- 172.21.15.53:0/1483989577 --> [v2:172.21.15.53:3300/0,v1:172.21.15.53:6789/0] -- mon_command({"prefix": "config get", "who": "mgr", "key": "mgr/dashboard/ssl_server_port"} v 0) v1 -- 0x7f8b4819d730 con 0x7f8b481047f0
2023-11-06T01:26:31.036 INFO:teuthology.orchestra.run.smithi053.stdout:/usr/bin/ceph: stderr
2023-11-06T01:26:30.712+0000 7f8b457fa700 1 -- 172.21.15.53:0/1483989577 <== mon.0 v2:172.21.15.53:3300/0 7 ==== mon_command_ack([{"prefix": "config get", "who": "mgr", "key": "mgr/dashboard/ssl_server_port"}]=0 v8) v1 ==== 112+0+5 (secure 0 0 0) 0x7f8b3802c350 con 0x7f8b481047f0
2023-11-06T01:26:31.036 INFO:teuthology.orchestra.run.smithi053.stdout:/usr/bin/ceph: stderr
2023-11-06T01:26:30.715+0000 7f8b4e499700 1 -- 172.21.15.53:0/1483989577 >> [v2:172.21.15.53:6800/1491433716,v1:172.21.15.53:6801/1491433716] conn(0x7f8b300383a0 msgr2=0x7f8b3003a860 secure :-1 s=STATE_CONNECTION_ESTABLISHED l=1).mark_down
2023-11-06T01:26:31.037 INFO:teuthology.orchestra.run.smithi053.stdout:/usr/bin/ceph: stderr
2023-11-06T01:26:30.715+0000 7f8b4e499700 1 --2- 172.21.15.53:0/1483989577 >> [v2:172.21.15.53:6800/1491433716,v1:172.21.15.53:6801/1491433716] conn(0x7f8b300383a0 0x7f8b3003a860 secure :-1 s=READY pgs=9 cs=0 l=1 rev1=1 crypto rx=0x7f8b3c006fd0 tx=0x7f8b3c006e40 comp rx=0 tx=0).stop
2023-11-06T01:26:31.037 INFO:teuthology.orchestra.run.smithi053.stdout:/usr/bin/ceph: stderr
2023-11-06T01:26:30.715+0000 7f8b4e499700 1 -- 172.21.15.53:0/1483989577 >> [v2:172.21.15.53:3300/0,v1:172.21.15.53:6789/0] conn(0x7f8b481047f0 msgr2=0x7f8b4819a190 secure :-1 s=STATE_CONNECTION_ESTABLISHED l=1).mark_down
2023-11-06T01:26:31.037 INFO:teuthology.orchestra.run.smithi053.stdout:/usr/bin/ceph: stderr
2023-11-06T01:26:30.715+0000 7f8b4e499700 1 --2- 172.21.15.53:0/1483989577 >> [v2:172.21.15.53:3300/0,v1:172.21.15.53:6789/0] conn(0x7f8b481047f0 0x7f8b4819a190 secure :-1 s=READY pgs=75 cs=0 l=1 rev1=1 crypto rx=0x7f8b38000c00 tx=0x7f8b38011a30 comp rx=0 tx=0).stop
2023-11-06T01:26:31.038 INFO:teuthology.orchestra.run.smithi053.stdout:/usr/bin/ceph: stderr
2023-11-06T01:26:30.715+0000 7f8b4e499700 1 -- 172.21.15.53:0/1483989577 shutdown_connections
2023-11-06T01:26:31.038 INFO:teuthology.orchestra.run.smithi053.stdout:/usr/bin/ceph: stderr
2023-11-06T01:26:30.715+0000 7f8b4e499700 1 --2- 172.21.15.53:0/1483989577 >> [v2:172.21.15.53:6800/1491433716,v1:172.21.15.53:6801/1491433716] conn(0x7f8b300383a0 0x7f8b3003a860 unknown :-1 s=CLOSED pgs=9 cs=0 l=1 rev1=1 crypto rx=0 tx=0 comp rx=0 tx=0).stop
2023-11-06T01:26:31.038 INFO:teuthology.orchestra.run.smithi053.stdout:/usr/bin/ceph: stderr
2023-11-06T01:26:30.715+0000 7f8b4e499700 1 --2- 172.21.15.53:0/1483989577 >> [v2:172.21.15.53:3300/0,v1:172.21.15.53:6789/0] conn(0x7f8b481047f0 0x7f8b4819a190 unknown :-1 s=CLOSED pgs=75 cs=0 l=1 rev1=1 crypto rx=0 tx=0 comp rx=0 tx=0).stop
2023-11-06T01:26:31.038 INFO:teuthology.orchestra.run.smithi053.stdout:/usr/bin/ceph: stderr
2023-11-06T01:26:30.715+0000 7f8b4e499700 1 -- 172.21.15.53:0/1483989577 >> 172.21.15.53:0/1483989577 conn(0x7f8b48100140 msgr2=0x7f8b48100e60 unknown :-1 s=STATE_NONE l=0).mark_down
2023-11-06T01:26:31.039 INFO:teuthology.orchestra.run.smithi053.stdout:/usr/bin/ceph: stderr
2023-11-06T01:26:30.715+0000 7f8b4e499700 1 -- 172.21.15.53:0/1483989577 shutdown_connections
2023-11-06T01:26:31.039 INFO:teuthology.orchestra.run.smithi053.stdout:/usr/bin/ceph: stderr
2023-11-06T01:26:30.715+0000 7f8b4e499700 1 -- 172.21.15.53:0/1483989577 wait complete.
2023-11-06T01:26:31.040 INFO:teuthology.orchestra.run.smithi053.stdout:Non-zero exit code 1 from systemctl is-enabled firewalld.service
2023-11-06T01:26:31.040 INFO:teuthology.orchestra.run.smithi053.stdout:systemctl: stdout disabled
2023-11-06T01:26:31.041 INFO:teuthology.orchestra.run.smithi053.stdout:Non-zero exit code 3 from systemctl is-active firewalld.service
2023-11-06T01:26:31.041 INFO:teuthology.orchestra.run.smithi053.stdout:systemctl: stdout inactive
2023-11-06T01:26:31.041 INFO:teuthology.orchestra.run.smithi053.stdout:firewalld.service is not enabled
2023-11-06T01:26:31.041 INFO:teuthology.orchestra.run.smithi053.stdout:Not possible to open ports <[8443]>. firewalld.service is not available
2023-11-06T01:26:31.042 INFO:teuthology.orchestra.run.smithi053.stdout:Ceph Dashboard is now available at:
2023-11-06T01:26:31.042 INFO:teuthology.orchestra.run.smithi053.stdout:
2023-11-06T01:26:31.043 INFO:teuthology.orchestra.run.smithi053.stdout: URL: https://smithi053.front.sepia.ceph.com:8443/
2023-11-06T01:26:31.043 INFO:teuthology.orchestra.run.smithi053.stdout: User: admin
2023-11-06T01:26:31.043 INFO:teuthology.orchestra.run.smithi053.stdout: Password: gznaeetc63
2023-11-06T01:26:31.043 INFO:teuthology.orchestra.run.smithi053.stdout:
2023-11-06T01:26:31.043 INFO:teuthology.orchestra.run.smithi053.stdout:Saving cluster configuration to /var/lib/ceph/3f13dbd6-7c43-11ee-8db9-212e2dc638e7/config directory
2023-11-06T01:26:31.044 INFO:teuthology.orchestra.run.smithi053.stdout:Enabling autotune for osd_memory_target
2023-11-06T01:26:31.844 INFO:journalctl@ceph.mon.a.smithi053.stdout:Nov 06 01:26:31 smithi053 ceph-mon[99472]: from='client.? 172.21.15.53:0/1483989577' entity='client.admin' cmd=[{"prefix": "config get", "who": "mgr", "key": "mgr/dashboard/ssl_server_port"}]: dispatch
2023-11-06T01:26:32.288 INFO:teuthology.orchestra.run.smithi053.stdout:/usr/bin/ceph: stderr
2023-11-06T01:26:31.568+0000 7f4a356f0700 1 Processor -- start
2023-11-06T01:26:32.289 INFO:teuthology.orchestra.run.smithi053.stdout:/usr/bin/ceph: stderr
2023-11-06T01:26:31.568+0000 7f4a356f0700 1 -- start start
2023-11-06T01:26:32.289 INFO:teuthology.orchestra.run.smithi053.stdout:/usr/bin/ceph: stderr
2023-11-06T01:26:31.568+0000 7f4a356f0700 1 --2- >> [v2:172.21.15.53:3300/0,v1:172.21.15.53:6789/0] conn(0x7f4a301047f0 0x7f4a30104c10 unknown :-1 s=NONE pgs=0 cs=0 l=0 rev1=0 crypto rx=0 tx=0 comp rx=0 tx=0).connect
2023-11-06T01:26:32.289 INFO:teuthology.orchestra.run.smithi053.stdout:/usr/bin/ceph: stderr
2023-11-06T01:26:31.568+0000 7f4a356f0700 1 -- --> [v2:172.21.15.53:3300/0,v1:172.21.15.53:6789/0] -- mon_getmap magic: 0 v1 -- 0x7f4a301051e0 con 0x7f4a301047f0
2023-11-06T01:26:32.289 INFO:teuthology.orchestra.run.smithi053.stdout:/usr/bin/ceph: stderr
2023-11-06T01:26:31.568+0000 7f4a2effd700 1 --2- >> [v2:172.21.15.53:3300/0,v1:172.21.15.53:6789/0] conn(0x7f4a301047f0 0x7f4a30104c10 unknown :-1 s=BANNER_CONNECTING pgs=0 cs=0 l=0 rev1=0 crypto rx=0 tx=0 comp rx=0 tx=0)._handle_peer_banner_payload supported=3 required=0
2023-11-06T01:26:32.290 INFO:teuthology.orchestra.run.smithi053.stdout:/usr/bin/ceph: stderr
2023-11-06T01:26:31.569+0000 7f4a2effd700 1 --2- >> [v2:172.21.15.53:3300/0,v1:172.21.15.53:6789/0] conn(0x7f4a301047f0 0x7f4a30104c10 unknown :-1 s=HELLO_CONNECTING pgs=0 cs=0 l=0 rev1=1 crypto rx=0 tx=0 comp rx=0 tx=0).handle_hello peer v2:172.21.15.53:3300/0 says I am v2:172.21.15.53:36946/0 (socket says 172.21.15.53:36946)
2023-11-06T01:26:32.290 INFO:teuthology.orchestra.run.smithi053.stdout:/usr/bin/ceph: stderr
2023-11-06T01:26:31.569+0000 7f4a2effd700 1 -- 172.21.15.53:0/1890161740 learned_addr learned my addr 172.21.15.53:0/1890161740 (peer_addr_for_me v2:172.21.15.53:0/0)
2023-11-06T01:26:32.290 INFO:teuthology.orchestra.run.smithi053.stdout:/usr/bin/ceph: stderr
2023-11-06T01:26:31.569+0000 7f4a2effd700 1 -- 172.21.15.53:0/1890161740 --> [v2:172.21.15.53:3300/0,v1:172.21.15.53:6789/0] -- mon_subscribe({config=0+,monmap=0+}) v3 -- 0x7f4a30107780 con 0x7f4a301047f0
2023-11-06T01:26:32.290 INFO:teuthology.orchestra.run.smithi053.stdout:/usr/bin/ceph: stderr
2023-11-06T01:26:31.569+0000 7f4a2effd700 1 --2- 172.21.15.53:0/1890161740 >> [v2:172.21.15.53:3300/0,v1:172.21.15.53:6789/0] conn(0x7f4a301047f0 0x7f4a30104c10 secure :-1 s=READY pgs=76 cs=0 l=1 rev1=1 crypto rx=0x7f4a180098a0 tx=0x7f4a18009bb0 comp rx=0 tx=0).ready entity=mon.0 client_cookie=9696f31fc60e0d43 server_cookie=0 in_seq=0 out_seq=0
2023-11-06T01:26:32.291 INFO:teuthology.orchestra.run.smithi053.stdout:/usr/bin/ceph: stderr
2023-11-06T01:26:31.569+0000 7f4a2dffb700 1 -- 172.21.15.53:0/1890161740 <== mon.0 v2:172.21.15.53:3300/0 1 ==== mon_map magic: 0 v1 ==== 205+0+0 (secure 0 0 0) 0x7f4a18004160 con 0x7f4a301047f0
2023-11-06T01:26:32.291 INFO:teuthology.orchestra.run.smithi053.stdout:/usr/bin/ceph: stderr
2023-11-06T01:26:31.569+0000 7f4a2dffb700 1 -- 172.21.15.53:0/1890161740 <== mon.0 v2:172.21.15.53:3300/0 2 ==== config(26 keys) v1 ==== 1105+0+0 (secure 0 0 0) 0x7f4a180042c0 con 0x7f4a301047f0
2023-11-06T01:26:32.291 INFO:teuthology.orchestra.run.smithi053.stdout:/usr/bin/ceph: stderr
2023-11-06T01:26:31.569+0000 7f4a2dffb700 1 -- 172.21.15.53:0/1890161740 <== mon.0 v2:172.21.15.53:3300/0 3 ==== mon_map magic: 0 v1 ==== 205+0+0 (secure 0 0 0) 0x7f4a180119b0 con 0x7f4a301047f0
2023-11-06T01:26:32.291 INFO:teuthology.orchestra.run.smithi053.stdout:/usr/bin/ceph: stderr
2023-11-06T01:26:31.570+0000 7f4a356f0700 1 -- 172.21.15.53:0/1890161740 >> [v2:172.21.15.53:3300/0,v1:172.21.15.53:6789/0] conn(0x7f4a301047f0 msgr2=0x7f4a30104c10 secure :-1 s=STATE_CONNECTION_ESTABLISHED l=1).mark_down
2023-11-06T01:26:32.291 INFO:teuthology.orchestra.run.smithi053.stdout:/usr/bin/ceph: stderr
2023-11-06T01:26:31.570+0000 7f4a356f0700 1 --2- 172.21.15.53:0/1890161740 >> [v2:172.21.15.53:3300/0,v1:172.21.15.53:6789/0] conn(0x7f4a301047f0 0x7f4a30104c10 secure :-1 s=READY pgs=76 cs=0 l=1 rev1=1 crypto rx=0x7f4a180098a0 tx=0x7f4a18009bb0 comp rx=0 tx=0).stop
2023-11-06T01:26:32.292 INFO:teuthology.orchestra.run.smithi053.stdout:/usr/bin/ceph: stderr
2023-11-06T01:26:31.570+0000 7f4a356f0700 1 -- 172.21.15.53:0/1890161740 shutdown_connections
2023-11-06T01:26:32.292 INFO:teuthology.orchestra.run.smithi053.stdout:/usr/bin/ceph: stderr
2023-11-06T01:26:31.570+0000 7f4a356f0700 1 --2- 172.21.15.53:0/1890161740 >> [v2:172.21.15.53:3300/0,v1:172.21.15.53:6789/0] conn(0x7f4a301047f0 0x7f4a30104c10 unknown :-1 s=CLOSED pgs=76 cs=0 l=1 rev1=1 crypto rx=0 tx=0 comp rx=0 tx=0).stop
2023-11-06T01:26:32.292 INFO:teuthology.orchestra.run.smithi053.stdout:/usr/bin/ceph: stderr
2023-11-06T01:26:31.570+0000 7f4a356f0700 1 -- 172.21.15.53:0/1890161740 >> 172.21.15.53:0/1890161740 conn(0x7f4a30100140 msgr2=0x7f4a30102560 unknown :-1 s=STATE_NONE l=0).mark_down
2023-11-06T01:26:32.292 INFO:teuthology.orchestra.run.smithi053.stdout:/usr/bin/ceph: stderr
2023-11-06T01:26:31.570+0000 7f4a356f0700 1 -- 172.21.15.53:0/1890161740 shutdown_connections
2023-11-06T01:26:32.293 INFO:teuthology.orchestra.run.smithi053.stdout:/usr/bin/ceph: stderr
2023-11-06T01:26:31.570+0000 7f4a356f0700 1 -- 172.21.15.53:0/1890161740 wait complete.
2023-11-06T01:26:32.293 INFO:teuthology.orchestra.run.smithi053.stdout:/usr/bin/ceph: stderr
2023-11-06T01:26:31.570+0000 7f4a356f0700 1 Processor -- start
2023-11-06T01:26:32.293 INFO:teuthology.orchestra.run.smithi053.stdout:/usr/bin/ceph: stderr
2023-11-06T01:26:31.571+0000 7f4a356f0700 1 -- start start
2023-11-06T01:26:32.294 INFO:teuthology.orchestra.run.smithi053.stdout:/usr/bin/ceph: stderr
2023-11-06T01:26:31.571+0000 7f4a356f0700 1 --2- >> [v2:172.21.15.53:3300/0,v1:172.21.15.53:6789/0] conn(0x7f4a301047f0 0x7f4a3019a190 unknown :-1 s=NONE pgs=0 cs=0 l=1 rev1=0 crypto rx=0 tx=0 comp rx=0 tx=0).connect
2023-11-06T01:26:32.294 INFO:teuthology.orchestra.run.smithi053.stdout:/usr/bin/ceph: stderr
2023-11-06T01:26:31.571+0000 7f4a356f0700 1 -- --> [v2:172.21.15.53:3300/0,v1:172.21.15.53:6789/0] -- mon_getmap magic: 0 v1 -- 0x7f4a3019a6d0 con 0x7f4a301047f0
2023-11-06T01:26:32.294 INFO:teuthology.orchestra.run.smithi053.stdout:/usr/bin/ceph: stderr
2023-11-06T01:26:31.571+0000 7f4a2effd700 1 --2- >> [v2:172.21.15.53:3300/0,v1:172.21.15.53:6789/0] conn(0x7f4a301047f0 0x7f4a3019a190 unknown :-1 s=BANNER_CONNECTING pgs=0 cs=0 l=1 rev1=0 crypto rx=0 tx=0 comp rx=0 tx=0)._handle_peer_banner_payload supported=3 required=0
2023-11-06T01:26:32.294 INFO:teuthology.orchestra.run.smithi053.stdout:/usr/bin/ceph: stderr
2023-11-06T01:26:31.571+0000 7f4a2effd700 1 --2- >> [v2:172.21.15.53:3300/0,v1:172.21.15.53:6789/0] conn(0x7f4a301047f0 0x7f4a3019a190 unknown :-1 s=HELLO_CONNECTING pgs=0 cs=0 l=1 rev1=1 crypto rx=0 tx=0 comp rx=0 tx=0).handle_hello peer v2:172.21.15.53:3300/0 says I am v2:172.21.15.53:36948/0 (socket says 172.21.15.53:36948)
2023-11-06T01:26:32.294 INFO:teuthology.orchestra.run.smithi053.stdout:/usr/bin/ceph: stderr
2023-11-06T01:26:31.571+0000 7f4a2effd700 1 -- 172.21.15.53:0/4289322439 learned_addr learned my addr 172.21.15.53:0/4289322439 (peer_addr_for_me v2:172.21.15.53:0/0)
2023-11-06T01:26:32.295 INFO:teuthology.orchestra.run.smithi053.stdout:/usr/bin/ceph: stderr
2023-11-06T01:26:31.571+0000 7f4a2effd700 1 -- 172.21.15.53:0/4289322439 --> [v2:172.21.15.53:3300/0,v1:172.21.15.53:6789/0] -- mon_subscribe({config=0+,monmap=0+}) v3 -- 0x7f4a18009550 con 0x7f4a301047f0
2023-11-06T01:26:32.295 INFO:teuthology.orchestra.run.smithi053.stdout:/usr/bin/ceph: stderr
2023-11-06T01:26:31.571+0000 7f4a2effd700 1 --2- 172.21.15.53:0/4289322439 >> [v2:172.21.15.53:3300/0,v1:172.21.15.53:6789/0] conn(0x7f4a301047f0 0x7f4a3019a190 secure :-1 s=READY pgs=77 cs=0 l=1 rev1=1 crypto rx=0x7f4a18003e60 tx=0x7f4a18011aa0 comp rx=0 tx=0).ready entity=mon.0 client_cookie=0 server_cookie=0 in_seq=0 out_seq=0
2023-11-06T01:26:32.295 INFO:teuthology.orchestra.run.smithi053.stdout:/usr/bin/ceph: stderr
2023-11-06T01:26:31.572+0000 7f4a27fff700 1 -- 172.21.15.53:0/4289322439 <== mon.0 v2:172.21.15.53:3300/0 1 ==== mon_map magic: 0 v1 ==== 205+0+0 (secure 0 0 0) 0x7f4a18003970 con 0x7f4a301047f0
2023-11-06T01:26:32.295 INFO:teuthology.orchestra.run.smithi053.stdout:/usr/bin/ceph: stderr
2023-11-06T01:26:31.572+0000 7f4a27fff700 1 -- 172.21.15.53:0/4289322439 <== mon.0 v2:172.21.15.53:3300/0 2 ==== config(26 keys) v1 ==== 1105+0+0 (secure 0 0 0) 0x7f4a18003ad0 con 0x7f4a301047f0
2023-11-06T01:26:32.295 INFO:teuthology.orchestra.run.smithi053.stdout:/usr/bin/ceph: stderr
2023-11-06T01:26:31.572+0000 7f4a356f0700 1 -- 172.21.15.53:0/4289322439 --> [v2:172.21.15.53:3300/0,v1:172.21.15.53:6789/0] -- mon_subscribe({mgrmap=0+}) v3 -- 0x7f4a3019a8d0 con 0x7f4a301047f0
2023-11-06T01:26:32.296 INFO:teuthology.orchestra.run.smithi053.stdout:/usr/bin/ceph: stderr
2023-11-06T01:26:31.572+0000 7f4a27fff700 1 -- 172.21.15.53:0/4289322439 <== mon.0 v2:172.21.15.53:3300/0 3 ==== mon_map magic: 0 v1 ==== 205+0+0 (secure 0 0 0) 0x7f4a180195e0 con 0x7f4a301047f0
2023-11-06T01:26:32.296 INFO:teuthology.orchestra.run.smithi053.stdout:/usr/bin/ceph: stderr
2023-11-06T01:26:31.572+0000 7f4a356f0700 1 -- 172.21.15.53:0/4289322439 --> [v2:172.21.15.53:3300/0,v1:172.21.15.53:6789/0] -- mon_subscribe({osdmap=0}) v3 -- 0x7f4a3019ad70 con 0x7f4a301047f0
2023-11-06T01:26:32.296 INFO:teuthology.orchestra.run.smithi053.stdout:/usr/bin/ceph: stderr
2023-11-06T01:26:31.572+0000 7f4a27fff700 1 -- 172.21.15.53:0/4289322439 <== mon.0 v2:172.21.15.53:3300/0 4 ==== mgrmap(e 12) v1 ==== 45281+0+0 (secure 0 0 0) 0x7f4a18019850 con 0x7f4a301047f0
2023-11-06T01:26:32.296 INFO:teuthology.orchestra.run.smithi053.stdout:/usr/bin/ceph: stderr
2023-11-06T01:26:31.573+0000 7f4a27fff700 1 --2- 172.21.15.53:0/4289322439 >> [v2:172.21.15.53:6800/1491433716,v1:172.21.15.53:6801/1491433716] conn(0x7f4a1c038350 0x7f4a1c03a810 unknown :-1 s=NONE pgs=0 cs=0 l=1 rev1=0 crypto rx=0 tx=0 comp rx=0 tx=0).connect
2023-11-06T01:26:32.296 INFO:teuthology.orchestra.run.smithi053.stdout:/usr/bin/ceph: stderr
2023-11-06T01:26:31.573+0000 7f4a27fff700 1 -- 172.21.15.53:0/4289322439 <== mon.0 v2:172.21.15.53:3300/0 5 ==== osd_map(3..3 src has 1..3) v4 ==== 1155+0+0 (secure 0 0 0) 0x7f4a1804c4a0 con 0x7f4a301047f0
2023-11-06T01:26:32.297 INFO:teuthology.orchestra.run.smithi053.stdout:/usr/bin/ceph: stderr
2023-11-06T01:26:31.573+0000 7f4a2e7fc700 1 --2- 172.21.15.53:0/4289322439 >> [v2:172.21.15.53:6800/1491433716,v1:172.21.15.53:6801/1491433716] conn(0x7f4a1c038350 0x7f4a1c03a810 unknown :-1 s=BANNER_CONNECTING pgs=0 cs=0 l=1 rev1=0 crypto rx=0 tx=0 comp rx=0 tx=0)._handle_peer_banner_payload supported=3 required=0
2023-11-06T01:26:32.297 INFO:teuthology.orchestra.run.smithi053.stdout:/usr/bin/ceph: stderr
2023-11-06T01:26:31.573+0000 7f4a356f0700 1 -- 172.21.15.53:0/4289322439 --> [v2:172.21.15.53:3300/0,v1:172.21.15.53:6789/0] -- mon_command({"prefix": "get_command_descriptions"} v 0) v1 -- 0x7f4a300623c0 con 0x7f4a301047f0
2023-11-06T01:26:32.297 INFO:teuthology.orchestra.run.smithi053.stdout:/usr/bin/ceph: stderr
2023-11-06T01:26:31.573+0000 7f4a2e7fc700 1 --2- 172.21.15.53:0/4289322439 >> [v2:172.21.15.53:6800/1491433716,v1:172.21.15.53:6801/1491433716] conn(0x7f4a1c038350 0x7f4a1c03a810 secure :-1 s=READY pgs=10 cs=0 l=1 rev1=1 crypto rx=0x7f4a20006fd0 tx=0x7f4a20006e40 comp rx=0 tx=0).ready entity=mgr.14152 client_cookie=0 server_cookie=0 in_seq=0 out_seq=0
2023-11-06T01:26:32.297 INFO:teuthology.orchestra.run.smithi053.stdout:/usr/bin/ceph: stderr
2023-11-06T01:26:31.578+0000 7f4a27fff700 1 -- 172.21.15.53:0/4289322439 <== mon.0 v2:172.21.15.53:3300/0 6 ==== mon_command_ack([{"prefix": "get_command_descriptions"}]=0 v0) v1 ==== 72+0+180422 (secure 0 0 0) 0x7f4a18045e60 con 0x7f4a301047f0
2023-11-06T01:26:32.297 INFO:teuthology.orchestra.run.smithi053.stdout:/usr/bin/ceph: stderr
2023-11-06T01:26:31.587+0000 7f4a27fff700 1 -- 172.21.15.53:0/4289322439 <== mon.0 v2:172.21.15.53:3300/0 7 ==== mgrmap(e 13) v1 ==== 45324+0+0 (secure 0 0 0) 0x7f4a1802d9b0 con 0x7f4a301047f0
2023-11-06T01:26:32.298 INFO:teuthology.orchestra.run.smithi053.stdout:/usr/bin/ceph: stderr
2023-11-06T01:26:31.940+0000 7f4a356f0700 1 -- 172.21.15.53:0/4289322439 --> [v2:172.21.15.53:3300/0,v1:172.21.15.53:6789/0] -- mon_command([{prefix=config set, name=osd_memory_target_autotune}] v 0) v1 -- 0x7f4a3019d730 con 0x7f4a301047f0
2023-11-06T01:26:32.298 INFO:teuthology.orchestra.run.smithi053.stdout:/usr/bin/ceph: stderr
2023-11-06T01:26:31.941+0000 7f4a27fff700 1 -- 172.21.15.53:0/4289322439 <== mon.0 v2:172.21.15.53:3300/0 8 ==== mon_command_ack([{prefix=config set, name=osd_memory_target_autotune}]=0 v8)=0 v8) v1 ==== 127+0+0 (secure 0 0 0) 0x7f4a18018d20 con 0x7f4a301047f0
2023-11-06T01:26:32.298 INFO:teuthology.orchestra.run.smithi053.stdout:/usr/bin/ceph: stderr
2023-11-06T01:26:31.943+0000 7f4a356f0700 1 -- 172.21.15.53:0/4289322439 >> [v2:172.21.15.53:6800/1491433716,v1:172.21.15.53:6801/1491433716] conn(0x7f4a1c038350 msgr2=0x7f4a1c03a810 secure :-1 s=STATE_CONNECTION_ESTABLISHED l=1).mark_down
2023-11-06T01:26:32.298 INFO:teuthology.orchestra.run.smithi053.stdout:/usr/bin/ceph: stderr
2023-11-06T01:26:31.943+0000 7f4a356f0700 1 --2- 172.21.15.53:0/4289322439 >> [v2:172.21.15.53:6800/1491433716,v1:172.21.15.53:6801/1491433716] conn(0x7f4a1c038350 0x7f4a1c03a810 secure :-1 s=READY pgs=10 cs=0 l=1 rev1=1 crypto rx=0x7f4a20006fd0 tx=0x7f4a20006e40 comp rx=0 tx=0).stop
2023-11-06T01:26:32.298 INFO:teuthology.orchestra.run.smithi053.stdout:/usr/bin/ceph: stderr
2023-11-06T01:26:31.943+0000 7f4a356f0700 1 -- 172.21.15.53:0/4289322439 >> [v2:172.21.15.53:3300/0,v1:172.21.15.53:6789/0] conn(0x7f4a301047f0 msgr2=0x7f4a3019a190 secure :-1 s=STATE_CONNECTION_ESTABLISHED l=1).mark_down
2023-11-06T01:26:32.299 INFO:teuthology.orchestra.run.smithi053.stdout:/usr/bin/ceph: stderr
2023-11-06T01:26:31.943+0000 7f4a356f0700 1 --2- 172.21.15.53:0/4289322439 >> [v2:172.21.15.53:3300/0,v1:172.21.15.53:6789/0] conn(0x7f4a301047f0 0x7f4a3019a190 secure :-1 s=READY pgs=77 cs=0 l=1 rev1=1 crypto rx=0x7f4a18003e60 tx=0x7f4a18011aa0 comp rx=0 tx=0).stop
2023-11-06T01:26:32.299 INFO:teuthology.orchestra.run.smithi053.stdout:/usr/bin/ceph: stderr
2023-11-06T01:26:31.943+0000 7f4a356f0700 1 -- 172.21.15.53:0/4289322439 shutdown_connections
2023-11-06T01:26:32.299 INFO:teuthology.orchestra.run.smithi053.stdout:/usr/bin/ceph: stderr
2023-11-06T01:26:31.943+0000 7f4a356f0700 1 --2- 172.21.15.53:0/4289322439 >> [v2:172.21.15.53:6800/1491433716,v1:172.21.15.53:6801/1491433716] conn(0x7f4a1c038350 0x7f4a1c03a810 unknown :-1 s=CLOSED pgs=10 cs=0 l=1 rev1=1 crypto rx=0 tx=0 comp rx=0 tx=0).stop
2023-11-06T01:26:32.299 INFO:teuthology.orchestra.run.smithi053.stdout:/usr/bin/ceph: stderr
2023-11-06T01:26:31.943+0000 7f4a356f0700 1 --2- 172.21.15.53:0/4289322439 >> [v2:172.21.15.53:3300/0,v1:172.21.15.53:6789/0] conn(0x7f4a301047f0 0x7f4a3019a190 unknown :-1 s=CLOSED pgs=77 cs=0 l=1 rev1=1 crypto rx=0 tx=0 comp rx=0 tx=0).stop
2023-11-06T01:26:32.299 INFO:teuthology.orchestra.run.smithi053.stdout:/usr/bin/ceph: stderr
2023-11-06T01:26:31.943+0000 7f4a356f0700 1 -- 172.21.15.53:0/4289322439 >> 172.21.15.53:0/4289322439 conn(0x7f4a30100140 msgr2=0x7f4a30100e60 unknown :-1 s=STATE_NONE l=0).mark_down
2023-11-06T01:26:32.300 INFO:teuthology.orchestra.run.smithi053.stdout:/usr/bin/ceph: stderr
2023-11-06T01:26:31.943+0000 7f4a356f0700 1 -- 172.21.15.53:0/4289322439 shutdown_connections
2023-11-06T01:26:32.300 INFO:teuthology.orchestra.run.smithi053.stdout:/usr/bin/ceph: stderr
2023-11-06T01:26:31.943+0000 7f4a356f0700 1 -- 172.21.15.53:0/4289322439 wait complete.
2023-11-06T01:26:32.844 INFO:journalctl@ceph.mon.a.smithi053.stdout:Nov 06 01:26:32 smithi053 ceph-mon[99472]: mgrmap e13: x(active, since 6s)
2023-11-06T01:26:33.737 INFO:teuthology.orchestra.run.smithi053.stdout:/usr/bin/ceph: stderr
2023-11-06T01:26:32.740+0000 7f2561f41700 1 Processor -- start
2023-11-06T01:26:33.737 INFO:teuthology.orchestra.run.smithi053.stdout:/usr/bin/ceph: stderr
2023-11-06T01:26:32.740+0000 7f2561f41700 1 -- start start
2023-11-06T01:26:33.737 INFO:teuthology.orchestra.run.smithi053.stdout:/usr/bin/ceph: stderr
2023-11-06T01:26:32.740+0000 7f2561f41700 1 --2- >> [v2:172.21.15.53:3300/0,v1:172.21.15.53:6789/0] conn(0x7f255c106fe0 0x7f255c1093d0 unknown :-1 s=NONE pgs=0 cs=0 l=0 rev1=0 crypto rx=0 tx=0 comp rx=0 tx=0).connect
2023-11-06T01:26:33.738 INFO:teuthology.orchestra.run.smithi053.stdout:/usr/bin/ceph: stderr
2023-11-06T01:26:32.740+0000 7f2561f41700 1 -- --> [v2:172.21.15.53:3300/0,v1:172.21.15.53:6789/0] -- mon_getmap magic: 0 v1 -- 0x7f255c079e10 con 0x7f255c106fe0
2023-11-06T01:26:33.738 INFO:teuthology.orchestra.run.smithi053.stdout:/usr/bin/ceph: stderr
2023-11-06T01:26:32.740+0000 7f255b7fe700 1 --2- >> [v2:172.21.15.53:3300/0,v1:172.21.15.53:6789/0] conn(0x7f255c106fe0 0x7f255c1093d0 unknown :-1 s=BANNER_CONNECTING pgs=0 cs=0 l=0 rev1=0 crypto rx=0 tx=0 comp rx=0 tx=0)._handle_peer_banner_payload supported=3 required=0
2023-11-06T01:26:33.738 INFO:teuthology.orchestra.run.smithi053.stdout:/usr/bin/ceph: stderr
2023-11-06T01:26:32.740+0000 7f255b7fe700 1 --2- >> [v2:172.21.15.53:3300/0,v1:172.21.15.53:6789/0] conn(0x7f255c106fe0 0x7f255c1093d0 unknown :-1 s=HELLO_CONNECTING pgs=0 cs=0 l=0 rev1=1 crypto rx=0 tx=0 comp rx=0 tx=0).handle_hello peer v2:172.21.15.53:3300/0 says I am v2:172.21.15.53:36952/0 (socket says 172.21.15.53:36952)
2023-11-06T01:26:33.738 INFO:teuthology.orchestra.run.smithi053.stdout:/usr/bin/ceph: stderr
2023-11-06T01:26:32.740+0000 7f255b7fe700 1 -- 172.21.15.53:0/1028125783 learned_addr learned my addr 172.21.15.53:0/1028125783 (peer_addr_for_me v2:172.21.15.53:0/0)
2023-11-06T01:26:33.738 INFO:teuthology.orchestra.run.smithi053.stdout:/usr/bin/ceph: stderr
2023-11-06T01:26:32.740+0000 7f255b7fe700 1 -- 172.21.15.53:0/1028125783 --> [v2:172.21.15.53:3300/0,v1:172.21.15.53:6789/0] -- mon_subscribe({config=0+,monmap=0+}) v3 -- 0x7f255c109910 con 0x7f255c106fe0
2023-11-06T01:26:33.739 INFO:teuthology.orchestra.run.smithi053.stdout:/usr/bin/ceph: stderr
2023-11-06T01:26:32.741+0000 7f255b7fe700 1 --2- 172.21.15.53:0/1028125783 >> [v2:172.21.15.53:3300/0,v1:172.21.15.53:6789/0] conn(0x7f255c106fe0 0x7f255c1093d0 secure :-1 s=READY pgs=78 cs=0 l=1 rev1=1 crypto rx=0x7f254c0098a0 tx=0x7f254c009bb0 comp rx=0 tx=0).ready entity=mon.0 client_cookie=d76fc0aef5eaad0f server_cookie=0 in_seq=0 out_seq=0
2023-11-06T01:26:33.739 INFO:teuthology.orchestra.run.smithi053.stdout:/usr/bin/ceph: stderr
2023-11-06T01:26:32.741+0000 7f255a7fc700 1 -- 172.21.15.53:0/1028125783 <== mon.0 v2:172.21.15.53:3300/0 1 ==== mon_map magic: 0 v1 ==== 205+0+0 (secure 0 0 0) 0x7f254c004160 con 0x7f255c106fe0
2023-11-06T01:26:33.739 INFO:teuthology.orchestra.run.smithi053.stdout:/usr/bin/ceph: stderr
2023-11-06T01:26:32.741+0000 7f255a7fc700 1 -- 172.21.15.53:0/1028125783 <== mon.0 v2:172.21.15.53:3300/0 2 ==== config(26 keys) v1 ==== 1105+0+0 (secure 0 0 0) 0x7f254c0042c0 con 0x7f255c106fe0
2023-11-06T01:26:33.739 INFO:teuthology.orchestra.run.smithi053.stdout:/usr/bin/ceph: stderr
2023-11-06T01:26:32.741+0000 7f255a7fc700 1 -- 172.21.15.53:0/1028125783 <== mon.0 v2:172.21.15.53:3300/0 3 ==== mon_map magic: 0 v1 ==== 205+0+0 (secure 0 0 0) 0x7f254c0119b0 con 0x7f255c106fe0
2023-11-06T01:26:33.740 INFO:teuthology.orchestra.run.smithi053.stdout:/usr/bin/ceph: stderr
2023-11-06T01:26:32.741+0000 7f2561f41700 1 -- 172.21.15.53:0/1028125783 >> [v2:172.21.15.53:3300/0,v1:172.21.15.53:6789/0] conn(0x7f255c106fe0 msgr2=0x7f255c1093d0 secure :-1 s=STATE_CONNECTION_ESTABLISHED l=1).mark_down
2023-11-06T01:26:33.740 INFO:teuthology.orchestra.run.smithi053.stdout:/usr/bin/ceph: stderr
2023-11-06T01:26:32.741+0000 7f2561f41700 1 --2- 172.21.15.53:0/1028125783 >> [v2:172.21.15.53:3300/0,v1:172.21.15.53:6789/0] conn(0x7f255c106fe0 0x7f255c1093d0 secure :-1 s=READY pgs=78 cs=0 l=1 rev1=1 crypto rx=0x7f254c0098a0 tx=0x7f254c009bb0 comp rx=0 tx=0).stop
2023-11-06T01:26:33.740 INFO:teuthology.orchestra.run.smithi053.stdout:/usr/bin/ceph: stderr
2023-11-06T01:26:32.741+0000 7f2561f41700 1 -- 172.21.15.53:0/1028125783 shutdown_connections
2023-11-06T01:26:33.740 INFO:teuthology.orchestra.run.smithi053.stdout:/usr/bin/ceph: stderr
2023-11-06T01:26:32.741+0000 7f2561f41700 1 --2- 172.21.15.53:0/1028125783 >> [v2:172.21.15.53:3300/0,v1:172.21.15.53:6789/0] conn(0x7f255c106fe0 0x7f255c1093d0 unknown :-1 s=CLOSED pgs=78 cs=0 l=1 rev1=1 crypto rx=0 tx=0 comp rx=0 tx=0).stop
2023-11-06T01:26:33.740 INFO:teuthology.orchestra.run.smithi053.stdout:/usr/bin/ceph: stderr
2023-11-06T01:26:32.741+0000 7f2561f41700 1 -- 172.21.15.53:0/1028125783 >> 172.21.15.53:0/1028125783 conn(0x7f255c1009b0 msgr2=0x7f255c102dd0 unknown :-1 s=STATE_NONE l=0).mark_down
2023-11-06T01:26:33.741 INFO:teuthology.orchestra.run.smithi053.stdout:/usr/bin/ceph: stderr
2023-11-06T01:26:32.741+0000 7f2561f41700 1 -- 172.21.15.53:0/1028125783 shutdown_connections
2023-11-06T01:26:33.741 INFO:teuthology.orchestra.run.smithi053.stdout:/usr/bin/ceph: stderr
2023-11-06T01:26:32.742+0000 7f2561f41700 1 -- 172.21.15.53:0/1028125783 wait complete.
2023-11-06T01:26:33.741 INFO:teuthology.orchestra.run.smithi053.stdout:/usr/bin/ceph: stderr
2023-11-06T01:26:32.742+0000 7f2561f41700 1 Processor -- start
2023-11-06T01:26:33.741 INFO:teuthology.orchestra.run.smithi053.stdout:/usr/bin/ceph: stderr
2023-11-06T01:26:32.742+0000 7f2561f41700 1 -- start start
2023-11-06T01:26:33.741 INFO:teuthology.orchestra.run.smithi053.stdout:/usr/bin/ceph: stderr
2023-11-06T01:26:32.743+0000 7f2561f41700 1 --2- >> [v2:172.21.15.53:3300/0,v1:172.21.15.53:6789/0] conn(0x7f255c106fe0 0x7f255c19a130 unknown :-1 s=NONE pgs=0 cs=0 l=1 rev1=0 crypto rx=0 tx=0 comp rx=0 tx=0).connect
2023-11-06T01:26:33.742 INFO:teuthology.orchestra.run.smithi053.stdout:/usr/bin/ceph: stderr
2023-11-06T01:26:32.743+0000 7f2561f41700 1 -- --> [v2:172.21.15.53:3300/0,v1:172.21.15.53:6789/0] -- mon_getmap magic: 0 v1 -- 0x7f255c19a670 con 0x7f255c106fe0
2023-11-06T01:26:33.742 INFO:teuthology.orchestra.run.smithi053.stdout:/usr/bin/ceph: stderr
2023-11-06T01:26:32.743+0000 7f255b7fe700 1 --2- >> [v2:172.21.15.53:3300/0,v1:172.21.15.53:6789/0] conn(0x7f255c106fe0 0x7f255c19a130 unknown :-1 s=BANNER_CONNECTING pgs=0 cs=0 l=1 rev1=0 crypto rx=0 tx=0 comp rx=0 tx=0)._handle_peer_banner_payload supported=3 required=0
2023-11-06T01:26:33.742 INFO:teuthology.orchestra.run.smithi053.stdout:/usr/bin/ceph: stderr
2023-11-06T01:26:32.743+0000 7f255b7fe700 1 --2- >> [v2:172.21.15.53:3300/0,v1:172.21.15.53:6789/0] conn(0x7f255c106fe0 0x7f255c19a130 unknown :-1 s=HELLO_CONNECTING pgs=0 cs=0 l=1 rev1=1 crypto rx=0 tx=0 comp rx=0 tx=0).handle_hello peer v2:172.21.15.53:3300/0 says I am v2:172.21.15.53:36954/0 (socket says 172.21.15.53:36954)
2023-11-06T01:26:33.742 INFO:teuthology.orchestra.run.smithi053.stdout:/usr/bin/ceph: stderr
2023-11-06T01:26:32.743+0000 7f255b7fe700 1 -- 172.21.15.53:0/4170974394 learned_addr learned my addr 172.21.15.53:0/4170974394 (peer_addr_for_me v2:172.21.15.53:0/0)
2023-11-06T01:26:33.742 INFO:teuthology.orchestra.run.smithi053.stdout:/usr/bin/ceph: stderr
2023-11-06T01:26:32.743+0000 7f255b7fe700 1 -- 172.21.15.53:0/4170974394 --> [v2:172.21.15.53:3300/0,v1:172.21.15.53:6789/0] -- mon_subscribe({config=0+,monmap=0+}) v3 -- 0x7f254c009550 con 0x7f255c106fe0
2023-11-06T01:26:33.743 INFO:teuthology.orchestra.run.smithi053.stdout:/usr/bin/ceph: stderr
2023-11-06T01:26:32.743+0000 7f255b7fe700 1 --2- 172.21.15.53:0/4170974394 >> [v2:172.21.15.53:3300/0,v1:172.21.15.53:6789/0] conn(0x7f255c106fe0 0x7f255c19a130 secure :-1 s=READY pgs=79 cs=0 l=1 rev1=1 crypto rx=0x7f254c011980 tx=0x7f254c011a60 comp rx=0 tx=0).ready entity=mon.0 client_cookie=0 server_cookie=0 in_seq=0 out_seq=0
2023-11-06T01:26:33.743 INFO:teuthology.orchestra.run.smithi053.stdout:/usr/bin/ceph: stderr
2023-11-06T01:26:32.743+0000 7f2558ff9700 1 -- 172.21.15.53:0/4170974394 <== mon.0 v2:172.21.15.53:3300/0 1 ==== mon_map magic: 0 v1 ==== 205+0+0 (secure 0 0 0) 0x7f254c003a60 con 0x7f255c106fe0
2023-11-06T01:26:33.743 INFO:teuthology.orchestra.run.smithi053.stdout:/usr/bin/ceph: stderr
2023-11-06T01:26:32.743+0000 7f2558ff9700 1 -- 172.21.15.53:0/4170974394 <== mon.0 v2:172.21.15.53:3300/0 2 ==== config(26 keys) v1 ==== 1105+0+0 (secure 0 0 0) 0x7f254c003bc0 con 0x7f255c106fe0
2023-11-06T01:26:33.743 INFO:teuthology.orchestra.run.smithi053.stdout:/usr/bin/ceph: stderr
2023-11-06T01:26:32.743+0000 7f2561f41700 1 -- 172.21.15.53:0/4170974394 --> [v2:172.21.15.53:3300/0,v1:172.21.15.53:6789/0] -- mon_subscribe({mgrmap=0+}) v3 -- 0x7f255c19a870 con 0x7f255c106fe0
2023-11-06T01:26:33.743 INFO:teuthology.orchestra.run.smithi053.stdout:/usr/bin/ceph: stderr
2023-11-06T01:26:32.743+0000 7f2558ff9700 1 -- 172.21.15.53:0/4170974394 <== mon.0 v2:172.21.15.53:3300/0 3 ==== mon_map magic: 0 v1 ==== 205+0+0 (secure 0 0 0) 0x7f254c01a670 con 0x7f255c106fe0
2023-11-06T01:26:33.744 INFO:teuthology.orchestra.run.smithi053.stdout:/usr/bin/ceph: stderr
2023-11-06T01:26:32.743+0000 7f2561f41700 1 -- 172.21.15.53:0/4170974394 --> [v2:172.21.15.53:3300/0,v1:172.21.15.53:6789/0] -- mon_subscribe({osdmap=0}) v3 -- 0x7f255c19ad10 con 0x7f255c106fe0
2023-11-06T01:26:33.744 INFO:teuthology.orchestra.run.smithi053.stdout:/usr/bin/ceph: stderr
2023-11-06T01:26:32.744+0000 7f2558ff9700 1 -- 172.21.15.53:0/4170974394 <== mon.0 v2:172.21.15.53:3300/0 4 ==== mgrmap(e 13) v1 ==== 45324+0+0 (secure 0 0 0) 0x7f254c01a8e0 con 0x7f255c106fe0
2023-11-06T01:26:33.744 INFO:teuthology.orchestra.run.smithi053.stdout:/usr/bin/ceph: stderr
2023-11-06T01:26:32.744+0000 7f2558ff9700 1 --2- 172.21.15.53:0/4170974394 >> [v2:172.21.15.53:6800/1491433716,v1:172.21.15.53:6801/1491433716] conn(0x7f2544038440 0x7f254403a900 unknown :-1 s=NONE pgs=0 cs=0 l=1 rev1=0 crypto rx=0 tx=0 comp rx=0 tx=0).connect
2023-11-06T01:26:33.744 INFO:teuthology.orchestra.run.smithi053.stdout:/usr/bin/ceph: stderr
2023-11-06T01:26:32.744+0000 7f2561f41700 1 -- 172.21.15.53:0/4170974394 --> [v2:172.21.15.53:3300/0,v1:172.21.15.53:6789/0] -- mon_command({"prefix": "get_command_descriptions"} v 0) v1 -- 0x7f255c10a6a0 con 0x7f255c106fe0
2023-11-06T01:26:33.744 INFO:teuthology.orchestra.run.smithi053.stdout:/usr/bin/ceph: stderr
2023-11-06T01:26:32.745+0000 7f2558ff9700 1 -- 172.21.15.53:0/4170974394 <== mon.0 v2:172.21.15.53:3300/0 5 ==== osd_map(3..3 src has 1..3) v4 ==== 1155+0+0 (secure 0 0 0) 0x7f254c04c5b0 con 0x7f255c106fe0
2023-11-06T01:26:33.745 INFO:teuthology.orchestra.run.smithi053.stdout:/usr/bin/ceph: stderr
2023-11-06T01:26:32.745+0000 7f255affd700 1 --2- 172.21.15.53:0/4170974394 >> [v2:172.21.15.53:6800/1491433716,v1:172.21.15.53:6801/1491433716] conn(0x7f2544038440 0x7f254403a900 unknown :-1 s=BANNER_CONNECTING pgs=0 cs=0 l=1 rev1=0 crypto rx=0 tx=0 comp rx=0 tx=0)._handle_peer_banner_payload supported=3 required=0
2023-11-06T01:26:33.745 INFO:teuthology.orchestra.run.smithi053.stdout:/usr/bin/ceph: stderr
2023-11-06T01:26:32.745+0000 7f255affd700 1 --2- 172.21.15.53:0/4170974394 >> [v2:172.21.15.53:6800/1491433716,v1:172.21.15.53:6801/1491433716] conn(0x7f2544038440 0x7f254403a900 secure :-1 s=READY pgs=11 cs=0 l=1 rev1=1 crypto rx=0x7f2550006fd0 tx=0x7f2550006e40 comp rx=0 tx=0).ready entity=mgr.14152 client_cookie=0 server_cookie=0 in_seq=0 out_seq=0
2023-11-06T01:26:33.745 INFO:teuthology.orchestra.run.smithi053.stdout:/usr/bin/ceph: stderr
2023-11-06T01:26:32.749+0000 7f2558ff9700 1 -- 172.21.15.53:0/4170974394 <== mon.0 v2:172.21.15.53:3300/0 6 ==== mon_command_ack([{"prefix": "get_command_descriptions"}]=0 v0) v1 ==== 72+0+180422 (secure 0 0 0) 0x7f254c018b40 con 0x7f255c106fe0
2023-11-06T01:26:33.745 INFO:teuthology.orchestra.run.smithi053.stdout:/usr/bin/ceph: stderr
2023-11-06T01:26:33.327+0000 7f2561f41700 1 -- 172.21.15.53:0/4170974394 --> [v2:172.21.15.53:3300/0,v1:172.21.15.53:6789/0] -- mon_command([{prefix=config-key set, key=mgr/dashboard/cluster/status}] v 0) v1 -- 0x7f255c19daf0 con 0x7f255c106fe0
2023-11-06T01:26:33.745 INFO:teuthology.orchestra.run.smithi053.stdout:/usr/bin/ceph: stderr
2023-11-06T01:26:33.330+0000 7f2558ff9700 1 -- 172.21.15.53:0/4170974394 <== mon.0 v2:172.21.15.53:3300/0 7 ==== mon_command_ack([{prefix=config-key set, key=mgr/dashboard/cluster/status}]=0 set mgr/dashboard/cluster/status v28)=0 set mgr/dashboard/cluster/status v28) v1 ==== 153+0+0 (secure 0 0 0) 0x7f254c018b40 con 0x7f255c106fe0
2023-11-06T01:26:33.746 INFO:teuthology.orchestra.run.smithi053.stdout:/usr/bin/ceph: stderr
2023-11-06T01:26:33.332+0000 7f2561f41700 1 -- 172.21.15.53:0/4170974394 >> [v2:172.21.15.53:6800/1491433716,v1:172.21.15.53:6801/1491433716] conn(0x7f2544038440 msgr2=0x7f254403a900 secure :-1 s=STATE_CONNECTION_ESTABLISHED l=1).mark_down
2023-11-06T01:26:33.746 INFO:teuthology.orchestra.run.smithi053.stdout:/usr/bin/ceph: stderr
2023-11-06T01:26:33.332+0000 7f2561f41700 1 --2- 172.21.15.53:0/4170974394 >> [v2:172.21.15.53:6800/1491433716,v1:172.21.15.53:6801/1491433716] conn(0x7f2544038440 0x7f254403a900 secure :-1 s=READY pgs=11 cs=0 l=1 rev1=1 crypto rx=0x7f2550006fd0 tx=0x7f2550006e40 comp rx=0 tx=0).stop
2023-11-06T01:26:33.746 INFO:teuthology.orchestra.run.smithi053.stdout:/usr/bin/ceph: stderr
2023-11-06T01:26:33.332+0000 7f2561f41700 1 -- 172.21.15.53:0/4170974394 >> [v2:172.21.15.53:3300/0,v1:172.21.15.53:6789/0] conn(0x7f255c106fe0 msgr2=0x7f255c19a130 secure :-1 s=STATE_CONNECTION_ESTABLISHED l=1).mark_down
2023-11-06T01:26:33.746 INFO:teuthology.orchestra.run.smithi053.stdout:/usr/bin/ceph: stderr
2023-11-06T01:26:33.332+0000 7f2561f41700 1 --2- 172.21.15.53:0/4170974394 >> [v2:172.21.15.53:3300/0,v1:172.21.15.53:6789/0] conn(0x7f255c106fe0 0x7f255c19a130 secure :-1 s=READY pgs=79 cs=0 l=1 rev1=1 crypto rx=0x7f254c011980 tx=0x7f254c011a60 comp rx=0 tx=0).stop
2023-11-06T01:26:33.747 INFO:teuthology.orchestra.run.smithi053.stdout:/usr/bin/ceph: stderr
2023-11-06T01:26:33.332+0000 7f2561f41700 1 -- 172.21.15.53:0/4170974394 shutdown_connections
2023-11-06T01:26:33.747 INFO:teuthology.orchestra.run.smithi053.stdout:/usr/bin/ceph: stderr
2023-11-06T01:26:33.332+0000 7f2561f41700 1 --2- 172.21.15.53:0/4170974394 >> [v2:172.21.15.53:6800/1491433716,v1:172.21.15.53:6801/1491433716] conn(0x7f2544038440 0x7f254403a900 unknown :-1 s=CLOSED pgs=11 cs=0 l=1 rev1=1 crypto rx=0 tx=0 comp rx=0 tx=0).stop
2023-11-06T01:26:33.747 INFO:teuthology.orchestra.run.smithi053.stdout:/usr/bin/ceph: stderr
2023-11-06T01:26:33.332+0000 7f2561f41700 1 --2- 172.21.15.53:0/4170974394 >> [v2:172.21.15.53:3300/0,v1:172.21.15.53:6789/0] conn(0x7f255c106fe0 0x7f255c19a130 unknown :-1 s=CLOSED pgs=79 cs=0 l=1 rev1=1 crypto rx=0 tx=0 comp rx=0 tx=0).stop
2023-11-06T01:26:33.747 INFO:teuthology.orchestra.run.smithi053.stdout:/usr/bin/ceph: stderr
2023-11-06T01:26:33.332+0000 7f2561f41700 1 -- 172.21.15.53:0/4170974394 >> 172.21.15.53:0/4170974394 conn(0x7f255c1009b0 msgr2=0x7f255c101720 unknown :-1 s=STATE_NONE l=0).mark_down
2023-11-06T01:26:33.747 INFO:teuthology.orchestra.run.smithi053.stdout:/usr/bin/ceph: stderr
2023-11-06T01:26:33.332+0000 7f2561f41700 1 -- 172.21.15.53:0/4170974394 shutdown_connections
2023-11-06T01:26:33.747 INFO:teuthology.orchestra.run.smithi053.stdout:/usr/bin/ceph: stderr
2023-11-06T01:26:33.332+0000 7f2561f41700 1 -- 172.21.15.53:0/4170974394 wait complete.
2023-11-06T01:26:33.748 INFO:teuthology.orchestra.run.smithi053.stdout:/usr/bin/ceph: stderr set mgr/dashboard/cluster/status
2023-11-06T01:26:33.748 INFO:teuthology.orchestra.run.smithi053.stdout:You can access the Ceph CLI as following in case of multi-cluster or non-default config:
2023-11-06T01:26:33.748 INFO:teuthology.orchestra.run.smithi053.stdout:
2023-11-06T01:26:33.748 INFO:teuthology.orchestra.run.smithi053.stdout: sudo /home/ubuntu/cephtest/cephadm shell --fsid 3f13dbd6-7c43-11ee-8db9-212e2dc638e7 -c /etc/ceph/ceph.conf -k /etc/ceph/ceph.client.admin.keyring
2023-11-06T01:26:33.748 INFO:teuthology.orchestra.run.smithi053.stdout:
2023-11-06T01:26:33.749 INFO:teuthology.orchestra.run.smithi053.stdout:Or, if you are only running a single cluster on this host:
2023-11-06T01:26:33.749 INFO:teuthology.orchestra.run.smithi053.stdout:
2023-11-06T01:26:33.749 INFO:teuthology.orchestra.run.smithi053.stdout: sudo /home/ubuntu/cephtest/cephadm shell
2023-11-06T01:26:33.749 INFO:teuthology.orchestra.run.smithi053.stdout:
2023-11-06T01:26:33.749 INFO:teuthology.orchestra.run.smithi053.stdout:Please consider enabling telemetry to help improve Ceph:
2023-11-06T01:26:33.750 INFO:teuthology.orchestra.run.smithi053.stdout:
2023-11-06T01:26:33.750 INFO:teuthology.orchestra.run.smithi053.stdout: ceph telemetry on
2023-11-06T01:26:33.750 INFO:teuthology.orchestra.run.smithi053.stdout:
2023-11-06T01:26:33.750 INFO:teuthology.orchestra.run.smithi053.stdout:For more information see:
2023-11-06T01:26:33.750 INFO:teuthology.orchestra.run.smithi053.stdout:
2023-11-06T01:26:33.751 INFO:teuthology.orchestra.run.smithi053.stdout: https://docs.ceph.com/en/latest/mgr/telemetry/
2023-11-06T01:26:33.751 INFO:teuthology.orchestra.run.smithi053.stdout:
2023-11-06T01:26:33.751 INFO:teuthology.orchestra.run.smithi053.stdout:Bootstrap complete.
2023-11-06T01:26:33.770 INFO:tasks.cephadm:Fetching config...
2023-11-06T01:26:33.771 DEBUG:teuthology.orchestra.run.smithi053:> set -ex
2023-11-06T01:26:33.771 DEBUG:teuthology.orchestra.run.smithi053:> dd if=/etc/ceph/ceph.conf of=/dev/stdout
2023-11-06T01:26:33.789 INFO:tasks.cephadm:Fetching client.admin keyring...
2023-11-06T01:26:33.789 DEBUG:teuthology.orchestra.run.smithi053:> set -ex
2023-11-06T01:26:33.790 DEBUG:teuthology.orchestra.run.smithi053:> dd if=/etc/ceph/ceph.client.admin.keyring of=/dev/stdout
2023-11-06T01:26:33.848 INFO:tasks.cephadm:Fetching mon keyring...
2023-11-06T01:26:33.849 DEBUG:teuthology.orchestra.run.smithi053:> set -ex
2023-11-06T01:26:33.849 DEBUG:teuthology.orchestra.run.smithi053:> sudo dd if=/var/lib/ceph/3f13dbd6-7c43-11ee-8db9-212e2dc638e7/mon.a/keyring of=/dev/stdout
2023-11-06T01:26:33.918 INFO:tasks.cephadm:Fetching pub ssh key...
2023-11-06T01:26:33.919 DEBUG:teuthology.orchestra.run.smithi053:> set -ex
2023-11-06T01:26:33.919 DEBUG:teuthology.orchestra.run.smithi053:> dd if=/home/ubuntu/cephtest/ceph.pub of=/dev/stdout
2023-11-06T01:26:33.976 INFO:tasks.cephadm:Installing pub ssh key for root users...
2023-11-06T01:26:33.977 DEBUG:teuthology.orchestra.run.smithi053:> sudo install -d -m 0700 /root/.ssh && echo 'ssh-rsa AAAAB3NzaC1yc2EAAAADAQABAAABgQDgjBbf6Kp8aICaklGQQMvixLLKgGoExmEJdJwu19q6vSKgZRfS2FRiGwTMeHaGZTFiw7QnLLRBGAm+wYyVTWbV/H1E6aZMhCvBxPXpz99LMvenUaW7hO+E4LO8ipR6BAN9VWuYFspN/42KyGxR7dldOpfLJ66hk/Tv8UJ15TN3YRhmalZXajGR2p1GWRvPLTztiINVyN/tgwQnqCCr0/P0b96SQPOgt/0QQ2qg+H2sZW1vS2AmnMETTRXg5Rm+zvO5Sx73duya5w9JX8LIZGJEgD5adEzjwSccK1TKRWeRVzVB8804G9e9P+U+IpSUt1uHd26gOkpXyDSHbMvVNIWxYRxQtu4LNjAbkuJfWXadUV7qtfYqd8cvzANLPrvG8lQdgaYNCmjpFbHQToVH9OcTzCKV5QmAxshfvAL0VRZYrfndSdh3gQ3LScJezXMfGBImpzaJtf5mCeiIcohyD5mLpTocyHWXDmagUX15qO+zPv/yFZtC8BzPNvtUQoTl/u0= ceph-3f13dbd6-7c43-11ee-8db9-212e2dc638e7' | sudo tee -a /root/.ssh/authorized_keys && sudo chmod 0600 /root/.ssh/authorized_keys
2023-11-06T01:26:34.056 INFO:teuthology.orchestra.run.smithi053.stdout:ssh-rsa AAAAB3NzaC1yc2EAAAADAQABAAABgQDgjBbf6Kp8aICaklGQQMvixLLKgGoExmEJdJwu19q6vSKgZRfS2FRiGwTMeHaGZTFiw7QnLLRBGAm+wYyVTWbV/H1E6aZMhCvBxPXpz99LMvenUaW7hO+E4LO8ipR6BAN9VWuYFspN/42KyGxR7dldOpfLJ66hk/Tv8UJ15TN3YRhmalZXajGR2p1GWRvPLTztiINVyN/tgwQnqCCr0/P0b96SQPOgt/0QQ2qg+H2sZW1vS2AmnMETTRXg5Rm+zvO5Sx73duya5w9JX8LIZGJEgD5adEzjwSccK1TKRWeRVzVB8804G9e9P+U+IpSUt1uHd26gOkpXyDSHbMvVNIWxYRxQtu4LNjAbkuJfWXadUV7qtfYqd8cvzANLPrvG8lQdgaYNCmjpFbHQToVH9OcTzCKV5QmAxshfvAL0VRZYrfndSdh3gQ3LScJezXMfGBImpzaJtf5mCeiIcohyD5mLpTocyHWXDmagUX15qO+zPv/yFZtC8BzPNvtUQoTl/u0= ceph-3f13dbd6-7c43-11ee-8db9-212e2dc638e7
2023-11-06T01:26:34.068 DEBUG:teuthology.orchestra.run.smithi062:> sudo install -d -m 0700 /root/.ssh && echo 'ssh-rsa AAAAB3NzaC1yc2EAAAADAQABAAABgQDgjBbf6Kp8aICaklGQQMvixLLKgGoExmEJdJwu19q6vSKgZRfS2FRiGwTMeHaGZTFiw7QnLLRBGAm+wYyVTWbV/H1E6aZMhCvBxPXpz99LMvenUaW7hO+E4LO8ipR6BAN9VWuYFspN/42KyGxR7dldOpfLJ66hk/Tv8UJ15TN3YRhmalZXajGR2p1GWRvPLTztiINVyN/tgwQnqCCr0/P0b96SQPOgt/0QQ2qg+H2sZW1vS2AmnMETTRXg5Rm+zvO5Sx73duya5w9JX8LIZGJEgD5adEzjwSccK1TKRWeRVzVB8804G9e9P+U+IpSUt1uHd26gOkpXyDSHbMvVNIWxYRxQtu4LNjAbkuJfWXadUV7qtfYqd8cvzANLPrvG8lQdgaYNCmjpFbHQToVH9OcTzCKV5QmAxshfvAL0VRZYrfndSdh3gQ3LScJezXMfGBImpzaJtf5mCeiIcohyD5mLpTocyHWXDmagUX15qO+zPv/yFZtC8BzPNvtUQoTl/u0= ceph-3f13dbd6-7c43-11ee-8db9-212e2dc638e7' | sudo tee -a /root/.ssh/authorized_keys && sudo chmod 0600 /root/.ssh/authorized_keys
2023-11-06T01:26:34.116 INFO:teuthology.orchestra.run.smithi062.stdout:ssh-rsa AAAAB3NzaC1yc2EAAAADAQABAAABgQDgjBbf6Kp8aICaklGQQMvixLLKgGoExmEJdJwu19q6vSKgZRfS2FRiGwTMeHaGZTFiw7QnLLRBGAm+wYyVTWbV/H1E6aZMhCvBxPXpz99LMvenUaW7hO+E4LO8ipR6BAN9VWuYFspN/42KyGxR7dldOpfLJ66hk/Tv8UJ15TN3YRhmalZXajGR2p1GWRvPLTztiINVyN/tgwQnqCCr0/P0b96SQPOgt/0QQ2qg+H2sZW1vS2AmnMETTRXg5Rm+zvO5Sx73duya5w9JX8LIZGJEgD5adEzjwSccK1TKRWeRVzVB8804G9e9P+U+IpSUt1uHd26gOkpXyDSHbMvVNIWxYRxQtu4LNjAbkuJfWXadUV7qtfYqd8cvzANLPrvG8lQdgaYNCmjpFbHQToVH9OcTzCKV5QmAxshfvAL0VRZYrfndSdh3gQ3LScJezXMfGBImpzaJtf5mCeiIcohyD5mLpTocyHWXDmagUX15qO+zPv/yFZtC8BzPNvtUQoTl/u0= ceph-3f13dbd6-7c43-11ee-8db9-212e2dc638e7
2023-11-06T01:26:34.130 DEBUG:teuthology.orchestra.run.smithi163:> sudo install -d -m 0700 /root/.ssh && echo 'ssh-rsa AAAAB3NzaC1yc2EAAAADAQABAAABgQDgjBbf6Kp8aICaklGQQMvixLLKgGoExmEJdJwu19q6vSKgZRfS2FRiGwTMeHaGZTFiw7QnLLRBGAm+wYyVTWbV/H1E6aZMhCvBxPXpz99LMvenUaW7hO+E4LO8ipR6BAN9VWuYFspN/42KyGxR7dldOpfLJ66hk/Tv8UJ15TN3YRhmalZXajGR2p1GWRvPLTztiINVyN/tgwQnqCCr0/P0b96SQPOgt/0QQ2qg+H2sZW1vS2AmnMETTRXg5Rm+zvO5Sx73duya5w9JX8LIZGJEgD5adEzjwSccK1TKRWeRVzVB8804G9e9P+U+IpSUt1uHd26gOkpXyDSHbMvVNIWxYRxQtu4LNjAbkuJfWXadUV7qtfYqd8cvzANLPrvG8lQdgaYNCmjpFbHQToVH9OcTzCKV5QmAxshfvAL0VRZYrfndSdh3gQ3LScJezXMfGBImpzaJtf5mCeiIcohyD5mLpTocyHWXDmagUX15qO+zPv/yFZtC8BzPNvtUQoTl/u0= ceph-3f13dbd6-7c43-11ee-8db9-212e2dc638e7' | sudo tee -a /root/.ssh/authorized_keys && sudo chmod 0600 /root/.ssh/authorized_keys
2023-11-06T01:26:34.177 INFO:teuthology.orchestra.run.smithi163.stdout:ssh-rsa AAAAB3NzaC1yc2EAAAADAQABAAABgQDgjBbf6Kp8aICaklGQQMvixLLKgGoExmEJdJwu19q6vSKgZRfS2FRiGwTMeHaGZTFiw7QnLLRBGAm+wYyVTWbV/H1E6aZMhCvBxPXpz99LMvenUaW7hO+E4LO8ipR6BAN9VWuYFspN/42KyGxR7dldOpfLJ66hk/Tv8UJ15TN3YRhmalZXajGR2p1GWRvPLTztiINVyN/tgwQnqCCr0/P0b96SQPOgt/0QQ2qg+H2sZW1vS2AmnMETTRXg5Rm+zvO5Sx73duya5w9JX8LIZGJEgD5adEzjwSccK1TKRWeRVzVB8804G9e9P+U+IpSUt1uHd26gOkpXyDSHbMvVNIWxYRxQtu4LNjAbkuJfWXadUV7qtfYqd8cvzANLPrvG8lQdgaYNCmjpFbHQToVH9OcTzCKV5QmAxshfvAL0VRZYrfndSdh3gQ3LScJezXMfGBImpzaJtf5mCeiIcohyD5mLpTocyHWXDmagUX15qO+zPv/yFZtC8BzPNvtUQoTl/u0= ceph-3f13dbd6-7c43-11ee-8db9-212e2dc638e7
2023-11-06T01:26:34.190 DEBUG:teuthology.orchestra.run.smithi053:> sudo /home/ubuntu/cephtest/cephadm --image quay-quay-quay.apps.os.sepia.ceph.com/ceph-ci/ceph:f7e9f9af51acf98e0ccc3037487018e4ae40caa5 shell -c /etc/ceph/ceph.conf -k /etc/ceph/ceph.client.admin.keyring --fsid 3f13dbd6-7c43-11ee-8db9-212e2dc638e7 -- ceph config set mgr mgr/cephadm/allow_ptrace true
2023-11-06T01:26:34.594 INFO:journalctl@ceph.mon.a.smithi053.stdout:Nov 06 01:26:34 smithi053 ceph-mon[99472]: from='client.? 172.21.15.53:0/4170974394' entity='client.admin'
2023-11-06T01:26:34.755 INFO:teuthology.orchestra.run.smithi053.stderr:Inferring config /var/lib/ceph/3f13dbd6-7c43-11ee-8db9-212e2dc638e7/mon.a/config
2023-11-06T01:26:36.120 INFO:teuthology.orchestra.run.smithi053.stderr:2023-11-06T01:26:36.119+0000 7f09f6ecd700 1 -- 172.21.15.53:0/646534810 >> [v2:172.21.15.53:3300/0,v1:172.21.15.53:6789/0] conn(0x7f09f00ff790 msgr2=0x7f09f00ffbb0 secure :-1 s=STATE_CONNECTION_ESTABLISHED l=1).mark_down
2023-11-06T01:26:36.121 INFO:teuthology.orchestra.run.smithi053.stderr:2023-11-06T01:26:36.119+0000 7f09f6ecd700 1 --2- 172.21.15.53:0/646534810 >> [v2:172.21.15.53:3300/0,v1:172.21.15.53:6789/0] conn(0x7f09f00ff790 0x7f09f00ffbb0 secure :-1 s=READY pgs=80 cs=0 l=1 rev1=1 crypto rx=0x7f09e4009910 tx=0x7f09e4009c20 comp rx=0 tx=0).stop
2023-11-06T01:26:36.121 INFO:teuthology.orchestra.run.smithi053.stderr:2023-11-06T01:26:36.119+0000 7f09f6ecd700 1 -- 172.21.15.53:0/646534810 shutdown_connections
2023-11-06T01:26:36.121 INFO:teuthology.orchestra.run.smithi053.stderr:2023-11-06T01:26:36.119+0000 7f09f6ecd700 1 --2- 172.21.15.53:0/646534810 >> [v2:172.21.15.53:3300/0,v1:172.21.15.53:6789/0] conn(0x7f09f00ff790 0x7f09f00ffbb0 unknown :-1 s=CLOSED pgs=80 cs=0 l=1 rev1=1 crypto rx=0 tx=0 comp rx=0 tx=0).stop
2023-11-06T01:26:36.122 INFO:teuthology.orchestra.run.smithi053.stderr:2023-11-06T01:26:36.119+0000 7f09f6ecd700 1 -- 172.21.15.53:0/646534810 >> 172.21.15.53:0/646534810 conn(0x7f09f00fad30 msgr2=0x7f09f00fd170 unknown :-1 s=STATE_NONE l=0).mark_down
2023-11-06T01:26:36.122 INFO:teuthology.orchestra.run.smithi053.stderr:2023-11-06T01:26:36.119+0000 7f09f6ecd700 1 -- 172.21.15.53:0/646534810 shutdown_connections
2023-11-06T01:26:36.122 INFO:teuthology.orchestra.run.smithi053.stderr:2023-11-06T01:26:36.119+0000 7f09f6ecd700 1 -- 172.21.15.53:0/646534810 wait complete.
2023-11-06T01:26:36.122 INFO:teuthology.orchestra.run.smithi053.stderr:2023-11-06T01:26:36.119+0000 7f09f6ecd700 1 Processor -- start
2023-11-06T01:26:36.122 INFO:teuthology.orchestra.run.smithi053.stderr:2023-11-06T01:26:36.119+0000 7f09f6ecd700 1 -- start start
