2023-11-08T02:36:44.411+0000 7f813effd700 1 -- 172.21.15.149:0/927168003 <== mon.0 v2:172.21.15.149:3300/0 1 ==== mon_map magic: 0 v1 ==== 229+0+0 (secure 0 0 0) 0x7f814401b410 con 0x7f815006fcd0
2023-11-08T02:36:44.419 INFO:teuthology.orchestra.run.smithi149.stderr:/usr/bin/ceph:
2023-11-08T02:36:44.411+0000 7f8154fc7700 1 -- 172.21.15.149:0/927168003 --> [v2:172.21.15.149:3300/0,v1:172.21.15.149:6789/0] -- mon_subscribe({mgrmap=0+}) v3 -- 0x7f815010b090 con 0x7f815006fcd0
2023-11-08T02:36:44.420 INFO:teuthology.orchestra.run.smithi149.stderr:/usr/bin/ceph:
2023-11-08T02:36:44.411+0000 7f813effd700 1 -- 172.21.15.149:0/927168003 <== mon.0 v2:172.21.15.149:3300/0 2 ==== config(25 keys) v1 ==== 1010+0+0 (secure 0 0 0) 0x7f814401b9e0 con 0x7f815006fcd0
2023-11-08T02:36:44.420 INFO:teuthology.orchestra.run.smithi149.stderr:/usr/bin/ceph:
2023-11-08T02:36:44.411+0000 7f813effd700 1 -- 172.21.15.149:0/927168003 <== mon.0 v2:172.21.15.149:3300/0 3 ==== mon_map magic: 0 v1 ==== 229+0+0 (secure 0 0 0) 0x7f814401a770 con 0x7f815006fcd0
2023-11-08T02:36:44.420 INFO:teuthology.orchestra.run.smithi149.stderr:/usr/bin/ceph:
2023-11-08T02:36:44.411+0000 7f8154fc7700 1 -- 172.21.15.149:0/927168003 --> [v2:172.21.15.149:3300/0,v1:172.21.15.149:6789/0] -- mon_subscribe({osdmap=0}) v3 -- 0x7f815010b4a0 con 0x7f815006fcd0
2023-11-08T02:36:44.421 INFO:teuthology.orchestra.run.smithi149.stderr:/usr/bin/ceph:
2023-11-08T02:36:44.412+0000 7f813effd700 1 -- 172.21.15.149:0/927168003 <== mon.0 v2:172.21.15.149:3300/0 4 ==== mgrmap(e 3) v1 ==== 36029+0+0 (secure 0 0 0) 0x7f814400f070 con 0x7f815006fcd0
2023-11-08T02:36:44.421 INFO:teuthology.orchestra.run.smithi149.stderr:/usr/bin/ceph:
2023-11-08T02:36:44.412+0000 7f813effd700 1 --2- 172.21.15.149:0/927168003 >> [v2:172.21.15.149:6800/4103262544,v1:172.21.15.149:6801/4103262544] conn(0x7f813402fc50 0x7f8134032110 unknown :-1 s=NONE pgs=0 cs=0 l=1 rev1=0 rx=0 tx=0).connect
2023-11-08T02:36:44.422 INFO:teuthology.orchestra.run.smithi149.stderr:/usr/bin/ceph:
2023-11-08T02:36:44.412+0000 7f813effd700 1 -- 172.21.15.149:0/927168003 <== mon.0 v2:172.21.15.149:3300/0 5 ==== osd_map(1..1 src has 1..1) v4 ==== 754+0+0 (secure 0 0 0) 0x7f8144040f40 con 0x7f815006fcd0
2023-11-08T02:36:44.422 INFO:teuthology.orchestra.run.smithi149.stderr:/usr/bin/ceph:
2023-11-08T02:36:44.412+0000 7f814dd9b700 1 --2- 172.21.15.149:0/927168003 >> [v2:172.21.15.149:6800/4103262544,v1:172.21.15.149:6801/4103262544] conn(0x7f813402fc50 0x7f8134032110 unknown :-1 s=BANNER_CONNECTING pgs=0 cs=0 l=1 rev1=0 rx=0 tx=0)._handle_peer_banner_payload supported=1 required=0
2023-11-08T02:36:44.422 INFO:teuthology.orchestra.run.smithi149.stderr:/usr/bin/ceph:
2023-11-08T02:36:44.412+0000 7f8154fc7700 1 -- 172.21.15.149:0/927168003 --> [v2:172.21.15.149:3300/0,v1:172.21.15.149:6789/0] -- mon_command({"prefix": "get_command_descriptions"} v 0) v1 -- 0x7f8150059100 con 0x7f815006fcd0
2023-11-08T02:36:44.423 INFO:teuthology.orchestra.run.smithi149.stderr:/usr/bin/ceph:
2023-11-08T02:36:44.413+0000 7f814dd9b700 1 --2- 172.21.15.149:0/927168003 >> [v2:172.21.15.149:6800/4103262544,v1:172.21.15.149:6801/4103262544] conn(0x7f813402fc50 0x7f8134032110 secure :-1 s=READY pgs=6 cs=0 l=1 rev1=1 rx=0x7f81400096a0 tx=0x7f8140006b40).ready entity=mgr.14100 client_cookie=0 server_cookie=0 in_seq=0 out_seq=0
2023-11-08T02:36:44.423 INFO:teuthology.orchestra.run.smithi149.stderr:/usr/bin/ceph:
2023-11-08T02:36:44.417+0000 7f813effd700 1 -- 172.21.15.149:0/927168003 <== mon.0 v2:172.21.15.149:3300/0 6 ==== mon_command_ack([{"prefix": "get_command_descriptions"}]=0 v0) v1 ==== 72+0+152212 (secure 0 0 0) 0x7f8144016070 con 0x7f815006fcd0
2023-11-08T02:36:44.602 INFO:teuthology.orchestra.run.smithi149.stderr:/usr/bin/ceph:
2023-11-08T02:36:44.601+0000 7f8154fc7700 1 -- 172.21.15.149:0/927168003 --> [v2:172.21.15.149:3300/0,v1:172.21.15.149:6789/0] -- mon_command({"prefix": "mgr module enable", "module": "cephadm"} v 0) v1 -- 0x7f8150045ad0 con 0x7f815006fcd0
2023-11-08T02:36:44.688 INFO:journalctl@ceph.mon.smithi149.smithi149.stdout:Nov 08 02:36:44 smithi149 ceph-8b96cb2e-7ddf-11ee-8dbb-212e2dc638e7-mon.smithi149[141333]: cluster
2023-11-08T02:36:43.430232+0000 mon.smithi149 (mon.0) 22 : cluster [DBG] mgrmap e3: smithi149.arbavr(active, since 1.0064s)
2023-11-08T02:36:44.688 INFO:journalctl@ceph.mon.smithi149.smithi149.stdout:Nov 08 02:36:44 smithi149 ceph-8b96cb2e-7ddf-11ee-8dbb-212e2dc638e7-mon.smithi149[141333]: audit
2023-11-08T02:36:43.694559+0000 mon.smithi149 (mon.0) 23 : audit [DBG] from='client.? 172.21.15.149:0/291688668' entity='client.admin' cmd=[{"prefix": "status", "format": "json-pretty"}]: dispatch
2023-11-08T02:36:45.427 INFO:teuthology.orchestra.run.smithi149.stderr:/usr/bin/ceph:
2023-11-08T02:36:45.427+0000 7f813effd700 1 -- 172.21.15.149:0/927168003 <== mon.0 v2:172.21.15.149:3300/0 7 ==== mgrmap(e 4) v1 ==== 36120+0+0 (secure 0 0 0) 0x7f8144010dd0 con 0x7f815006fcd0
2023-11-08T02:36:45.429 INFO:teuthology.orchestra.run.smithi149.stderr:/usr/bin/ceph:
2023-11-08T02:36:45.429+0000 7f813effd700 1 -- 172.21.15.149:0/927168003 <== mon.0 v2:172.21.15.149:3300/0 8 ==== mon_command_ack([{"prefix": "mgr module enable", "module": "cephadm"}]=0 v4) v1 ==== 86+0+0 (secure 0 0 0) 0x7f8144019510 con 0x7f815006fcd0
2023-11-08T02:36:45.433 INFO:teuthology.orchestra.run.smithi149.stderr:/usr/bin/ceph:
2023-11-08T02:36:45.431+0000 7f8154fc7700 1 -- 172.21.15.149:0/927168003 >> [v2:172.21.15.149:6800/4103262544,v1:172.21.15.149:6801/4103262544] conn(0x7f813402fc50 msgr2=0x7f8134032110 secure :-1 s=STATE_CONNECTION_ESTABLISHED l=1).mark_down
2023-11-08T02:36:45.433 INFO:teuthology.orchestra.run.smithi149.stderr:/usr/bin/ceph:
2023-11-08T02:36:45.431+0000 7f8154fc7700 1 --2- 172.21.15.149:0/927168003 >> [v2:172.21.15.149:6800/4103262544,v1:172.21.15.149:6801/4103262544] conn(0x7f813402fc50 0x7f8134032110 secure :-1 s=READY pgs=6 cs=0 l=1 rev1=1 rx=0x7f81400096a0 tx=0x7f8140006b40).stop
2023-11-08T02:36:45.433 INFO:teuthology.orchestra.run.smithi149.stderr:/usr/bin/ceph:
2023-11-08T02:36:45.431+0000 7f8154fc7700 1 -- 172.21.15.149:0/927168003 >> [v2:172.21.15.149:3300/0,v1:172.21.15.149:6789/0] conn(0x7f815006fcd0 msgr2=0x7f815010a9a0 secure :-1 s=STATE_CONNECTION_ESTABLISHED l=1).mark_down
2023-11-08T02:36:45.433 INFO:teuthology.orchestra.run.smithi149.stderr:/usr/bin/ceph:
2023-11-08T02:36:45.431+0000 7f8154fc7700 1 --2- 172.21.15.149:0/927168003 >> [v2:172.21.15.149:3300/0,v1:172.21.15.149:6789/0] conn(0x7f815006fcd0 0x7f815010a9a0 secure :-1 s=READY pgs=17 cs=0 l=1 rev1=1 rx=0x7f814400e040 tx=0x7f8144006ee0).stop
2023-11-08T02:36:45.433 INFO:teuthology.orchestra.run.smithi149.stderr:/usr/bin/ceph:
2023-11-08T02:36:45.431+0000 7f8154fc7700 1 -- 172.21.15.149:0/927168003 shutdown_connections
2023-11-08T02:36:45.434 INFO:teuthology.orchestra.run.smithi149.stderr:/usr/bin/ceph:
2023-11-08T02:36:45.431+0000 7f8154fc7700 1 --2- 172.21.15.149:0/927168003 >> [v2:172.21.15.149:6800/4103262544,v1:172.21.15.149:6801/4103262544] conn(0x7f813402fc50 0x7f8134032110 unknown :-1 s=CLOSED pgs=6 cs=0 l=1 rev1=1 rx=0 tx=0).stop
2023-11-08T02:36:45.434 INFO:teuthology.orchestra.run.smithi149.stderr:/usr/bin/ceph:
2023-11-08T02:36:45.431+0000 7f8154fc7700 1 --2- 172.21.15.149:0/927168003 >> [v2:172.21.15.149:3300/0,v1:172.21.15.149:6789/0] conn(0x7f815006fcd0 0x7f815010a9a0 unknown :-1 s=CLOSED pgs=17 cs=0 l=1 rev1=1 rx=0 tx=0).stop
2023-11-08T02:36:45.434 INFO:teuthology.orchestra.run.smithi149.stderr:/usr/bin/ceph:
2023-11-08T02:36:45.431+0000 7f8154fc7700 1 -- 172.21.15.149:0/927168003 >> 172.21.15.149:0/927168003 conn(0x7f81500f6280 msgr2=0x7f81500f7e20 unknown :-1 s=STATE_NONE l=0).mark_down
2023-11-08T02:36:45.434 INFO:teuthology.orchestra.run.smithi149.stderr:/usr/bin/ceph:
2023-11-08T02:36:45.431+0000 7f8154fc7700 1 -- 172.21.15.149:0/927168003 shutdown_connections
2023-11-08T02:36:45.435 INFO:teuthology.orchestra.run.smithi149.stderr:/usr/bin/ceph:
2023-11-08T02:36:45.431+0000 7f8154fc7700 1 -- 172.21.15.149:0/927168003 wait complete.
2023-11-08T02:36:45.688 INFO:journalctl@ceph.mon.smithi149.smithi149.stdout:Nov 08 02:36:45 smithi149 ceph-8b96cb2e-7ddf-11ee-8dbb-212e2dc638e7-mon.smithi149[141333]: audit
2023-11-08T02:36:44.603141+0000 mon.smithi149 (mon.0) 24 : audit [INF] from='client.? 172.21.15.149:0/927168003' entity='client.admin' cmd=[{"prefix": "mgr module enable", "module": "cephadm"}]: dispatch
2023-11-08T02:36:45.803 INFO:teuthology.orchestra.run.smithi149.stderr:Running command: /bin/podman run --rm --ipc=host --no-hosts --net=host --entrypoint /usr/bin/ceph --init -e CONTAINER_IMAGE=docker.io/ceph/ceph:v16.2.4 -e NODE_NAME=smithi149 -e CEPH_USE_RANDOM_NONCE=1 -v /var/log/ceph/8b96cb2e-7ddf-11ee-8dbb-212e2dc638e7:/var/log/ceph:z -v /tmp/ceph-tmpgubeogf_:/etc/ceph/ceph.client.admin.keyring:z -v /tmp/ceph-tmpwmkg2c2b:/etc/ceph/ceph.conf:z docker.io/ceph/ceph:v16.2.4 mgr stat
2023-11-08T02:36:46.195 INFO:teuthology.orchestra.run.smithi149.stderr:/usr/bin/ceph:
2023-11-08T02:36:46.194+0000 7fc286e56700 1 Processor -- start
2023-11-08T02:36:46.196 INFO:teuthology.orchestra.run.smithi149.stderr:/usr/bin/ceph:
2023-11-08T02:36:46.194+0000 7fc286e56700 1 -- start start
2023-11-08T02:36:46.196 INFO:teuthology.orchestra.run.smithi149.stderr:/usr/bin/ceph:
2023-11-08T02:36:46.194+0000 7fc286e56700 1 --2- >> [v2:172.21.15.149:3300/0,v1:172.21.15.149:6789/0] conn(0x7fc2800fa260 0x7fc2800fa680 unknown :-1 s=NONE pgs=0 cs=0 l=0 rev1=0 rx=0 tx=0).connect
2023-11-08T02:36:46.196 INFO:teuthology.orchestra.run.smithi149.stderr:/usr/bin/ceph:
2023-11-08T02:36:46.194+0000 7fc286e56700 1 -- --> [v2:172.21.15.149:3300/0,v1:172.21.15.149:6789/0] -- mon_getmap magic: 0 v1 -- 0x7fc2800fac00 con 0x7fc2800fa260
2023-11-08T02:36:46.196 INFO:teuthology.orchestra.run.smithi149.stderr:/usr/bin/ceph:
2023-11-08T02:36:46.194+0000 7fc284bf2700 1 --2- >> [v2:172.21.15.149:3300/0,v1:172.21.15.149:6789/0] conn(0x7fc2800fa260 0x7fc2800fa680 unknown :-1 s=BANNER_CONNECTING pgs=0 cs=0 l=0 rev1=0 rx=0 tx=0)._handle_peer_banner_payload supported=1 required=0
2023-11-08T02:36:46.196 INFO:teuthology.orchestra.run.smithi149.stderr:/usr/bin/ceph:
2023-11-08T02:36:46.194+0000 7fc284bf2700 1 --2- >> [v2:172.21.15.149:3300/0,v1:172.21.15.149:6789/0] conn(0x7fc2800fa260 0x7fc2800fa680 unknown :-1 s=HELLO_CONNECTING pgs=0 cs=0 l=0 rev1=1 rx=0 tx=0).handle_hello peer v2:172.21.15.149:3300/0 says I am v2:172.21.15.149:54690/0 (socket says 172.21.15.149:54690)
2023-11-08T02:36:46.197 INFO:teuthology.orchestra.run.smithi149.stderr:/usr/bin/ceph:
2023-11-08T02:36:46.194+0000 7fc284bf2700 1 -- 172.21.15.149:0/3377685969 learned_addr learned my addr 172.21.15.149:0/3377685969 (peer_addr_for_me v2:172.21.15.149:0/0)
2023-11-08T02:36:46.197 INFO:teuthology.orchestra.run.smithi149.stderr:/usr/bin/ceph:
2023-11-08T02:36:46.195+0000 7fc284bf2700 1 -- 172.21.15.149:0/3377685969 --> [v2:172.21.15.149:3300/0,v1:172.21.15.149:6789/0] -- mon_subscribe({config=0+,monmap=0+}) v3 -- 0x7fc2800fad40 con 0x7fc2800fa260
2023-11-08T02:36:46.197 INFO:teuthology.orchestra.run.smithi149.stderr:/usr/bin/ceph:
2023-11-08T02:36:46.195+0000 7fc284bf2700 1 --2- 172.21.15.149:0/3377685969 >> [v2:172.21.15.149:3300/0,v1:172.21.15.149:6789/0] conn(0x7fc2800fa260 0x7fc2800fa680 secure :-1 s=READY pgs=20 cs=0 l=1 rev1=1 rx=0x7fc27400a770 tx=0x7fc274006f70).ready entity=mon.0 client_cookie=6c246993648eb64f server_cookie=0 in_seq=0 out_seq=0
2023-11-08T02:36:46.197 INFO:teuthology.orchestra.run.smithi149.stderr:/usr/bin/ceph:
2023-11-08T02:36:46.195+0000 7fc27f7fe700 1 -- 172.21.15.149:0/3377685969 <== mon.0 v2:172.21.15.149:3300/0 1 ==== mon_map magic: 0 v1 ==== 229+0+0 (secure 0 0 0) 0x7fc27400c7f0 con 0x7fc2800fa260
2023-11-08T02:36:46.197 INFO:teuthology.orchestra.run.smithi149.stderr:/usr/bin/ceph:
2023-11-08T02:36:46.195+0000 7fc27f7fe700 1 -- 172.21.15.149:0/3377685969 <== mon.0 v2:172.21.15.149:3300/0 2 ==== config(25 keys) v1 ==== 1010+0+0 (secure 0 0 0) 0x7fc27400cdc0 con 0x7fc2800fa260
2023-11-08T02:36:46.198 INFO:teuthology.orchestra.run.smithi149.stderr:/usr/bin/ceph:
2023-11-08T02:36:46.195+0000 7fc27f7fe700 1 -- 172.21.15.149:0/3377685969 <== mon.0 v2:172.21.15.149:3300/0 3 ==== mon_map magic: 0 v1 ==== 229+0+0 (secure 0 0 0) 0x7fc27400f370 con 0x7fc2800fa260
2023-11-08T02:36:46.200 INFO:teuthology.orchestra.run.smithi149.stderr:/usr/bin/ceph:
2023-11-08T02:36:46.196+0000 7fc286e56700 1 -- 172.21.15.149:0/3377685969 >> [v2:172.21.15.149:3300/0,v1:172.21.15.149:6789/0] conn(0x7fc2800fa260 msgr2=0x7fc2800fa680 secure :-1 s=STATE_CONNECTION_ESTABLISHED l=1).mark_down
2023-11-08T02:36:46.201 INFO:teuthology.orchestra.run.smithi149.stderr:/usr/bin/ceph:
2023-11-08T02:36:46.196+0000 7fc286e56700 1 --2- 172.21.15.149:0/3377685969 >> [v2:172.21.15.149:3300/0,v1:172.21.15.149:6789/0] conn(0x7fc2800fa260 0x7fc2800fa680 secure :-1 s=READY pgs=20 cs=0 l=1 rev1=1 rx=0x7fc27400a770 tx=0x7fc274006f70).stop
2023-11-08T02:36:46.201 INFO:teuthology.orchestra.run.smithi149.stderr:/usr/bin/ceph:
2023-11-08T02:36:46.196+0000 7fc286e56700 1 -- 172.21.15.149:0/3377685969 shutdown_connections
2023-11-08T02:36:46.201 INFO:teuthology.orchestra.run.smithi149.stderr:/usr/bin/ceph:
2023-11-08T02:36:46.196+0000 7fc286e56700 1 --2- 172.21.15.149:0/3377685969 >> [v2:172.21.15.149:3300/0,v1:172.21.15.149:6789/0] conn(0x7fc2800fa260 0x7fc2800fa680 unknown :-1 s=CLOSED pgs=20 cs=0 l=1 rev1=1 rx=0 tx=0).stop
2023-11-08T02:36:46.201 INFO:teuthology.orchestra.run.smithi149.stderr:/usr/bin/ceph:
2023-11-08T02:36:46.196+0000 7fc286e56700 1 -- 172.21.15.149:0/3377685969 >> 172.21.15.149:0/3377685969 conn(0x7fc2800f59e0 msgr2=0x7fc2800f7e00 unknown :-1 s=STATE_NONE l=0).mark_down
2023-11-08T02:36:46.202 INFO:teuthology.orchestra.run.smithi149.stderr:/usr/bin/ceph:
2023-11-08T02:36:46.196+0000 7fc286e56700 1 -- 172.21.15.149:0/3377685969 shutdown_connections
2023-11-08T02:36:46.202 INFO:teuthology.orchestra.run.smithi149.stderr:/usr/bin/ceph:
2023-11-08T02:36:46.196+0000 7fc286e56700 1 -- 172.21.15.149:0/3377685969 wait complete.
2023-11-08T02:36:46.202 INFO:teuthology.orchestra.run.smithi149.stderr:/usr/bin/ceph:
2023-11-08T02:36:46.196+0000 7fc286e56700 1 Processor -- start
2023-11-08T02:36:46.202 INFO:teuthology.orchestra.run.smithi149.stderr:/usr/bin/ceph:
2023-11-08T02:36:46.196+0000 7fc286e56700 1 -- start start
2023-11-08T02:36:46.202 INFO:teuthology.orchestra.run.smithi149.stderr:/usr/bin/ceph:
2023-11-08T02:36:46.197+0000 7fc286e56700 1 --2- >> [v2:172.21.15.149:3300/0,v1:172.21.15.149:6789/0] conn(0x7fc2800fa260 0x7fc2801087d0 unknown :-1 s=NONE pgs=0 cs=0 l=1 rev1=0 rx=0 tx=0).connect
2023-11-08T02:36:46.203 INFO:teuthology.orchestra.run.smithi149.stderr:/usr/bin/ceph:
2023-11-08T02:36:46.197+0000 7fc286e56700 1 -- --> [v2:172.21.15.149:3300/0,v1:172.21.15.149:6789/0] -- mon_getmap magic: 0 v1 -- 0x7fc280108cc0 con 0x7fc2800fa260
2023-11-08T02:36:46.203 INFO:teuthology.orchestra.run.smithi149.stderr:/usr/bin/ceph:
2023-11-08T02:36:46.197+0000 7fc284bf2700 1 --2- >> [v2:172.21.15.149:3300/0,v1:172.21.15.149:6789/0] conn(0x7fc2800fa260 0x7fc2801087d0 unknown :-1 s=BANNER_CONNECTING pgs=0 cs=0 l=1 rev1=0 rx=0 tx=0)._handle_peer_banner_payload supported=1 required=0
2023-11-08T02:36:46.203 INFO:teuthology.orchestra.run.smithi149.stderr:/usr/bin/ceph:
2023-11-08T02:36:46.197+0000 7fc284bf2700 1 --2- >> [v2:172.21.15.149:3300/0,v1:172.21.15.149:6789/0] conn(0x7fc2800fa260 0x7fc2801087d0 unknown :-1 s=HELLO_CONNECTING pgs=0 cs=0 l=1 rev1=1 rx=0 tx=0).handle_hello peer v2:172.21.15.149:3300/0 says I am v2:172.21.15.149:54692/0 (socket says 172.21.15.149:54692)
2023-11-08T02:36:46.203 INFO:teuthology.orchestra.run.smithi149.stderr:/usr/bin/ceph:
2023-11-08T02:36:46.197+0000 7fc284bf2700 1 -- 172.21.15.149:0/55190445 learned_addr learned my addr 172.21.15.149:0/55190445 (peer_addr_for_me v2:172.21.15.149:0/0)
2023-11-08T02:36:46.203 INFO:teuthology.orchestra.run.smithi149.stderr:/usr/bin/ceph:
2023-11-08T02:36:46.197+0000 7fc284bf2700 1 -- 172.21.15.149:0/55190445 --> [v2:172.21.15.149:3300/0,v1:172.21.15.149:6789/0] -- mon_subscribe({config=0+,monmap=0+}) v3 -- 0x7fc27400a380 con 0x7fc2800fa260
2023-11-08T02:36:46.204 INFO:teuthology.orchestra.run.smithi149.stderr:/usr/bin/ceph:
2023-11-08T02:36:46.197+0000 7fc284bf2700 1 --2- 172.21.15.149:0/55190445 >> [v2:172.21.15.149:3300/0,v1:172.21.15.149:6789/0] conn(0x7fc2800fa260 0x7fc2801087d0 secure :-1 s=READY pgs=21 cs=0 l=1 rev1=1 rx=0x7fc274007010 tx=0x7fc274006f70).ready entity=mon.0 client_cookie=0 server_cookie=0 in_seq=0 out_seq=0
2023-11-08T02:36:46.204 INFO:teuthology.orchestra.run.smithi149.stderr:/usr/bin/ceph:
2023-11-08T02:36:46.198+0000 7fc27d7fa700 1 -- 172.21.15.149:0/55190445 <== mon.0 v2:172.21.15.149:3300/0 1 ==== mon_map magic: 0 v1 ==== 229+0+0 (secure 0 0 0) 0x7fc27400f750 con 0x7fc2800fa260
2023-11-08T02:36:46.204 INFO:teuthology.orchestra.run.smithi149.stderr:/usr/bin/ceph:
2023-11-08T02:36:46.198+0000 7fc27d7fa700 1 -- 172.21.15.149:0/55190445 <== mon.0 v2:172.21.15.149:3300/0 2 ==== config(25 keys) v1 ==== 1010+0+0 (secure 0 0 0) 0x7fc27400fd20 con 0x7fc2800fa260
2023-11-08T02:36:46.204 INFO:teuthology.orchestra.run.smithi149.stderr:/usr/bin/ceph:
2023-11-08T02:36:46.198+0000 7fc286e56700 1 -- 172.21.15.149:0/55190445 --> [v2:172.21.15.149:3300/0,v1:172.21.15.149:6789/0] -- mon_subscribe({mgrmap=0+}) v3 -- 0x7fc280108ec0 con 0x7fc2800fa260
2023-11-08T02:36:46.205 INFO:teuthology.orchestra.run.smithi149.stderr:/usr/bin/ceph:
2023-11-08T02:36:46.198+0000 7fc27d7fa700 1 -- 172.21.15.149:0/55190445 <== mon.0 v2:172.21.15.149:3300/0 3 ==== mon_map magic: 0 v1 ==== 229+0+0 (secure 0 0 0) 0x7fc274019ae0 con 0x7fc2800fa260
2023-11-08T02:36:46.205 INFO:teuthology.orchestra.run.smithi149.stderr:/usr/bin/ceph:
2023-11-08T02:36:46.198+0000 7fc286e56700 1 -- 172.21.15.149:0/55190445 --> [v2:172.21.15.149:3300/0,v1:172.21.15.149:6789/0] -- mon_subscribe({osdmap=0}) v3 -- 0x7fc2801092d0 con 0x7fc2800fa260
2023-11-08T02:36:46.205 INFO:teuthology.orchestra.run.smithi149.stderr:/usr/bin/ceph:
2023-11-08T02:36:46.198+0000 7fc27d7fa700 1 -- 172.21.15.149:0/55190445 <== mon.0 v2:172.21.15.149:3300/0 4 ==== mgrmap(e 4) v1 ==== 36120+0+0 (secure 0 0 0) 0x7fc27400e040 con 0x7fc2800fa260
2023-11-08T02:36:46.205 INFO:teuthology.orchestra.run.smithi149.stderr:/usr/bin/ceph:
2023-11-08T02:36:46.199+0000 7fc27d7fa700 1 --2- 172.21.15.149:0/55190445 >> [v2:172.21.15.149:6800/4103262544,v1:172.21.15.149:6801/4103262544] conn(0x7fc26402fd50 0x7fc264032210 unknown :-1 s=NONE pgs=0 cs=0 l=1 rev1=0 rx=0 tx=0).connect
2023-11-08T02:36:46.205 INFO:teuthology.orchestra.run.smithi149.stderr:/usr/bin/ceph:
2023-11-08T02:36:46.199+0000 7fc27d7fa700 1 -- 172.21.15.149:0/55190445 <== mon.0 v2:172.21.15.149:3300/0 5 ==== osd_map(1..1 src has 1..1) v4 ==== 754+0+0 (secure 0 0 0) 0x7fc2740438a0 con 0x7fc2800fa260
2023-11-08T02:36:46.206 INFO:teuthology.orchestra.run.smithi149.stderr:/usr/bin/ceph:
2023-11-08T02:36:46.199+0000 7fc27ffff700 1 -- 172.21.15.149:0/55190445 >> [v2:172.21.15.149:6800/4103262544,v1:172.21.15.149:6801/4103262544] conn(0x7fc26402fd50 msgr2=0x7fc264032210 unknown :-1 s=STATE_CONNECTING_RE l=1).process reconnect failed to v2:172.21.15.149:6800/4103262544
2023-11-08T02:36:46.206 INFO:teuthology.orchestra.run.smithi149.stderr:/usr/bin/ceph:
2023-11-08T02:36:46.199+0000 7fc27ffff700 1 --2- 172.21.15.149:0/55190445 >> [v2:172.21.15.149:6800/4103262544,v1:172.21.15.149:6801/4103262544] conn(0x7fc26402fd50 0x7fc264032210 unknown :-1 s=START_CONNECT pgs=0 cs=0 l=1 rev1=0 rx=0 tx=0)._fault waiting 0.200000
2023-11-08T02:36:46.206 INFO:teuthology.orchestra.run.smithi149.stderr:/usr/bin/ceph:
2023-11-08T02:36:46.199+0000 7fc286e56700 1 -- 172.21.15.149:0/55190445 --> [v2:172.21.15.149:3300/0,v1:172.21.15.149:6789/0] -- mon_command({"prefix": "get_command_descriptions"} v 0) v1 -- 0x7fc280059100 con 0x7fc2800fa260
2023-11-08T02:36:46.206 INFO:teuthology.orchestra.run.smithi149.stderr:/usr/bin/ceph:
2023-11-08T02:36:46.203+0000 7fc27d7fa700 1 -- 172.21.15.149:0/55190445 <== mon.0 v2:172.21.15.149:3300/0 6 ==== mon_command_ack([{"prefix": "get_command_descriptions"}]=0 v0) v1 ==== 72+0+152212 (secure 0 0 0) 0x7fc27401a430 con 0x7fc2800fa260
2023-11-08T02:36:46.395 INFO:teuthology.orchestra.run.smithi149.stderr:/usr/bin/ceph:
2023-11-08T02:36:46.394+0000 7fc286e56700 1 -- 172.21.15.149:0/55190445 --> [v2:172.21.15.149:3300/0,v1:172.21.15.149:6789/0] -- mon_command({"prefix": "mgr stat"} v 0) v1 -- 0x7fc280102370 con 0x7fc2800fa260
2023-11-08T02:36:46.396 INFO:teuthology.orchestra.run.smithi149.stderr:/usr/bin/ceph:
2023-11-08T02:36:46.395+0000 7fc27d7fa700 1 -- 172.21.15.149:0/55190445 <== mon.0 v2:172.21.15.149:3300/0 7 ==== mon_command_ack([{"prefix": "mgr stat"}]=0 v4) v1 ==== 56+0+103 (secure 0 0 0) 0x7fc2740233a0 con 0x7fc2800fa260
2023-11-08T02:36:46.396 INFO:teuthology.orchestra.run.smithi149.stderr:/usr/bin/ceph: {
2023-11-08T02:36:46.396 INFO:teuthology.orchestra.run.smithi149.stderr:/usr/bin/ceph: "epoch": 4,
2023-11-08T02:36:46.396 INFO:teuthology.orchestra.run.smithi149.stderr:/usr/bin/ceph: "available": true,
2023-11-08T02:36:46.397 INFO:teuthology.orchestra.run.smithi149.stderr:/usr/bin/ceph: "active_name": "smithi149.arbavr",
2023-11-08T02:36:46.397 INFO:teuthology.orchestra.run.smithi149.stderr:/usr/bin/ceph: "num_standby": 0
2023-11-08T02:36:46.397 INFO:teuthology.orchestra.run.smithi149.stderr:/usr/bin/ceph: }
2023-11-08T02:36:46.398 INFO:teuthology.orchestra.run.smithi149.stderr:/usr/bin/ceph:
2023-11-08T02:36:46.397+0000 7fc286e56700 1 -- 172.21.15.149:0/55190445 >> [v2:172.21.15.149:6800/4103262544,v1:172.21.15.149:6801/4103262544] conn(0x7fc26402fd50 msgr2=0x7fc264032210 unknown :-1 s=STATE_CONNECTING l=1).mark_down
2023-11-08T02:36:46.399 INFO:teuthology.orchestra.run.smithi149.stderr:/usr/bin/ceph:
2023-11-08T02:36:46.397+0000 7fc286e56700 1 --2- 172.21.15.149:0/55190445 >> [v2:172.21.15.149:6800/4103262544,v1:172.21.15.149:6801/4103262544] conn(0x7fc26402fd50 0x7fc264032210 unknown :-1 s=START_CONNECT pgs=0 cs=0 l=1 rev1=0 rx=0 tx=0).stop
2023-11-08T02:36:46.399 INFO:teuthology.orchestra.run.smithi149.stderr:/usr/bin/ceph:
2023-11-08T02:36:46.397+0000 7fc286e56700 1 -- 172.21.15.149:0/55190445 >> [v2:172.21.15.149:3300/0,v1:172.21.15.149:6789/0] conn(0x7fc2800fa260 msgr2=0x7fc2801087d0 secure :-1 s=STATE_CONNECTION_ESTABLISHED l=1).mark_down
2023-11-08T02:36:46.399 INFO:teuthology.orchestra.run.smithi149.stderr:/usr/bin/ceph:
2023-11-08T02:36:46.397+0000 7fc286e56700 1 --2- 172.21.15.149:0/55190445 >> [v2:172.21.15.149:3300/0,v1:172.21.15.149:6789/0] conn(0x7fc2800fa260 0x7fc2801087d0 secure :-1 s=READY pgs=21 cs=0 l=1 rev1=1 rx=0x7fc274007010 tx=0x7fc274006f70).stop
2023-11-08T02:36:46.399 INFO:teuthology.orchestra.run.smithi149.stderr:/usr/bin/ceph:
2023-11-08T02:36:46.397+0000 7fc286e56700 1 -- 172.21.15.149:0/55190445 shutdown_connections
2023-11-08T02:36:46.399 INFO:teuthology.orchestra.run.smithi149.stderr:/usr/bin/ceph:
2023-11-08T02:36:46.397+0000 7fc286e56700 1 --2- 172.21.15.149:0/55190445 >> [v2:172.21.15.149:6800/4103262544,v1:172.21.15.149:6801/4103262544] conn(0x7fc26402fd50 0x7fc264032210 unknown :-1 s=CLOSED pgs=0 cs=0 l=1 rev1=0 rx=0 tx=0).stop
2023-11-08T02:36:46.400 INFO:teuthology.orchestra.run.smithi149.stderr:/usr/bin/ceph:
2023-11-08T02:36:46.397+0000 7fc286e56700 1 --2- 172.21.15.149:0/55190445 >> [v2:172.21.15.149:3300/0,v1:172.21.15.149:6789/0] conn(0x7fc2800fa260 0x7fc2801087d0 unknown :-1 s=CLOSED pgs=21 cs=0 l=1 rev1=1 rx=0 tx=0).stop
2023-11-08T02:36:46.400 INFO:teuthology.orchestra.run.smithi149.stderr:/usr/bin/ceph:
2023-11-08T02:36:46.397+0000 7fc286e56700 1 -- 172.21.15.149:0/55190445 >> 172.21.15.149:0/55190445 conn(0x7fc2800f59e0 msgr2=0x7fc2800fd0f0 unknown :-1 s=STATE_NONE l=0).mark_down
2023-11-08T02:36:46.400 INFO:teuthology.orchestra.run.smithi149.stderr:/usr/bin/ceph:
2023-11-08T02:36:46.397+0000 7fc286e56700 1 -- 172.21.15.149:0/55190445 shutdown_connections
2023-11-08T02:36:46.400 INFO:teuthology.orchestra.run.smithi149.stderr:/usr/bin/ceph:
2023-11-08T02:36:46.397+0000 7fc286e56700 1 -- 172.21.15.149:0/55190445 wait complete.
2023-11-08T02:36:46.688 INFO:journalctl@ceph.mon.smithi149.smithi149.stdout:Nov 08 02:36:46 smithi149 ceph-8b96cb2e-7ddf-11ee-8dbb-212e2dc638e7-mon.smithi149[141333]: audit
2023-11-08T02:36:45.430109+0000 mon.smithi149 (mon.0) 25 : audit [INF] from='client.? 172.21.15.149:0/927168003' entity='client.admin' cmd='[{"prefix": "mgr module enable", "module": "cephadm"}]': finished
2023-11-08T02:36:46.688 INFO:journalctl@ceph.mon.smithi149.smithi149.stdout:Nov 08 02:36:46 smithi149 ceph-8b96cb2e-7ddf-11ee-8dbb-212e2dc638e7-mon.smithi149[141333]: cluster
2023-11-08T02:36:45.430160+0000 mon.smithi149 (mon.0) 26 : cluster [DBG] mgrmap e4: smithi149.arbavr(active, since 3s)
2023-11-08T02:36:46.688 INFO:journalctl@ceph.mon.smithi149.smithi149.stdout:Nov 08 02:36:46 smithi149 ceph-8b96cb2e-7ddf-11ee-8dbb-212e2dc638e7-mon.smithi149[141333]: audit
2023-11-08T02:36:46.396322+0000 mon.smithi149 (mon.0) 27 : audit [DBG] from='client.? 172.21.15.149:0/55190445' entity='client.admin' cmd=[{"prefix": "mgr stat"}]: dispatch
2023-11-08T02:36:46.746 INFO:teuthology.orchestra.run.smithi149.stderr:Waiting for the mgr to restart...
2023-11-08T02:36:46.746 INFO:teuthology.orchestra.run.smithi149.stderr:Waiting for mgr epoch 4...
2023-11-08T02:36:46.746 INFO:teuthology.orchestra.run.smithi149.stderr:Running command: /bin/podman run --rm --ipc=host --no-hosts --net=host --entrypoint /usr/bin/ceph --init -e CONTAINER_IMAGE=docker.io/ceph/ceph:v16.2.4 -e NODE_NAME=smithi149 -e CEPH_USE_RANDOM_NONCE=1 -v /var/log/ceph/8b96cb2e-7ddf-11ee-8dbb-212e2dc638e7:/var/log/ceph:z -v /tmp/ceph-tmpgubeogf_:/etc/ceph/ceph.client.admin.keyring:z -v /tmp/ceph-tmpwmkg2c2b:/etc/ceph/ceph.conf:z docker.io/ceph/ceph:v16.2.4 tell mgr mgr_status
2023-11-08T02:36:47.163 INFO:teuthology.orchestra.run.smithi149.stderr:/usr/bin/ceph:
2023-11-08T02:36:47.161+0000 7f317b59e700 1 Processor -- start
2023-11-08T02:36:47.163 INFO:teuthology.orchestra.run.smithi149.stderr:/usr/bin/ceph:
2023-11-08T02:36:47.161+0000 7f317b59e700 1 -- start start
2023-11-08T02:36:47.163 INFO:teuthology.orchestra.run.smithi149.stderr:/usr/bin/ceph:
2023-11-08T02:36:47.161+0000 7f317b59e700 1 --2- >> [v2:172.21.15.149:3300/0,v1:172.21.15.149:6789/0] conn(0x7f317c0fa8f0 0x7f317c0fad10 unknown :-1 s=NONE pgs=0 cs=0 l=0 rev1=0 rx=0 tx=0).connect
2023-11-08T02:36:47.164 INFO:teuthology.orchestra.run.smithi149.stderr:/usr/bin/ceph:
2023-11-08T02:36:47.161+0000 7f317b59e700 1 -- --> [v2:172.21.15.149:3300/0,v1:172.21.15.149:6789/0] -- mon_getmap magic: 0 v1 -- 0x7f317c0fb200 con 0x7f317c0fa8f0
2023-11-08T02:36:47.164 INFO:teuthology.orchestra.run.smithi149.stderr:/usr/bin/ceph:
2023-11-08T02:36:47.161+0000 7f317a59c700 1 --2- >> [v2:172.21.15.149:3300/0,v1:172.21.15.149:6789/0] conn(0x7f317c0fa8f0 0x7f317c0fad10 unknown :-1 s=BANNER_CONNECTING pgs=0 cs=0 l=0 rev1=0 rx=0 tx=0)._handle_peer_banner_payload supported=1 required=0
2023-11-08T02:36:47.164 INFO:teuthology.orchestra.run.smithi149.stderr:/usr/bin/ceph:
2023-11-08T02:36:47.161+0000 7f317a59c700 1 --2- >> [v2:172.21.15.149:3300/0,v1:172.21.15.149:6789/0] conn(0x7f317c0fa8f0 0x7f317c0fad10 unknown :-1 s=HELLO_CONNECTING pgs=0 cs=0 l=0 rev1=1 rx=0 tx=0).handle_hello peer v2:172.21.15.149:3300/0 says I am v2:172.21.15.149:54704/0 (socket says 172.21.15.149:54704)
2023-11-08T02:36:47.164 INFO:teuthology.orchestra.run.smithi149.stderr:/usr/bin/ceph:
2023-11-08T02:36:47.161+0000 7f317a59c700 1 -- 172.21.15.149:0/1524192172 learned_addr learned my addr 172.21.15.149:0/1524192172 (peer_addr_for_me v2:172.21.15.149:0/0)
2023-11-08T02:36:47.164 INFO:teuthology.orchestra.run.smithi149.stderr:/usr/bin/ceph:
2023-11-08T02:36:47.162+0000 7f317a59c700 1 -- 172.21.15.149:0/1524192172 --> [v2:172.21.15.149:3300/0,v1:172.21.15.149:6789/0] -- mon_subscribe({config=0+,monmap=0+}) v3 -- 0x7f317c0fb340 con 0x7f317c0fa8f0
2023-11-08T02:36:47.165 INFO:teuthology.orchestra.run.smithi149.stderr:/usr/bin/ceph:
2023-11-08T02:36:47.162+0000 7f317a59c700 1 --2- 172.21.15.149:0/1524192172 >> [v2:172.21.15.149:3300/0,v1:172.21.15.149:6789/0] conn(0x7f317c0fa8f0 0x7f317c0fad10 secure :-1 s=READY pgs=22 cs=0 l=1 rev1=1 rx=0x7f316c00b5f0 tx=0x7f316c006ee0).ready entity=mon.0 client_cookie=98679bd712b47905 server_cookie=0 in_seq=0 out_seq=0
2023-11-08T02:36:47.165 INFO:teuthology.orchestra.run.smithi149.stderr:/usr/bin/ceph:
2023-11-08T02:36:47.162+0000 7f317959a700 1 -- 172.21.15.149:0/1524192172 <== mon.0 v2:172.21.15.149:3300/0 1 ==== mon_map magic: 0 v1 ==== 229+0+0 (secure 0 0 0) 0x7f316c00d600 con 0x7f317c0fa8f0
2023-11-08T02:36:47.165 INFO:teuthology.orchestra.run.smithi149.stderr:/usr/bin/ceph:
2023-11-08T02:36:47.162+0000 7f317959a700 1 -- 172.21.15.149:0/1524192172 <== mon.0 v2:172.21.15.149:3300/0 2 ==== config(25 keys) v1 ==== 1010+0+0 (secure 0 0 0) 0x7f316c00dbd0 con 0x7f317c0fa8f0
2023-11-08T02:36:47.165 INFO:teuthology.orchestra.run.smithi149.stderr:/usr/bin/ceph:
2023-11-08T02:36:47.162+0000 7f317959a700 1 -- 172.21.15.149:0/1524192172 <== mon.0 v2:172.21.15.149:3300/0 3 ==== mon_map magic: 0 v1 ==== 229+0+0 (secure 0 0 0) 0x7f316c011c00 con 0x7f317c0fa8f0
2023-11-08T02:36:47.166 INFO:teuthology.orchestra.run.smithi149.stderr:/usr/bin/ceph:
2023-11-08T02:36:47.163+0000 7f317b59e700 1 -- 172.21.15.149:0/1524192172 >> [v2:172.21.15.149:3300/0,v1:172.21.15.149:6789/0] conn(0x7f317c0fa8f0 msgr2=0x7f317c0fad10 secure :-1 s=STATE_CONNECTION_ESTABLISHED l=1).mark_down
2023-11-08T02:36:47.167 INFO:teuthology.orchestra.run.smithi149.stderr:/usr/bin/ceph:
2023-11-08T02:36:47.163+0000 7f317b59e700 1 --2- 172.21.15.149:0/1524192172 >> [v2:172.21.15.149:3300/0,v1:172.21.15.149:6789/0] conn(0x7f317c0fa8f0 0x7f317c0fad10 secure :-1 s=READY pgs=22 cs=0 l=1 rev1=1 rx=0x7f316c00b5f0 tx=0x7f316c006ee0).stop
2023-11-08T02:36:47.167 INFO:teuthology.orchestra.run.smithi149.stderr:/usr/bin/ceph:
2023-11-08T02:36:47.163+0000 7f317b59e700 1 -- 172.21.15.149:0/1524192172 shutdown_connections
2023-11-08T02:36:47.168 INFO:teuthology.orchestra.run.smithi149.stderr:/usr/bin/ceph:
2023-11-08T02:36:47.163+0000 7f317b59e700 1 --2- 172.21.15.149:0/1524192172 >> [v2:172.21.15.149:3300/0,v1:172.21.15.149:6789/0] conn(0x7f317c0fa8f0 0x7f317c0fad10 unknown :-1 s=CLOSED pgs=22 cs=0 l=1 rev1=1 rx=0 tx=0).stop
2023-11-08T02:36:47.168 INFO:teuthology.orchestra.run.smithi149.stderr:/usr/bin/ceph:
2023-11-08T02:36:47.163+0000 7f317b59e700 1 -- 172.21.15.149:0/1524192172 >> 172.21.15.149:0/1524192172 conn(0x7f317c0f6130 msgr2=0x7f317c0f8550 unknown :-1 s=STATE_NONE l=0).mark_down
2023-11-08T02:36:47.168 INFO:teuthology.orchestra.run.smithi149.stderr:/usr/bin/ceph:
2023-11-08T02:36:47.163+0000 7f317b59e700 1 -- 172.21.15.149:0/1524192172 shutdown_connections
2023-11-08T02:36:47.168 INFO:teuthology.orchestra.run.smithi149.stderr:/usr/bin/ceph:
2023-11-08T02:36:47.163+0000 7f317b59e700 1 -- 172.21.15.149:0/1524192172 wait complete.
2023-11-08T02:36:47.168 INFO:teuthology.orchestra.run.smithi149.stderr:/usr/bin/ceph:
2023-11-08T02:36:47.163+0000 7f317b59e700 1 Processor -- start
2023-11-08T02:36:47.169 INFO:teuthology.orchestra.run.smithi149.stderr:/usr/bin/ceph:
2023-11-08T02:36:47.163+0000 7f317b59e700 1 -- start start
2023-11-08T02:36:47.169 INFO:teuthology.orchestra.run.smithi149.stderr:/usr/bin/ceph:
2023-11-08T02:36:47.164+0000 7f317b59e700 1 --2- >> [v2:172.21.15.149:3300/0,v1:172.21.15.149:6789/0] conn(0x7f317c0fa8f0 0x7f317c1096b0 unknown :-1 s=NONE pgs=0 cs=0 l=1 rev1=0 rx=0 tx=0).connect
2023-11-08T02:36:47.169 INFO:teuthology.orchestra.run.smithi149.stderr:/usr/bin/ceph:
2023-11-08T02:36:47.164+0000 7f317b59e700 1 -- --> [v2:172.21.15.149:3300/0,v1:172.21.15.149:6789/0] -- mon_getmap magic: 0 v1 -- 0x7f317c109ba0 con 0x7f317c0fa8f0
2023-11-08T02:36:47.169 INFO:teuthology.orchestra.run.smithi149.stderr:/usr/bin/ceph:
2023-11-08T02:36:47.164+0000 7f317a59c700 1 --2- >> [v2:172.21.15.149:3300/0,v1:172.21.15.149:6789/0] conn(0x7f317c0fa8f0 0x7f317c1096b0 unknown :-1 s=BANNER_CONNECTING pgs=0 cs=0 l=1 rev1=0 rx=0 tx=0)._handle_peer_banner_payload supported=1 required=0
2023-11-08T02:36:47.169 INFO:teuthology.orchestra.run.smithi149.stderr:/usr/bin/ceph:
2023-11-08T02:36:47.164+0000 7f317a59c700 1 --2- >> [v2:172.21.15.149:3300/0,v1:172.21.15.149:6789/0] conn(0x7f317c0fa8f0 0x7f317c1096b0 unknown :-1 s=HELLO_CONNECTING pgs=0 cs=0 l=1 rev1=1 rx=0 tx=0).handle_hello peer v2:172.21.15.149:3300/0 says I am v2:172.21.15.149:54708/0 (socket says 172.21.15.149:54708)
2023-11-08T02:36:47.170 INFO:teuthology.orchestra.run.smithi149.stderr:/usr/bin/ceph:
2023-11-08T02:36:47.164+0000 7f317a59c700 1 -- 172.21.15.149:0/3361006139 learned_addr learned my addr 172.21.15.149:0/3361006139 (peer_addr_for_me v2:172.21.15.149:0/0)
2023-11-08T02:36:47.170 INFO:teuthology.orchestra.run.smithi149.stderr:/usr/bin/ceph:
2023-11-08T02:36:47.164+0000 7f317a59c700 1 -- 172.21.15.149:0/3361006139 --> [v2:172.21.15.149:3300/0,v1:172.21.15.149:6789/0] -- mon_subscribe({config=0+,monmap=0+}) v3 -- 0x7f316c00b200 con 0x7f317c0fa8f0
2023-11-08T02:36:47.170 INFO:teuthology.orchestra.run.smithi149.stderr:/usr/bin/ceph:
2023-11-08T02:36:47.164+0000 7f317a59c700 1 --2- 172.21.15.149:0/3361006139 >> [v2:172.21.15.149:3300/0,v1:172.21.15.149:6789/0] conn(0x7f317c0fa8f0 0x7f317c1096b0 secure :-1 s=READY pgs=23 cs=0 l=1 rev1=1 rx=0x7f316c00e040 tx=0x7f316c006ee0).ready entity=mon.0 client_cookie=0 server_cookie=0 in_seq=0 out_seq=0
2023-11-08T02:36:47.170 INFO:teuthology.orchestra.run.smithi149.stderr:/usr/bin/ceph:
2023-11-08T02:36:47.164+0000 7f316affd700 1 -- 172.21.15.149:0/3361006139 <== mon.0 v2:172.21.15.149:3300/0 1 ==== mon_map magic: 0 v1 ==== 229+0+0 (secure 0 0 0) 0x7f316c011a20 con 0x7f317c0fa8f0
2023-11-08T02:36:47.171 INFO:teuthology.orchestra.run.smithi149.stderr:/usr/bin/ceph:
2023-11-08T02:36:47.164+0000 7f317b59e700 1 -- 172.21.15.149:0/3361006139 --> [v2:172.21.15.149:3300/0,v1:172.21.15.149:6789/0] -- mon_subscribe({mgrmap=0+}) v3 -- 0x7f317c109da0 con 0x7f317c0fa8f0
2023-11-08T02:36:47.171 INFO:teuthology.orchestra.run.smithi149.stderr:/usr/bin/ceph:
2023-11-08T02:36:47.164+0000 7f316affd700 1 -- 172.21.15.149:0/3361006139 <== mon.0 v2:172.21.15.149:3300/0 2 ==== config(25 keys) v1 ==== 1010+0+0 (secure 0 0 0) 0x7f316c00d9f0 con 0x7f317c0fa8f0
2023-11-08T02:36:47.171 INFO:teuthology.orchestra.run.smithi149.stderr:/usr/bin/ceph:
2023-11-08T02:36:47.164+0000 7f316affd700 1 -- 172.21.15.149:0/3361006139 <== mon.0 v2:172.21.15.149:3300/0 3 ==== mon_map magic: 0 v1 ==== 229+0+0 (secure 0 0 0) 0x7f316c022790 con 0x7f317c0fa8f0
2023-11-08T02:36:47.171 INFO:teuthology.orchestra.run.smithi149.stderr:/usr/bin/ceph:
2023-11-08T02:36:47.164+0000 7f317b59e700 1 -- 172.21.15.149:0/3361006139 --> [v2:172.21.15.149:3300/0,v1:172.21.15.149:6789/0] -- mon_subscribe({osdmap=0}) v3 -- 0x7f317c10a1b0 con 0x7f317c0fa8f0
2023-11-08T02:36:47.171 INFO:teuthology.orchestra.run.smithi149.stderr:/usr/bin/ceph:
2023-11-08T02:36:47.165+0000 7f316affd700 1 -- 172.21.15.149:0/3361006139 <== mon.0 v2:172.21.15.149:3300/0 4 ==== mgrmap(e 4) v1 ==== 36120+0+0 (secure 0 0 0) 0x7f316c029060 con 0x7f317c0fa8f0
2023-11-08T02:36:47.172 INFO:teuthology.orchestra.run.smithi149.stderr:/usr/bin/ceph:
2023-11-08T02:36:47.165+0000 7f316affd700 1 --2- 172.21.15.149:0/3361006139 >> [v2:172.21.15.149:6800/4103262544,v1:172.21.15.149:6801/4103262544] conn(0x7f316002fd50 0x7f3160032210 unknown :-1 s=NONE pgs=0 cs=0 l=1 rev1=0 rx=0 tx=0).connect
2023-11-08T02:36:47.172 INFO:teuthology.orchestra.run.smithi149.stderr:/usr/bin/ceph:
2023-11-08T02:36:47.165+0000 7f317b59e700 1 -- 172.21.15.149:0/3361006139 --> [v2:172.21.15.149:6800/4103262544,v1:172.21.15.149:6801/4103262544] -- command(tid 0: {"prefix": "get_command_descriptions"}) v1 -- 0x7f317c059100 con 0x7f316002fd50
2023-11-08T02:36:47.172 INFO:teuthology.orchestra.run.smithi149.stderr:/usr/bin/ceph:
2023-11-08T02:36:47.165+0000 7f316affd700 1 -- 172.21.15.149:0/3361006139 <== mon.0 v2:172.21.15.149:3300/0 5 ==== osd_map(1..1 src has 1..1) v4 ==== 754+0+0 (secure 0 0 0) 0x7f316c042850 con 0x7f317c0fa8f0
2023-11-08T02:36:47.172 INFO:teuthology.orchestra.run.smithi149.stderr:/usr/bin/ceph:
2023-11-08T02:36:47.165+0000 7f3179d9b700 1 -- 172.21.15.149:0/3361006139 >> [v2:172.21.15.149:6800/4103262544,v1:172.21.15.149:6801/4103262544] conn(0x7f316002fd50 msgr2=0x7f3160032210 unknown :-1 s=STATE_CONNECTING_RE l=1).process reconnect failed to v2:172.21.15.149:6800/4103262544
2023-11-08T02:36:47.172 INFO:teuthology.orchestra.run.smithi149.stderr:/usr/bin/ceph:
2023-11-08T02:36:47.165+0000 7f3179d9b700 1 --2- 172.21.15.149:0/3361006139 >> [v2:172.21.15.149:6800/4103262544,v1:172.21.15.149:6801/4103262544] conn(0x7f316002fd50 0x7f3160032210 unknown :-1 s=START_CONNECT pgs=0 cs=0 l=1 rev1=0 rx=0 tx=0)._fault waiting 0.200000
2023-11-08T02:36:47.366 INFO:teuthology.orchestra.run.smithi149.stderr:/usr/bin/ceph:
2023-11-08T02:36:47.366+0000 7f3179d9b700 1 -- 172.21.15.149:0/3361006139 >> [v2:172.21.15.149:6800/4103262544,v1:172.21.15.149:6801/4103262544] conn(0x7f316002fd50 msgr2=0x7f3160032210 unknown :-1 s=STATE_CONNECTING_RE l=1).process reconnect failed to v2:172.21.15.149:6800/4103262544
2023-11-08T02:36:47.367 INFO:teuthology.orchestra.run.smithi149.stderr:/usr/bin/ceph:
2023-11-08T02:36:47.366+0000 7f3179d9b700 1 --2- 172.21.15.149:0/3361006139 >> [v2:172.21.15.149:6800/4103262544,v1:172.21.15.149:6801/4103262544] conn(0x7f316002fd50 0x7f3160032210 unknown :-1 s=START_CONNECT pgs=0 cs=0 l=1 rev1=0 rx=0 tx=0)._fault waiting 0.400000
2023-11-08T02:36:47.767 INFO:teuthology.orchestra.run.smithi149.stderr:/usr/bin/ceph:
2023-11-08T02:36:47.767+0000 7f3179d9b700 1 -- 172.21.15.149:0/3361006139 >> [v2:172.21.15.149:6800/4103262544,v1:172.21.15.149:6801/4103262544] conn(0x7f316002fd50 msgr2=0x7f3160032210 unknown :-1 s=STATE_CONNECTING_RE l=1).process reconnect failed to v2:172.21.15.149:6800/4103262544
2023-11-08T02:36:47.768 INFO:teuthology.orchestra.run.smithi149.stderr:/usr/bin/ceph:
2023-11-08T02:36:47.767+0000 7f3179d9b700 1 --2- 172.21.15.149:0/3361006139 >> [v2:172.21.15.149:6800/4103262544,v1:172.21.15.149:6801/4103262544] conn(0x7f316002fd50 0x7f3160032210 unknown :-1 s=START_CONNECT pgs=0 cs=0 l=1 rev1=0 rx=0 tx=0)._fault waiting 0.800000
2023-11-08T02:36:48.568 INFO:teuthology.orchestra.run.smithi149.stderr:/usr/bin/ceph:
2023-11-08T02:36:48.568+0000 7f3179d9b700 1 -- 172.21.15.149:0/3361006139 >> [v2:172.21.15.149:6800/4103262544,v1:172.21.15.149:6801/4103262544] conn(0x7f316002fd50 msgr2=0x7f3160032210 unknown :-1 s=STATE_CONNECTING_RE l=1).process reconnect failed to v2:172.21.15.149:6800/4103262544
2023-11-08T02:36:48.569 INFO:teuthology.orchestra.run.smithi149.stderr:/usr/bin/ceph:
2023-11-08T02:36:48.568+0000 7f3179d9b700 1 --2- 172.21.15.149:0/3361006139 >> [v2:172.21.15.149:6800/4103262544,v1:172.21.15.149:6801/4103262544] conn(0x7f316002fd50 0x7f3160032210 unknown :-1 s=START_CONNECT pgs=0 cs=0 l=1 rev1=0 rx=0 tx=0)._fault waiting 1.600000
2023-11-08T02:36:50.170 INFO:teuthology.orchestra.run.smithi149.stderr:/usr/bin/ceph:
2023-11-08T02:36:50.169+0000 7f3179d9b700 1 -- 172.21.15.149:0/3361006139 >> [v2:172.21.15.149:6800/4103262544,v1:172.21.15.149:6801/4103262544] conn(0x7f316002fd50 msgr2=0x7f3160032210 unknown :-1 s=STATE_CONNECTING_RE l=1).process reconnect failed to v2:172.21.15.149:6800/4103262544
2023-11-08T02:36:50.170 INFO:teuthology.orchestra.run.smithi149.stderr:/usr/bin/ceph:
2023-11-08T02:36:50.169+0000 7f3179d9b700 1 --2- 172.21.15.149:0/3361006139 >> [v2:172.21.15.149:6800/4103262544,v1:172.21.15.149:6801/4103262544] conn(0x7f316002fd50 0x7f3160032210 unknown :-1 s=START_CONNECT pgs=0 cs=0 l=1 rev1=0 rx=0 tx=0)._fault waiting 3.200000
2023-11-08T02:36:50.469 INFO:teuthology.orchestra.run.smithi149.stderr:/usr/bin/ceph:
2023-11-08T02:36:50.468+0000 7f316affd700 1 -- 172.21.15.149:0/3361006139 <== mon.0 v2:172.21.15.149:3300/0 6 ==== mgrmap(e 5) v1 ==== 35970+0+0 (secure 0 0 0) 0x7f316c00f070 con 0x7f317c0fa8f0
2023-11-08T02:36:50.469 INFO:teuthology.orchestra.run.smithi149.stderr:/usr/bin/ceph:
2023-11-08T02:36:50.468+0000 7f316affd700 1 -- 172.21.15.149:0/3361006139 >> [v2:172.21.15.149:6800/4103262544,v1:172.21.15.149:6801/4103262544] conn(0x7f316002fd50 msgr2=0x7f3160032210 unknown :-1 s=STATE_CONNECTING l=1).mark_down
2023-11-08T02:36:50.470 INFO:teuthology.orchestra.run.smithi149.stderr:/usr/bin/ceph:
2023-11-08T02:36:50.468+0000 7f316affd700 1 --2- 172.21.15.149:0/3361006139 >> [v2:172.21.15.149:6800/4103262544,v1:172.21.15.149:6801/4103262544] conn(0x7f316002fd50 0x7f3160032210 unknown :-1 s=START_CONNECT pgs=0 cs=0 l=1 rev1=0 rx=0 tx=0).stop
2023-11-08T02:36:50.938 INFO:journalctl@ceph.mon.smithi149.smithi149.stdout:Nov 08 02:36:50 smithi149 ceph-8b96cb2e-7ddf-11ee-8dbb-212e2dc638e7-mon.smithi149[141333]: cluster
2023-11-08T02:36:50.418073+0000 mon.smithi149 (mon.0) 28 : cluster [INF] Active manager daemon smithi149.arbavr restarted
2023-11-08T02:36:50.938 INFO:journalctl@ceph.mon.smithi149.smithi149.stdout:Nov 08 02:36:50 smithi149 ceph-8b96cb2e-7ddf-11ee-8dbb-212e2dc638e7-mon.smithi149[141333]: cluster
2023-11-08T02:36:50.418475+0000 mon.smithi149 (mon.0) 29 : cluster [INF] Activating manager daemon smithi149.arbavr
2023-11-08T02:36:50.939 INFO:journalctl@ceph.mon.smithi149.smithi149.stdout:Nov 08 02:36:50 smithi149 ceph-8b96cb2e-7ddf-11ee-8dbb-212e2dc638e7-mon.smithi149[141333]: cluster
2023-11-08T02:36:50.420316+0000 mon.smithi149 (mon.0) 30 : cluster [DBG] osdmap e2: 0 total, 0 up, 0 in
2023-11-08T02:36:51.477 INFO:teuthology.orchestra.run.smithi149.stderr:/usr/bin/ceph:
2023-11-08T02:36:51.476+0000 7f316affd700 1 -- 172.21.15.149:0/3361006139 <== mon.0 v2:172.21.15.149:3300/0 7 ==== mgrmap(e 6) v1 ==== 36040+0+0 (secure 0 0 0) 0x7f316c0228f0 con 0x7f317c0fa8f0
2023-11-08T02:36:51.477 INFO:teuthology.orchestra.run.smithi149.stderr:/usr/bin/ceph:
2023-11-08T02:36:51.476+0000 7f316affd700 1 --2- 172.21.15.149:0/3361006139 >> [v2:172.21.15.149:6800/1489618421,v1:172.21.15.149:6801/1489618421] conn(0x7f31600336c0 0x7f3160035ab0 unknown :-1 s=NONE pgs=0 cs=0 l=1 rev1=0 rx=0 tx=0).connect
2023-11-08T02:36:51.477 INFO:teuthology.orchestra.run.smithi149.stderr:/usr/bin/ceph:
2023-11-08T02:36:51.476+0000 7f316affd700 1 -- 172.21.15.149:0/3361006139 --> [v2:172.21.15.149:6800/1489618421,v1:172.21.15.149:6801/1489618421] -- command(tid 0: {"prefix": "get_command_descriptions"}) v1 -- 0x7f317c059100 con 0x7f31600336c0
2023-11-08T02:36:51.478 INFO:teuthology.orchestra.run.smithi149.stderr:/usr/bin/ceph:
2023-11-08T02:36:51.476+0000 7f3179d9b700 1 --2- 172.21.15.149:0/3361006139 >> [v2:172.21.15.149:6800/1489618421,v1:172.21.15.149:6801/1489618421] conn(0x7f31600336c0 0x7f3160035ab0 unknown :-1 s=BANNER_CONNECTING pgs=0 cs=0 l=1 rev1=0 rx=0 tx=0)._handle_peer_banner_payload supported=1 required=0
2023-11-08T02:36:51.478 INFO:teuthology.orchestra.run.smithi149.stderr:/usr/bin/ceph:
2023-11-08T02:36:51.477+0000 7f3179d9b700 1 --2- 172.21.15.149:0/3361006139 >> [v2:172.21.15.149:6800/1489618421,v1:172.21.15.149:6801/1489618421] conn(0x7f31600336c0 0x7f3160035ab0 secure :-1 s=READY pgs=2 cs=0 l=1 rev1=1 rx=0x7f3170006fd0 tx=0x7f3170006cf0).ready entity=mgr.14114 client_cookie=0 server_cookie=0 in_seq=0 out_seq=0
2023-11-08T02:36:51.478 INFO:teuthology.orchestra.run.smithi149.stderr:/usr/bin/ceph:
2023-11-08T02:36:51.478+0000 7f316affd700 1 -- 172.21.15.149:0/3361006139 <== mgr.14114 v2:172.21.15.149:6800/1489618421 1 ==== command_reply(tid 0: 0 ) v1 ==== 8+0+6438 (secure 0 0 0) 0x7f317c059100 con 0x7f31600336c0
2023-11-08T02:36:51.485 INFO:teuthology.orchestra.run.smithi149.stderr:/usr/bin/ceph:
2023-11-08T02:36:51.484+0000 7f317b59e700 1 -- 172.21.15.149:0/3361006139 --> [v2:172.21.15.149:6800/1489618421,v1:172.21.15.149:6801/1489618421] -- command(tid 1: {"prefix": "mgr_status"}) v1 -- 0x7f317c045ad0 con 0x7f31600336c0
2023-11-08T02:36:51.485 INFO:teuthology.orchestra.run.smithi149.stderr:/usr/bin/ceph:
2023-11-08T02:36:51.484+0000 7f316affd700 1 -- 172.21.15.149:0/3361006139 <== mgr.14114 v2:172.21.15.149:6800/1489618421 2 ==== command_reply(tid 1: 0 ) v1 ==== 8+0+51 (secure 0 0 0) 0x7f317c045ad0 con 0x7f31600336c0
2023-11-08T02:36:51.485 INFO:teuthology.orchestra.run.smithi149.stderr:/usr/bin/ceph: {
2023-11-08T02:36:51.486 INFO:teuthology.orchestra.run.smithi149.stderr:/usr/bin/ceph: "mgrmap_epoch": 6,
2023-11-08T02:36:51.487 INFO:teuthology.orchestra.run.smithi149.stderr:/usr/bin/ceph: "initialized": true
2023-11-08T02:36:51.487 INFO:teuthology.orchestra.run.smithi149.stderr:/usr/bin/ceph: }
2023-11-08T02:36:51.487 INFO:teuthology.orchestra.run.smithi149.stderr:/usr/bin/ceph:
2023-11-08T02:36:51.485+0000 7f317b59e700 1 -- 172.21.15.149:0/3361006139 >> [v2:172.21.15.149:6800/1489618421,v1:172.21.15.149:6801/1489618421] conn(0x7f31600336c0 msgr2=0x7f3160035ab0 secure :-1 s=STATE_CONNECTION_ESTABLISHED l=1).mark_down
2023-11-08T02:36:51.487 INFO:teuthology.orchestra.run.smithi149.stderr:/usr/bin/ceph:
2023-11-08T02:36:51.485+0000 7f317b59e700 1 --2- 172.21.15.149:0/3361006139 >> [v2:172.21.15.149:6800/1489618421,v1:172.21.15.149:6801/1489618421] conn(0x7f31600336c0 0x7f3160035ab0 secure :-1 s=READY pgs=2 cs=0 l=1 rev1=1 rx=0x7f3170006fd0 tx=0x7f3170006cf0).stop
2023-11-08T02:36:51.488 INFO:teuthology.orchestra.run.smithi149.stderr:/usr/bin/ceph:
2023-11-08T02:36:51.485+0000 7f317b59e700 1 -- 172.21.15.149:0/3361006139 >> [v2:172.21.15.149:3300/0,v1:172.21.15.149:6789/0] conn(0x7f317c0fa8f0 msgr2=0x7f317c1096b0 secure :-1 s=STATE_CONNECTION_ESTABLISHED l=1).mark_down
2023-11-08T02:36:51.488 INFO:teuthology.orchestra.run.smithi149.stderr:/usr/bin/ceph:
2023-11-08T02:36:51.485+0000 7f317b59e700 1 --2- 172.21.15.149:0/3361006139 >> [v2:172.21.15.149:3300/0,v1:172.21.15.149:6789/0] conn(0x7f317c0fa8f0 0x7f317c1096b0 secure :-1 s=READY pgs=23 cs=0 l=1 rev1=1 rx=0x7f316c00e040 tx=0x7f316c006ee0).stop
2023-11-08T02:36:51.488 INFO:teuthology.orchestra.run.smithi149.stderr:/usr/bin/ceph:
2023-11-08T02:36:51.485+0000 7f317b59e700 1 -- 172.21.15.149:0/3361006139 shutdown_connections
2023-11-08T02:36:51.488 INFO:teuthology.orchestra.run.smithi149.stderr:/usr/bin/ceph:
2023-11-08T02:36:51.485+0000 7f317b59e700 1 --2- 172.21.15.149:0/3361006139 >> [v2:172.21.15.149:6800/1489618421,v1:172.21.15.149:6801/1489618421] conn(0x7f31600336c0 0x7f3160035ab0 unknown :-1 s=CLOSED pgs=2 cs=0 l=1 rev1=1 rx=0 tx=0).stop
2023-11-08T02:36:51.488 INFO:teuthology.orchestra.run.smithi149.stderr:/usr/bin/ceph:
2023-11-08T02:36:51.485+0000 7f317b59e700 1 --2- 172.21.15.149:0/3361006139 >> [v2:172.21.15.149:3300/0,v1:172.21.15.149:6789/0] conn(0x7f317c0fa8f0 0x7f317c1096b0 unknown :-1 s=CLOSED pgs=23 cs=0 l=1 rev1=1 rx=0 tx=0).stop
2023-11-08T02:36:51.489 INFO:teuthology.orchestra.run.smithi149.stderr:/usr/bin/ceph:
2023-11-08T02:36:51.485+0000 7f317b59e700 1 --2- 172.21.15.149:0/3361006139 >> [v2:172.21.15.149:6800/4103262544,v1:172.21.15.149:6801/4103262544] conn(0x7f316002fd50 0x7f3160032210 unknown :-1 s=CLOSED pgs=0 cs=0 l=1 rev1=0 rx=0 tx=0).stop
2023-11-08T02:36:51.489 INFO:teuthology.orchestra.run.smithi149.stderr:/usr/bin/ceph:
2023-11-08T02:36:51.485+0000 7f317b59e700 1 -- 172.21.15.149:0/3361006139 >> 172.21.15.149:0/3361006139 conn(0x7f317c0f6130 msgr2=0x7f317c0f7c50 unknown :-1 s=STATE_NONE l=0).mark_down
2023-11-08T02:36:51.489 INFO:teuthology.orchestra.run.smithi149.stderr:/usr/bin/ceph:
2023-11-08T02:36:51.485+0000 7f317b59e700 1 -- 172.21.15.149:0/3361006139 shutdown_connections
2023-11-08T02:36:51.489 INFO:teuthology.orchestra.run.smithi149.stderr:/usr/bin/ceph:
2023-11-08T02:36:51.485+0000 7f317b59e700 1 -- 172.21.15.149:0/3361006139 wait complete.
2023-11-08T02:36:51.780 INFO:journalctl@ceph.mon.smithi149.smithi149.stdout:Nov 08 02:36:51 smithi149 ceph-8b96cb2e-7ddf-11ee-8dbb-212e2dc638e7-mon.smithi149[141333]: cluster
2023-11-08T02:36:50.470701+0000 mon.smithi149 (mon.0) 31 : cluster [DBG] mgrmap e5: smithi149.arbavr(active, starting, since 0.0522982s)
2023-11-08T02:36:51.780 INFO:journalctl@ceph.mon.smithi149.smithi149.stdout:Nov 08 02:36:51 smithi149 ceph-8b96cb2e-7ddf-11ee-8dbb-212e2dc638e7-mon.smithi149[141333]: audit
2023-11-08T02:36:50.472867+0000 mon.smithi149 (mon.0) 32 : audit [DBG] from='mgr.14114 172.21.15.149:0/1826744647' entity='mgr.smithi149.arbavr' cmd=[{"prefix": "mon metadata", "id": "smithi149"}]: dispatch
2023-11-08T02:36:51.780 INFO:journalctl@ceph.mon.smithi149.smithi149.stdout:Nov 08 02:36:51 smithi149 ceph-8b96cb2e-7ddf-11ee-8dbb-212e2dc638e7-mon.smithi149[141333]: audit
2023-11-08T02:36:50.473396+0000 mon.smithi149 (mon.0) 33 : audit [DBG] from='mgr.14114 172.21.15.149:0/1826744647' entity='mgr.smithi149.arbavr' cmd=[{"prefix": "mgr metadata", "who": "smithi149.arbavr", "id": "smithi149.arbavr"}]: dispatch
2023-11-08T02:36:51.780 INFO:journalctl@ceph.mon.smithi149.smithi149.stdout:Nov 08 02:36:51 smithi149 ceph-8b96cb2e-7ddf-11ee-8dbb-212e2dc638e7-mon.smithi149[141333]: audit
2023-11-08T02:36:50.474012+0000 mon.smithi149 (mon.0) 34 : audit [DBG] from='mgr.14114 172.21.15.149:0/1826744647' entity='mgr.smithi149.arbavr' cmd=[{"prefix": "mds metadata"}]: dispatch
2023-11-08T02:36:51.781 INFO:journalctl@ceph.mon.smithi149.smithi149.stdout:Nov 08 02:36:51 smithi149 ceph-8b96cb2e-7ddf-11ee-8dbb-212e2dc638e7-mon.smithi149[141333]: audit
2023-11-08T02:36:50.474194+0000 mon.smithi149 (mon.0) 35 : audit [DBG] from='mgr.14114 172.21.15.149:0/1826744647' entity='mgr.smithi149.arbavr' cmd=[{"prefix": "osd metadata"}]: dispatch
2023-11-08T02:36:51.781 INFO:journalctl@ceph.mon.smithi149.smithi149.stdout:Nov 08 02:36:51 smithi149 ceph-8b96cb2e-7ddf-11ee-8dbb-212e2dc638e7-mon.smithi149[141333]: audit
2023-11-08T02:36:50.474368+0000 mon.smithi149 (mon.0) 36 : audit [DBG] from='mgr.14114 172.21.15.149:0/1826744647' entity='mgr.smithi149.arbavr' cmd=[{"prefix": "mon metadata"}]: dispatch
