2023-11-08T02:37:00.400 INFO:teuthology.orchestra.run.smithi149.stderr:/usr/bin/ceph:
2023-11-08T02:37:00.400+0000 7fd865238700 1 -- 172.21.15.149:0/2519814577 shutdown_connections
2023-11-08T02:37:00.401 INFO:teuthology.orchestra.run.smithi149.stderr:/usr/bin/ceph:
2023-11-08T02:37:00.400+0000 7fd865238700 1 --2- 172.21.15.149:0/2519814577 >> [v2:172.21.15.149:6800/1489618421,v1:172.21.15.149:6801/1489618421] conn(0x7fd84c02fdb0 0x7fd84c032270 unknown :-1 s=CLOSED pgs=14 cs=0 l=1 rev1=1 rx=0 tx=0).stop
2023-11-08T02:37:00.401 INFO:teuthology.orchestra.run.smithi149.stderr:/usr/bin/ceph:
2023-11-08T02:37:00.400+0000 7fd865238700 1 --2- 172.21.15.149:0/2519814577 >> [v2:172.21.15.149:3300/0,v1:172.21.15.149:6789/0] conn(0x7fd8600faae0 0x7fd860108740 unknown :-1 s=CLOSED pgs=46 cs=0 l=1 rev1=1 rx=0 tx=0).stop
2023-11-08T02:37:00.401 INFO:teuthology.orchestra.run.smithi149.stderr:/usr/bin/ceph:
2023-11-08T02:37:00.400+0000 7fd865238700 1 -- 172.21.15.149:0/2519814577 >> 172.21.15.149:0/2519814577 conn(0x7fd8600f6280 msgr2=0x7fd8600ff7d0 unknown :-1 s=STATE_NONE l=0).mark_down
2023-11-08T02:37:00.401 INFO:teuthology.orchestra.run.smithi149.stderr:/usr/bin/ceph:
2023-11-08T02:37:00.400+0000 7fd865238700 1 -- 172.21.15.149:0/2519814577 shutdown_connections
2023-11-08T02:37:00.401 INFO:teuthology.orchestra.run.smithi149.stderr:/usr/bin/ceph:
2023-11-08T02:37:00.400+0000 7fd865238700 1 -- 172.21.15.149:0/2519814577 wait complete.
2023-11-08T02:37:00.688 INFO:journalctl@ceph.mon.smithi149.smithi149.stdout:Nov 08 02:37:00 smithi149 ceph-8b96cb2e-7ddf-11ee-8dbb-212e2dc638e7-mon.smithi149[141333]: audit
2023-11-08T02:36:58.474978+0000 mgr.smithi149.arbavr (mgr.14114) 12 : audit [DBG] from='client.14136 -' entity='client.admin' cmd=[{"prefix": "orch apply", "service_type": "mgr", "target": ["mon-mgr", ""]}]: dispatch
2023-11-08T02:37:00.688 INFO:journalctl@ceph.mon.smithi149.smithi149.stdout:Nov 08 02:37:00 smithi149 ceph-8b96cb2e-7ddf-11ee-8dbb-212e2dc638e7-mon.smithi149[141333]: cephadm
2023-11-08T02:36:58.475476+0000 mgr.smithi149.arbavr (mgr.14114) 13 : cephadm [INF] Saving service mgr spec with placement count:2
2023-11-08T02:37:00.689 INFO:journalctl@ceph.mon.smithi149.smithi149.stdout:Nov 08 02:37:00 smithi149 ceph-8b96cb2e-7ddf-11ee-8dbb-212e2dc638e7-mon.smithi149[141333]: audit
2023-11-08T02:36:59.390875+0000 mgr.smithi149.arbavr (mgr.14114) 14 : audit [DBG] from='client.14138 -' entity='client.admin' cmd=[{"prefix": "orch apply", "service_type": "crash", "target": ["mon-mgr", ""]}]: dispatch
2023-11-08T02:37:00.689 INFO:journalctl@ceph.mon.smithi149.smithi149.stdout:Nov 08 02:37:00 smithi149 ceph-8b96cb2e-7ddf-11ee-8dbb-212e2dc638e7-mon.smithi149[141333]: cephadm
2023-11-08T02:36:59.391465+0000 mgr.smithi149.arbavr (mgr.14114) 15 : cephadm [INF] Saving service crash spec with placement *
2023-11-08T02:37:00.689 INFO:journalctl@ceph.mon.smithi149.smithi149.stdout:Nov 08 02:37:00 smithi149 ceph-8b96cb2e-7ddf-11ee-8dbb-212e2dc638e7-mon.smithi149[141333]: audit
2023-11-08T02:36:59.393291+0000 mon.smithi149 (mon.0) 57 : audit [INF] from='mgr.14114 172.21.15.149:0/1826744647' entity='mgr.smithi149.arbavr'
2023-11-08T02:37:00.689 INFO:journalctl@ceph.mon.smithi149.smithi149.stdout:Nov 08 02:37:00 smithi149 ceph-8b96cb2e-7ddf-11ee-8dbb-212e2dc638e7-mon.smithi149[141333]: audit
2023-11-08T02:37:00.324998+0000 mon.smithi149 (mon.0) 58 : audit [INF] from='client.? 172.21.15.149:0/2519814577' entity='client.admin' cmd=[{"prefix": "mgr module enable", "module": "prometheus"}]: dispatch
2023-11-08T02:37:00.992 INFO:teuthology.orchestra.run.smithi149.stderr:Deploying prometheus service with default placement...
2023-11-08T02:37:00.993 INFO:teuthology.orchestra.run.smithi149.stderr:Running command: /bin/podman run --rm --ipc=host --no-hosts --net=host --entrypoint /usr/bin/ceph --init -e CONTAINER_IMAGE=docker.io/ceph/ceph:v16.2.4 -e NODE_NAME=smithi149 -e CEPH_USE_RANDOM_NONCE=1 -v /var/log/ceph/8b96cb2e-7ddf-11ee-8dbb-212e2dc638e7:/var/log/ceph:z -v /tmp/ceph-tmpgubeogf_:/etc/ceph/ceph.client.admin.keyring:z -v /tmp/ceph-tmpwmkg2c2b:/etc/ceph/ceph.conf:z docker.io/ceph/ceph:v16.2.4 orch apply prometheus
2023-11-08T02:37:01.400 INFO:teuthology.orchestra.run.smithi149.stderr:/usr/bin/ceph:
2023-11-08T02:37:01.400+0000 7f493aee1700 1 Processor -- start
2023-11-08T02:37:01.400 INFO:teuthology.orchestra.run.smithi149.stderr:/usr/bin/ceph:
2023-11-08T02:37:01.400+0000 7f493aee1700 1 -- start start
2023-11-08T02:37:01.402 INFO:teuthology.orchestra.run.smithi149.stderr:/usr/bin/ceph:
2023-11-08T02:37:01.400+0000 7f493aee1700 1 --2- >> [v2:172.21.15.149:3300/0,v1:172.21.15.149:6789/0] conn(0x7f493406fc50 0x7f4934100c20 unknown :-1 s=NONE pgs=0 cs=0 l=0 rev1=0 rx=0 tx=0).connect
2023-11-08T02:37:01.403 INFO:teuthology.orchestra.run.smithi149.stderr:/usr/bin/ceph:
2023-11-08T02:37:01.400+0000 7f493aee1700 1 -- --> [v2:172.21.15.149:3300/0,v1:172.21.15.149:6789/0] -- mon_getmap magic: 0 v1 -- 0x7f49340fc6a0 con 0x7f493406fc50
2023-11-08T02:37:01.403 INFO:teuthology.orchestra.run.smithi149.stderr:/usr/bin/ceph:
2023-11-08T02:37:01.401+0000 7f4938c7d700 1 --2- >> [v2:172.21.15.149:3300/0,v1:172.21.15.149:6789/0] conn(0x7f493406fc50 0x7f4934100c20 unknown :-1 s=BANNER_CONNECTING pgs=0 cs=0 l=0 rev1=0 rx=0 tx=0)._handle_peer_banner_payload supported=1 required=0
2023-11-08T02:37:01.403 INFO:teuthology.orchestra.run.smithi149.stderr:/usr/bin/ceph:
2023-11-08T02:37:01.401+0000 7f4938c7d700 1 --2- >> [v2:172.21.15.149:3300/0,v1:172.21.15.149:6789/0] conn(0x7f493406fc50 0x7f4934100c20 unknown :-1 s=HELLO_CONNECTING pgs=0 cs=0 l=0 rev1=1 rx=0 tx=0).handle_hello peer v2:172.21.15.149:3300/0 says I am v2:172.21.15.149:60256/0 (socket says 172.21.15.149:60256)
2023-11-08T02:37:01.403 INFO:teuthology.orchestra.run.smithi149.stderr:/usr/bin/ceph:
2023-11-08T02:37:01.401+0000 7f4938c7d700 1 -- 172.21.15.149:0/229301080 learned_addr learned my addr 172.21.15.149:0/229301080 (peer_addr_for_me v2:172.21.15.149:0/0)
2023-11-08T02:37:01.404 INFO:teuthology.orchestra.run.smithi149.stderr:/usr/bin/ceph:
2023-11-08T02:37:01.401+0000 7f4938c7d700 1 -- 172.21.15.149:0/229301080 --> [v2:172.21.15.149:3300/0,v1:172.21.15.149:6789/0] -- mon_subscribe({config=0+,monmap=0+}) v3 -- 0x7f4934101110 con 0x7f493406fc50
2023-11-08T02:37:01.404 INFO:teuthology.orchestra.run.smithi149.stderr:/usr/bin/ceph:
2023-11-08T02:37:01.401+0000 7f4938c7d700 1 --2- 172.21.15.149:0/229301080 >> [v2:172.21.15.149:3300/0,v1:172.21.15.149:6789/0] conn(0x7f493406fc50 0x7f4934100c20 secure :-1 s=READY pgs=49 cs=0 l=1 rev1=1 rx=0x7f492800b5f0 tx=0x7f4928006ee0).ready entity=mon.0 client_cookie=29598aa6c5d5f557 server_cookie=0 in_seq=0 out_seq=0
2023-11-08T02:37:01.404 INFO:teuthology.orchestra.run.smithi149.stderr:/usr/bin/ceph:
2023-11-08T02:37:01.401+0000 7f49337fe700 1 -- 172.21.15.149:0/229301080 <== mon.0 v2:172.21.15.149:3300/0 1 ==== mon_map magic: 0 v1 ==== 229+0+0 (secure 0 0 0) 0x7f492800d600 con 0x7f493406fc50
2023-11-08T02:37:01.404 INFO:teuthology.orchestra.run.smithi149.stderr:/usr/bin/ceph:
2023-11-08T02:37:01.401+0000 7f49337fe700 1 -- 172.21.15.149:0/229301080 <== mon.0 v2:172.21.15.149:3300/0 2 ==== config(25 keys) v1 ==== 1010+0+0 (secure 0 0 0) 0x7f492800dbd0 con 0x7f493406fc50
2023-11-08T02:37:01.404 INFO:teuthology.orchestra.run.smithi149.stderr:/usr/bin/ceph:
2023-11-08T02:37:01.401+0000 7f49337fe700 1 -- 172.21.15.149:0/229301080 <== mon.0 v2:172.21.15.149:3300/0 3 ==== mon_map magic: 0 v1 ==== 229+0+0 (secure 0 0 0) 0x7f4928011c00 con 0x7f493406fc50
2023-11-08T02:37:01.404 INFO:teuthology.orchestra.run.smithi149.stderr:/usr/bin/ceph:
2023-11-08T02:37:01.402+0000 7f493aee1700 1 -- 172.21.15.149:0/229301080 >> [v2:172.21.15.149:3300/0,v1:172.21.15.149:6789/0] conn(0x7f493406fc50 msgr2=0x7f4934100c20 secure :-1 s=STATE_CONNECTION_ESTABLISHED l=1).mark_down
2023-11-08T02:37:01.405 INFO:teuthology.orchestra.run.smithi149.stderr:/usr/bin/ceph:
2023-11-08T02:37:01.402+0000 7f493aee1700 1 --2- 172.21.15.149:0/229301080 >> [v2:172.21.15.149:3300/0,v1:172.21.15.149:6789/0] conn(0x7f493406fc50 0x7f4934100c20 secure :-1 s=READY pgs=49 cs=0 l=1 rev1=1 rx=0x7f492800b5f0 tx=0x7f4928006ee0).stop
2023-11-08T02:37:01.405 INFO:teuthology.orchestra.run.smithi149.stderr:/usr/bin/ceph:
2023-11-08T02:37:01.402+0000 7f493aee1700 1 -- 172.21.15.149:0/229301080 shutdown_connections
2023-11-08T02:37:01.405 INFO:teuthology.orchestra.run.smithi149.stderr:/usr/bin/ceph:
2023-11-08T02:37:01.402+0000 7f493aee1700 1 --2- 172.21.15.149:0/229301080 >> [v2:172.21.15.149:3300/0,v1:172.21.15.149:6789/0] conn(0x7f493406fc50 0x7f4934100c20 unknown :-1 s=CLOSED pgs=49 cs=0 l=1 rev1=1 rx=0 tx=0).stop
2023-11-08T02:37:01.405 INFO:teuthology.orchestra.run.smithi149.stderr:/usr/bin/ceph:
2023-11-08T02:37:01.402+0000 7f493aee1700 1 -- 172.21.15.149:0/229301080 >> 172.21.15.149:0/229301080 conn(0x7f49340f6280 msgr2=0x7f49340f86a0 unknown :-1 s=STATE_NONE l=0).mark_down
2023-11-08T02:37:01.405 INFO:teuthology.orchestra.run.smithi149.stderr:/usr/bin/ceph:
2023-11-08T02:37:01.402+0000 7f493aee1700 1 -- 172.21.15.149:0/229301080 shutdown_connections
2023-11-08T02:37:01.406 INFO:teuthology.orchestra.run.smithi149.stderr:/usr/bin/ceph:
2023-11-08T02:37:01.402+0000 7f493aee1700 1 -- 172.21.15.149:0/229301080 wait complete.
2023-11-08T02:37:01.406 INFO:teuthology.orchestra.run.smithi149.stderr:/usr/bin/ceph:
2023-11-08T02:37:01.402+0000 7f493aee1700 1 Processor -- start
2023-11-08T02:37:01.406 INFO:teuthology.orchestra.run.smithi149.stderr:/usr/bin/ceph:
2023-11-08T02:37:01.403+0000 7f493aee1700 1 -- start start
2023-11-08T02:37:01.406 INFO:teuthology.orchestra.run.smithi149.stderr:/usr/bin/ceph:
2023-11-08T02:37:01.403+0000 7f493aee1700 1 --2- >> [v2:172.21.15.149:3300/0,v1:172.21.15.149:6789/0] conn(0x7f493406fc50 0x7f493410ccc0 unknown :-1 s=NONE pgs=0 cs=0 l=1 rev1=0 rx=0 tx=0).connect
2023-11-08T02:37:01.406 INFO:teuthology.orchestra.run.smithi149.stderr:/usr/bin/ceph:
2023-11-08T02:37:01.403+0000 7f493aee1700 1 -- --> [v2:172.21.15.149:3300/0,v1:172.21.15.149:6789/0] -- mon_getmap magic: 0 v1 -- 0x7f493410d1b0 con 0x7f493406fc50
2023-11-08T02:37:01.407 INFO:teuthology.orchestra.run.smithi149.stderr:/usr/bin/ceph:
2023-11-08T02:37:01.403+0000 7f4938c7d700 1 --2- >> [v2:172.21.15.149:3300/0,v1:172.21.15.149:6789/0] conn(0x7f493406fc50 0x7f493410ccc0 unknown :-1 s=BANNER_CONNECTING pgs=0 cs=0 l=1 rev1=0 rx=0 tx=0)._handle_peer_banner_payload supported=1 required=0
2023-11-08T02:37:01.407 INFO:teuthology.orchestra.run.smithi149.stderr:/usr/bin/ceph:
2023-11-08T02:37:01.403+0000 7f4938c7d700 1 --2- >> [v2:172.21.15.149:3300/0,v1:172.21.15.149:6789/0] conn(0x7f493406fc50 0x7f493410ccc0 unknown :-1 s=HELLO_CONNECTING pgs=0 cs=0 l=1 rev1=1 rx=0 tx=0).handle_hello peer v2:172.21.15.149:3300/0 says I am v2:172.21.15.149:60258/0 (socket says 172.21.15.149:60258)
2023-11-08T02:37:01.407 INFO:teuthology.orchestra.run.smithi149.stderr:/usr/bin/ceph:
2023-11-08T02:37:01.403+0000 7f4938c7d700 1 -- 172.21.15.149:0/1835227894 learned_addr learned my addr 172.21.15.149:0/1835227894 (peer_addr_for_me v2:172.21.15.149:0/0)
2023-11-08T02:37:01.407 INFO:teuthology.orchestra.run.smithi149.stderr:/usr/bin/ceph:
2023-11-08T02:37:01.403+0000 7f4938c7d700 1 -- 172.21.15.149:0/1835227894 --> [v2:172.21.15.149:3300/0,v1:172.21.15.149:6789/0] -- mon_subscribe({config=0+,monmap=0+}) v3 -- 0x7f492800b200 con 0x7f493406fc50
2023-11-08T02:37:01.408 INFO:teuthology.orchestra.run.smithi149.stderr:/usr/bin/ceph:
2023-11-08T02:37:01.403+0000 7f4938c7d700 1 --2- 172.21.15.149:0/1835227894 >> [v2:172.21.15.149:3300/0,v1:172.21.15.149:6789/0] conn(0x7f493406fc50 0x7f493410ccc0 secure :-1 s=READY pgs=50 cs=0 l=1 rev1=1 rx=0x7f4928006c70 tx=0x7f4928006ee0).ready entity=mon.0 client_cookie=0 server_cookie=0 in_seq=0 out_seq=0
2023-11-08T02:37:01.408 INFO:teuthology.orchestra.run.smithi149.stderr:/usr/bin/ceph:
2023-11-08T02:37:01.404+0000 7f49317fa700 1 -- 172.21.15.149:0/1835227894 <== mon.0 v2:172.21.15.149:3300/0 1 ==== mon_map magic: 0 v1 ==== 229+0+0 (secure 0 0 0) 0x7f4928011690 con 0x7f493406fc50
2023-11-08T02:37:01.408 INFO:teuthology.orchestra.run.smithi149.stderr:/usr/bin/ceph:
2023-11-08T02:37:01.404+0000 7f49317fa700 1 -- 172.21.15.149:0/1835227894 <== mon.0 v2:172.21.15.149:3300/0 2 ==== config(25 keys) v1 ==== 1010+0+0 (secure 0 0 0) 0x7f492801b880 con 0x7f493406fc50
2023-11-08T02:37:01.408 INFO:teuthology.orchestra.run.smithi149.stderr:/usr/bin/ceph:
2023-11-08T02:37:01.404+0000 7f493aee1700 1 -- 172.21.15.149:0/1835227894 --> [v2:172.21.15.149:3300/0,v1:172.21.15.149:6789/0] -- mon_subscribe({mgrmap=0+}) v3 -- 0x7f493410d3b0 con 0x7f493406fc50
2023-11-08T02:37:01.408 INFO:teuthology.orchestra.run.smithi149.stderr:/usr/bin/ceph:
2023-11-08T02:37:01.404+0000 7f49317fa700 1 -- 172.21.15.149:0/1835227894 <== mon.0 v2:172.21.15.149:3300/0 3 ==== mon_map magic: 0 v1 ==== 229+0+0 (secure 0 0 0) 0x7f492801a650 con 0x7f493406fc50
2023-11-08T02:37:01.409 INFO:teuthology.orchestra.run.smithi149.stderr:/usr/bin/ceph:
2023-11-08T02:37:01.404+0000 7f493aee1700 1 -- 172.21.15.149:0/1835227894 --> [v2:172.21.15.149:3300/0,v1:172.21.15.149:6789/0] -- mon_subscribe({osdmap=0}) v3 -- 0x7f493410d7c0 con 0x7f493406fc50
2023-11-08T02:37:01.409 INFO:teuthology.orchestra.run.smithi149.stderr:/usr/bin/ceph:
2023-11-08T02:37:01.405+0000 7f49317fa700 1 -- 172.21.15.149:0/1835227894 <== mon.0 v2:172.21.15.149:3300/0 4 ==== mgrmap(e 8) v1 ==== 36134+0+0 (secure 0 0 0) 0x7f492800f070 con 0x7f493406fc50
2023-11-08T02:37:01.409 INFO:teuthology.orchestra.run.smithi149.stderr:/usr/bin/ceph:
2023-11-08T02:37:01.405+0000 7f49317fa700 1 --2- 172.21.15.149:0/1835227894 >> [v2:172.21.15.149:6800/1489618421,v1:172.21.15.149:6801/1489618421] conn(0x7f491802fe00 0x7f49180322c0 unknown :-1 s=NONE pgs=0 cs=0 l=1 rev1=0 rx=0 tx=0).connect
2023-11-08T02:37:01.409 INFO:teuthology.orchestra.run.smithi149.stderr:/usr/bin/ceph:
2023-11-08T02:37:01.405+0000 7f49317fa700 1 -- 172.21.15.149:0/1835227894 <== mon.0 v2:172.21.15.149:3300/0 5 ==== osd_map(2..2 src has 1..2) v4 ==== 926+0+0 (secure 0 0 0) 0x7f4928041280 con 0x7f493406fc50
2023-11-08T02:37:01.409 INFO:teuthology.orchestra.run.smithi149.stderr:/usr/bin/ceph:
2023-11-08T02:37:01.405+0000 7f4933fff700 1 -- 172.21.15.149:0/1835227894 >> [v2:172.21.15.149:6800/1489618421,v1:172.21.15.149:6801/1489618421] conn(0x7f491802fe00 msgr2=0x7f49180322c0 unknown :-1 s=STATE_CONNECTING_RE l=1).process reconnect failed to v2:172.21.15.149:6800/1489618421
2023-11-08T02:37:01.410 INFO:teuthology.orchestra.run.smithi149.stderr:/usr/bin/ceph:
2023-11-08T02:37:01.405+0000 7f493aee1700 1 -- 172.21.15.149:0/1835227894 --> [v2:172.21.15.149:3300/0,v1:172.21.15.149:6789/0] -- mon_command({"prefix": "get_command_descriptions"} v 0) v1 -- 0x7f4934045ad0 con 0x7f493406fc50
2023-11-08T02:37:01.410 INFO:teuthology.orchestra.run.smithi149.stderr:/usr/bin/ceph:
2023-11-08T02:37:01.405+0000 7f4933fff700 1 --2- 172.21.15.149:0/1835227894 >> [v2:172.21.15.149:6800/1489618421,v1:172.21.15.149:6801/1489618421] conn(0x7f491802fe00 0x7f49180322c0 unknown :-1 s=START_CONNECT pgs=0 cs=0 l=1 rev1=0 rx=0 tx=0)._fault waiting 0.200000
2023-11-08T02:37:01.410 INFO:teuthology.orchestra.run.smithi149.stderr:/usr/bin/ceph:
2023-11-08T02:37:01.409+0000 7f49317fa700 1 -- 172.21.15.149:0/1835227894 <== mon.0 v2:172.21.15.149:3300/0 6 ==== mon_command_ack([{"prefix": "get_command_descriptions"}]=0 v0) v1 ==== 72+0+152212 (secure 0 0 0) 0x7f4928016070 con 0x7f493406fc50
2023-11-08T02:37:01.592 INFO:teuthology.orchestra.run.smithi149.stderr:/usr/bin/ceph:
2023-11-08T02:37:01.592+0000 7f493aee1700 1 -- 172.21.15.149:0/1835227894 --> [v2:172.21.15.149:6800/1489618421,v1:172.21.15.149:6801/1489618421] -- mgr_command(tid 0: {"prefix": "orch apply", "service_type": "prometheus", "target": ["mon-mgr", ""]}) v1 -- 0x7f493410ecf0 con 0x7f491802fe00
2023-11-08T02:37:01.605 INFO:teuthology.orchestra.run.smithi149.stderr:/usr/bin/ceph:
2023-11-08T02:37:01.606+0000 7f4933fff700 1 -- 172.21.15.149:0/1835227894 >> [v2:172.21.15.149:6800/1489618421,v1:172.21.15.149:6801/1489618421] conn(0x7f491802fe00 msgr2=0x7f49180322c0 unknown :-1 s=STATE_CONNECTING_RE l=1).process reconnect failed to v2:172.21.15.149:6800/1489618421
2023-11-08T02:37:01.606 INFO:teuthology.orchestra.run.smithi149.stderr:/usr/bin/ceph:
2023-11-08T02:37:01.606+0000 7f4933fff700 1 --2- 172.21.15.149:0/1835227894 >> [v2:172.21.15.149:6800/1489618421,v1:172.21.15.149:6801/1489618421] conn(0x7f491802fe00 0x7f49180322c0 unknown :-1 s=START_CONNECT pgs=0 cs=0 l=1 rev1=0 rx=0 tx=0)._fault waiting 0.400000
2023-11-08T02:37:01.688 INFO:journalctl@ceph.mon.smithi149.smithi149.stdout:Nov 08 02:37:01 smithi149 ceph-8b96cb2e-7ddf-11ee-8dbb-212e2dc638e7-mon.smithi149[141333]: audit
2023-11-08T02:37:00.398105+0000 mon.smithi149 (mon.0) 59 : audit [INF] from='client.? 172.21.15.149:0/2519814577' entity='client.admin' cmd='[{"prefix": "mgr module enable", "module": "prometheus"}]': finished
2023-11-08T02:37:01.688 INFO:journalctl@ceph.mon.smithi149.smithi149.stdout:Nov 08 02:37:01 smithi149 ceph-8b96cb2e-7ddf-11ee-8dbb-212e2dc638e7-mon.smithi149[141333]: cluster
2023-11-08T02:37:00.398157+0000 mon.smithi149 (mon.0) 60 : cluster [DBG] mgrmap e8: smithi149.arbavr(active, since 9s)
2023-11-08T02:37:02.006 INFO:teuthology.orchestra.run.smithi149.stderr:/usr/bin/ceph:
2023-11-08T02:37:02.007+0000 7f4933fff700 1 -- 172.21.15.149:0/1835227894 >> [v2:172.21.15.149:6800/1489618421,v1:172.21.15.149:6801/1489618421] conn(0x7f491802fe00 msgr2=0x7f49180322c0 unknown :-1 s=STATE_CONNECTING_RE l=1).process reconnect failed to v2:172.21.15.149:6800/1489618421
2023-11-08T02:37:02.007 INFO:teuthology.orchestra.run.smithi149.stderr:/usr/bin/ceph:
2023-11-08T02:37:02.007+0000 7f4933fff700 1 --2- 172.21.15.149:0/1835227894 >> [v2:172.21.15.149:6800/1489618421,v1:172.21.15.149:6801/1489618421] conn(0x7f491802fe00 0x7f49180322c0 unknown :-1 s=START_CONNECT pgs=0 cs=0 l=1 rev1=0 rx=0 tx=0)._fault waiting 0.800000
2023-11-08T02:37:02.807 INFO:teuthology.orchestra.run.smithi149.stderr:/usr/bin/ceph:
2023-11-08T02:37:02.808+0000 7f4933fff700 1 -- 172.21.15.149:0/1835227894 >> [v2:172.21.15.149:6800/1489618421,v1:172.21.15.149:6801/1489618421] conn(0x7f491802fe00 msgr2=0x7f49180322c0 unknown :-1 s=STATE_CONNECTING_RE l=1).process reconnect failed to v2:172.21.15.149:6800/1489618421
2023-11-08T02:37:02.808 INFO:teuthology.orchestra.run.smithi149.stderr:/usr/bin/ceph:
2023-11-08T02:37:02.808+0000 7f4933fff700 1 --2- 172.21.15.149:0/1835227894 >> [v2:172.21.15.149:6800/1489618421,v1:172.21.15.149:6801/1489618421] conn(0x7f491802fe00 0x7f49180322c0 unknown :-1 s=START_CONNECT pgs=0 cs=0 l=1 rev1=0 rx=0 tx=0)._fault waiting 1.600000
2023-11-08T02:37:04.409 INFO:teuthology.orchestra.run.smithi149.stderr:/usr/bin/ceph:
2023-11-08T02:37:04.409+0000 7f4933fff700 1 -- 172.21.15.149:0/1835227894 >> [v2:172.21.15.149:6800/1489618421,v1:172.21.15.149:6801/1489618421] conn(0x7f491802fe00 msgr2=0x7f49180322c0 unknown :-1 s=STATE_CONNECTING_RE l=1).process reconnect failed to v2:172.21.15.149:6800/1489618421
2023-11-08T02:37:04.409 INFO:teuthology.orchestra.run.smithi149.stderr:/usr/bin/ceph:
2023-11-08T02:37:04.409+0000 7f4933fff700 1 --2- 172.21.15.149:0/1835227894 >> [v2:172.21.15.149:6800/1489618421,v1:172.21.15.149:6801/1489618421] conn(0x7f491802fe00 0x7f49180322c0 unknown :-1 s=START_CONNECT pgs=0 cs=0 l=1 rev1=0 rx=0 tx=0)._fault waiting 3.200000
2023-11-08T02:37:05.460 INFO:teuthology.orchestra.run.smithi149.stderr:/usr/bin/ceph:
2023-11-08T02:37:05.460+0000 7f49317fa700 1 -- 172.21.15.149:0/1835227894 <== mon.0 v2:172.21.15.149:3300/0 7 ==== mgrmap(e 9) v1 ==== 35984+0+0 (secure 0 0 0) 0x7f492801b9f0 con 0x7f493406fc50
2023-11-08T02:37:05.460 INFO:teuthology.orchestra.run.smithi149.stderr:/usr/bin/ceph:
2023-11-08T02:37:05.460+0000 7f49317fa700 1 -- 172.21.15.149:0/1835227894 >> [v2:172.21.15.149:6800/1489618421,v1:172.21.15.149:6801/1489618421] conn(0x7f491802fe00 msgr2=0x7f49180322c0 unknown :-1 s=STATE_CONNECTING l=1).mark_down
2023-11-08T02:37:05.460 INFO:teuthology.orchestra.run.smithi149.stderr:/usr/bin/ceph:
2023-11-08T02:37:05.460+0000 7f49317fa700 1 --2- 172.21.15.149:0/1835227894 >> [v2:172.21.15.149:6800/1489618421,v1:172.21.15.149:6801/1489618421] conn(0x7f491802fe00 0x7f49180322c0 unknown :-1 s=START_CONNECT pgs=0 cs=0 l=1 rev1=0 rx=0 tx=0).stop
2023-11-08T02:37:06.462 INFO:teuthology.orchestra.run.smithi149.stderr:/usr/bin/ceph:
2023-11-08T02:37:06.460+0000 7f49317fa700 1 -- 172.21.15.149:0/1835227894 <== mon.0 v2:172.21.15.149:3300/0 8 ==== mgrmap(e 10) v1 ==== 36054+0+0 (secure 0 0 0) 0x7f4928043290 con 0x7f493406fc50
2023-11-08T02:37:06.463 INFO:teuthology.orchestra.run.smithi149.stderr:/usr/bin/ceph:
2023-11-08T02:37:06.461+0000 7f49317fa700 1 --2- 172.21.15.149:0/1835227894 >> [v2:172.21.15.149:6800/2803642171,v1:172.21.15.149:6801/2803642171] conn(0x7f4918033c20 0x7f4918036010 unknown :-1 s=NONE pgs=0 cs=0 l=1 rev1=0 rx=0 tx=0).connect
2023-11-08T02:37:06.463 INFO:teuthology.orchestra.run.smithi149.stderr:/usr/bin/ceph:
2023-11-08T02:37:06.461+0000 7f49317fa700 1 -- 172.21.15.149:0/1835227894 --> [v2:172.21.15.149:6800/2803642171,v1:172.21.15.149:6801/2803642171] -- mgr_command(tid 0: {"prefix": "orch apply", "service_type": "prometheus", "target": ["mon-mgr", ""]}) v1 -- 0x7f493410ecf0 con 0x7f4918033c20
2023-11-08T02:37:06.463 INFO:teuthology.orchestra.run.smithi149.stderr:/usr/bin/ceph:
2023-11-08T02:37:06.461+0000 7f4933fff700 1 --2- 172.21.15.149:0/1835227894 >> [v2:172.21.15.149:6800/2803642171,v1:172.21.15.149:6801/2803642171] conn(0x7f4918033c20 0x7f4918036010 unknown :-1 s=BANNER_CONNECTING pgs=0 cs=0 l=1 rev1=0 rx=0 tx=0)._handle_peer_banner_payload supported=1 required=0
2023-11-08T02:37:06.463 INFO:teuthology.orchestra.run.smithi149.stderr:/usr/bin/ceph:
2023-11-08T02:37:06.461+0000 7f4933fff700 1 --2- 172.21.15.149:0/1835227894 >> [v2:172.21.15.149:6800/2803642171,v1:172.21.15.149:6801/2803642171] conn(0x7f4918033c20 0x7f4918036010 secure :-1 s=READY pgs=3 cs=0 l=1 rev1=1 rx=0x7f4920006fd0 tx=0x7f4920006d30).ready entity=mgr.14142 client_cookie=0 server_cookie=0 in_seq=0 out_seq=0
2023-11-08T02:37:06.466 INFO:teuthology.orchestra.run.smithi149.stderr:/usr/bin/ceph:
2023-11-08T02:37:06.466+0000 7f49317fa700 1 -- 172.21.15.149:0/1835227894 <== mgr.14142 v2:172.21.15.149:6800/2803642171 1 ==== mgr_command_reply(tid 0: 0 ) v1 ==== 8+0+31 (secure 0 0 0) 0x7f493410ecf0 con 0x7f4918033c20
2023-11-08T02:37:06.466 INFO:teuthology.orchestra.run.smithi149.stderr:/usr/bin/ceph: Scheduled prometheus update...
2023-11-08T02:37:06.468 INFO:teuthology.orchestra.run.smithi149.stderr:/usr/bin/ceph:
2023-11-08T02:37:06.467+0000 7f493aee1700 1 -- 172.21.15.149:0/1835227894 >> [v2:172.21.15.149:6800/2803642171,v1:172.21.15.149:6801/2803642171] conn(0x7f4918033c20 msgr2=0x7f4918036010 secure :-1 s=STATE_CONNECTION_ESTABLISHED l=1).mark_down
2023-11-08T02:37:06.468 INFO:teuthology.orchestra.run.smithi149.stderr:/usr/bin/ceph:
2023-11-08T02:37:06.467+0000 7f493aee1700 1 --2- 172.21.15.149:0/1835227894 >> [v2:172.21.15.149:6800/2803642171,v1:172.21.15.149:6801/2803642171] conn(0x7f4918033c20 0x7f4918036010 secure :-1 s=READY pgs=3 cs=0 l=1 rev1=1 rx=0x7f4920006fd0 tx=0x7f4920006d30).stop
2023-11-08T02:37:06.468 INFO:teuthology.orchestra.run.smithi149.stderr:/usr/bin/ceph:
2023-11-08T02:37:06.467+0000 7f493aee1700 1 -- 172.21.15.149:0/1835227894 >> [v2:172.21.15.149:3300/0,v1:172.21.15.149:6789/0] conn(0x7f493406fc50 msgr2=0x7f493410ccc0 secure :-1 s=STATE_CONNECTION_ESTABLISHED l=1).mark_down
2023-11-08T02:37:06.469 INFO:teuthology.orchestra.run.smithi149.stderr:/usr/bin/ceph:
2023-11-08T02:37:06.467+0000 7f493aee1700 1 --2- 172.21.15.149:0/1835227894 >> [v2:172.21.15.149:3300/0,v1:172.21.15.149:6789/0] conn(0x7f493406fc50 0x7f493410ccc0 secure :-1 s=READY pgs=50 cs=0 l=1 rev1=1 rx=0x7f4928006c70 tx=0x7f4928006ee0).stop
2023-11-08T02:37:06.469 INFO:teuthology.orchestra.run.smithi149.stderr:/usr/bin/ceph:
2023-11-08T02:37:06.468+0000 7f493aee1700 1 -- 172.21.15.149:0/1835227894 shutdown_connections
2023-11-08T02:37:06.470 INFO:teuthology.orchestra.run.smithi149.stderr:/usr/bin/ceph:
2023-11-08T02:37:06.468+0000 7f493aee1700 1 --2- 172.21.15.149:0/1835227894 >> [v2:172.21.15.149:3300/0,v1:172.21.15.149:6789/0] conn(0x7f493406fc50 0x7f493410ccc0 unknown :-1 s=CLOSED pgs=50 cs=0 l=1 rev1=1 rx=0 tx=0).stop
2023-11-08T02:37:06.470 INFO:teuthology.orchestra.run.smithi149.stderr:/usr/bin/ceph:
2023-11-08T02:37:06.468+0000 7f493aee1700 1 --2- 172.21.15.149:0/1835227894 >> [v2:172.21.15.149:6800/2803642171,v1:172.21.15.149:6801/2803642171] conn(0x7f4918033c20 0x7f4918036010 unknown :-1 s=CLOSED pgs=3 cs=0 l=1 rev1=1 rx=0 tx=0).stop
2023-11-08T02:37:06.470 INFO:teuthology.orchestra.run.smithi149.stderr:/usr/bin/ceph:
2023-11-08T02:37:06.468+0000 7f493aee1700 1 --2- 172.21.15.149:0/1835227894 >> [v2:172.21.15.149:6800/1489618421,v1:172.21.15.149:6801/1489618421] conn(0x7f491802fe00 0x7f49180322c0 unknown :-1 s=CLOSED pgs=0 cs=0 l=1 rev1=0 rx=0 tx=0).stop
2023-11-08T02:37:06.470 INFO:teuthology.orchestra.run.smithi149.stderr:/usr/bin/ceph:
2023-11-08T02:37:06.468+0000 7f493aee1700 1 -- 172.21.15.149:0/1835227894 >> 172.21.15.149:0/1835227894 conn(0x7f49340f6280 msgr2=0x7f49340f7e40 unknown :-1 s=STATE_NONE l=0).mark_down
2023-11-08T02:37:06.471 INFO:teuthology.orchestra.run.smithi149.stderr:/usr/bin/ceph:
2023-11-08T02:37:06.468+0000 7f493aee1700 1 -- 172.21.15.149:0/1835227894 shutdown_connections
2023-11-08T02:37:06.471 INFO:teuthology.orchestra.run.smithi149.stderr:/usr/bin/ceph:
2023-11-08T02:37:06.468+0000 7f493aee1700 1 -- 172.21.15.149:0/1835227894 wait complete.
2023-11-08T02:37:06.688 INFO:journalctl@ceph.mon.smithi149.smithi149.stdout:Nov 08 02:37:06 smithi149 ceph-8b96cb2e-7ddf-11ee-8dbb-212e2dc638e7-mon.smithi149[141333]: cluster
2023-11-08T02:37:05.408073+0000 mon.smithi149 (mon.0) 61 : cluster [INF] Active manager daemon smithi149.arbavr restarted
2023-11-08T02:37:06.688 INFO:journalctl@ceph.mon.smithi149.smithi149.stdout:Nov 08 02:37:06 smithi149 ceph-8b96cb2e-7ddf-11ee-8dbb-212e2dc638e7-mon.smithi149[141333]: cluster
2023-11-08T02:37:05.408491+0000 mon.smithi149 (mon.0) 62 : cluster [INF] Activating manager daemon smithi149.arbavr
2023-11-08T02:37:06.689 INFO:journalctl@ceph.mon.smithi149.smithi149.stdout:Nov 08 02:37:06 smithi149 ceph-8b96cb2e-7ddf-11ee-8dbb-212e2dc638e7-mon.smithi149[141333]: cluster
2023-11-08T02:37:05.410123+0000 mon.smithi149 (mon.0) 63 : cluster [DBG] osdmap e3: 0 total, 0 up, 0 in
2023-11-08T02:37:06.689 INFO:journalctl@ceph.mon.smithi149.smithi149.stdout:Nov 08 02:37:06 smithi149 ceph-8b96cb2e-7ddf-11ee-8dbb-212e2dc638e7-mon.smithi149[141333]: cluster
2023-11-08T02:37:05.461060+0000 mon.smithi149 (mon.0) 64 : cluster [DBG] mgrmap e9: smithi149.arbavr(active, starting, since 0.0526557s)
2023-11-08T02:37:06.689 INFO:journalctl@ceph.mon.smithi149.smithi149.stdout:Nov 08 02:37:06 smithi149 ceph-8b96cb2e-7ddf-11ee-8dbb-212e2dc638e7-mon.smithi149[141333]: audit
2023-11-08T02:37:05.462181+0000 mon.smithi149 (mon.0) 65 : audit [DBG] from='mgr.14142 172.21.15.149:0/354929158' entity='mgr.smithi149.arbavr' cmd=[{"prefix": "mon metadata", "id": "smithi149"}]: dispatch
2023-11-08T02:37:06.689 INFO:journalctl@ceph.mon.smithi149.smithi149.stdout:Nov 08 02:37:06 smithi149 ceph-8b96cb2e-7ddf-11ee-8dbb-212e2dc638e7-mon.smithi149[141333]: audit
2023-11-08T02:37:05.462800+0000 mon.smithi149 (mon.0) 66 : audit [DBG] from='mgr.14142 172.21.15.149:0/354929158' entity='mgr.smithi149.arbavr' cmd=[{"prefix": "mgr metadata", "who": "smithi149.arbavr", "id": "smithi149.arbavr"}]: dispatch
2023-11-08T02:37:06.689 INFO:journalctl@ceph.mon.smithi149.smithi149.stdout:Nov 08 02:37:06 smithi149 ceph-8b96cb2e-7ddf-11ee-8dbb-212e2dc638e7-mon.smithi149[141333]: audit
2023-11-08T02:37:05.463536+0000 mon.smithi149 (mon.0) 67 : audit [DBG] from='mgr.14142 172.21.15.149:0/354929158' entity='mgr.smithi149.arbavr' cmd=[{"prefix": "mds metadata"}]: dispatch
2023-11-08T02:37:06.690 INFO:journalctl@ceph.mon.smithi149.smithi149.stdout:Nov 08 02:37:06 smithi149 ceph-8b96cb2e-7ddf-11ee-8dbb-212e2dc638e7-mon.smithi149[141333]: audit
2023-11-08T02:37:05.463689+0000 mon.smithi149 (mon.0) 68 : audit [DBG] from='mgr.14142 172.21.15.149:0/354929158' entity='mgr.smithi149.arbavr' cmd=[{"prefix": "osd metadata"}]: dispatch
2023-11-08T02:37:06.690 INFO:journalctl@ceph.mon.smithi149.smithi149.stdout:Nov 08 02:37:06 smithi149 ceph-8b96cb2e-7ddf-11ee-8dbb-212e2dc638e7-mon.smithi149[141333]: audit
2023-11-08T02:37:05.463810+0000 mon.smithi149 (mon.0) 69 : audit [DBG] from='mgr.14142 172.21.15.149:0/354929158' entity='mgr.smithi149.arbavr' cmd=[{"prefix": "mon metadata"}]: dispatch
2023-11-08T02:37:06.690 INFO:journalctl@ceph.mon.smithi149.smithi149.stdout:Nov 08 02:37:06 smithi149 ceph-8b96cb2e-7ddf-11ee-8dbb-212e2dc638e7-mon.smithi149[141333]: cluster
2023-11-08T02:37:05.477662+0000 mon.smithi149 (mon.0) 70 : cluster [INF] Manager daemon smithi149.arbavr is now available
2023-11-08T02:37:06.690 INFO:journalctl@ceph.mon.smithi149.smithi149.stdout:Nov 08 02:37:06 smithi149 ceph-8b96cb2e-7ddf-11ee-8dbb-212e2dc638e7-mon.smithi149[141333]: audit
2023-11-08T02:37:05.574971+0000 mon.smithi149 (mon.0) 71 : audit [DBG] from='mgr.14142 172.21.15.149:0/354929158' entity='mgr.smithi149.arbavr' cmd=[{"prefix": "config dump", "format": "json"}]: dispatch
2023-11-08T02:37:06.690 INFO:journalctl@ceph.mon.smithi149.smithi149.stdout:Nov 08 02:37:06 smithi149 ceph-8b96cb2e-7ddf-11ee-8dbb-212e2dc638e7-mon.smithi149[141333]: audit
2023-11-08T02:37:05.576234+0000 mon.smithi149 (mon.0) 72 : audit [DBG] from='mgr.14142 172.21.15.149:0/354929158' entity='mgr.smithi149.arbavr' cmd=[{"prefix": "config dump", "format": "json"}]: dispatch
2023-11-08T02:37:06.691 INFO:journalctl@ceph.mon.smithi149.smithi149.stdout:Nov 08 02:37:06 smithi149 ceph-8b96cb2e-7ddf-11ee-8dbb-212e2dc638e7-mon.smithi149[141333]: audit
2023-11-08T02:37:05.592023+0000 mon.smithi149 (mon.0) 73 : audit [INF] from='mgr.14142 172.21.15.149:0/354929158' entity='mgr.smithi149.arbavr' cmd=[{"prefix":"config rm","who":"mgr","name":"mgr/rbd_support/smithi149.arbavr/mirror_snapshot_schedule"}]: dispatch
2023-11-08T02:37:06.691 INFO:journalctl@ceph.mon.smithi149.smithi149.stdout:Nov 08 02:37:06 smithi149 ceph-8b96cb2e-7ddf-11ee-8dbb-212e2dc638e7-mon.smithi149[141333]: audit
2023-11-08T02:37:05.601105+0000 mon.smithi149 (mon.0) 74 : audit [INF] from='mgr.14142 172.21.15.149:0/354929158' entity='mgr.smithi149.arbavr' cmd=[{"prefix":"config rm","who":"mgr","name":"mgr/rbd_support/smithi149.arbavr/trash_purge_schedule"}]: dispatch
2023-11-08T02:37:06.791 INFO:teuthology.orchestra.run.smithi149.stderr:Deploying grafana service with default placement...
2023-11-08T02:37:06.792 INFO:teuthology.orchestra.run.smithi149.stderr:Running command: /bin/podman run --rm --ipc=host --no-hosts --net=host --entrypoint /usr/bin/ceph --init -e CONTAINER_IMAGE=docker.io/ceph/ceph:v16.2.4 -e NODE_NAME=smithi149 -e CEPH_USE_RANDOM_NONCE=1 -v /var/log/ceph/8b96cb2e-7ddf-11ee-8dbb-212e2dc638e7:/var/log/ceph:z -v /tmp/ceph-tmpgubeogf_:/etc/ceph/ceph.client.admin.keyring:z -v /tmp/ceph-tmpwmkg2c2b:/etc/ceph/ceph.conf:z docker.io/ceph/ceph:v16.2.4 orch apply grafana
2023-11-08T02:37:07.157 INFO:teuthology.orchestra.run.smithi149.stderr:/usr/bin/ceph:
2023-11-08T02:37:07.156+0000 7fb9bb734700 1 Processor -- start
2023-11-08T02:37:07.163 INFO:teuthology.orchestra.run.smithi149.stderr:/usr/bin/ceph:
2023-11-08T02:37:07.157+0000 7fb9bb734700 1 -- start start
2023-11-08T02:37:07.164 INFO:teuthology.orchestra.run.smithi149.stderr:/usr/bin/ceph:
2023-11-08T02:37:07.157+0000 7fb9bb734700 1 --2- >> [v2:172.21.15.149:3300/0,v1:172.21.15.149:6789/0] conn(0x7fb9b406fcd0 0x7fb9b40fe7a0 unknown :-1 s=NONE pgs=0 cs=0 l=0 rev1=0 rx=0 tx=0).connect
2023-11-08T02:37:07.164 INFO:teuthology.orchestra.run.smithi149.stderr:/usr/bin/ceph:
2023-11-08T02:37:07.157+0000 7fb9bb734700 1 -- --> [v2:172.21.15.149:3300/0,v1:172.21.15.149:6789/0] -- mon_getmap magic: 0 v1 -- 0x7fb9b40fed20 con 0x7fb9b406fcd0
2023-11-08T02:37:07.164 INFO:teuthology.orchestra.run.smithi149.stderr:/usr/bin/ceph:
2023-11-08T02:37:07.157+0000 7fb9b94d0700 1 --2- >> [v2:172.21.15.149:3300/0,v1:172.21.15.149:6789/0] conn(0x7fb9b406fcd0 0x7fb9b40fe7a0 unknown :-1 s=BANNER_CONNECTING pgs=0 cs=0 l=0 rev1=0 rx=0 tx=0)._handle_peer_banner_payload supported=1 required=0
2023-11-08T02:37:07.165 INFO:teuthology.orchestra.run.smithi149.stderr:/usr/bin/ceph:
2023-11-08T02:37:07.157+0000 7fb9b94d0700 1 --2- >> [v2:172.21.15.149:3300/0,v1:172.21.15.149:6789/0] conn(0x7fb9b406fcd0 0x7fb9b40fe7a0 unknown :-1 s=HELLO_CONNECTING pgs=0 cs=0 l=0 rev1=1 rx=0 tx=0).handle_hello peer v2:172.21.15.149:3300/0 says I am v2:172.21.15.149:54250/0 (socket says 172.21.15.149:54250)
2023-11-08T02:37:07.165 INFO:teuthology.orchestra.run.smithi149.stderr:/usr/bin/ceph:
2023-11-08T02:37:07.157+0000 7fb9b94d0700 1 -- 172.21.15.149:0/3797757160 learned_addr learned my addr 172.21.15.149:0/3797757160 (peer_addr_for_me v2:172.21.15.149:0/0)
2023-11-08T02:37:07.165 INFO:teuthology.orchestra.run.smithi149.stderr:/usr/bin/ceph:
2023-11-08T02:37:07.157+0000 7fb9b94d0700 1 -- 172.21.15.149:0/3797757160 --> [v2:172.21.15.149:3300/0,v1:172.21.15.149:6789/0] -- mon_subscribe({config=0+,monmap=0+}) v3 -- 0x7fb9b40fee60 con 0x7fb9b406fcd0
2023-11-08T02:37:07.166 INFO:teuthology.orchestra.run.smithi149.stderr:/usr/bin/ceph:
2023-11-08T02:37:07.157+0000 7fb9b94d0700 1 --2- 172.21.15.149:0/3797757160 >> [v2:172.21.15.149:3300/0,v1:172.21.15.149:6789/0] conn(0x7fb9b406fcd0 0x7fb9b40fe7a0 secure :-1 s=READY pgs=56 cs=0 l=1 rev1=1 rx=0x7fb9a400b5f0 tx=0x7fb9a4006ee0).ready entity=mon.0 client_cookie=6c31838e1ca36845 server_cookie=0 in_seq=0 out_seq=0
2023-11-08T02:37:07.166 INFO:teuthology.orchestra.run.smithi149.stderr:/usr/bin/ceph:
2023-11-08T02:37:07.157+0000 7fb9a3fff700 1 -- 172.21.15.149:0/3797757160 <== mon.0 v2:172.21.15.149:3300/0 1 ==== mon_map magic: 0 v1 ==== 229+0+0 (secure 0 0 0) 0x7fb9a400d600 con 0x7fb9b406fcd0
2023-11-08T02:37:07.166 INFO:teuthology.orchestra.run.smithi149.stderr:/usr/bin/ceph:
2023-11-08T02:37:07.158+0000 7fb9a3fff700 1 -- 172.21.15.149:0/3797757160 <== mon.0 v2:172.21.15.149:3300/0 2 ==== config(25 keys) v1 ==== 1010+0+0 (secure 0 0 0) 0x7fb9a400dbd0 con 0x7fb9b406fcd0
2023-11-08T02:37:07.167 INFO:teuthology.orchestra.run.smithi149.stderr:/usr/bin/ceph:
2023-11-08T02:37:07.158+0000 7fb9a3fff700 1 -- 172.21.15.149:0/3797757160 <== mon.0 v2:172.21.15.149:3300/0 3 ==== mon_map magic: 0 v1 ==== 229+0+0 (secure 0 0 0) 0x7fb9a4011c00 con 0x7fb9b406fcd0
2023-11-08T02:37:07.167 INFO:teuthology.orchestra.run.smithi149.stderr:/usr/bin/ceph:
2023-11-08T02:37:07.158+0000 7fb9bb734700 1 -- 172.21.15.149:0/3797757160 >> [v2:172.21.15.149:3300/0,v1:172.21.15.149:6789/0] conn(0x7fb9b406fcd0 msgr2=0x7fb9b40fe7a0 secure :-1 s=STATE_CONNECTION_ESTABLISHED l=1).mark_down
2023-11-08T02:37:07.167 INFO:teuthology.orchestra.run.smithi149.stderr:/usr/bin/ceph:
2023-11-08T02:37:07.158+0000 7fb9bb734700 1 --2- 172.21.15.149:0/3797757160 >> [v2:172.21.15.149:3300/0,v1:172.21.15.149:6789/0] conn(0x7fb9b406fcd0 0x7fb9b40fe7a0 secure :-1 s=READY pgs=56 cs=0 l=1 rev1=1 rx=0x7fb9a400b5f0 tx=0x7fb9a4006ee0).stop
2023-11-08T02:37:07.167 INFO:teuthology.orchestra.run.smithi149.stderr:/usr/bin/ceph:
2023-11-08T02:37:07.158+0000 7fb9bb734700 1 -- 172.21.15.149:0/3797757160 shutdown_connections
2023-11-08T02:37:07.167 INFO:teuthology.orchestra.run.smithi149.stderr:/usr/bin/ceph:
2023-11-08T02:37:07.158+0000 7fb9bb734700 1 --2- 172.21.15.149:0/3797757160 >> [v2:172.21.15.149:3300/0,v1:172.21.15.149:6789/0] conn(0x7fb9b406fcd0 0x7fb9b40fe7a0 unknown :-1 s=CLOSED pgs=56 cs=0 l=1 rev1=1 rx=0 tx=0).stop
2023-11-08T02:37:07.168 INFO:teuthology.orchestra.run.smithi149.stderr:/usr/bin/ceph:
2023-11-08T02:37:07.158+0000 7fb9bb734700 1 -- 172.21.15.149:0/3797757160 >> 172.21.15.149:0/3797757160 conn(0x7fb9b40f6280 msgr2=0x7fb9b40f86a0 unknown :-1 s=STATE_NONE l=0).mark_down
2023-11-08T02:37:07.168 INFO:teuthology.orchestra.run.smithi149.stderr:/usr/bin/ceph:
2023-11-08T02:37:07.158+0000 7fb9bb734700 1 -- 172.21.15.149:0/3797757160 shutdown_connections
2023-11-08T02:37:07.168 INFO:teuthology.orchestra.run.smithi149.stderr:/usr/bin/ceph:
2023-11-08T02:37:07.158+0000 7fb9bb734700 1 -- 172.21.15.149:0/3797757160 wait complete.
2023-11-08T02:37:07.168 INFO:teuthology.orchestra.run.smithi149.stderr:/usr/bin/ceph:
2023-11-08T02:37:07.159+0000 7fb9bb734700 1 Processor -- start
2023-11-08T02:37:07.169 INFO:teuthology.orchestra.run.smithi149.stderr:/usr/bin/ceph:
2023-11-08T02:37:07.159+0000 7fb9bb734700 1 -- start start
2023-11-08T02:37:07.169 INFO:teuthology.orchestra.run.smithi149.stderr:/usr/bin/ceph:
2023-11-08T02:37:07.159+0000 7fb9bb734700 1 --2- >> [v2:172.21.15.149:3300/0,v1:172.21.15.149:6789/0] conn(0x7fb9b406fcd0 0x7fb9b410a9a0 unknown :-1 s=NONE pgs=0 cs=0 l=1 rev1=0 rx=0 tx=0).connect
2023-11-08T02:37:07.169 INFO:teuthology.orchestra.run.smithi149.stderr:/usr/bin/ceph:
2023-11-08T02:37:07.159+0000 7fb9bb734700 1 -- --> [v2:172.21.15.149:3300/0,v1:172.21.15.149:6789/0] -- mon_getmap magic: 0 v1 -- 0x7fb9b410ae90 con 0x7fb9b406fcd0
2023-11-08T02:37:07.169 INFO:teuthology.orchestra.run.smithi149.stderr:/usr/bin/ceph:
2023-11-08T02:37:07.159+0000 7fb9b94d0700 1 --2- >> [v2:172.21.15.149:3300/0,v1:172.21.15.149:6789/0] conn(0x7fb9b406fcd0 0x7fb9b410a9a0 unknown :-1 s=BANNER_CONNECTING pgs=0 cs=0 l=1 rev1=0 rx=0 tx=0)._handle_peer_banner_payload supported=1 required=0
2023-11-08T02:37:07.170 INFO:teuthology.orchestra.run.smithi149.stderr:/usr/bin/ceph:
2023-11-08T02:37:07.159+0000 7fb9b94d0700 1 --2- >> [v2:172.21.15.149:3300/0,v1:172.21.15.149:6789/0] conn(0x7fb9b406fcd0 0x7fb9b410a9a0 unknown :-1 s=HELLO_CONNECTING pgs=0 cs=0 l=1 rev1=1 rx=0 tx=0).handle_hello peer v2:172.21.15.149:3300/0 says I am v2:172.21.15.149:54260/0 (socket says 172.21.15.149:54260)
2023-11-08T02:37:07.170 INFO:teuthology.orchestra.run.smithi149.stderr:/usr/bin/ceph:
2023-11-08T02:37:07.159+0000 7fb9b94d0700 1 -- 172.21.15.149:0/2648874674 learned_addr learned my addr 172.21.15.149:0/2648874674 (peer_addr_for_me v2:172.21.15.149:0/0)
2023-11-08T02:37:07.170 INFO:teuthology.orchestra.run.smithi149.stderr:/usr/bin/ceph:
2023-11-08T02:37:07.159+0000 7fb9b94d0700 1 -- 172.21.15.149:0/2648874674 --> [v2:172.21.15.149:3300/0,v1:172.21.15.149:6789/0] -- mon_subscribe({config=0+,monmap=0+}) v3 -- 0x7fb9a400b200 con 0x7fb9b406fcd0
2023-11-08T02:37:07.171 INFO:teuthology.orchestra.run.smithi149.stderr:/usr/bin/ceph:
2023-11-08T02:37:07.159+0000 7fb9b94d0700 1 --2- 172.21.15.149:0/2648874674 >> [v2:172.21.15.149:3300/0,v1:172.21.15.149:6789/0] conn(0x7fb9b406fcd0 0x7fb9b410a9a0 secure :-1 s=READY pgs=57 cs=0 l=1 rev1=1 rx=0x7fb9a400e040 tx=0x7fb9a4006ee0).ready entity=mon.0 client_cookie=0 server_cookie=0 in_seq=0 out_seq=0
2023-11-08T02:37:07.171 INFO:teuthology.orchestra.run.smithi149.stderr:/usr/bin/ceph:
2023-11-08T02:37:07.159+0000 7fb9a1ffb700 1 -- 172.21.15.149:0/2648874674 <== mon.0 v2:172.21.15.149:3300/0 1 ==== mon_map magic: 0 v1 ==== 229+0+0 (secure 0 0 0) 0x7fb9a401b410 con 0x7fb9b406fcd0
2023-11-08T02:37:07.172 INFO:teuthology.orchestra.run.smithi149.stderr:/usr/bin/ceph:
2023-11-08T02:37:07.160+0000 7fb9a1ffb700 1 -- 172.21.15.149:0/2648874674 <== mon.0 v2:172.21.15.149:3300/0 2 ==== config(25 keys) v1 ==== 1010+0+0 (secure 0 0 0) 0x7fb9a401b9e0 con 0x7fb9b406fcd0
2023-11-08T02:37:07.172 INFO:teuthology.orchestra.run.smithi149.stderr:/usr/bin/ceph:
2023-11-08T02:37:07.160+0000 7fb9bb734700 1 -- 172.21.15.149:0/2648874674 --> [v2:172.21.15.149:3300/0,v1:172.21.15.149:6789/0] -- mon_subscribe({mgrmap=0+}) v3 -- 0x7fb9b410b090 con 0x7fb9b406fcd0
2023-11-08T02:37:07.172 INFO:teuthology.orchestra.run.smithi149.stderr:/usr/bin/ceph:
2023-11-08T02:37:07.160+0000 7fb9a1ffb700 1 -- 172.21.15.149:0/2648874674 <== mon.0 v2:172.21.15.149:3300/0 3 ==== mon_map magic: 0 v1 ==== 229+0+0 (secure 0 0 0) 0x7fb9a401a770 con 0x7fb9b406fcd0
2023-11-08T02:37:07.173 INFO:teuthology.orchestra.run.smithi149.stderr:/usr/bin/ceph:
2023-11-08T02:37:07.160+0000 7fb9bb734700 1 -- 172.21.15.149:0/2648874674 --> [v2:172.21.15.149:3300/0,v1:172.21.15.149:6789/0] -- mon_subscribe({osdmap=0}) v3 -- 0x7fb9b410b4a0 con 0x7fb9b406fcd0
2023-11-08T02:37:07.173 INFO:teuthology.orchestra.run.smithi149.stderr:/usr/bin/ceph:
2023-11-08T02:37:07.161+0000 7fb9a1ffb700 1 -- 172.21.15.149:0/2648874674 <== mon.0 v2:172.21.15.149:3300/0 4 ==== mgrmap(e 10) v1 ==== 36054+0+0 (secure 0 0 0) 0x7fb9a400f070 con 0x7fb9b406fcd0
2023-11-08T02:37:07.173 INFO:teuthology.orchestra.run.smithi149.stderr:/usr/bin/ceph:
2023-11-08T02:37:07.161+0000 7fb9bb734700 1 -- 172.21.15.149:0/2648874674 --> [v2:172.21.15.149:3300/0,v1:172.21.15.149:6789/0] -- mon_command({"prefix": "get_command_descriptions"} v 0) v1 -- 0x7fb9b4045ad0 con 0x7fb9b406fcd0
2023-11-08T02:37:07.174 INFO:teuthology.orchestra.run.smithi149.stderr:/usr/bin/ceph:
2023-11-08T02:37:07.161+0000 7fb9a1ffb700 1 --2- 172.21.15.149:0/2648874674 >> [v2:172.21.15.149:6800/2803642171,v1:172.21.15.149:6801/2803642171] conn(0x7fb99c02fd50 0x7fb99c032210 unknown :-1 s=NONE pgs=0 cs=0 l=1 rev1=0 rx=0 tx=0).connect
2023-11-08T02:37:07.174 INFO:teuthology.orchestra.run.smithi149.stderr:/usr/bin/ceph:
2023-11-08T02:37:07.161+0000 7fb9a1ffb700 1 -- 172.21.15.149:0/2648874674 <== mon.0 v2:172.21.15.149:3300/0 5 ==== osd_map(3..3 src has 1..3) v4 ==== 1098+0+0 (secure 0 0 0) 0x7fb9a4040f50 con 0x7fb9b406fcd0
2023-11-08T02:37:07.174 INFO:teuthology.orchestra.run.smithi149.stderr:/usr/bin/ceph:
2023-11-08T02:37:07.161+0000 7fb9b8ccf700 1 --2- 172.21.15.149:0/2648874674 >> [v2:172.21.15.149:6800/2803642171,v1:172.21.15.149:6801/2803642171] conn(0x7fb99c02fd50 0x7fb99c032210 unknown :-1 s=BANNER_CONNECTING pgs=0 cs=0 l=1 rev1=0 rx=0 tx=0)._handle_peer_banner_payload supported=1 required=0
2023-11-08T02:37:07.175 INFO:teuthology.orchestra.run.smithi149.stderr:/usr/bin/ceph:
2023-11-08T02:37:07.161+0000 7fb9b8ccf700 1 --2- 172.21.15.149:0/2648874674 >> [v2:172.21.15.149:6800/2803642171,v1:172.21.15.149:6801/2803642171] conn(0x7fb99c02fd50 0x7fb99c032210 secure :-1 s=READY pgs=6 cs=0 l=1 rev1=1 rx=0x7fb9b00096a0 tx=0x7fb9b0006b40).ready entity=mgr.14142 client_cookie=0 server_cookie=0 in_seq=0 out_seq=0
2023-11-08T02:37:07.175 INFO:teuthology.orchestra.run.smithi149.stderr:/usr/bin/ceph:
2023-11-08T02:37:07.165+0000 7fb9a1ffb700 1 -- 172.21.15.149:0/2648874674 <== mon.0 v2:172.21.15.149:3300/0 6 ==== mon_command_ack([{"prefix": "get_command_descriptions"}]=0 v0) v1 ==== 72+0+152212 (secure 0 0 0) 0x7fb9a406d2b0 con 0x7fb9b406fcd0
2023-11-08T02:37:07.339 INFO:teuthology.orchestra.run.smithi149.stderr:/usr/bin/ceph:
2023-11-08T02:37:07.338+0000 7fb9bb734700 1 -- 172.21.15.149:0/2648874674 --> [v2:172.21.15.149:6800/2803642171,v1:172.21.15.149:6801/2803642171] -- mgr_command(tid 0: {"prefix": "orch apply", "service_type": "grafana", "target": ["mon-mgr", ""]}) v1 -- 0x7fb9b410bde0 con 0x7fb99c02fd50
2023-11-08T02:37:07.343 INFO:teuthology.orchestra.run.smithi149.stderr:/usr/bin/ceph:
2023-11-08T02:37:07.342+0000 7fb9a1ffb700 1 -- 172.21.15.149:0/2648874674 <== mgr.14142 v2:172.21.15.149:6800/2803642171 1 ==== mgr_command_reply(tid 0: 0 ) v1 ==== 8+0+28 (secure 0 0 0) 0x7fb9b410bde0 con 0x7fb99c02fd50
2023-11-08T02:37:07.343 INFO:teuthology.orchestra.run.smithi149.stderr:/usr/bin/ceph: Scheduled grafana update...
2023-11-08T02:37:07.345 INFO:teuthology.orchestra.run.smithi149.stderr:/usr/bin/ceph:
2023-11-08T02:37:07.344+0000 7fb9bb734700 1 -- 172.21.15.149:0/2648874674 >> [v2:172.21.15.149:6800/2803642171,v1:172.21.15.149:6801/2803642171] conn(0x7fb99c02fd50 msgr2=0x7fb99c032210 secure :-1 s=STATE_CONNECTION_ESTABLISHED l=1).mark_down
2023-11-08T02:37:07.346 INFO:teuthology.orchestra.run.smithi149.stderr:/usr/bin/ceph:
2023-11-08T02:37:07.344+0000 7fb9bb734700 1 --2- 172.21.15.149:0/2648874674 >> [v2:172.21.15.149:6800/2803642171,v1:172.21.15.149:6801/2803642171] conn(0x7fb99c02fd50 0x7fb99c032210 secure :-1 s=READY pgs=6 cs=0 l=1 rev1=1 rx=0x7fb9b00096a0 tx=0x7fb9b0006b40).stop
2023-11-08T02:37:07.346 INFO:teuthology.orchestra.run.smithi149.stderr:/usr/bin/ceph:
2023-11-08T02:37:07.344+0000 7fb9bb734700 1 -- 172.21.15.149:0/2648874674 >> [v2:172.21.15.149:3300/0,v1:172.21.15.149:6789/0] conn(0x7fb9b406fcd0 msgr2=0x7fb9b410a9a0 secure :-1 s=STATE_CONNECTION_ESTABLISHED l=1).mark_down
2023-11-08T02:37:07.346 INFO:teuthology.orchestra.run.smithi149.stderr:/usr/bin/ceph:
2023-11-08T02:37:07.344+0000 7fb9bb734700 1 --2- 172.21.15.149:0/2648874674 >> [v2:172.21.15.149:3300/0,v1:172.21.15.149:6789/0] conn(0x7fb9b406fcd0 0x7fb9b410a9a0 secure :-1 s=READY pgs=57 cs=0 l=1 rev1=1 rx=0x7fb9a400e040 tx=0x7fb9a4006ee0).stop
2023-11-08T02:37:07.346 INFO:teuthology.orchestra.run.smithi149.stderr:/usr/bin/ceph:
2023-11-08T02:37:07.344+0000 7fb9bb734700 1 -- 172.21.15.149:0/2648874674 shutdown_connections
2023-11-08T02:37:07.348 INFO:teuthology.orchestra.run.smithi149.stderr:/usr/bin/ceph:
2023-11-08T02:37:07.344+0000 7fb9bb734700 1 --2- 172.21.15.149:0/2648874674 >> [v2:172.21.15.149:6800/2803642171,v1:172.21.15.149:6801/2803642171] conn(0x7fb99c02fd50 0x7fb99c032210 unknown :-1 s=CLOSED pgs=6 cs=0 l=1 rev1=1 rx=0 tx=0).stop
2023-11-08T02:37:07.348 INFO:teuthology.orchestra.run.smithi149.stderr:/usr/bin/ceph:
2023-11-08T02:37:07.344+0000 7fb9bb734700 1 --2- 172.21.15.149:0/2648874674 >> [v2:172.21.15.149:3300/0,v1:172.21.15.149:6789/0] conn(0x7fb9b406fcd0 0x7fb9b410a9a0 unknown :-1 s=CLOSED pgs=57 cs=0 l=1 rev1=1 rx=0 tx=0).stop
2023-11-08T02:37:07.348 INFO:teuthology.orchestra.run.smithi149.stderr:/usr/bin/ceph:
2023-11-08T02:37:07.344+0000 7fb9bb734700 1 -- 172.21.15.149:0/2648874674 >> 172.21.15.149:0/2648874674 conn(0x7fb9b40f6280 msgr2=0x7fb9b40f7e20 unknown :-1 s=STATE_NONE l=0).mark_down
2023-11-08T02:37:07.348 INFO:teuthology.orchestra.run.smithi149.stderr:/usr/bin/ceph:
2023-11-08T02:37:07.344+0000 7fb9bb734700 1 -- 172.21.15.149:0/2648874674 shutdown_connections
2023-11-08T02:37:07.348 INFO:teuthology.orchestra.run.smithi149.stderr:/usr/bin/ceph:
2023-11-08T02:37:07.344+0000 7fb9bb734700 1 -- 172.21.15.149:0/2648874674 wait complete.
2023-11-08T02:37:07.688 INFO:journalctl@ceph.mon.smithi149.smithi149.stdout:Nov 08 02:37:07 smithi149 ceph-8b96cb2e-7ddf-11ee-8dbb-212e2dc638e7-mon.smithi149[141333]: cluster
2023-11-08T02:37:06.463659+0000 mon.smithi149 (mon.0) 75 : cluster [DBG] mgrmap e10: smithi149.arbavr(active, since 1.05526s)
2023-11-08T02:37:07.689 INFO:journalctl@ceph.mon.smithi149.smithi149.stdout:Nov 08 02:37:07 smithi149 ceph-8b96cb2e-7ddf-11ee-8dbb-212e2dc638e7-mon.smithi149[141333]: cephadm
2023-11-08T02:37:06.464909+0000 mgr.smithi149.arbavr (mgr.14142) 2 : cephadm [INF] Saving service prometheus spec with placement count:1
2023-11-08T02:37:07.689 INFO:journalctl@ceph.mon.smithi149.smithi149.stdout:Nov 08 02:37:07 smithi149 ceph-8b96cb2e-7ddf-11ee-8dbb-212e2dc638e7-mon.smithi149[141333]: audit
2023-11-08T02:37:06.466863+0000 mon.smithi149 (mon.0) 76 : audit [INF] from='mgr.14142 172.21.15.149:0/354929158' entity='mgr.smithi149.arbavr'
2023-11-08T02:37:07.689 INFO:journalctl@ceph.mon.smithi149.smithi149.stdout:Nov 08 02:37:07 smithi149 ceph-8b96cb2e-7ddf-11ee-8dbb-212e2dc638e7-mon.smithi149[141333]: audit
2023-11-08T02:37:07.340423+0000 mgr.smithi149.arbavr (mgr.14142) 3 : audit [DBG] from='client.14150 -' entity='client.admin' cmd=[{"prefix": "orch apply", "service_type": "grafana", "target": ["mon-mgr", ""]}]: dispatch
2023-11-08T02:37:07.689 INFO:journalctl@ceph.mon.smithi149.smithi149.stdout:Nov 08 02:37:07 smithi149 ceph-8b96cb2e-7ddf-11ee-8dbb-212e2dc638e7-mon.smithi149[141333]: cephadm
2023-11-08T02:37:07.340910+0000 mgr.smithi149.arbavr (mgr.14142) 4 : cephadm [INF] Saving service grafana spec with placement count:1
2023-11-08T02:37:07.689 INFO:journalctl@ceph.mon.smithi149.smithi149.stdout:Nov 08 02:37:07 smithi149 ceph-8b96cb2e-7ddf-11ee-8dbb-212e2dc638e7-mon.smithi149[141333]: audit
2023-11-08T02:37:07.343098+0000 mon.smithi149 (mon.0) 77 : audit [INF] from='mgr.14142 172.21.15.149:0/354929158' entity='mgr.smithi149.arbavr'
2023-11-08T02:37:07.724 INFO:teuthology.orchestra.run.smithi149.stderr:Deploying node-exporter service with default placement...
2023-11-08T02:37:07.725 INFO:teuthology.orchestra.run.smithi149.stderr:Running command: /bin/podman run --rm --ipc=host --no-hosts --net=host --entrypoint /usr/bin/ceph --init -e CONTAINER_IMAGE=docker.io/ceph/ceph:v16.2.4 -e NODE_NAME=smithi149 -e CEPH_USE_RANDOM_NONCE=1 -v /var/log/ceph/8b96cb2e-7ddf-11ee-8dbb-212e2dc638e7:/var/log/ceph:z -v /tmp/ceph-tmpgubeogf_:/etc/ceph/ceph.client.admin.keyring:z -v /tmp/ceph-tmpwmkg2c2b:/etc/ceph/ceph.conf:z docker.io/ceph/ceph:v16.2.4 orch apply node-exporter
2023-11-08T02:37:08.087 INFO:teuthology.orchestra.run.smithi149.stderr:/usr/bin/ceph:
2023-11-08T02:37:08.084+0000 7f2101a6e700 1 Processor -- start
2023-11-08T02:37:08.087 INFO:teuthology.orchestra.run.smithi149.stderr:/usr/bin/ceph:
2023-11-08T02:37:08.084+0000 7f2101a6e700 1 -- start start
2023-11-08T02:37:08.088 INFO:teuthology.orchestra.run.smithi149.stderr:/usr/bin/ceph:
2023-11-08T02:37:08.084+0000 7f2101a6e700 1 --2- >> [v2:172.21.15.149:3300/0,v1:172.21.15.149:6789/0] conn(0x7f20fc0faae0 0x7f20fc0faf00 unknown :-1 s=NONE pgs=0 cs=0 l=0 rev1=0 rx=0 tx=0).connect
2023-11-08T02:37:08.088 INFO:teuthology.orchestra.run.smithi149.stderr:/usr/bin/ceph:
2023-11-08T02:37:08.084+0000 7f2101a6e700 1 -- --> [v2:172.21.15.149:3300/0,v1:172.21.15.149:6789/0] -- mon_getmap magic: 0 v1 -- 0x7f20fc0fb480 con 0x7f20fc0faae0
2023-11-08T02:37:08.088 INFO:teuthology.orchestra.run.smithi149.stderr:/usr/bin/ceph:
