2023-11-15T01:49:23.503+0000 7fa900866700 1 --2- 172.21.15.55:0/3535011269 >> [v2:172.21.15.55:6800/1950005071,v1:172.21.15.55:6801/1950005071] conn(0x7fa8e802fdb0 0x7fa8e8032270 unknown :-1 s=CLOSED pgs=13 cs=0 l=1 rev1=1 rx=0 tx=0).stop
2023-11-15T01:49:23.506 INFO:teuthology.orchestra.run.smithi055.stderr:/usr/bin/ceph:
2023-11-15T01:49:23.503+0000 7fa900866700 1 --2- 172.21.15.55:0/3535011269 >> [v2:172.21.15.55:3300/0,v1:172.21.15.55:6789/0] conn(0x7fa8fc0703f0 0x7fa8fc0fc1f0 unknown :-1 s=CLOSED pgs=46 cs=0 l=1 rev1=1 rx=0 tx=0).stop
2023-11-15T01:49:23.506 INFO:teuthology.orchestra.run.smithi055.stderr:/usr/bin/ceph:
2023-11-15T01:49:23.503+0000 7fa900866700 1 -- 172.21.15.55:0/3535011269 >> 172.21.15.55:0/3535011269 conn(0x7fa8fc0f6210 msgr2=0x7fa8fc0f7cd0 unknown :-1 s=STATE_NONE l=0).mark_down
2023-11-15T01:49:23.506 INFO:teuthology.orchestra.run.smithi055.stderr:/usr/bin/ceph:
2023-11-15T01:49:23.503+0000 7fa900866700 1 -- 172.21.15.55:0/3535011269 shutdown_connections
2023-11-15T01:49:23.506 INFO:teuthology.orchestra.run.smithi055.stderr:/usr/bin/ceph:
2023-11-15T01:49:23.503+0000 7fa900866700 1 -- 172.21.15.55:0/3535011269 wait complete.
2023-11-15T01:49:23.780 INFO:journalctl@ceph.mon.smithi055.smithi055.stdout:Nov 15 01:49:23 smithi055 ceph-0cb4fc0c-8359-11ee-8dbe-212e2dc638e7-mon.smithi055[141575]: audit
2023-11-15T01:49:21.591711+0000 mgr.smithi055.szwngw (mgr.14116) 10 : audit [DBG] from='client.14136 -' entity='client.admin' cmd=[{"prefix": "orch apply", "service_type": "mon", "target": ["mon-mgr", ""]}]: dispatch
2023-11-15T01:49:23.781 INFO:journalctl@ceph.mon.smithi055.smithi055.stdout:Nov 15 01:49:23 smithi055 ceph-0cb4fc0c-8359-11ee-8dbe-212e2dc638e7-mon.smithi055[141575]: cephadm
2023-11-15T01:49:21.592542+0000 mgr.smithi055.szwngw (mgr.14116) 11 : cephadm [INF] Saving service mon spec with placement count:5
2023-11-15T01:49:23.781 INFO:journalctl@ceph.mon.smithi055.smithi055.stdout:Nov 15 01:49:23 smithi055 ceph-0cb4fc0c-8359-11ee-8dbe-212e2dc638e7-mon.smithi055[141575]: audit
2023-11-15T01:49:22.527226+0000 mgr.smithi055.szwngw (mgr.14116) 12 : audit [DBG] from='client.14138 -' entity='client.admin' cmd=[{"prefix": "orch apply", "service_type": "mgr", "target": ["mon-mgr", ""]}]: dispatch
2023-11-15T01:49:23.781 INFO:journalctl@ceph.mon.smithi055.smithi055.stdout:Nov 15 01:49:23 smithi055 ceph-0cb4fc0c-8359-11ee-8dbe-212e2dc638e7-mon.smithi055[141575]: cephadm
2023-11-15T01:49:22.527799+0000 mgr.smithi055.szwngw (mgr.14116) 13 : cephadm [INF] Saving service mgr spec with placement count:2
2023-11-15T01:49:23.781 INFO:journalctl@ceph.mon.smithi055.smithi055.stdout:Nov 15 01:49:23 smithi055 ceph-0cb4fc0c-8359-11ee-8dbe-212e2dc638e7-mon.smithi055[141575]: audit
2023-11-15T01:49:22.530213+0000 mon.smithi055 (mon.0) 58 : audit [INF] from='mgr.14116 172.21.15.55:0/3759764227' entity='mgr.smithi055.szwngw'
2023-11-15T01:49:23.782 INFO:journalctl@ceph.mon.smithi055.smithi055.stdout:Nov 15 01:49:23 smithi055 ceph-0cb4fc0c-8359-11ee-8dbe-212e2dc638e7-mon.smithi055[141575]: audit
2023-11-15T01:49:23.502090+0000 mon.smithi055 (mon.0) 59 : audit [INF] from='mgr.14116 172.21.15.55:0/3759764227' entity='mgr.smithi055.szwngw'
2023-11-15T01:49:23.836 INFO:teuthology.orchestra.run.smithi055.stderr:Enabling mgr prometheus module...
2023-11-15T01:49:23.836 INFO:teuthology.orchestra.run.smithi055.stderr:Running command: /bin/podman run --rm --ipc=host --no-hosts --net=host --entrypoint /usr/bin/ceph --init -e CONTAINER_IMAGE=docker.io/ceph/ceph:v16.2.4 -e NODE_NAME=smithi055 -e CEPH_USE_RANDOM_NONCE=1 -v /var/log/ceph/0cb4fc0c-8359-11ee-8dbe-212e2dc638e7:/var/log/ceph:z -v /tmp/ceph-tmpc1yi9jse:/etc/ceph/ceph.client.admin.keyring:z -v /tmp/ceph-tmpra3bp1py:/etc/ceph/ceph.conf:z docker.io/ceph/ceph:v16.2.4 mgr module enable prometheus
2023-11-15T01:49:24.234 INFO:teuthology.orchestra.run.smithi055.stderr:/usr/bin/ceph:
2023-11-15T01:49:24.233+0000 7f40e6098700 1 Processor -- start
2023-11-15T01:49:24.235 INFO:teuthology.orchestra.run.smithi055.stderr:/usr/bin/ceph:
2023-11-15T01:49:24.233+0000 7f40e6098700 1 -- start start
2023-11-15T01:49:24.235 INFO:teuthology.orchestra.run.smithi055.stderr:/usr/bin/ceph:
2023-11-15T01:49:24.234+0000 7f40e6098700 1 --2- >> [v2:172.21.15.55:3300/0,v1:172.21.15.55:6789/0] conn(0x7f40e0072500 0x7f40e0070aa0 unknown :-1 s=NONE pgs=0 cs=0 l=0 rev1=0 rx=0 tx=0).connect
2023-11-15T01:49:24.237 INFO:teuthology.orchestra.run.smithi055.stderr:/usr/bin/ceph:
2023-11-15T01:49:24.234+0000 7f40e6098700 1 -- --> [v2:172.21.15.55:3300/0,v1:172.21.15.55:6789/0] -- mon_getmap magic: 0 v1 -- 0x7f40e0072920 con 0x7f40e0072500
2023-11-15T01:49:24.237 INFO:teuthology.orchestra.run.smithi055.stderr:/usr/bin/ceph:
2023-11-15T01:49:24.234+0000 7f40df7fe700 1 --2- >> [v2:172.21.15.55:3300/0,v1:172.21.15.55:6789/0] conn(0x7f40e0072500 0x7f40e0070aa0 unknown :-1 s=BANNER_CONNECTING pgs=0 cs=0 l=0 rev1=0 rx=0 tx=0)._handle_peer_banner_payload supported=1 required=0
2023-11-15T01:49:24.237 INFO:teuthology.orchestra.run.smithi055.stderr:/usr/bin/ceph:
2023-11-15T01:49:24.234+0000 7f40df7fe700 1 --2- >> [v2:172.21.15.55:3300/0,v1:172.21.15.55:6789/0] conn(0x7f40e0072500 0x7f40e0070aa0 unknown :-1 s=HELLO_CONNECTING pgs=0 cs=0 l=0 rev1=1 rx=0 tx=0).handle_hello peer v2:172.21.15.55:3300/0 says I am v2:172.21.15.55:53182/0 (socket says 172.21.15.55:53182)
2023-11-15T01:49:24.237 INFO:teuthology.orchestra.run.smithi055.stderr:/usr/bin/ceph:
2023-11-15T01:49:24.234+0000 7f40df7fe700 1 -- 172.21.15.55:0/3673812049 learned_addr learned my addr 172.21.15.55:0/3673812049 (peer_addr_for_me v2:172.21.15.55:0/0)
2023-11-15T01:49:24.238 INFO:teuthology.orchestra.run.smithi055.stderr:/usr/bin/ceph:
2023-11-15T01:49:24.234+0000 7f40df7fe700 1 -- 172.21.15.55:0/3673812049 --> [v2:172.21.15.55:3300/0,v1:172.21.15.55:6789/0] -- mon_subscribe({config=0+,monmap=0+}) v3 -- 0x7f40e0070f90 con 0x7f40e0072500
2023-11-15T01:49:24.238 INFO:teuthology.orchestra.run.smithi055.stderr:/usr/bin/ceph:
2023-11-15T01:49:24.234+0000 7f40df7fe700 1 --2- 172.21.15.55:0/3673812049 >> [v2:172.21.15.55:3300/0,v1:172.21.15.55:6789/0] conn(0x7f40e0072500 0x7f40e0070aa0 secure :-1 s=READY pgs=47 cs=0 l=1 rev1=1 rx=0x7f40c800b5f0 tx=0x7f40c8006ee0).ready entity=mon.0 client_cookie=ea8889d4aa0357a2 server_cookie=0 in_seq=0 out_seq=0
2023-11-15T01:49:24.238 INFO:teuthology.orchestra.run.smithi055.stderr:/usr/bin/ceph:
2023-11-15T01:49:24.235+0000 7f40de7fc700 1 -- 172.21.15.55:0/3673812049 <== mon.0 v2:172.21.15.55:3300/0 1 ==== mon_map magic: 0 v1 ==== 229+0+0 (secure 0 0 0) 0x7f40c800d600 con 0x7f40e0072500
2023-11-15T01:49:24.238 INFO:teuthology.orchestra.run.smithi055.stderr:/usr/bin/ceph:
2023-11-15T01:49:24.235+0000 7f40de7fc700 1 -- 172.21.15.55:0/3673812049 <== mon.0 v2:172.21.15.55:3300/0 2 ==== config(25 keys) v1 ==== 1010+0+0 (secure 0 0 0) 0x7f40c800dbd0 con 0x7f40e0072500
2023-11-15T01:49:24.238 INFO:teuthology.orchestra.run.smithi055.stderr:/usr/bin/ceph:
2023-11-15T01:49:24.235+0000 7f40de7fc700 1 -- 172.21.15.55:0/3673812049 <== mon.0 v2:172.21.15.55:3300/0 3 ==== mon_map magic: 0 v1 ==== 229+0+0 (secure 0 0 0) 0x7f40c8011c00 con 0x7f40e0072500
2023-11-15T01:49:24.239 INFO:teuthology.orchestra.run.smithi055.stderr:/usr/bin/ceph:
2023-11-15T01:49:24.235+0000 7f40e6098700 1 -- 172.21.15.55:0/3673812049 >> [v2:172.21.15.55:3300/0,v1:172.21.15.55:6789/0] conn(0x7f40e0072500 msgr2=0x7f40e0070aa0 secure :-1 s=STATE_CONNECTION_ESTABLISHED l=1).mark_down
2023-11-15T01:49:24.239 INFO:teuthology.orchestra.run.smithi055.stderr:/usr/bin/ceph:
2023-11-15T01:49:24.235+0000 7f40e6098700 1 --2- 172.21.15.55:0/3673812049 >> [v2:172.21.15.55:3300/0,v1:172.21.15.55:6789/0] conn(0x7f40e0072500 0x7f40e0070aa0 secure :-1 s=READY pgs=47 cs=0 l=1 rev1=1 rx=0x7f40c800b5f0 tx=0x7f40c8006ee0).stop
2023-11-15T01:49:24.239 INFO:teuthology.orchestra.run.smithi055.stderr:/usr/bin/ceph:
2023-11-15T01:49:24.235+0000 7f40e6098700 1 -- 172.21.15.55:0/3673812049 shutdown_connections
2023-11-15T01:49:24.239 INFO:teuthology.orchestra.run.smithi055.stderr:/usr/bin/ceph:
2023-11-15T01:49:24.235+0000 7f40e6098700 1 --2- 172.21.15.55:0/3673812049 >> [v2:172.21.15.55:3300/0,v1:172.21.15.55:6789/0] conn(0x7f40e0072500 0x7f40e0070aa0 unknown :-1 s=CLOSED pgs=47 cs=0 l=1 rev1=1 rx=0 tx=0).stop
2023-11-15T01:49:24.239 INFO:teuthology.orchestra.run.smithi055.stderr:/usr/bin/ceph:
2023-11-15T01:49:24.235+0000 7f40e6098700 1 -- 172.21.15.55:0/3673812049 >> 172.21.15.55:0/3673812049 conn(0x7f40e00f74b0 msgr2=0x7f40e00f98d0 unknown :-1 s=STATE_NONE l=0).mark_down
2023-11-15T01:49:24.240 INFO:teuthology.orchestra.run.smithi055.stderr:/usr/bin/ceph:
2023-11-15T01:49:24.236+0000 7f40e6098700 1 -- 172.21.15.55:0/3673812049 shutdown_connections
2023-11-15T01:49:24.240 INFO:teuthology.orchestra.run.smithi055.stderr:/usr/bin/ceph:
2023-11-15T01:49:24.236+0000 7f40e6098700 1 -- 172.21.15.55:0/3673812049 wait complete.
2023-11-15T01:49:24.241 INFO:teuthology.orchestra.run.smithi055.stderr:/usr/bin/ceph:
2023-11-15T01:49:24.236+0000 7f40e6098700 1 Processor -- start
2023-11-15T01:49:24.241 INFO:teuthology.orchestra.run.smithi055.stderr:/usr/bin/ceph:
2023-11-15T01:49:24.236+0000 7f40e6098700 1 -- start start
2023-11-15T01:49:24.241 INFO:teuthology.orchestra.run.smithi055.stderr:/usr/bin/ceph:
2023-11-15T01:49:24.237+0000 7f40e6098700 1 --2- >> [v2:172.21.15.55:3300/0,v1:172.21.15.55:6789/0] conn(0x7f40e0072500 0x7f40e010cd50 unknown :-1 s=NONE pgs=0 cs=0 l=1 rev1=0 rx=0 tx=0).connect
2023-11-15T01:49:24.241 INFO:teuthology.orchestra.run.smithi055.stderr:/usr/bin/ceph:
2023-11-15T01:49:24.237+0000 7f40e6098700 1 -- --> [v2:172.21.15.55:3300/0,v1:172.21.15.55:6789/0] -- mon_getmap magic: 0 v1 -- 0x7f40e010d240 con 0x7f40e0072500
2023-11-15T01:49:24.241 INFO:teuthology.orchestra.run.smithi055.stderr:/usr/bin/ceph:
2023-11-15T01:49:24.237+0000 7f40df7fe700 1 --2- >> [v2:172.21.15.55:3300/0,v1:172.21.15.55:6789/0] conn(0x7f40e0072500 0x7f40e010cd50 unknown :-1 s=BANNER_CONNECTING pgs=0 cs=0 l=1 rev1=0 rx=0 tx=0)._handle_peer_banner_payload supported=1 required=0
2023-11-15T01:49:24.242 INFO:teuthology.orchestra.run.smithi055.stderr:/usr/bin/ceph:
2023-11-15T01:49:24.237+0000 7f40df7fe700 1 --2- >> [v2:172.21.15.55:3300/0,v1:172.21.15.55:6789/0] conn(0x7f40e0072500 0x7f40e010cd50 unknown :-1 s=HELLO_CONNECTING pgs=0 cs=0 l=1 rev1=1 rx=0 tx=0).handle_hello peer v2:172.21.15.55:3300/0 says I am v2:172.21.15.55:53192/0 (socket says 172.21.15.55:53192)
2023-11-15T01:49:24.242 INFO:teuthology.orchestra.run.smithi055.stderr:/usr/bin/ceph:
2023-11-15T01:49:24.237+0000 7f40df7fe700 1 -- 172.21.15.55:0/837874435 learned_addr learned my addr 172.21.15.55:0/837874435 (peer_addr_for_me v2:172.21.15.55:0/0)
2023-11-15T01:49:24.242 INFO:teuthology.orchestra.run.smithi055.stderr:/usr/bin/ceph:
2023-11-15T01:49:24.237+0000 7f40df7fe700 1 -- 172.21.15.55:0/837874435 --> [v2:172.21.15.55:3300/0,v1:172.21.15.55:6789/0] -- mon_subscribe({config=0+,monmap=0+}) v3 -- 0x7f40c800b200 con 0x7f40e0072500
2023-11-15T01:49:24.242 INFO:teuthology.orchestra.run.smithi055.stderr:/usr/bin/ceph:
2023-11-15T01:49:24.237+0000 7f40df7fe700 1 --2- 172.21.15.55:0/837874435 >> [v2:172.21.15.55:3300/0,v1:172.21.15.55:6789/0] conn(0x7f40e0072500 0x7f40e010cd50 secure :-1 s=READY pgs=48 cs=0 l=1 rev1=1 rx=0x7f40c800b190 tx=0x7f40c8006ee0).ready entity=mon.0 client_cookie=0 server_cookie=0 in_seq=0 out_seq=0
2023-11-15T01:49:24.242 INFO:teuthology.orchestra.run.smithi055.stderr:/usr/bin/ceph:
2023-11-15T01:49:24.237+0000 7f40d7fff700 1 -- 172.21.15.55:0/837874435 <== mon.0 v2:172.21.15.55:3300/0 1 ==== mon_map magic: 0 v1 ==== 229+0+0 (secure 0 0 0) 0x7f40c8011a20 con 0x7f40e0072500
2023-11-15T01:49:24.243 INFO:teuthology.orchestra.run.smithi055.stderr:/usr/bin/ceph:
2023-11-15T01:49:24.237+0000 7f40d7fff700 1 -- 172.21.15.55:0/837874435 <== mon.0 v2:172.21.15.55:3300/0 2 ==== config(25 keys) v1 ==== 1010+0+0 (secure 0 0 0) 0x7f40c801b880 con 0x7f40e0072500
2023-11-15T01:49:24.243 INFO:teuthology.orchestra.run.smithi055.stderr:/usr/bin/ceph:
2023-11-15T01:49:24.237+0000 7f40e6098700 1 -- 172.21.15.55:0/837874435 --> [v2:172.21.15.55:3300/0,v1:172.21.15.55:6789/0] -- mon_subscribe({mgrmap=0+}) v3 -- 0x7f40e010d440 con 0x7f40e0072500
2023-11-15T01:49:24.243 INFO:teuthology.orchestra.run.smithi055.stderr:/usr/bin/ceph:
2023-11-15T01:49:24.237+0000 7f40d7fff700 1 -- 172.21.15.55:0/837874435 <== mon.0 v2:172.21.15.55:3300/0 3 ==== mon_map magic: 0 v1 ==== 229+0+0 (secure 0 0 0) 0x7f40c801a710 con 0x7f40e0072500
2023-11-15T01:49:24.243 INFO:teuthology.orchestra.run.smithi055.stderr:/usr/bin/ceph:
2023-11-15T01:49:24.237+0000 7f40e6098700 1 -- 172.21.15.55:0/837874435 --> [v2:172.21.15.55:3300/0,v1:172.21.15.55:6789/0] -- mon_subscribe({osdmap=0}) v3 -- 0x7f40e010d850 con 0x7f40e0072500
2023-11-15T01:49:24.244 INFO:teuthology.orchestra.run.smithi055.stderr:/usr/bin/ceph:
2023-11-15T01:49:24.238+0000 7f40d7fff700 1 -- 172.21.15.55:0/837874435 <== mon.0 v2:172.21.15.55:3300/0 4 ==== mgrmap(e 8) v1 ==== 36120+0+0 (secure 0 0 0) 0x7f40c800f070 con 0x7f40e0072500
2023-11-15T01:49:24.244 INFO:teuthology.orchestra.run.smithi055.stderr:/usr/bin/ceph:
2023-11-15T01:49:24.238+0000 7f40d7fff700 1 --2- 172.21.15.55:0/837874435 >> [v2:172.21.15.55:6800/1950005071,v1:172.21.15.55:6801/1950005071] conn(0x7f40c002fd50 0x7f40c0032210 unknown :-1 s=NONE pgs=0 cs=0 l=1 rev1=0 rx=0 tx=0).connect
2023-11-15T01:49:24.244 INFO:teuthology.orchestra.run.smithi055.stderr:/usr/bin/ceph:
2023-11-15T01:49:24.238+0000 7f40d7fff700 1 -- 172.21.15.55:0/837874435 <== mon.0 v2:172.21.15.55:3300/0 5 ==== osd_map(2..2 src has 1..2) v4 ==== 926+0+0 (secure 0 0 0) 0x7f40c8041140 con 0x7f40e0072500
2023-11-15T01:49:24.244 INFO:teuthology.orchestra.run.smithi055.stderr:/usr/bin/ceph:
2023-11-15T01:49:24.239+0000 7f40deffd700 1 --2- 172.21.15.55:0/837874435 >> [v2:172.21.15.55:6800/1950005071,v1:172.21.15.55:6801/1950005071] conn(0x7f40c002fd50 0x7f40c0032210 unknown :-1 s=BANNER_CONNECTING pgs=0 cs=0 l=1 rev1=0 rx=0 tx=0)._handle_peer_banner_payload supported=1 required=0
2023-11-15T01:49:24.244 INFO:teuthology.orchestra.run.smithi055.stderr:/usr/bin/ceph:
2023-11-15T01:49:24.239+0000 7f40deffd700 1 --2- 172.21.15.55:0/837874435 >> [v2:172.21.15.55:6800/1950005071,v1:172.21.15.55:6801/1950005071] conn(0x7f40c002fd50 0x7f40c0032210 secure :-1 s=READY pgs=14 cs=0 l=1 rev1=1 rx=0x7f40d00096a0 tx=0x7f40d0006b40).ready entity=mgr.14116 client_cookie=0 server_cookie=0 in_seq=0 out_seq=0
2023-11-15T01:49:24.245 INFO:teuthology.orchestra.run.smithi055.stderr:/usr/bin/ceph:
2023-11-15T01:49:24.239+0000 7f40e6098700 1 -- 172.21.15.55:0/837874435 --> [v2:172.21.15.55:3300/0,v1:172.21.15.55:6789/0] -- mon_command({"prefix": "get_command_descriptions"} v 0) v1 -- 0x7f40e0045ad0 con 0x7f40e0072500
2023-11-15T01:49:24.246 INFO:teuthology.orchestra.run.smithi055.stderr:/usr/bin/ceph:
2023-11-15T01:49:24.243+0000 7f40d7fff700 1 -- 172.21.15.55:0/837874435 <== mon.0 v2:172.21.15.55:3300/0 6 ==== mon_command_ack([{"prefix": "get_command_descriptions"}]=0 v0) v1 ==== 72+0+152212 (secure 0 0 0) 0x7f40c8025460 con 0x7f40e0072500
2023-11-15T01:49:24.448 INFO:teuthology.orchestra.run.smithi055.stderr:/usr/bin/ceph:
2023-11-15T01:49:24.447+0000 7f40e6098700 1 -- 172.21.15.55:0/837874435 --> [v2:172.21.15.55:3300/0,v1:172.21.15.55:6789/0] -- mon_command({"prefix": "mgr module enable", "module": "prometheus"} v 0) v1 -- 0x7f40e0106a60 con 0x7f40e0072500
2023-11-15T01:49:24.536 INFO:teuthology.orchestra.run.smithi055.stderr:/usr/bin/ceph:
2023-11-15T01:49:24.535+0000 7f40d7fff700 1 -- 172.21.15.55:0/837874435 <== mon.0 v2:172.21.15.55:3300/0 7 ==== mgrmap(e 9) v1 ==== 36134+0+0 (secure 0 0 0) 0x7f40c80257e0 con 0x7f40e0072500
2023-11-15T01:49:24.537 INFO:teuthology.orchestra.run.smithi055.stderr:/usr/bin/ceph:
2023-11-15T01:49:24.537+0000 7f40d7fff700 1 -- 172.21.15.55:0/837874435 <== mon.0 v2:172.21.15.55:3300/0 8 ==== mon_command_ack([{"prefix": "mgr module enable", "module": "prometheus"}]=0 v9) v1 ==== 89+0+0 (secure 0 0 0) 0x7f40c80235f0 con 0x7f40e0072500
2023-11-15T01:49:24.540 INFO:teuthology.orchestra.run.smithi055.stderr:/usr/bin/ceph:
2023-11-15T01:49:24.539+0000 7f40e6098700 1 -- 172.21.15.55:0/837874435 >> [v2:172.21.15.55:6800/1950005071,v1:172.21.15.55:6801/1950005071] conn(0x7f40c002fd50 msgr2=0x7f40c0032210 secure :-1 s=STATE_CONNECTION_ESTABLISHED l=1).mark_down
2023-11-15T01:49:24.540 INFO:teuthology.orchestra.run.smithi055.stderr:/usr/bin/ceph:
2023-11-15T01:49:24.539+0000 7f40e6098700 1 --2- 172.21.15.55:0/837874435 >> [v2:172.21.15.55:6800/1950005071,v1:172.21.15.55:6801/1950005071] conn(0x7f40c002fd50 0x7f40c0032210 secure :-1 s=READY pgs=14 cs=0 l=1 rev1=1 rx=0x7f40d00096a0 tx=0x7f40d0006b40).stop
2023-11-15T01:49:24.540 INFO:teuthology.orchestra.run.smithi055.stderr:/usr/bin/ceph:
2023-11-15T01:49:24.539+0000 7f40e6098700 1 -- 172.21.15.55:0/837874435 >> [v2:172.21.15.55:3300/0,v1:172.21.15.55:6789/0] conn(0x7f40e0072500 msgr2=0x7f40e010cd50 secure :-1 s=STATE_CONNECTION_ESTABLISHED l=1).mark_down
2023-11-15T01:49:24.541 INFO:teuthology.orchestra.run.smithi055.stderr:/usr/bin/ceph:
2023-11-15T01:49:24.539+0000 7f40e6098700 1 --2- 172.21.15.55:0/837874435 >> [v2:172.21.15.55:3300/0,v1:172.21.15.55:6789/0] conn(0x7f40e0072500 0x7f40e010cd50 secure :-1 s=READY pgs=48 cs=0 l=1 rev1=1 rx=0x7f40c800b190 tx=0x7f40c8006ee0).stop
2023-11-15T01:49:24.541 INFO:teuthology.orchestra.run.smithi055.stderr:/usr/bin/ceph:
2023-11-15T01:49:24.539+0000 7f40e6098700 1 -- 172.21.15.55:0/837874435 shutdown_connections
2023-11-15T01:49:24.542 INFO:teuthology.orchestra.run.smithi055.stderr:/usr/bin/ceph:
2023-11-15T01:49:24.539+0000 7f40e6098700 1 --2- 172.21.15.55:0/837874435 >> [v2:172.21.15.55:6800/1950005071,v1:172.21.15.55:6801/1950005071] conn(0x7f40c002fd50 0x7f40c0032210 unknown :-1 s=CLOSED pgs=14 cs=0 l=1 rev1=1 rx=0 tx=0).stop
2023-11-15T01:49:24.542 INFO:teuthology.orchestra.run.smithi055.stderr:/usr/bin/ceph:
2023-11-15T01:49:24.539+0000 7f40e6098700 1 --2- 172.21.15.55:0/837874435 >> [v2:172.21.15.55:3300/0,v1:172.21.15.55:6789/0] conn(0x7f40e0072500 0x7f40e010cd50 unknown :-1 s=CLOSED pgs=48 cs=0 l=1 rev1=1 rx=0 tx=0).stop
2023-11-15T01:49:24.542 INFO:teuthology.orchestra.run.smithi055.stderr:/usr/bin/ceph:
2023-11-15T01:49:24.539+0000 7f40e6098700 1 -- 172.21.15.55:0/837874435 >> 172.21.15.55:0/837874435 conn(0x7f40e00f74b0 msgr2=0x7f40e00f9030 unknown :-1 s=STATE_NONE l=0).mark_down
2023-11-15T01:49:24.542 INFO:teuthology.orchestra.run.smithi055.stderr:/usr/bin/ceph:
2023-11-15T01:49:24.541+0000 7f40e6098700 1 -- 172.21.15.55:0/837874435 shutdown_connections
2023-11-15T01:49:24.543 INFO:teuthology.orchestra.run.smithi055.stderr:/usr/bin/ceph:
2023-11-15T01:49:24.541+0000 7f40e6098700 1 -- 172.21.15.55:0/837874435 wait complete.
2023-11-15T01:49:24.828 INFO:journalctl@ceph.mon.smithi055.smithi055.stdout:Nov 15 01:49:24 smithi055 ceph-0cb4fc0c-8359-11ee-8dbe-212e2dc638e7-mon.smithi055[141575]: audit
2023-11-15T01:49:23.494095+0000 mgr.smithi055.szwngw (mgr.14116) 14 : audit [DBG] from='client.14140 -' entity='client.admin' cmd=[{"prefix": "orch apply", "service_type": "crash", "target": ["mon-mgr", ""]}]: dispatch
2023-11-15T01:49:24.828 INFO:journalctl@ceph.mon.smithi055.smithi055.stdout:Nov 15 01:49:24 smithi055 ceph-0cb4fc0c-8359-11ee-8dbe-212e2dc638e7-mon.smithi055[141575]: cephadm
2023-11-15T01:49:23.494842+0000 mgr.smithi055.szwngw (mgr.14116) 15 : cephadm [INF] Saving service crash spec with placement *
2023-11-15T01:49:24.828 INFO:journalctl@ceph.mon.smithi055.smithi055.stdout:Nov 15 01:49:24 smithi055 ceph-0cb4fc0c-8359-11ee-8dbe-212e2dc638e7-mon.smithi055[141575]: audit
2023-11-15T01:49:24.448873+0000 mon.smithi055 (mon.0) 60 : audit [INF] from='client.? 172.21.15.55:0/837874435' entity='client.admin' cmd=[{"prefix": "mgr module enable", "module": "prometheus"}]: dispatch
2023-11-15T01:49:24.902 INFO:teuthology.orchestra.run.smithi055.stderr:Deploying prometheus service with default placement...
2023-11-15T01:49:24.902 INFO:teuthology.orchestra.run.smithi055.stderr:Running command: /bin/podman run --rm --ipc=host --no-hosts --net=host --entrypoint /usr/bin/ceph --init -e CONTAINER_IMAGE=docker.io/ceph/ceph:v16.2.4 -e NODE_NAME=smithi055 -e CEPH_USE_RANDOM_NONCE=1 -v /var/log/ceph/0cb4fc0c-8359-11ee-8dbe-212e2dc638e7:/var/log/ceph:z -v /tmp/ceph-tmpc1yi9jse:/etc/ceph/ceph.client.admin.keyring:z -v /tmp/ceph-tmpra3bp1py:/etc/ceph/ceph.conf:z docker.io/ceph/ceph:v16.2.4 orch apply prometheus
2023-11-15T01:49:25.249 INFO:teuthology.orchestra.run.smithi055.stderr:/usr/bin/ceph:
2023-11-15T01:49:25.247+0000 7fda77d9d700 1 Processor -- start
2023-11-15T01:49:25.249 INFO:teuthology.orchestra.run.smithi055.stderr:/usr/bin/ceph:
2023-11-15T01:49:25.248+0000 7fda77d9d700 1 -- start start
2023-11-15T01:49:25.249 INFO:teuthology.orchestra.run.smithi055.stderr:/usr/bin/ceph:
2023-11-15T01:49:25.248+0000 7fda77d9d700 1 --2- >> [v2:172.21.15.55:3300/0,v1:172.21.15.55:6789/0] conn(0x7fda700724b0 0x7fda70070a50 unknown :-1 s=NONE pgs=0 cs=0 l=0 rev1=0 rx=0 tx=0).connect
2023-11-15T01:49:25.251 INFO:teuthology.orchestra.run.smithi055.stderr:/usr/bin/ceph:
2023-11-15T01:49:25.248+0000 7fda77d9d700 1 -- --> [v2:172.21.15.55:3300/0,v1:172.21.15.55:6789/0] -- mon_getmap magic: 0 v1 -- 0x7fda700728d0 con 0x7fda700724b0
2023-11-15T01:49:25.251 INFO:teuthology.orchestra.run.smithi055.stderr:/usr/bin/ceph:
2023-11-15T01:49:25.248+0000 7fda75b39700 1 --2- >> [v2:172.21.15.55:3300/0,v1:172.21.15.55:6789/0] conn(0x7fda700724b0 0x7fda70070a50 unknown :-1 s=BANNER_CONNECTING pgs=0 cs=0 l=0 rev1=0 rx=0 tx=0)._handle_peer_banner_payload supported=1 required=0
2023-11-15T01:49:25.251 INFO:teuthology.orchestra.run.smithi055.stderr:/usr/bin/ceph:
2023-11-15T01:49:25.248+0000 7fda75b39700 1 --2- >> [v2:172.21.15.55:3300/0,v1:172.21.15.55:6789/0] conn(0x7fda700724b0 0x7fda70070a50 unknown :-1 s=HELLO_CONNECTING pgs=0 cs=0 l=0 rev1=1 rx=0 tx=0).handle_hello peer v2:172.21.15.55:3300/0 says I am v2:172.21.15.55:53230/0 (socket says 172.21.15.55:53230)
2023-11-15T01:49:25.252 INFO:teuthology.orchestra.run.smithi055.stderr:/usr/bin/ceph:
2023-11-15T01:49:25.248+0000 7fda75b39700 1 -- 172.21.15.55:0/770803180 learned_addr learned my addr 172.21.15.55:0/770803180 (peer_addr_for_me v2:172.21.15.55:0/0)
2023-11-15T01:49:25.252 INFO:teuthology.orchestra.run.smithi055.stderr:/usr/bin/ceph:
2023-11-15T01:49:25.249+0000 7fda75b39700 1 -- 172.21.15.55:0/770803180 --> [v2:172.21.15.55:3300/0,v1:172.21.15.55:6789/0] -- mon_subscribe({config=0+,monmap=0+}) v3 -- 0x7fda70070f40 con 0x7fda700724b0
2023-11-15T01:49:25.252 INFO:teuthology.orchestra.run.smithi055.stderr:/usr/bin/ceph:
2023-11-15T01:49:25.249+0000 7fda75b39700 1 --2- 172.21.15.55:0/770803180 >> [v2:172.21.15.55:3300/0,v1:172.21.15.55:6789/0] conn(0x7fda700724b0 0x7fda70070a50 secure :-1 s=READY pgs=51 cs=0 l=1 rev1=1 rx=0x7fda6c00b5f0 tx=0x7fda6c006ee0).ready entity=mon.0 client_cookie=adec70eac42362e0 server_cookie=0 in_seq=0 out_seq=0
2023-11-15T01:49:25.252 INFO:teuthology.orchestra.run.smithi055.stderr:/usr/bin/ceph:
2023-11-15T01:49:25.249+0000 7fda74b37700 1 -- 172.21.15.55:0/770803180 <== mon.0 v2:172.21.15.55:3300/0 1 ==== mon_map magic: 0 v1 ==== 229+0+0 (secure 0 0 0) 0x7fda6c00d600 con 0x7fda700724b0
2023-11-15T01:49:25.252 INFO:teuthology.orchestra.run.smithi055.stderr:/usr/bin/ceph:
2023-11-15T01:49:25.249+0000 7fda74b37700 1 -- 172.21.15.55:0/770803180 <== mon.0 v2:172.21.15.55:3300/0 2 ==== config(25 keys) v1 ==== 1010+0+0 (secure 0 0 0) 0x7fda6c00dbd0 con 0x7fda700724b0
2023-11-15T01:49:25.253 INFO:teuthology.orchestra.run.smithi055.stderr:/usr/bin/ceph:
2023-11-15T01:49:25.249+0000 7fda74b37700 1 -- 172.21.15.55:0/770803180 <== mon.0 v2:172.21.15.55:3300/0 3 ==== mon_map magic: 0 v1 ==== 229+0+0 (secure 0 0 0) 0x7fda6c011c00 con 0x7fda700724b0
2023-11-15T01:49:25.253 INFO:teuthology.orchestra.run.smithi055.stderr:/usr/bin/ceph:
2023-11-15T01:49:25.250+0000 7fda77d9d700 1 -- 172.21.15.55:0/770803180 >> [v2:172.21.15.55:3300/0,v1:172.21.15.55:6789/0] conn(0x7fda700724b0 msgr2=0x7fda70070a50 secure :-1 s=STATE_CONNECTION_ESTABLISHED l=1).mark_down
2023-11-15T01:49:25.253 INFO:teuthology.orchestra.run.smithi055.stderr:/usr/bin/ceph:
2023-11-15T01:49:25.250+0000 7fda77d9d700 1 --2- 172.21.15.55:0/770803180 >> [v2:172.21.15.55:3300/0,v1:172.21.15.55:6789/0] conn(0x7fda700724b0 0x7fda70070a50 secure :-1 s=READY pgs=51 cs=0 l=1 rev1=1 rx=0x7fda6c00b5f0 tx=0x7fda6c006ee0).stop
2023-11-15T01:49:25.253 INFO:teuthology.orchestra.run.smithi055.stderr:/usr/bin/ceph:
2023-11-15T01:49:25.250+0000 7fda77d9d700 1 -- 172.21.15.55:0/770803180 shutdown_connections
2023-11-15T01:49:25.255 INFO:teuthology.orchestra.run.smithi055.stderr:/usr/bin/ceph:
2023-11-15T01:49:25.250+0000 7fda77d9d700 1 --2- 172.21.15.55:0/770803180 >> [v2:172.21.15.55:3300/0,v1:172.21.15.55:6789/0] conn(0x7fda700724b0 0x7fda70070a50 unknown :-1 s=CLOSED pgs=51 cs=0 l=1 rev1=1 rx=0 tx=0).stop
2023-11-15T01:49:25.255 INFO:teuthology.orchestra.run.smithi055.stderr:/usr/bin/ceph:
2023-11-15T01:49:25.250+0000 7fda77d9d700 1 -- 172.21.15.55:0/770803180 >> 172.21.15.55:0/770803180 conn(0x7fda700f74c0 msgr2=0x7fda700f98e0 unknown :-1 s=STATE_NONE l=0).mark_down
2023-11-15T01:49:25.255 INFO:teuthology.orchestra.run.smithi055.stderr:/usr/bin/ceph:
2023-11-15T01:49:25.250+0000 7fda77d9d700 1 -- 172.21.15.55:0/770803180 shutdown_connections
2023-11-15T01:49:25.255 INFO:teuthology.orchestra.run.smithi055.stderr:/usr/bin/ceph:
2023-11-15T01:49:25.250+0000 7fda77d9d700 1 -- 172.21.15.55:0/770803180 wait complete.
2023-11-15T01:49:25.255 INFO:teuthology.orchestra.run.smithi055.stderr:/usr/bin/ceph:
2023-11-15T01:49:25.251+0000 7fda77d9d700 1 Processor -- start
2023-11-15T01:49:25.256 INFO:teuthology.orchestra.run.smithi055.stderr:/usr/bin/ceph:
2023-11-15T01:49:25.251+0000 7fda77d9d700 1 -- start start
2023-11-15T01:49:25.256 INFO:teuthology.orchestra.run.smithi055.stderr:/usr/bin/ceph:
2023-11-15T01:49:25.251+0000 7fda77d9d700 1 --2- >> [v2:172.21.15.55:3300/0,v1:172.21.15.55:6789/0] conn(0x7fda700724b0 0x7fda7010ccf0 unknown :-1 s=NONE pgs=0 cs=0 l=1 rev1=0 rx=0 tx=0).connect
2023-11-15T01:49:25.256 INFO:teuthology.orchestra.run.smithi055.stderr:/usr/bin/ceph:
2023-11-15T01:49:25.251+0000 7fda77d9d700 1 -- --> [v2:172.21.15.55:3300/0,v1:172.21.15.55:6789/0] -- mon_getmap magic: 0 v1 -- 0x7fda7010d1e0 con 0x7fda700724b0
2023-11-15T01:49:25.256 INFO:teuthology.orchestra.run.smithi055.stderr:/usr/bin/ceph:
2023-11-15T01:49:25.251+0000 7fda75b39700 1 --2- >> [v2:172.21.15.55:3300/0,v1:172.21.15.55:6789/0] conn(0x7fda700724b0 0x7fda7010ccf0 unknown :-1 s=BANNER_CONNECTING pgs=0 cs=0 l=1 rev1=0 rx=0 tx=0)._handle_peer_banner_payload supported=1 required=0
2023-11-15T01:49:25.256 INFO:teuthology.orchestra.run.smithi055.stderr:/usr/bin/ceph:
2023-11-15T01:49:25.251+0000 7fda75b39700 1 --2- >> [v2:172.21.15.55:3300/0,v1:172.21.15.55:6789/0] conn(0x7fda700724b0 0x7fda7010ccf0 unknown :-1 s=HELLO_CONNECTING pgs=0 cs=0 l=1 rev1=1 rx=0 tx=0).handle_hello peer v2:172.21.15.55:3300/0 says I am v2:172.21.15.55:53242/0 (socket says 172.21.15.55:53242)
2023-11-15T01:49:25.257 INFO:teuthology.orchestra.run.smithi055.stderr:/usr/bin/ceph:
2023-11-15T01:49:25.251+0000 7fda75b39700 1 -- 172.21.15.55:0/799740731 learned_addr learned my addr 172.21.15.55:0/799740731 (peer_addr_for_me v2:172.21.15.55:0/0)
2023-11-15T01:49:25.257 INFO:teuthology.orchestra.run.smithi055.stderr:/usr/bin/ceph:
2023-11-15T01:49:25.252+0000 7fda75b39700 1 -- 172.21.15.55:0/799740731 --> [v2:172.21.15.55:3300/0,v1:172.21.15.55:6789/0] -- mon_subscribe({config=0+,monmap=0+}) v3 -- 0x7fda6c00b200 con 0x7fda700724b0
2023-11-15T01:49:25.257 INFO:teuthology.orchestra.run.smithi055.stderr:/usr/bin/ceph:
2023-11-15T01:49:25.252+0000 7fda75b39700 1 --2- 172.21.15.55:0/799740731 >> [v2:172.21.15.55:3300/0,v1:172.21.15.55:6789/0] conn(0x7fda700724b0 0x7fda7010ccf0 secure :-1 s=READY pgs=52 cs=0 l=1 rev1=1 rx=0x7fda6c00e040 tx=0x7fda6c006ee0).ready entity=mon.0 client_cookie=0 server_cookie=0 in_seq=0 out_seq=0
2023-11-15T01:49:25.257 INFO:teuthology.orchestra.run.smithi055.stderr:/usr/bin/ceph:
2023-11-15T01:49:25.252+0000 7fda5e7fc700 1 -- 172.21.15.55:0/799740731 <== mon.0 v2:172.21.15.55:3300/0 1 ==== mon_map magic: 0 v1 ==== 229+0+0 (secure 0 0 0) 0x7fda6c00d9f0 con 0x7fda700724b0
2023-11-15T01:49:25.257 INFO:teuthology.orchestra.run.smithi055.stderr:/usr/bin/ceph:
2023-11-15T01:49:25.252+0000 7fda77d9d700 1 -- 172.21.15.55:0/799740731 --> [v2:172.21.15.55:3300/0,v1:172.21.15.55:6789/0] -- mon_subscribe({mgrmap=0+}) v3 -- 0x7fda7010d3e0 con 0x7fda700724b0
2023-11-15T01:49:25.258 INFO:teuthology.orchestra.run.smithi055.stderr:/usr/bin/ceph:
2023-11-15T01:49:25.252+0000 7fda5e7fc700 1 -- 172.21.15.55:0/799740731 <== mon.0 v2:172.21.15.55:3300/0 2 ==== config(25 keys) v1 ==== 1010+0+0 (secure 0 0 0) 0x7fda6c01a9f0 con 0x7fda700724b0
2023-11-15T01:49:25.258 INFO:teuthology.orchestra.run.smithi055.stderr:/usr/bin/ceph:
2023-11-15T01:49:25.252+0000 7fda5e7fc700 1 -- 172.21.15.55:0/799740731 <== mon.0 v2:172.21.15.55:3300/0 3 ==== mon_map magic: 0 v1 ==== 229+0+0 (secure 0 0 0) 0x7fda6c01b8c0 con 0x7fda700724b0
2023-11-15T01:49:25.258 INFO:teuthology.orchestra.run.smithi055.stderr:/usr/bin/ceph:
2023-11-15T01:49:25.252+0000 7fda77d9d700 1 -- 172.21.15.55:0/799740731 --> [v2:172.21.15.55:3300/0,v1:172.21.15.55:6789/0] -- mon_subscribe({osdmap=0}) v3 -- 0x7fda7010d7f0 con 0x7fda700724b0
2023-11-15T01:49:25.258 INFO:teuthology.orchestra.run.smithi055.stderr:/usr/bin/ceph:
2023-11-15T01:49:25.253+0000 7fda5e7fc700 1 -- 172.21.15.55:0/799740731 <== mon.0 v2:172.21.15.55:3300/0 4 ==== mgrmap(e 9) v1 ==== 36134+0+0 (secure 0 0 0) 0x7fda6c00f070 con 0x7fda700724b0
2023-11-15T01:49:25.258 INFO:teuthology.orchestra.run.smithi055.stderr:/usr/bin/ceph:
2023-11-15T01:49:25.253+0000 7fda77d9d700 1 -- 172.21.15.55:0/799740731 --> [v2:172.21.15.55:3300/0,v1:172.21.15.55:6789/0] -- mon_command({"prefix": "get_command_descriptions"} v 0) v1 -- 0x7fda70045ad0 con 0x7fda700724b0
2023-11-15T01:49:25.259 INFO:teuthology.orchestra.run.smithi055.stderr:/usr/bin/ceph:
2023-11-15T01:49:25.254+0000 7fda5e7fc700 1 --2- 172.21.15.55:0/799740731 >> [v2:172.21.15.55:6800/1950005071,v1:172.21.15.55:6801/1950005071] conn(0x7fda5802fe00 0x7fda580322c0 unknown :-1 s=NONE pgs=0 cs=0 l=1 rev1=0 rx=0 tx=0).connect
2023-11-15T01:49:25.259 INFO:teuthology.orchestra.run.smithi055.stderr:/usr/bin/ceph:
2023-11-15T01:49:25.254+0000 7fda5e7fc700 1 -- 172.21.15.55:0/799740731 <== mon.0 v2:172.21.15.55:3300/0 5 ==== osd_map(2..2 src has 1..2) v4 ==== 926+0+0 (secure 0 0 0) 0x7fda6c041470 con 0x7fda700724b0
2023-11-15T01:49:25.259 INFO:teuthology.orchestra.run.smithi055.stderr:/usr/bin/ceph:
2023-11-15T01:49:25.254+0000 7fda75338700 1 -- 172.21.15.55:0/799740731 >> [v2:172.21.15.55:6800/1950005071,v1:172.21.15.55:6801/1950005071] conn(0x7fda5802fe00 msgr2=0x7fda580322c0 unknown :-1 s=STATE_CONNECTING_RE l=1).process reconnect failed to v2:172.21.15.55:6800/1950005071
2023-11-15T01:49:25.259 INFO:teuthology.orchestra.run.smithi055.stderr:/usr/bin/ceph:
2023-11-15T01:49:25.254+0000 7fda75338700 1 --2- 172.21.15.55:0/799740731 >> [v2:172.21.15.55:6800/1950005071,v1:172.21.15.55:6801/1950005071] conn(0x7fda5802fe00 0x7fda580322c0 unknown :-1 s=START_CONNECT pgs=0 cs=0 l=1 rev1=0 rx=0 tx=0)._fault waiting 0.200000
2023-11-15T01:49:25.260 INFO:teuthology.orchestra.run.smithi055.stderr:/usr/bin/ceph:
2023-11-15T01:49:25.258+0000 7fda5e7fc700 1 -- 172.21.15.55:0/799740731 <== mon.0 v2:172.21.15.55:3300/0 6 ==== mon_command_ack([{"prefix": "get_command_descriptions"}]=0 v0) v1 ==== 72+0+152212 (secure 0 0 0) 0x7fda6c0224f0 con 0x7fda700724b0
2023-11-15T01:49:25.456 INFO:teuthology.orchestra.run.smithi055.stderr:/usr/bin/ceph:
2023-11-15T01:49:25.455+0000 7fda75338700 1 -- 172.21.15.55:0/799740731 >> [v2:172.21.15.55:6800/1950005071,v1:172.21.15.55:6801/1950005071] conn(0x7fda5802fe00 msgr2=0x7fda580322c0 unknown :-1 s=STATE_CONNECTING_RE l=1).process reconnect failed to v2:172.21.15.55:6800/1950005071
2023-11-15T01:49:25.456 INFO:teuthology.orchestra.run.smithi055.stderr:/usr/bin/ceph:
2023-11-15T01:49:25.455+0000 7fda75338700 1 --2- 172.21.15.55:0/799740731 >> [v2:172.21.15.55:6800/1950005071,v1:172.21.15.55:6801/1950005071] conn(0x7fda5802fe00 0x7fda580322c0 unknown :-1 s=START_CONNECT pgs=0 cs=0 l=1 rev1=0 rx=0 tx=0)._fault waiting 0.400000
2023-11-15T01:49:25.456 INFO:teuthology.orchestra.run.smithi055.stderr:/usr/bin/ceph:
2023-11-15T01:49:25.455+0000 7fda77d9d700 1 -- 172.21.15.55:0/799740731 --> [v2:172.21.15.55:6800/1950005071,v1:172.21.15.55:6801/1950005071] -- mgr_command(tid 0: {"prefix": "orch apply", "service_type": "prometheus", "target": ["mon-mgr", ""]}) v1 -- 0x7fda7010e050 con 0x7fda5802fe00
2023-11-15T01:49:25.828 INFO:journalctl@ceph.mon.smithi055.smithi055.stdout:Nov 15 01:49:25 smithi055 ceph-0cb4fc0c-8359-11ee-8dbe-212e2dc638e7-mon.smithi055[141575]: audit
2023-11-15T01:49:24.537968+0000 mon.smithi055 (mon.0) 61 : audit [INF] from='client.? 172.21.15.55:0/837874435' entity='client.admin' cmd='[{"prefix": "mgr module enable", "module": "prometheus"}]': finished
2023-11-15T01:49:25.828 INFO:journalctl@ceph.mon.smithi055.smithi055.stdout:Nov 15 01:49:25 smithi055 ceph-0cb4fc0c-8359-11ee-8dbe-212e2dc638e7-mon.smithi055[141575]: cluster
2023-11-15T01:49:24.538046+0000 mon.smithi055 (mon.0) 62 : cluster [DBG] mgrmap e9: smithi055.szwngw(active, since 16s)
2023-11-15T01:49:25.858 INFO:teuthology.orchestra.run.smithi055.stderr:/usr/bin/ceph:
2023-11-15T01:49:25.856+0000 7fda75338700 1 -- 172.21.15.55:0/799740731 >> [v2:172.21.15.55:6800/1950005071,v1:172.21.15.55:6801/1950005071] conn(0x7fda5802fe00 msgr2=0x7fda580322c0 unknown :-1 s=STATE_CONNECTING_RE l=1).process reconnect failed to v2:172.21.15.55:6800/1950005071
2023-11-15T01:49:25.859 INFO:teuthology.orchestra.run.smithi055.stderr:/usr/bin/ceph:
2023-11-15T01:49:25.856+0000 7fda75338700 1 --2- 172.21.15.55:0/799740731 >> [v2:172.21.15.55:6800/1950005071,v1:172.21.15.55:6801/1950005071] conn(0x7fda5802fe00 0x7fda580322c0 unknown :-1 s=START_CONNECT pgs=0 cs=0 l=1 rev1=0 rx=0 tx=0)._fault waiting 0.800000
2023-11-15T01:49:26.658 INFO:teuthology.orchestra.run.smithi055.stderr:/usr/bin/ceph:
2023-11-15T01:49:26.657+0000 7fda75338700 1 -- 172.21.15.55:0/799740731 >> [v2:172.21.15.55:6800/1950005071,v1:172.21.15.55:6801/1950005071] conn(0x7fda5802fe00 msgr2=0x7fda580322c0 unknown :-1 s=STATE_CONNECTING_RE l=1).process reconnect failed to v2:172.21.15.55:6800/1950005071
2023-11-15T01:49:26.658 INFO:teuthology.orchestra.run.smithi055.stderr:/usr/bin/ceph:
2023-11-15T01:49:26.657+0000 7fda75338700 1 --2- 172.21.15.55:0/799740731 >> [v2:172.21.15.55:6800/1950005071,v1:172.21.15.55:6801/1950005071] conn(0x7fda5802fe00 0x7fda580322c0 unknown :-1 s=START_CONNECT pgs=0 cs=0 l=1 rev1=0 rx=0 tx=0)._fault waiting 1.600000
2023-11-15T01:49:28.259 INFO:teuthology.orchestra.run.smithi055.stderr:/usr/bin/ceph:
2023-11-15T01:49:28.258+0000 7fda75338700 1 -- 172.21.15.55:0/799740731 >> [v2:172.21.15.55:6800/1950005071,v1:172.21.15.55:6801/1950005071] conn(0x7fda5802fe00 msgr2=0x7fda580322c0 unknown :-1 s=STATE_CONNECTING_RE l=1).process reconnect failed to v2:172.21.15.55:6800/1950005071
2023-11-15T01:49:28.260 INFO:teuthology.orchestra.run.smithi055.stderr:/usr/bin/ceph:
2023-11-15T01:49:28.258+0000 7fda75338700 1 --2- 172.21.15.55:0/799740731 >> [v2:172.21.15.55:6800/1950005071,v1:172.21.15.55:6801/1950005071] conn(0x7fda5802fe00 0x7fda580322c0 unknown :-1 s=START_CONNECT pgs=0 cs=0 l=1 rev1=0 rx=0 tx=0)._fault waiting 3.200000
2023-11-15T01:49:30.208 INFO:teuthology.orchestra.run.smithi055.stderr:/usr/bin/ceph:
2023-11-15T01:49:30.207+0000 7fda5e7fc700 1 -- 172.21.15.55:0/799740731 <== mon.0 v2:172.21.15.55:3300/0 7 ==== mgrmap(e 10) v1 ==== 35984+0+0 (secure 0 0 0) 0x7fda6c022d80 con 0x7fda700724b0
2023-11-15T01:49:30.209 INFO:teuthology.orchestra.run.smithi055.stderr:/usr/bin/ceph:
2023-11-15T01:49:30.207+0000 7fda5e7fc700 1 -- 172.21.15.55:0/799740731 >> [v2:172.21.15.55:6800/1950005071,v1:172.21.15.55:6801/1950005071] conn(0x7fda5802fe00 msgr2=0x7fda580322c0 unknown :-1 s=STATE_CONNECTING l=1).mark_down
2023-11-15T01:49:30.209 INFO:teuthology.orchestra.run.smithi055.stderr:/usr/bin/ceph:
2023-11-15T01:49:30.207+0000 7fda5e7fc700 1 --2- 172.21.15.55:0/799740731 >> [v2:172.21.15.55:6800/1950005071,v1:172.21.15.55:6801/1950005071] conn(0x7fda5802fe00 0x7fda580322c0 unknown :-1 s=START_CONNECT pgs=0 cs=0 l=1 rev1=0 rx=0 tx=0).stop
2023-11-15T01:49:30.460 INFO:journalctl@ceph.mon.smithi055.smithi055.stdout:Nov 15 01:49:30 smithi055 ceph-0cb4fc0c-8359-11ee-8dbe-212e2dc638e7-mon.smithi055[141575]: cluster
2023-11-15T01:49:30.155550+0000 mon.smithi055 (mon.0) 63 : cluster [INF] Active manager daemon smithi055.szwngw restarted
2023-11-15T01:49:30.460 INFO:journalctl@ceph.mon.smithi055.smithi055.stdout:Nov 15 01:49:30 smithi055 ceph-0cb4fc0c-8359-11ee-8dbe-212e2dc638e7-mon.smithi055[141575]: cluster
2023-11-15T01:49:30.156071+0000 mon.smithi055 (mon.0) 64 : cluster [INF] Activating manager daemon smithi055.szwngw
2023-11-15T01:49:30.461 INFO:journalctl@ceph.mon.smithi055.smithi055.stdout:Nov 15 01:49:30 smithi055 ceph-0cb4fc0c-8359-11ee-8dbe-212e2dc638e7-mon.smithi055[141575]: cluster
2023-11-15T01:49:30.162727+0000 mon.smithi055 (mon.0) 65 : cluster [DBG] osdmap e3: 0 total, 0 up, 0 in
2023-11-15T01:49:31.222 INFO:teuthology.orchestra.run.smithi055.stderr:/usr/bin/ceph:
2023-11-15T01:49:31.220+0000 7fda5e7fc700 1 -- 172.21.15.55:0/799740731 <== mon.0 v2:172.21.15.55:3300/0 8 ==== mgrmap(e 11) v1 ==== 36054+0+0 (secure 0 0 0) 0x7fda6c01ac20 con 0x7fda700724b0
2023-11-15T01:49:31.223 INFO:teuthology.orchestra.run.smithi055.stderr:/usr/bin/ceph:
2023-11-15T01:49:31.221+0000 7fda5e7fc700 1 --2- 172.21.15.55:0/799740731 >> [v2:172.21.15.55:6800/2574607930,v1:172.21.15.55:6801/2574607930] conn(0x7fda58033c20 0x7fda58036010 unknown :-1 s=NONE pgs=0 cs=0 l=1 rev1=0 rx=0 tx=0).connect
2023-11-15T01:49:31.223 INFO:teuthology.orchestra.run.smithi055.stderr:/usr/bin/ceph:
2023-11-15T01:49:31.221+0000 7fda5e7fc700 1 -- 172.21.15.55:0/799740731 --> [v2:172.21.15.55:6800/2574607930,v1:172.21.15.55:6801/2574607930] -- mgr_command(tid 0: {"prefix": "orch apply", "service_type": "prometheus", "target": ["mon-mgr", ""]}) v1 -- 0x7fda7010e050 con 0x7fda58033c20
2023-11-15T01:49:31.224 INFO:teuthology.orchestra.run.smithi055.stderr:/usr/bin/ceph:
2023-11-15T01:49:31.221+0000 7fda75338700 1 --2- 172.21.15.55:0/799740731 >> [v2:172.21.15.55:6800/2574607930,v1:172.21.15.55:6801/2574607930] conn(0x7fda58033c20 0x7fda58036010 unknown :-1 s=BANNER_CONNECTING pgs=0 cs=0 l=1 rev1=0 rx=0 tx=0)._handle_peer_banner_payload supported=1 required=0
2023-11-15T01:49:31.224 INFO:teuthology.orchestra.run.smithi055.stderr:/usr/bin/ceph:
2023-11-15T01:49:31.222+0000 7fda75338700 1 --2- 172.21.15.55:0/799740731 >> [v2:172.21.15.55:6800/2574607930,v1:172.21.15.55:6801/2574607930] conn(0x7fda58033c20 0x7fda58036010 secure :-1 s=READY pgs=2 cs=0 l=1 rev1=1 rx=0x7fda60006fd0 tx=0x7fda60006d30).ready entity=mgr.14144 client_cookie=0 server_cookie=0 in_seq=0 out_seq=0
2023-11-15T01:49:31.228 INFO:teuthology.orchestra.run.smithi055.stderr:/usr/bin/ceph:
2023-11-15T01:49:31.227+0000 7fda5e7fc700 1 -- 172.21.15.55:0/799740731 <== mgr.14144 v2:172.21.15.55:6800/2574607930 1 ==== mgr_command_reply(tid 0: 0 ) v1 ==== 8+0+31 (secure 0 0 0) 0x7fda7010e050 con 0x7fda58033c20
2023-11-15T01:49:31.228 INFO:teuthology.orchestra.run.smithi055.stderr:/usr/bin/ceph: Scheduled prometheus update...
2023-11-15T01:49:31.234 INFO:teuthology.orchestra.run.smithi055.stderr:/usr/bin/ceph:
2023-11-15T01:49:31.230+0000 7fda77d9d700 1 -- 172.21.15.55:0/799740731 >> [v2:172.21.15.55:6800/2574607930,v1:172.21.15.55:6801/2574607930] conn(0x7fda58033c20 msgr2=0x7fda58036010 secure :-1 s=STATE_CONNECTION_ESTABLISHED l=1).mark_down
2023-11-15T01:49:31.234 INFO:teuthology.orchestra.run.smithi055.stderr:/usr/bin/ceph:
2023-11-15T01:49:31.230+0000 7fda77d9d700 1 --2- 172.21.15.55:0/799740731 >> [v2:172.21.15.55:6800/2574607930,v1:172.21.15.55:6801/2574607930] conn(0x7fda58033c20 0x7fda58036010 secure :-1 s=READY pgs=2 cs=0 l=1 rev1=1 rx=0x7fda60006fd0 tx=0x7fda60006d30).stop
2023-11-15T01:49:31.235 INFO:teuthology.orchestra.run.smithi055.stderr:/usr/bin/ceph:
2023-11-15T01:49:31.230+0000 7fda77d9d700 1 -- 172.21.15.55:0/799740731 >> [v2:172.21.15.55:3300/0,v1:172.21.15.55:6789/0] conn(0x7fda700724b0 msgr2=0x7fda7010ccf0 secure :-1 s=STATE_CONNECTION_ESTABLISHED l=1).mark_down
2023-11-15T01:49:31.235 INFO:teuthology.orchestra.run.smithi055.stderr:/usr/bin/ceph:
2023-11-15T01:49:31.230+0000 7fda77d9d700 1 --2- 172.21.15.55:0/799740731 >> [v2:172.21.15.55:3300/0,v1:172.21.15.55:6789/0] conn(0x7fda700724b0 0x7fda7010ccf0 secure :-1 s=READY pgs=52 cs=0 l=1 rev1=1 rx=0x7fda6c00e040 tx=0x7fda6c006ee0).stop
2023-11-15T01:49:31.235 INFO:teuthology.orchestra.run.smithi055.stderr:/usr/bin/ceph:
2023-11-15T01:49:31.230+0000 7fda77d9d700 1 -- 172.21.15.55:0/799740731 shutdown_connections
2023-11-15T01:49:31.235 INFO:teuthology.orchestra.run.smithi055.stderr:/usr/bin/ceph:
2023-11-15T01:49:31.230+0000 7fda77d9d700 1 --2- 172.21.15.55:0/799740731 >> [v2:172.21.15.55:6800/2574607930,v1:172.21.15.55:6801/2574607930] conn(0x7fda58033c20 0x7fda58036010 unknown :-1 s=CLOSED pgs=2 cs=0 l=1 rev1=1 rx=0 tx=0).stop
2023-11-15T01:49:31.236 INFO:teuthology.orchestra.run.smithi055.stderr:/usr/bin/ceph:
2023-11-15T01:49:31.230+0000 7fda77d9d700 1 --2- 172.21.15.55:0/799740731 >> [v2:172.21.15.55:3300/0,v1:172.21.15.55:6789/0] conn(0x7fda700724b0 0x7fda7010ccf0 unknown :-1 s=CLOSED pgs=52 cs=0 l=1 rev1=1 rx=0 tx=0).stop
2023-11-15T01:49:31.236 INFO:teuthology.orchestra.run.smithi055.stderr:/usr/bin/ceph:
2023-11-15T01:49:31.230+0000 7fda77d9d700 1 --2- 172.21.15.55:0/799740731 >> [v2:172.21.15.55:6800/1950005071,v1:172.21.15.55:6801/1950005071] conn(0x7fda5802fe00 0x7fda580322c0 unknown :-1 s=CLOSED pgs=0 cs=0 l=1 rev1=0 rx=0 tx=0).stop
2023-11-15T01:49:31.236 INFO:teuthology.orchestra.run.smithi055.stderr:/usr/bin/ceph:
2023-11-15T01:49:31.230+0000 7fda77d9d700 1 -- 172.21.15.55:0/799740731 >> 172.21.15.55:0/799740731 conn(0x7fda700f74c0 msgr2=0x7fda700f9030 unknown :-1 s=STATE_NONE l=0).mark_down
2023-11-15T01:49:31.236 INFO:teuthology.orchestra.run.smithi055.stderr:/usr/bin/ceph:
2023-11-15T01:49:31.230+0000 7fda77d9d700 1 -- 172.21.15.55:0/799740731 shutdown_connections
2023-11-15T01:49:31.236 INFO:teuthology.orchestra.run.smithi055.stderr:/usr/bin/ceph:
2023-11-15T01:49:31.230+0000 7fda77d9d700 1 -- 172.21.15.55:0/799740731 wait complete.
2023-11-15T01:49:31.552 INFO:teuthology.orchestra.run.smithi055.stderr:Deploying grafana service with default placement...
2023-11-15T01:49:31.552 INFO:teuthology.orchestra.run.smithi055.stderr:Running command: /bin/podman run --rm --ipc=host --no-hosts --net=host --entrypoint /usr/bin/ceph --init -e CONTAINER_IMAGE=docker.io/ceph/ceph:v16.2.4 -e NODE_NAME=smithi055 -e CEPH_USE_RANDOM_NONCE=1 -v /var/log/ceph/0cb4fc0c-8359-11ee-8dbe-212e2dc638e7:/var/log/ceph:z -v /tmp/ceph-tmpc1yi9jse:/etc/ceph/ceph.client.admin.keyring:z -v /tmp/ceph-tmpra3bp1py:/etc/ceph/ceph.conf:z docker.io/ceph/ceph:v16.2.4 orch apply grafana
2023-11-15T01:49:31.555 INFO:journalctl@ceph.mon.smithi055.smithi055.stdout:Nov 15 01:49:31 smithi055 ceph-0cb4fc0c-8359-11ee-8dbe-212e2dc638e7-mon.smithi055[141575]: cluster
2023-11-15T01:49:30.208939+0000 mon.smithi055 (mon.0) 66 : cluster [DBG] mgrmap e10: smithi055.szwngw(active, starting, since 0.0529871s)
2023-11-15T01:49:31.555 INFO:journalctl@ceph.mon.smithi055.smithi055.stdout:Nov 15 01:49:31 smithi055 ceph-0cb4fc0c-8359-11ee-8dbe-212e2dc638e7-mon.smithi055[141575]: audit
2023-11-15T01:49:30.211959+0000 mon.smithi055 (mon.0) 67 : audit [DBG] from='mgr.14144 172.21.15.55:0/227792247' entity='mgr.smithi055.szwngw' cmd=[{"prefix": "mon metadata", "id": "smithi055"}]: dispatch
2023-11-15T01:49:31.555 INFO:journalctl@ceph.mon.smithi055.smithi055.stdout:Nov 15 01:49:31 smithi055 ceph-0cb4fc0c-8359-11ee-8dbe-212e2dc638e7-mon.smithi055[141575]: audit
2023-11-15T01:49:30.212844+0000 mon.smithi055 (mon.0) 68 : audit [DBG] from='mgr.14144 172.21.15.55:0/227792247' entity='mgr.smithi055.szwngw' cmd=[{"prefix": "mgr metadata", "who": "smithi055.szwngw", "id": "smithi055.szwngw"}]: dispatch
2023-11-15T01:49:31.555 INFO:journalctl@ceph.mon.smithi055.smithi055.stdout:Nov 15 01:49:31 smithi055 ceph-0cb4fc0c-8359-11ee-8dbe-212e2dc638e7-mon.smithi055[141575]: audit
2023-11-15T01:49:30.213654+0000 mon.smithi055 (mon.0) 69 : audit [DBG] from='mgr.14144 172.21.15.55:0/227792247' entity='mgr.smithi055.szwngw' cmd=[{"prefix": "mds metadata"}]: dispatch
2023-11-15T01:49:31.555 INFO:journalctl@ceph.mon.smithi055.smithi055.stdout:Nov 15 01:49:31 smithi055 ceph-0cb4fc0c-8359-11ee-8dbe-212e2dc638e7-mon.smithi055[141575]: audit
2023-11-15T01:49:30.213811+0000 mon.smithi055 (mon.0) 70 : audit [DBG] from='mgr.14144 172.21.15.55:0/227792247' entity='mgr.smithi055.szwngw' cmd=[{"prefix": "osd metadata"}]: dispatch
2023-11-15T01:49:31.556 INFO:journalctl@ceph.mon.smithi055.smithi055.stdout:Nov 15 01:49:31 smithi055 ceph-0cb4fc0c-8359-11ee-8dbe-212e2dc638e7-mon.smithi055[141575]: audit
2023-11-15T01:49:30.213959+0000 mon.smithi055 (mon.0) 71 : audit [DBG] from='mgr.14144 172.21.15.55:0/227792247' entity='mgr.smithi055.szwngw' cmd=[{"prefix": "mon metadata"}]: dispatch
2023-11-15T01:49:31.556 INFO:journalctl@ceph.mon.smithi055.smithi055.stdout:Nov 15 01:49:31 smithi055 ceph-0cb4fc0c-8359-11ee-8dbe-212e2dc638e7-mon.smithi055[141575]: cluster
2023-11-15T01:49:30.228411+0000 mon.smithi055 (mon.0) 72 : cluster [INF] Manager daemon smithi055.szwngw is now available
2023-11-15T01:49:31.556 INFO:journalctl@ceph.mon.smithi055.smithi055.stdout:Nov 15 01:49:31 smithi055 ceph-0cb4fc0c-8359-11ee-8dbe-212e2dc638e7-mon.smithi055[141575]: audit
2023-11-15T01:49:30.340386+0000 mon.smithi055 (mon.0) 73 : audit [DBG] from='mgr.14144 172.21.15.55:0/227792247' entity='mgr.smithi055.szwngw' cmd=[{"prefix": "config dump", "format": "json"}]: dispatch
2023-11-15T01:49:31.556 INFO:journalctl@ceph.mon.smithi055.smithi055.stdout:Nov 15 01:49:31 smithi055 ceph-0cb4fc0c-8359-11ee-8dbe-212e2dc638e7-mon.smithi055[141575]: audit
2023-11-15T01:49:30.342270+0000 mon.smithi055 (mon.0) 74 : audit [DBG] from='mgr.14144 172.21.15.55:0/227792247' entity='mgr.smithi055.szwngw' cmd=[{"prefix": "config dump", "format": "json"}]: dispatch
2023-11-15T01:49:31.556 INFO:journalctl@ceph.mon.smithi055.smithi055.stdout:Nov 15 01:49:31 smithi055 ceph-0cb4fc0c-8359-11ee-8dbe-212e2dc638e7-mon.smithi055[141575]: audit
2023-11-15T01:49:30.359599+0000 mon.smithi055 (mon.0) 75 : audit [INF] from='mgr.14144 172.21.15.55:0/227792247' entity='mgr.smithi055.szwngw' cmd=[{"prefix":"config rm","who":"mgr","name":"mgr/rbd_support/smithi055.szwngw/mirror_snapshot_schedule"}]: dispatch
2023-11-15T01:49:31.557 INFO:journalctl@ceph.mon.smithi055.smithi055.stdout:Nov 15 01:49:31 smithi055 ceph-0cb4fc0c-8359-11ee-8dbe-212e2dc638e7-mon.smithi055[141575]: audit
2023-11-15T01:49:30.369897+0000 mon.smithi055 (mon.0) 76 : audit [INF] from='mgr.14144 172.21.15.55:0/227792247' entity='mgr.smithi055.szwngw' cmd=[{"prefix":"config rm","who":"mgr","name":"mgr/rbd_support/smithi055.szwngw/trash_purge_schedule"}]: dispatch
2023-11-15T01:49:31.927 INFO:teuthology.orchestra.run.smithi055.stderr:/usr/bin/ceph:
2023-11-15T01:49:31.926+0000 7f7e09ead700 1 Processor -- start
2023-11-15T01:49:31.928 INFO:teuthology.orchestra.run.smithi055.stderr:/usr/bin/ceph:
2023-11-15T01:49:31.926+0000 7f7e09ead700 1 -- start start
2023-11-15T01:49:31.928 INFO:teuthology.orchestra.run.smithi055.stderr:/usr/bin/ceph:
2023-11-15T01:49:31.926+0000 7f7e09ead700 1 --2- >> [v2:172.21.15.55:3300/0,v1:172.21.15.55:6789/0] conn(0x7f7e040703b0 0x7f7e04100d60 unknown :-1 s=NONE pgs=0 cs=0 l=0 rev1=0 rx=0 tx=0).connect
2023-11-15T01:49:31.928 INFO:teuthology.orchestra.run.smithi055.stderr:/usr/bin/ceph:
2023-11-15T01:49:31.926+0000 7f7e09ead700 1 -- --> [v2:172.21.15.55:3300/0,v1:172.21.15.55:6789/0] -- mon_getmap magic: 0 v1 -- 0x7f7e040fc750 con 0x7f7e040703b0
2023-11-15T01:49:31.928 INFO:teuthology.orchestra.run.smithi055.stderr:/usr/bin/ceph:
2023-11-15T01:49:31.927+0000 7f7e037fe700 1 --2- >> [v2:172.21.15.55:3300/0,v1:172.21.15.55:6789/0] conn(0x7f7e040703b0 0x7f7e04100d60 unknown :-1 s=BANNER_CONNECTING pgs=0 cs=0 l=0 rev1=0 rx=0 tx=0)._handle_peer_banner_payload supported=1 required=0
2023-11-15T01:49:31.928 INFO:teuthology.orchestra.run.smithi055.stderr:/usr/bin/ceph:
2023-11-15T01:49:31.927+0000 7f7e037fe700 1 --2- >> [v2:172.21.15.55:3300/0,v1:172.21.15.55:6789/0] conn(0x7f7e040703b0 0x7f7e04100d60 unknown :-1 s=HELLO_CONNECTING pgs=0 cs=0 l=0 rev1=1 rx=0 tx=0).handle_hello peer v2:172.21.15.55:3300/0 says I am v2:172.21.15.55:47348/0 (socket says 172.21.15.55:47348)
2023-11-15T01:49:31.931 INFO:teuthology.orchestra.run.smithi055.stderr:/usr/bin/ceph:
2023-11-15T01:49:31.927+0000 7f7e037fe700 1 -- 172.21.15.55:0/4242127830 learned_addr learned my addr 172.21.15.55:0/4242127830 (peer_addr_for_me v2:172.21.15.55:0/0)
2023-11-15T01:49:31.931 INFO:teuthology.orchestra.run.smithi055.stderr:/usr/bin/ceph:
2023-11-15T01:49:31.927+0000 7f7e037fe700 1 -- 172.21.15.55:0/4242127830 --> [v2:172.21.15.55:3300/0,v1:172.21.15.55:6789/0] -- mon_subscribe({config=0+,monmap=0+}) v3 -- 0x7f7e04101250 con 0x7f7e040703b0
2023-11-15T01:49:31.932 INFO:teuthology.orchestra.run.smithi055.stderr:/usr/bin/ceph:
2023-11-15T01:49:31.927+0000 7f7e037fe700 1 --2- 172.21.15.55:0/4242127830 >> [v2:172.21.15.55:3300/0,v1:172.21.15.55:6789/0] conn(0x7f7e040703b0 0x7f7e04100d60 secure :-1 s=READY pgs=58 cs=0 l=1 rev1=1 rx=0x7f7df400b5f0 tx=0x7f7df4006ee0).ready entity=mon.0 client_cookie=8b7cbdc6a72dc980 server_cookie=0 in_seq=0 out_seq=0
2023-11-15T01:49:31.932 INFO:teuthology.orchestra.run.smithi055.stderr:/usr/bin/ceph:
