2023-11-15T01:49:44.388 INFO:teuthology.orchestra.run.smithi055.stderr:/usr/bin/ceph:
2023-11-15T01:49:44.377+0000 7f1be992a700 1 --2- 172.21.15.55:0/521081161 >> [v2:172.21.15.55:6800/157802929,v1:172.21.15.55:6801/157802929] conn(0x7f1bcc02fdc0 0x7f1bcc032280 secure :-1 s=READY pgs=6 cs=0 l=1 rev1=1 rx=0x7f1bd40096a0 tx=0x7f1bd4006b40).ready entity=mgr.14164 client_cookie=0 server_cookie=0 in_seq=0 out_seq=0
2023-11-15T01:49:44.389 INFO:teuthology.orchestra.run.smithi055.stderr:/usr/bin/ceph:
2023-11-15T01:49:44.382+0000 7f1bd2ffd700 1 -- 172.21.15.55:0/521081161 <== mon.0 v2:172.21.15.55:3300/0 6 ==== mon_command_ack([{"prefix": "get_command_descriptions"}]=0 v0) v1 ==== 72+0+152212 (secure 0 0 0) 0x7f1be0016070 con 0x7f1be4070390
2023-11-15T01:49:44.553 INFO:teuthology.orchestra.run.smithi055.stderr:/usr/bin/ceph:
2023-11-15T01:49:44.552+0000 7f1bec38f700 1 -- 172.21.15.55:0/521081161 --> [v2:172.21.15.55:6800/157802929,v1:172.21.15.55:6801/157802929] -- mgr_command(tid 0: {"prefix": "dashboard create-self-signed-cert", "target": ["mon-mgr", ""]}) v1 -- 0x7f1be4101f30 con 0x7f1bcc02fdc0
2023-11-15T01:49:44.621 INFO:teuthology.orchestra.run.smithi055.stderr:/usr/bin/ceph:
2023-11-15T01:49:44.620+0000 7f1bd2ffd700 1 -- 172.21.15.55:0/521081161 <== mgr.14164 v2:172.21.15.55:6800/157802929 1 ==== mgr_command_reply(tid 0: 0 ) v1 ==== 8+0+32 (secure 0 0 0) 0x7f1be4101f30 con 0x7f1bcc02fdc0
2023-11-15T01:49:44.622 INFO:teuthology.orchestra.run.smithi055.stderr:/usr/bin/ceph: Self-signed certificate created
2023-11-15T01:49:44.624 INFO:teuthology.orchestra.run.smithi055.stderr:/usr/bin/ceph:
2023-11-15T01:49:44.622+0000 7f1bec38f700 1 -- 172.21.15.55:0/521081161 >> [v2:172.21.15.55:6800/157802929,v1:172.21.15.55:6801/157802929] conn(0x7f1bcc02fdc0 msgr2=0x7f1bcc032280 secure :-1 s=STATE_CONNECTION_ESTABLISHED l=1).mark_down
2023-11-15T01:49:44.624 INFO:teuthology.orchestra.run.smithi055.stderr:/usr/bin/ceph:
2023-11-15T01:49:44.623+0000 7f1bec38f700 1 --2- 172.21.15.55:0/521081161 >> [v2:172.21.15.55:6800/157802929,v1:172.21.15.55:6801/157802929] conn(0x7f1bcc02fdc0 0x7f1bcc032280 secure :-1 s=READY pgs=6 cs=0 l=1 rev1=1 rx=0x7f1bd40096a0 tx=0x7f1bd4006b40).stop
2023-11-15T01:49:44.624 INFO:teuthology.orchestra.run.smithi055.stderr:/usr/bin/ceph:
2023-11-15T01:49:44.623+0000 7f1bec38f700 1 -- 172.21.15.55:0/521081161 >> [v2:172.21.15.55:3300/0,v1:172.21.15.55:6789/0] conn(0x7f1be4070390 msgr2=0x7f1be410cd10 secure :-1 s=STATE_CONNECTION_ESTABLISHED l=1).mark_down
2023-11-15T01:49:44.625 INFO:teuthology.orchestra.run.smithi055.stderr:/usr/bin/ceph:
2023-11-15T01:49:44.623+0000 7f1bec38f700 1 --2- 172.21.15.55:0/521081161 >> [v2:172.21.15.55:3300/0,v1:172.21.15.55:6789/0] conn(0x7f1be4070390 0x7f1be410cd10 secure :-1 s=READY pgs=82 cs=0 l=1 rev1=1 rx=0x7f1be000e040 tx=0x7f1be0006ee0).stop
2023-11-15T01:49:44.625 INFO:teuthology.orchestra.run.smithi055.stderr:/usr/bin/ceph:
2023-11-15T01:49:44.623+0000 7f1bec38f700 1 -- 172.21.15.55:0/521081161 shutdown_connections
2023-11-15T01:49:44.625 INFO:teuthology.orchestra.run.smithi055.stderr:/usr/bin/ceph:
2023-11-15T01:49:44.623+0000 7f1bec38f700 1 --2- 172.21.15.55:0/521081161 >> [v2:172.21.15.55:6800/157802929,v1:172.21.15.55:6801/157802929] conn(0x7f1bcc02fdc0 0x7f1bcc032280 unknown :-1 s=CLOSED pgs=6 cs=0 l=1 rev1=1 rx=0 tx=0).stop
2023-11-15T01:49:44.625 INFO:teuthology.orchestra.run.smithi055.stderr:/usr/bin/ceph:
2023-11-15T01:49:44.623+0000 7f1bec38f700 1 --2- 172.21.15.55:0/521081161 >> [v2:172.21.15.55:3300/0,v1:172.21.15.55:6789/0] conn(0x7f1be4070390 0x7f1be410cd10 unknown :-1 s=CLOSED pgs=82 cs=0 l=1 rev1=1 rx=0 tx=0).stop
2023-11-15T01:49:44.625 INFO:teuthology.orchestra.run.smithi055.stderr:/usr/bin/ceph:
2023-11-15T01:49:44.623+0000 7f1bec38f700 1 -- 172.21.15.55:0/521081161 >> 172.21.15.55:0/521081161 conn(0x7f1be40f63c0 msgr2=0x7f1be40f7f80 unknown :-1 s=STATE_NONE l=0).mark_down
2023-11-15T01:49:44.626 INFO:teuthology.orchestra.run.smithi055.stderr:/usr/bin/ceph:
2023-11-15T01:49:44.623+0000 7f1bec38f700 1 -- 172.21.15.55:0/521081161 shutdown_connections
2023-11-15T01:49:44.626 INFO:teuthology.orchestra.run.smithi055.stderr:/usr/bin/ceph:
2023-11-15T01:49:44.623+0000 7f1bec38f700 1 -- 172.21.15.55:0/521081161 wait complete.
2023-11-15T01:49:44.911 INFO:journalctl@ceph.mon.smithi055.smithi055.stdout:Nov 15 01:49:44 smithi055 ceph-0cb4fc0c-8359-11ee-8dbe-212e2dc638e7-mon.smithi055[141575]: cluster
2023-11-15T01:49:43.697398+0000 mon.smithi055 (mon.0) 103 : cluster [DBG] mgrmap e15: smithi055.szwngw(active, since 1.06511s)
2023-11-15T01:49:44.911 INFO:journalctl@ceph.mon.smithi055.smithi055.stdout:Nov 15 01:49:44 smithi055 ceph-0cb4fc0c-8359-11ee-8dbe-212e2dc638e7-mon.smithi055[141575]: audit
2023-11-15T01:49:43.697497+0000 mgr.smithi055.szwngw (mgr.14164) 1 : audit [DBG] from='client.14168 -' entity='client.admin' cmd=[{"prefix": "get_command_descriptions"}]: dispatch
2023-11-15T01:49:44.912 INFO:journalctl@ceph.mon.smithi055.smithi055.stdout:Nov 15 01:49:44 smithi055 ceph-0cb4fc0c-8359-11ee-8dbe-212e2dc638e7-mon.smithi055[141575]: audit
2023-11-15T01:49:43.705155+0000 mgr.smithi055.szwngw (mgr.14164) 2 : audit [DBG] from='client.14168 -' entity='client.admin' cmd=[{"prefix": "mgr_status"}]: dispatch
2023-11-15T01:49:44.912 INFO:journalctl@ceph.mon.smithi055.smithi055.stdout:Nov 15 01:49:44 smithi055 ceph-0cb4fc0c-8359-11ee-8dbe-212e2dc638e7-mon.smithi055[141575]: audit
2023-11-15T01:49:44.616651+0000 mon.smithi055 (mon.0) 104 : audit [INF] from='mgr.14164 172.21.15.55:0/59463371' entity='mgr.smithi055.szwngw'
2023-11-15T01:49:44.912 INFO:journalctl@ceph.mon.smithi055.smithi055.stdout:Nov 15 01:49:44 smithi055 ceph-0cb4fc0c-8359-11ee-8dbe-212e2dc638e7-mon.smithi055[141575]: audit
2023-11-15T01:49:44.621283+0000 mon.smithi055 (mon.0) 105 : audit [INF] from='mgr.14164 172.21.15.55:0/59463371' entity='mgr.smithi055.szwngw'
2023-11-15T01:49:44.974 INFO:teuthology.orchestra.run.smithi055.stderr:Creating initial admin user...
2023-11-15T01:49:44.975 INFO:teuthology.orchestra.run.smithi055.stderr:Running command: /bin/podman run --rm --ipc=host --no-hosts --net=host --entrypoint /usr/bin/ceph --init -e CONTAINER_IMAGE=docker.io/ceph/ceph:v16.2.4 -e NODE_NAME=smithi055 -e CEPH_USE_RANDOM_NONCE=1 -v /var/log/ceph/0cb4fc0c-8359-11ee-8dbe-212e2dc638e7:/var/log/ceph:z -v /tmp/ceph-tmpc1yi9jse:/etc/ceph/ceph.client.admin.keyring:z -v /tmp/ceph-tmpra3bp1py:/etc/ceph/ceph.conf:z -v /tmp/ceph-tmp5r3mrwd_:/tmp/dashboard.pw:z docker.io/ceph/ceph:v16.2.4 dashboard ac-user-create admin -i /tmp/dashboard.pw administrator --force-password --pwd-update-required
2023-11-15T01:49:45.358 INFO:teuthology.orchestra.run.smithi055.stderr:/usr/bin/ceph:
2023-11-15T01:49:45.356+0000 7efc2ab24700 1 Processor -- start
2023-11-15T01:49:45.359 INFO:teuthology.orchestra.run.smithi055.stderr:/usr/bin/ceph:
2023-11-15T01:49:45.356+0000 7efc2ab24700 1 -- start start
2023-11-15T01:49:45.359 INFO:teuthology.orchestra.run.smithi055.stderr:/usr/bin/ceph:
2023-11-15T01:49:45.356+0000 7efc2ab24700 1 --2- >> [v2:172.21.15.55:3300/0,v1:172.21.15.55:6789/0] conn(0x7efc24070430 0x7efc240fe8e0 unknown :-1 s=NONE pgs=0 cs=0 l=0 rev1=0 rx=0 tx=0).connect
2023-11-15T01:49:45.359 INFO:teuthology.orchestra.run.smithi055.stderr:/usr/bin/ceph:
2023-11-15T01:49:45.356+0000 7efc2ab24700 1 -- --> [v2:172.21.15.55:3300/0,v1:172.21.15.55:6789/0] -- mon_getmap magic: 0 v1 -- 0x7efc240fedd0 con 0x7efc24070430
2023-11-15T01:49:45.359 INFO:teuthology.orchestra.run.smithi055.stderr:/usr/bin/ceph:
2023-11-15T01:49:45.356+0000 7efc288c0700 1 --2- >> [v2:172.21.15.55:3300/0,v1:172.21.15.55:6789/0] conn(0x7efc24070430 0x7efc240fe8e0 unknown :-1 s=BANNER_CONNECTING pgs=0 cs=0 l=0 rev1=0 rx=0 tx=0)._handle_peer_banner_payload supported=1 required=0
2023-11-15T01:49:45.359 INFO:teuthology.orchestra.run.smithi055.stderr:/usr/bin/ceph:
2023-11-15T01:49:45.356+0000 7efc288c0700 1 --2- >> [v2:172.21.15.55:3300/0,v1:172.21.15.55:6789/0] conn(0x7efc24070430 0x7efc240fe8e0 unknown :-1 s=HELLO_CONNECTING pgs=0 cs=0 l=0 rev1=1 rx=0 tx=0).handle_hello peer v2:172.21.15.55:3300/0 says I am v2:172.21.15.55:40168/0 (socket says 172.21.15.55:40168)
2023-11-15T01:49:45.360 INFO:teuthology.orchestra.run.smithi055.stderr:/usr/bin/ceph:
2023-11-15T01:49:45.356+0000 7efc288c0700 1 -- 172.21.15.55:0/3104730918 learned_addr learned my addr 172.21.15.55:0/3104730918 (peer_addr_for_me v2:172.21.15.55:0/0)
2023-11-15T01:49:45.360 INFO:teuthology.orchestra.run.smithi055.stderr:/usr/bin/ceph:
2023-11-15T01:49:45.357+0000 7efc288c0700 1 -- 172.21.15.55:0/3104730918 --> [v2:172.21.15.55:3300/0,v1:172.21.15.55:6789/0] -- mon_subscribe({config=0+,monmap=0+}) v3 -- 0x7efc240fef10 con 0x7efc24070430
2023-11-15T01:49:45.360 INFO:teuthology.orchestra.run.smithi055.stderr:/usr/bin/ceph:
2023-11-15T01:49:45.357+0000 7efc288c0700 1 --2- 172.21.15.55:0/3104730918 >> [v2:172.21.15.55:3300/0,v1:172.21.15.55:6789/0] conn(0x7efc24070430 0x7efc240fe8e0 secure :-1 s=READY pgs=83 cs=0 l=1 rev1=1 rx=0x7efc1800b5f0 tx=0x7efc18006ee0).ready entity=mon.0 client_cookie=15222ced18de9ad6 server_cookie=0 in_seq=0 out_seq=0
2023-11-15T01:49:45.360 INFO:teuthology.orchestra.run.smithi055.stderr:/usr/bin/ceph:
2023-11-15T01:49:45.357+0000 7efc237fe700 1 -- 172.21.15.55:0/3104730918 <== mon.0 v2:172.21.15.55:3300/0 1 ==== mon_map magic: 0 v1 ==== 229+0+0 (secure 0 0 0) 0x7efc1800d600 con 0x7efc24070430
2023-11-15T01:49:45.360 INFO:teuthology.orchestra.run.smithi055.stderr:/usr/bin/ceph:
2023-11-15T01:49:45.357+0000 7efc237fe700 1 -- 172.21.15.55:0/3104730918 <== mon.0 v2:172.21.15.55:3300/0 2 ==== config(25 keys) v1 ==== 1010+0+0 (secure 0 0 0) 0x7efc1800dbd0 con 0x7efc24070430
2023-11-15T01:49:45.361 INFO:teuthology.orchestra.run.smithi055.stderr:/usr/bin/ceph:
2023-11-15T01:49:45.357+0000 7efc237fe700 1 -- 172.21.15.55:0/3104730918 <== mon.0 v2:172.21.15.55:3300/0 3 ==== mon_map magic: 0 v1 ==== 229+0+0 (secure 0 0 0) 0x7efc18011c00 con 0x7efc24070430
2023-11-15T01:49:45.361 INFO:teuthology.orchestra.run.smithi055.stderr:/usr/bin/ceph:
2023-11-15T01:49:45.357+0000 7efc2ab24700 1 -- 172.21.15.55:0/3104730918 >> [v2:172.21.15.55:3300/0,v1:172.21.15.55:6789/0] conn(0x7efc24070430 msgr2=0x7efc240fe8e0 secure :-1 s=STATE_CONNECTION_ESTABLISHED l=1).mark_down
2023-11-15T01:49:45.361 INFO:teuthology.orchestra.run.smithi055.stderr:/usr/bin/ceph:
2023-11-15T01:49:45.358+0000 7efc2ab24700 1 --2- 172.21.15.55:0/3104730918 >> [v2:172.21.15.55:3300/0,v1:172.21.15.55:6789/0] conn(0x7efc24070430 0x7efc240fe8e0 secure :-1 s=READY pgs=83 cs=0 l=1 rev1=1 rx=0x7efc1800b5f0 tx=0x7efc18006ee0).stop
2023-11-15T01:49:45.364 INFO:teuthology.orchestra.run.smithi055.stderr:/usr/bin/ceph:
2023-11-15T01:49:45.358+0000 7efc2ab24700 1 -- 172.21.15.55:0/3104730918 shutdown_connections
2023-11-15T01:49:45.364 INFO:teuthology.orchestra.run.smithi055.stderr:/usr/bin/ceph:
2023-11-15T01:49:45.358+0000 7efc2ab24700 1 --2- 172.21.15.55:0/3104730918 >> [v2:172.21.15.55:3300/0,v1:172.21.15.55:6789/0] conn(0x7efc24070430 0x7efc240fe8e0 unknown :-1 s=CLOSED pgs=83 cs=0 l=1 rev1=1 rx=0 tx=0).stop
2023-11-15T01:49:45.364 INFO:teuthology.orchestra.run.smithi055.stderr:/usr/bin/ceph:
2023-11-15T01:49:45.358+0000 7efc2ab24700 1 -- 172.21.15.55:0/3104730918 >> 172.21.15.55:0/3104730918 conn(0x7efc240f63c0 msgr2=0x7efc240f87e0 unknown :-1 s=STATE_NONE l=0).mark_down
2023-11-15T01:49:45.364 INFO:teuthology.orchestra.run.smithi055.stderr:/usr/bin/ceph:
2023-11-15T01:49:45.358+0000 7efc2ab24700 1 -- 172.21.15.55:0/3104730918 shutdown_connections
2023-11-15T01:49:45.364 INFO:teuthology.orchestra.run.smithi055.stderr:/usr/bin/ceph:
2023-11-15T01:49:45.358+0000 7efc2ab24700 1 -- 172.21.15.55:0/3104730918 wait complete.
2023-11-15T01:49:45.365 INFO:teuthology.orchestra.run.smithi055.stderr:/usr/bin/ceph:
2023-11-15T01:49:45.359+0000 7efc2ab24700 1 Processor -- start
2023-11-15T01:49:45.365 INFO:teuthology.orchestra.run.smithi055.stderr:/usr/bin/ceph:
2023-11-15T01:49:45.359+0000 7efc2ab24700 1 -- start start
2023-11-15T01:49:45.365 INFO:teuthology.orchestra.run.smithi055.stderr:/usr/bin/ceph:
2023-11-15T01:49:45.359+0000 7efc2ab24700 1 --2- >> [v2:172.21.15.55:3300/0,v1:172.21.15.55:6789/0] conn(0x7efc24070430 0x7efc2410aa30 unknown :-1 s=NONE pgs=0 cs=0 l=1 rev1=0 rx=0 tx=0).connect
2023-11-15T01:49:45.365 INFO:teuthology.orchestra.run.smithi055.stderr:/usr/bin/ceph:
2023-11-15T01:49:45.359+0000 7efc2ab24700 1 -- --> [v2:172.21.15.55:3300/0,v1:172.21.15.55:6789/0] -- mon_getmap magic: 0 v1 -- 0x7efc2410af20 con 0x7efc24070430
2023-11-15T01:49:45.365 INFO:teuthology.orchestra.run.smithi055.stderr:/usr/bin/ceph:
2023-11-15T01:49:45.359+0000 7efc288c0700 1 --2- >> [v2:172.21.15.55:3300/0,v1:172.21.15.55:6789/0] conn(0x7efc24070430 0x7efc2410aa30 unknown :-1 s=BANNER_CONNECTING pgs=0 cs=0 l=1 rev1=0 rx=0 tx=0)._handle_peer_banner_payload supported=1 required=0
2023-11-15T01:49:45.366 INFO:teuthology.orchestra.run.smithi055.stderr:/usr/bin/ceph:
2023-11-15T01:49:45.359+0000 7efc288c0700 1 --2- >> [v2:172.21.15.55:3300/0,v1:172.21.15.55:6789/0] conn(0x7efc24070430 0x7efc2410aa30 unknown :-1 s=HELLO_CONNECTING pgs=0 cs=0 l=1 rev1=1 rx=0 tx=0).handle_hello peer v2:172.21.15.55:3300/0 says I am v2:172.21.15.55:40172/0 (socket says 172.21.15.55:40172)
2023-11-15T01:49:45.366 INFO:teuthology.orchestra.run.smithi055.stderr:/usr/bin/ceph:
2023-11-15T01:49:45.359+0000 7efc288c0700 1 -- 172.21.15.55:0/3205562545 learned_addr learned my addr 172.21.15.55:0/3205562545 (peer_addr_for_me v2:172.21.15.55:0/0)
2023-11-15T01:49:45.366 INFO:teuthology.orchestra.run.smithi055.stderr:/usr/bin/ceph:
2023-11-15T01:49:45.360+0000 7efc288c0700 1 -- 172.21.15.55:0/3205562545 --> [v2:172.21.15.55:3300/0,v1:172.21.15.55:6789/0] -- mon_subscribe({config=0+,monmap=0+}) v3 -- 0x7efc1800b200 con 0x7efc24070430
2023-11-15T01:49:45.366 INFO:teuthology.orchestra.run.smithi055.stderr:/usr/bin/ceph:
2023-11-15T01:49:45.360+0000 7efc288c0700 1 --2- 172.21.15.55:0/3205562545 >> [v2:172.21.15.55:3300/0,v1:172.21.15.55:6789/0] conn(0x7efc24070430 0x7efc2410aa30 secure :-1 s=READY pgs=84 cs=0 l=1 rev1=1 rx=0x7efc1800b190 tx=0x7efc18006ee0).ready entity=mon.0 client_cookie=0 server_cookie=0 in_seq=0 out_seq=0
2023-11-15T01:49:45.366 INFO:teuthology.orchestra.run.smithi055.stderr:/usr/bin/ceph:
2023-11-15T01:49:45.360+0000 7efc217fa700 1 -- 172.21.15.55:0/3205562545 <== mon.0 v2:172.21.15.55:3300/0 1 ==== mon_map magic: 0 v1 ==== 229+0+0 (secure 0 0 0) 0x7efc1801b410 con 0x7efc24070430
2023-11-15T01:49:45.367 INFO:teuthology.orchestra.run.smithi055.stderr:/usr/bin/ceph:
2023-11-15T01:49:45.360+0000 7efc217fa700 1 -- 172.21.15.55:0/3205562545 <== mon.0 v2:172.21.15.55:3300/0 2 ==== config(25 keys) v1 ==== 1010+0+0 (secure 0 0 0) 0x7efc1801b9e0 con 0x7efc24070430
2023-11-15T01:49:45.367 INFO:teuthology.orchestra.run.smithi055.stderr:/usr/bin/ceph:
2023-11-15T01:49:45.360+0000 7efc2ab24700 1 -- 172.21.15.55:0/3205562545 --> [v2:172.21.15.55:3300/0,v1:172.21.15.55:6789/0] -- mon_subscribe({mgrmap=0+}) v3 -- 0x7efc2410b120 con 0x7efc24070430
2023-11-15T01:49:45.367 INFO:teuthology.orchestra.run.smithi055.stderr:/usr/bin/ceph:
2023-11-15T01:49:45.360+0000 7efc217fa700 1 -- 172.21.15.55:0/3205562545 <== mon.0 v2:172.21.15.55:3300/0 3 ==== mon_map magic: 0 v1 ==== 229+0+0 (secure 0 0 0) 0x7efc1801a880 con 0x7efc24070430
2023-11-15T01:49:45.367 INFO:teuthology.orchestra.run.smithi055.stderr:/usr/bin/ceph:
2023-11-15T01:49:45.360+0000 7efc2ab24700 1 -- 172.21.15.55:0/3205562545 --> [v2:172.21.15.55:3300/0,v1:172.21.15.55:6789/0] -- mon_subscribe({osdmap=0}) v3 -- 0x7efc2410b530 con 0x7efc24070430
2023-11-15T01:49:45.367 INFO:teuthology.orchestra.run.smithi055.stderr:/usr/bin/ceph:
2023-11-15T01:49:45.361+0000 7efc217fa700 1 -- 172.21.15.55:0/3205562545 <== mon.0 v2:172.21.15.55:3300/0 4 ==== mgrmap(e 15) v1 ==== 36067+0+0 (secure 0 0 0) 0x7efc1800f070 con 0x7efc24070430
2023-11-15T01:49:45.368 INFO:teuthology.orchestra.run.smithi055.stderr:/usr/bin/ceph:
2023-11-15T01:49:45.361+0000 7efc2ab24700 1 -- 172.21.15.55:0/3205562545 --> [v2:172.21.15.55:3300/0,v1:172.21.15.55:6789/0] -- mon_command({"prefix": "get_command_descriptions"} v 0) v1 -- 0x7efc24045ad0 con 0x7efc24070430
2023-11-15T01:49:45.368 INFO:teuthology.orchestra.run.smithi055.stderr:/usr/bin/ceph:
2023-11-15T01:49:45.361+0000 7efc217fa700 1 --2- 172.21.15.55:0/3205562545 >> [v2:172.21.15.55:6800/157802929,v1:172.21.15.55:6801/157802929] conn(0x7efc0802fda0 0x7efc08032260 unknown :-1 s=NONE pgs=0 cs=0 l=1 rev1=0 rx=0 tx=0).connect
2023-11-15T01:49:45.368 INFO:teuthology.orchestra.run.smithi055.stderr:/usr/bin/ceph:
2023-11-15T01:49:45.361+0000 7efc217fa700 1 -- 172.21.15.55:0/3205562545 <== mon.0 v2:172.21.15.55:3300/0 5 ==== osd_map(4..4 src has 1..4) v4 ==== 1270+0+0 (secure 0 0 0) 0x7efc180412f0 con 0x7efc24070430
2023-11-15T01:49:45.368 INFO:teuthology.orchestra.run.smithi055.stderr:/usr/bin/ceph:
2023-11-15T01:49:45.361+0000 7efc23fff700 1 --2- 172.21.15.55:0/3205562545 >> [v2:172.21.15.55:6800/157802929,v1:172.21.15.55:6801/157802929] conn(0x7efc0802fda0 0x7efc08032260 unknown :-1 s=BANNER_CONNECTING pgs=0 cs=0 l=1 rev1=0 rx=0 tx=0)._handle_peer_banner_payload supported=1 required=0
2023-11-15T01:49:45.368 INFO:teuthology.orchestra.run.smithi055.stderr:/usr/bin/ceph:
2023-11-15T01:49:45.362+0000 7efc23fff700 1 --2- 172.21.15.55:0/3205562545 >> [v2:172.21.15.55:6800/157802929,v1:172.21.15.55:6801/157802929] conn(0x7efc0802fda0 0x7efc08032260 secure :-1 s=READY pgs=7 cs=0 l=1 rev1=1 rx=0x7efc100096a0 tx=0x7efc10006b40).ready entity=mgr.14164 client_cookie=0 server_cookie=0 in_seq=0 out_seq=0
2023-11-15T01:49:45.369 INFO:teuthology.orchestra.run.smithi055.stderr:/usr/bin/ceph:
2023-11-15T01:49:45.366+0000 7efc217fa700 1 -- 172.21.15.55:0/3205562545 <== mon.0 v2:172.21.15.55:3300/0 6 ==== mon_command_ack([{"prefix": "get_command_descriptions"}]=0 v0) v1 ==== 72+0+152212 (secure 0 0 0) 0x7efc18019950 con 0x7efc24070430
2023-11-15T01:49:45.551 INFO:teuthology.orchestra.run.smithi055.stderr:/usr/bin/ceph:
2023-11-15T01:49:45.550+0000 7efc2ab24700 1 -- 172.21.15.55:0/3205562545 --> [v2:172.21.15.55:6800/157802929,v1:172.21.15.55:6801/157802929] -- mgr_command(tid 0: {"prefix": "dashboard ac-user-create", "username": "admin", "rolename": "administrator", "force_password": true, "pwd_update_required": true, "target": ["mon-mgr", ""]}) v1 -- 0x7efc24058f20 con 0x7efc0802fda0
2023-11-15T01:49:45.624 INFO:teuthology.orchestra.run.smithi055.stderr:/usr/bin/ceph:
2023-11-15T01:49:45.623+0000 7efc217fa700 1 -- 172.21.15.55:0/3205562545 <== mon.0 v2:172.21.15.55:3300/0 7 ==== mgrmap(e 16) v1 ==== 36208+0+0 (secure 0 0 0) 0x7efc1801bb50 con 0x7efc24070430
2023-11-15T01:49:45.806 INFO:teuthology.orchestra.run.smithi055.stderr:/usr/bin/ceph:
2023-11-15T01:49:45.805+0000 7efc217fa700 1 -- 172.21.15.55:0/3205562545 <== mgr.14164 v2:172.21.15.55:6800/157802929 1 ==== mgr_command_reply(tid 0: 0 ) v1 ==== 8+0+252 (secure 0 0 0) 0x7efc24058f20 con 0x7efc0802fda0
2023-11-15T01:49:45.806 INFO:teuthology.orchestra.run.smithi055.stderr:/usr/bin/ceph: {"username": "admin", "password": "$2b$12$hNNPdv3S.lkWEScw3IglWu9egr8zQWCl6BrrFGYtJp1rFyWKtc4Fa", "roles": ["administrator"], "name": null, "email": null, "lastUpdate": 1700012985, "enabled": true, "pwdExpirationDate": null, "pwdUpdateRequired": true}
2023-11-15T01:49:45.811 INFO:teuthology.orchestra.run.smithi055.stderr:/usr/bin/ceph:
2023-11-15T01:49:45.807+0000 7efc2ab24700 1 -- 172.21.15.55:0/3205562545 >> [v2:172.21.15.55:6800/157802929,v1:172.21.15.55:6801/157802929] conn(0x7efc0802fda0 msgr2=0x7efc08032260 secure :-1 s=STATE_CONNECTION_ESTABLISHED l=1).mark_down
2023-11-15T01:49:45.812 INFO:teuthology.orchestra.run.smithi055.stderr:/usr/bin/ceph:
2023-11-15T01:49:45.807+0000 7efc2ab24700 1 --2- 172.21.15.55:0/3205562545 >> [v2:172.21.15.55:6800/157802929,v1:172.21.15.55:6801/157802929] conn(0x7efc0802fda0 0x7efc08032260 secure :-1 s=READY pgs=7 cs=0 l=1 rev1=1 rx=0x7efc100096a0 tx=0x7efc10006b40).stop
2023-11-15T01:49:45.812 INFO:teuthology.orchestra.run.smithi055.stderr:/usr/bin/ceph:
2023-11-15T01:49:45.807+0000 7efc2ab24700 1 -- 172.21.15.55:0/3205562545 >> [v2:172.21.15.55:3300/0,v1:172.21.15.55:6789/0] conn(0x7efc24070430 msgr2=0x7efc2410aa30 secure :-1 s=STATE_CONNECTION_ESTABLISHED l=1).mark_down
2023-11-15T01:49:45.812 INFO:teuthology.orchestra.run.smithi055.stderr:/usr/bin/ceph:
2023-11-15T01:49:45.807+0000 7efc2ab24700 1 --2- 172.21.15.55:0/3205562545 >> [v2:172.21.15.55:3300/0,v1:172.21.15.55:6789/0] conn(0x7efc24070430 0x7efc2410aa30 secure :-1 s=READY pgs=84 cs=0 l=1 rev1=1 rx=0x7efc1800b190 tx=0x7efc18006ee0).stop
2023-11-15T01:49:45.812 INFO:teuthology.orchestra.run.smithi055.stderr:/usr/bin/ceph:
2023-11-15T01:49:45.807+0000 7efc2ab24700 1 -- 172.21.15.55:0/3205562545 shutdown_connections
2023-11-15T01:49:45.812 INFO:teuthology.orchestra.run.smithi055.stderr:/usr/bin/ceph:
2023-11-15T01:49:45.807+0000 7efc2ab24700 1 --2- 172.21.15.55:0/3205562545 >> [v2:172.21.15.55:6800/157802929,v1:172.21.15.55:6801/157802929] conn(0x7efc0802fda0 0x7efc08032260 unknown :-1 s=CLOSED pgs=7 cs=0 l=1 rev1=1 rx=0 tx=0).stop
2023-11-15T01:49:45.813 INFO:teuthology.orchestra.run.smithi055.stderr:/usr/bin/ceph:
2023-11-15T01:49:45.807+0000 7efc2ab24700 1 --2- 172.21.15.55:0/3205562545 >> [v2:172.21.15.55:3300/0,v1:172.21.15.55:6789/0] conn(0x7efc24070430 0x7efc2410aa30 unknown :-1 s=CLOSED pgs=84 cs=0 l=1 rev1=1 rx=0 tx=0).stop
2023-11-15T01:49:45.813 INFO:teuthology.orchestra.run.smithi055.stderr:/usr/bin/ceph:
2023-11-15T01:49:45.807+0000 7efc2ab24700 1 -- 172.21.15.55:0/3205562545 >> 172.21.15.55:0/3205562545 conn(0x7efc240f63c0 msgr2=0x7efc240f7f20 unknown :-1 s=STATE_NONE l=0).mark_down
2023-11-15T01:49:45.813 INFO:teuthology.orchestra.run.smithi055.stderr:/usr/bin/ceph:
2023-11-15T01:49:45.807+0000 7efc2ab24700 1 -- 172.21.15.55:0/3205562545 shutdown_connections
2023-11-15T01:49:45.813 INFO:teuthology.orchestra.run.smithi055.stderr:/usr/bin/ceph:
2023-11-15T01:49:45.807+0000 7efc2ab24700 1 -- 172.21.15.55:0/3205562545 wait complete.
2023-11-15T01:49:45.981 INFO:journalctl@ceph.mon.smithi055.smithi055.stdout:Nov 15 01:49:45 smithi055 ceph-0cb4fc0c-8359-11ee-8dbe-212e2dc638e7-mon.smithi055[141575]: audit
2023-11-15T01:49:44.553464+0000 mgr.smithi055.szwngw (mgr.14164) 3 : audit [DBG] from='client.14174 -' entity='client.admin' cmd=[{"prefix": "dashboard create-self-signed-cert", "target": ["mon-mgr", ""]}]: dispatch
2023-11-15T01:49:45.982 INFO:journalctl@ceph.mon.smithi055.smithi055.stdout:Nov 15 01:49:45 smithi055 ceph-0cb4fc0c-8359-11ee-8dbe-212e2dc638e7-mon.smithi055[141575]: cluster
2023-11-15T01:49:45.626078+0000 mon.smithi055 (mon.0) 106 : cluster [DBG] mgrmap e16: smithi055.szwngw(active, since 2s)
2023-11-15T01:49:46.182 INFO:teuthology.orchestra.run.smithi055.stderr:Fetching dashboard port number...
2023-11-15T01:49:46.183 INFO:teuthology.orchestra.run.smithi055.stderr:Running command: /bin/podman run --rm --ipc=host --no-hosts --net=host --entrypoint /usr/bin/ceph --init -e CONTAINER_IMAGE=docker.io/ceph/ceph:v16.2.4 -e NODE_NAME=smithi055 -e CEPH_USE_RANDOM_NONCE=1 -v /var/log/ceph/0cb4fc0c-8359-11ee-8dbe-212e2dc638e7:/var/log/ceph:z -v /tmp/ceph-tmpc1yi9jse:/etc/ceph/ceph.client.admin.keyring:z -v /tmp/ceph-tmpra3bp1py:/etc/ceph/ceph.conf:z docker.io/ceph/ceph:v16.2.4 config get mgr mgr/dashboard/ssl_server_port
2023-11-15T01:49:46.572 INFO:teuthology.orchestra.run.smithi055.stderr:/usr/bin/ceph:
2023-11-15T01:49:46.571+0000 7fce488e9700 1 Processor -- start
2023-11-15T01:49:46.572 INFO:teuthology.orchestra.run.smithi055.stderr:/usr/bin/ceph:
2023-11-15T01:49:46.571+0000 7fce488e9700 1 -- start start
2023-11-15T01:49:46.572 INFO:teuthology.orchestra.run.smithi055.stderr:/usr/bin/ceph:
2023-11-15T01:49:46.571+0000 7fce488e9700 1 --2- >> [v2:172.21.15.55:3300/0,v1:172.21.15.55:6789/0] conn(0x7fce44070430 0x7fce440fe730 unknown :-1 s=NONE pgs=0 cs=0 l=0 rev1=0 rx=0 tx=0).connect
2023-11-15T01:49:46.573 INFO:teuthology.orchestra.run.smithi055.stderr:/usr/bin/ceph:
2023-11-15T01:49:46.571+0000 7fce488e9700 1 -- --> [v2:172.21.15.55:3300/0,v1:172.21.15.55:6789/0] -- mon_getmap magic: 0 v1 -- 0x7fce440fec20 con 0x7fce44070430
2023-11-15T01:49:46.575 INFO:teuthology.orchestra.run.smithi055.stderr:/usr/bin/ceph:
2023-11-15T01:49:46.571+0000 7fce437fe700 1 --2- >> [v2:172.21.15.55:3300/0,v1:172.21.15.55:6789/0] conn(0x7fce44070430 0x7fce440fe730 unknown :-1 s=BANNER_CONNECTING pgs=0 cs=0 l=0 rev1=0 rx=0 tx=0)._handle_peer_banner_payload supported=1 required=0
2023-11-15T01:49:46.575 INFO:teuthology.orchestra.run.smithi055.stderr:/usr/bin/ceph:
2023-11-15T01:49:46.571+0000 7fce437fe700 1 --2- >> [v2:172.21.15.55:3300/0,v1:172.21.15.55:6789/0] conn(0x7fce44070430 0x7fce440fe730 unknown :-1 s=HELLO_CONNECTING pgs=0 cs=0 l=0 rev1=1 rx=0 tx=0).handle_hello peer v2:172.21.15.55:3300/0 says I am v2:172.21.15.55:40176/0 (socket says 172.21.15.55:40176)
2023-11-15T01:49:46.575 INFO:teuthology.orchestra.run.smithi055.stderr:/usr/bin/ceph:
2023-11-15T01:49:46.571+0000 7fce437fe700 1 -- 172.21.15.55:0/2065535354 learned_addr learned my addr 172.21.15.55:0/2065535354 (peer_addr_for_me v2:172.21.15.55:0/0)
2023-11-15T01:49:46.575 INFO:teuthology.orchestra.run.smithi055.stderr:/usr/bin/ceph:
2023-11-15T01:49:46.572+0000 7fce437fe700 1 -- 172.21.15.55:0/2065535354 --> [v2:172.21.15.55:3300/0,v1:172.21.15.55:6789/0] -- mon_subscribe({config=0+,monmap=0+}) v3 -- 0x7fce440fed60 con 0x7fce44070430
2023-11-15T01:49:46.576 INFO:teuthology.orchestra.run.smithi055.stderr:/usr/bin/ceph:
2023-11-15T01:49:46.572+0000 7fce437fe700 1 --2- 172.21.15.55:0/2065535354 >> [v2:172.21.15.55:3300/0,v1:172.21.15.55:6789/0] conn(0x7fce44070430 0x7fce440fe730 secure :-1 s=READY pgs=85 cs=0 l=1 rev1=1 rx=0x7fce3400b5f0 tx=0x7fce34006ee0).ready entity=mon.0 client_cookie=587dd45b780b9651 server_cookie=0 in_seq=0 out_seq=0
2023-11-15T01:49:46.576 INFO:teuthology.orchestra.run.smithi055.stderr:/usr/bin/ceph:
2023-11-15T01:49:46.572+0000 7fce427fc700 1 -- 172.21.15.55:0/2065535354 <== mon.0 v2:172.21.15.55:3300/0 1 ==== mon_map magic: 0 v1 ==== 229+0+0 (secure 0 0 0) 0x7fce3400d600 con 0x7fce44070430
2023-11-15T01:49:46.576 INFO:teuthology.orchestra.run.smithi055.stderr:/usr/bin/ceph:
2023-11-15T01:49:46.572+0000 7fce427fc700 1 -- 172.21.15.55:0/2065535354 <== mon.0 v2:172.21.15.55:3300/0 2 ==== config(25 keys) v1 ==== 1010+0+0 (secure 0 0 0) 0x7fce3400dbd0 con 0x7fce44070430
2023-11-15T01:49:46.576 INFO:teuthology.orchestra.run.smithi055.stderr:/usr/bin/ceph:
2023-11-15T01:49:46.572+0000 7fce427fc700 1 -- 172.21.15.55:0/2065535354 <== mon.0 v2:172.21.15.55:3300/0 3 ==== mon_map magic: 0 v1 ==== 229+0+0 (secure 0 0 0) 0x7fce34011c00 con 0x7fce44070430
2023-11-15T01:49:46.576 INFO:teuthology.orchestra.run.smithi055.stderr:/usr/bin/ceph:
2023-11-15T01:49:46.573+0000 7fce488e9700 1 -- 172.21.15.55:0/2065535354 >> [v2:172.21.15.55:3300/0,v1:172.21.15.55:6789/0] conn(0x7fce44070430 msgr2=0x7fce440fe730 secure :-1 s=STATE_CONNECTION_ESTABLISHED l=1).mark_down
2023-11-15T01:49:46.577 INFO:teuthology.orchestra.run.smithi055.stderr:/usr/bin/ceph:
2023-11-15T01:49:46.573+0000 7fce488e9700 1 --2- 172.21.15.55:0/2065535354 >> [v2:172.21.15.55:3300/0,v1:172.21.15.55:6789/0] conn(0x7fce44070430 0x7fce440fe730 secure :-1 s=READY pgs=85 cs=0 l=1 rev1=1 rx=0x7fce3400b5f0 tx=0x7fce34006ee0).stop
2023-11-15T01:49:46.577 INFO:teuthology.orchestra.run.smithi055.stderr:/usr/bin/ceph:
2023-11-15T01:49:46.573+0000 7fce488e9700 1 -- 172.21.15.55:0/2065535354 shutdown_connections
2023-11-15T01:49:46.577 INFO:teuthology.orchestra.run.smithi055.stderr:/usr/bin/ceph:
2023-11-15T01:49:46.573+0000 7fce488e9700 1 --2- 172.21.15.55:0/2065535354 >> [v2:172.21.15.55:3300/0,v1:172.21.15.55:6789/0] conn(0x7fce44070430 0x7fce440fe730 unknown :-1 s=CLOSED pgs=85 cs=0 l=1 rev1=1 rx=0 tx=0).stop
2023-11-15T01:49:46.577 INFO:teuthology.orchestra.run.smithi055.stderr:/usr/bin/ceph:
2023-11-15T01:49:46.573+0000 7fce488e9700 1 -- 172.21.15.55:0/2065535354 >> 172.21.15.55:0/2065535354 conn(0x7fce440f6210 msgr2=0x7fce440f8630 unknown :-1 s=STATE_NONE l=0).mark_down
2023-11-15T01:49:46.577 INFO:teuthology.orchestra.run.smithi055.stderr:/usr/bin/ceph:
2023-11-15T01:49:46.573+0000 7fce488e9700 1 -- 172.21.15.55:0/2065535354 shutdown_connections
2023-11-15T01:49:46.578 INFO:teuthology.orchestra.run.smithi055.stderr:/usr/bin/ceph:
2023-11-15T01:49:46.573+0000 7fce488e9700 1 -- 172.21.15.55:0/2065535354 wait complete.
2023-11-15T01:49:46.578 INFO:teuthology.orchestra.run.smithi055.stderr:/usr/bin/ceph:
2023-11-15T01:49:46.573+0000 7fce488e9700 1 Processor -- start
2023-11-15T01:49:46.578 INFO:teuthology.orchestra.run.smithi055.stderr:/usr/bin/ceph:
2023-11-15T01:49:46.574+0000 7fce488e9700 1 -- start start
2023-11-15T01:49:46.578 INFO:teuthology.orchestra.run.smithi055.stderr:/usr/bin/ceph:
2023-11-15T01:49:46.574+0000 7fce488e9700 1 --2- >> [v2:172.21.15.55:3300/0,v1:172.21.15.55:6789/0] conn(0x7fce44070430 0x7fce4410a830 unknown :-1 s=NONE pgs=0 cs=0 l=1 rev1=0 rx=0 tx=0).connect
2023-11-15T01:49:46.578 INFO:teuthology.orchestra.run.smithi055.stderr:/usr/bin/ceph:
2023-11-15T01:49:46.574+0000 7fce488e9700 1 -- --> [v2:172.21.15.55:3300/0,v1:172.21.15.55:6789/0] -- mon_getmap magic: 0 v1 -- 0x7fce4410ad20 con 0x7fce44070430
2023-11-15T01:49:46.579 INFO:teuthology.orchestra.run.smithi055.stderr:/usr/bin/ceph:
2023-11-15T01:49:46.574+0000 7fce437fe700 1 --2- >> [v2:172.21.15.55:3300/0,v1:172.21.15.55:6789/0] conn(0x7fce44070430 0x7fce4410a830 unknown :-1 s=BANNER_CONNECTING pgs=0 cs=0 l=1 rev1=0 rx=0 tx=0)._handle_peer_banner_payload supported=1 required=0
2023-11-15T01:49:46.580 INFO:teuthology.orchestra.run.smithi055.stderr:/usr/bin/ceph:
2023-11-15T01:49:46.574+0000 7fce437fe700 1 --2- >> [v2:172.21.15.55:3300/0,v1:172.21.15.55:6789/0] conn(0x7fce44070430 0x7fce4410a830 unknown :-1 s=HELLO_CONNECTING pgs=0 cs=0 l=1 rev1=1 rx=0 tx=0).handle_hello peer v2:172.21.15.55:3300/0 says I am v2:172.21.15.55:40188/0 (socket says 172.21.15.55:40188)
2023-11-15T01:49:46.581 INFO:teuthology.orchestra.run.smithi055.stderr:/usr/bin/ceph:
2023-11-15T01:49:46.574+0000 7fce437fe700 1 -- 172.21.15.55:0/2380160917 learned_addr learned my addr 172.21.15.55:0/2380160917 (peer_addr_for_me v2:172.21.15.55:0/0)
2023-11-15T01:49:46.581 INFO:teuthology.orchestra.run.smithi055.stderr:/usr/bin/ceph:
2023-11-15T01:49:46.574+0000 7fce437fe700 1 -- 172.21.15.55:0/2380160917 --> [v2:172.21.15.55:3300/0,v1:172.21.15.55:6789/0] -- mon_subscribe({config=0+,monmap=0+}) v3 -- 0x7fce3400b200 con 0x7fce44070430
2023-11-15T01:49:46.581 INFO:teuthology.orchestra.run.smithi055.stderr:/usr/bin/ceph:
2023-11-15T01:49:46.574+0000 7fce437fe700 1 --2- 172.21.15.55:0/2380160917 >> [v2:172.21.15.55:3300/0,v1:172.21.15.55:6789/0] conn(0x7fce44070430 0x7fce4410a830 secure :-1 s=READY pgs=86 cs=0 l=1 rev1=1 rx=0x7fce3400b190 tx=0x7fce34006ee0).ready entity=mon.0 client_cookie=0 server_cookie=0 in_seq=0 out_seq=0
2023-11-15T01:49:46.581 INFO:teuthology.orchestra.run.smithi055.stderr:/usr/bin/ceph:
2023-11-15T01:49:46.574+0000 7fce2bfff700 1 -- 172.21.15.55:0/2380160917 <== mon.0 v2:172.21.15.55:3300/0 1 ==== mon_map magic: 0 v1 ==== 229+0+0 (secure 0 0 0) 0x7fce3401b410 con 0x7fce44070430
2023-11-15T01:49:46.582 INFO:teuthology.orchestra.run.smithi055.stderr:/usr/bin/ceph:
2023-11-15T01:49:46.574+0000 7fce2bfff700 1 -- 172.21.15.55:0/2380160917 <== mon.0 v2:172.21.15.55:3300/0 2 ==== config(25 keys) v1 ==== 1010+0+0 (secure 0 0 0) 0x7fce3401b9e0 con 0x7fce44070430
2023-11-15T01:49:46.582 INFO:teuthology.orchestra.run.smithi055.stderr:/usr/bin/ceph:
2023-11-15T01:49:46.575+0000 7fce488e9700 1 -- 172.21.15.55:0/2380160917 --> [v2:172.21.15.55:3300/0,v1:172.21.15.55:6789/0] -- mon_subscribe({mgrmap=0+}) v3 -- 0x7fce4410af20 con 0x7fce44070430
2023-11-15T01:49:46.582 INFO:teuthology.orchestra.run.smithi055.stderr:/usr/bin/ceph:
2023-11-15T01:49:46.575+0000 7fce2bfff700 1 -- 172.21.15.55:0/2380160917 <== mon.0 v2:172.21.15.55:3300/0 3 ==== mon_map magic: 0 v1 ==== 229+0+0 (secure 0 0 0) 0x7fce3401a880 con 0x7fce44070430
2023-11-15T01:49:46.582 INFO:teuthology.orchestra.run.smithi055.stderr:/usr/bin/ceph:
2023-11-15T01:49:46.575+0000 7fce488e9700 1 -- 172.21.15.55:0/2380160917 --> [v2:172.21.15.55:3300/0,v1:172.21.15.55:6789/0] -- mon_subscribe({osdmap=0}) v3 -- 0x7fce4410b330 con 0x7fce44070430
2023-11-15T01:49:46.582 INFO:teuthology.orchestra.run.smithi055.stderr:/usr/bin/ceph:
2023-11-15T01:49:46.575+0000 7fce2bfff700 1 -- 172.21.15.55:0/2380160917 <== mon.0 v2:172.21.15.55:3300/0 4 ==== mgrmap(e 16) v1 ==== 36208+0+0 (secure 0 0 0) 0x7fce3400f070 con 0x7fce44070430
2023-11-15T01:49:46.583 INFO:teuthology.orchestra.run.smithi055.stderr:/usr/bin/ceph:
2023-11-15T01:49:46.576+0000 7fce488e9700 1 -- 172.21.15.55:0/2380160917 --> [v2:172.21.15.55:3300/0,v1:172.21.15.55:6789/0] -- mon_command({"prefix": "get_command_descriptions"} v 0) v1 -- 0x7fce44045ad0 con 0x7fce44070430
2023-11-15T01:49:46.583 INFO:teuthology.orchestra.run.smithi055.stderr:/usr/bin/ceph:
2023-11-15T01:49:46.576+0000 7fce2bfff700 1 --2- 172.21.15.55:0/2380160917 >> [v2:172.21.15.55:6800/157802929,v1:172.21.15.55:6801/157802929] conn(0x7fce3002ff00 0x7fce300323c0 unknown :-1 s=NONE pgs=0 cs=0 l=1 rev1=0 rx=0 tx=0).connect
2023-11-15T01:49:46.583 INFO:teuthology.orchestra.run.smithi055.stderr:/usr/bin/ceph:
2023-11-15T01:49:46.576+0000 7fce2bfff700 1 -- 172.21.15.55:0/2380160917 <== mon.0 v2:172.21.15.55:3300/0 5 ==== osd_map(4..4 src has 1..4) v4 ==== 1270+0+0 (secure 0 0 0) 0x7fce3401bb50 con 0x7fce44070430
2023-11-15T01:49:46.583 INFO:teuthology.orchestra.run.smithi055.stderr:/usr/bin/ceph:
2023-11-15T01:49:46.576+0000 7fce42ffd700 1 --2- 172.21.15.55:0/2380160917 >> [v2:172.21.15.55:6800/157802929,v1:172.21.15.55:6801/157802929] conn(0x7fce3002ff00 0x7fce300323c0 unknown :-1 s=BANNER_CONNECTING pgs=0 cs=0 l=1 rev1=0 rx=0 tx=0)._handle_peer_banner_payload supported=1 required=0
2023-11-15T01:49:46.583 INFO:teuthology.orchestra.run.smithi055.stderr:/usr/bin/ceph:
2023-11-15T01:49:46.576+0000 7fce42ffd700 1 --2- 172.21.15.55:0/2380160917 >> [v2:172.21.15.55:6800/157802929,v1:172.21.15.55:6801/157802929] conn(0x7fce3002ff00 0x7fce300323c0 secure :-1 s=READY pgs=8 cs=0 l=1 rev1=1 rx=0x7fce380096a0 tx=0x7fce38006b40).ready entity=mgr.14164 client_cookie=0 server_cookie=0 in_seq=0 out_seq=0
2023-11-15T01:49:46.584 INFO:teuthology.orchestra.run.smithi055.stderr:/usr/bin/ceph:
2023-11-15T01:49:46.580+0000 7fce2bfff700 1 -- 172.21.15.55:0/2380160917 <== mon.0 v2:172.21.15.55:3300/0 6 ==== mon_command_ack([{"prefix": "get_command_descriptions"}]=0 v0) v1 ==== 72+0+152212 (secure 0 0 0) 0x7fce34025460 con 0x7fce44070430
2023-11-15T01:49:46.747 INFO:teuthology.orchestra.run.smithi055.stderr:/usr/bin/ceph:
2023-11-15T01:49:46.746+0000 7fce488e9700 1 -- 172.21.15.55:0/2380160917 --> [v2:172.21.15.55:3300/0,v1:172.21.15.55:6789/0] -- mon_command({"prefix": "config get", "who": "mgr", "key": "mgr/dashboard/ssl_server_port"} v 0) v1 -- 0x7fce440ff9e0 con 0x7fce44070430
2023-11-15T01:49:46.747 INFO:teuthology.orchestra.run.smithi055.stderr:/usr/bin/ceph:
2023-11-15T01:49:46.746+0000 7fce2bfff700 1 -- 172.21.15.55:0/2380160917 <== mon.0 v2:172.21.15.55:3300/0 7 ==== mon_command_ack([{"prefix": "config get", "who": "mgr", "key": "mgr/dashboard/ssl_server_port"}]=0 v9) v1 ==== 112+0+5 (secure 0 0 0) 0x7fce34016020 con 0x7fce44070430
2023-11-15T01:49:46.747 INFO:teuthology.orchestra.run.smithi055.stderr:/usr/bin/ceph: 8443
2023-11-15T01:49:46.749 INFO:teuthology.orchestra.run.smithi055.stderr:/usr/bin/ceph:
2023-11-15T01:49:46.748+0000 7fce488e9700 1 -- 172.21.15.55:0/2380160917 >> [v2:172.21.15.55:6800/157802929,v1:172.21.15.55:6801/157802929] conn(0x7fce3002ff00 msgr2=0x7fce300323c0 secure :-1 s=STATE_CONNECTION_ESTABLISHED l=1).mark_down
2023-11-15T01:49:46.750 INFO:teuthology.orchestra.run.smithi055.stderr:/usr/bin/ceph:
2023-11-15T01:49:46.748+0000 7fce488e9700 1 --2- 172.21.15.55:0/2380160917 >> [v2:172.21.15.55:6800/157802929,v1:172.21.15.55:6801/157802929] conn(0x7fce3002ff00 0x7fce300323c0 secure :-1 s=READY pgs=8 cs=0 l=1 rev1=1 rx=0x7fce380096a0 tx=0x7fce38006b40).stop
2023-11-15T01:49:46.750 INFO:teuthology.orchestra.run.smithi055.stderr:/usr/bin/ceph:
2023-11-15T01:49:46.748+0000 7fce488e9700 1 -- 172.21.15.55:0/2380160917 >> [v2:172.21.15.55:3300/0,v1:172.21.15.55:6789/0] conn(0x7fce44070430 msgr2=0x7fce4410a830 secure :-1 s=STATE_CONNECTION_ESTABLISHED l=1).mark_down
2023-11-15T01:49:46.750 INFO:teuthology.orchestra.run.smithi055.stderr:/usr/bin/ceph:
2023-11-15T01:49:46.748+0000 7fce488e9700 1 --2- 172.21.15.55:0/2380160917 >> [v2:172.21.15.55:3300/0,v1:172.21.15.55:6789/0] conn(0x7fce44070430 0x7fce4410a830 secure :-1 s=READY pgs=86 cs=0 l=1 rev1=1 rx=0x7fce3400b190 tx=0x7fce34006ee0).stop
2023-11-15T01:49:46.750 INFO:teuthology.orchestra.run.smithi055.stderr:/usr/bin/ceph:
2023-11-15T01:49:46.748+0000 7fce488e9700 1 -- 172.21.15.55:0/2380160917 shutdown_connections
2023-11-15T01:49:46.750 INFO:teuthology.orchestra.run.smithi055.stderr:/usr/bin/ceph:
2023-11-15T01:49:46.748+0000 7fce488e9700 1 --2- 172.21.15.55:0/2380160917 >> [v2:172.21.15.55:6800/157802929,v1:172.21.15.55:6801/157802929] conn(0x7fce3002ff00 0x7fce300323c0 unknown :-1 s=CLOSED pgs=8 cs=0 l=1 rev1=1 rx=0 tx=0).stop
2023-11-15T01:49:46.751 INFO:teuthology.orchestra.run.smithi055.stderr:/usr/bin/ceph:
2023-11-15T01:49:46.748+0000 7fce488e9700 1 --2- 172.21.15.55:0/2380160917 >> [v2:172.21.15.55:3300/0,v1:172.21.15.55:6789/0] conn(0x7fce44070430 0x7fce4410a830 unknown :-1 s=CLOSED pgs=86 cs=0 l=1 rev1=1 rx=0 tx=0).stop
2023-11-15T01:49:46.751 INFO:teuthology.orchestra.run.smithi055.stderr:/usr/bin/ceph:
2023-11-15T01:49:46.748+0000 7fce488e9700 1 -- 172.21.15.55:0/2380160917 >> 172.21.15.55:0/2380160917 conn(0x7fce440f6210 msgr2=0x7fce440f7cc0 unknown :-1 s=STATE_NONE l=0).mark_down
2023-11-15T01:49:46.751 INFO:teuthology.orchestra.run.smithi055.stderr:/usr/bin/ceph:
2023-11-15T01:49:46.748+0000 7fce488e9700 1 -- 172.21.15.55:0/2380160917 shutdown_connections
2023-11-15T01:49:46.751 INFO:teuthology.orchestra.run.smithi055.stderr:/usr/bin/ceph:
2023-11-15T01:49:46.748+0000 7fce488e9700 1 -- 172.21.15.55:0/2380160917 wait complete.
2023-11-15T01:49:47.078 INFO:journalctl@ceph.mon.smithi055.smithi055.stdout:Nov 15 01:49:46 smithi055 ceph-0cb4fc0c-8359-11ee-8dbe-212e2dc638e7-mon.smithi055[141575]: audit
2023-11-15T01:49:45.552234+0000 mgr.smithi055.szwngw (mgr.14164) 4 : audit [DBG] from='client.14176 -' entity='client.admin' cmd=[{"prefix": "dashboard ac-user-create", "username": "admin", "rolename": "administrator", "force_password": true, "pwd_update_required": true, "target": ["mon-mgr", ""]}]: dispatch
2023-11-15T01:49:47.078 INFO:journalctl@ceph.mon.smithi055.smithi055.stdout:Nov 15 01:49:46 smithi055 ceph-0cb4fc0c-8359-11ee-8dbe-212e2dc638e7-mon.smithi055[141575]: audit
2023-11-15T01:49:45.806065+0000 mon.smithi055 (mon.0) 107 : audit [INF] from='mgr.14164 172.21.15.55:0/59463371' entity='mgr.smithi055.szwngw'
2023-11-15T01:49:47.078 INFO:journalctl@ceph.mon.smithi055.smithi055.stdout:Nov 15 01:49:46 smithi055 ceph-0cb4fc0c-8359-11ee-8dbe-212e2dc638e7-mon.smithi055[141575]: audit
2023-11-15T01:49:46.746965+0000 mon.smithi055 (mon.0) 108 : audit [DBG] from='client.? 172.21.15.55:0/2380160917' entity='client.admin' cmd=[{"prefix": "config get", "who": "mgr", "key": "mgr/dashboard/ssl_server_port"}]: dispatch
2023-11-15T01:49:47.108 INFO:teuthology.orchestra.run.smithi055.stderr:Running command: systemctl is-enabled firewalld.service
2023-11-15T01:49:47.119 INFO:teuthology.orchestra.run.smithi055.stderr:systemctl: disabled
2023-11-15T01:49:47.120 INFO:teuthology.orchestra.run.smithi055.stderr:Running command: systemctl is-active firewalld.service
2023-11-15T01:49:47.128 INFO:teuthology.orchestra.run.smithi055.stderr:systemctl: inactive
2023-11-15T01:49:47.129 INFO:teuthology.orchestra.run.smithi055.stderr:firewalld.service is not enabled
2023-11-15T01:49:47.129 INFO:teuthology.orchestra.run.smithi055.stderr:Not possible to open ports <[8443]>. firewalld.service is not available
2023-11-15T01:49:47.132 INFO:teuthology.orchestra.run.smithi055.stderr:Ceph Dashboard is now available at:
2023-11-15T01:49:47.132 INFO:teuthology.orchestra.run.smithi055.stderr:
2023-11-15T01:49:47.133 INFO:teuthology.orchestra.run.smithi055.stderr: URL: https://smithi055.front.sepia.ceph.com:8443/
2023-11-15T01:49:47.133 INFO:teuthology.orchestra.run.smithi055.stderr: User: admin
2023-11-15T01:49:47.133 INFO:teuthology.orchestra.run.smithi055.stderr: Password: v85xlktk1u
2023-11-15T01:49:47.133 INFO:teuthology.orchestra.run.smithi055.stderr:
2023-11-15T01:49:47.134 INFO:teuthology.orchestra.run.smithi055.stderr:You can access the Ceph CLI with:
2023-11-15T01:49:47.134 INFO:teuthology.orchestra.run.smithi055.stderr:
2023-11-15T01:49:47.134 INFO:teuthology.orchestra.run.smithi055.stderr: sudo /home/ubuntu/cephtest/cephadm shell --fsid 0cb4fc0c-8359-11ee-8dbe-212e2dc638e7 -c /etc/ceph/ceph.conf -k /etc/ceph/ceph.client.admin.keyring
2023-11-15T01:49:47.135 INFO:teuthology.orchestra.run.smithi055.stderr:
2023-11-15T01:49:47.135 INFO:teuthology.orchestra.run.smithi055.stderr:Please consider enabling telemetry to help improve Ceph:
2023-11-15T01:49:47.135 INFO:teuthology.orchestra.run.smithi055.stderr:
2023-11-15T01:49:47.135 INFO:teuthology.orchestra.run.smithi055.stderr: ceph telemetry on
2023-11-15T01:49:47.135 INFO:teuthology.orchestra.run.smithi055.stderr:
2023-11-15T01:49:47.136 INFO:teuthology.orchestra.run.smithi055.stderr:For more information see:
2023-11-15T01:49:47.136 INFO:teuthology.orchestra.run.smithi055.stderr:
2023-11-15T01:49:47.136 INFO:teuthology.orchestra.run.smithi055.stderr: https://docs.ceph.com/docs/pacific/mgr/telemetry/
2023-11-15T01:49:47.136 INFO:teuthology.orchestra.run.smithi055.stderr:
2023-11-15T01:49:47.136 INFO:teuthology.orchestra.run.smithi055.stderr:Bootstrap complete.
2023-11-15T01:49:47.136 INFO:teuthology.orchestra.run.smithi055.stderr:Releasing lock 139856514181832 on /run/cephadm/0cb4fc0c-8359-11ee-8dbe-212e2dc638e7.lock
2023-11-15T01:49:47.137 INFO:teuthology.orchestra.run.smithi055.stderr:Lock 139856514181832 released on /run/cephadm/0cb4fc0c-8359-11ee-8dbe-212e2dc638e7.lock
2023-11-15T01:49:47.174 INFO:tasks.cephadm:Fetching config...
2023-11-15T01:49:47.175 DEBUG:teuthology.orchestra.run.smithi055:> set -ex
2023-11-15T01:49:47.175 DEBUG:teuthology.orchestra.run.smithi055:> dd if=/etc/ceph/ceph.conf of=/dev/stdout
2023-11-15T01:49:47.197 INFO:tasks.cephadm:Fetching client.admin keyring...
2023-11-15T01:49:47.197 DEBUG:teuthology.orchestra.run.smithi055:> set -ex
2023-11-15T01:49:47.197 DEBUG:teuthology.orchestra.run.smithi055:> dd if=/etc/ceph/ceph.client.admin.keyring of=/dev/stdout
2023-11-15T01:49:47.260 INFO:tasks.cephadm:Fetching mon keyring...
2023-11-15T01:49:47.260 DEBUG:teuthology.orchestra.run.smithi055:> set -ex
2023-11-15T01:49:47.260 DEBUG:teuthology.orchestra.run.smithi055:> sudo dd if=/var/lib/ceph/0cb4fc0c-8359-11ee-8dbe-212e2dc638e7/mon.smithi055/keyring of=/dev/stdout
2023-11-15T01:49:47.335 INFO:tasks.cephadm:Fetching pub ssh key...
2023-11-15T01:49:47.335 DEBUG:teuthology.orchestra.run.smithi055:> set -ex
2023-11-15T01:49:47.336 DEBUG:teuthology.orchestra.run.smithi055:> dd if=/home/ubuntu/cephtest/ceph.pub of=/dev/stdout
2023-11-15T01:49:47.399 INFO:tasks.cephadm:Installing pub ssh key for root users...
2023-11-15T01:49:47.400 DEBUG:teuthology.orchestra.run.smithi055:> sudo install -d -m 0700 /root/.ssh && echo 'ssh-rsa AAAAB3NzaC1yc2EAAAADAQABAAABgQCxLJt0GaYl6FwRC+2jujyNfcjnFqDoIxZQt7xyvegv6X8cybULkGSYLvK2zO64L7UGRiP49oFJW7nNqZAhOpR5bTmfY1tfgvHj1I9aS541zHVvC1lr206T7ujPgW3N8/P0usLiIVeb3VwxdxL8LBQvx1YoULbTGxIzaxDCg9pRgf4pDURazpQxmxZ1XcbjkhKesOBEBAqPfibyGsLpAZTgkw4JGXS86QoKGCgEQ8/A/eN0h7UlAZoly3kFEqX5Owfb55y+YVEvZJ0TSRfxwzhHbwOmZy8cCVWFnsvj7rnzqIPNmcVwLz1jr9mXN/+wiaPm1r9XGg2OPRnEyd4YX7JreBaUSwX5vFW5zzvYLpuPHh3+yGTvzYZ/7VZ44LO1EFApLv229iASMFSG6kThktQM6Uk3/gZMKhDTOX6FHnG8RK5KtO0mF2B9wcj36FafX+DUkyVahKm6IsamAsiC29trMQrU8VQKuCduq8SRObbLbz1L1+2vXAOJoYgXXLAl8zE= ceph-0cb4fc0c-8359-11ee-8dbe-212e2dc638e7' | sudo tee -a /root/.ssh/authorized_keys && sudo chmod 0600 /root/.ssh/authorized_keys
2023-11-15T01:49:47.486 INFO:teuthology.orchestra.run.smithi055.stdout:ssh-rsa AAAAB3NzaC1yc2EAAAADAQABAAABgQCxLJt0GaYl6FwRC+2jujyNfcjnFqDoIxZQt7xyvegv6X8cybULkGSYLvK2zO64L7UGRiP49oFJW7nNqZAhOpR5bTmfY1tfgvHj1I9aS541zHVvC1lr206T7ujPgW3N8/P0usLiIVeb3VwxdxL8LBQvx1YoULbTGxIzaxDCg9pRgf4pDURazpQxmxZ1XcbjkhKesOBEBAqPfibyGsLpAZTgkw4JGXS86QoKGCgEQ8/A/eN0h7UlAZoly3kFEqX5Owfb55y+YVEvZJ0TSRfxwzhHbwOmZy8cCVWFnsvj7rnzqIPNmcVwLz1jr9mXN/+wiaPm1r9XGg2OPRnEyd4YX7JreBaUSwX5vFW5zzvYLpuPHh3+yGTvzYZ/7VZ44LO1EFApLv229iASMFSG6kThktQM6Uk3/gZMKhDTOX6FHnG8RK5KtO0mF2B9wcj36FafX+DUkyVahKm6IsamAsiC29trMQrU8VQKuCduq8SRObbLbz1L1+2vXAOJoYgXXLAl8zE= ceph-0cb4fc0c-8359-11ee-8dbe-212e2dc638e7
2023-11-15T01:49:47.499 DEBUG:teuthology.orchestra.run.smithi137:> sudo install -d -m 0700 /root/.ssh && echo 'ssh-rsa AAAAB3NzaC1yc2EAAAADAQABAAABgQCxLJt0GaYl6FwRC+2jujyNfcjnFqDoIxZQt7xyvegv6X8cybULkGSYLvK2zO64L7UGRiP49oFJW7nNqZAhOpR5bTmfY1tfgvHj1I9aS541zHVvC1lr206T7ujPgW3N8/P0usLiIVeb3VwxdxL8LBQvx1YoULbTGxIzaxDCg9pRgf4pDURazpQxmxZ1XcbjkhKesOBEBAqPfibyGsLpAZTgkw4JGXS86QoKGCgEQ8/A/eN0h7UlAZoly3kFEqX5Owfb55y+YVEvZJ0TSRfxwzhHbwOmZy8cCVWFnsvj7rnzqIPNmcVwLz1jr9mXN/+wiaPm1r9XGg2OPRnEyd4YX7JreBaUSwX5vFW5zzvYLpuPHh3+yGTvzYZ/7VZ44LO1EFApLv229iASMFSG6kThktQM6Uk3/gZMKhDTOX6FHnG8RK5KtO0mF2B9wcj36FafX+DUkyVahKm6IsamAsiC29trMQrU8VQKuCduq8SRObbLbz1L1+2vXAOJoYgXXLAl8zE= ceph-0cb4fc0c-8359-11ee-8dbe-212e2dc638e7' | sudo tee -a /root/.ssh/authorized_keys && sudo chmod 0600 /root/.ssh/authorized_keys
2023-11-15T01:49:47.542 INFO:teuthology.orchestra.run.smithi137.stdout:ssh-rsa AAAAB3NzaC1yc2EAAAADAQABAAABgQCxLJt0GaYl6FwRC+2jujyNfcjnFqDoIxZQt7xyvegv6X8cybULkGSYLvK2zO64L7UGRiP49oFJW7nNqZAhOpR5bTmfY1tfgvHj1I9aS541zHVvC1lr206T7ujPgW3N8/P0usLiIVeb3VwxdxL8LBQvx1YoULbTGxIzaxDCg9pRgf4pDURazpQxmxZ1XcbjkhKesOBEBAqPfibyGsLpAZTgkw4JGXS86QoKGCgEQ8/A/eN0h7UlAZoly3kFEqX5Owfb55y+YVEvZJ0TSRfxwzhHbwOmZy8cCVWFnsvj7rnzqIPNmcVwLz1jr9mXN/+wiaPm1r9XGg2OPRnEyd4YX7JreBaUSwX5vFW5zzvYLpuPHh3+yGTvzYZ/7VZ44LO1EFApLv229iASMFSG6kThktQM6Uk3/gZMKhDTOX6FHnG8RK5KtO0mF2B9wcj36FafX+DUkyVahKm6IsamAsiC29trMQrU8VQKuCduq8SRObbLbz1L1+2vXAOJoYgXXLAl8zE= ceph-0cb4fc0c-8359-11ee-8dbe-212e2dc638e7
2023-11-15T01:49:47.554 DEBUG:teuthology.orchestra.run.smithi055:> sudo /home/ubuntu/cephtest/cephadm --image docker.io/ceph/ceph:v16.2.4 shell -c /etc/ceph/ceph.conf -k /etc/ceph/ceph.client.admin.keyring --fsid 0cb4fc0c-8359-11ee-8dbe-212e2dc638e7 -- ceph config set mgr mgr/cephadm/allow_ptrace true
2023-11-15T01:49:48.995 INFO:teuthology.orchestra.run.smithi055.stderr:2023-11-15T01:49:48.993+0000 7f748fceb700 1 -- 172.21.15.55:0/607599594 >> [v2:172.21.15.55:3300/0,v1:172.21.15.55:6789/0] conn(0x7f7488060200 msgr2=0x7f74880fb570 secure :-1 s=STATE_CONNECTION_ESTABLISHED l=1).mark_down
2023-11-15T01:49:48.996 INFO:teuthology.orchestra.run.smithi055.stderr:2023-11-15T01:49:48.993+0000 7f748fceb700 1 --2- 172.21.15.55:0/607599594 >> [v2:172.21.15.55:3300/0,v1:172.21.15.55:6789/0] conn(0x7f7488060200 0x7f74880fb570 secure :-1 s=READY pgs=87 cs=0 l=1 rev1=1 rx=0x7f7484009fb0 tx=0x7f7484009b30).stop
2023-11-15T01:49:48.996 INFO:teuthology.orchestra.run.smithi055.stderr:2023-11-15T01:49:48.993+0000 7f748fceb700 1 -- 172.21.15.55:0/607599594 shutdown_connections
2023-11-15T01:49:48.996 INFO:teuthology.orchestra.run.smithi055.stderr:2023-11-15T01:49:48.993+0000 7f748fceb700 1 --2- 172.21.15.55:0/607599594 >> [v2:172.21.15.55:3300/0,v1:172.21.15.55:6789/0] conn(0x7f7488060200 0x7f74880fb570 unknown :-1 s=CLOSED pgs=87 cs=0 l=1 rev1=1 rx=0 tx=0).stop
2023-11-15T01:49:48.996 INFO:teuthology.orchestra.run.smithi055.stderr:2023-11-15T01:49:48.993+0000 7f748fceb700 1 -- 172.21.15.55:0/607599594 >> 172.21.15.55:0/607599594 conn(0x7f74880f0b70 msgr2=0x7f74880f2f90 unknown :-1 s=STATE_NONE l=0).mark_down
2023-11-15T01:49:48.997 INFO:teuthology.orchestra.run.smithi055.stderr:2023-11-15T01:49:48.994+0000 7f748fceb700 1 -- 172.21.15.55:0/607599594 shutdown_connections
2023-11-15T01:49:48.997 INFO:teuthology.orchestra.run.smithi055.stderr:2023-11-15T01:49:48.994+0000 7f748fceb700 1 -- 172.21.15.55:0/607599594 wait complete.
2023-11-15T01:49:48.997 INFO:teuthology.orchestra.run.smithi055.stderr:2023-11-15T01:49:48.994+0000 7f748fceb700 1 Processor -- start
2023-11-15T01:49:48.997 INFO:teuthology.orchestra.run.smithi055.stderr:2023-11-15T01:49:48.994+0000 7f748fceb700 1 -- start start
2023-11-15T01:49:48.997 INFO:teuthology.orchestra.run.smithi055.stderr:2023-11-15T01:49:48.994+0000 7f748fceb700 1 --2- >> [v2:172.21.15.55:3300/0,v1:172.21.15.55:6789/0] conn(0x7f7488060200 0x7f74881088b0 unknown :-1 s=NONE pgs=0 cs=0 l=1 rev1=0 rx=0 tx=0).connect
2023-11-15T01:49:48.998 INFO:teuthology.orchestra.run.smithi055.stderr:2023-11-15T01:49:48.994+0000 7f748fceb700 1 -- --> [v2:172.21.15.55:3300/0,v1:172.21.15.55:6789/0] -- mon_getmap magic: 0 v1 -- 0x7f7488108da0 con 0x7f7488060200
2023-11-15T01:49:48.998 INFO:teuthology.orchestra.run.smithi055.stderr:2023-11-15T01:49:48.994+0000 7f748da87700 1 --2- >> [v2:172.21.15.55:3300/0,v1:172.21.15.55:6789/0] conn(0x7f7488060200 0x7f74881088b0 unknown :-1 s=BANNER_CONNECTING pgs=0 cs=0 l=1 rev1=0 rx=0 tx=0)._handle_peer_banner_payload supported=1 required=0
2023-11-15T01:49:48.998 INFO:teuthology.orchestra.run.smithi055.stderr:2023-11-15T01:49:48.995+0000 7f748da87700 1 --2- >> [v2:172.21.15.55:3300/0,v1:172.21.15.55:6789/0] conn(0x7f7488060200 0x7f74881088b0 unknown :-1 s=HELLO_CONNECTING pgs=0 cs=0 l=1 rev1=1 rx=0 tx=0).handle_hello peer v2:172.21.15.55:3300/0 says I am v2:172.21.15.55:40204/0 (socket says 172.21.15.55:40204)
