2023-11-15T01:49:15.679+0000 7f2d8daf7700 1 --2- 172.21.15.55:0/80980541 >> [v2:172.21.15.55:6800/1950005071,v1:172.21.15.55:6801/1950005071] conn(0x7f2d7002fd50 0x7f2d70032210 secure :-1 s=READY pgs=7 cs=0 l=1 rev1=1 rx=0x7f2d780096a0 tx=0x7f2d78006b40).ready entity=mgr.14116 client_cookie=0 server_cookie=0 in_seq=0 out_seq=0
2023-11-15T01:49:15.713 INFO:teuthology.orchestra.run.smithi055.stderr:/usr/bin/ceph:
2023-11-15T01:49:15.683+0000 7f2d76ffd700 1 -- 172.21.15.55:0/80980541 <== mon.0 v2:172.21.15.55:3300/0 6 ==== mon_command_ack([{"prefix": "get_command_descriptions"}]=0 v0) v1 ==== 72+0+152212 (secure 0 0 0) 0x7f2d840224f0 con 0x7f2d880703b0
2023-11-15T01:49:15.854 INFO:teuthology.orchestra.run.smithi055.stderr:/usr/bin/ceph:
2023-11-15T01:49:15.852+0000 7f2d9055c700 1 -- 172.21.15.55:0/80980541 --> [v2:172.21.15.55:6800/1950005071,v1:172.21.15.55:6801/1950005071] -- mgr_command(tid 0: {"prefix": "cephadm set-user", "user": "root", "target": ["mon-mgr", ""]}) v1 -- 0x7f2d8810e050 con 0x7f2d7002fd50
2023-11-15T01:49:15.854 INFO:teuthology.orchestra.run.smithi055.stderr:/usr/bin/ceph:
2023-11-15T01:49:15.852+0000 7f2d76ffd700 1 -- 172.21.15.55:0/80980541 <== mgr.14116 v2:172.21.15.55:6800/1950005071 1 ==== mgr_command_reply(tid 0: 0 ) v1 ==== 8+0+16 (secure 0 0 0) 0x7f2d8810e050 con 0x7f2d7002fd50
2023-11-15T01:49:15.855 INFO:teuthology.orchestra.run.smithi055.stderr:/usr/bin/ceph: value unchanged
2023-11-15T01:49:15.856 INFO:teuthology.orchestra.run.smithi055.stderr:/usr/bin/ceph:
2023-11-15T01:49:15.854+0000 7f2d9055c700 1 -- 172.21.15.55:0/80980541 >> [v2:172.21.15.55:6800/1950005071,v1:172.21.15.55:6801/1950005071] conn(0x7f2d7002fd50 msgr2=0x7f2d70032210 secure :-1 s=STATE_CONNECTION_ESTABLISHED l=1).mark_down
2023-11-15T01:49:15.856 INFO:teuthology.orchestra.run.smithi055.stderr:/usr/bin/ceph:
2023-11-15T01:49:15.854+0000 7f2d9055c700 1 --2- 172.21.15.55:0/80980541 >> [v2:172.21.15.55:6800/1950005071,v1:172.21.15.55:6801/1950005071] conn(0x7f2d7002fd50 0x7f2d70032210 secure :-1 s=READY pgs=7 cs=0 l=1 rev1=1 rx=0x7f2d780096a0 tx=0x7f2d78006b40).stop
2023-11-15T01:49:15.856 INFO:teuthology.orchestra.run.smithi055.stderr:/usr/bin/ceph:
2023-11-15T01:49:15.854+0000 7f2d9055c700 1 -- 172.21.15.55:0/80980541 >> [v2:172.21.15.55:3300/0,v1:172.21.15.55:6789/0] conn(0x7f2d880703b0 msgr2=0x7f2d8810cc10 secure :-1 s=STATE_CONNECTION_ESTABLISHED l=1).mark_down
2023-11-15T01:49:15.857 INFO:teuthology.orchestra.run.smithi055.stderr:/usr/bin/ceph:
2023-11-15T01:49:15.854+0000 7f2d9055c700 1 --2- 172.21.15.55:0/80980541 >> [v2:172.21.15.55:3300/0,v1:172.21.15.55:6789/0] conn(0x7f2d880703b0 0x7f2d8810cc10 secure :-1 s=READY pgs=34 cs=0 l=1 rev1=1 rx=0x7f2d8400b190 tx=0x7f2d84006ee0).stop
2023-11-15T01:49:15.857 INFO:teuthology.orchestra.run.smithi055.stderr:/usr/bin/ceph:
2023-11-15T01:49:15.854+0000 7f2d9055c700 1 -- 172.21.15.55:0/80980541 shutdown_connections
2023-11-15T01:49:15.858 INFO:teuthology.orchestra.run.smithi055.stderr:/usr/bin/ceph:
2023-11-15T01:49:15.854+0000 7f2d9055c700 1 --2- 172.21.15.55:0/80980541 >> [v2:172.21.15.55:6800/1950005071,v1:172.21.15.55:6801/1950005071] conn(0x7f2d7002fd50 0x7f2d70032210 unknown :-1 s=CLOSED pgs=7 cs=0 l=1 rev1=1 rx=0 tx=0).stop
2023-11-15T01:49:15.858 INFO:teuthology.orchestra.run.smithi055.stderr:/usr/bin/ceph:
2023-11-15T01:49:15.854+0000 7f2d9055c700 1 --2- 172.21.15.55:0/80980541 >> [v2:172.21.15.55:3300/0,v1:172.21.15.55:6789/0] conn(0x7f2d880703b0 0x7f2d8810cc10 unknown :-1 s=CLOSED pgs=34 cs=0 l=1 rev1=1 rx=0 tx=0).stop
2023-11-15T01:49:15.858 INFO:teuthology.orchestra.run.smithi055.stderr:/usr/bin/ceph:
2023-11-15T01:49:15.854+0000 7f2d9055c700 1 -- 172.21.15.55:0/80980541 >> 172.21.15.55:0/80980541 conn(0x7f2d880f63c0 msgr2=0x7f2d880f7ef0 unknown :-1 s=STATE_NONE l=0).mark_down
2023-11-15T01:49:15.858 INFO:teuthology.orchestra.run.smithi055.stderr:/usr/bin/ceph:
2023-11-15T01:49:15.854+0000 7f2d9055c700 1 -- 172.21.15.55:0/80980541 shutdown_connections
2023-11-15T01:49:15.859 INFO:teuthology.orchestra.run.smithi055.stderr:/usr/bin/ceph:
2023-11-15T01:49:15.854+0000 7f2d9055c700 1 -- 172.21.15.55:0/80980541 wait complete.
2023-11-15T01:49:16.977 INFO:journalctl@ceph.mon.smithi055.smithi055.stdout:Nov 15 01:49:16 smithi055 ceph-0cb4fc0c-8359-11ee-8dbe-212e2dc638e7-mon.smithi055[141575]: audit
2023-11-15T01:49:15.854323+0000 mgr.smithi055.szwngw (mgr.14116) 4 : audit [DBG] from='client.14128 -' entity='client.admin' cmd=[{"prefix": "cephadm set-user", "user": "root", "target": ["mon-mgr", ""]}]: dispatch
2023-11-15T01:49:17.561 INFO:teuthology.orchestra.run.smithi055.stderr:Generating ssh key...
2023-11-15T01:49:17.562 INFO:teuthology.orchestra.run.smithi055.stderr:Running command: /bin/podman run --rm --ipc=host --no-hosts --net=host --entrypoint /usr/bin/ceph --init -e CONTAINER_IMAGE=docker.io/ceph/ceph:v16.2.4 -e NODE_NAME=smithi055 -e CEPH_USE_RANDOM_NONCE=1 -v /var/log/ceph/0cb4fc0c-8359-11ee-8dbe-212e2dc638e7:/var/log/ceph:z -v /tmp/ceph-tmpc1yi9jse:/etc/ceph/ceph.client.admin.keyring:z -v /tmp/ceph-tmpra3bp1py:/etc/ceph/ceph.conf:z docker.io/ceph/ceph:v16.2.4 cephadm generate-key
2023-11-15T01:49:17.967 INFO:teuthology.orchestra.run.smithi055.stderr:/usr/bin/ceph:
2023-11-15T01:49:17.964+0000 7f34fd317700 1 Processor -- start
2023-11-15T01:49:17.968 INFO:teuthology.orchestra.run.smithi055.stderr:/usr/bin/ceph:
2023-11-15T01:49:17.964+0000 7f34fd317700 1 -- start start
2023-11-15T01:49:17.968 INFO:teuthology.orchestra.run.smithi055.stderr:/usr/bin/ceph:
2023-11-15T01:49:17.964+0000 7f34fd317700 1 --2- >> [v2:172.21.15.55:3300/0,v1:172.21.15.55:6789/0] conn(0x7f34f80703b0 0x7f34f8100d60 unknown :-1 s=NONE pgs=0 cs=0 l=0 rev1=0 rx=0 tx=0).connect
2023-11-15T01:49:17.968 INFO:teuthology.orchestra.run.smithi055.stderr:/usr/bin/ceph:
2023-11-15T01:49:17.965+0000 7f34fd317700 1 -- --> [v2:172.21.15.55:3300/0,v1:172.21.15.55:6789/0] -- mon_getmap magic: 0 v1 -- 0x7f34f80fc750 con 0x7f34f80703b0
2023-11-15T01:49:17.968 INFO:teuthology.orchestra.run.smithi055.stderr:/usr/bin/ceph:
2023-11-15T01:49:17.965+0000 7f34f6ffd700 1 --2- >> [v2:172.21.15.55:3300/0,v1:172.21.15.55:6789/0] conn(0x7f34f80703b0 0x7f34f8100d60 unknown :-1 s=BANNER_CONNECTING pgs=0 cs=0 l=0 rev1=0 rx=0 tx=0)._handle_peer_banner_payload supported=1 required=0
2023-11-15T01:49:17.968 INFO:teuthology.orchestra.run.smithi055.stderr:/usr/bin/ceph:
2023-11-15T01:49:17.965+0000 7f34f6ffd700 1 --2- >> [v2:172.21.15.55:3300/0,v1:172.21.15.55:6789/0] conn(0x7f34f80703b0 0x7f34f8100d60 unknown :-1 s=HELLO_CONNECTING pgs=0 cs=0 l=0 rev1=1 rx=0 tx=0).handle_hello peer v2:172.21.15.55:3300/0 says I am v2:172.21.15.55:55652/0 (socket says 172.21.15.55:55652)
2023-11-15T01:49:17.969 INFO:teuthology.orchestra.run.smithi055.stderr:/usr/bin/ceph:
2023-11-15T01:49:17.965+0000 7f34f6ffd700 1 -- 172.21.15.55:0/322167060 learned_addr learned my addr 172.21.15.55:0/322167060 (peer_addr_for_me v2:172.21.15.55:0/0)
2023-11-15T01:49:17.969 INFO:teuthology.orchestra.run.smithi055.stderr:/usr/bin/ceph:
2023-11-15T01:49:17.965+0000 7f34f6ffd700 1 -- 172.21.15.55:0/322167060 --> [v2:172.21.15.55:3300/0,v1:172.21.15.55:6789/0] -- mon_subscribe({config=0+,monmap=0+}) v3 -- 0x7f34f8101250 con 0x7f34f80703b0
2023-11-15T01:49:17.969 INFO:teuthology.orchestra.run.smithi055.stderr:/usr/bin/ceph:
2023-11-15T01:49:17.965+0000 7f34f6ffd700 1 --2- 172.21.15.55:0/322167060 >> [v2:172.21.15.55:3300/0,v1:172.21.15.55:6789/0] conn(0x7f34f80703b0 0x7f34f8100d60 secure :-1 s=READY pgs=35 cs=0 l=1 rev1=1 rx=0x7f34e800b5f0 tx=0x7f34e8006ee0).ready entity=mon.0 client_cookie=dc2c63075b84e900 server_cookie=0 in_seq=0 out_seq=0
2023-11-15T01:49:17.969 INFO:teuthology.orchestra.run.smithi055.stderr:/usr/bin/ceph:
2023-11-15T01:49:17.965+0000 7f34f67fc700 1 -- 172.21.15.55:0/322167060 <== mon.0 v2:172.21.15.55:3300/0 1 ==== mon_map magic: 0 v1 ==== 229+0+0 (secure 0 0 0) 0x7f34e800d600 con 0x7f34f80703b0
2023-11-15T01:49:17.969 INFO:teuthology.orchestra.run.smithi055.stderr:/usr/bin/ceph:
2023-11-15T01:49:17.965+0000 7f34f67fc700 1 -- 172.21.15.55:0/322167060 <== mon.0 v2:172.21.15.55:3300/0 2 ==== config(25 keys) v1 ==== 1010+0+0 (secure 0 0 0) 0x7f34e800dbd0 con 0x7f34f80703b0
2023-11-15T01:49:17.969 INFO:teuthology.orchestra.run.smithi055.stderr:/usr/bin/ceph:
2023-11-15T01:49:17.965+0000 7f34f67fc700 1 -- 172.21.15.55:0/322167060 <== mon.0 v2:172.21.15.55:3300/0 3 ==== mon_map magic: 0 v1 ==== 229+0+0 (secure 0 0 0) 0x7f34e8011c00 con 0x7f34f80703b0
2023-11-15T01:49:17.972 INFO:teuthology.orchestra.run.smithi055.stderr:/usr/bin/ceph:
2023-11-15T01:49:17.966+0000 7f34fd317700 1 -- 172.21.15.55:0/322167060 >> [v2:172.21.15.55:3300/0,v1:172.21.15.55:6789/0] conn(0x7f34f80703b0 msgr2=0x7f34f8100d60 secure :-1 s=STATE_CONNECTION_ESTABLISHED l=1).mark_down
2023-11-15T01:49:17.972 INFO:teuthology.orchestra.run.smithi055.stderr:/usr/bin/ceph:
2023-11-15T01:49:17.966+0000 7f34fd317700 1 --2- 172.21.15.55:0/322167060 >> [v2:172.21.15.55:3300/0,v1:172.21.15.55:6789/0] conn(0x7f34f80703b0 0x7f34f8100d60 secure :-1 s=READY pgs=35 cs=0 l=1 rev1=1 rx=0x7f34e800b5f0 tx=0x7f34e8006ee0).stop
2023-11-15T01:49:17.972 INFO:teuthology.orchestra.run.smithi055.stderr:/usr/bin/ceph:
2023-11-15T01:49:17.966+0000 7f34fd317700 1 -- 172.21.15.55:0/322167060 shutdown_connections
2023-11-15T01:49:17.973 INFO:teuthology.orchestra.run.smithi055.stderr:/usr/bin/ceph:
2023-11-15T01:49:17.966+0000 7f34fd317700 1 --2- 172.21.15.55:0/322167060 >> [v2:172.21.15.55:3300/0,v1:172.21.15.55:6789/0] conn(0x7f34f80703b0 0x7f34f8100d60 unknown :-1 s=CLOSED pgs=35 cs=0 l=1 rev1=1 rx=0 tx=0).stop
2023-11-15T01:49:17.973 INFO:teuthology.orchestra.run.smithi055.stderr:/usr/bin/ceph:
2023-11-15T01:49:17.966+0000 7f34fd317700 1 -- 172.21.15.55:0/322167060 >> 172.21.15.55:0/322167060 conn(0x7f34f80f63c0 msgr2=0x7f34f80f87e0 unknown :-1 s=STATE_NONE l=0).mark_down
2023-11-15T01:49:17.973 INFO:teuthology.orchestra.run.smithi055.stderr:/usr/bin/ceph:
2023-11-15T01:49:17.966+0000 7f34fd317700 1 -- 172.21.15.55:0/322167060 shutdown_connections
2023-11-15T01:49:17.973 INFO:teuthology.orchestra.run.smithi055.stderr:/usr/bin/ceph:
2023-11-15T01:49:17.966+0000 7f34fd317700 1 -- 172.21.15.55:0/322167060 wait complete.
2023-11-15T01:49:17.973 INFO:teuthology.orchestra.run.smithi055.stderr:/usr/bin/ceph:
2023-11-15T01:49:17.967+0000 7f34fd317700 1 Processor -- start
2023-11-15T01:49:17.973 INFO:teuthology.orchestra.run.smithi055.stderr:/usr/bin/ceph:
2023-11-15T01:49:17.967+0000 7f34fd317700 1 -- start start
2023-11-15T01:49:17.974 INFO:teuthology.orchestra.run.smithi055.stderr:/usr/bin/ceph:
2023-11-15T01:49:17.967+0000 7f34fd317700 1 --2- >> [v2:172.21.15.55:3300/0,v1:172.21.15.55:6789/0] conn(0x7f34f80703b0 0x7f34f810cc10 unknown :-1 s=NONE pgs=0 cs=0 l=1 rev1=0 rx=0 tx=0).connect
2023-11-15T01:49:17.974 INFO:teuthology.orchestra.run.smithi055.stderr:/usr/bin/ceph:
2023-11-15T01:49:17.967+0000 7f34fd317700 1 -- --> [v2:172.21.15.55:3300/0,v1:172.21.15.55:6789/0] -- mon_getmap magic: 0 v1 -- 0x7f34f810d100 con 0x7f34f80703b0
2023-11-15T01:49:17.974 INFO:teuthology.orchestra.run.smithi055.stderr:/usr/bin/ceph:
2023-11-15T01:49:17.967+0000 7f34f6ffd700 1 --2- >> [v2:172.21.15.55:3300/0,v1:172.21.15.55:6789/0] conn(0x7f34f80703b0 0x7f34f810cc10 unknown :-1 s=BANNER_CONNECTING pgs=0 cs=0 l=1 rev1=0 rx=0 tx=0)._handle_peer_banner_payload supported=1 required=0
2023-11-15T01:49:17.974 INFO:teuthology.orchestra.run.smithi055.stderr:/usr/bin/ceph:
2023-11-15T01:49:17.967+0000 7f34f6ffd700 1 --2- >> [v2:172.21.15.55:3300/0,v1:172.21.15.55:6789/0] conn(0x7f34f80703b0 0x7f34f810cc10 unknown :-1 s=HELLO_CONNECTING pgs=0 cs=0 l=1 rev1=1 rx=0 tx=0).handle_hello peer v2:172.21.15.55:3300/0 says I am v2:172.21.15.55:55668/0 (socket says 172.21.15.55:55668)
2023-11-15T01:49:17.974 INFO:teuthology.orchestra.run.smithi055.stderr:/usr/bin/ceph:
2023-11-15T01:49:17.967+0000 7f34f6ffd700 1 -- 172.21.15.55:0/2945228095 learned_addr learned my addr 172.21.15.55:0/2945228095 (peer_addr_for_me v2:172.21.15.55:0/0)
2023-11-15T01:49:17.975 INFO:teuthology.orchestra.run.smithi055.stderr:/usr/bin/ceph:
2023-11-15T01:49:17.968+0000 7f34f6ffd700 1 -- 172.21.15.55:0/2945228095 --> [v2:172.21.15.55:3300/0,v1:172.21.15.55:6789/0] -- mon_subscribe({config=0+,monmap=0+}) v3 -- 0x7f34e800b200 con 0x7f34f80703b0
2023-11-15T01:49:17.975 INFO:teuthology.orchestra.run.smithi055.stderr:/usr/bin/ceph:
2023-11-15T01:49:17.968+0000 7f34f6ffd700 1 --2- 172.21.15.55:0/2945228095 >> [v2:172.21.15.55:3300/0,v1:172.21.15.55:6789/0] conn(0x7f34f80703b0 0x7f34f810cc10 secure :-1 s=READY pgs=36 cs=0 l=1 rev1=1 rx=0x7f34e800b190 tx=0x7f34e8006ee0).ready entity=mon.0 client_cookie=0 server_cookie=0 in_seq=0 out_seq=0
2023-11-15T01:49:17.975 INFO:teuthology.orchestra.run.smithi055.stderr:/usr/bin/ceph:
2023-11-15T01:49:17.968+0000 7f34effff700 1 -- 172.21.15.55:0/2945228095 <== mon.0 v2:172.21.15.55:3300/0 1 ==== mon_map magic: 0 v1 ==== 229+0+0 (secure 0 0 0) 0x7f34e801b410 con 0x7f34f80703b0
2023-11-15T01:49:17.975 INFO:teuthology.orchestra.run.smithi055.stderr:/usr/bin/ceph:
2023-11-15T01:49:17.968+0000 7f34effff700 1 -- 172.21.15.55:0/2945228095 <== mon.0 v2:172.21.15.55:3300/0 2 ==== config(25 keys) v1 ==== 1010+0+0 (secure 0 0 0) 0x7f34e801b9e0 con 0x7f34f80703b0
2023-11-15T01:49:17.975 INFO:teuthology.orchestra.run.smithi055.stderr:/usr/bin/ceph:
2023-11-15T01:49:17.968+0000 7f34fd317700 1 -- 172.21.15.55:0/2945228095 --> [v2:172.21.15.55:3300/0,v1:172.21.15.55:6789/0] -- mon_subscribe({mgrmap=0+}) v3 -- 0x7f34f810d300 con 0x7f34f80703b0
2023-11-15T01:49:17.975 INFO:teuthology.orchestra.run.smithi055.stderr:/usr/bin/ceph:
2023-11-15T01:49:17.968+0000 7f34effff700 1 -- 172.21.15.55:0/2945228095 <== mon.0 v2:172.21.15.55:3300/0 3 ==== mon_map magic: 0 v1 ==== 229+0+0 (secure 0 0 0) 0x7f34e801a880 con 0x7f34f80703b0
2023-11-15T01:49:17.976 INFO:teuthology.orchestra.run.smithi055.stderr:/usr/bin/ceph:
2023-11-15T01:49:17.968+0000 7f34fd317700 1 -- 172.21.15.55:0/2945228095 --> [v2:172.21.15.55:3300/0,v1:172.21.15.55:6789/0] -- mon_subscribe({osdmap=0}) v3 -- 0x7f34f810d710 con 0x7f34f80703b0
2023-11-15T01:49:17.976 INFO:teuthology.orchestra.run.smithi055.stderr:/usr/bin/ceph:
2023-11-15T01:49:17.969+0000 7f34effff700 1 -- 172.21.15.55:0/2945228095 <== mon.0 v2:172.21.15.55:3300/0 4 ==== mgrmap(e 8) v1 ==== 36120+0+0 (secure 0 0 0) 0x7f34e800f070 con 0x7f34f80703b0
2023-11-15T01:49:17.976 INFO:teuthology.orchestra.run.smithi055.stderr:/usr/bin/ceph:
2023-11-15T01:49:17.969+0000 7f34effff700 1 --2- 172.21.15.55:0/2945228095 >> [v2:172.21.15.55:6800/1950005071,v1:172.21.15.55:6801/1950005071] conn(0x7f34d802fd50 0x7f34d8032210 unknown :-1 s=NONE pgs=0 cs=0 l=1 rev1=0 rx=0 tx=0).connect
2023-11-15T01:49:17.976 INFO:teuthology.orchestra.run.smithi055.stderr:/usr/bin/ceph:
2023-11-15T01:49:17.969+0000 7f34effff700 1 -- 172.21.15.55:0/2945228095 <== mon.0 v2:172.21.15.55:3300/0 5 ==== osd_map(2..2 src has 1..2) v4 ==== 926+0+0 (secure 0 0 0) 0x7f34e8041290 con 0x7f34f80703b0
2023-11-15T01:49:17.976 INFO:teuthology.orchestra.run.smithi055.stderr:/usr/bin/ceph:
2023-11-15T01:49:17.969+0000 7f34fd317700 1 -- 172.21.15.55:0/2945228095 --> [v2:172.21.15.55:3300/0,v1:172.21.15.55:6789/0] -- mon_command({"prefix": "get_command_descriptions"} v 0) v1 -- 0x7f34f8045ad0 con 0x7f34f80703b0
2023-11-15T01:49:17.976 INFO:teuthology.orchestra.run.smithi055.stderr:/usr/bin/ceph:
2023-11-15T01:49:17.970+0000 7f34ee7fc700 1 --2- 172.21.15.55:0/2945228095 >> [v2:172.21.15.55:6800/1950005071,v1:172.21.15.55:6801/1950005071] conn(0x7f34d802fd50 0x7f34d8032210 unknown :-1 s=BANNER_CONNECTING pgs=0 cs=0 l=1 rev1=0 rx=0 tx=0)._handle_peer_banner_payload supported=1 required=0
2023-11-15T01:49:17.977 INFO:teuthology.orchestra.run.smithi055.stderr:/usr/bin/ceph:
2023-11-15T01:49:17.970+0000 7f34ee7fc700 1 --2- 172.21.15.55:0/2945228095 >> [v2:172.21.15.55:6800/1950005071,v1:172.21.15.55:6801/1950005071] conn(0x7f34d802fd50 0x7f34d8032210 secure :-1 s=READY pgs=8 cs=0 l=1 rev1=1 rx=0x7f34e00096a0 tx=0x7f34e0006b40).ready entity=mgr.14116 client_cookie=0 server_cookie=0 in_seq=0 out_seq=0
2023-11-15T01:49:17.977 INFO:teuthology.orchestra.run.smithi055.stderr:/usr/bin/ceph:
2023-11-15T01:49:17.974+0000 7f34effff700 1 -- 172.21.15.55:0/2945228095 <== mon.0 v2:172.21.15.55:3300/0 6 ==== mon_command_ack([{"prefix": "get_command_descriptions"}]=0 v0) v1 ==== 72+0+152212 (secure 0 0 0) 0x7f34e8016080 con 0x7f34f80703b0
2023-11-15T01:49:18.142 INFO:teuthology.orchestra.run.smithi055.stderr:/usr/bin/ceph:
2023-11-15T01:49:18.141+0000 7f34fd317700 1 -- 172.21.15.55:0/2945228095 --> [v2:172.21.15.55:6800/1950005071,v1:172.21.15.55:6801/1950005071] -- mgr_command(tid 0: {"prefix": "cephadm generate-key", "target": ["mon-mgr", ""]}) v1 -- 0x7f34f8106ae0 con 0x7f34d802fd50
2023-11-15T01:49:18.227 INFO:teuthology.orchestra.run.smithi055.stderr:/usr/bin/ceph:
2023-11-15T01:49:18.226+0000 7f34effff700 1 -- 172.21.15.55:0/2945228095 <== mgr.14116 v2:172.21.15.55:6800/1950005071 1 ==== mgr_command_reply(tid 0: 0 ) v1 ==== 8+0+0 (secure 0 0 0) 0x7f34f8106ae0 con 0x7f34d802fd50
2023-11-15T01:49:18.230 INFO:teuthology.orchestra.run.smithi055.stderr:/usr/bin/ceph:
2023-11-15T01:49:18.227+0000 7f34fd317700 1 -- 172.21.15.55:0/2945228095 >> [v2:172.21.15.55:6800/1950005071,v1:172.21.15.55:6801/1950005071] conn(0x7f34d802fd50 msgr2=0x7f34d8032210 secure :-1 s=STATE_CONNECTION_ESTABLISHED l=1).mark_down
2023-11-15T01:49:18.230 INFO:teuthology.orchestra.run.smithi055.stderr:/usr/bin/ceph:
2023-11-15T01:49:18.228+0000 7f34fd317700 1 --2- 172.21.15.55:0/2945228095 >> [v2:172.21.15.55:6800/1950005071,v1:172.21.15.55:6801/1950005071] conn(0x7f34d802fd50 0x7f34d8032210 secure :-1 s=READY pgs=8 cs=0 l=1 rev1=1 rx=0x7f34e00096a0 tx=0x7f34e0006b40).stop
2023-11-15T01:49:18.230 INFO:teuthology.orchestra.run.smithi055.stderr:/usr/bin/ceph:
2023-11-15T01:49:18.228+0000 7f34fd317700 1 -- 172.21.15.55:0/2945228095 >> [v2:172.21.15.55:3300/0,v1:172.21.15.55:6789/0] conn(0x7f34f80703b0 msgr2=0x7f34f810cc10 secure :-1 s=STATE_CONNECTION_ESTABLISHED l=1).mark_down
2023-11-15T01:49:18.230 INFO:teuthology.orchestra.run.smithi055.stderr:/usr/bin/ceph:
2023-11-15T01:49:18.228+0000 7f34fd317700 1 --2- 172.21.15.55:0/2945228095 >> [v2:172.21.15.55:3300/0,v1:172.21.15.55:6789/0] conn(0x7f34f80703b0 0x7f34f810cc10 secure :-1 s=READY pgs=36 cs=0 l=1 rev1=1 rx=0x7f34e800b190 tx=0x7f34e8006ee0).stop
2023-11-15T01:49:18.231 INFO:teuthology.orchestra.run.smithi055.stderr:/usr/bin/ceph:
2023-11-15T01:49:18.228+0000 7f34fd317700 1 -- 172.21.15.55:0/2945228095 shutdown_connections
2023-11-15T01:49:18.231 INFO:teuthology.orchestra.run.smithi055.stderr:/usr/bin/ceph:
2023-11-15T01:49:18.228+0000 7f34fd317700 1 --2- 172.21.15.55:0/2945228095 >> [v2:172.21.15.55:6800/1950005071,v1:172.21.15.55:6801/1950005071] conn(0x7f34d802fd50 0x7f34d8032210 unknown :-1 s=CLOSED pgs=8 cs=0 l=1 rev1=1 rx=0 tx=0).stop
2023-11-15T01:49:18.231 INFO:teuthology.orchestra.run.smithi055.stderr:/usr/bin/ceph:
2023-11-15T01:49:18.228+0000 7f34fd317700 1 --2- 172.21.15.55:0/2945228095 >> [v2:172.21.15.55:3300/0,v1:172.21.15.55:6789/0] conn(0x7f34f80703b0 0x7f34f810cc10 unknown :-1 s=CLOSED pgs=36 cs=0 l=1 rev1=1 rx=0 tx=0).stop
2023-11-15T01:49:18.231 INFO:teuthology.orchestra.run.smithi055.stderr:/usr/bin/ceph:
2023-11-15T01:49:18.228+0000 7f34fd317700 1 -- 172.21.15.55:0/2945228095 >> 172.21.15.55:0/2945228095 conn(0x7f34f80f63c0 msgr2=0x7f34f80f7ef0 unknown :-1 s=STATE_NONE l=0).mark_down
2023-11-15T01:49:18.232 INFO:teuthology.orchestra.run.smithi055.stderr:/usr/bin/ceph:
2023-11-15T01:49:18.229+0000 7f34fd317700 1 -- 172.21.15.55:0/2945228095 shutdown_connections
2023-11-15T01:49:18.232 INFO:teuthology.orchestra.run.smithi055.stderr:/usr/bin/ceph:
2023-11-15T01:49:18.229+0000 7f34fd317700 1 -- 172.21.15.55:0/2945228095 wait complete.
2023-11-15T01:49:18.594 INFO:teuthology.orchestra.run.smithi055.stderr:Running command: /bin/podman run --rm --ipc=host --no-hosts --net=host --entrypoint /usr/bin/ceph --init -e CONTAINER_IMAGE=docker.io/ceph/ceph:v16.2.4 -e NODE_NAME=smithi055 -e CEPH_USE_RANDOM_NONCE=1 -v /var/log/ceph/0cb4fc0c-8359-11ee-8dbe-212e2dc638e7:/var/log/ceph:z -v /tmp/ceph-tmpc1yi9jse:/etc/ceph/ceph.client.admin.keyring:z -v /tmp/ceph-tmpra3bp1py:/etc/ceph/ceph.conf:z docker.io/ceph/ceph:v16.2.4 cephadm get-pub-key
2023-11-15T01:49:18.953 INFO:teuthology.orchestra.run.smithi055.stderr:/usr/bin/ceph:
2023-11-15T01:49:18.951+0000 7f0ff0c94700 1 Processor -- start
2023-11-15T01:49:18.954 INFO:teuthology.orchestra.run.smithi055.stderr:/usr/bin/ceph:
2023-11-15T01:49:18.951+0000 7f0ff0c94700 1 -- start start
2023-11-15T01:49:18.954 INFO:teuthology.orchestra.run.smithi055.stderr:/usr/bin/ceph:
2023-11-15T01:49:18.952+0000 7f0ff0c94700 1 --2- >> [v2:172.21.15.55:3300/0,v1:172.21.15.55:6789/0] conn(0x7f0fec0703b0 0x7f0fec100d60 unknown :-1 s=NONE pgs=0 cs=0 l=0 rev1=0 rx=0 tx=0).connect
2023-11-15T01:49:18.954 INFO:teuthology.orchestra.run.smithi055.stderr:/usr/bin/ceph:
2023-11-15T01:49:18.952+0000 7f0ff0c94700 1 -- --> [v2:172.21.15.55:3300/0,v1:172.21.15.55:6789/0] -- mon_getmap magic: 0 v1 -- 0x7f0fec0fc750 con 0x7f0fec0703b0
2023-11-15T01:49:18.957 INFO:teuthology.orchestra.run.smithi055.stderr:/usr/bin/ceph:
2023-11-15T01:49:18.952+0000 7f0fea59c700 1 --2- >> [v2:172.21.15.55:3300/0,v1:172.21.15.55:6789/0] conn(0x7f0fec0703b0 0x7f0fec100d60 unknown :-1 s=BANNER_CONNECTING pgs=0 cs=0 l=0 rev1=0 rx=0 tx=0)._handle_peer_banner_payload supported=1 required=0
2023-11-15T01:49:18.957 INFO:teuthology.orchestra.run.smithi055.stderr:/usr/bin/ceph:
2023-11-15T01:49:18.952+0000 7f0fea59c700 1 --2- >> [v2:172.21.15.55:3300/0,v1:172.21.15.55:6789/0] conn(0x7f0fec0703b0 0x7f0fec100d60 unknown :-1 s=HELLO_CONNECTING pgs=0 cs=0 l=0 rev1=1 rx=0 tx=0).handle_hello peer v2:172.21.15.55:3300/0 says I am v2:172.21.15.55:55684/0 (socket says 172.21.15.55:55684)
2023-11-15T01:49:18.958 INFO:teuthology.orchestra.run.smithi055.stderr:/usr/bin/ceph:
2023-11-15T01:49:18.952+0000 7f0fea59c700 1 -- 172.21.15.55:0/2469367918 learned_addr learned my addr 172.21.15.55:0/2469367918 (peer_addr_for_me v2:172.21.15.55:0/0)
2023-11-15T01:49:18.958 INFO:teuthology.orchestra.run.smithi055.stderr:/usr/bin/ceph:
2023-11-15T01:49:18.952+0000 7f0fea59c700 1 -- 172.21.15.55:0/2469367918 --> [v2:172.21.15.55:3300/0,v1:172.21.15.55:6789/0] -- mon_subscribe({config=0+,monmap=0+}) v3 -- 0x7f0fec101250 con 0x7f0fec0703b0
2023-11-15T01:49:18.958 INFO:teuthology.orchestra.run.smithi055.stderr:/usr/bin/ceph:
2023-11-15T01:49:18.952+0000 7f0fea59c700 1 --2- 172.21.15.55:0/2469367918 >> [v2:172.21.15.55:3300/0,v1:172.21.15.55:6789/0] conn(0x7f0fec0703b0 0x7f0fec100d60 secure :-1 s=READY pgs=37 cs=0 l=1 rev1=1 rx=0x7f0fdc00b5f0 tx=0x7f0fdc006ee0).ready entity=mon.0 client_cookie=b6385290fe8ad904 server_cookie=0 in_seq=0 out_seq=0
2023-11-15T01:49:18.958 INFO:teuthology.orchestra.run.smithi055.stderr:/usr/bin/ceph:
2023-11-15T01:49:18.952+0000 7f0fe9d9b700 1 -- 172.21.15.55:0/2469367918 <== mon.0 v2:172.21.15.55:3300/0 1 ==== mon_map magic: 0 v1 ==== 229+0+0 (secure 0 0 0) 0x7f0fdc00d600 con 0x7f0fec0703b0
2023-11-15T01:49:18.958 INFO:teuthology.orchestra.run.smithi055.stderr:/usr/bin/ceph:
2023-11-15T01:49:18.952+0000 7f0fe9d9b700 1 -- 172.21.15.55:0/2469367918 <== mon.0 v2:172.21.15.55:3300/0 2 ==== config(25 keys) v1 ==== 1010+0+0 (secure 0 0 0) 0x7f0fdc00dbd0 con 0x7f0fec0703b0
2023-11-15T01:49:18.958 INFO:teuthology.orchestra.run.smithi055.stderr:/usr/bin/ceph:
2023-11-15T01:49:18.952+0000 7f0fe9d9b700 1 -- 172.21.15.55:0/2469367918 <== mon.0 v2:172.21.15.55:3300/0 3 ==== mon_map magic: 0 v1 ==== 229+0+0 (secure 0 0 0) 0x7f0fdc011c00 con 0x7f0fec0703b0
2023-11-15T01:49:18.959 INFO:teuthology.orchestra.run.smithi055.stderr:/usr/bin/ceph:
2023-11-15T01:49:18.953+0000 7f0ff0c94700 1 -- 172.21.15.55:0/2469367918 >> [v2:172.21.15.55:3300/0,v1:172.21.15.55:6789/0] conn(0x7f0fec0703b0 msgr2=0x7f0fec100d60 secure :-1 s=STATE_CONNECTION_ESTABLISHED l=1).mark_down
2023-11-15T01:49:18.959 INFO:teuthology.orchestra.run.smithi055.stderr:/usr/bin/ceph:
2023-11-15T01:49:18.953+0000 7f0ff0c94700 1 --2- 172.21.15.55:0/2469367918 >> [v2:172.21.15.55:3300/0,v1:172.21.15.55:6789/0] conn(0x7f0fec0703b0 0x7f0fec100d60 secure :-1 s=READY pgs=37 cs=0 l=1 rev1=1 rx=0x7f0fdc00b5f0 tx=0x7f0fdc006ee0).stop
2023-11-15T01:49:18.959 INFO:teuthology.orchestra.run.smithi055.stderr:/usr/bin/ceph:
2023-11-15T01:49:18.953+0000 7f0ff0c94700 1 -- 172.21.15.55:0/2469367918 shutdown_connections
2023-11-15T01:49:18.959 INFO:teuthology.orchestra.run.smithi055.stderr:/usr/bin/ceph:
2023-11-15T01:49:18.953+0000 7f0ff0c94700 1 --2- 172.21.15.55:0/2469367918 >> [v2:172.21.15.55:3300/0,v1:172.21.15.55:6789/0] conn(0x7f0fec0703b0 0x7f0fec100d60 unknown :-1 s=CLOSED pgs=37 cs=0 l=1 rev1=1 rx=0 tx=0).stop
2023-11-15T01:49:18.959 INFO:teuthology.orchestra.run.smithi055.stderr:/usr/bin/ceph:
2023-11-15T01:49:18.953+0000 7f0ff0c94700 1 -- 172.21.15.55:0/2469367918 >> 172.21.15.55:0/2469367918 conn(0x7f0fec0f63c0 msgr2=0x7f0fec0f87e0 unknown :-1 s=STATE_NONE l=0).mark_down
2023-11-15T01:49:18.960 INFO:teuthology.orchestra.run.smithi055.stderr:/usr/bin/ceph:
2023-11-15T01:49:18.953+0000 7f0ff0c94700 1 -- 172.21.15.55:0/2469367918 shutdown_connections
2023-11-15T01:49:18.960 INFO:teuthology.orchestra.run.smithi055.stderr:/usr/bin/ceph:
2023-11-15T01:49:18.953+0000 7f0ff0c94700 1 -- 172.21.15.55:0/2469367918 wait complete.
2023-11-15T01:49:18.960 INFO:teuthology.orchestra.run.smithi055.stderr:/usr/bin/ceph:
2023-11-15T01:49:18.954+0000 7f0ff0c94700 1 Processor -- start
2023-11-15T01:49:18.960 INFO:teuthology.orchestra.run.smithi055.stderr:/usr/bin/ceph:
2023-11-15T01:49:18.954+0000 7f0ff0c94700 1 -- start start
2023-11-15T01:49:18.960 INFO:teuthology.orchestra.run.smithi055.stderr:/usr/bin/ceph:
2023-11-15T01:49:18.954+0000 7f0ff0c94700 1 --2- >> [v2:172.21.15.55:3300/0,v1:172.21.15.55:6789/0] conn(0x7f0fec0703b0 0x7f0fec10cc10 unknown :-1 s=NONE pgs=0 cs=0 l=1 rev1=0 rx=0 tx=0).connect
2023-11-15T01:49:18.960 INFO:teuthology.orchestra.run.smithi055.stderr:/usr/bin/ceph:
2023-11-15T01:49:18.954+0000 7f0ff0c94700 1 -- --> [v2:172.21.15.55:3300/0,v1:172.21.15.55:6789/0] -- mon_getmap magic: 0 v1 -- 0x7f0fec10d100 con 0x7f0fec0703b0
2023-11-15T01:49:18.961 INFO:teuthology.orchestra.run.smithi055.stderr:/usr/bin/ceph:
2023-11-15T01:49:18.954+0000 7f0fea59c700 1 --2- >> [v2:172.21.15.55:3300/0,v1:172.21.15.55:6789/0] conn(0x7f0fec0703b0 0x7f0fec10cc10 unknown :-1 s=BANNER_CONNECTING pgs=0 cs=0 l=1 rev1=0 rx=0 tx=0)._handle_peer_banner_payload supported=1 required=0
2023-11-15T01:49:18.961 INFO:teuthology.orchestra.run.smithi055.stderr:/usr/bin/ceph:
2023-11-15T01:49:18.954+0000 7f0fea59c700 1 --2- >> [v2:172.21.15.55:3300/0,v1:172.21.15.55:6789/0] conn(0x7f0fec0703b0 0x7f0fec10cc10 unknown :-1 s=HELLO_CONNECTING pgs=0 cs=0 l=1 rev1=1 rx=0 tx=0).handle_hello peer v2:172.21.15.55:3300/0 says I am v2:172.21.15.55:55694/0 (socket says 172.21.15.55:55694)
2023-11-15T01:49:18.961 INFO:teuthology.orchestra.run.smithi055.stderr:/usr/bin/ceph:
2023-11-15T01:49:18.954+0000 7f0fea59c700 1 -- 172.21.15.55:0/3741808087 learned_addr learned my addr 172.21.15.55:0/3741808087 (peer_addr_for_me v2:172.21.15.55:0/0)
2023-11-15T01:49:18.961 INFO:teuthology.orchestra.run.smithi055.stderr:/usr/bin/ceph:
2023-11-15T01:49:18.955+0000 7f0fea59c700 1 -- 172.21.15.55:0/3741808087 --> [v2:172.21.15.55:3300/0,v1:172.21.15.55:6789/0] -- mon_subscribe({config=0+,monmap=0+}) v3 -- 0x7f0fdc00b200 con 0x7f0fec0703b0
2023-11-15T01:49:18.961 INFO:teuthology.orchestra.run.smithi055.stderr:/usr/bin/ceph:
2023-11-15T01:49:18.955+0000 7f0fea59c700 1 --2- 172.21.15.55:0/3741808087 >> [v2:172.21.15.55:3300/0,v1:172.21.15.55:6789/0] conn(0x7f0fec0703b0 0x7f0fec10cc10 secure :-1 s=READY pgs=38 cs=0 l=1 rev1=1 rx=0x7f0fdc00b190 tx=0x7f0fdc006ee0).ready entity=mon.0 client_cookie=0 server_cookie=0 in_seq=0 out_seq=0
2023-11-15T01:49:18.962 INFO:teuthology.orchestra.run.smithi055.stderr:/usr/bin/ceph:
2023-11-15T01:49:18.955+0000 7f0fe37fe700 1 -- 172.21.15.55:0/3741808087 <== mon.0 v2:172.21.15.55:3300/0 1 ==== mon_map magic: 0 v1 ==== 229+0+0 (secure 0 0 0) 0x7f0fdc01b410 con 0x7f0fec0703b0
2023-11-15T01:49:18.962 INFO:teuthology.orchestra.run.smithi055.stderr:/usr/bin/ceph:
2023-11-15T01:49:18.955+0000 7f0fe37fe700 1 -- 172.21.15.55:0/3741808087 <== mon.0 v2:172.21.15.55:3300/0 2 ==== config(25 keys) v1 ==== 1010+0+0 (secure 0 0 0) 0x7f0fdc01b9e0 con 0x7f0fec0703b0
2023-11-15T01:49:18.962 INFO:teuthology.orchestra.run.smithi055.stderr:/usr/bin/ceph:
2023-11-15T01:49:18.955+0000 7f0ff0c94700 1 -- 172.21.15.55:0/3741808087 --> [v2:172.21.15.55:3300/0,v1:172.21.15.55:6789/0] -- mon_subscribe({mgrmap=0+}) v3 -- 0x7f0fec10d300 con 0x7f0fec0703b0
2023-11-15T01:49:18.962 INFO:teuthology.orchestra.run.smithi055.stderr:/usr/bin/ceph:
2023-11-15T01:49:18.955+0000 7f0fe37fe700 1 -- 172.21.15.55:0/3741808087 <== mon.0 v2:172.21.15.55:3300/0 3 ==== mon_map magic: 0 v1 ==== 229+0+0 (secure 0 0 0) 0x7f0fdc01a880 con 0x7f0fec0703b0
2023-11-15T01:49:18.962 INFO:teuthology.orchestra.run.smithi055.stderr:/usr/bin/ceph:
2023-11-15T01:49:18.955+0000 7f0ff0c94700 1 -- 172.21.15.55:0/3741808087 --> [v2:172.21.15.55:3300/0,v1:172.21.15.55:6789/0] -- mon_subscribe({osdmap=0}) v3 -- 0x7f0fec10d710 con 0x7f0fec0703b0
2023-11-15T01:49:18.963 INFO:teuthology.orchestra.run.smithi055.stderr:/usr/bin/ceph:
2023-11-15T01:49:18.956+0000 7f0ff0c94700 1 -- 172.21.15.55:0/3741808087 --> [v2:172.21.15.55:3300/0,v1:172.21.15.55:6789/0] -- mon_command({"prefix": "get_command_descriptions"} v 0) v1 -- 0x7f0fec045ad0 con 0x7f0fec0703b0
2023-11-15T01:49:18.963 INFO:teuthology.orchestra.run.smithi055.stderr:/usr/bin/ceph:
2023-11-15T01:49:18.957+0000 7f0fe37fe700 1 -- 172.21.15.55:0/3741808087 <== mon.0 v2:172.21.15.55:3300/0 4 ==== mgrmap(e 8) v1 ==== 36120+0+0 (secure 0 0 0) 0x7f0fdc00f070 con 0x7f0fec0703b0
2023-11-15T01:49:18.964 INFO:teuthology.orchestra.run.smithi055.stderr:/usr/bin/ceph:
2023-11-15T01:49:18.957+0000 7f0fe37fe700 1 --2- 172.21.15.55:0/3741808087 >> [v2:172.21.15.55:6800/1950005071,v1:172.21.15.55:6801/1950005071] conn(0x7f0fcc02fdb0 0x7f0fcc032270 unknown :-1 s=NONE pgs=0 cs=0 l=1 rev1=0 rx=0 tx=0).connect
2023-11-15T01:49:18.964 INFO:teuthology.orchestra.run.smithi055.stderr:/usr/bin/ceph:
2023-11-15T01:49:18.957+0000 7f0fe37fe700 1 -- 172.21.15.55:0/3741808087 <== mon.0 v2:172.21.15.55:3300/0 5 ==== osd_map(2..2 src has 1..2) v4 ==== 926+0+0 (secure 0 0 0) 0x7f0fdc041cd0 con 0x7f0fec0703b0
2023-11-15T01:49:18.964 INFO:teuthology.orchestra.run.smithi055.stderr:/usr/bin/ceph:
2023-11-15T01:49:18.957+0000 7f0fe1d9b700 1 --2- 172.21.15.55:0/3741808087 >> [v2:172.21.15.55:6800/1950005071,v1:172.21.15.55:6801/1950005071] conn(0x7f0fcc02fdb0 0x7f0fcc032270 unknown :-1 s=BANNER_CONNECTING pgs=0 cs=0 l=1 rev1=0 rx=0 tx=0)._handle_peer_banner_payload supported=1 required=0
2023-11-15T01:49:18.964 INFO:teuthology.orchestra.run.smithi055.stderr:/usr/bin/ceph:
2023-11-15T01:49:18.957+0000 7f0fe1d9b700 1 --2- 172.21.15.55:0/3741808087 >> [v2:172.21.15.55:6800/1950005071,v1:172.21.15.55:6801/1950005071] conn(0x7f0fcc02fdb0 0x7f0fcc032270 secure :-1 s=READY pgs=9 cs=0 l=1 rev1=1 rx=0x7f0fd40096a0 tx=0x7f0fd4006b40).ready entity=mgr.14116 client_cookie=0 server_cookie=0 in_seq=0 out_seq=0
2023-11-15T01:49:18.964 INFO:teuthology.orchestra.run.smithi055.stderr:/usr/bin/ceph:
2023-11-15T01:49:18.961+0000 7f0fe37fe700 1 -- 172.21.15.55:0/3741808087 <== mon.0 v2:172.21.15.55:3300/0 6 ==== mon_command_ack([{"prefix": "get_command_descriptions"}]=0 v0) v1 ==== 72+0+152212 (secure 0 0 0) 0x7f0fdc02db70 con 0x7f0fec0703b0
2023-11-15T01:49:19.129 INFO:teuthology.orchestra.run.smithi055.stderr:/usr/bin/ceph:
2023-11-15T01:49:19.127+0000 7f0ff0c94700 1 -- 172.21.15.55:0/3741808087 --> [v2:172.21.15.55:6800/1950005071,v1:172.21.15.55:6801/1950005071] -- mgr_command(tid 0: {"prefix": "cephadm get-pub-key", "target": ["mon-mgr", ""]}) v1 -- 0x7f0fec10e050 con 0x7f0fcc02fdb0
2023-11-15T01:49:19.130 INFO:teuthology.orchestra.run.smithi055.stderr:/usr/bin/ceph:
2023-11-15T01:49:19.127+0000 7f0fe37fe700 1 -- 172.21.15.55:0/3741808087 <== mgr.14116 v2:172.21.15.55:6800/1950005071 1 ==== mgr_command_reply(tid 0: 0 ) v1 ==== 8+0+595 (secure 0 0 0) 0x7f0fec10e050 con 0x7f0fcc02fdb0
2023-11-15T01:49:19.130 INFO:teuthology.orchestra.run.smithi055.stderr:/usr/bin/ceph: ssh-rsa AAAAB3NzaC1yc2EAAAADAQABAAABgQCxLJt0GaYl6FwRC+2jujyNfcjnFqDoIxZQt7xyvegv6X8cybULkGSYLvK2zO64L7UGRiP49oFJW7nNqZAhOpR5bTmfY1tfgvHj1I9aS541zHVvC1lr206T7ujPgW3N8/P0usLiIVeb3VwxdxL8LBQvx1YoULbTGxIzaxDCg9pRgf4pDURazpQxmxZ1XcbjkhKesOBEBAqPfibyGsLpAZTgkw4JGXS86QoKGCgEQ8/A/eN0h7UlAZoly3kFEqX5Owfb55y+YVEvZJ0TSRfxwzhHbwOmZy8cCVWFnsvj7rnzqIPNmcVwLz1jr9mXN/+wiaPm1r9XGg2OPRnEyd4YX7JreBaUSwX5vFW5zzvYLpuPHh3+yGTvzYZ/7VZ44LO1EFApLv229iASMFSG6kThktQM6Uk3/gZMKhDTOX6FHnG8RK5KtO0mF2B9wcj36FafX+DUkyVahKm6IsamAsiC29trMQrU8VQKuCduq8SRObbLbz1L1+2vXAOJoYgXXLAl8zE= ceph-0cb4fc0c-8359-11ee-8dbe-212e2dc638e7
2023-11-15T01:49:19.132 INFO:teuthology.orchestra.run.smithi055.stderr:/usr/bin/ceph:
2023-11-15T01:49:19.129+0000 7f0ff0c94700 1 -- 172.21.15.55:0/3741808087 >> [v2:172.21.15.55:6800/1950005071,v1:172.21.15.55:6801/1950005071] conn(0x7f0fcc02fdb0 msgr2=0x7f0fcc032270 secure :-1 s=STATE_CONNECTION_ESTABLISHED l=1).mark_down
2023-11-15T01:49:19.132 INFO:teuthology.orchestra.run.smithi055.stderr:/usr/bin/ceph:
2023-11-15T01:49:19.129+0000 7f0ff0c94700 1 --2- 172.21.15.55:0/3741808087 >> [v2:172.21.15.55:6800/1950005071,v1:172.21.15.55:6801/1950005071] conn(0x7f0fcc02fdb0 0x7f0fcc032270 secure :-1 s=READY pgs=9 cs=0 l=1 rev1=1 rx=0x7f0fd40096a0 tx=0x7f0fd4006b40).stop
2023-11-15T01:49:19.132 INFO:teuthology.orchestra.run.smithi055.stderr:/usr/bin/ceph:
2023-11-15T01:49:19.129+0000 7f0ff0c94700 1 -- 172.21.15.55:0/3741808087 >> [v2:172.21.15.55:3300/0,v1:172.21.15.55:6789/0] conn(0x7f0fec0703b0 msgr2=0x7f0fec10cc10 secure :-1 s=STATE_CONNECTION_ESTABLISHED l=1).mark_down
2023-11-15T01:49:19.132 INFO:teuthology.orchestra.run.smithi055.stderr:/usr/bin/ceph:
2023-11-15T01:49:19.129+0000 7f0ff0c94700 1 --2- 172.21.15.55:0/3741808087 >> [v2:172.21.15.55:3300/0,v1:172.21.15.55:6789/0] conn(0x7f0fec0703b0 0x7f0fec10cc10 secure :-1 s=READY pgs=38 cs=0 l=1 rev1=1 rx=0x7f0fdc00b190 tx=0x7f0fdc006ee0).stop
2023-11-15T01:49:19.133 INFO:teuthology.orchestra.run.smithi055.stderr:/usr/bin/ceph:
2023-11-15T01:49:19.129+0000 7f0ff0c94700 1 -- 172.21.15.55:0/3741808087 shutdown_connections
2023-11-15T01:49:19.133 INFO:teuthology.orchestra.run.smithi055.stderr:/usr/bin/ceph:
2023-11-15T01:49:19.129+0000 7f0ff0c94700 1 --2- 172.21.15.55:0/3741808087 >> [v2:172.21.15.55:6800/1950005071,v1:172.21.15.55:6801/1950005071] conn(0x7f0fcc02fdb0 0x7f0fcc032270 unknown :-1 s=CLOSED pgs=9 cs=0 l=1 rev1=1 rx=0 tx=0).stop
2023-11-15T01:49:19.133 INFO:teuthology.orchestra.run.smithi055.stderr:/usr/bin/ceph:
2023-11-15T01:49:19.129+0000 7f0ff0c94700 1 --2- 172.21.15.55:0/3741808087 >> [v2:172.21.15.55:3300/0,v1:172.21.15.55:6789/0] conn(0x7f0fec0703b0 0x7f0fec10cc10 unknown :-1 s=CLOSED pgs=38 cs=0 l=1 rev1=1 rx=0 tx=0).stop
2023-11-15T01:49:19.133 INFO:teuthology.orchestra.run.smithi055.stderr:/usr/bin/ceph:
2023-11-15T01:49:19.129+0000 7f0ff0c94700 1 -- 172.21.15.55:0/3741808087 >> 172.21.15.55:0/3741808087 conn(0x7f0fec0f63c0 msgr2=0x7f0fec0f7ef0 unknown :-1 s=STATE_NONE l=0).mark_down
2023-11-15T01:49:19.134 INFO:teuthology.orchestra.run.smithi055.stderr:/usr/bin/ceph:
2023-11-15T01:49:19.129+0000 7f0ff0c94700 1 -- 172.21.15.55:0/3741808087 shutdown_connections
2023-11-15T01:49:19.134 INFO:teuthology.orchestra.run.smithi055.stderr:/usr/bin/ceph:
2023-11-15T01:49:19.129+0000 7f0ff0c94700 1 -- 172.21.15.55:0/3741808087 wait complete.
2023-11-15T01:49:19.422 INFO:journalctl@ceph.mon.smithi055.smithi055.stdout:Nov 15 01:49:19 smithi055 ceph-0cb4fc0c-8359-11ee-8dbe-212e2dc638e7-mon.smithi055[141575]: cephadm
2023-11-15T01:49:18.143362+0000 mgr.smithi055.szwngw (mgr.14116) 6 : cephadm [INF] Generating ssh key...
2023-11-15T01:49:19.423 INFO:journalctl@ceph.mon.smithi055.smithi055.stdout:Nov 15 01:49:19 smithi055 ceph-0cb4fc0c-8359-11ee-8dbe-212e2dc638e7-mon.smithi055[141575]: audit
2023-11-15T01:49:18.222463+0000 mon.smithi055 (mon.0) 53 : audit [INF] from='mgr.14116 172.21.15.55:0/3759764227' entity='mgr.smithi055.szwngw'
2023-11-15T01:49:19.423 INFO:journalctl@ceph.mon.smithi055.smithi055.stdout:Nov 15 01:49:19 smithi055 ceph-0cb4fc0c-8359-11ee-8dbe-212e2dc638e7-mon.smithi055[141575]: audit
2023-11-15T01:49:18.226827+0000 mon.smithi055 (mon.0) 54 : audit [INF] from='mgr.14116 172.21.15.55:0/3759764227' entity='mgr.smithi055.szwngw'
2023-11-15T01:49:19.478 INFO:teuthology.orchestra.run.smithi055.stderr:Wrote public SSH key to /home/ubuntu/cephtest/ceph.pub
2023-11-15T01:49:19.478 INFO:teuthology.orchestra.run.smithi055.stderr:Adding key to root@localhost authorized_keys...
2023-11-15T01:49:19.479 INFO:teuthology.orchestra.run.smithi055.stderr:Adding host smithi055...
2023-11-15T01:49:19.479 INFO:teuthology.orchestra.run.smithi055.stderr:Running command: /bin/podman run --rm --ipc=host --no-hosts --net=host --entrypoint /usr/bin/ceph --init -e CONTAINER_IMAGE=docker.io/ceph/ceph:v16.2.4 -e NODE_NAME=smithi055 -e CEPH_USE_RANDOM_NONCE=1 -v /var/log/ceph/0cb4fc0c-8359-11ee-8dbe-212e2dc638e7:/var/log/ceph:z -v /tmp/ceph-tmpc1yi9jse:/etc/ceph/ceph.client.admin.keyring:z -v /tmp/ceph-tmpra3bp1py:/etc/ceph/ceph.conf:z docker.io/ceph/ceph:v16.2.4 orch host add smithi055 172.21.15.55
2023-11-15T01:49:19.862 INFO:teuthology.orchestra.run.smithi055.stderr:/usr/bin/ceph:
2023-11-15T01:49:19.860+0000 7f1afb4ea700 1 Processor -- start
2023-11-15T01:49:19.863 INFO:teuthology.orchestra.run.smithi055.stderr:/usr/bin/ceph:
2023-11-15T01:49:19.860+0000 7f1afb4ea700 1 -- start start
2023-11-15T01:49:19.863 INFO:teuthology.orchestra.run.smithi055.stderr:/usr/bin/ceph:
2023-11-15T01:49:19.860+0000 7f1afb4ea700 1 --2- >> [v2:172.21.15.55:3300/0,v1:172.21.15.55:6789/0] conn(0x7f1af40703b0 0x7f1af4100bb0 unknown :-1 s=NONE pgs=0 cs=0 l=0 rev1=0 rx=0 tx=0).connect
2023-11-15T01:49:19.863 INFO:teuthology.orchestra.run.smithi055.stderr:/usr/bin/ceph:
2023-11-15T01:49:19.860+0000 7f1afb4ea700 1 -- --> [v2:172.21.15.55:3300/0,v1:172.21.15.55:6789/0] -- mon_getmap magic: 0 v1 -- 0x7f1af40fc5a0 con 0x7f1af40703b0
2023-11-15T01:49:19.863 INFO:teuthology.orchestra.run.smithi055.stderr:/usr/bin/ceph:
2023-11-15T01:49:19.860+0000 7f1afa4e8700 1 --2- >> [v2:172.21.15.55:3300/0,v1:172.21.15.55:6789/0] conn(0x7f1af40703b0 0x7f1af4100bb0 unknown :-1 s=BANNER_CONNECTING pgs=0 cs=0 l=0 rev1=0 rx=0 tx=0)._handle_peer_banner_payload supported=1 required=0
2023-11-15T01:49:19.864 INFO:teuthology.orchestra.run.smithi055.stderr:/usr/bin/ceph:
2023-11-15T01:49:19.860+0000 7f1afa4e8700 1 --2- >> [v2:172.21.15.55:3300/0,v1:172.21.15.55:6789/0] conn(0x7f1af40703b0 0x7f1af4100bb0 unknown :-1 s=HELLO_CONNECTING pgs=0 cs=0 l=0 rev1=1 rx=0 tx=0).handle_hello peer v2:172.21.15.55:3300/0 says I am v2:172.21.15.55:53116/0 (socket says 172.21.15.55:53116)
2023-11-15T01:49:19.864 INFO:teuthology.orchestra.run.smithi055.stderr:/usr/bin/ceph:
2023-11-15T01:49:19.860+0000 7f1afa4e8700 1 -- 172.21.15.55:0/1488206249 learned_addr learned my addr 172.21.15.55:0/1488206249 (peer_addr_for_me v2:172.21.15.55:0/0)
2023-11-15T01:49:19.865 INFO:teuthology.orchestra.run.smithi055.stderr:/usr/bin/ceph:
2023-11-15T01:49:19.861+0000 7f1afa4e8700 1 -- 172.21.15.55:0/1488206249 --> [v2:172.21.15.55:3300/0,v1:172.21.15.55:6789/0] -- mon_subscribe({config=0+,monmap=0+}) v3 -- 0x7f1af41010a0 con 0x7f1af40703b0
2023-11-15T01:49:19.866 INFO:teuthology.orchestra.run.smithi055.stderr:/usr/bin/ceph:
2023-11-15T01:49:19.861+0000 7f1afa4e8700 1 --2- 172.21.15.55:0/1488206249 >> [v2:172.21.15.55:3300/0,v1:172.21.15.55:6789/0] conn(0x7f1af40703b0 0x7f1af4100bb0 secure :-1 s=READY pgs=39 cs=0 l=1 rev1=1 rx=0x7f1af000b5f0 tx=0x7f1af0006ee0).ready entity=mon.0 client_cookie=679bfb5ac4b7aa2e server_cookie=0 in_seq=0 out_seq=0
2023-11-15T01:49:19.866 INFO:teuthology.orchestra.run.smithi055.stderr:/usr/bin/ceph:
2023-11-15T01:49:19.861+0000 7f1af94e6700 1 -- 172.21.15.55:0/1488206249 <== mon.0 v2:172.21.15.55:3300/0 1 ==== mon_map magic: 0 v1 ==== 229+0+0 (secure 0 0 0) 0x7f1af000d600 con 0x7f1af40703b0
2023-11-15T01:49:19.866 INFO:teuthology.orchestra.run.smithi055.stderr:/usr/bin/ceph:
2023-11-15T01:49:19.861+0000 7f1af94e6700 1 -- 172.21.15.55:0/1488206249 <== mon.0 v2:172.21.15.55:3300/0 2 ==== config(25 keys) v1 ==== 1010+0+0 (secure 0 0 0) 0x7f1af000dbd0 con 0x7f1af40703b0
2023-11-15T01:49:19.866 INFO:teuthology.orchestra.run.smithi055.stderr:/usr/bin/ceph:
2023-11-15T01:49:19.861+0000 7f1af94e6700 1 -- 172.21.15.55:0/1488206249 <== mon.0 v2:172.21.15.55:3300/0 3 ==== mon_map magic: 0 v1 ==== 229+0+0 (secure 0 0 0) 0x7f1af0011c00 con 0x7f1af40703b0
2023-11-15T01:49:19.866 INFO:teuthology.orchestra.run.smithi055.stderr:/usr/bin/ceph:
2023-11-15T01:49:19.862+0000 7f1afb4ea700 1 -- 172.21.15.55:0/1488206249 >> [v2:172.21.15.55:3300/0,v1:172.21.15.55:6789/0] conn(0x7f1af40703b0 msgr2=0x7f1af4100bb0 secure :-1 s=STATE_CONNECTION_ESTABLISHED l=1).mark_down
2023-11-15T01:49:19.867 INFO:teuthology.orchestra.run.smithi055.stderr:/usr/bin/ceph:
2023-11-15T01:49:19.862+0000 7f1afb4ea700 1 --2- 172.21.15.55:0/1488206249 >> [v2:172.21.15.55:3300/0,v1:172.21.15.55:6789/0] conn(0x7f1af40703b0 0x7f1af4100bb0 secure :-1 s=READY pgs=39 cs=0 l=1 rev1=1 rx=0x7f1af000b5f0 tx=0x7f1af0006ee0).stop
2023-11-15T01:49:19.867 INFO:teuthology.orchestra.run.smithi055.stderr:/usr/bin/ceph:
2023-11-15T01:49:19.862+0000 7f1afb4ea700 1 -- 172.21.15.55:0/1488206249 shutdown_connections
2023-11-15T01:49:19.867 INFO:teuthology.orchestra.run.smithi055.stderr:/usr/bin/ceph:
2023-11-15T01:49:19.862+0000 7f1afb4ea700 1 --2- 172.21.15.55:0/1488206249 >> [v2:172.21.15.55:3300/0,v1:172.21.15.55:6789/0] conn(0x7f1af40703b0 0x7f1af4100bb0 unknown :-1 s=CLOSED pgs=39 cs=0 l=1 rev1=1 rx=0 tx=0).stop
2023-11-15T01:49:19.867 INFO:teuthology.orchestra.run.smithi055.stderr:/usr/bin/ceph:
2023-11-15T01:49:19.862+0000 7f1afb4ea700 1 -- 172.21.15.55:0/1488206249 >> 172.21.15.55:0/1488206249 conn(0x7f1af40f6210 msgr2=0x7f1af40f8630 unknown :-1 s=STATE_NONE l=0).mark_down
2023-11-15T01:49:19.868 INFO:teuthology.orchestra.run.smithi055.stderr:/usr/bin/ceph:
2023-11-15T01:49:19.862+0000 7f1afb4ea700 1 -- 172.21.15.55:0/1488206249 shutdown_connections
2023-11-15T01:49:19.868 INFO:teuthology.orchestra.run.smithi055.stderr:/usr/bin/ceph:
2023-11-15T01:49:19.862+0000 7f1afb4ea700 1 -- 172.21.15.55:0/1488206249 wait complete.
2023-11-15T01:49:19.868 INFO:teuthology.orchestra.run.smithi055.stderr:/usr/bin/ceph:
2023-11-15T01:49:19.863+0000 7f1afb4ea700 1 Processor -- start
2023-11-15T01:49:19.868 INFO:teuthology.orchestra.run.smithi055.stderr:/usr/bin/ceph:
2023-11-15T01:49:19.863+0000 7f1afb4ea700 1 -- start start
2023-11-15T01:49:19.868 INFO:teuthology.orchestra.run.smithi055.stderr:/usr/bin/ceph:
2023-11-15T01:49:19.863+0000 7f1afb4ea700 1 --2- >> [v2:172.21.15.55:3300/0,v1:172.21.15.55:6789/0] conn(0x7f1af40703b0 0x7f1af410ca70 unknown :-1 s=NONE pgs=0 cs=0 l=1 rev1=0 rx=0 tx=0).connect
2023-11-15T01:49:19.870 INFO:teuthology.orchestra.run.smithi055.stderr:/usr/bin/ceph:
2023-11-15T01:49:19.863+0000 7f1afb4ea700 1 -- --> [v2:172.21.15.55:3300/0,v1:172.21.15.55:6789/0] -- mon_getmap magic: 0 v1 -- 0x7f1af410cf60 con 0x7f1af40703b0
2023-11-15T01:49:19.870 INFO:teuthology.orchestra.run.smithi055.stderr:/usr/bin/ceph:
2023-11-15T01:49:19.863+0000 7f1afa4e8700 1 --2- >> [v2:172.21.15.55:3300/0,v1:172.21.15.55:6789/0] conn(0x7f1af40703b0 0x7f1af410ca70 unknown :-1 s=BANNER_CONNECTING pgs=0 cs=0 l=1 rev1=0 rx=0 tx=0)._handle_peer_banner_payload supported=1 required=0
2023-11-15T01:49:19.870 INFO:teuthology.orchestra.run.smithi055.stderr:/usr/bin/ceph:
2023-11-15T01:49:19.863+0000 7f1afa4e8700 1 --2- >> [v2:172.21.15.55:3300/0,v1:172.21.15.55:6789/0] conn(0x7f1af40703b0 0x7f1af410ca70 unknown :-1 s=HELLO_CONNECTING pgs=0 cs=0 l=1 rev1=1 rx=0 tx=0).handle_hello peer v2:172.21.15.55:3300/0 says I am v2:172.21.15.55:53124/0 (socket says 172.21.15.55:53124)
2023-11-15T01:49:19.870 INFO:teuthology.orchestra.run.smithi055.stderr:/usr/bin/ceph:
2023-11-15T01:49:19.863+0000 7f1afa4e8700 1 -- 172.21.15.55:0/1481403661 learned_addr learned my addr 172.21.15.55:0/1481403661 (peer_addr_for_me v2:172.21.15.55:0/0)
2023-11-15T01:49:19.871 INFO:teuthology.orchestra.run.smithi055.stderr:/usr/bin/ceph:
2023-11-15T01:49:19.863+0000 7f1afa4e8700 1 -- 172.21.15.55:0/1481403661 --> [v2:172.21.15.55:3300/0,v1:172.21.15.55:6789/0] -- mon_subscribe({config=0+,monmap=0+}) v3 -- 0x7f1af000b200 con 0x7f1af40703b0
2023-11-15T01:49:19.871 INFO:teuthology.orchestra.run.smithi055.stderr:/usr/bin/ceph:
2023-11-15T01:49:19.863+0000 7f1afa4e8700 1 --2- 172.21.15.55:0/1481403661 >> [v2:172.21.15.55:3300/0,v1:172.21.15.55:6789/0] conn(0x7f1af40703b0 0x7f1af410ca70 secure :-1 s=READY pgs=40 cs=0 l=1 rev1=1 rx=0x7f1af000e040 tx=0x7f1af0006ee0).ready entity=mon.0 client_cookie=0 server_cookie=0 in_seq=0 out_seq=0
2023-11-15T01:49:19.871 INFO:teuthology.orchestra.run.smithi055.stderr:/usr/bin/ceph:
2023-11-15T01:49:19.864+0000 7f1ae2ffd700 1 -- 172.21.15.55:0/1481403661 <== mon.0 v2:172.21.15.55:3300/0 1 ==== mon_map magic: 0 v1 ==== 229+0+0 (secure 0 0 0) 0x7f1af000d9f0 con 0x7f1af40703b0
2023-11-15T01:49:19.871 INFO:teuthology.orchestra.run.smithi055.stderr:/usr/bin/ceph:
2023-11-15T01:49:19.864+0000 7f1ae2ffd700 1 -- 172.21.15.55:0/1481403661 <== mon.0 v2:172.21.15.55:3300/0 2 ==== config(25 keys) v1 ==== 1010+0+0 (secure 0 0 0) 0x7f1af001a9f0 con 0x7f1af40703b0
2023-11-15T01:49:19.871 INFO:teuthology.orchestra.run.smithi055.stderr:/usr/bin/ceph:
2023-11-15T01:49:19.864+0000 7f1afb4ea700 1 -- 172.21.15.55:0/1481403661 --> [v2:172.21.15.55:3300/0,v1:172.21.15.55:6789/0] -- mon_subscribe({mgrmap=0+}) v3 -- 0x7f1af410d160 con 0x7f1af40703b0
2023-11-15T01:49:19.872 INFO:teuthology.orchestra.run.smithi055.stderr:/usr/bin/ceph:
2023-11-15T01:49:19.864+0000 7f1ae2ffd700 1 -- 172.21.15.55:0/1481403661 <== mon.0 v2:172.21.15.55:3300/0 3 ==== mon_map magic: 0 v1 ==== 229+0+0 (secure 0 0 0) 0x7f1af001b8c0 con 0x7f1af40703b0
2023-11-15T01:49:19.872 INFO:teuthology.orchestra.run.smithi055.stderr:/usr/bin/ceph:
2023-11-15T01:49:19.864+0000 7f1afb4ea700 1 -- 172.21.15.55:0/1481403661 --> [v2:172.21.15.55:3300/0,v1:172.21.15.55:6789/0] -- mon_subscribe({osdmap=0}) v3 -- 0x7f1af410d570 con 0x7f1af40703b0
2023-11-15T01:49:19.872 INFO:teuthology.orchestra.run.smithi055.stderr:/usr/bin/ceph:
2023-11-15T01:49:19.865+0000 7f1ae2ffd700 1 -- 172.21.15.55:0/1481403661 <== mon.0 v2:172.21.15.55:3300/0 4 ==== mgrmap(e 8) v1 ==== 36120+0+0 (secure 0 0 0) 0x7f1af000f070 con 0x7f1af40703b0
2023-11-15T01:49:19.872 INFO:teuthology.orchestra.run.smithi055.stderr:/usr/bin/ceph:
2023-11-15T01:49:19.865+0000 7f1ae2ffd700 1 --2- 172.21.15.55:0/1481403661 >> [v2:172.21.15.55:6800/1950005071,v1:172.21.15.55:6801/1950005071] conn(0x7f1adc02fdb0 0x7f1adc032270 unknown :-1 s=NONE pgs=0 cs=0 l=1 rev1=0 rx=0 tx=0).connect
2023-11-15T01:49:19.872 INFO:teuthology.orchestra.run.smithi055.stderr:/usr/bin/ceph:
2023-11-15T01:49:19.865+0000 7f1ae2ffd700 1 -- 172.21.15.55:0/1481403661 <== mon.0 v2:172.21.15.55:3300/0 5 ==== osd_map(2..2 src has 1..2) v4 ==== 926+0+0 (secure 0 0 0) 0x7f1af00412c0 con 0x7f1af40703b0
2023-11-15T01:49:19.873 INFO:teuthology.orchestra.run.smithi055.stderr:/usr/bin/ceph:
2023-11-15T01:49:19.865+0000 7f1af9ce7700 1 --2- 172.21.15.55:0/1481403661 >> [v2:172.21.15.55:6800/1950005071,v1:172.21.15.55:6801/1950005071] conn(0x7f1adc02fdb0 0x7f1adc032270 unknown :-1 s=BANNER_CONNECTING pgs=0 cs=0 l=1 rev1=0 rx=0 tx=0)._handle_peer_banner_payload supported=1 required=0
2023-11-15T01:49:19.873 INFO:teuthology.orchestra.run.smithi055.stderr:/usr/bin/ceph:
2023-11-15T01:49:19.865+0000 7f1afb4ea700 1 -- 172.21.15.55:0/1481403661 --> [v2:172.21.15.55:3300/0,v1:172.21.15.55:6789/0] -- mon_command({"prefix": "get_command_descriptions"} v 0) v1 -- 0x7f1af4059100 con 0x7f1af40703b0
2023-11-15T01:49:19.873 INFO:teuthology.orchestra.run.smithi055.stderr:/usr/bin/ceph:
2023-11-15T01:49:19.865+0000 7f1af9ce7700 1 --2- 172.21.15.55:0/1481403661 >> [v2:172.21.15.55:6800/1950005071,v1:172.21.15.55:6801/1950005071] conn(0x7f1adc02fdb0 0x7f1adc032270 secure :-1 s=READY pgs=10 cs=0 l=1 rev1=1 rx=0x7f1ae40096a0 tx=0x7f1ae4006b40).ready entity=mgr.14116 client_cookie=0 server_cookie=0 in_seq=0 out_seq=0
2023-11-15T01:49:19.874 INFO:teuthology.orchestra.run.smithi055.stderr:/usr/bin/ceph:
2023-11-15T01:49:19.869+0000 7f1ae2ffd700 1 -- 172.21.15.55:0/1481403661 <== mon.0 v2:172.21.15.55:3300/0 6 ==== mon_command_ack([{"prefix": "get_command_descriptions"}]=0 v0) v1 ==== 72+0+152212 (secure 0 0 0) 0x7f1af0016070 con 0x7f1af40703b0
2023-11-15T01:49:20.060 INFO:teuthology.orchestra.run.smithi055.stderr:/usr/bin/ceph:
2023-11-15T01:49:20.059+0000 7f1afb4ea700 1 -- 172.21.15.55:0/1481403661 --> [v2:172.21.15.55:6800/1950005071,v1:172.21.15.55:6801/1950005071] -- mgr_command(tid 0: {"prefix": "orch host add", "hostname": "smithi055", "addr": "172.21.15.55", "target": ["mon-mgr", ""]}) v1 -- 0x7f1af41068c0 con 0x7f1adc02fdb0
2023-11-15T01:49:20.578 INFO:journalctl@ceph.mon.smithi055.smithi055.stdout:Nov 15 01:49:20 smithi055 ceph-0cb4fc0c-8359-11ee-8dbe-212e2dc638e7-mon.smithi055[141575]: audit
2023-11-15T01:49:19.129336+0000 mgr.smithi055.szwngw (mgr.14116) 7 : audit [DBG] from='client.14132 -' entity='client.admin' cmd=[{"prefix": "cephadm get-pub-key", "target": ["mon-mgr", ""]}]: dispatch
2023-11-15T01:49:20.714 INFO:teuthology.orchestra.run.smithi055.stderr:/usr/bin/ceph: Added host 'smithi055'
2023-11-15T01:49:20.715 INFO:teuthology.orchestra.run.smithi055.stderr:/usr/bin/ceph:
