2023-11-15T02:28:11.938 INFO:teuthology.orchestra.run.smithi003.stderr:/usr/bin/ceph:
2023-11-15T02:28:11.930+0000 7f7bf71a7700 1 -- 172.21.15.3:0/1573611147 --> [v2:172.21.15.3:3300/0,v1:172.21.15.3:6789/0] -- mon_command({"prefix": "get_command_descriptions"} v 0) v1 -- 0x7f7bf0045ad0 con 0x7f7bf0070460
2023-11-15T02:28:11.939 INFO:teuthology.orchestra.run.smithi003.stderr:/usr/bin/ceph:
2023-11-15T02:28:11.934+0000 7f7bed7fa700 1 -- 172.21.15.3:0/1573611147 <== mon.0 v2:172.21.15.3:3300/0 6 ==== mon_command_ack([{"prefix": "get_command_descriptions"}]=0 v0) v1 ==== 72+0+152212 (secure 0 0 0) 0x7f7be4022b90 con 0x7f7bf0070460
2023-11-15T02:28:12.132 INFO:teuthology.orchestra.run.smithi003.stderr:/usr/bin/ceph:
2023-11-15T02:28:12.130+0000 7f7beffff700 1 -- 172.21.15.3:0/1573611147 >> [v2:172.21.15.3:6800/3757385490,v1:172.21.15.3:6801/3757385490] conn(0x7f7bd402feb0 msgr2=0x7f7bd4032370 unknown :-1 s=STATE_CONNECTING_RE l=1).process reconnect failed to v2:172.21.15.3:6800/3757385490
2023-11-15T02:28:12.132 INFO:teuthology.orchestra.run.smithi003.stderr:/usr/bin/ceph:
2023-11-15T02:28:12.130+0000 7f7beffff700 1 --2- 172.21.15.3:0/1573611147 >> [v2:172.21.15.3:6800/3757385490,v1:172.21.15.3:6801/3757385490] conn(0x7f7bd402feb0 0x7f7bd4032370 unknown :-1 s=START_CONNECT pgs=0 cs=0 l=1 rev1=0 rx=0 tx=0)._fault waiting 0.400000
2023-11-15T02:28:12.148 INFO:teuthology.orchestra.run.smithi003.stderr:/usr/bin/ceph:
2023-11-15T02:28:12.146+0000 7f7bf71a7700 1 -- 172.21.15.3:0/1573611147 --> [v2:172.21.15.3:3300/0,v1:172.21.15.3:6789/0] -- mon_command({"prefix": "mgr stat"} v 0) v1 -- 0x7f7bf0106ca0 con 0x7f7bf0070460
2023-11-15T02:28:12.149 INFO:teuthology.orchestra.run.smithi003.stderr:/usr/bin/ceph:
2023-11-15T02:28:12.146+0000 7f7bed7fa700 1 -- 172.21.15.3:0/1573611147 <== mon.0 v2:172.21.15.3:3300/0 7 ==== mon_command_ack([{"prefix": "mgr stat"}]=0 v13) v1 ==== 56+0+104 (secure 0 0 0) 0x7f7be4022780 con 0x7f7bf0070460
2023-11-15T02:28:12.149 INFO:teuthology.orchestra.run.smithi003.stderr:/usr/bin/ceph: {
2023-11-15T02:28:12.150 INFO:teuthology.orchestra.run.smithi003.stderr:/usr/bin/ceph: "epoch": 13,
2023-11-15T02:28:12.150 INFO:teuthology.orchestra.run.smithi003.stderr:/usr/bin/ceph: "available": true,
2023-11-15T02:28:12.150 INFO:teuthology.orchestra.run.smithi003.stderr:/usr/bin/ceph: "active_name": "smithi003.wnuvlq",
2023-11-15T02:28:12.151 INFO:teuthology.orchestra.run.smithi003.stderr:/usr/bin/ceph: "num_standby": 0
2023-11-15T02:28:12.151 INFO:teuthology.orchestra.run.smithi003.stderr:/usr/bin/ceph: }
2023-11-15T02:28:12.154 INFO:teuthology.orchestra.run.smithi003.stderr:/usr/bin/ceph:
2023-11-15T02:28:12.148+0000 7f7bf71a7700 1 -- 172.21.15.3:0/1573611147 >> [v2:172.21.15.3:6800/3757385490,v1:172.21.15.3:6801/3757385490] conn(0x7f7bd402feb0 msgr2=0x7f7bd4032370 unknown :-1 s=STATE_CONNECTING l=1).mark_down
2023-11-15T02:28:12.154 INFO:teuthology.orchestra.run.smithi003.stderr:/usr/bin/ceph:
2023-11-15T02:28:12.148+0000 7f7bf71a7700 1 --2- 172.21.15.3:0/1573611147 >> [v2:172.21.15.3:6800/3757385490,v1:172.21.15.3:6801/3757385490] conn(0x7f7bd402feb0 0x7f7bd4032370 unknown :-1 s=START_CONNECT pgs=0 cs=0 l=1 rev1=0 rx=0 tx=0).stop
2023-11-15T02:28:12.154 INFO:teuthology.orchestra.run.smithi003.stderr:/usr/bin/ceph:
2023-11-15T02:28:12.148+0000 7f7bf71a7700 1 -- 172.21.15.3:0/1573611147 >> [v2:172.21.15.3:3300/0,v1:172.21.15.3:6789/0] conn(0x7f7bf0070460 msgr2=0x7f7bf010cbd0 secure :-1 s=STATE_CONNECTION_ESTABLISHED l=1).mark_down
2023-11-15T02:28:12.155 INFO:teuthology.orchestra.run.smithi003.stderr:/usr/bin/ceph:
2023-11-15T02:28:12.148+0000 7f7bf71a7700 1 --2- 172.21.15.3:0/1573611147 >> [v2:172.21.15.3:3300/0,v1:172.21.15.3:6789/0] conn(0x7f7bf0070460 0x7f7bf010cbd0 secure :-1 s=READY pgs=73 cs=0 l=1 rev1=1 rx=0x7f7be400b190 tx=0x7f7be4006ee0).stop
2023-11-15T02:28:12.155 INFO:teuthology.orchestra.run.smithi003.stderr:/usr/bin/ceph:
2023-11-15T02:28:12.148+0000 7f7bf71a7700 1 -- 172.21.15.3:0/1573611147 shutdown_connections
2023-11-15T02:28:12.155 INFO:teuthology.orchestra.run.smithi003.stderr:/usr/bin/ceph:
2023-11-15T02:28:12.148+0000 7f7bf71a7700 1 --2- 172.21.15.3:0/1573611147 >> [v2:172.21.15.3:6800/3757385490,v1:172.21.15.3:6801/3757385490] conn(0x7f7bd402feb0 0x7f7bd4032370 unknown :-1 s=CLOSED pgs=0 cs=0 l=1 rev1=0 rx=0 tx=0).stop
2023-11-15T02:28:12.156 INFO:teuthology.orchestra.run.smithi003.stderr:/usr/bin/ceph:
2023-11-15T02:28:12.148+0000 7f7bf71a7700 1 --2- 172.21.15.3:0/1573611147 >> [v2:172.21.15.3:3300/0,v1:172.21.15.3:6789/0] conn(0x7f7bf0070460 0x7f7bf010cbd0 unknown :-1 s=CLOSED pgs=73 cs=0 l=1 rev1=1 rx=0 tx=0).stop
2023-11-15T02:28:12.156 INFO:teuthology.orchestra.run.smithi003.stderr:/usr/bin/ceph:
2023-11-15T02:28:12.148+0000 7f7bf71a7700 1 -- 172.21.15.3:0/1573611147 >> 172.21.15.3:0/1573611147 conn(0x7f7bf00f63b0 msgr2=0x7f7bf00f7f10 unknown :-1 s=STATE_NONE l=0).mark_down
2023-11-15T02:28:12.157 INFO:teuthology.orchestra.run.smithi003.stderr:/usr/bin/ceph:
2023-11-15T02:28:12.148+0000 7f7bf71a7700 1 -- 172.21.15.3:0/1573611147 shutdown_connections
2023-11-15T02:28:12.157 INFO:teuthology.orchestra.run.smithi003.stderr:/usr/bin/ceph:
2023-11-15T02:28:12.148+0000 7f7bf71a7700 1 -- 172.21.15.3:0/1573611147 wait complete.
2023-11-15T02:28:12.292 INFO:journalctl@ceph.mon.smithi003.smithi003.stdout:Nov 15 02:28:11 smithi003 ceph-6e3dab36-835e-11ee-8dbe-212e2dc638e7-mon.smithi003[112404]: audit
2023-11-15T02:28:10.998048+0000 mon.smithi003 (mon.0) 86 : audit [INF] from='client.? 172.21.15.3:0/3495533535' entity='client.admin' cmd='[{"prefix": "mgr module enable", "module": "dashboard"}]': finished
2023-11-15T02:28:12.292 INFO:journalctl@ceph.mon.smithi003.smithi003.stdout:Nov 15 02:28:11 smithi003 ceph-6e3dab36-835e-11ee-8dbe-212e2dc638e7-mon.smithi003[112404]: cluster
2023-11-15T02:28:10.998112+0000 mon.smithi003 (mon.0) 87 : cluster [DBG] mgrmap e13: smithi003.wnuvlq(active, since 7s)
2023-11-15T02:28:12.718 INFO:teuthology.orchestra.run.smithi003.stderr:Waiting for the mgr to restart...
2023-11-15T02:28:12.718 INFO:teuthology.orchestra.run.smithi003.stderr:Waiting for mgr epoch 13...
2023-11-15T02:28:12.719 INFO:teuthology.orchestra.run.smithi003.stderr:Running command: /bin/podman run --rm --ipc=host --no-hosts --net=host --entrypoint /usr/bin/ceph --init -e CONTAINER_IMAGE=docker.io/ceph/ceph:v16.2.4 -e NODE_NAME=smithi003 -e CEPH_USE_RANDOM_NONCE=1 -v /var/log/ceph/6e3dab36-835e-11ee-8dbe-212e2dc638e7:/var/log/ceph:z -v /tmp/ceph-tmph9c9_y1v:/etc/ceph/ceph.client.admin.keyring:z -v /tmp/ceph-tmpm57q3dhf:/etc/ceph/ceph.conf:z docker.io/ceph/ceph:v16.2.4 tell mgr mgr_status
2023-11-15T02:28:13.147 INFO:teuthology.orchestra.run.smithi003.stderr:/usr/bin/ceph:
2023-11-15T02:28:13.143+0000 7fb8ed9ca700 1 Processor -- start
2023-11-15T02:28:13.147 INFO:teuthology.orchestra.run.smithi003.stderr:/usr/bin/ceph:
2023-11-15T02:28:13.143+0000 7fb8ed9ca700 1 -- start start
2023-11-15T02:28:13.147 INFO:teuthology.orchestra.run.smithi003.stderr:/usr/bin/ceph:
2023-11-15T02:28:13.143+0000 7fb8ed9ca700 1 --2- >> [v2:172.21.15.3:3300/0,v1:172.21.15.3:6789/0] conn(0x7fb8e8070460 0x7fb8e80fe930 unknown :-1 s=NONE pgs=0 cs=0 l=0 rev1=0 rx=0 tx=0).connect
2023-11-15T02:28:13.148 INFO:teuthology.orchestra.run.smithi003.stderr:/usr/bin/ceph:
2023-11-15T02:28:13.143+0000 7fb8ed9ca700 1 -- --> [v2:172.21.15.3:3300/0,v1:172.21.15.3:6789/0] -- mon_getmap magic: 0 v1 -- 0x7fb8e80fee20 con 0x7fb8e8070460
2023-11-15T02:28:13.148 INFO:teuthology.orchestra.run.smithi003.stderr:/usr/bin/ceph:
2023-11-15T02:28:13.143+0000 7fb8e6ffd700 1 --2- >> [v2:172.21.15.3:3300/0,v1:172.21.15.3:6789/0] conn(0x7fb8e8070460 0x7fb8e80fe930 unknown :-1 s=BANNER_CONNECTING pgs=0 cs=0 l=0 rev1=0 rx=0 tx=0)._handle_peer_banner_payload supported=1 required=0
2023-11-15T02:28:13.148 INFO:teuthology.orchestra.run.smithi003.stderr:/usr/bin/ceph:
2023-11-15T02:28:13.143+0000 7fb8e6ffd700 1 --2- >> [v2:172.21.15.3:3300/0,v1:172.21.15.3:6789/0] conn(0x7fb8e8070460 0x7fb8e80fe930 unknown :-1 s=HELLO_CONNECTING pgs=0 cs=0 l=0 rev1=1 rx=0 tx=0).handle_hello peer v2:172.21.15.3:3300/0 says I am v2:172.21.15.3:57384/0 (socket says 172.21.15.3:57384)
2023-11-15T02:28:13.148 INFO:teuthology.orchestra.run.smithi003.stderr:/usr/bin/ceph:
2023-11-15T02:28:13.143+0000 7fb8e6ffd700 1 -- 172.21.15.3:0/1191883885 learned_addr learned my addr 172.21.15.3:0/1191883885 (peer_addr_for_me v2:172.21.15.3:0/0)
2023-11-15T02:28:13.148 INFO:teuthology.orchestra.run.smithi003.stderr:/usr/bin/ceph:
2023-11-15T02:28:13.144+0000 7fb8e6ffd700 1 -- 172.21.15.3:0/1191883885 --> [v2:172.21.15.3:3300/0,v1:172.21.15.3:6789/0] -- mon_subscribe({config=0+,monmap=0+}) v3 -- 0x7fb8e80fef60 con 0x7fb8e8070460
2023-11-15T02:28:13.149 INFO:teuthology.orchestra.run.smithi003.stderr:/usr/bin/ceph:
2023-11-15T02:28:13.144+0000 7fb8e6ffd700 1 --2- 172.21.15.3:0/1191883885 >> [v2:172.21.15.3:3300/0,v1:172.21.15.3:6789/0] conn(0x7fb8e8070460 0x7fb8e80fe930 secure :-1 s=READY pgs=74 cs=0 l=1 rev1=1 rx=0x7fb8d800b5f0 tx=0x7fb8d8006ee0).ready entity=mon.0 client_cookie=385eed2c5ecf117c server_cookie=0 in_seq=0 out_seq=0
2023-11-15T02:28:13.149 INFO:teuthology.orchestra.run.smithi003.stderr:/usr/bin/ceph:
2023-11-15T02:28:13.144+0000 7fb8e5ffb700 1 -- 172.21.15.3:0/1191883885 <== mon.0 v2:172.21.15.3:3300/0 1 ==== mon_map magic: 0 v1 ==== 229+0+0 (secure 0 0 0) 0x7fb8d800d600 con 0x7fb8e8070460
2023-11-15T02:28:13.149 INFO:teuthology.orchestra.run.smithi003.stderr:/usr/bin/ceph:
2023-11-15T02:28:13.144+0000 7fb8e5ffb700 1 -- 172.21.15.3:0/1191883885 <== mon.0 v2:172.21.15.3:3300/0 2 ==== config(25 keys) v1 ==== 1010+0+0 (secure 0 0 0) 0x7fb8d800dbd0 con 0x7fb8e8070460
2023-11-15T02:28:13.149 INFO:teuthology.orchestra.run.smithi003.stderr:/usr/bin/ceph:
2023-11-15T02:28:13.144+0000 7fb8e5ffb700 1 -- 172.21.15.3:0/1191883885 <== mon.0 v2:172.21.15.3:3300/0 3 ==== mon_map magic: 0 v1 ==== 229+0+0 (secure 0 0 0) 0x7fb8d8011c00 con 0x7fb8e8070460
2023-11-15T02:28:13.150 INFO:teuthology.orchestra.run.smithi003.stderr:/usr/bin/ceph:
2023-11-15T02:28:13.145+0000 7fb8ed9ca700 1 -- 172.21.15.3:0/1191883885 >> [v2:172.21.15.3:3300/0,v1:172.21.15.3:6789/0] conn(0x7fb8e8070460 msgr2=0x7fb8e80fe930 secure :-1 s=STATE_CONNECTION_ESTABLISHED l=1).mark_down
2023-11-15T02:28:13.150 INFO:teuthology.orchestra.run.smithi003.stderr:/usr/bin/ceph:
2023-11-15T02:28:13.145+0000 7fb8ed9ca700 1 --2- 172.21.15.3:0/1191883885 >> [v2:172.21.15.3:3300/0,v1:172.21.15.3:6789/0] conn(0x7fb8e8070460 0x7fb8e80fe930 secure :-1 s=READY pgs=74 cs=0 l=1 rev1=1 rx=0x7fb8d800b5f0 tx=0x7fb8d8006ee0).stop
2023-11-15T02:28:13.150 INFO:teuthology.orchestra.run.smithi003.stderr:/usr/bin/ceph:
2023-11-15T02:28:13.145+0000 7fb8ed9ca700 1 -- 172.21.15.3:0/1191883885 shutdown_connections
2023-11-15T02:28:13.150 INFO:teuthology.orchestra.run.smithi003.stderr:/usr/bin/ceph:
2023-11-15T02:28:13.145+0000 7fb8ed9ca700 1 --2- 172.21.15.3:0/1191883885 >> [v2:172.21.15.3:3300/0,v1:172.21.15.3:6789/0] conn(0x7fb8e8070460 0x7fb8e80fe930 unknown :-1 s=CLOSED pgs=74 cs=0 l=1 rev1=1 rx=0 tx=0).stop
2023-11-15T02:28:13.150 INFO:teuthology.orchestra.run.smithi003.stderr:/usr/bin/ceph:
2023-11-15T02:28:13.145+0000 7fb8ed9ca700 1 -- 172.21.15.3:0/1191883885 >> 172.21.15.3:0/1191883885 conn(0x7fb8e80f63b0 msgr2=0x7fb8e80f87d0 unknown :-1 s=STATE_NONE l=0).mark_down
2023-11-15T02:28:13.151 INFO:teuthology.orchestra.run.smithi003.stderr:/usr/bin/ceph:
2023-11-15T02:28:13.145+0000 7fb8ed9ca700 1 -- 172.21.15.3:0/1191883885 shutdown_connections
2023-11-15T02:28:13.151 INFO:teuthology.orchestra.run.smithi003.stderr:/usr/bin/ceph:
2023-11-15T02:28:13.145+0000 7fb8ed9ca700 1 -- 172.21.15.3:0/1191883885 wait complete.
2023-11-15T02:28:13.153 INFO:teuthology.orchestra.run.smithi003.stderr:/usr/bin/ceph:
2023-11-15T02:28:13.146+0000 7fb8ed9ca700 1 Processor -- start
2023-11-15T02:28:13.154 INFO:teuthology.orchestra.run.smithi003.stderr:/usr/bin/ceph:
2023-11-15T02:28:13.146+0000 7fb8ed9ca700 1 -- start start
2023-11-15T02:28:13.154 INFO:teuthology.orchestra.run.smithi003.stderr:/usr/bin/ceph:
2023-11-15T02:28:13.146+0000 7fb8ed9ca700 1 --2- >> [v2:172.21.15.3:3300/0,v1:172.21.15.3:6789/0] conn(0x7fb8e8070460 0x7fb8e810aa60 unknown :-1 s=NONE pgs=0 cs=0 l=1 rev1=0 rx=0 tx=0).connect
2023-11-15T02:28:13.154 INFO:teuthology.orchestra.run.smithi003.stderr:/usr/bin/ceph:
2023-11-15T02:28:13.146+0000 7fb8ed9ca700 1 -- --> [v2:172.21.15.3:3300/0,v1:172.21.15.3:6789/0] -- mon_getmap magic: 0 v1 -- 0x7fb8e810af50 con 0x7fb8e8070460
2023-11-15T02:28:13.154 INFO:teuthology.orchestra.run.smithi003.stderr:/usr/bin/ceph:
2023-11-15T02:28:13.146+0000 7fb8e6ffd700 1 --2- >> [v2:172.21.15.3:3300/0,v1:172.21.15.3:6789/0] conn(0x7fb8e8070460 0x7fb8e810aa60 unknown :-1 s=BANNER_CONNECTING pgs=0 cs=0 l=1 rev1=0 rx=0 tx=0)._handle_peer_banner_payload supported=1 required=0
2023-11-15T02:28:13.155 INFO:teuthology.orchestra.run.smithi003.stderr:/usr/bin/ceph:
2023-11-15T02:28:13.146+0000 7fb8e6ffd700 1 --2- >> [v2:172.21.15.3:3300/0,v1:172.21.15.3:6789/0] conn(0x7fb8e8070460 0x7fb8e810aa60 unknown :-1 s=HELLO_CONNECTING pgs=0 cs=0 l=1 rev1=1 rx=0 tx=0).handle_hello peer v2:172.21.15.3:3300/0 says I am v2:172.21.15.3:57386/0 (socket says 172.21.15.3:57386)
2023-11-15T02:28:13.155 INFO:teuthology.orchestra.run.smithi003.stderr:/usr/bin/ceph:
2023-11-15T02:28:13.146+0000 7fb8e6ffd700 1 -- 172.21.15.3:0/1310852154 learned_addr learned my addr 172.21.15.3:0/1310852154 (peer_addr_for_me v2:172.21.15.3:0/0)
2023-11-15T02:28:13.155 INFO:teuthology.orchestra.run.smithi003.stderr:/usr/bin/ceph:
2023-11-15T02:28:13.147+0000 7fb8e6ffd700 1 -- 172.21.15.3:0/1310852154 --> [v2:172.21.15.3:3300/0,v1:172.21.15.3:6789/0] -- mon_subscribe({config=0+,monmap=0+}) v3 -- 0x7fb8d800b200 con 0x7fb8e8070460
2023-11-15T02:28:13.155 INFO:teuthology.orchestra.run.smithi003.stderr:/usr/bin/ceph:
2023-11-15T02:28:13.147+0000 7fb8e6ffd700 1 --2- 172.21.15.3:0/1310852154 >> [v2:172.21.15.3:3300/0,v1:172.21.15.3:6789/0] conn(0x7fb8e8070460 0x7fb8e810aa60 secure :-1 s=READY pgs=75 cs=0 l=1 rev1=1 rx=0x7fb8d800e040 tx=0x7fb8d8006ee0).ready entity=mon.0 client_cookie=0 server_cookie=0 in_seq=0 out_seq=0
2023-11-15T02:28:13.155 INFO:teuthology.orchestra.run.smithi003.stderr:/usr/bin/ceph:
2023-11-15T02:28:13.147+0000 7fb8cf7fe700 1 -- 172.21.15.3:0/1310852154 <== mon.0 v2:172.21.15.3:3300/0 1 ==== mon_map magic: 0 v1 ==== 229+0+0 (secure 0 0 0) 0x7fb8d800d9f0 con 0x7fb8e8070460
2023-11-15T02:28:13.156 INFO:teuthology.orchestra.run.smithi003.stderr:/usr/bin/ceph:
2023-11-15T02:28:13.147+0000 7fb8ed9ca700 1 -- 172.21.15.3:0/1310852154 --> [v2:172.21.15.3:3300/0,v1:172.21.15.3:6789/0] -- mon_subscribe({mgrmap=0+}) v3 -- 0x7fb8e810b150 con 0x7fb8e8070460
2023-11-15T02:28:13.156 INFO:teuthology.orchestra.run.smithi003.stderr:/usr/bin/ceph:
2023-11-15T02:28:13.147+0000 7fb8cf7fe700 1 -- 172.21.15.3:0/1310852154 <== mon.0 v2:172.21.15.3:3300/0 2 ==== config(25 keys) v1 ==== 1010+0+0 (secure 0 0 0) 0x7fb8d801a9f0 con 0x7fb8e8070460
2023-11-15T02:28:13.156 INFO:teuthology.orchestra.run.smithi003.stderr:/usr/bin/ceph:
2023-11-15T02:28:13.147+0000 7fb8cf7fe700 1 -- 172.21.15.3:0/1310852154 <== mon.0 v2:172.21.15.3:3300/0 3 ==== mon_map magic: 0 v1 ==== 229+0+0 (secure 0 0 0) 0x7fb8d801b8c0 con 0x7fb8e8070460
2023-11-15T02:28:13.156 INFO:teuthology.orchestra.run.smithi003.stderr:/usr/bin/ceph:
2023-11-15T02:28:13.147+0000 7fb8ed9ca700 1 -- 172.21.15.3:0/1310852154 --> [v2:172.21.15.3:3300/0,v1:172.21.15.3:6789/0] -- mon_subscribe({osdmap=0}) v3 -- 0x7fb8e810b560 con 0x7fb8e8070460
2023-11-15T02:28:13.157 INFO:teuthology.orchestra.run.smithi003.stderr:/usr/bin/ceph:
2023-11-15T02:28:13.148+0000 7fb8cf7fe700 1 -- 172.21.15.3:0/1310852154 <== mon.0 v2:172.21.15.3:3300/0 4 ==== mgrmap(e 13) v1 ==== 36208+0+0 (secure 0 0 0) 0x7fb8d800f070 con 0x7fb8e8070460
2023-11-15T02:28:13.157 INFO:teuthology.orchestra.run.smithi003.stderr:/usr/bin/ceph:
2023-11-15T02:28:13.149+0000 7fb8cf7fe700 1 --2- 172.21.15.3:0/1310852154 >> [v2:172.21.15.3:6800/3757385490,v1:172.21.15.3:6801/3757385490] conn(0x7fb8d402feb0 0x7fb8d4032370 unknown :-1 s=NONE pgs=0 cs=0 l=1 rev1=0 rx=0 tx=0).connect
2023-11-15T02:28:13.157 INFO:teuthology.orchestra.run.smithi003.stderr:/usr/bin/ceph:
2023-11-15T02:28:13.149+0000 7fb8cf7fe700 1 -- 172.21.15.3:0/1310852154 --> [v2:172.21.15.3:6800/3757385490,v1:172.21.15.3:6801/3757385490] -- command(tid 0: {"prefix": "get_command_descriptions"}) v1 -- 0x7fb8d4032a30 con 0x7fb8d402feb0
2023-11-15T02:28:13.157 INFO:teuthology.orchestra.run.smithi003.stderr:/usr/bin/ceph:
2023-11-15T02:28:13.149+0000 7fb8cf7fe700 1 -- 172.21.15.3:0/1310852154 <== mon.0 v2:172.21.15.3:3300/0 5 ==== osd_map(3..3 src has 1..3) v4 ==== 1098+0+0 (secure 0 0 0) 0x7fb8d80414c0 con 0x7fb8e8070460
2023-11-15T02:28:13.157 INFO:teuthology.orchestra.run.smithi003.stderr:/usr/bin/ceph:
2023-11-15T02:28:13.149+0000 7fb8e67fc700 1 -- 172.21.15.3:0/1310852154 >> [v2:172.21.15.3:6800/3757385490,v1:172.21.15.3:6801/3757385490] conn(0x7fb8d402feb0 msgr2=0x7fb8d4032370 unknown :-1 s=STATE_CONNECTING_RE l=1).process reconnect failed to v2:172.21.15.3:6800/3757385490
2023-11-15T02:28:13.158 INFO:teuthology.orchestra.run.smithi003.stderr:/usr/bin/ceph:
2023-11-15T02:28:13.149+0000 7fb8e67fc700 1 --2- 172.21.15.3:0/1310852154 >> [v2:172.21.15.3:6800/3757385490,v1:172.21.15.3:6801/3757385490] conn(0x7fb8d402feb0 0x7fb8d4032370 unknown :-1 s=START_CONNECT pgs=0 cs=0 l=1 rev1=0 rx=0 tx=0)._fault waiting 0.200000
2023-11-15T02:28:13.292 INFO:journalctl@ceph.mon.smithi003.smithi003.stdout:Nov 15 02:28:12 smithi003 ceph-6e3dab36-835e-11ee-8dbe-212e2dc638e7-mon.smithi003[112404]: audit
2023-11-15T02:28:12.147859+0000 mon.smithi003 (mon.0) 88 : audit [DBG] from='client.? 172.21.15.3:0/1573611147' entity='client.admin' cmd=[{"prefix": "mgr stat"}]: dispatch
2023-11-15T02:28:13.352 INFO:teuthology.orchestra.run.smithi003.stderr:/usr/bin/ceph:
2023-11-15T02:28:13.350+0000 7fb8e67fc700 1 -- 172.21.15.3:0/1310852154 >> [v2:172.21.15.3:6800/3757385490,v1:172.21.15.3:6801/3757385490] conn(0x7fb8d402feb0 msgr2=0x7fb8d4032370 unknown :-1 s=STATE_CONNECTING_RE l=1).process reconnect failed to v2:172.21.15.3:6800/3757385490
2023-11-15T02:28:13.352 INFO:teuthology.orchestra.run.smithi003.stderr:/usr/bin/ceph:
2023-11-15T02:28:13.350+0000 7fb8e67fc700 1 --2- 172.21.15.3:0/1310852154 >> [v2:172.21.15.3:6800/3757385490,v1:172.21.15.3:6801/3757385490] conn(0x7fb8d402feb0 0x7fb8d4032370 unknown :-1 s=START_CONNECT pgs=0 cs=0 l=1 rev1=0 rx=0 tx=0)._fault waiting 0.400000
2023-11-15T02:28:13.752 INFO:teuthology.orchestra.run.smithi003.stderr:/usr/bin/ceph:
2023-11-15T02:28:13.751+0000 7fb8e67fc700 1 -- 172.21.15.3:0/1310852154 >> [v2:172.21.15.3:6800/3757385490,v1:172.21.15.3:6801/3757385490] conn(0x7fb8d402feb0 msgr2=0x7fb8d4032370 unknown :-1 s=STATE_CONNECTING_RE l=1).process reconnect failed to v2:172.21.15.3:6800/3757385490
2023-11-15T02:28:13.753 INFO:teuthology.orchestra.run.smithi003.stderr:/usr/bin/ceph:
2023-11-15T02:28:13.751+0000 7fb8e67fc700 1 --2- 172.21.15.3:0/1310852154 >> [v2:172.21.15.3:6800/3757385490,v1:172.21.15.3:6801/3757385490] conn(0x7fb8d402feb0 0x7fb8d4032370 unknown :-1 s=START_CONNECT pgs=0 cs=0 l=1 rev1=0 rx=0 tx=0)._fault waiting 0.800000
2023-11-15T02:28:14.554 INFO:teuthology.orchestra.run.smithi003.stderr:/usr/bin/ceph:
2023-11-15T02:28:14.552+0000 7fb8e67fc700 1 -- 172.21.15.3:0/1310852154 >> [v2:172.21.15.3:6800/3757385490,v1:172.21.15.3:6801/3757385490] conn(0x7fb8d402feb0 msgr2=0x7fb8d4032370 unknown :-1 s=STATE_CONNECTING_RE l=1).process reconnect failed to v2:172.21.15.3:6800/3757385490
2023-11-15T02:28:14.554 INFO:teuthology.orchestra.run.smithi003.stderr:/usr/bin/ceph:
2023-11-15T02:28:14.552+0000 7fb8e67fc700 1 --2- 172.21.15.3:0/1310852154 >> [v2:172.21.15.3:6800/3757385490,v1:172.21.15.3:6801/3757385490] conn(0x7fb8d402feb0 0x7fb8d4032370 unknown :-1 s=START_CONNECT pgs=0 cs=0 l=1 rev1=0 rx=0 tx=0)._fault waiting 1.600000
2023-11-15T02:28:16.155 INFO:teuthology.orchestra.run.smithi003.stderr:/usr/bin/ceph:
2023-11-15T02:28:16.153+0000 7fb8e67fc700 1 -- 172.21.15.3:0/1310852154 >> [v2:172.21.15.3:6800/3757385490,v1:172.21.15.3:6801/3757385490] conn(0x7fb8d402feb0 msgr2=0x7fb8d4032370 unknown :-1 s=STATE_CONNECTING_RE l=1).process reconnect failed to v2:172.21.15.3:6800/3757385490
2023-11-15T02:28:16.156 INFO:teuthology.orchestra.run.smithi003.stderr:/usr/bin/ceph:
2023-11-15T02:28:16.153+0000 7fb8e67fc700 1 --2- 172.21.15.3:0/1310852154 >> [v2:172.21.15.3:6800/3757385490,v1:172.21.15.3:6801/3757385490] conn(0x7fb8d402feb0 0x7fb8d4032370 unknown :-1 s=START_CONNECT pgs=0 cs=0 l=1 rev1=0 rx=0 tx=0)._fault waiting 3.200000
2023-11-15T02:28:17.276 INFO:teuthology.orchestra.run.smithi003.stderr:/usr/bin/ceph:
2023-11-15T02:28:17.274+0000 7fb8cf7fe700 1 -- 172.21.15.3:0/1310852154 <== mon.0 v2:172.21.15.3:3300/0 6 ==== mgrmap(e 14) v1 ==== 35997+0+0 (secure 0 0 0) 0x7fb8d8022d80 con 0x7fb8e8070460
2023-11-15T02:28:17.277 INFO:teuthology.orchestra.run.smithi003.stderr:/usr/bin/ceph:
2023-11-15T02:28:17.274+0000 7fb8cf7fe700 1 -- 172.21.15.3:0/1310852154 >> [v2:172.21.15.3:6800/3757385490,v1:172.21.15.3:6801/3757385490] conn(0x7fb8d402feb0 msgr2=0x7fb8d4032370 unknown :-1 s=STATE_CONNECTING l=1).mark_down
2023-11-15T02:28:17.277 INFO:teuthology.orchestra.run.smithi003.stderr:/usr/bin/ceph:
2023-11-15T02:28:17.274+0000 7fb8cf7fe700 1 --2- 172.21.15.3:0/1310852154 >> [v2:172.21.15.3:6800/3757385490,v1:172.21.15.3:6801/3757385490] conn(0x7fb8d402feb0 0x7fb8d4032370 unknown :-1 s=START_CONNECT pgs=0 cs=0 l=1 rev1=0 rx=0 tx=0).stop
2023-11-15T02:28:17.529 INFO:journalctl@ceph.mon.smithi003.smithi003.stdout:Nov 15 02:28:17 smithi003 ceph-6e3dab36-835e-11ee-8dbe-212e2dc638e7-mon.smithi003[112404]: cluster
2023-11-15T02:28:16.641457+0000 mon.smithi003 (mon.0) 89 : cluster [INF] Active manager daemon smithi003.wnuvlq restarted
2023-11-15T02:28:17.530 INFO:journalctl@ceph.mon.smithi003.smithi003.stdout:Nov 15 02:28:17 smithi003 ceph-6e3dab36-835e-11ee-8dbe-212e2dc638e7-mon.smithi003[112404]: cluster
2023-11-15T02:28:16.641932+0000 mon.smithi003 (mon.0) 90 : cluster [INF] Activating manager daemon smithi003.wnuvlq
2023-11-15T02:28:17.530 INFO:journalctl@ceph.mon.smithi003.smithi003.stdout:Nov 15 02:28:17 smithi003 ceph-6e3dab36-835e-11ee-8dbe-212e2dc638e7-mon.smithi003[112404]: cluster
2023-11-15T02:28:16.643767+0000 mon.smithi003 (mon.0) 91 : cluster [DBG] osdmap e4: 0 total, 0 up, 0 in
2023-11-15T02:28:18.283 INFO:teuthology.orchestra.run.smithi003.stderr:/usr/bin/ceph:
2023-11-15T02:28:18.280+0000 7fb8cf7fe700 1 -- 172.21.15.3:0/1310852154 <== mon.0 v2:172.21.15.3:3300/0 7 ==== mgrmap(e 15) v1 ==== 36067+0+0 (secure 0 0 0) 0x7fb8d801ab60 con 0x7fb8e8070460
2023-11-15T02:28:18.284 INFO:teuthology.orchestra.run.smithi003.stderr:/usr/bin/ceph:
2023-11-15T02:28:18.280+0000 7fb8cf7fe700 1 --2- 172.21.15.3:0/1310852154 >> [v2:172.21.15.3:6800/3740538402,v1:172.21.15.3:6801/3740538402] conn(0x7fb8d4033b40 0x7fb8d4035f30 unknown :-1 s=NONE pgs=0 cs=0 l=1 rev1=0 rx=0 tx=0).connect
2023-11-15T02:28:18.284 INFO:teuthology.orchestra.run.smithi003.stderr:/usr/bin/ceph:
2023-11-15T02:28:18.280+0000 7fb8cf7fe700 1 -- 172.21.15.3:0/1310852154 --> [v2:172.21.15.3:6800/3740538402,v1:172.21.15.3:6801/3740538402] -- command(tid 0: {"prefix": "get_command_descriptions"}) v1 -- 0x7fb8d4032a30 con 0x7fb8d4033b40
2023-11-15T02:28:18.285 INFO:teuthology.orchestra.run.smithi003.stderr:/usr/bin/ceph:
2023-11-15T02:28:18.280+0000 7fb8e67fc700 1 --2- 172.21.15.3:0/1310852154 >> [v2:172.21.15.3:6800/3740538402,v1:172.21.15.3:6801/3740538402] conn(0x7fb8d4033b40 0x7fb8d4035f30 unknown :-1 s=BANNER_CONNECTING pgs=0 cs=0 l=1 rev1=0 rx=0 tx=0)._handle_peer_banner_payload supported=1 required=0
2023-11-15T02:28:18.285 INFO:teuthology.orchestra.run.smithi003.stderr:/usr/bin/ceph:
2023-11-15T02:28:18.281+0000 7fb8e67fc700 1 --2- 172.21.15.3:0/1310852154 >> [v2:172.21.15.3:6800/3740538402,v1:172.21.15.3:6801/3740538402] conn(0x7fb8d4033b40 0x7fb8d4035f30 secure :-1 s=READY pgs=1 cs=0 l=1 rev1=1 rx=0x7fb8dc006fd0 tx=0x7fb8dc006cf0).ready entity=mgr.14164 client_cookie=0 server_cookie=0 in_seq=0 out_seq=0
2023-11-15T02:28:18.285 INFO:teuthology.orchestra.run.smithi003.stderr:/usr/bin/ceph:
2023-11-15T02:28:18.282+0000 7fb8cf7fe700 1 -- 172.21.15.3:0/1310852154 <== mgr.14164 v2:172.21.15.3:6800/3740538402 1 ==== command_reply(tid 0: 0 ) v1 ==== 8+0+6438 (secure 0 0 0) 0x7fb8d4032a30 con 0x7fb8d4033b40
2023-11-15T02:28:18.290 INFO:teuthology.orchestra.run.smithi003.stderr:/usr/bin/ceph:
2023-11-15T02:28:18.289+0000 7fb8ed9ca700 1 -- 172.21.15.3:0/1310852154 --> [v2:172.21.15.3:6800/3740538402,v1:172.21.15.3:6801/3740538402] -- command(tid 1: {"prefix": "mgr_status"}) v1 -- 0x7fb8e8059100 con 0x7fb8d4033b40
2023-11-15T02:28:18.291 INFO:teuthology.orchestra.run.smithi003.stderr:/usr/bin/ceph:
2023-11-15T02:28:18.289+0000 7fb8cf7fe700 1 -- 172.21.15.3:0/1310852154 <== mgr.14164 v2:172.21.15.3:6800/3740538402 2 ==== command_reply(tid 1: 0 ) v1 ==== 8+0+52 (secure 0 0 0) 0x7fb8e8059100 con 0x7fb8d4033b40
2023-11-15T02:28:18.292 INFO:teuthology.orchestra.run.smithi003.stderr:/usr/bin/ceph: {
2023-11-15T02:28:18.292 INFO:teuthology.orchestra.run.smithi003.stderr:/usr/bin/ceph: "mgrmap_epoch": 15,
2023-11-15T02:28:18.292 INFO:teuthology.orchestra.run.smithi003.stderr:/usr/bin/ceph: "initialized": true
2023-11-15T02:28:18.292 INFO:teuthology.orchestra.run.smithi003.stderr:/usr/bin/ceph: }
2023-11-15T02:28:18.294 INFO:teuthology.orchestra.run.smithi003.stderr:/usr/bin/ceph:
2023-11-15T02:28:18.290+0000 7fb8ed9ca700 1 -- 172.21.15.3:0/1310852154 >> [v2:172.21.15.3:6800/3740538402,v1:172.21.15.3:6801/3740538402] conn(0x7fb8d4033b40 msgr2=0x7fb8d4035f30 secure :-1 s=STATE_CONNECTION_ESTABLISHED l=1).mark_down
2023-11-15T02:28:18.294 INFO:teuthology.orchestra.run.smithi003.stderr:/usr/bin/ceph:
2023-11-15T02:28:18.290+0000 7fb8ed9ca700 1 --2- 172.21.15.3:0/1310852154 >> [v2:172.21.15.3:6800/3740538402,v1:172.21.15.3:6801/3740538402] conn(0x7fb8d4033b40 0x7fb8d4035f30 secure :-1 s=READY pgs=1 cs=0 l=1 rev1=1 rx=0x7fb8dc006fd0 tx=0x7fb8dc006cf0).stop
2023-11-15T02:28:18.294 INFO:teuthology.orchestra.run.smithi003.stderr:/usr/bin/ceph:
2023-11-15T02:28:18.290+0000 7fb8ed9ca700 1 -- 172.21.15.3:0/1310852154 >> [v2:172.21.15.3:3300/0,v1:172.21.15.3:6789/0] conn(0x7fb8e8070460 msgr2=0x7fb8e810aa60 secure :-1 s=STATE_CONNECTION_ESTABLISHED l=1).mark_down
2023-11-15T02:28:18.294 INFO:teuthology.orchestra.run.smithi003.stderr:/usr/bin/ceph:
2023-11-15T02:28:18.290+0000 7fb8ed9ca700 1 --2- 172.21.15.3:0/1310852154 >> [v2:172.21.15.3:3300/0,v1:172.21.15.3:6789/0] conn(0x7fb8e8070460 0x7fb8e810aa60 secure :-1 s=READY pgs=75 cs=0 l=1 rev1=1 rx=0x7fb8d800e040 tx=0x7fb8d8006ee0).stop
2023-11-15T02:28:18.295 INFO:teuthology.orchestra.run.smithi003.stderr:/usr/bin/ceph:
2023-11-15T02:28:18.290+0000 7fb8ed9ca700 1 -- 172.21.15.3:0/1310852154 shutdown_connections
2023-11-15T02:28:18.295 INFO:teuthology.orchestra.run.smithi003.stderr:/usr/bin/ceph:
2023-11-15T02:28:18.290+0000 7fb8ed9ca700 1 --2- 172.21.15.3:0/1310852154 >> [v2:172.21.15.3:6800/3740538402,v1:172.21.15.3:6801/3740538402] conn(0x7fb8d4033b40 0x7fb8d4035f30 unknown :-1 s=CLOSED pgs=1 cs=0 l=1 rev1=1 rx=0 tx=0).stop
2023-11-15T02:28:18.295 INFO:teuthology.orchestra.run.smithi003.stderr:/usr/bin/ceph:
2023-11-15T02:28:18.290+0000 7fb8ed9ca700 1 --2- 172.21.15.3:0/1310852154 >> [v2:172.21.15.3:3300/0,v1:172.21.15.3:6789/0] conn(0x7fb8e8070460 0x7fb8e810aa60 unknown :-1 s=CLOSED pgs=75 cs=0 l=1 rev1=1 rx=0 tx=0).stop
2023-11-15T02:28:18.295 INFO:teuthology.orchestra.run.smithi003.stderr:/usr/bin/ceph:
2023-11-15T02:28:18.290+0000 7fb8ed9ca700 1 --2- 172.21.15.3:0/1310852154 >> [v2:172.21.15.3:6800/3757385490,v1:172.21.15.3:6801/3757385490] conn(0x7fb8d402feb0 0x7fb8d4032370 unknown :-1 s=CLOSED pgs=0 cs=0 l=1 rev1=0 rx=0 tx=0).stop
2023-11-15T02:28:18.295 INFO:teuthology.orchestra.run.smithi003.stderr:/usr/bin/ceph:
2023-11-15T02:28:18.290+0000 7fb8ed9ca700 1 -- 172.21.15.3:0/1310852154 >> 172.21.15.3:0/1310852154 conn(0x7fb8e80f63b0 msgr2=0x7fb8e80f7ec0 unknown :-1 s=STATE_NONE l=0).mark_down
2023-11-15T02:28:18.296 INFO:teuthology.orchestra.run.smithi003.stderr:/usr/bin/ceph:
2023-11-15T02:28:18.290+0000 7fb8ed9ca700 1 -- 172.21.15.3:0/1310852154 shutdown_connections
2023-11-15T02:28:18.296 INFO:teuthology.orchestra.run.smithi003.stderr:/usr/bin/ceph:
2023-11-15T02:28:18.290+0000 7fb8ed9ca700 1 -- 172.21.15.3:0/1310852154 wait complete.
2023-11-15T02:28:18.542 INFO:journalctl@ceph.mon.smithi003.smithi003.stdout:Nov 15 02:28:18 smithi003 ceph-6e3dab36-835e-11ee-8dbe-212e2dc638e7-mon.smithi003[112404]: cluster
2023-11-15T02:28:17.277140+0000 mon.smithi003 (mon.0) 92 : cluster [DBG] mgrmap e14: smithi003.wnuvlq(active, starting, since 0.635296s)
2023-11-15T02:28:18.542 INFO:journalctl@ceph.mon.smithi003.smithi003.stdout:Nov 15 02:28:18 smithi003 ceph-6e3dab36-835e-11ee-8dbe-212e2dc638e7-mon.smithi003[112404]: audit
2023-11-15T02:28:17.278705+0000 mon.smithi003 (mon.0) 93 : audit [DBG] from='mgr.14164 172.21.15.3:0/1298200433' entity='mgr.smithi003.wnuvlq' cmd=[{"prefix": "mon metadata", "id": "smithi003"}]: dispatch
2023-11-15T02:28:18.543 INFO:journalctl@ceph.mon.smithi003.smithi003.stdout:Nov 15 02:28:18 smithi003 ceph-6e3dab36-835e-11ee-8dbe-212e2dc638e7-mon.smithi003[112404]: audit
2023-11-15T02:28:17.279533+0000 mon.smithi003 (mon.0) 94 : audit [DBG] from='mgr.14164 172.21.15.3:0/1298200433' entity='mgr.smithi003.wnuvlq' cmd=[{"prefix": "mgr metadata", "who": "smithi003.wnuvlq", "id": "smithi003.wnuvlq"}]: dispatch
2023-11-15T02:28:18.543 INFO:journalctl@ceph.mon.smithi003.smithi003.stdout:Nov 15 02:28:18 smithi003 ceph-6e3dab36-835e-11ee-8dbe-212e2dc638e7-mon.smithi003[112404]: audit
2023-11-15T02:28:17.280743+0000 mon.smithi003 (mon.0) 95 : audit [DBG] from='mgr.14164 172.21.15.3:0/1298200433' entity='mgr.smithi003.wnuvlq' cmd=[{"prefix": "mds metadata"}]: dispatch
2023-11-15T02:28:18.543 INFO:journalctl@ceph.mon.smithi003.smithi003.stdout:Nov 15 02:28:18 smithi003 ceph-6e3dab36-835e-11ee-8dbe-212e2dc638e7-mon.smithi003[112404]: audit
2023-11-15T02:28:17.281013+0000 mon.smithi003 (mon.0) 96 : audit [DBG] from='mgr.14164 172.21.15.3:0/1298200433' entity='mgr.smithi003.wnuvlq' cmd=[{"prefix": "osd metadata"}]: dispatch
2023-11-15T02:28:18.543 INFO:journalctl@ceph.mon.smithi003.smithi003.stdout:Nov 15 02:28:18 smithi003 ceph-6e3dab36-835e-11ee-8dbe-212e2dc638e7-mon.smithi003[112404]: audit
2023-11-15T02:28:17.281274+0000 mon.smithi003 (mon.0) 97 : audit [DBG] from='mgr.14164 172.21.15.3:0/1298200433' entity='mgr.smithi003.wnuvlq' cmd=[{"prefix": "mon metadata"}]: dispatch
2023-11-15T02:28:18.543 INFO:journalctl@ceph.mon.smithi003.smithi003.stdout:Nov 15 02:28:18 smithi003 ceph-6e3dab36-835e-11ee-8dbe-212e2dc638e7-mon.smithi003[112404]: cluster
2023-11-15T02:28:17.295405+0000 mon.smithi003 (mon.0) 98 : cluster [INF] Manager daemon smithi003.wnuvlq is now available
2023-11-15T02:28:18.544 INFO:journalctl@ceph.mon.smithi003.smithi003.stdout:Nov 15 02:28:18 smithi003 ceph-6e3dab36-835e-11ee-8dbe-212e2dc638e7-mon.smithi003[112404]: audit
2023-11-15T02:28:17.413755+0000 mon.smithi003 (mon.0) 99 : audit [DBG] from='mgr.14164 172.21.15.3:0/1298200433' entity='mgr.smithi003.wnuvlq' cmd=[{"prefix": "config dump", "format": "json"}]: dispatch
2023-11-15T02:28:18.544 INFO:journalctl@ceph.mon.smithi003.smithi003.stdout:Nov 15 02:28:18 smithi003 ceph-6e3dab36-835e-11ee-8dbe-212e2dc638e7-mon.smithi003[112404]: audit
2023-11-15T02:28:17.415338+0000 mon.smithi003 (mon.0) 100 : audit [DBG] from='mgr.14164 172.21.15.3:0/1298200433' entity='mgr.smithi003.wnuvlq' cmd=[{"prefix": "config dump", "format": "json"}]: dispatch
2023-11-15T02:28:18.544 INFO:journalctl@ceph.mon.smithi003.smithi003.stdout:Nov 15 02:28:18 smithi003 ceph-6e3dab36-835e-11ee-8dbe-212e2dc638e7-mon.smithi003[112404]: audit
2023-11-15T02:28:17.442649+0000 mon.smithi003 (mon.0) 101 : audit [INF] from='mgr.14164 172.21.15.3:0/1298200433' entity='mgr.smithi003.wnuvlq' cmd=[{"prefix":"config rm","who":"mgr","name":"mgr/rbd_support/smithi003.wnuvlq/mirror_snapshot_schedule"}]: dispatch
2023-11-15T02:28:18.544 INFO:journalctl@ceph.mon.smithi003.smithi003.stdout:Nov 15 02:28:18 smithi003 ceph-6e3dab36-835e-11ee-8dbe-212e2dc638e7-mon.smithi003[112404]: audit
2023-11-15T02:28:17.445694+0000 mon.smithi003 (mon.0) 102 : audit [INF] from='mgr.14164 172.21.15.3:0/1298200433' entity='mgr.smithi003.wnuvlq' cmd=[{"prefix":"config rm","who":"mgr","name":"mgr/rbd_support/smithi003.wnuvlq/trash_purge_schedule"}]: dispatch
2023-11-15T02:28:18.642 INFO:teuthology.orchestra.run.smithi003.stderr:mgr epoch 13 is available
2023-11-15T02:28:18.642 INFO:teuthology.orchestra.run.smithi003.stderr:Generating a dashboard self-signed certificate...
2023-11-15T02:28:18.643 INFO:teuthology.orchestra.run.smithi003.stderr:Running command: /bin/podman run --rm --ipc=host --no-hosts --net=host --entrypoint /usr/bin/ceph --init -e CONTAINER_IMAGE=docker.io/ceph/ceph:v16.2.4 -e NODE_NAME=smithi003 -e CEPH_USE_RANDOM_NONCE=1 -v /var/log/ceph/6e3dab36-835e-11ee-8dbe-212e2dc638e7:/var/log/ceph:z -v /tmp/ceph-tmph9c9_y1v:/etc/ceph/ceph.client.admin.keyring:z -v /tmp/ceph-tmpm57q3dhf:/etc/ceph/ceph.conf:z docker.io/ceph/ceph:v16.2.4 dashboard create-self-signed-cert
2023-11-15T02:28:19.047 INFO:teuthology.orchestra.run.smithi003.stderr:/usr/bin/ceph:
2023-11-15T02:28:19.044+0000 7fa6c0972700 1 Processor -- start
2023-11-15T02:28:19.047 INFO:teuthology.orchestra.run.smithi003.stderr:/usr/bin/ceph:
2023-11-15T02:28:19.044+0000 7fa6c0972700 1 -- start start
2023-11-15T02:28:19.047 INFO:teuthology.orchestra.run.smithi003.stderr:/usr/bin/ceph:
2023-11-15T02:28:19.045+0000 7fa6c0972700 1 --2- >> [v2:172.21.15.3:3300/0,v1:172.21.15.3:6789/0] conn(0x7fa6bc070430 0x7fa6bc0fe8e0 unknown :-1 s=NONE pgs=0 cs=0 l=0 rev1=0 rx=0 tx=0).connect
2023-11-15T02:28:19.048 INFO:teuthology.orchestra.run.smithi003.stderr:/usr/bin/ceph:
2023-11-15T02:28:19.045+0000 7fa6c0972700 1 -- --> [v2:172.21.15.3:3300/0,v1:172.21.15.3:6789/0] -- mon_getmap magic: 0 v1 -- 0x7fa6bc0fedd0 con 0x7fa6bc070430
2023-11-15T02:28:19.050 INFO:teuthology.orchestra.run.smithi003.stderr:/usr/bin/ceph:
2023-11-15T02:28:19.045+0000 7fa6ba59c700 1 --2- >> [v2:172.21.15.3:3300/0,v1:172.21.15.3:6789/0] conn(0x7fa6bc070430 0x7fa6bc0fe8e0 unknown :-1 s=BANNER_CONNECTING pgs=0 cs=0 l=0 rev1=0 rx=0 tx=0)._handle_peer_banner_payload supported=1 required=0
2023-11-15T02:28:19.050 INFO:teuthology.orchestra.run.smithi003.stderr:/usr/bin/ceph:
2023-11-15T02:28:19.045+0000 7fa6ba59c700 1 --2- >> [v2:172.21.15.3:3300/0,v1:172.21.15.3:6789/0] conn(0x7fa6bc070430 0x7fa6bc0fe8e0 unknown :-1 s=HELLO_CONNECTING pgs=0 cs=0 l=0 rev1=1 rx=0 tx=0).handle_hello peer v2:172.21.15.3:3300/0 says I am v2:172.21.15.3:45070/0 (socket says 172.21.15.3:45070)
2023-11-15T02:28:19.051 INFO:teuthology.orchestra.run.smithi003.stderr:/usr/bin/ceph:
2023-11-15T02:28:19.045+0000 7fa6ba59c700 1 -- 172.21.15.3:0/2848043453 learned_addr learned my addr 172.21.15.3:0/2848043453 (peer_addr_for_me v2:172.21.15.3:0/0)
2023-11-15T02:28:19.051 INFO:teuthology.orchestra.run.smithi003.stderr:/usr/bin/ceph:
2023-11-15T02:28:19.045+0000 7fa6ba59c700 1 -- 172.21.15.3:0/2848043453 --> [v2:172.21.15.3:3300/0,v1:172.21.15.3:6789/0] -- mon_subscribe({config=0+,monmap=0+}) v3 -- 0x7fa6bc0fef10 con 0x7fa6bc070430
2023-11-15T02:28:19.051 INFO:teuthology.orchestra.run.smithi003.stderr:/usr/bin/ceph:
2023-11-15T02:28:19.045+0000 7fa6ba59c700 1 --2- 172.21.15.3:0/2848043453 >> [v2:172.21.15.3:3300/0,v1:172.21.15.3:6789/0] conn(0x7fa6bc070430 0x7fa6bc0fe8e0 secure :-1 s=READY pgs=81 cs=0 l=1 rev1=1 rx=0x7fa6ac00b5f0 tx=0x7fa6ac006ee0).ready entity=mon.0 client_cookie=58342c7fb1dbbe13 server_cookie=0 in_seq=0 out_seq=0
2023-11-15T02:28:19.051 INFO:teuthology.orchestra.run.smithi003.stderr:/usr/bin/ceph:
2023-11-15T02:28:19.046+0000 7fa6b959a700 1 -- 172.21.15.3:0/2848043453 <== mon.0 v2:172.21.15.3:3300/0 1 ==== mon_map magic: 0 v1 ==== 229+0+0 (secure 0 0 0) 0x7fa6ac00d600 con 0x7fa6bc070430
2023-11-15T02:28:19.052 INFO:teuthology.orchestra.run.smithi003.stderr:/usr/bin/ceph:
2023-11-15T02:28:19.046+0000 7fa6b959a700 1 -- 172.21.15.3:0/2848043453 <== mon.0 v2:172.21.15.3:3300/0 2 ==== config(25 keys) v1 ==== 1010+0+0 (secure 0 0 0) 0x7fa6ac00dbd0 con 0x7fa6bc070430
2023-11-15T02:28:19.052 INFO:teuthology.orchestra.run.smithi003.stderr:/usr/bin/ceph:
2023-11-15T02:28:19.046+0000 7fa6b959a700 1 -- 172.21.15.3:0/2848043453 <== mon.0 v2:172.21.15.3:3300/0 3 ==== mon_map magic: 0 v1 ==== 229+0+0 (secure 0 0 0) 0x7fa6ac011c00 con 0x7fa6bc070430
2023-11-15T02:28:19.052 INFO:teuthology.orchestra.run.smithi003.stderr:/usr/bin/ceph:
2023-11-15T02:28:19.046+0000 7fa6c0972700 1 -- 172.21.15.3:0/2848043453 >> [v2:172.21.15.3:3300/0,v1:172.21.15.3:6789/0] conn(0x7fa6bc070430 msgr2=0x7fa6bc0fe8e0 secure :-1 s=STATE_CONNECTION_ESTABLISHED l=1).mark_down
2023-11-15T02:28:19.052 INFO:teuthology.orchestra.run.smithi003.stderr:/usr/bin/ceph:
2023-11-15T02:28:19.046+0000 7fa6c0972700 1 --2- 172.21.15.3:0/2848043453 >> [v2:172.21.15.3:3300/0,v1:172.21.15.3:6789/0] conn(0x7fa6bc070430 0x7fa6bc0fe8e0 secure :-1 s=READY pgs=81 cs=0 l=1 rev1=1 rx=0x7fa6ac00b5f0 tx=0x7fa6ac006ee0).stop
2023-11-15T02:28:19.052 INFO:teuthology.orchestra.run.smithi003.stderr:/usr/bin/ceph:
2023-11-15T02:28:19.046+0000 7fa6c0972700 1 -- 172.21.15.3:0/2848043453 shutdown_connections
2023-11-15T02:28:19.053 INFO:teuthology.orchestra.run.smithi003.stderr:/usr/bin/ceph:
2023-11-15T02:28:19.046+0000 7fa6c0972700 1 --2- 172.21.15.3:0/2848043453 >> [v2:172.21.15.3:3300/0,v1:172.21.15.3:6789/0] conn(0x7fa6bc070430 0x7fa6bc0fe8e0 unknown :-1 s=CLOSED pgs=81 cs=0 l=1 rev1=1 rx=0 tx=0).stop
2023-11-15T02:28:19.053 INFO:teuthology.orchestra.run.smithi003.stderr:/usr/bin/ceph:
2023-11-15T02:28:19.046+0000 7fa6c0972700 1 -- 172.21.15.3:0/2848043453 >> 172.21.15.3:0/2848043453 conn(0x7fa6bc0f63c0 msgr2=0x7fa6bc0f87e0 unknown :-1 s=STATE_NONE l=0).mark_down
2023-11-15T02:28:19.053 INFO:teuthology.orchestra.run.smithi003.stderr:/usr/bin/ceph:
2023-11-15T02:28:19.046+0000 7fa6c0972700 1 -- 172.21.15.3:0/2848043453 shutdown_connections
2023-11-15T02:28:19.053 INFO:teuthology.orchestra.run.smithi003.stderr:/usr/bin/ceph:
2023-11-15T02:28:19.046+0000 7fa6c0972700 1 -- 172.21.15.3:0/2848043453 wait complete.
2023-11-15T02:28:19.053 INFO:teuthology.orchestra.run.smithi003.stderr:/usr/bin/ceph:
2023-11-15T02:28:19.047+0000 7fa6c0972700 1 Processor -- start
2023-11-15T02:28:19.054 INFO:teuthology.orchestra.run.smithi003.stderr:/usr/bin/ceph:
2023-11-15T02:28:19.047+0000 7fa6c0972700 1 -- start start
2023-11-15T02:28:19.054 INFO:teuthology.orchestra.run.smithi003.stderr:/usr/bin/ceph:
2023-11-15T02:28:19.047+0000 7fa6c0972700 1 --2- >> [v2:172.21.15.3:3300/0,v1:172.21.15.3:6789/0] conn(0x7fa6bc070430 0x7fa6bc10aa00 unknown :-1 s=NONE pgs=0 cs=0 l=1 rev1=0 rx=0 tx=0).connect
2023-11-15T02:28:19.054 INFO:teuthology.orchestra.run.smithi003.stderr:/usr/bin/ceph:
2023-11-15T02:28:19.047+0000 7fa6c0972700 1 -- --> [v2:172.21.15.3:3300/0,v1:172.21.15.3:6789/0] -- mon_getmap magic: 0 v1 -- 0x7fa6bc10aef0 con 0x7fa6bc070430
2023-11-15T02:28:19.054 INFO:teuthology.orchestra.run.smithi003.stderr:/usr/bin/ceph:
2023-11-15T02:28:19.047+0000 7fa6ba59c700 1 --2- >> [v2:172.21.15.3:3300/0,v1:172.21.15.3:6789/0] conn(0x7fa6bc070430 0x7fa6bc10aa00 unknown :-1 s=BANNER_CONNECTING pgs=0 cs=0 l=1 rev1=0 rx=0 tx=0)._handle_peer_banner_payload supported=1 required=0
2023-11-15T02:28:19.055 INFO:teuthology.orchestra.run.smithi003.stderr:/usr/bin/ceph:
2023-11-15T02:28:19.047+0000 7fa6ba59c700 1 --2- >> [v2:172.21.15.3:3300/0,v1:172.21.15.3:6789/0] conn(0x7fa6bc070430 0x7fa6bc10aa00 unknown :-1 s=HELLO_CONNECTING pgs=0 cs=0 l=1 rev1=1 rx=0 tx=0).handle_hello peer v2:172.21.15.3:3300/0 says I am v2:172.21.15.3:45078/0 (socket says 172.21.15.3:45078)
2023-11-15T02:28:19.056 INFO:teuthology.orchestra.run.smithi003.stderr:/usr/bin/ceph:
2023-11-15T02:28:19.048+0000 7fa6ba59c700 1 -- 172.21.15.3:0/3426181619 learned_addr learned my addr 172.21.15.3:0/3426181619 (peer_addr_for_me v2:172.21.15.3:0/0)
2023-11-15T02:28:19.056 INFO:teuthology.orchestra.run.smithi003.stderr:/usr/bin/ceph:
2023-11-15T02:28:19.048+0000 7fa6ba59c700 1 -- 172.21.15.3:0/3426181619 --> [v2:172.21.15.3:3300/0,v1:172.21.15.3:6789/0] -- mon_subscribe({config=0+,monmap=0+}) v3 -- 0x7fa6ac00b200 con 0x7fa6bc070430
2023-11-15T02:28:19.056 INFO:teuthology.orchestra.run.smithi003.stderr:/usr/bin/ceph:
2023-11-15T02:28:19.048+0000 7fa6ba59c700 1 --2- 172.21.15.3:0/3426181619 >> [v2:172.21.15.3:3300/0,v1:172.21.15.3:6789/0] conn(0x7fa6bc070430 0x7fa6bc10aa00 secure :-1 s=READY pgs=82 cs=0 l=1 rev1=1 rx=0x7fa6ac00b190 tx=0x7fa6ac006ee0).ready entity=mon.0 client_cookie=0 server_cookie=0 in_seq=0 out_seq=0
2023-11-15T02:28:19.057 INFO:teuthology.orchestra.run.smithi003.stderr:/usr/bin/ceph:
2023-11-15T02:28:19.048+0000 7fa6aaffd700 1 -- 172.21.15.3:0/3426181619 <== mon.0 v2:172.21.15.3:3300/0 1 ==== mon_map magic: 0 v1 ==== 229+0+0 (secure 0 0 0) 0x7fa6ac01b410 con 0x7fa6bc070430
2023-11-15T02:28:19.057 INFO:teuthology.orchestra.run.smithi003.stderr:/usr/bin/ceph:
2023-11-15T02:28:19.048+0000 7fa6aaffd700 1 -- 172.21.15.3:0/3426181619 <== mon.0 v2:172.21.15.3:3300/0 2 ==== config(25 keys) v1 ==== 1010+0+0 (secure 0 0 0) 0x7fa6ac01b9e0 con 0x7fa6bc070430
2023-11-15T02:28:19.057 INFO:teuthology.orchestra.run.smithi003.stderr:/usr/bin/ceph:
2023-11-15T02:28:19.048+0000 7fa6c0972700 1 -- 172.21.15.3:0/3426181619 --> [v2:172.21.15.3:3300/0,v1:172.21.15.3:6789/0] -- mon_subscribe({mgrmap=0+}) v3 -- 0x7fa6bc10b0f0 con 0x7fa6bc070430
2023-11-15T02:28:19.057 INFO:teuthology.orchestra.run.smithi003.stderr:/usr/bin/ceph:
2023-11-15T02:28:19.048+0000 7fa6aaffd700 1 -- 172.21.15.3:0/3426181619 <== mon.0 v2:172.21.15.3:3300/0 3 ==== mon_map magic: 0 v1 ==== 229+0+0 (secure 0 0 0) 0x7fa6ac01a880 con 0x7fa6bc070430
2023-11-15T02:28:19.057 INFO:teuthology.orchestra.run.smithi003.stderr:/usr/bin/ceph:
2023-11-15T02:28:19.048+0000 7fa6c0972700 1 -- 172.21.15.3:0/3426181619 --> [v2:172.21.15.3:3300/0,v1:172.21.15.3:6789/0] -- mon_subscribe({osdmap=0}) v3 -- 0x7fa6bc10b500 con 0x7fa6bc070430
2023-11-15T02:28:19.058 INFO:teuthology.orchestra.run.smithi003.stderr:/usr/bin/ceph:
2023-11-15T02:28:19.050+0000 7fa6c0972700 1 -- 172.21.15.3:0/3426181619 --> [v2:172.21.15.3:3300/0,v1:172.21.15.3:6789/0] -- mon_command({"prefix": "get_command_descriptions"} v 0) v1 -- 0x7fa6bc045ad0 con 0x7fa6bc070430
2023-11-15T02:28:19.058 INFO:teuthology.orchestra.run.smithi003.stderr:/usr/bin/ceph:
2023-11-15T02:28:19.050+0000 7fa6aaffd700 1 -- 172.21.15.3:0/3426181619 <== mon.0 v2:172.21.15.3:3300/0 4 ==== mgrmap(e 15) v1 ==== 36067+0+0 (secure 0 0 0) 0x7fa6ac00f070 con 0x7fa6bc070430
2023-11-15T02:28:19.058 INFO:teuthology.orchestra.run.smithi003.stderr:/usr/bin/ceph:
2023-11-15T02:28:19.050+0000 7fa6aaffd700 1 --2- 172.21.15.3:0/3426181619 >> [v2:172.21.15.3:6800/3740538402,v1:172.21.15.3:6801/3740538402] conn(0x7fa6a002fda0 0x7fa6a0032260 unknown :-1 s=NONE pgs=0 cs=0 l=1 rev1=0 rx=0 tx=0).connect
2023-11-15T02:28:19.058 INFO:teuthology.orchestra.run.smithi003.stderr:/usr/bin/ceph:
2023-11-15T02:28:19.050+0000 7fa6aaffd700 1 -- 172.21.15.3:0/3426181619 <== mon.0 v2:172.21.15.3:3300/0 5 ==== osd_map(4..4 src has 1..4) v4 ==== 1270+0+0 (secure 0 0 0) 0x7fa6ac041df0 con 0x7fa6bc070430
2023-11-15T02:28:19.058 INFO:teuthology.orchestra.run.smithi003.stderr:/usr/bin/ceph:
2023-11-15T02:28:19.050+0000 7fa6b9d9b700 1 --2- 172.21.15.3:0/3426181619 >> [v2:172.21.15.3:6800/3740538402,v1:172.21.15.3:6801/3740538402] conn(0x7fa6a002fda0 0x7fa6a0032260 unknown :-1 s=BANNER_CONNECTING pgs=0 cs=0 l=1 rev1=0 rx=0 tx=0)._handle_peer_banner_payload supported=1 required=0
2023-11-15T02:28:19.058 INFO:teuthology.orchestra.run.smithi003.stderr:/usr/bin/ceph:
2023-11-15T02:28:19.051+0000 7fa6b9d9b700 1 --2- 172.21.15.3:0/3426181619 >> [v2:172.21.15.3:6800/3740538402,v1:172.21.15.3:6801/3740538402] conn(0x7fa6a002fda0 0x7fa6a0032260 secure :-1 s=READY pgs=6 cs=0 l=1 rev1=1 rx=0x7fa6b00096a0 tx=0x7fa6b0006b40).ready entity=mgr.14164 client_cookie=0 server_cookie=0 in_seq=0 out_seq=0
2023-11-15T02:28:19.059 INFO:teuthology.orchestra.run.smithi003.stderr:/usr/bin/ceph:
2023-11-15T02:28:19.054+0000 7fa6aaffd700 1 -- 172.21.15.3:0/3426181619 <== mon.0 v2:172.21.15.3:3300/0 6 ==== mon_command_ack([{"prefix": "get_command_descriptions"}]=0 v0) v1 ==== 72+0+152212 (secure 0 0 0) 0x7fa6ac02ee60 con 0x7fa6bc070430
2023-11-15T02:28:19.226 INFO:teuthology.orchestra.run.smithi003.stderr:/usr/bin/ceph:
2023-11-15T02:28:19.224+0000 7fa6c0972700 1 -- 172.21.15.3:0/3426181619 --> [v2:172.21.15.3:6800/3740538402,v1:172.21.15.3:6801/3740538402] -- mgr_command(tid 0: {"prefix": "dashboard create-self-signed-cert", "target": ["mon-mgr", ""]}) v1 -- 0x7fa6bc10bde0 con 0x7fa6a002fda0
2023-11-15T02:28:19.285 INFO:teuthology.orchestra.run.smithi003.stderr:/usr/bin/ceph:
2023-11-15T02:28:19.284+0000 7fa6aaffd700 1 -- 172.21.15.3:0/3426181619 <== mon.0 v2:172.21.15.3:3300/0 7 ==== mgrmap(e 16) v1 ==== 36208+0+0 (secure 0 0 0) 0x7fa6ac01bb50 con 0x7fa6bc070430
2023-11-15T02:28:19.435 INFO:teuthology.orchestra.run.smithi003.stderr:/usr/bin/ceph:
2023-11-15T02:28:19.433+0000 7fa6aaffd700 1 -- 172.21.15.3:0/3426181619 <== mgr.14164 v2:172.21.15.3:6800/3740538402 1 ==== mgr_command_reply(tid 0: 0 ) v1 ==== 8+0+32 (secure 0 0 0) 0x7fa6bc10bde0 con 0x7fa6a002fda0
2023-11-15T02:28:19.435 INFO:teuthology.orchestra.run.smithi003.stderr:/usr/bin/ceph: Self-signed certificate created
2023-11-15T02:28:19.437 INFO:teuthology.orchestra.run.smithi003.stderr:/usr/bin/ceph:
2023-11-15T02:28:19.435+0000 7fa6c0972700 1 -- 172.21.15.3:0/3426181619 >> [v2:172.21.15.3:6800/3740538402,v1:172.21.15.3:6801/3740538402] conn(0x7fa6a002fda0 msgr2=0x7fa6a0032260 secure :-1 s=STATE_CONNECTION_ESTABLISHED l=1).mark_down
2023-11-15T02:28:19.438 INFO:teuthology.orchestra.run.smithi003.stderr:/usr/bin/ceph:
2023-11-15T02:28:19.435+0000 7fa6c0972700 1 --2- 172.21.15.3:0/3426181619 >> [v2:172.21.15.3:6800/3740538402,v1:172.21.15.3:6801/3740538402] conn(0x7fa6a002fda0 0x7fa6a0032260 secure :-1 s=READY pgs=6 cs=0 l=1 rev1=1 rx=0x7fa6b00096a0 tx=0x7fa6b0006b40).stop
2023-11-15T02:28:19.438 INFO:teuthology.orchestra.run.smithi003.stderr:/usr/bin/ceph:
2023-11-15T02:28:19.435+0000 7fa6c0972700 1 -- 172.21.15.3:0/3426181619 >> [v2:172.21.15.3:3300/0,v1:172.21.15.3:6789/0] conn(0x7fa6bc070430 msgr2=0x7fa6bc10aa00 secure :-1 s=STATE_CONNECTION_ESTABLISHED l=1).mark_down
2023-11-15T02:28:19.438 INFO:teuthology.orchestra.run.smithi003.stderr:/usr/bin/ceph:
2023-11-15T02:28:19.435+0000 7fa6c0972700 1 --2- 172.21.15.3:0/3426181619 >> [v2:172.21.15.3:3300/0,v1:172.21.15.3:6789/0] conn(0x7fa6bc070430 0x7fa6bc10aa00 secure :-1 s=READY pgs=82 cs=0 l=1 rev1=1 rx=0x7fa6ac00b190 tx=0x7fa6ac006ee0).stop
2023-11-15T02:28:19.438 INFO:teuthology.orchestra.run.smithi003.stderr:/usr/bin/ceph:
2023-11-15T02:28:19.435+0000 7fa6c0972700 1 -- 172.21.15.3:0/3426181619 shutdown_connections
2023-11-15T02:28:19.438 INFO:teuthology.orchestra.run.smithi003.stderr:/usr/bin/ceph:
2023-11-15T02:28:19.435+0000 7fa6c0972700 1 --2- 172.21.15.3:0/3426181619 >> [v2:172.21.15.3:6800/3740538402,v1:172.21.15.3:6801/3740538402] conn(0x7fa6a002fda0 0x7fa6a0032260 unknown :-1 s=CLOSED pgs=6 cs=0 l=1 rev1=1 rx=0 tx=0).stop
2023-11-15T02:28:19.439 INFO:teuthology.orchestra.run.smithi003.stderr:/usr/bin/ceph:
2023-11-15T02:28:19.435+0000 7fa6c0972700 1 --2- 172.21.15.3:0/3426181619 >> [v2:172.21.15.3:3300/0,v1:172.21.15.3:6789/0] conn(0x7fa6bc070430 0x7fa6bc10aa00 unknown :-1 s=CLOSED pgs=82 cs=0 l=1 rev1=1 rx=0 tx=0).stop
2023-11-15T02:28:19.439 INFO:teuthology.orchestra.run.smithi003.stderr:/usr/bin/ceph:
2023-11-15T02:28:19.435+0000 7fa6c0972700 1 -- 172.21.15.3:0/3426181619 >> 172.21.15.3:0/3426181619 conn(0x7fa6bc0f63c0 msgr2=0x7fa6bc0f7f20 unknown :-1 s=STATE_NONE l=0).mark_down
2023-11-15T02:28:19.439 INFO:teuthology.orchestra.run.smithi003.stderr:/usr/bin/ceph:
2023-11-15T02:28:19.436+0000 7fa6c0972700 1 -- 172.21.15.3:0/3426181619 shutdown_connections
2023-11-15T02:28:19.439 INFO:teuthology.orchestra.run.smithi003.stderr:/usr/bin/ceph:
2023-11-15T02:28:19.436+0000 7fa6c0972700 1 -- 172.21.15.3:0/3426181619 wait complete.
2023-11-15T02:28:19.542 INFO:journalctl@ceph.mon.smithi003.smithi003.stdout:Nov 15 02:28:19 smithi003 ceph-6e3dab36-835e-11ee-8dbe-212e2dc638e7-mon.smithi003[112404]: audit
2023-11-15T02:28:18.283415+0000 mgr.smithi003.wnuvlq (mgr.14164) 1 : audit [DBG] from='client.14168 -' entity='client.admin' cmd=[{"prefix": "get_command_descriptions"}]: dispatch
2023-11-15T02:28:19.542 INFO:journalctl@ceph.mon.smithi003.smithi003.stdout:Nov 15 02:28:19 smithi003 ceph-6e3dab36-835e-11ee-8dbe-212e2dc638e7-mon.smithi003[112404]: cluster
2023-11-15T02:28:18.284390+0000 mon.smithi003 (mon.0) 103 : cluster [DBG] mgrmap e15: smithi003.wnuvlq(active, since 1.64254s)
2023-11-15T02:28:19.542 INFO:journalctl@ceph.mon.smithi003.smithi003.stdout:Nov 15 02:28:19 smithi003 ceph-6e3dab36-835e-11ee-8dbe-212e2dc638e7-mon.smithi003[112404]: audit
2023-11-15T02:28:18.291090+0000 mgr.smithi003.wnuvlq (mgr.14164) 2 : audit [DBG] from='client.14168 -' entity='client.admin' cmd=[{"prefix": "mgr_status"}]: dispatch
2023-11-15T02:28:19.817 INFO:teuthology.orchestra.run.smithi003.stderr:Creating initial admin user...
