2023-11-15T02:28:05.783 INFO:teuthology.orchestra.run.smithi003.stderr:/usr/bin/ceph:
2023-11-15T02:28:05.774+0000 7f0ac5ffb700 1 -- 172.21.15.3:0/1492045054 <== mon.0 v2:172.21.15.3:3300/0 2 ==== config(25 keys) v1 ==== 1010+0+0 (secure 0 0 0) 0x7f0ad400fef0 con 0x7f0ad80fab80
2023-11-15T02:28:05.783 INFO:teuthology.orchestra.run.smithi003.stderr:/usr/bin/ceph:
2023-11-15T02:28:05.774+0000 7f0adf4ca700 1 -- 172.21.15.3:0/1492045054 --> [v2:172.21.15.3:3300/0,v1:172.21.15.3:6789/0] -- mon_subscribe({mgrmap=0+}) v3 -- 0x7f0ad8108e60 con 0x7f0ad80fab80
2023-11-15T02:28:05.783 INFO:teuthology.orchestra.run.smithi003.stderr:/usr/bin/ceph:
2023-11-15T02:28:05.774+0000 7f0ac5ffb700 1 -- 172.21.15.3:0/1492045054 <== mon.0 v2:172.21.15.3:3300/0 3 ==== mon_map magic: 0 v1 ==== 229+0+0 (secure 0 0 0) 0x7f0ad4019d40 con 0x7f0ad80fab80
2023-11-15T02:28:05.783 INFO:teuthology.orchestra.run.smithi003.stderr:/usr/bin/ceph:
2023-11-15T02:28:05.775+0000 7f0adf4ca700 1 -- 172.21.15.3:0/1492045054 --> [v2:172.21.15.3:3300/0,v1:172.21.15.3:6789/0] -- mon_subscribe({osdmap=0}) v3 -- 0x7f0ad8109270 con 0x7f0ad80fab80
2023-11-15T02:28:05.783 INFO:teuthology.orchestra.run.smithi003.stderr:/usr/bin/ceph:
2023-11-15T02:28:05.775+0000 7f0ac5ffb700 1 -- 172.21.15.3:0/1492045054 <== mon.0 v2:172.21.15.3:3300/0 4 ==== mgrmap(e 11) v1 ==== 36054+0+0 (secure 0 0 0) 0x7f0ad402b060 con 0x7f0ad80fab80
2023-11-15T02:28:05.784 INFO:teuthology.orchestra.run.smithi003.stderr:/usr/bin/ceph:
2023-11-15T02:28:05.775+0000 7f0adf4ca700 1 -- 172.21.15.3:0/1492045054 --> [v2:172.21.15.3:3300/0,v1:172.21.15.3:6789/0] -- mon_command({"prefix": "get_command_descriptions"} v 0) v1 -- 0x7f0ad8045ad0 con 0x7f0ad80fab80
2023-11-15T02:28:05.784 INFO:teuthology.orchestra.run.smithi003.stderr:/usr/bin/ceph:
2023-11-15T02:28:05.776+0000 7f0ac5ffb700 1 --2- 172.21.15.3:0/1492045054 >> [v2:172.21.15.3:6800/3757385490,v1:172.21.15.3:6801/3757385490] conn(0x7f0ac002fcf0 0x7f0ac00321b0 unknown :-1 s=NONE pgs=0 cs=0 l=1 rev1=0 rx=0 tx=0).connect
2023-11-15T02:28:05.784 INFO:teuthology.orchestra.run.smithi003.stderr:/usr/bin/ceph:
2023-11-15T02:28:05.776+0000 7f0ac5ffb700 1 -- 172.21.15.3:0/1492045054 <== mon.0 v2:172.21.15.3:3300/0 5 ==== osd_map(3..3 src has 1..3) v4 ==== 1098+0+0 (secure 0 0 0) 0x7f0ad40440d0 con 0x7f0ad80fab80
2023-11-15T02:28:05.784 INFO:teuthology.orchestra.run.smithi003.stderr:/usr/bin/ceph:
2023-11-15T02:28:05.776+0000 7f0adca65700 1 --2- 172.21.15.3:0/1492045054 >> [v2:172.21.15.3:6800/3757385490,v1:172.21.15.3:6801/3757385490] conn(0x7f0ac002fcf0 0x7f0ac00321b0 unknown :-1 s=BANNER_CONNECTING pgs=0 cs=0 l=1 rev1=0 rx=0 tx=0)._handle_peer_banner_payload supported=1 required=0
2023-11-15T02:28:05.784 INFO:teuthology.orchestra.run.smithi003.stderr:/usr/bin/ceph:
2023-11-15T02:28:05.776+0000 7f0adca65700 1 --2- 172.21.15.3:0/1492045054 >> [v2:172.21.15.3:6800/3757385490,v1:172.21.15.3:6801/3757385490] conn(0x7f0ac002fcf0 0x7f0ac00321b0 secure :-1 s=READY pgs=6 cs=0 l=1 rev1=1 rx=0x7f0ac80096a0 tx=0x7f0ac8006b40).ready entity=mgr.14144 client_cookie=0 server_cookie=0 in_seq=0 out_seq=0
2023-11-15T02:28:05.785 INFO:teuthology.orchestra.run.smithi003.stderr:/usr/bin/ceph:
2023-11-15T02:28:05.780+0000 7f0ac5ffb700 1 -- 172.21.15.3:0/1492045054 <== mon.0 v2:172.21.15.3:3300/0 6 ==== mon_command_ack([{"prefix": "get_command_descriptions"}]=0 v0) v1 ==== 72+0+152212 (secure 0 0 0) 0x7f0ad402c520 con 0x7f0ad80fab80
2023-11-15T02:28:05.977 INFO:teuthology.orchestra.run.smithi003.stderr:/usr/bin/ceph:
2023-11-15T02:28:05.975+0000 7f0adf4ca700 1 -- 172.21.15.3:0/1492045054 --> [v2:172.21.15.3:6800/3757385490,v1:172.21.15.3:6801/3757385490] -- mgr_command(tid 0: {"prefix": "orch apply", "service_type": "grafana", "target": ["mon-mgr", ""]}) v1 -- 0x7f0ad8109bb0 con 0x7f0ac002fcf0
2023-11-15T02:28:05.985 INFO:teuthology.orchestra.run.smithi003.stderr:/usr/bin/ceph:
2023-11-15T02:28:05.983+0000 7f0ac5ffb700 1 -- 172.21.15.3:0/1492045054 <== mgr.14144 v2:172.21.15.3:6800/3757385490 1 ==== mgr_command_reply(tid 0: 0 ) v1 ==== 8+0+28 (secure 0 0 0) 0x7f0ad8109bb0 con 0x7f0ac002fcf0
2023-11-15T02:28:05.985 INFO:teuthology.orchestra.run.smithi003.stderr:/usr/bin/ceph: Scheduled grafana update...
2023-11-15T02:28:05.987 INFO:teuthology.orchestra.run.smithi003.stderr:/usr/bin/ceph:
2023-11-15T02:28:05.985+0000 7f0adf4ca700 1 -- 172.21.15.3:0/1492045054 >> [v2:172.21.15.3:6800/3757385490,v1:172.21.15.3:6801/3757385490] conn(0x7f0ac002fcf0 msgr2=0x7f0ac00321b0 secure :-1 s=STATE_CONNECTION_ESTABLISHED l=1).mark_down
2023-11-15T02:28:05.988 INFO:teuthology.orchestra.run.smithi003.stderr:/usr/bin/ceph:
2023-11-15T02:28:05.985+0000 7f0adf4ca700 1 --2- 172.21.15.3:0/1492045054 >> [v2:172.21.15.3:6800/3757385490,v1:172.21.15.3:6801/3757385490] conn(0x7f0ac002fcf0 0x7f0ac00321b0 secure :-1 s=READY pgs=6 cs=0 l=1 rev1=1 rx=0x7f0ac80096a0 tx=0x7f0ac8006b40).stop
2023-11-15T02:28:05.988 INFO:teuthology.orchestra.run.smithi003.stderr:/usr/bin/ceph:
2023-11-15T02:28:05.985+0000 7f0adf4ca700 1 -- 172.21.15.3:0/1492045054 >> [v2:172.21.15.3:3300/0,v1:172.21.15.3:6789/0] conn(0x7f0ad80fab80 msgr2=0x7f0ad8108770 secure :-1 s=STATE_CONNECTION_ESTABLISHED l=1).mark_down
2023-11-15T02:28:05.988 INFO:teuthology.orchestra.run.smithi003.stderr:/usr/bin/ceph:
2023-11-15T02:28:05.985+0000 7f0adf4ca700 1 --2- 172.21.15.3:0/1492045054 >> [v2:172.21.15.3:3300/0,v1:172.21.15.3:6789/0] conn(0x7f0ad80fab80 0x7f0ad8108770 secure :-1 s=READY pgs=59 cs=0 l=1 rev1=1 rx=0x7f0ad4006a40 tx=0x7f0ad4006f70).stop
2023-11-15T02:28:05.988 INFO:teuthology.orchestra.run.smithi003.stderr:/usr/bin/ceph:
2023-11-15T02:28:05.985+0000 7f0adf4ca700 1 -- 172.21.15.3:0/1492045054 shutdown_connections
2023-11-15T02:28:05.988 INFO:teuthology.orchestra.run.smithi003.stderr:/usr/bin/ceph:
2023-11-15T02:28:05.985+0000 7f0adf4ca700 1 --2- 172.21.15.3:0/1492045054 >> [v2:172.21.15.3:6800/3757385490,v1:172.21.15.3:6801/3757385490] conn(0x7f0ac002fcf0 0x7f0ac00321b0 unknown :-1 s=CLOSED pgs=6 cs=0 l=1 rev1=1 rx=0 tx=0).stop
2023-11-15T02:28:05.989 INFO:teuthology.orchestra.run.smithi003.stderr:/usr/bin/ceph:
2023-11-15T02:28:05.985+0000 7f0adf4ca700 1 --2- 172.21.15.3:0/1492045054 >> [v2:172.21.15.3:3300/0,v1:172.21.15.3:6789/0] conn(0x7f0ad80fab80 0x7f0ad8108770 unknown :-1 s=CLOSED pgs=59 cs=0 l=1 rev1=1 rx=0 tx=0).stop
2023-11-15T02:28:05.989 INFO:teuthology.orchestra.run.smithi003.stderr:/usr/bin/ceph:
2023-11-15T02:28:05.985+0000 7f0adf4ca700 1 -- 172.21.15.3:0/1492045054 >> 172.21.15.3:0/1492045054 conn(0x7f0ad80f63c0 msgr2=0x7f0ad80ff910 unknown :-1 s=STATE_NONE l=0).mark_down
2023-11-15T02:28:05.989 INFO:teuthology.orchestra.run.smithi003.stderr:/usr/bin/ceph:
2023-11-15T02:28:05.985+0000 7f0adf4ca700 1 -- 172.21.15.3:0/1492045054 shutdown_connections
2023-11-15T02:28:05.989 INFO:teuthology.orchestra.run.smithi003.stderr:/usr/bin/ceph:
2023-11-15T02:28:05.985+0000 7f0adf4ca700 1 -- 172.21.15.3:0/1492045054 wait complete.
2023-11-15T02:28:06.292 INFO:journalctl@ceph.mon.smithi003.smithi003.stdout:Nov 15 02:28:05 smithi003 ceph-6e3dab36-835e-11ee-8dbe-212e2dc638e7-mon.smithi003[112404]: cluster
2023-11-15T02:28:04.980868+0000 mon.smithi003 (mon.0) 77 : cluster [DBG] mgrmap e11: smithi003.wnuvlq(active, since 1.06199s)
2023-11-15T02:28:06.292 INFO:journalctl@ceph.mon.smithi003.smithi003.stdout:Nov 15 02:28:05 smithi003 ceph-6e3dab36-835e-11ee-8dbe-212e2dc638e7-mon.smithi003[112404]: cephadm
2023-11-15T02:28:04.982537+0000 mgr.smithi003.wnuvlq (mgr.14144) 2 : cephadm [INF] Saving service prometheus spec with placement count:1
2023-11-15T02:28:06.292 INFO:journalctl@ceph.mon.smithi003.smithi003.stdout:Nov 15 02:28:05 smithi003 ceph-6e3dab36-835e-11ee-8dbe-212e2dc638e7-mon.smithi003[112404]: audit
2023-11-15T02:28:04.985027+0000 mon.smithi003 (mon.0) 78 : audit [INF] from='mgr.14144 172.21.15.3:0/3158145548' entity='mgr.smithi003.wnuvlq'
2023-11-15T02:28:06.361 INFO:teuthology.orchestra.run.smithi003.stderr:Deploying node-exporter service with default placement...
2023-11-15T02:28:06.361 INFO:teuthology.orchestra.run.smithi003.stderr:Running command: /bin/podman run --rm --ipc=host --no-hosts --net=host --entrypoint /usr/bin/ceph --init -e CONTAINER_IMAGE=docker.io/ceph/ceph:v16.2.4 -e NODE_NAME=smithi003 -e CEPH_USE_RANDOM_NONCE=1 -v /var/log/ceph/6e3dab36-835e-11ee-8dbe-212e2dc638e7:/var/log/ceph:z -v /tmp/ceph-tmph9c9_y1v:/etc/ceph/ceph.client.admin.keyring:z -v /tmp/ceph-tmpm57q3dhf:/etc/ceph/ceph.conf:z docker.io/ceph/ceph:v16.2.4 orch apply node-exporter
2023-11-15T02:28:06.759 INFO:teuthology.orchestra.run.smithi003.stderr:/usr/bin/ceph:
2023-11-15T02:28:06.756+0000 7fc2c212d700 1 Processor -- start
2023-11-15T02:28:06.759 INFO:teuthology.orchestra.run.smithi003.stderr:/usr/bin/ceph:
2023-11-15T02:28:06.757+0000 7fc2c212d700 1 -- start start
2023-11-15T02:28:06.759 INFO:teuthology.orchestra.run.smithi003.stderr:/usr/bin/ceph:
2023-11-15T02:28:06.757+0000 7fc2c212d700 1 --2- >> [v2:172.21.15.3:3300/0,v1:172.21.15.3:6789/0] conn(0x7fc2bc0703f0 0x7fc2bc0fe920 unknown :-1 s=NONE pgs=0 cs=0 l=0 rev1=0 rx=0 tx=0).connect
2023-11-15T02:28:06.760 INFO:teuthology.orchestra.run.smithi003.stderr:/usr/bin/ceph:
2023-11-15T02:28:06.757+0000 7fc2c212d700 1 -- --> [v2:172.21.15.3:3300/0,v1:172.21.15.3:6789/0] -- mon_getmap magic: 0 v1 -- 0x7fc2bc0fee10 con 0x7fc2bc0703f0
2023-11-15T02:28:06.760 INFO:teuthology.orchestra.run.smithi003.stderr:/usr/bin/ceph:
2023-11-15T02:28:06.757+0000 7fc2bb7fe700 1 --2- >> [v2:172.21.15.3:3300/0,v1:172.21.15.3:6789/0] conn(0x7fc2bc0703f0 0x7fc2bc0fe920 unknown :-1 s=BANNER_CONNECTING pgs=0 cs=0 l=0 rev1=0 rx=0 tx=0)._handle_peer_banner_payload supported=1 required=0
2023-11-15T02:28:06.762 INFO:teuthology.orchestra.run.smithi003.stderr:/usr/bin/ceph:
2023-11-15T02:28:06.757+0000 7fc2bb7fe700 1 --2- >> [v2:172.21.15.3:3300/0,v1:172.21.15.3:6789/0] conn(0x7fc2bc0703f0 0x7fc2bc0fe920 unknown :-1 s=HELLO_CONNECTING pgs=0 cs=0 l=0 rev1=1 rx=0 tx=0).handle_hello peer v2:172.21.15.3:3300/0 says I am v2:172.21.15.3:57242/0 (socket says 172.21.15.3:57242)
2023-11-15T02:28:06.762 INFO:teuthology.orchestra.run.smithi003.stderr:/usr/bin/ceph:
2023-11-15T02:28:06.757+0000 7fc2bb7fe700 1 -- 172.21.15.3:0/3178171107 learned_addr learned my addr 172.21.15.3:0/3178171107 (peer_addr_for_me v2:172.21.15.3:0/0)
2023-11-15T02:28:06.763 INFO:teuthology.orchestra.run.smithi003.stderr:/usr/bin/ceph:
2023-11-15T02:28:06.757+0000 7fc2bb7fe700 1 -- 172.21.15.3:0/3178171107 --> [v2:172.21.15.3:3300/0,v1:172.21.15.3:6789/0] -- mon_subscribe({config=0+,monmap=0+}) v3 -- 0x7fc2bc0fef50 con 0x7fc2bc0703f0
2023-11-15T02:28:06.763 INFO:teuthology.orchestra.run.smithi003.stderr:/usr/bin/ceph:
2023-11-15T02:28:06.757+0000 7fc2bb7fe700 1 --2- 172.21.15.3:0/3178171107 >> [v2:172.21.15.3:3300/0,v1:172.21.15.3:6789/0] conn(0x7fc2bc0703f0 0x7fc2bc0fe920 secure :-1 s=READY pgs=60 cs=0 l=1 rev1=1 rx=0x7fc2ac00b5f0 tx=0x7fc2ac006ee0).ready entity=mon.0 client_cookie=619622f6894beb19 server_cookie=0 in_seq=0 out_seq=0
2023-11-15T02:28:06.763 INFO:teuthology.orchestra.run.smithi003.stderr:/usr/bin/ceph:
2023-11-15T02:28:06.758+0000 7fc2ba7fc700 1 -- 172.21.15.3:0/3178171107 <== mon.0 v2:172.21.15.3:3300/0 1 ==== mon_map magic: 0 v1 ==== 229+0+0 (secure 0 0 0) 0x7fc2ac00d600 con 0x7fc2bc0703f0
2023-11-15T02:28:06.763 INFO:teuthology.orchestra.run.smithi003.stderr:/usr/bin/ceph:
2023-11-15T02:28:06.758+0000 7fc2ba7fc700 1 -- 172.21.15.3:0/3178171107 <== mon.0 v2:172.21.15.3:3300/0 2 ==== config(25 keys) v1 ==== 1010+0+0 (secure 0 0 0) 0x7fc2ac00dbd0 con 0x7fc2bc0703f0
2023-11-15T02:28:06.763 INFO:teuthology.orchestra.run.smithi003.stderr:/usr/bin/ceph:
2023-11-15T02:28:06.758+0000 7fc2ba7fc700 1 -- 172.21.15.3:0/3178171107 <== mon.0 v2:172.21.15.3:3300/0 3 ==== mon_map magic: 0 v1 ==== 229+0+0 (secure 0 0 0) 0x7fc2ac011c00 con 0x7fc2bc0703f0
2023-11-15T02:28:06.764 INFO:teuthology.orchestra.run.smithi003.stderr:/usr/bin/ceph:
2023-11-15T02:28:06.758+0000 7fc2c212d700 1 -- 172.21.15.3:0/3178171107 >> [v2:172.21.15.3:3300/0,v1:172.21.15.3:6789/0] conn(0x7fc2bc0703f0 msgr2=0x7fc2bc0fe920 secure :-1 s=STATE_CONNECTION_ESTABLISHED l=1).mark_down
2023-11-15T02:28:06.764 INFO:teuthology.orchestra.run.smithi003.stderr:/usr/bin/ceph:
2023-11-15T02:28:06.758+0000 7fc2c212d700 1 --2- 172.21.15.3:0/3178171107 >> [v2:172.21.15.3:3300/0,v1:172.21.15.3:6789/0] conn(0x7fc2bc0703f0 0x7fc2bc0fe920 secure :-1 s=READY pgs=60 cs=0 l=1 rev1=1 rx=0x7fc2ac00b5f0 tx=0x7fc2ac006ee0).stop
2023-11-15T02:28:06.764 INFO:teuthology.orchestra.run.smithi003.stderr:/usr/bin/ceph:
2023-11-15T02:28:06.758+0000 7fc2c212d700 1 -- 172.21.15.3:0/3178171107 shutdown_connections
2023-11-15T02:28:06.764 INFO:teuthology.orchestra.run.smithi003.stderr:/usr/bin/ceph:
2023-11-15T02:28:06.758+0000 7fc2c212d700 1 --2- 172.21.15.3:0/3178171107 >> [v2:172.21.15.3:3300/0,v1:172.21.15.3:6789/0] conn(0x7fc2bc0703f0 0x7fc2bc0fe920 unknown :-1 s=CLOSED pgs=60 cs=0 l=1 rev1=1 rx=0 tx=0).stop
2023-11-15T02:28:06.764 INFO:teuthology.orchestra.run.smithi003.stderr:/usr/bin/ceph:
2023-11-15T02:28:06.758+0000 7fc2c212d700 1 -- 172.21.15.3:0/3178171107 >> 172.21.15.3:0/3178171107 conn(0x7fc2bc0f63c0 msgr2=0x7fc2bc0f87e0 unknown :-1 s=STATE_NONE l=0).mark_down
2023-11-15T02:28:06.765 INFO:teuthology.orchestra.run.smithi003.stderr:/usr/bin/ceph:
2023-11-15T02:28:06.759+0000 7fc2c212d700 1 -- 172.21.15.3:0/3178171107 shutdown_connections
2023-11-15T02:28:06.765 INFO:teuthology.orchestra.run.smithi003.stderr:/usr/bin/ceph:
2023-11-15T02:28:06.759+0000 7fc2c212d700 1 -- 172.21.15.3:0/3178171107 wait complete.
2023-11-15T02:28:06.765 INFO:teuthology.orchestra.run.smithi003.stderr:/usr/bin/ceph:
2023-11-15T02:28:06.759+0000 7fc2c212d700 1 Processor -- start
2023-11-15T02:28:06.765 INFO:teuthology.orchestra.run.smithi003.stderr:/usr/bin/ceph:
2023-11-15T02:28:06.759+0000 7fc2c212d700 1 -- start start
2023-11-15T02:28:06.766 INFO:teuthology.orchestra.run.smithi003.stderr:/usr/bin/ceph:
2023-11-15T02:28:06.760+0000 7fc2c212d700 1 --2- >> [v2:172.21.15.3:3300/0,v1:172.21.15.3:6789/0] conn(0x7fc2bc0703f0 0x7fc2bc0fc3a0 unknown :-1 s=NONE pgs=0 cs=0 l=1 rev1=0 rx=0 tx=0).connect
2023-11-15T02:28:06.766 INFO:teuthology.orchestra.run.smithi003.stderr:/usr/bin/ceph:
2023-11-15T02:28:06.760+0000 7fc2c212d700 1 -- --> [v2:172.21.15.3:3300/0,v1:172.21.15.3:6789/0] -- mon_getmap magic: 0 v1 -- 0x7fc2bc0fa820 con 0x7fc2bc0703f0
2023-11-15T02:28:06.766 INFO:teuthology.orchestra.run.smithi003.stderr:/usr/bin/ceph:
2023-11-15T02:28:06.760+0000 7fc2bb7fe700 1 --2- >> [v2:172.21.15.3:3300/0,v1:172.21.15.3:6789/0] conn(0x7fc2bc0703f0 0x7fc2bc0fc3a0 unknown :-1 s=BANNER_CONNECTING pgs=0 cs=0 l=1 rev1=0 rx=0 tx=0)._handle_peer_banner_payload supported=1 required=0
2023-11-15T02:28:06.766 INFO:teuthology.orchestra.run.smithi003.stderr:/usr/bin/ceph:
2023-11-15T02:28:06.760+0000 7fc2bb7fe700 1 --2- >> [v2:172.21.15.3:3300/0,v1:172.21.15.3:6789/0] conn(0x7fc2bc0703f0 0x7fc2bc0fc3a0 unknown :-1 s=HELLO_CONNECTING pgs=0 cs=0 l=1 rev1=1 rx=0 tx=0).handle_hello peer v2:172.21.15.3:3300/0 says I am v2:172.21.15.3:57246/0 (socket says 172.21.15.3:57246)
2023-11-15T02:28:06.766 INFO:teuthology.orchestra.run.smithi003.stderr:/usr/bin/ceph:
2023-11-15T02:28:06.760+0000 7fc2bb7fe700 1 -- 172.21.15.3:0/3368321053 learned_addr learned my addr 172.21.15.3:0/3368321053 (peer_addr_for_me v2:172.21.15.3:0/0)
2023-11-15T02:28:06.767 INFO:teuthology.orchestra.run.smithi003.stderr:/usr/bin/ceph:
2023-11-15T02:28:06.760+0000 7fc2bb7fe700 1 -- 172.21.15.3:0/3368321053 --> [v2:172.21.15.3:3300/0,v1:172.21.15.3:6789/0] -- mon_subscribe({config=0+,monmap=0+}) v3 -- 0x7fc2ac00b200 con 0x7fc2bc0703f0
2023-11-15T02:28:06.767 INFO:teuthology.orchestra.run.smithi003.stderr:/usr/bin/ceph:
2023-11-15T02:28:06.760+0000 7fc2bb7fe700 1 --2- 172.21.15.3:0/3368321053 >> [v2:172.21.15.3:3300/0,v1:172.21.15.3:6789/0] conn(0x7fc2bc0703f0 0x7fc2bc0fc3a0 secure :-1 s=READY pgs=61 cs=0 l=1 rev1=1 rx=0x7fc2ac00b190 tx=0x7fc2ac006ee0).ready entity=mon.0 client_cookie=0 server_cookie=0 in_seq=0 out_seq=0
2023-11-15T02:28:06.767 INFO:teuthology.orchestra.run.smithi003.stderr:/usr/bin/ceph:
2023-11-15T02:28:06.760+0000 7fc2a3fff700 1 -- 172.21.15.3:0/3368321053 <== mon.0 v2:172.21.15.3:3300/0 1 ==== mon_map magic: 0 v1 ==== 229+0+0 (secure 0 0 0) 0x7fc2ac01b410 con 0x7fc2bc0703f0
2023-11-15T02:28:06.767 INFO:teuthology.orchestra.run.smithi003.stderr:/usr/bin/ceph:
2023-11-15T02:28:06.760+0000 7fc2a3fff700 1 -- 172.21.15.3:0/3368321053 <== mon.0 v2:172.21.15.3:3300/0 2 ==== config(25 keys) v1 ==== 1010+0+0 (secure 0 0 0) 0x7fc2ac01b9e0 con 0x7fc2bc0703f0
2023-11-15T02:28:06.768 INFO:teuthology.orchestra.run.smithi003.stderr:/usr/bin/ceph:
2023-11-15T02:28:06.760+0000 7fc2c212d700 1 -- 172.21.15.3:0/3368321053 --> [v2:172.21.15.3:3300/0,v1:172.21.15.3:6789/0] -- mon_subscribe({mgrmap=0+}) v3 -- 0x7fc2bc0fa9c0 con 0x7fc2bc0703f0
2023-11-15T02:28:06.768 INFO:teuthology.orchestra.run.smithi003.stderr:/usr/bin/ceph:
2023-11-15T02:28:06.760+0000 7fc2a3fff700 1 -- 172.21.15.3:0/3368321053 <== mon.0 v2:172.21.15.3:3300/0 3 ==== mon_map magic: 0 v1 ==== 229+0+0 (secure 0 0 0) 0x7fc2ac01a880 con 0x7fc2bc0703f0
2023-11-15T02:28:06.768 INFO:teuthology.orchestra.run.smithi003.stderr:/usr/bin/ceph:
2023-11-15T02:28:06.760+0000 7fc2c212d700 1 -- 172.21.15.3:0/3368321053 --> [v2:172.21.15.3:3300/0,v1:172.21.15.3:6789/0] -- mon_subscribe({osdmap=0}) v3 -- 0x7fc2bc0fadd0 con 0x7fc2bc0703f0
2023-11-15T02:28:06.769 INFO:teuthology.orchestra.run.smithi003.stderr:/usr/bin/ceph:
2023-11-15T02:28:06.761+0000 7fc2a3fff700 1 -- 172.21.15.3:0/3368321053 <== mon.0 v2:172.21.15.3:3300/0 4 ==== mgrmap(e 12) v1 ==== 36195+0+0 (secure 0 0 0) 0x7fc2ac00f070 con 0x7fc2bc0703f0
2023-11-15T02:28:06.769 INFO:teuthology.orchestra.run.smithi003.stderr:/usr/bin/ceph:
2023-11-15T02:28:06.761+0000 7fc2c212d700 1 -- 172.21.15.3:0/3368321053 --> [v2:172.21.15.3:3300/0,v1:172.21.15.3:6789/0] -- mon_command({"prefix": "get_command_descriptions"} v 0) v1 -- 0x7fc2bc045ad0 con 0x7fc2bc0703f0
2023-11-15T02:28:06.769 INFO:teuthology.orchestra.run.smithi003.stderr:/usr/bin/ceph:
2023-11-15T02:28:06.762+0000 7fc2a3fff700 1 --2- 172.21.15.3:0/3368321053 >> [v2:172.21.15.3:6800/3757385490,v1:172.21.15.3:6801/3757385490] conn(0x7fc2a802feb0 0x7fc2a8032370 unknown :-1 s=NONE pgs=0 cs=0 l=1 rev1=0 rx=0 tx=0).connect
2023-11-15T02:28:06.770 INFO:teuthology.orchestra.run.smithi003.stderr:/usr/bin/ceph:
2023-11-15T02:28:06.762+0000 7fc2a3fff700 1 -- 172.21.15.3:0/3368321053 <== mon.0 v2:172.21.15.3:3300/0 5 ==== osd_map(3..3 src has 1..3) v4 ==== 1098+0+0 (secure 0 0 0) 0x7fc2ac041380 con 0x7fc2bc0703f0
2023-11-15T02:28:06.770 INFO:teuthology.orchestra.run.smithi003.stderr:/usr/bin/ceph:
2023-11-15T02:28:06.762+0000 7fc2baffd700 1 --2- 172.21.15.3:0/3368321053 >> [v2:172.21.15.3:6800/3757385490,v1:172.21.15.3:6801/3757385490] conn(0x7fc2a802feb0 0x7fc2a8032370 unknown :-1 s=BANNER_CONNECTING pgs=0 cs=0 l=1 rev1=0 rx=0 tx=0)._handle_peer_banner_payload supported=1 required=0
2023-11-15T02:28:06.770 INFO:teuthology.orchestra.run.smithi003.stderr:/usr/bin/ceph:
2023-11-15T02:28:06.762+0000 7fc2baffd700 1 --2- 172.21.15.3:0/3368321053 >> [v2:172.21.15.3:6800/3757385490,v1:172.21.15.3:6801/3757385490] conn(0x7fc2a802feb0 0x7fc2a8032370 secure :-1 s=READY pgs=7 cs=0 l=1 rev1=1 rx=0x7fc2b00096a0 tx=0x7fc2b0006b40).ready entity=mgr.14144 client_cookie=0 server_cookie=0 in_seq=0 out_seq=0
2023-11-15T02:28:06.770 INFO:teuthology.orchestra.run.smithi003.stderr:/usr/bin/ceph:
2023-11-15T02:28:06.766+0000 7fc2a3fff700 1 -- 172.21.15.3:0/3368321053 <== mon.0 v2:172.21.15.3:3300/0 6 ==== mon_command_ack([{"prefix": "get_command_descriptions"}]=0 v0) v1 ==== 72+0+152212 (secure 0 0 0) 0x7fc2ac022960 con 0x7fc2bc0703f0
2023-11-15T02:28:06.962 INFO:teuthology.orchestra.run.smithi003.stderr:/usr/bin/ceph:
2023-11-15T02:28:06.960+0000 7fc2c212d700 1 -- 172.21.15.3:0/3368321053 --> [v2:172.21.15.3:6800/3757385490,v1:172.21.15.3:6801/3757385490] -- mgr_command(tid 0: {"prefix": "orch apply", "service_type": "node-exporter", "target": ["mon-mgr", ""]}) v1 -- 0x7fc2bc0fb010 con 0x7fc2a802feb0
2023-11-15T02:28:06.966 INFO:teuthology.orchestra.run.smithi003.stderr:/usr/bin/ceph:
2023-11-15T02:28:06.964+0000 7fc2a3fff700 1 -- 172.21.15.3:0/3368321053 <== mgr.14144 v2:172.21.15.3:6800/3757385490 1 ==== mgr_command_reply(tid 0: 0 ) v1 ==== 8+0+34 (secure 0 0 0) 0x7fc2bc0fb010 con 0x7fc2a802feb0
2023-11-15T02:28:06.966 INFO:teuthology.orchestra.run.smithi003.stderr:/usr/bin/ceph: Scheduled node-exporter update...
2023-11-15T02:28:06.968 INFO:teuthology.orchestra.run.smithi003.stderr:/usr/bin/ceph:
2023-11-15T02:28:06.966+0000 7fc2c212d700 1 -- 172.21.15.3:0/3368321053 >> [v2:172.21.15.3:6800/3757385490,v1:172.21.15.3:6801/3757385490] conn(0x7fc2a802feb0 msgr2=0x7fc2a8032370 secure :-1 s=STATE_CONNECTION_ESTABLISHED l=1).mark_down
2023-11-15T02:28:06.968 INFO:teuthology.orchestra.run.smithi003.stderr:/usr/bin/ceph:
2023-11-15T02:28:06.966+0000 7fc2c212d700 1 --2- 172.21.15.3:0/3368321053 >> [v2:172.21.15.3:6800/3757385490,v1:172.21.15.3:6801/3757385490] conn(0x7fc2a802feb0 0x7fc2a8032370 secure :-1 s=READY pgs=7 cs=0 l=1 rev1=1 rx=0x7fc2b00096a0 tx=0x7fc2b0006b40).stop
2023-11-15T02:28:06.968 INFO:teuthology.orchestra.run.smithi003.stderr:/usr/bin/ceph:
2023-11-15T02:28:06.966+0000 7fc2c212d700 1 -- 172.21.15.3:0/3368321053 >> [v2:172.21.15.3:3300/0,v1:172.21.15.3:6789/0] conn(0x7fc2bc0703f0 msgr2=0x7fc2bc0fc3a0 secure :-1 s=STATE_CONNECTION_ESTABLISHED l=1).mark_down
2023-11-15T02:28:06.968 INFO:teuthology.orchestra.run.smithi003.stderr:/usr/bin/ceph:
2023-11-15T02:28:06.966+0000 7fc2c212d700 1 --2- 172.21.15.3:0/3368321053 >> [v2:172.21.15.3:3300/0,v1:172.21.15.3:6789/0] conn(0x7fc2bc0703f0 0x7fc2bc0fc3a0 secure :-1 s=READY pgs=61 cs=0 l=1 rev1=1 rx=0x7fc2ac00b190 tx=0x7fc2ac006ee0).stop
2023-11-15T02:28:06.969 INFO:teuthology.orchestra.run.smithi003.stderr:/usr/bin/ceph:
2023-11-15T02:28:06.966+0000 7fc2c212d700 1 -- 172.21.15.3:0/3368321053 shutdown_connections
2023-11-15T02:28:06.969 INFO:teuthology.orchestra.run.smithi003.stderr:/usr/bin/ceph:
2023-11-15T02:28:06.966+0000 7fc2c212d700 1 --2- 172.21.15.3:0/3368321053 >> [v2:172.21.15.3:6800/3757385490,v1:172.21.15.3:6801/3757385490] conn(0x7fc2a802feb0 0x7fc2a8032370 unknown :-1 s=CLOSED pgs=7 cs=0 l=1 rev1=1 rx=0 tx=0).stop
2023-11-15T02:28:06.970 INFO:teuthology.orchestra.run.smithi003.stderr:/usr/bin/ceph:
2023-11-15T02:28:06.966+0000 7fc2c212d700 1 --2- 172.21.15.3:0/3368321053 >> [v2:172.21.15.3:3300/0,v1:172.21.15.3:6789/0] conn(0x7fc2bc0703f0 0x7fc2bc0fc3a0 unknown :-1 s=CLOSED pgs=61 cs=0 l=1 rev1=1 rx=0 tx=0).stop
2023-11-15T02:28:06.970 INFO:teuthology.orchestra.run.smithi003.stderr:/usr/bin/ceph:
2023-11-15T02:28:06.966+0000 7fc2c212d700 1 -- 172.21.15.3:0/3368321053 >> 172.21.15.3:0/3368321053 conn(0x7fc2bc0f63c0 msgr2=0x7fc2bc0f7ee0 unknown :-1 s=STATE_NONE l=0).mark_down
2023-11-15T02:28:06.970 INFO:teuthology.orchestra.run.smithi003.stderr:/usr/bin/ceph:
2023-11-15T02:28:06.966+0000 7fc2c212d700 1 -- 172.21.15.3:0/3368321053 shutdown_connections
2023-11-15T02:28:06.970 INFO:teuthology.orchestra.run.smithi003.stderr:/usr/bin/ceph:
2023-11-15T02:28:06.966+0000 7fc2c212d700 1 -- 172.21.15.3:0/3368321053 wait complete.
2023-11-15T02:28:07.271 INFO:journalctl@ceph.mon.smithi003.smithi003.stdout:Nov 15 02:28:06 smithi003 ceph-6e3dab36-835e-11ee-8dbe-212e2dc638e7-mon.smithi003[112404]: audit
2023-11-15T02:28:05.977569+0000 mgr.smithi003.wnuvlq (mgr.14144) 3 : audit [DBG] from='client.14152 -' entity='client.admin' cmd=[{"prefix": "orch apply", "service_type": "grafana", "target": ["mon-mgr", ""]}]: dispatch
2023-11-15T02:28:07.272 INFO:journalctl@ceph.mon.smithi003.smithi003.stdout:Nov 15 02:28:06 smithi003 ceph-6e3dab36-835e-11ee-8dbe-212e2dc638e7-mon.smithi003[112404]: cephadm
2023-11-15T02:28:05.978109+0000 mgr.smithi003.wnuvlq (mgr.14144) 4 : cephadm [INF] Saving service grafana spec with placement count:1
2023-11-15T02:28:07.272 INFO:journalctl@ceph.mon.smithi003.smithi003.stdout:Nov 15 02:28:06 smithi003 ceph-6e3dab36-835e-11ee-8dbe-212e2dc638e7-mon.smithi003[112404]: audit
2023-11-15T02:28:05.984643+0000 mon.smithi003 (mon.0) 79 : audit [INF] from='mgr.14144 172.21.15.3:0/3158145548' entity='mgr.smithi003.wnuvlq'
2023-11-15T02:28:07.272 INFO:journalctl@ceph.mon.smithi003.smithi003.stdout:Nov 15 02:28:06 smithi003 ceph-6e3dab36-835e-11ee-8dbe-212e2dc638e7-mon.smithi003[112404]: cluster
2023-11-15T02:28:05.990958+0000 mon.smithi003 (mon.0) 80 : cluster [DBG] mgrmap e12: smithi003.wnuvlq(active, since 2s)
2023-11-15T02:28:07.272 INFO:journalctl@ceph.mon.smithi003.smithi003.stdout:Nov 15 02:28:06 smithi003 ceph-6e3dab36-835e-11ee-8dbe-212e2dc638e7-mon.smithi003[112404]: audit
2023-11-15T02:28:06.965744+0000 mon.smithi003 (mon.0) 81 : audit [INF] from='mgr.14144 172.21.15.3:0/3158145548' entity='mgr.smithi003.wnuvlq'
2023-11-15T02:28:07.327 INFO:teuthology.orchestra.run.smithi003.stderr:Deploying alertmanager service with default placement...
2023-11-15T02:28:07.327 INFO:teuthology.orchestra.run.smithi003.stderr:Running command: /bin/podman run --rm --ipc=host --no-hosts --net=host --entrypoint /usr/bin/ceph --init -e CONTAINER_IMAGE=docker.io/ceph/ceph:v16.2.4 -e NODE_NAME=smithi003 -e CEPH_USE_RANDOM_NONCE=1 -v /var/log/ceph/6e3dab36-835e-11ee-8dbe-212e2dc638e7:/var/log/ceph:z -v /tmp/ceph-tmph9c9_y1v:/etc/ceph/ceph.client.admin.keyring:z -v /tmp/ceph-tmpm57q3dhf:/etc/ceph/ceph.conf:z docker.io/ceph/ceph:v16.2.4 orch apply alertmanager
2023-11-15T02:28:07.755 INFO:teuthology.orchestra.run.smithi003.stderr:/usr/bin/ceph:
2023-11-15T02:28:07.752+0000 7f27e3c8c700 1 Processor -- start
2023-11-15T02:28:07.755 INFO:teuthology.orchestra.run.smithi003.stderr:/usr/bin/ceph:
2023-11-15T02:28:07.753+0000 7f27e3c8c700 1 -- start start
2023-11-15T02:28:07.755 INFO:teuthology.orchestra.run.smithi003.stderr:/usr/bin/ceph:
2023-11-15T02:28:07.753+0000 7f27e3c8c700 1 --2- >> [v2:172.21.15.3:3300/0,v1:172.21.15.3:6789/0] conn(0x7f27dc0703b0 0x7f27dc100d60 unknown :-1 s=NONE pgs=0 cs=0 l=0 rev1=0 rx=0 tx=0).connect
2023-11-15T02:28:07.756 INFO:teuthology.orchestra.run.smithi003.stderr:/usr/bin/ceph:
2023-11-15T02:28:07.753+0000 7f27e3c8c700 1 -- --> [v2:172.21.15.3:3300/0,v1:172.21.15.3:6789/0] -- mon_getmap magic: 0 v1 -- 0x7f27dc0fc750 con 0x7f27dc0703b0
2023-11-15T02:28:07.756 INFO:teuthology.orchestra.run.smithi003.stderr:/usr/bin/ceph:
2023-11-15T02:28:07.753+0000 7f27e1a28700 1 --2- >> [v2:172.21.15.3:3300/0,v1:172.21.15.3:6789/0] conn(0x7f27dc0703b0 0x7f27dc100d60 unknown :-1 s=BANNER_CONNECTING pgs=0 cs=0 l=0 rev1=0 rx=0 tx=0)._handle_peer_banner_payload supported=1 required=0
2023-11-15T02:28:07.756 INFO:teuthology.orchestra.run.smithi003.stderr:/usr/bin/ceph:
2023-11-15T02:28:07.753+0000 7f27e1a28700 1 --2- >> [v2:172.21.15.3:3300/0,v1:172.21.15.3:6789/0] conn(0x7f27dc0703b0 0x7f27dc100d60 unknown :-1 s=HELLO_CONNECTING pgs=0 cs=0 l=0 rev1=1 rx=0 tx=0).handle_hello peer v2:172.21.15.3:3300/0 says I am v2:172.21.15.3:57260/0 (socket says 172.21.15.3:57260)
2023-11-15T02:28:07.756 INFO:teuthology.orchestra.run.smithi003.stderr:/usr/bin/ceph:
2023-11-15T02:28:07.753+0000 7f27e1a28700 1 -- 172.21.15.3:0/2319687272 learned_addr learned my addr 172.21.15.3:0/2319687272 (peer_addr_for_me v2:172.21.15.3:0/0)
2023-11-15T02:28:07.758 INFO:teuthology.orchestra.run.smithi003.stderr:/usr/bin/ceph:
2023-11-15T02:28:07.754+0000 7f27e1a28700 1 -- 172.21.15.3:0/2319687272 --> [v2:172.21.15.3:3300/0,v1:172.21.15.3:6789/0] -- mon_subscribe({config=0+,monmap=0+}) v3 -- 0x7f27dc101250 con 0x7f27dc0703b0
2023-11-15T02:28:07.758 INFO:teuthology.orchestra.run.smithi003.stderr:/usr/bin/ceph:
2023-11-15T02:28:07.754+0000 7f27e1a28700 1 --2- 172.21.15.3:0/2319687272 >> [v2:172.21.15.3:3300/0,v1:172.21.15.3:6789/0] conn(0x7f27dc0703b0 0x7f27dc100d60 secure :-1 s=READY pgs=62 cs=0 l=1 rev1=1 rx=0x7f27d800b5f0 tx=0x7f27d8006ee0).ready entity=mon.0 client_cookie=9bd6b698eb837e9f server_cookie=0 in_seq=0 out_seq=0
2023-11-15T02:28:07.758 INFO:teuthology.orchestra.run.smithi003.stderr:/usr/bin/ceph:
2023-11-15T02:28:07.754+0000 7f27e0a26700 1 -- 172.21.15.3:0/2319687272 <== mon.0 v2:172.21.15.3:3300/0 1 ==== mon_map magic: 0 v1 ==== 229+0+0 (secure 0 0 0) 0x7f27d800d600 con 0x7f27dc0703b0
2023-11-15T02:28:07.759 INFO:teuthology.orchestra.run.smithi003.stderr:/usr/bin/ceph:
2023-11-15T02:28:07.754+0000 7f27e0a26700 1 -- 172.21.15.3:0/2319687272 <== mon.0 v2:172.21.15.3:3300/0 2 ==== config(25 keys) v1 ==== 1010+0+0 (secure 0 0 0) 0x7f27d800dbd0 con 0x7f27dc0703b0
2023-11-15T02:28:07.759 INFO:teuthology.orchestra.run.smithi003.stderr:/usr/bin/ceph:
2023-11-15T02:28:07.754+0000 7f27e0a26700 1 -- 172.21.15.3:0/2319687272 <== mon.0 v2:172.21.15.3:3300/0 3 ==== mon_map magic: 0 v1 ==== 229+0+0 (secure 0 0 0) 0x7f27d8011c00 con 0x7f27dc0703b0
2023-11-15T02:28:07.759 INFO:teuthology.orchestra.run.smithi003.stderr:/usr/bin/ceph:
2023-11-15T02:28:07.754+0000 7f27e3c8c700 1 -- 172.21.15.3:0/2319687272 >> [v2:172.21.15.3:3300/0,v1:172.21.15.3:6789/0] conn(0x7f27dc0703b0 msgr2=0x7f27dc100d60 secure :-1 s=STATE_CONNECTION_ESTABLISHED l=1).mark_down
2023-11-15T02:28:07.759 INFO:teuthology.orchestra.run.smithi003.stderr:/usr/bin/ceph:
2023-11-15T02:28:07.754+0000 7f27e3c8c700 1 --2- 172.21.15.3:0/2319687272 >> [v2:172.21.15.3:3300/0,v1:172.21.15.3:6789/0] conn(0x7f27dc0703b0 0x7f27dc100d60 secure :-1 s=READY pgs=62 cs=0 l=1 rev1=1 rx=0x7f27d800b5f0 tx=0x7f27d8006ee0).stop
2023-11-15T02:28:07.759 INFO:teuthology.orchestra.run.smithi003.stderr:/usr/bin/ceph:
2023-11-15T02:28:07.754+0000 7f27e3c8c700 1 -- 172.21.15.3:0/2319687272 shutdown_connections
2023-11-15T02:28:07.760 INFO:teuthology.orchestra.run.smithi003.stderr:/usr/bin/ceph:
2023-11-15T02:28:07.754+0000 7f27e3c8c700 1 --2- 172.21.15.3:0/2319687272 >> [v2:172.21.15.3:3300/0,v1:172.21.15.3:6789/0] conn(0x7f27dc0703b0 0x7f27dc100d60 unknown :-1 s=CLOSED pgs=62 cs=0 l=1 rev1=1 rx=0 tx=0).stop
2023-11-15T02:28:07.760 INFO:teuthology.orchestra.run.smithi003.stderr:/usr/bin/ceph:
2023-11-15T02:28:07.754+0000 7f27e3c8c700 1 -- 172.21.15.3:0/2319687272 >> 172.21.15.3:0/2319687272 conn(0x7f27dc0f63c0 msgr2=0x7f27dc0f87e0 unknown :-1 s=STATE_NONE l=0).mark_down
2023-11-15T02:28:07.760 INFO:teuthology.orchestra.run.smithi003.stderr:/usr/bin/ceph:
2023-11-15T02:28:07.755+0000 7f27e3c8c700 1 -- 172.21.15.3:0/2319687272 shutdown_connections
2023-11-15T02:28:07.760 INFO:teuthology.orchestra.run.smithi003.stderr:/usr/bin/ceph:
2023-11-15T02:28:07.755+0000 7f27e3c8c700 1 -- 172.21.15.3:0/2319687272 wait complete.
2023-11-15T02:28:07.760 INFO:teuthology.orchestra.run.smithi003.stderr:/usr/bin/ceph:
2023-11-15T02:28:07.755+0000 7f27e3c8c700 1 Processor -- start
2023-11-15T02:28:07.760 INFO:teuthology.orchestra.run.smithi003.stderr:/usr/bin/ceph:
2023-11-15T02:28:07.755+0000 7f27e3c8c700 1 -- start start
2023-11-15T02:28:07.761 INFO:teuthology.orchestra.run.smithi003.stderr:/usr/bin/ceph:
2023-11-15T02:28:07.756+0000 7f27e3c8c700 1 --2- >> [v2:172.21.15.3:3300/0,v1:172.21.15.3:6789/0] conn(0x7f27dc0703b0 0x7f27dc10cc10 unknown :-1 s=NONE pgs=0 cs=0 l=1 rev1=0 rx=0 tx=0).connect
2023-11-15T02:28:07.761 INFO:teuthology.orchestra.run.smithi003.stderr:/usr/bin/ceph:
2023-11-15T02:28:07.756+0000 7f27e3c8c700 1 -- --> [v2:172.21.15.3:3300/0,v1:172.21.15.3:6789/0] -- mon_getmap magic: 0 v1 -- 0x7f27dc10d100 con 0x7f27dc0703b0
2023-11-15T02:28:07.761 INFO:teuthology.orchestra.run.smithi003.stderr:/usr/bin/ceph:
2023-11-15T02:28:07.756+0000 7f27e1a28700 1 --2- >> [v2:172.21.15.3:3300/0,v1:172.21.15.3:6789/0] conn(0x7f27dc0703b0 0x7f27dc10cc10 unknown :-1 s=BANNER_CONNECTING pgs=0 cs=0 l=1 rev1=0 rx=0 tx=0)._handle_peer_banner_payload supported=1 required=0
2023-11-15T02:28:07.762 INFO:teuthology.orchestra.run.smithi003.stderr:/usr/bin/ceph:
2023-11-15T02:28:07.756+0000 7f27e1a28700 1 --2- >> [v2:172.21.15.3:3300/0,v1:172.21.15.3:6789/0] conn(0x7f27dc0703b0 0x7f27dc10cc10 unknown :-1 s=HELLO_CONNECTING pgs=0 cs=0 l=1 rev1=1 rx=0 tx=0).handle_hello peer v2:172.21.15.3:3300/0 says I am v2:172.21.15.3:57264/0 (socket says 172.21.15.3:57264)
2023-11-15T02:28:07.762 INFO:teuthology.orchestra.run.smithi003.stderr:/usr/bin/ceph:
2023-11-15T02:28:07.756+0000 7f27e1a28700 1 -- 172.21.15.3:0/2662061831 learned_addr learned my addr 172.21.15.3:0/2662061831 (peer_addr_for_me v2:172.21.15.3:0/0)
2023-11-15T02:28:07.762 INFO:teuthology.orchestra.run.smithi003.stderr:/usr/bin/ceph:
2023-11-15T02:28:07.756+0000 7f27e1a28700 1 -- 172.21.15.3:0/2662061831 --> [v2:172.21.15.3:3300/0,v1:172.21.15.3:6789/0] -- mon_subscribe({config=0+,monmap=0+}) v3 -- 0x7f27d800b200 con 0x7f27dc0703b0
2023-11-15T02:28:07.762 INFO:teuthology.orchestra.run.smithi003.stderr:/usr/bin/ceph:
2023-11-15T02:28:07.756+0000 7f27e1a28700 1 --2- 172.21.15.3:0/2662061831 >> [v2:172.21.15.3:3300/0,v1:172.21.15.3:6789/0] conn(0x7f27dc0703b0 0x7f27dc10cc10 secure :-1 s=READY pgs=63 cs=0 l=1 rev1=1 rx=0x7f27d800b190 tx=0x7f27d8006ee0).ready entity=mon.0 client_cookie=0 server_cookie=0 in_seq=0 out_seq=0
2023-11-15T02:28:07.762 INFO:teuthology.orchestra.run.smithi003.stderr:/usr/bin/ceph:
2023-11-15T02:28:07.756+0000 7f27ca7fc700 1 -- 172.21.15.3:0/2662061831 <== mon.0 v2:172.21.15.3:3300/0 1 ==== mon_map magic: 0 v1 ==== 229+0+0 (secure 0 0 0) 0x7f27d801b410 con 0x7f27dc0703b0
2023-11-15T02:28:07.763 INFO:teuthology.orchestra.run.smithi003.stderr:/usr/bin/ceph:
2023-11-15T02:28:07.756+0000 7f27ca7fc700 1 -- 172.21.15.3:0/2662061831 <== mon.0 v2:172.21.15.3:3300/0 2 ==== config(25 keys) v1 ==== 1010+0+0 (secure 0 0 0) 0x7f27d801b9e0 con 0x7f27dc0703b0
2023-11-15T02:28:07.763 INFO:teuthology.orchestra.run.smithi003.stderr:/usr/bin/ceph:
2023-11-15T02:28:07.756+0000 7f27e3c8c700 1 -- 172.21.15.3:0/2662061831 --> [v2:172.21.15.3:3300/0,v1:172.21.15.3:6789/0] -- mon_subscribe({mgrmap=0+}) v3 -- 0x7f27dc10d300 con 0x7f27dc0703b0
2023-11-15T02:28:07.763 INFO:teuthology.orchestra.run.smithi003.stderr:/usr/bin/ceph:
2023-11-15T02:28:07.756+0000 7f27ca7fc700 1 -- 172.21.15.3:0/2662061831 <== mon.0 v2:172.21.15.3:3300/0 3 ==== mon_map magic: 0 v1 ==== 229+0+0 (secure 0 0 0) 0x7f27d801a880 con 0x7f27dc0703b0
2023-11-15T02:28:07.763 INFO:teuthology.orchestra.run.smithi003.stderr:/usr/bin/ceph:
2023-11-15T02:28:07.757+0000 7f27e3c8c700 1 -- 172.21.15.3:0/2662061831 --> [v2:172.21.15.3:3300/0,v1:172.21.15.3:6789/0] -- mon_subscribe({osdmap=0}) v3 -- 0x7f27dc10d710 con 0x7f27dc0703b0
2023-11-15T02:28:07.763 INFO:teuthology.orchestra.run.smithi003.stderr:/usr/bin/ceph:
2023-11-15T02:28:07.757+0000 7f27ca7fc700 1 -- 172.21.15.3:0/2662061831 <== mon.0 v2:172.21.15.3:3300/0 4 ==== mgrmap(e 12) v1 ==== 36195+0+0 (secure 0 0 0) 0x7f27d800f070 con 0x7f27dc0703b0
2023-11-15T02:28:07.764 INFO:teuthology.orchestra.run.smithi003.stderr:/usr/bin/ceph:
2023-11-15T02:28:07.757+0000 7f27ca7fc700 1 --2- 172.21.15.3:0/2662061831 >> [v2:172.21.15.3:6800/3757385490,v1:172.21.15.3:6801/3757385490] conn(0x7f27c402feb0 0x7f27c4032370 unknown :-1 s=NONE pgs=0 cs=0 l=1 rev1=0 rx=0 tx=0).connect
2023-11-15T02:28:07.764 INFO:teuthology.orchestra.run.smithi003.stderr:/usr/bin/ceph:
2023-11-15T02:28:07.757+0000 7f27ca7fc700 1 -- 172.21.15.3:0/2662061831 <== mon.0 v2:172.21.15.3:3300/0 5 ==== osd_map(3..3 src has 1..3) v4 ==== 1098+0+0 (secure 0 0 0) 0x7f27d8041380 con 0x7f27dc0703b0
2023-11-15T02:28:07.764 INFO:teuthology.orchestra.run.smithi003.stderr:/usr/bin/ceph:
2023-11-15T02:28:07.758+0000 7f27e1227700 1 --2- 172.21.15.3:0/2662061831 >> [v2:172.21.15.3:6800/3757385490,v1:172.21.15.3:6801/3757385490] conn(0x7f27c402feb0 0x7f27c4032370 unknown :-1 s=BANNER_CONNECTING pgs=0 cs=0 l=1 rev1=0 rx=0 tx=0)._handle_peer_banner_payload supported=1 required=0
2023-11-15T02:28:07.764 INFO:teuthology.orchestra.run.smithi003.stderr:/usr/bin/ceph:
2023-11-15T02:28:07.758+0000 7f27e1227700 1 --2- 172.21.15.3:0/2662061831 >> [v2:172.21.15.3:6800/3757385490,v1:172.21.15.3:6801/3757385490] conn(0x7f27c402feb0 0x7f27c4032370 secure :-1 s=READY pgs=8 cs=0 l=1 rev1=1 rx=0x7f27cc0096a0 tx=0x7f27cc006b40).ready entity=mgr.14144 client_cookie=0 server_cookie=0 in_seq=0 out_seq=0
2023-11-15T02:28:07.764 INFO:teuthology.orchestra.run.smithi003.stderr:/usr/bin/ceph:
2023-11-15T02:28:07.758+0000 7f27e3c8c700 1 -- 172.21.15.3:0/2662061831 --> [v2:172.21.15.3:3300/0,v1:172.21.15.3:6789/0] -- mon_command({"prefix": "get_command_descriptions"} v 0) v1 -- 0x7f27dc045ad0 con 0x7f27dc0703b0
2023-11-15T02:28:07.765 INFO:teuthology.orchestra.run.smithi003.stderr:/usr/bin/ceph:
2023-11-15T02:28:07.763+0000 7f27ca7fc700 1 -- 172.21.15.3:0/2662061831 <== mon.0 v2:172.21.15.3:3300/0 6 ==== mon_command_ack([{"prefix": "get_command_descriptions"}]=0 v0) v1 ==== 72+0+152212 (secure 0 0 0) 0x7f27d8016070 con 0x7f27dc0703b0
2023-11-15T02:28:07.959 INFO:teuthology.orchestra.run.smithi003.stderr:/usr/bin/ceph:
2023-11-15T02:28:07.958+0000 7f27e3c8c700 1 -- 172.21.15.3:0/2662061831 --> [v2:172.21.15.3:6800/3757385490,v1:172.21.15.3:6801/3757385490] -- mgr_command(tid 0: {"prefix": "orch apply", "service_type": "alertmanager", "target": ["mon-mgr", ""]}) v1 -- 0x7f27dc106ae0 con 0x7f27c402feb0
2023-11-15T02:28:07.963 INFO:teuthology.orchestra.run.smithi003.stderr:/usr/bin/ceph:
2023-11-15T02:28:07.961+0000 7f27ca7fc700 1 -- 172.21.15.3:0/2662061831 <== mgr.14144 v2:172.21.15.3:6800/3757385490 1 ==== mgr_command_reply(tid 0: 0 ) v1 ==== 8+0+33 (secure 0 0 0) 0x7f27dc106ae0 con 0x7f27c402feb0
2023-11-15T02:28:07.963 INFO:teuthology.orchestra.run.smithi003.stderr:/usr/bin/ceph: Scheduled alertmanager update...
2023-11-15T02:28:07.966 INFO:teuthology.orchestra.run.smithi003.stderr:/usr/bin/ceph:
2023-11-15T02:28:07.964+0000 7f27e3c8c700 1 -- 172.21.15.3:0/2662061831 >> [v2:172.21.15.3:6800/3757385490,v1:172.21.15.3:6801/3757385490] conn(0x7f27c402feb0 msgr2=0x7f27c4032370 secure :-1 s=STATE_CONNECTION_ESTABLISHED l=1).mark_down
2023-11-15T02:28:07.966 INFO:teuthology.orchestra.run.smithi003.stderr:/usr/bin/ceph:
2023-11-15T02:28:07.964+0000 7f27e3c8c700 1 --2- 172.21.15.3:0/2662061831 >> [v2:172.21.15.3:6800/3757385490,v1:172.21.15.3:6801/3757385490] conn(0x7f27c402feb0 0x7f27c4032370 secure :-1 s=READY pgs=8 cs=0 l=1 rev1=1 rx=0x7f27cc0096a0 tx=0x7f27cc006b40).stop
2023-11-15T02:28:07.966 INFO:teuthology.orchestra.run.smithi003.stderr:/usr/bin/ceph:
2023-11-15T02:28:07.964+0000 7f27e3c8c700 1 -- 172.21.15.3:0/2662061831 >> [v2:172.21.15.3:3300/0,v1:172.21.15.3:6789/0] conn(0x7f27dc0703b0 msgr2=0x7f27dc10cc10 secure :-1 s=STATE_CONNECTION_ESTABLISHED l=1).mark_down
2023-11-15T02:28:07.967 INFO:teuthology.orchestra.run.smithi003.stderr:/usr/bin/ceph:
2023-11-15T02:28:07.964+0000 7f27e3c8c700 1 --2- 172.21.15.3:0/2662061831 >> [v2:172.21.15.3:3300/0,v1:172.21.15.3:6789/0] conn(0x7f27dc0703b0 0x7f27dc10cc10 secure :-1 s=READY pgs=63 cs=0 l=1 rev1=1 rx=0x7f27d800b190 tx=0x7f27d8006ee0).stop
2023-11-15T02:28:07.967 INFO:teuthology.orchestra.run.smithi003.stderr:/usr/bin/ceph:
2023-11-15T02:28:07.964+0000 7f27e3c8c700 1 -- 172.21.15.3:0/2662061831 shutdown_connections
2023-11-15T02:28:07.967 INFO:teuthology.orchestra.run.smithi003.stderr:/usr/bin/ceph:
2023-11-15T02:28:07.964+0000 7f27e3c8c700 1 --2- 172.21.15.3:0/2662061831 >> [v2:172.21.15.3:6800/3757385490,v1:172.21.15.3:6801/3757385490] conn(0x7f27c402feb0 0x7f27c4032370 unknown :-1 s=CLOSED pgs=8 cs=0 l=1 rev1=1 rx=0 tx=0).stop
2023-11-15T02:28:07.967 INFO:teuthology.orchestra.run.smithi003.stderr:/usr/bin/ceph:
2023-11-15T02:28:07.964+0000 7f27e3c8c700 1 --2- 172.21.15.3:0/2662061831 >> [v2:172.21.15.3:3300/0,v1:172.21.15.3:6789/0] conn(0x7f27dc0703b0 0x7f27dc10cc10 unknown :-1 s=CLOSED pgs=63 cs=0 l=1 rev1=1 rx=0 tx=0).stop
2023-11-15T02:28:07.967 INFO:teuthology.orchestra.run.smithi003.stderr:/usr/bin/ceph:
2023-11-15T02:28:07.964+0000 7f27e3c8c700 1 -- 172.21.15.3:0/2662061831 >> 172.21.15.3:0/2662061831 conn(0x7f27dc0f63c0 msgr2=0x7f27dc0f7ef0 unknown :-1 s=STATE_NONE l=0).mark_down
2023-11-15T02:28:07.968 INFO:teuthology.orchestra.run.smithi003.stderr:/usr/bin/ceph:
2023-11-15T02:28:07.964+0000 7f27e3c8c700 1 -- 172.21.15.3:0/2662061831 shutdown_connections
2023-11-15T02:28:07.968 INFO:teuthology.orchestra.run.smithi003.stderr:/usr/bin/ceph:
2023-11-15T02:28:07.964+0000 7f27e3c8c700 1 -- 172.21.15.3:0/2662061831 wait complete.
2023-11-15T02:28:08.292 INFO:journalctl@ceph.mon.smithi003.smithi003.stdout:Nov 15 02:28:07 smithi003 ceph-6e3dab36-835e-11ee-8dbe-212e2dc638e7-mon.smithi003[112404]: audit
2023-11-15T02:28:06.962532+0000 mgr.smithi003.wnuvlq (mgr.14144) 5 : audit [DBG] from='client.14154 -' entity='client.admin' cmd=[{"prefix": "orch apply", "service_type": "node-exporter", "target": ["mon-mgr", ""]}]: dispatch
2023-11-15T02:28:08.292 INFO:journalctl@ceph.mon.smithi003.smithi003.stdout:Nov 15 02:28:07 smithi003 ceph-6e3dab36-835e-11ee-8dbe-212e2dc638e7-mon.smithi003[112404]: cephadm
2023-11-15T02:28:06.963259+0000 mgr.smithi003.wnuvlq (mgr.14144) 6 : cephadm [INF] Saving service node-exporter spec with placement *
2023-11-15T02:28:08.292 INFO:journalctl@ceph.mon.smithi003.smithi003.stdout:Nov 15 02:28:07 smithi003 ceph-6e3dab36-835e-11ee-8dbe-212e2dc638e7-mon.smithi003[112404]: audit
2023-11-15T02:28:07.963090+0000 mon.smithi003 (mon.0) 82 : audit [INF] from='mgr.14144 172.21.15.3:0/3158145548' entity='mgr.smithi003.wnuvlq'
2023-11-15T02:28:08.327 INFO:teuthology.orchestra.run.smithi003.stderr:Running command: /bin/podman run --rm --ipc=host --no-hosts --net=host --entrypoint /usr/bin/ceph --init -e CONTAINER_IMAGE=docker.io/ceph/ceph:v16.2.4 -e NODE_NAME=smithi003 -e CEPH_USE_RANDOM_NONCE=1 -v /var/log/ceph/6e3dab36-835e-11ee-8dbe-212e2dc638e7:/var/log/ceph:z -v /tmp/ceph-tmph9c9_y1v:/etc/ceph/ceph.client.admin.keyring:z -v /tmp/ceph-tmpm57q3dhf:/etc/ceph/ceph.conf:z docker.io/ceph/ceph:v16.2.4 config set mgr mgr/cephadm/container_init True --force
2023-11-15T02:28:08.815 INFO:teuthology.orchestra.run.smithi003.stderr:/usr/bin/ceph:
2023-11-15T02:28:08.811+0000 7f4fc9ad1700 1 Processor -- start
2023-11-15T02:28:08.815 INFO:teuthology.orchestra.run.smithi003.stderr:/usr/bin/ceph:
2023-11-15T02:28:08.811+0000 7f4fc9ad1700 1 -- start start
2023-11-15T02:28:08.815 INFO:teuthology.orchestra.run.smithi003.stderr:/usr/bin/ceph:
2023-11-15T02:28:08.811+0000 7f4fc9ad1700 1 --2- >> [v2:172.21.15.3:3300/0,v1:172.21.15.3:6789/0] conn(0x7f4fc4070430 0x7f4fc40fe8e0 unknown :-1 s=NONE pgs=0 cs=0 l=0 rev1=0 rx=0 tx=0).connect
2023-11-15T02:28:08.816 INFO:teuthology.orchestra.run.smithi003.stderr:/usr/bin/ceph:
2023-11-15T02:28:08.811+0000 7f4fc9ad1700 1 -- --> [v2:172.21.15.3:3300/0,v1:172.21.15.3:6789/0] -- mon_getmap magic: 0 v1 -- 0x7f4fc40fedd0 con 0x7f4fc4070430
2023-11-15T02:28:08.816 INFO:teuthology.orchestra.run.smithi003.stderr:/usr/bin/ceph:
2023-11-15T02:28:08.811+0000 7f4fc37fe700 1 --2- >> [v2:172.21.15.3:3300/0,v1:172.21.15.3:6789/0] conn(0x7f4fc4070430 0x7f4fc40fe8e0 unknown :-1 s=BANNER_CONNECTING pgs=0 cs=0 l=0 rev1=0 rx=0 tx=0)._handle_peer_banner_payload supported=1 required=0
2023-11-15T02:28:08.816 INFO:teuthology.orchestra.run.smithi003.stderr:/usr/bin/ceph:
2023-11-15T02:28:08.811+0000 7f4fc37fe700 1 --2- >> [v2:172.21.15.3:3300/0,v1:172.21.15.3:6789/0] conn(0x7f4fc4070430 0x7f4fc40fe8e0 unknown :-1 s=HELLO_CONNECTING pgs=0 cs=0 l=0 rev1=1 rx=0 tx=0).handle_hello peer v2:172.21.15.3:3300/0 says I am v2:172.21.15.3:57276/0 (socket says 172.21.15.3:57276)
2023-11-15T02:28:08.816 INFO:teuthology.orchestra.run.smithi003.stderr:/usr/bin/ceph:
2023-11-15T02:28:08.811+0000 7f4fc37fe700 1 -- 172.21.15.3:0/2908560280 learned_addr learned my addr 172.21.15.3:0/2908560280 (peer_addr_for_me v2:172.21.15.3:0/0)
2023-11-15T02:28:08.817 INFO:teuthology.orchestra.run.smithi003.stderr:/usr/bin/ceph:
2023-11-15T02:28:08.812+0000 7f4fc37fe700 1 -- 172.21.15.3:0/2908560280 --> [v2:172.21.15.3:3300/0,v1:172.21.15.3:6789/0] -- mon_subscribe({config=0+,monmap=0+}) v3 -- 0x7f4fc40fef10 con 0x7f4fc4070430
2023-11-15T02:28:08.817 INFO:teuthology.orchestra.run.smithi003.stderr:/usr/bin/ceph:
2023-11-15T02:28:08.812+0000 7f4fc37fe700 1 --2- 172.21.15.3:0/2908560280 >> [v2:172.21.15.3:3300/0,v1:172.21.15.3:6789/0] conn(0x7f4fc4070430 0x7f4fc40fe8e0 secure :-1 s=READY pgs=64 cs=0 l=1 rev1=1 rx=0x7f4fb800b5f0 tx=0x7f4fb8006ee0).ready entity=mon.0 client_cookie=55be366c1ed65dc4 server_cookie=0 in_seq=0 out_seq=0
2023-11-15T02:28:08.817 INFO:teuthology.orchestra.run.smithi003.stderr:/usr/bin/ceph:
2023-11-15T02:28:08.812+0000 7f4fc27fc700 1 -- 172.21.15.3:0/2908560280 <== mon.0 v2:172.21.15.3:3300/0 1 ==== mon_map magic: 0 v1 ==== 229+0+0 (secure 0 0 0) 0x7f4fb800d600 con 0x7f4fc4070430
2023-11-15T02:28:08.817 INFO:teuthology.orchestra.run.smithi003.stderr:/usr/bin/ceph:
2023-11-15T02:28:08.812+0000 7f4fc27fc700 1 -- 172.21.15.3:0/2908560280 <== mon.0 v2:172.21.15.3:3300/0 2 ==== config(25 keys) v1 ==== 1010+0+0 (secure 0 0 0) 0x7f4fb800dbd0 con 0x7f4fc4070430
2023-11-15T02:28:08.817 INFO:teuthology.orchestra.run.smithi003.stderr:/usr/bin/ceph:
2023-11-15T02:28:08.812+0000 7f4fc27fc700 1 -- 172.21.15.3:0/2908560280 <== mon.0 v2:172.21.15.3:3300/0 3 ==== mon_map magic: 0 v1 ==== 229+0+0 (secure 0 0 0) 0x7f4fb8011c00 con 0x7f4fc4070430
2023-11-15T02:28:08.818 INFO:teuthology.orchestra.run.smithi003.stderr:/usr/bin/ceph:
2023-11-15T02:28:08.813+0000 7f4fc9ad1700 1 -- 172.21.15.3:0/2908560280 >> [v2:172.21.15.3:3300/0,v1:172.21.15.3:6789/0] conn(0x7f4fc4070430 msgr2=0x7f4fc40fe8e0 secure :-1 s=STATE_CONNECTION_ESTABLISHED l=1).mark_down
2023-11-15T02:28:08.818 INFO:teuthology.orchestra.run.smithi003.stderr:/usr/bin/ceph:
2023-11-15T02:28:08.813+0000 7f4fc9ad1700 1 --2- 172.21.15.3:0/2908560280 >> [v2:172.21.15.3:3300/0,v1:172.21.15.3:6789/0] conn(0x7f4fc4070430 0x7f4fc40fe8e0 secure :-1 s=READY pgs=64 cs=0 l=1 rev1=1 rx=0x7f4fb800b5f0 tx=0x7f4fb8006ee0).stop
2023-11-15T02:28:08.818 INFO:teuthology.orchestra.run.smithi003.stderr:/usr/bin/ceph:
2023-11-15T02:28:08.813+0000 7f4fc9ad1700 1 -- 172.21.15.3:0/2908560280 shutdown_connections
2023-11-15T02:28:08.818 INFO:teuthology.orchestra.run.smithi003.stderr:/usr/bin/ceph:
2023-11-15T02:28:08.813+0000 7f4fc9ad1700 1 --2- 172.21.15.3:0/2908560280 >> [v2:172.21.15.3:3300/0,v1:172.21.15.3:6789/0] conn(0x7f4fc4070430 0x7f4fc40fe8e0 unknown :-1 s=CLOSED pgs=64 cs=0 l=1 rev1=1 rx=0 tx=0).stop
2023-11-15T02:28:08.818 INFO:teuthology.orchestra.run.smithi003.stderr:/usr/bin/ceph:
2023-11-15T02:28:08.813+0000 7f4fc9ad1700 1 -- 172.21.15.3:0/2908560280 >> 172.21.15.3:0/2908560280 conn(0x7f4fc40f63c0 msgr2=0x7f4fc40f87e0 unknown :-1 s=STATE_NONE l=0).mark_down
2023-11-15T02:28:08.818 INFO:teuthology.orchestra.run.smithi003.stderr:/usr/bin/ceph:
2023-11-15T02:28:08.813+0000 7f4fc9ad1700 1 -- 172.21.15.3:0/2908560280 shutdown_connections
2023-11-15T02:28:08.819 INFO:teuthology.orchestra.run.smithi003.stderr:/usr/bin/ceph:
2023-11-15T02:28:08.813+0000 7f4fc9ad1700 1 -- 172.21.15.3:0/2908560280 wait complete.
2023-11-15T02:28:08.819 INFO:teuthology.orchestra.run.smithi003.stderr:/usr/bin/ceph:
2023-11-15T02:28:08.813+0000 7f4fc9ad1700 1 Processor -- start
2023-11-15T02:28:08.819 INFO:teuthology.orchestra.run.smithi003.stderr:/usr/bin/ceph:
2023-11-15T02:28:08.814+0000 7f4fc9ad1700 1 -- start start
2023-11-15T02:28:08.821 INFO:teuthology.orchestra.run.smithi003.stderr:/usr/bin/ceph:
2023-11-15T02:28:08.814+0000 7f4fc9ad1700 1 --2- >> [v2:172.21.15.3:3300/0,v1:172.21.15.3:6789/0] conn(0x7f4fc4070430 0x7f4fc410aac0 unknown :-1 s=NONE pgs=0 cs=0 l=1 rev1=0 rx=0 tx=0).connect
2023-11-15T02:28:08.821 INFO:teuthology.orchestra.run.smithi003.stderr:/usr/bin/ceph:
2023-11-15T02:28:08.814+0000 7f4fc9ad1700 1 -- --> [v2:172.21.15.3:3300/0,v1:172.21.15.3:6789/0] -- mon_getmap magic: 0 v1 -- 0x7f4fc410afb0 con 0x7f4fc4070430
2023-11-15T02:28:08.822 INFO:teuthology.orchestra.run.smithi003.stderr:/usr/bin/ceph:
2023-11-15T02:28:08.814+0000 7f4fc37fe700 1 --2- >> [v2:172.21.15.3:3300/0,v1:172.21.15.3:6789/0] conn(0x7f4fc4070430 0x7f4fc410aac0 unknown :-1 s=BANNER_CONNECTING pgs=0 cs=0 l=1 rev1=0 rx=0 tx=0)._handle_peer_banner_payload supported=1 required=0
2023-11-15T02:28:08.822 INFO:teuthology.orchestra.run.smithi003.stderr:/usr/bin/ceph:
2023-11-15T02:28:08.814+0000 7f4fc37fe700 1 --2- >> [v2:172.21.15.3:3300/0,v1:172.21.15.3:6789/0] conn(0x7f4fc4070430 0x7f4fc410aac0 unknown :-1 s=HELLO_CONNECTING pgs=0 cs=0 l=1 rev1=1 rx=0 tx=0).handle_hello peer v2:172.21.15.3:3300/0 says I am v2:172.21.15.3:57286/0 (socket says 172.21.15.3:57286)
2023-11-15T02:28:08.822 INFO:teuthology.orchestra.run.smithi003.stderr:/usr/bin/ceph:
2023-11-15T02:28:08.814+0000 7f4fc37fe700 1 -- 172.21.15.3:0/437740501 learned_addr learned my addr 172.21.15.3:0/437740501 (peer_addr_for_me v2:172.21.15.3:0/0)
2023-11-15T02:28:08.822 INFO:teuthology.orchestra.run.smithi003.stderr:/usr/bin/ceph:
2023-11-15T02:28:08.814+0000 7f4fc37fe700 1 -- 172.21.15.3:0/437740501 --> [v2:172.21.15.3:3300/0,v1:172.21.15.3:6789/0] -- mon_subscribe({config=0+,monmap=0+}) v3 -- 0x7f4fb800b200 con 0x7f4fc4070430
2023-11-15T02:28:08.822 INFO:teuthology.orchestra.run.smithi003.stderr:/usr/bin/ceph:
2023-11-15T02:28:08.814+0000 7f4fc37fe700 1 --2- 172.21.15.3:0/437740501 >> [v2:172.21.15.3:3300/0,v1:172.21.15.3:6789/0] conn(0x7f4fc4070430 0x7f4fc410aac0 secure :-1 s=READY pgs=65 cs=0 l=1 rev1=1 rx=0x7f4fb8002f40 tx=0x7f4fb8006ee0).ready entity=mon.0 client_cookie=0 server_cookie=0 in_seq=0 out_seq=0
2023-11-15T02:28:08.823 INFO:teuthology.orchestra.run.smithi003.stderr:/usr/bin/ceph:
2023-11-15T02:28:08.815+0000 7f4fabfff700 1 -- 172.21.15.3:0/437740501 <== mon.0 v2:172.21.15.3:3300/0 1 ==== mon_map magic: 0 v1 ==== 229+0+0 (secure 0 0 0) 0x7f4fb8011690 con 0x7f4fc4070430
2023-11-15T02:28:08.823 INFO:teuthology.orchestra.run.smithi003.stderr:/usr/bin/ceph:
2023-11-15T02:28:08.815+0000 7f4fabfff700 1 -- 172.21.15.3:0/437740501 <== mon.0 v2:172.21.15.3:3300/0 2 ==== config(25 keys) v1 ==== 1010+0+0 (secure 0 0 0) 0x7f4fb801b880 con 0x7f4fc4070430
