2023-11-15T02:27:57.097+0000 7f8824c68700 1 --2- >> [v2:172.21.15.3:3300/0,v1:172.21.15.3:6789/0] conn(0x7f88200fab80 0x7f88200fafa0 unknown :-1 s=HELLO_CONNECTING pgs=0 cs=0 l=0 rev1=1 rx=0 tx=0).handle_hello peer v2:172.21.15.3:3300/0 says I am v2:172.21.15.3:54710/0 (socket says 172.21.15.3:54710)
2023-11-15T02:27:57.101 INFO:teuthology.orchestra.run.smithi003.stderr:/usr/bin/ceph:
2023-11-15T02:27:57.097+0000 7f8824c68700 1 -- 172.21.15.3:0/2334035628 learned_addr learned my addr 172.21.15.3:0/2334035628 (peer_addr_for_me v2:172.21.15.3:0/0)
2023-11-15T02:27:57.101 INFO:teuthology.orchestra.run.smithi003.stderr:/usr/bin/ceph:
2023-11-15T02:27:57.098+0000 7f8824c68700 1 -- 172.21.15.3:0/2334035628 --> [v2:172.21.15.3:3300/0,v1:172.21.15.3:6789/0] -- mon_subscribe({config=0+,monmap=0+}) v3 -- 0x7f88200fb5d0 con 0x7f88200fab80
2023-11-15T02:27:57.102 INFO:teuthology.orchestra.run.smithi003.stderr:/usr/bin/ceph:
2023-11-15T02:27:57.098+0000 7f8824c68700 1 --2- 172.21.15.3:0/2334035628 >> [v2:172.21.15.3:3300/0,v1:172.21.15.3:6789/0] conn(0x7f88200fab80 0x7f88200fafa0 secure :-1 s=READY pgs=47 cs=0 l=1 rev1=1 rx=0x7f881400b5f0 tx=0x7f8814006ee0).ready entity=mon.0 client_cookie=23c1bf3bfadda352 server_cookie=0 in_seq=0 out_seq=0
2023-11-15T02:27:57.102 INFO:teuthology.orchestra.run.smithi003.stderr:/usr/bin/ceph:
2023-11-15T02:27:57.098+0000 7f881f7fe700 1 -- 172.21.15.3:0/2334035628 <== mon.0 v2:172.21.15.3:3300/0 1 ==== mon_map magic: 0 v1 ==== 229+0+0 (secure 0 0 0) 0x7f881400d600 con 0x7f88200fab80
2023-11-15T02:27:57.105 INFO:teuthology.orchestra.run.smithi003.stderr:/usr/bin/ceph:
2023-11-15T02:27:57.098+0000 7f881f7fe700 1 -- 172.21.15.3:0/2334035628 <== mon.0 v2:172.21.15.3:3300/0 2 ==== config(25 keys) v1 ==== 1010+0+0 (secure 0 0 0) 0x7f881400dbd0 con 0x7f88200fab80
2023-11-15T02:27:57.105 INFO:teuthology.orchestra.run.smithi003.stderr:/usr/bin/ceph:
2023-11-15T02:27:57.098+0000 7f881f7fe700 1 -- 172.21.15.3:0/2334035628 <== mon.0 v2:172.21.15.3:3300/0 3 ==== mon_map magic: 0 v1 ==== 229+0+0 (secure 0 0 0) 0x7f8814011c00 con 0x7f88200fab80
2023-11-15T02:27:57.106 INFO:teuthology.orchestra.run.smithi003.stderr:/usr/bin/ceph:
2023-11-15T02:27:57.099+0000 7f8826ecc700 1 -- 172.21.15.3:0/2334035628 >> [v2:172.21.15.3:3300/0,v1:172.21.15.3:6789/0] conn(0x7f88200fab80 msgr2=0x7f88200fafa0 secure :-1 s=STATE_CONNECTION_ESTABLISHED l=1).mark_down
2023-11-15T02:27:57.106 INFO:teuthology.orchestra.run.smithi003.stderr:/usr/bin/ceph:
2023-11-15T02:27:57.099+0000 7f8826ecc700 1 --2- 172.21.15.3:0/2334035628 >> [v2:172.21.15.3:3300/0,v1:172.21.15.3:6789/0] conn(0x7f88200fab80 0x7f88200fafa0 secure :-1 s=READY pgs=47 cs=0 l=1 rev1=1 rx=0x7f881400b5f0 tx=0x7f8814006ee0).stop
2023-11-15T02:27:57.106 INFO:teuthology.orchestra.run.smithi003.stderr:/usr/bin/ceph:
2023-11-15T02:27:57.099+0000 7f8826ecc700 1 -- 172.21.15.3:0/2334035628 shutdown_connections
2023-11-15T02:27:57.106 INFO:teuthology.orchestra.run.smithi003.stderr:/usr/bin/ceph:
2023-11-15T02:27:57.099+0000 7f8826ecc700 1 --2- 172.21.15.3:0/2334035628 >> [v2:172.21.15.3:3300/0,v1:172.21.15.3:6789/0] conn(0x7f88200fab80 0x7f88200fafa0 unknown :-1 s=CLOSED pgs=47 cs=0 l=1 rev1=1 rx=0 tx=0).stop
2023-11-15T02:27:57.106 INFO:teuthology.orchestra.run.smithi003.stderr:/usr/bin/ceph:
2023-11-15T02:27:57.099+0000 7f8826ecc700 1 -- 172.21.15.3:0/2334035628 >> 172.21.15.3:0/2334035628 conn(0x7f88200f63c0 msgr2=0x7f88200f87e0 unknown :-1 s=STATE_NONE l=0).mark_down
2023-11-15T02:27:57.107 INFO:teuthology.orchestra.run.smithi003.stderr:/usr/bin/ceph:
2023-11-15T02:27:57.099+0000 7f8826ecc700 1 -- 172.21.15.3:0/2334035628 shutdown_connections
2023-11-15T02:27:57.107 INFO:teuthology.orchestra.run.smithi003.stderr:/usr/bin/ceph:
2023-11-15T02:27:57.099+0000 7f8826ecc700 1 -- 172.21.15.3:0/2334035628 wait complete.
2023-11-15T02:27:57.107 INFO:teuthology.orchestra.run.smithi003.stderr:/usr/bin/ceph:
2023-11-15T02:27:57.099+0000 7f8826ecc700 1 Processor -- start
2023-11-15T02:27:57.107 INFO:teuthology.orchestra.run.smithi003.stderr:/usr/bin/ceph:
2023-11-15T02:27:57.099+0000 7f8826ecc700 1 -- start start
2023-11-15T02:27:57.107 INFO:teuthology.orchestra.run.smithi003.stderr:/usr/bin/ceph:
2023-11-15T02:27:57.100+0000 7f8826ecc700 1 --2- >> [v2:172.21.15.3:3300/0,v1:172.21.15.3:6789/0] conn(0x7f88200fab80 0x7f882010cbe0 unknown :-1 s=NONE pgs=0 cs=0 l=1 rev1=0 rx=0 tx=0).connect
2023-11-15T02:27:57.108 INFO:teuthology.orchestra.run.smithi003.stderr:/usr/bin/ceph:
2023-11-15T02:27:57.100+0000 7f8826ecc700 1 -- --> [v2:172.21.15.3:3300/0,v1:172.21.15.3:6789/0] -- mon_getmap magic: 0 v1 -- 0x7f882010d0d0 con 0x7f88200fab80
2023-11-15T02:27:57.108 INFO:teuthology.orchestra.run.smithi003.stderr:/usr/bin/ceph:
2023-11-15T02:27:57.100+0000 7f8824c68700 1 --2- >> [v2:172.21.15.3:3300/0,v1:172.21.15.3:6789/0] conn(0x7f88200fab80 0x7f882010cbe0 unknown :-1 s=BANNER_CONNECTING pgs=0 cs=0 l=1 rev1=0 rx=0 tx=0)._handle_peer_banner_payload supported=1 required=0
2023-11-15T02:27:57.108 INFO:teuthology.orchestra.run.smithi003.stderr:/usr/bin/ceph:
2023-11-15T02:27:57.100+0000 7f8824c68700 1 --2- >> [v2:172.21.15.3:3300/0,v1:172.21.15.3:6789/0] conn(0x7f88200fab80 0x7f882010cbe0 unknown :-1 s=HELLO_CONNECTING pgs=0 cs=0 l=1 rev1=1 rx=0 tx=0).handle_hello peer v2:172.21.15.3:3300/0 says I am v2:172.21.15.3:54718/0 (socket says 172.21.15.3:54718)
2023-11-15T02:27:57.108 INFO:teuthology.orchestra.run.smithi003.stderr:/usr/bin/ceph:
2023-11-15T02:27:57.100+0000 7f8824c68700 1 -- 172.21.15.3:0/3098412503 learned_addr learned my addr 172.21.15.3:0/3098412503 (peer_addr_for_me v2:172.21.15.3:0/0)
2023-11-15T02:27:57.109 INFO:teuthology.orchestra.run.smithi003.stderr:/usr/bin/ceph:
2023-11-15T02:27:57.100+0000 7f8824c68700 1 -- 172.21.15.3:0/3098412503 --> [v2:172.21.15.3:3300/0,v1:172.21.15.3:6789/0] -- mon_subscribe({config=0+,monmap=0+}) v3 -- 0x7f881400b200 con 0x7f88200fab80
2023-11-15T02:27:57.109 INFO:teuthology.orchestra.run.smithi003.stderr:/usr/bin/ceph:
2023-11-15T02:27:57.100+0000 7f8824c68700 1 --2- 172.21.15.3:0/3098412503 >> [v2:172.21.15.3:3300/0,v1:172.21.15.3:6789/0] conn(0x7f88200fab80 0x7f882010cbe0 secure :-1 s=READY pgs=48 cs=0 l=1 rev1=1 rx=0x7f881400b1d0 tx=0x7f8814006ee0).ready entity=mon.0 client_cookie=0 server_cookie=0 in_seq=0 out_seq=0
2023-11-15T02:27:57.109 INFO:teuthology.orchestra.run.smithi003.stderr:/usr/bin/ceph:
2023-11-15T02:27:57.101+0000 7f881d7fa700 1 -- 172.21.15.3:0/3098412503 <== mon.0 v2:172.21.15.3:3300/0 1 ==== mon_map magic: 0 v1 ==== 229+0+0 (secure 0 0 0) 0x7f881401b410 con 0x7f88200fab80
2023-11-15T02:27:57.109 INFO:teuthology.orchestra.run.smithi003.stderr:/usr/bin/ceph:
2023-11-15T02:27:57.101+0000 7f881d7fa700 1 -- 172.21.15.3:0/3098412503 <== mon.0 v2:172.21.15.3:3300/0 2 ==== config(25 keys) v1 ==== 1010+0+0 (secure 0 0 0) 0x7f881401b9e0 con 0x7f88200fab80
2023-11-15T02:27:57.109 INFO:teuthology.orchestra.run.smithi003.stderr:/usr/bin/ceph:
2023-11-15T02:27:57.101+0000 7f8826ecc700 1 -- 172.21.15.3:0/3098412503 --> [v2:172.21.15.3:3300/0,v1:172.21.15.3:6789/0] -- mon_subscribe({mgrmap=0+}) v3 -- 0x7f882010d2d0 con 0x7f88200fab80
2023-11-15T02:27:57.110 INFO:teuthology.orchestra.run.smithi003.stderr:/usr/bin/ceph:
2023-11-15T02:27:57.101+0000 7f881d7fa700 1 -- 172.21.15.3:0/3098412503 <== mon.0 v2:172.21.15.3:3300/0 3 ==== mon_map magic: 0 v1 ==== 229+0+0 (secure 0 0 0) 0x7f881401a840 con 0x7f88200fab80
2023-11-15T02:27:57.110 INFO:teuthology.orchestra.run.smithi003.stderr:/usr/bin/ceph:
2023-11-15T02:27:57.101+0000 7f8826ecc700 1 -- 172.21.15.3:0/3098412503 --> [v2:172.21.15.3:3300/0,v1:172.21.15.3:6789/0] -- mon_subscribe({osdmap=0}) v3 -- 0x7f882010d6e0 con 0x7f88200fab80
2023-11-15T02:27:57.110 INFO:teuthology.orchestra.run.smithi003.stderr:/usr/bin/ceph:
2023-11-15T02:27:57.101+0000 7f881d7fa700 1 -- 172.21.15.3:0/3098412503 <== mon.0 v2:172.21.15.3:3300/0 4 ==== mgrmap(e 8) v1 ==== 36120+0+0 (secure 0 0 0) 0x7f881400f070 con 0x7f88200fab80
2023-11-15T02:27:57.110 INFO:teuthology.orchestra.run.smithi003.stderr:/usr/bin/ceph:
2023-11-15T02:27:57.102+0000 7f8826ecc700 1 -- 172.21.15.3:0/3098412503 --> [v2:172.21.15.3:3300/0,v1:172.21.15.3:6789/0] -- mon_command({"prefix": "get_command_descriptions"} v 0) v1 -- 0x7f8820045ad0 con 0x7f88200fab80
2023-11-15T02:27:57.110 INFO:teuthology.orchestra.run.smithi003.stderr:/usr/bin/ceph:
2023-11-15T02:27:57.102+0000 7f881d7fa700 1 --2- 172.21.15.3:0/3098412503 >> [v2:172.21.15.3:6800/1923190297,v1:172.21.15.3:6801/1923190297] conn(0x7f880402fdb0 0x7f8804032270 unknown :-1 s=NONE pgs=0 cs=0 l=1 rev1=0 rx=0 tx=0).connect
2023-11-15T02:27:57.111 INFO:teuthology.orchestra.run.smithi003.stderr:/usr/bin/ceph:
2023-11-15T02:27:57.102+0000 7f881d7fa700 1 -- 172.21.15.3:0/3098412503 <== mon.0 v2:172.21.15.3:3300/0 5 ==== osd_map(2..2 src has 1..2) v4 ==== 926+0+0 (secure 0 0 0) 0x7f8814041270 con 0x7f88200fab80
2023-11-15T02:27:57.111 INFO:teuthology.orchestra.run.smithi003.stderr:/usr/bin/ceph:
2023-11-15T02:27:57.102+0000 7f881ffff700 1 --2- 172.21.15.3:0/3098412503 >> [v2:172.21.15.3:6800/1923190297,v1:172.21.15.3:6801/1923190297] conn(0x7f880402fdb0 0x7f8804032270 unknown :-1 s=BANNER_CONNECTING pgs=0 cs=0 l=1 rev1=0 rx=0 tx=0)._handle_peer_banner_payload supported=1 required=0
2023-11-15T02:27:57.111 INFO:teuthology.orchestra.run.smithi003.stderr:/usr/bin/ceph:
2023-11-15T02:27:57.102+0000 7f881ffff700 1 --2- 172.21.15.3:0/3098412503 >> [v2:172.21.15.3:6800/1923190297,v1:172.21.15.3:6801/1923190297] conn(0x7f880402fdb0 0x7f8804032270 secure :-1 s=READY pgs=14 cs=0 l=1 rev1=1 rx=0x7f880c0096a0 tx=0x7f880c006b40).ready entity=mgr.14116 client_cookie=0 server_cookie=0 in_seq=0 out_seq=0
2023-11-15T02:27:57.111 INFO:teuthology.orchestra.run.smithi003.stderr:/usr/bin/ceph:
2023-11-15T02:27:57.106+0000 7f881d7fa700 1 -- 172.21.15.3:0/3098412503 <== mon.0 v2:172.21.15.3:3300/0 6 ==== mon_command_ack([{"prefix": "get_command_descriptions"}]=0 v0) v1 ==== 72+0+152212 (secure 0 0 0) 0x7f8814019cd0 con 0x7f88200fab80
2023-11-15T02:27:57.314 INFO:teuthology.orchestra.run.smithi003.stderr:/usr/bin/ceph:
2023-11-15T02:27:57.312+0000 7f8826ecc700 1 -- 172.21.15.3:0/3098412503 --> [v2:172.21.15.3:3300/0,v1:172.21.15.3:6789/0] -- mon_command({"prefix": "mgr module enable", "module": "prometheus"} v 0) v1 -- 0x7f88200fc890 con 0x7f88200fab80
2023-11-15T02:27:57.792 INFO:journalctl@ceph.mon.smithi003.smithi003.stdout:Nov 15 02:27:57 smithi003 ceph-6e3dab36-835e-11ee-8dbe-212e2dc638e7-mon.smithi003[112404]: audit
2023-11-15T02:27:56.282468+0000 mgr.smithi003.wnuvlq (mgr.14116) 14 : audit [DBG] from='client.14140 -' entity='client.admin' cmd=[{"prefix": "orch apply", "service_type": "crash", "target": ["mon-mgr", ""]}]: dispatch
2023-11-15T02:27:57.792 INFO:journalctl@ceph.mon.smithi003.smithi003.stdout:Nov 15 02:27:57 smithi003 ceph-6e3dab36-835e-11ee-8dbe-212e2dc638e7-mon.smithi003[112404]: cephadm
2023-11-15T02:27:56.283206+0000 mgr.smithi003.wnuvlq (mgr.14116) 15 : cephadm [INF] Saving service crash spec with placement *
2023-11-15T02:27:58.302 INFO:teuthology.orchestra.run.smithi003.stderr:/usr/bin/ceph:
2023-11-15T02:27:58.301+0000 7f881d7fa700 1 -- 172.21.15.3:0/3098412503 <== mon.0 v2:172.21.15.3:3300/0 7 ==== mgrmap(e 9) v1 ==== 36134+0+0 (secure 0 0 0) 0x7f881401a9a0 con 0x7f88200fab80
2023-11-15T02:27:58.304 INFO:teuthology.orchestra.run.smithi003.stderr:/usr/bin/ceph:
2023-11-15T02:27:58.302+0000 7f881d7fa700 1 -- 172.21.15.3:0/3098412503 <== mon.0 v2:172.21.15.3:3300/0 8 ==== mon_command_ack([{"prefix": "mgr module enable", "module": "prometheus"}]=0 v9) v1 ==== 89+0+0 (secure 0 0 0) 0x7f8814023760 con 0x7f88200fab80
2023-11-15T02:27:58.306 INFO:teuthology.orchestra.run.smithi003.stderr:/usr/bin/ceph:
2023-11-15T02:27:58.304+0000 7f8826ecc700 1 -- 172.21.15.3:0/3098412503 >> [v2:172.21.15.3:6800/1923190297,v1:172.21.15.3:6801/1923190297] conn(0x7f880402fdb0 msgr2=0x7f8804032270 secure :-1 s=STATE_CONNECTION_ESTABLISHED l=1).mark_down
2023-11-15T02:27:58.307 INFO:teuthology.orchestra.run.smithi003.stderr:/usr/bin/ceph:
2023-11-15T02:27:58.304+0000 7f8826ecc700 1 --2- 172.21.15.3:0/3098412503 >> [v2:172.21.15.3:6800/1923190297,v1:172.21.15.3:6801/1923190297] conn(0x7f880402fdb0 0x7f8804032270 secure :-1 s=READY pgs=14 cs=0 l=1 rev1=1 rx=0x7f880c0096a0 tx=0x7f880c006b40).stop
2023-11-15T02:27:58.307 INFO:teuthology.orchestra.run.smithi003.stderr:/usr/bin/ceph:
2023-11-15T02:27:58.304+0000 7f8826ecc700 1 -- 172.21.15.3:0/3098412503 >> [v2:172.21.15.3:3300/0,v1:172.21.15.3:6789/0] conn(0x7f88200fab80 msgr2=0x7f882010cbe0 secure :-1 s=STATE_CONNECTION_ESTABLISHED l=1).mark_down
2023-11-15T02:27:58.307 INFO:teuthology.orchestra.run.smithi003.stderr:/usr/bin/ceph:
2023-11-15T02:27:58.305+0000 7f8826ecc700 1 --2- 172.21.15.3:0/3098412503 >> [v2:172.21.15.3:3300/0,v1:172.21.15.3:6789/0] conn(0x7f88200fab80 0x7f882010cbe0 secure :-1 s=READY pgs=48 cs=0 l=1 rev1=1 rx=0x7f881400b1d0 tx=0x7f8814006ee0).stop
2023-11-15T02:27:58.308 INFO:teuthology.orchestra.run.smithi003.stderr:/usr/bin/ceph:
2023-11-15T02:27:58.305+0000 7f8826ecc700 1 -- 172.21.15.3:0/3098412503 shutdown_connections
2023-11-15T02:27:58.308 INFO:teuthology.orchestra.run.smithi003.stderr:/usr/bin/ceph:
2023-11-15T02:27:58.305+0000 7f8826ecc700 1 --2- 172.21.15.3:0/3098412503 >> [v2:172.21.15.3:6800/1923190297,v1:172.21.15.3:6801/1923190297] conn(0x7f880402fdb0 0x7f8804032270 unknown :-1 s=CLOSED pgs=14 cs=0 l=1 rev1=1 rx=0 tx=0).stop
2023-11-15T02:27:58.308 INFO:teuthology.orchestra.run.smithi003.stderr:/usr/bin/ceph:
2023-11-15T02:27:58.305+0000 7f8826ecc700 1 --2- 172.21.15.3:0/3098412503 >> [v2:172.21.15.3:3300/0,v1:172.21.15.3:6789/0] conn(0x7f88200fab80 0x7f882010cbe0 unknown :-1 s=CLOSED pgs=48 cs=0 l=1 rev1=1 rx=0 tx=0).stop
2023-11-15T02:27:58.309 INFO:teuthology.orchestra.run.smithi003.stderr:/usr/bin/ceph:
2023-11-15T02:27:58.305+0000 7f8826ecc700 1 -- 172.21.15.3:0/3098412503 >> 172.21.15.3:0/3098412503 conn(0x7f88200f63c0 msgr2=0x7f8820070050 unknown :-1 s=STATE_NONE l=0).mark_down
2023-11-15T02:27:58.309 INFO:teuthology.orchestra.run.smithi003.stderr:/usr/bin/ceph:
2023-11-15T02:27:58.306+0000 7f8826ecc700 1 -- 172.21.15.3:0/3098412503 shutdown_connections
2023-11-15T02:27:58.309 INFO:teuthology.orchestra.run.smithi003.stderr:/usr/bin/ceph:
2023-11-15T02:27:58.306+0000 7f8826ecc700 1 -- 172.21.15.3:0/3098412503 wait complete.
2023-11-15T02:27:58.670 INFO:teuthology.orchestra.run.smithi003.stderr:Deploying prometheus service with default placement...
2023-11-15T02:27:58.670 INFO:teuthology.orchestra.run.smithi003.stderr:Running command: /bin/podman run --rm --ipc=host --no-hosts --net=host --entrypoint /usr/bin/ceph --init -e CONTAINER_IMAGE=docker.io/ceph/ceph:v16.2.4 -e NODE_NAME=smithi003 -e CEPH_USE_RANDOM_NONCE=1 -v /var/log/ceph/6e3dab36-835e-11ee-8dbe-212e2dc638e7:/var/log/ceph:z -v /tmp/ceph-tmph9c9_y1v:/etc/ceph/ceph.client.admin.keyring:z -v /tmp/ceph-tmpm57q3dhf:/etc/ceph/ceph.conf:z docker.io/ceph/ceph:v16.2.4 orch apply prometheus
2023-11-15T02:27:58.672 INFO:journalctl@ceph.mon.smithi003.smithi003.stdout:Nov 15 02:27:58 smithi003 ceph-6e3dab36-835e-11ee-8dbe-212e2dc638e7-mon.smithi003[112404]: audit
2023-11-15T02:27:57.314622+0000 mon.smithi003 (mon.0) 60 : audit [INF] from='client.? 172.21.15.3:0/3098412503' entity='client.admin' cmd=[{"prefix": "mgr module enable", "module": "prometheus"}]: dispatch
2023-11-15T02:27:59.072 INFO:teuthology.orchestra.run.smithi003.stderr:/usr/bin/ceph:
2023-11-15T02:27:59.068+0000 7fccf6e73700 1 Processor -- start
2023-11-15T02:27:59.072 INFO:teuthology.orchestra.run.smithi003.stderr:/usr/bin/ceph:
2023-11-15T02:27:59.068+0000 7fccf6e73700 1 -- start start
2023-11-15T02:27:59.072 INFO:teuthology.orchestra.run.smithi003.stderr:/usr/bin/ceph:
2023-11-15T02:27:59.068+0000 7fccf6e73700 1 --2- >> [v2:172.21.15.3:3300/0,v1:172.21.15.3:6789/0] conn(0x7fccf0072490 0x7fccf0070a30 unknown :-1 s=NONE pgs=0 cs=0 l=0 rev1=0 rx=0 tx=0).connect
2023-11-15T02:27:59.072 INFO:teuthology.orchestra.run.smithi003.stderr:/usr/bin/ceph:
2023-11-15T02:27:59.068+0000 7fccf6e73700 1 -- --> [v2:172.21.15.3:3300/0,v1:172.21.15.3:6789/0] -- mon_getmap magic: 0 v1 -- 0x7fccf00728b0 con 0x7fccf0072490
2023-11-15T02:27:59.073 INFO:teuthology.orchestra.run.smithi003.stderr:/usr/bin/ceph:
2023-11-15T02:27:59.069+0000 7fccf4c0f700 1 --2- >> [v2:172.21.15.3:3300/0,v1:172.21.15.3:6789/0] conn(0x7fccf0072490 0x7fccf0070a30 unknown :-1 s=BANNER_CONNECTING pgs=0 cs=0 l=0 rev1=0 rx=0 tx=0)._handle_peer_banner_payload supported=1 required=0
2023-11-15T02:27:59.073 INFO:teuthology.orchestra.run.smithi003.stderr:/usr/bin/ceph:
2023-11-15T02:27:59.069+0000 7fccf4c0f700 1 --2- >> [v2:172.21.15.3:3300/0,v1:172.21.15.3:6789/0] conn(0x7fccf0072490 0x7fccf0070a30 unknown :-1 s=HELLO_CONNECTING pgs=0 cs=0 l=0 rev1=1 rx=0 tx=0).handle_hello peer v2:172.21.15.3:3300/0 says I am v2:172.21.15.3:54738/0 (socket says 172.21.15.3:54738)
2023-11-15T02:27:59.073 INFO:teuthology.orchestra.run.smithi003.stderr:/usr/bin/ceph:
2023-11-15T02:27:59.069+0000 7fccf4c0f700 1 -- 172.21.15.3:0/658857561 learned_addr learned my addr 172.21.15.3:0/658857561 (peer_addr_for_me v2:172.21.15.3:0/0)
2023-11-15T02:27:59.073 INFO:teuthology.orchestra.run.smithi003.stderr:/usr/bin/ceph:
2023-11-15T02:27:59.069+0000 7fccf4c0f700 1 -- 172.21.15.3:0/658857561 --> [v2:172.21.15.3:3300/0,v1:172.21.15.3:6789/0] -- mon_subscribe({config=0+,monmap=0+}) v3 -- 0x7fccf0070f20 con 0x7fccf0072490
2023-11-15T02:27:59.073 INFO:teuthology.orchestra.run.smithi003.stderr:/usr/bin/ceph:
2023-11-15T02:27:59.069+0000 7fccf4c0f700 1 --2- 172.21.15.3:0/658857561 >> [v2:172.21.15.3:3300/0,v1:172.21.15.3:6789/0] conn(0x7fccf0072490 0x7fccf0070a30 secure :-1 s=READY pgs=51 cs=0 l=1 rev1=1 rx=0x7fcce400b5f0 tx=0x7fcce4006ee0).ready entity=mon.0 client_cookie=76e93aa4b86f24ea server_cookie=0 in_seq=0 out_seq=0
2023-11-15T02:27:59.074 INFO:teuthology.orchestra.run.smithi003.stderr:/usr/bin/ceph:
2023-11-15T02:27:59.069+0000 7fccef7fe700 1 -- 172.21.15.3:0/658857561 <== mon.0 v2:172.21.15.3:3300/0 1 ==== mon_map magic: 0 v1 ==== 229+0+0 (secure 0 0 0) 0x7fcce400d600 con 0x7fccf0072490
2023-11-15T02:27:59.074 INFO:teuthology.orchestra.run.smithi003.stderr:/usr/bin/ceph:
2023-11-15T02:27:59.069+0000 7fccef7fe700 1 -- 172.21.15.3:0/658857561 <== mon.0 v2:172.21.15.3:3300/0 2 ==== config(25 keys) v1 ==== 1010+0+0 (secure 0 0 0) 0x7fcce400dbd0 con 0x7fccf0072490
2023-11-15T02:27:59.074 INFO:teuthology.orchestra.run.smithi003.stderr:/usr/bin/ceph:
2023-11-15T02:27:59.069+0000 7fccef7fe700 1 -- 172.21.15.3:0/658857561 <== mon.0 v2:172.21.15.3:3300/0 3 ==== mon_map magic: 0 v1 ==== 229+0+0 (secure 0 0 0) 0x7fcce4011c00 con 0x7fccf0072490
2023-11-15T02:27:59.074 INFO:teuthology.orchestra.run.smithi003.stderr:/usr/bin/ceph:
2023-11-15T02:27:59.070+0000 7fccf6e73700 1 -- 172.21.15.3:0/658857561 >> [v2:172.21.15.3:3300/0,v1:172.21.15.3:6789/0] conn(0x7fccf0072490 msgr2=0x7fccf0070a30 secure :-1 s=STATE_CONNECTION_ESTABLISHED l=1).mark_down
2023-11-15T02:27:59.074 INFO:teuthology.orchestra.run.smithi003.stderr:/usr/bin/ceph:
2023-11-15T02:27:59.070+0000 7fccf6e73700 1 --2- 172.21.15.3:0/658857561 >> [v2:172.21.15.3:3300/0,v1:172.21.15.3:6789/0] conn(0x7fccf0072490 0x7fccf0070a30 secure :-1 s=READY pgs=51 cs=0 l=1 rev1=1 rx=0x7fcce400b5f0 tx=0x7fcce4006ee0).stop
2023-11-15T02:27:59.077 INFO:teuthology.orchestra.run.smithi003.stderr:/usr/bin/ceph:
2023-11-15T02:27:59.071+0000 7fccf6e73700 1 -- 172.21.15.3:0/658857561 shutdown_connections
2023-11-15T02:27:59.077 INFO:teuthology.orchestra.run.smithi003.stderr:/usr/bin/ceph:
2023-11-15T02:27:59.071+0000 7fccf6e73700 1 --2- 172.21.15.3:0/658857561 >> [v2:172.21.15.3:3300/0,v1:172.21.15.3:6789/0] conn(0x7fccf0072490 0x7fccf0070a30 unknown :-1 s=CLOSED pgs=51 cs=0 l=1 rev1=1 rx=0 tx=0).stop
2023-11-15T02:27:59.077 INFO:teuthology.orchestra.run.smithi003.stderr:/usr/bin/ceph:
2023-11-15T02:27:59.071+0000 7fccf6e73700 1 -- 172.21.15.3:0/658857561 >> 172.21.15.3:0/658857561 conn(0x7fccf00f74c0 msgr2=0x7fccf00f98e0 unknown :-1 s=STATE_NONE l=0).mark_down
2023-11-15T02:27:59.078 INFO:teuthology.orchestra.run.smithi003.stderr:/usr/bin/ceph:
2023-11-15T02:27:59.071+0000 7fccf6e73700 1 -- 172.21.15.3:0/658857561 shutdown_connections
2023-11-15T02:27:59.078 INFO:teuthology.orchestra.run.smithi003.stderr:/usr/bin/ceph:
2023-11-15T02:27:59.071+0000 7fccf6e73700 1 -- 172.21.15.3:0/658857561 wait complete.
2023-11-15T02:27:59.078 INFO:teuthology.orchestra.run.smithi003.stderr:/usr/bin/ceph:
2023-11-15T02:27:59.071+0000 7fccf6e73700 1 Processor -- start
2023-11-15T02:27:59.078 INFO:teuthology.orchestra.run.smithi003.stderr:/usr/bin/ceph:
2023-11-15T02:27:59.072+0000 7fccf6e73700 1 -- start start
2023-11-15T02:27:59.078 INFO:teuthology.orchestra.run.smithi003.stderr:/usr/bin/ceph:
2023-11-15T02:27:59.072+0000 7fccf6e73700 1 --2- >> [v2:172.21.15.3:3300/0,v1:172.21.15.3:6789/0] conn(0x7fccf0072490 0x7fccf010cd60 unknown :-1 s=NONE pgs=0 cs=0 l=1 rev1=0 rx=0 tx=0).connect
2023-11-15T02:27:59.079 INFO:teuthology.orchestra.run.smithi003.stderr:/usr/bin/ceph:
2023-11-15T02:27:59.072+0000 7fccf6e73700 1 -- --> [v2:172.21.15.3:3300/0,v1:172.21.15.3:6789/0] -- mon_getmap magic: 0 v1 -- 0x7fccf010d250 con 0x7fccf0072490
2023-11-15T02:27:59.079 INFO:teuthology.orchestra.run.smithi003.stderr:/usr/bin/ceph:
2023-11-15T02:27:59.072+0000 7fccf4c0f700 1 --2- >> [v2:172.21.15.3:3300/0,v1:172.21.15.3:6789/0] conn(0x7fccf0072490 0x7fccf010cd60 unknown :-1 s=BANNER_CONNECTING pgs=0 cs=0 l=1 rev1=0 rx=0 tx=0)._handle_peer_banner_payload supported=1 required=0
2023-11-15T02:27:59.079 INFO:teuthology.orchestra.run.smithi003.stderr:/usr/bin/ceph:
2023-11-15T02:27:59.072+0000 7fccf4c0f700 1 --2- >> [v2:172.21.15.3:3300/0,v1:172.21.15.3:6789/0] conn(0x7fccf0072490 0x7fccf010cd60 unknown :-1 s=HELLO_CONNECTING pgs=0 cs=0 l=1 rev1=1 rx=0 tx=0).handle_hello peer v2:172.21.15.3:3300/0 says I am v2:172.21.15.3:54744/0 (socket says 172.21.15.3:54744)
2023-11-15T02:27:59.079 INFO:teuthology.orchestra.run.smithi003.stderr:/usr/bin/ceph:
2023-11-15T02:27:59.072+0000 7fccf4c0f700 1 -- 172.21.15.3:0/3993440962 learned_addr learned my addr 172.21.15.3:0/3993440962 (peer_addr_for_me v2:172.21.15.3:0/0)
2023-11-15T02:27:59.079 INFO:teuthology.orchestra.run.smithi003.stderr:/usr/bin/ceph:
2023-11-15T02:27:59.073+0000 7fccf4c0f700 1 -- 172.21.15.3:0/3993440962 --> [v2:172.21.15.3:3300/0,v1:172.21.15.3:6789/0] -- mon_subscribe({config=0+,monmap=0+}) v3 -- 0x7fcce400b200 con 0x7fccf0072490
2023-11-15T02:27:59.080 INFO:teuthology.orchestra.run.smithi003.stderr:/usr/bin/ceph:
2023-11-15T02:27:59.073+0000 7fccf4c0f700 1 --2- 172.21.15.3:0/3993440962 >> [v2:172.21.15.3:3300/0,v1:172.21.15.3:6789/0] conn(0x7fccf0072490 0x7fccf010cd60 secure :-1 s=READY pgs=52 cs=0 l=1 rev1=1 rx=0x7fcce4006c70 tx=0x7fcce4006ee0).ready entity=mon.0 client_cookie=0 server_cookie=0 in_seq=0 out_seq=0
2023-11-15T02:27:59.080 INFO:teuthology.orchestra.run.smithi003.stderr:/usr/bin/ceph:
2023-11-15T02:27:59.073+0000 7fcced7fa700 1 -- 172.21.15.3:0/3993440962 <== mon.0 v2:172.21.15.3:3300/0 1 ==== mon_map magic: 0 v1 ==== 229+0+0 (secure 0 0 0) 0x7fcce400da30 con 0x7fccf0072490
2023-11-15T02:27:59.080 INFO:teuthology.orchestra.run.smithi003.stderr:/usr/bin/ceph:
2023-11-15T02:27:59.073+0000 7fcced7fa700 1 -- 172.21.15.3:0/3993440962 <== mon.0 v2:172.21.15.3:3300/0 2 ==== config(25 keys) v1 ==== 1010+0+0 (secure 0 0 0) 0x7fcce4011690 con 0x7fccf0072490
2023-11-15T02:27:59.080 INFO:teuthology.orchestra.run.smithi003.stderr:/usr/bin/ceph:
2023-11-15T02:27:59.073+0000 7fccf6e73700 1 -- 172.21.15.3:0/3993440962 --> [v2:172.21.15.3:3300/0,v1:172.21.15.3:6789/0] -- mon_subscribe({mgrmap=0+}) v3 -- 0x7fccf010d450 con 0x7fccf0072490
2023-11-15T02:27:59.080 INFO:teuthology.orchestra.run.smithi003.stderr:/usr/bin/ceph:
2023-11-15T02:27:59.073+0000 7fcced7fa700 1 -- 172.21.15.3:0/3993440962 <== mon.0 v2:172.21.15.3:3300/0 3 ==== mon_map magic: 0 v1 ==== 229+0+0 (secure 0 0 0) 0x7fcce401b7b0 con 0x7fccf0072490
2023-11-15T02:27:59.081 INFO:teuthology.orchestra.run.smithi003.stderr:/usr/bin/ceph:
2023-11-15T02:27:59.073+0000 7fccf6e73700 1 -- 172.21.15.3:0/3993440962 --> [v2:172.21.15.3:3300/0,v1:172.21.15.3:6789/0] -- mon_subscribe({osdmap=0}) v3 -- 0x7fccf010d860 con 0x7fccf0072490
2023-11-15T02:27:59.081 INFO:teuthology.orchestra.run.smithi003.stderr:/usr/bin/ceph:
2023-11-15T02:27:59.074+0000 7fcced7fa700 1 -- 172.21.15.3:0/3993440962 <== mon.0 v2:172.21.15.3:3300/0 4 ==== mgrmap(e 9) v1 ==== 36134+0+0 (secure 0 0 0) 0x7fcce400f070 con 0x7fccf0072490
2023-11-15T02:27:59.081 INFO:teuthology.orchestra.run.smithi003.stderr:/usr/bin/ceph:
2023-11-15T02:27:59.074+0000 7fcced7fa700 1 --2- 172.21.15.3:0/3993440962 >> [v2:172.21.15.3:6800/1923190297,v1:172.21.15.3:6801/1923190297] conn(0x7fccd402fdb0 0x7fccd4032270 unknown :-1 s=NONE pgs=0 cs=0 l=1 rev1=0 rx=0 tx=0).connect
2023-11-15T02:27:59.081 INFO:teuthology.orchestra.run.smithi003.stderr:/usr/bin/ceph:
2023-11-15T02:27:59.074+0000 7fcced7fa700 1 -- 172.21.15.3:0/3993440962 <== mon.0 v2:172.21.15.3:3300/0 5 ==== osd_map(2..2 src has 1..2) v4 ==== 926+0+0 (secure 0 0 0) 0x7fcce4041160 con 0x7fccf0072490
2023-11-15T02:27:59.081 INFO:teuthology.orchestra.run.smithi003.stderr:/usr/bin/ceph:
2023-11-15T02:27:59.074+0000 7fcceffff700 1 -- 172.21.15.3:0/3993440962 >> [v2:172.21.15.3:6800/1923190297,v1:172.21.15.3:6801/1923190297] conn(0x7fccd402fdb0 msgr2=0x7fccd4032270 unknown :-1 s=STATE_CONNECTING_RE l=1).process reconnect failed to v2:172.21.15.3:6800/1923190297
2023-11-15T02:27:59.082 INFO:teuthology.orchestra.run.smithi003.stderr:/usr/bin/ceph:
2023-11-15T02:27:59.074+0000 7fcceffff700 1 --2- 172.21.15.3:0/3993440962 >> [v2:172.21.15.3:6800/1923190297,v1:172.21.15.3:6801/1923190297] conn(0x7fccd402fdb0 0x7fccd4032270 unknown :-1 s=START_CONNECT pgs=0 cs=0 l=1 rev1=0 rx=0 tx=0)._fault waiting 0.200000
2023-11-15T02:27:59.082 INFO:teuthology.orchestra.run.smithi003.stderr:/usr/bin/ceph:
2023-11-15T02:27:59.074+0000 7fccf6e73700 1 -- 172.21.15.3:0/3993440962 --> [v2:172.21.15.3:3300/0,v1:172.21.15.3:6789/0] -- mon_command({"prefix": "get_command_descriptions"} v 0) v1 -- 0x7fccf0045ad0 con 0x7fccf0072490
2023-11-15T02:27:59.084 INFO:teuthology.orchestra.run.smithi003.stderr:/usr/bin/ceph:
2023-11-15T02:27:59.083+0000 7fcced7fa700 1 -- 172.21.15.3:0/3993440962 <== mon.0 v2:172.21.15.3:3300/0 6 ==== mon_command_ack([{"prefix": "get_command_descriptions"}]=0 v0) v1 ==== 72+0+152212 (secure 0 0 0) 0x7fcce4016070 con 0x7fccf0072490
2023-11-15T02:27:59.276 INFO:teuthology.orchestra.run.smithi003.stderr:/usr/bin/ceph:
2023-11-15T02:27:59.275+0000 7fcceffff700 1 -- 172.21.15.3:0/3993440962 >> [v2:172.21.15.3:6800/1923190297,v1:172.21.15.3:6801/1923190297] conn(0x7fccd402fdb0 msgr2=0x7fccd4032270 unknown :-1 s=STATE_CONNECTING_RE l=1).process reconnect failed to v2:172.21.15.3:6800/1923190297
2023-11-15T02:27:59.277 INFO:teuthology.orchestra.run.smithi003.stderr:/usr/bin/ceph:
2023-11-15T02:27:59.275+0000 7fcceffff700 1 --2- 172.21.15.3:0/3993440962 >> [v2:172.21.15.3:6800/1923190297,v1:172.21.15.3:6801/1923190297] conn(0x7fccd402fdb0 0x7fccd4032270 unknown :-1 s=START_CONNECT pgs=0 cs=0 l=1 rev1=0 rx=0 tx=0)._fault waiting 0.400000
2023-11-15T02:27:59.281 INFO:teuthology.orchestra.run.smithi003.stderr:/usr/bin/ceph:
2023-11-15T02:27:59.279+0000 7fccf6e73700 1 -- 172.21.15.3:0/3993440962 --> [v2:172.21.15.3:6800/1923190297,v1:172.21.15.3:6801/1923190297] -- mgr_command(tid 0: {"prefix": "orch apply", "service_type": "prometheus", "target": ["mon-mgr", ""]}) v1 -- 0x7fccf00008d0 con 0x7fccd402fdb0
2023-11-15T02:27:59.678 INFO:teuthology.orchestra.run.smithi003.stderr:/usr/bin/ceph:
2023-11-15T02:27:59.676+0000 7fcceffff700 1 -- 172.21.15.3:0/3993440962 >> [v2:172.21.15.3:6800/1923190297,v1:172.21.15.3:6801/1923190297] conn(0x7fccd402fdb0 msgr2=0x7fccd4032270 unknown :-1 s=STATE_CONNECTING_RE l=1).process reconnect failed to v2:172.21.15.3:6800/1923190297
2023-11-15T02:27:59.679 INFO:teuthology.orchestra.run.smithi003.stderr:/usr/bin/ceph:
2023-11-15T02:27:59.676+0000 7fcceffff700 1 --2- 172.21.15.3:0/3993440962 >> [v2:172.21.15.3:6800/1923190297,v1:172.21.15.3:6801/1923190297] conn(0x7fccd402fdb0 0x7fccd4032270 unknown :-1 s=START_CONNECT pgs=0 cs=0 l=1 rev1=0 rx=0 tx=0)._fault waiting 0.800000
2023-11-15T02:27:59.791 INFO:journalctl@ceph.mon.smithi003.smithi003.stdout:Nov 15 02:27:59 smithi003 ceph-6e3dab36-835e-11ee-8dbe-212e2dc638e7-mon.smithi003[112404]: audit
2023-11-15T02:27:58.303927+0000 mon.smithi003 (mon.0) 61 : audit [INF] from='client.? 172.21.15.3:0/3098412503' entity='client.admin' cmd='[{"prefix": "mgr module enable", "module": "prometheus"}]': finished
2023-11-15T02:27:59.792 INFO:journalctl@ceph.mon.smithi003.smithi003.stdout:Nov 15 02:27:59 smithi003 ceph-6e3dab36-835e-11ee-8dbe-212e2dc638e7-mon.smithi003[112404]: cluster
2023-11-15T02:27:58.303983+0000 mon.smithi003 (mon.0) 62 : cluster [DBG] mgrmap e9: smithi003.wnuvlq(active, since 19s)
2023-11-15T02:28:00.479 INFO:teuthology.orchestra.run.smithi003.stderr:/usr/bin/ceph:
2023-11-15T02:28:00.477+0000 7fcceffff700 1 -- 172.21.15.3:0/3993440962 >> [v2:172.21.15.3:6800/1923190297,v1:172.21.15.3:6801/1923190297] conn(0x7fccd402fdb0 msgr2=0x7fccd4032270 unknown :-1 s=STATE_CONNECTING_RE l=1).process reconnect failed to v2:172.21.15.3:6800/1923190297
2023-11-15T02:28:00.479 INFO:teuthology.orchestra.run.smithi003.stderr:/usr/bin/ceph:
2023-11-15T02:28:00.477+0000 7fcceffff700 1 --2- 172.21.15.3:0/3993440962 >> [v2:172.21.15.3:6800/1923190297,v1:172.21.15.3:6801/1923190297] conn(0x7fccd402fdb0 0x7fccd4032270 unknown :-1 s=START_CONNECT pgs=0 cs=0 l=1 rev1=0 rx=0 tx=0)._fault waiting 1.600000
2023-11-15T02:28:02.080 INFO:teuthology.orchestra.run.smithi003.stderr:/usr/bin/ceph:
2023-11-15T02:28:02.078+0000 7fcceffff700 1 -- 172.21.15.3:0/3993440962 >> [v2:172.21.15.3:6800/1923190297,v1:172.21.15.3:6801/1923190297] conn(0x7fccd402fdb0 msgr2=0x7fccd4032270 unknown :-1 s=STATE_CONNECTING_RE l=1).process reconnect failed to v2:172.21.15.3:6800/1923190297
2023-11-15T02:28:02.080 INFO:teuthology.orchestra.run.smithi003.stderr:/usr/bin/ceph:
2023-11-15T02:28:02.078+0000 7fcceffff700 1 --2- 172.21.15.3:0/3993440962 >> [v2:172.21.15.3:6800/1923190297,v1:172.21.15.3:6801/1923190297] conn(0x7fccd402fdb0 0x7fccd4032270 unknown :-1 s=START_CONNECT pgs=0 cs=0 l=1 rev1=0 rx=0 tx=0)._fault waiting 3.200000
2023-11-15T02:28:03.971 INFO:teuthology.orchestra.run.smithi003.stderr:/usr/bin/ceph:
2023-11-15T02:28:03.969+0000 7fcced7fa700 1 -- 172.21.15.3:0/3993440962 <== mon.0 v2:172.21.15.3:3300/0 7 ==== mgrmap(e 10) v1 ==== 35984+0+0 (secure 0 0 0) 0x7fcce401b910 con 0x7fccf0072490
2023-11-15T02:28:03.972 INFO:teuthology.orchestra.run.smithi003.stderr:/usr/bin/ceph:
2023-11-15T02:28:03.969+0000 7fcced7fa700 1 -- 172.21.15.3:0/3993440962 >> [v2:172.21.15.3:6800/1923190297,v1:172.21.15.3:6801/1923190297] conn(0x7fccd402fdb0 msgr2=0x7fccd4032270 unknown :-1 s=STATE_CONNECTING l=1).mark_down
2023-11-15T02:28:03.972 INFO:teuthology.orchestra.run.smithi003.stderr:/usr/bin/ceph:
2023-11-15T02:28:03.969+0000 7fcced7fa700 1 --2- 172.21.15.3:0/3993440962 >> [v2:172.21.15.3:6800/1923190297,v1:172.21.15.3:6801/1923190297] conn(0x7fccd402fdb0 0x7fccd4032270 unknown :-1 s=START_CONNECT pgs=0 cs=0 l=1 rev1=0 rx=0 tx=0).stop
2023-11-15T02:28:04.223 INFO:journalctl@ceph.mon.smithi003.smithi003.stdout:Nov 15 02:28:03 smithi003 ceph-6e3dab36-835e-11ee-8dbe-212e2dc638e7-mon.smithi003[112404]: cluster
2023-11-15T02:28:03.918520+0000 mon.smithi003 (mon.0) 63 : cluster [INF] Active manager daemon smithi003.wnuvlq restarted
2023-11-15T02:28:04.224 INFO:journalctl@ceph.mon.smithi003.smithi003.stdout:Nov 15 02:28:03 smithi003 ceph-6e3dab36-835e-11ee-8dbe-212e2dc638e7-mon.smithi003[112404]: cluster
2023-11-15T02:28:03.918978+0000 mon.smithi003 (mon.0) 64 : cluster [INF] Activating manager daemon smithi003.wnuvlq
2023-11-15T02:28:04.224 INFO:journalctl@ceph.mon.smithi003.smithi003.stdout:Nov 15 02:28:03 smithi003 ceph-6e3dab36-835e-11ee-8dbe-212e2dc638e7-mon.smithi003[112404]: cluster
2023-11-15T02:28:03.920883+0000 mon.smithi003 (mon.0) 65 : cluster [DBG] osdmap e3: 0 total, 0 up, 0 in
2023-11-15T02:28:04.979 INFO:teuthology.orchestra.run.smithi003.stderr:/usr/bin/ceph:
2023-11-15T02:28:04.976+0000 7fcced7fa700 1 -- 172.21.15.3:0/3993440962 <== mon.0 v2:172.21.15.3:3300/0 8 ==== mgrmap(e 11) v1 ==== 36054+0+0 (secure 0 0 0) 0x7fcce401ab80 con 0x7fccf0072490
2023-11-15T02:28:04.979 INFO:teuthology.orchestra.run.smithi003.stderr:/usr/bin/ceph:
2023-11-15T02:28:04.976+0000 7fcced7fa700 1 --2- 172.21.15.3:0/3993440962 >> [v2:172.21.15.3:6800/3757385490,v1:172.21.15.3:6801/3757385490] conn(0x7fccd4033c20 0x7fccd4036010 unknown :-1 s=NONE pgs=0 cs=0 l=1 rev1=0 rx=0 tx=0).connect
2023-11-15T02:28:04.980 INFO:teuthology.orchestra.run.smithi003.stderr:/usr/bin/ceph:
2023-11-15T02:28:04.976+0000 7fcced7fa700 1 -- 172.21.15.3:0/3993440962 --> [v2:172.21.15.3:6800/3757385490,v1:172.21.15.3:6801/3757385490] -- mgr_command(tid 0: {"prefix": "orch apply", "service_type": "prometheus", "target": ["mon-mgr", ""]}) v1 -- 0x7fccf00008d0 con 0x7fccd4033c20
2023-11-15T02:28:04.980 INFO:teuthology.orchestra.run.smithi003.stderr:/usr/bin/ceph:
2023-11-15T02:28:04.977+0000 7fcceffff700 1 --2- 172.21.15.3:0/3993440962 >> [v2:172.21.15.3:6800/3757385490,v1:172.21.15.3:6801/3757385490] conn(0x7fccd4033c20 0x7fccd4036010 unknown :-1 s=BANNER_CONNECTING pgs=0 cs=0 l=1 rev1=0 rx=0 tx=0)._handle_peer_banner_payload supported=1 required=0
2023-11-15T02:28:04.980 INFO:teuthology.orchestra.run.smithi003.stderr:/usr/bin/ceph:
2023-11-15T02:28:04.978+0000 7fcceffff700 1 --2- 172.21.15.3:0/3993440962 >> [v2:172.21.15.3:6800/3757385490,v1:172.21.15.3:6801/3757385490] conn(0x7fccd4033c20 0x7fccd4036010 secure :-1 s=READY pgs=4 cs=0 l=1 rev1=1 rx=0x7fccdc0036d0 tx=0x7fccdc006cb0).ready entity=mgr.14144 client_cookie=0 server_cookie=0 in_seq=0 out_seq=0
2023-11-15T02:28:04.985 INFO:teuthology.orchestra.run.smithi003.stderr:/usr/bin/ceph:
2023-11-15T02:28:04.984+0000 7fcced7fa700 1 -- 172.21.15.3:0/3993440962 <== mgr.14144 v2:172.21.15.3:6800/3757385490 1 ==== mgr_command_reply(tid 0: 0 ) v1 ==== 8+0+31 (secure 0 0 0) 0x7fccf00008d0 con 0x7fccd4033c20
2023-11-15T02:28:04.986 INFO:teuthology.orchestra.run.smithi003.stderr:/usr/bin/ceph: Scheduled prometheus update...
2023-11-15T02:28:04.988 INFO:teuthology.orchestra.run.smithi003.stderr:/usr/bin/ceph:
2023-11-15T02:28:04.986+0000 7fccf6e73700 1 -- 172.21.15.3:0/3993440962 >> [v2:172.21.15.3:6800/3757385490,v1:172.21.15.3:6801/3757385490] conn(0x7fccd4033c20 msgr2=0x7fccd4036010 secure :-1 s=STATE_CONNECTION_ESTABLISHED l=1).mark_down
2023-11-15T02:28:04.988 INFO:teuthology.orchestra.run.smithi003.stderr:/usr/bin/ceph:
2023-11-15T02:28:04.986+0000 7fccf6e73700 1 --2- 172.21.15.3:0/3993440962 >> [v2:172.21.15.3:6800/3757385490,v1:172.21.15.3:6801/3757385490] conn(0x7fccd4033c20 0x7fccd4036010 secure :-1 s=READY pgs=4 cs=0 l=1 rev1=1 rx=0x7fccdc0036d0 tx=0x7fccdc006cb0).stop
2023-11-15T02:28:04.988 INFO:teuthology.orchestra.run.smithi003.stderr:/usr/bin/ceph:
2023-11-15T02:28:04.986+0000 7fccf6e73700 1 -- 172.21.15.3:0/3993440962 >> [v2:172.21.15.3:3300/0,v1:172.21.15.3:6789/0] conn(0x7fccf0072490 msgr2=0x7fccf010cd60 secure :-1 s=STATE_CONNECTION_ESTABLISHED l=1).mark_down
2023-11-15T02:28:04.989 INFO:teuthology.orchestra.run.smithi003.stderr:/usr/bin/ceph:
2023-11-15T02:28:04.986+0000 7fccf6e73700 1 --2- 172.21.15.3:0/3993440962 >> [v2:172.21.15.3:3300/0,v1:172.21.15.3:6789/0] conn(0x7fccf0072490 0x7fccf010cd60 secure :-1 s=READY pgs=52 cs=0 l=1 rev1=1 rx=0x7fcce4006c70 tx=0x7fcce4006ee0).stop
2023-11-15T02:28:04.990 INFO:teuthology.orchestra.run.smithi003.stderr:/usr/bin/ceph:
2023-11-15T02:28:04.986+0000 7fccf6e73700 1 -- 172.21.15.3:0/3993440962 shutdown_connections
2023-11-15T02:28:04.990 INFO:teuthology.orchestra.run.smithi003.stderr:/usr/bin/ceph:
2023-11-15T02:28:04.986+0000 7fccf6e73700 1 --2- 172.21.15.3:0/3993440962 >> [v2:172.21.15.3:6800/3757385490,v1:172.21.15.3:6801/3757385490] conn(0x7fccd4033c20 0x7fccd4036010 unknown :-1 s=CLOSED pgs=4 cs=0 l=1 rev1=1 rx=0 tx=0).stop
2023-11-15T02:28:04.990 INFO:teuthology.orchestra.run.smithi003.stderr:/usr/bin/ceph:
2023-11-15T02:28:04.986+0000 7fccf6e73700 1 --2- 172.21.15.3:0/3993440962 >> [v2:172.21.15.3:3300/0,v1:172.21.15.3:6789/0] conn(0x7fccf0072490 0x7fccf010cd60 unknown :-1 s=CLOSED pgs=52 cs=0 l=1 rev1=1 rx=0 tx=0).stop
2023-11-15T02:28:04.990 INFO:teuthology.orchestra.run.smithi003.stderr:/usr/bin/ceph:
2023-11-15T02:28:04.986+0000 7fccf6e73700 1 --2- 172.21.15.3:0/3993440962 >> [v2:172.21.15.3:6800/1923190297,v1:172.21.15.3:6801/1923190297] conn(0x7fccd402fdb0 0x7fccd4032270 unknown :-1 s=CLOSED pgs=0 cs=0 l=1 rev1=0 rx=0 tx=0).stop
2023-11-15T02:28:04.991 INFO:teuthology.orchestra.run.smithi003.stderr:/usr/bin/ceph:
2023-11-15T02:28:04.986+0000 7fccf6e73700 1 -- 172.21.15.3:0/3993440962 >> 172.21.15.3:0/3993440962 conn(0x7fccf00f74c0 msgr2=0x7fccf00f9080 unknown :-1 s=STATE_NONE l=0).mark_down
2023-11-15T02:28:04.991 INFO:teuthology.orchestra.run.smithi003.stderr:/usr/bin/ceph:
2023-11-15T02:28:04.986+0000 7fccf6e73700 1 -- 172.21.15.3:0/3993440962 shutdown_connections
2023-11-15T02:28:04.991 INFO:teuthology.orchestra.run.smithi003.stderr:/usr/bin/ceph:
2023-11-15T02:28:04.986+0000 7fccf6e73700 1 -- 172.21.15.3:0/3993440962 wait complete.
2023-11-15T02:28:05.292 INFO:journalctl@ceph.mon.smithi003.smithi003.stdout:Nov 15 02:28:04 smithi003 ceph-6e3dab36-835e-11ee-8dbe-212e2dc638e7-mon.smithi003[112404]: cluster
2023-11-15T02:28:03.972218+0000 mon.smithi003 (mon.0) 66 : cluster [DBG] mgrmap e10: smithi003.wnuvlq(active, starting, since 0.053339s)
2023-11-15T02:28:05.292 INFO:journalctl@ceph.mon.smithi003.smithi003.stdout:Nov 15 02:28:04 smithi003 ceph-6e3dab36-835e-11ee-8dbe-212e2dc638e7-mon.smithi003[112404]: audit
2023-11-15T02:28:03.975132+0000 mon.smithi003 (mon.0) 67 : audit [DBG] from='mgr.14144 172.21.15.3:0/3158145548' entity='mgr.smithi003.wnuvlq' cmd=[{"prefix": "mon metadata", "id": "smithi003"}]: dispatch
2023-11-15T02:28:05.293 INFO:journalctl@ceph.mon.smithi003.smithi003.stdout:Nov 15 02:28:04 smithi003 ceph-6e3dab36-835e-11ee-8dbe-212e2dc638e7-mon.smithi003[112404]: audit
2023-11-15T02:28:03.975367+0000 mon.smithi003 (mon.0) 68 : audit [DBG] from='mgr.14144 172.21.15.3:0/3158145548' entity='mgr.smithi003.wnuvlq' cmd=[{"prefix": "mgr metadata", "who": "smithi003.wnuvlq", "id": "smithi003.wnuvlq"}]: dispatch
2023-11-15T02:28:05.293 INFO:journalctl@ceph.mon.smithi003.smithi003.stdout:Nov 15 02:28:04 smithi003 ceph-6e3dab36-835e-11ee-8dbe-212e2dc638e7-mon.smithi003[112404]: audit
2023-11-15T02:28:03.975569+0000 mon.smithi003 (mon.0) 69 : audit [DBG] from='mgr.14144 172.21.15.3:0/3158145548' entity='mgr.smithi003.wnuvlq' cmd=[{"prefix": "mds metadata"}]: dispatch
2023-11-15T02:28:05.293 INFO:journalctl@ceph.mon.smithi003.smithi003.stdout:Nov 15 02:28:04 smithi003 ceph-6e3dab36-835e-11ee-8dbe-212e2dc638e7-mon.smithi003[112404]: audit
2023-11-15T02:28:03.975734+0000 mon.smithi003 (mon.0) 70 : audit [DBG] from='mgr.14144 172.21.15.3:0/3158145548' entity='mgr.smithi003.wnuvlq' cmd=[{"prefix": "osd metadata"}]: dispatch
2023-11-15T02:28:05.293 INFO:journalctl@ceph.mon.smithi003.smithi003.stdout:Nov 15 02:28:04 smithi003 ceph-6e3dab36-835e-11ee-8dbe-212e2dc638e7-mon.smithi003[112404]: audit
2023-11-15T02:28:03.975888+0000 mon.smithi003 (mon.0) 71 : audit [DBG] from='mgr.14144 172.21.15.3:0/3158145548' entity='mgr.smithi003.wnuvlq' cmd=[{"prefix": "mon metadata"}]: dispatch
2023-11-15T02:28:05.293 INFO:journalctl@ceph.mon.smithi003.smithi003.stdout:Nov 15 02:28:04 smithi003 ceph-6e3dab36-835e-11ee-8dbe-212e2dc638e7-mon.smithi003[112404]: cluster
2023-11-15T02:28:03.990163+0000 mon.smithi003 (mon.0) 72 : cluster [INF] Manager daemon smithi003.wnuvlq is now available
2023-11-15T02:28:05.294 INFO:journalctl@ceph.mon.smithi003.smithi003.stdout:Nov 15 02:28:04 smithi003 ceph-6e3dab36-835e-11ee-8dbe-212e2dc638e7-mon.smithi003[112404]: audit
2023-11-15T02:28:04.103059+0000 mon.smithi003 (mon.0) 73 : audit [DBG] from='mgr.14144 172.21.15.3:0/3158145548' entity='mgr.smithi003.wnuvlq' cmd=[{"prefix": "config dump", "format": "json"}]: dispatch
2023-11-15T02:28:05.294 INFO:journalctl@ceph.mon.smithi003.smithi003.stdout:Nov 15 02:28:04 smithi003 ceph-6e3dab36-835e-11ee-8dbe-212e2dc638e7-mon.smithi003[112404]: audit
2023-11-15T02:28:04.104829+0000 mon.smithi003 (mon.0) 74 : audit [DBG] from='mgr.14144 172.21.15.3:0/3158145548' entity='mgr.smithi003.wnuvlq' cmd=[{"prefix": "config dump", "format": "json"}]: dispatch
2023-11-15T02:28:05.294 INFO:journalctl@ceph.mon.smithi003.smithi003.stdout:Nov 15 02:28:04 smithi003 ceph-6e3dab36-835e-11ee-8dbe-212e2dc638e7-mon.smithi003[112404]: audit
2023-11-15T02:28:04.121101+0000 mon.smithi003 (mon.0) 75 : audit [INF] from='mgr.14144 172.21.15.3:0/3158145548' entity='mgr.smithi003.wnuvlq' cmd=[{"prefix":"config rm","who":"mgr","name":"mgr/rbd_support/smithi003.wnuvlq/mirror_snapshot_schedule"}]: dispatch
2023-11-15T02:28:05.294 INFO:journalctl@ceph.mon.smithi003.smithi003.stdout:Nov 15 02:28:04 smithi003 ceph-6e3dab36-835e-11ee-8dbe-212e2dc638e7-mon.smithi003[112404]: audit
2023-11-15T02:28:04.130883+0000 mon.smithi003 (mon.0) 76 : audit [INF] from='mgr.14144 172.21.15.3:0/3158145548' entity='mgr.smithi003.wnuvlq' cmd=[{"prefix":"config rm","who":"mgr","name":"mgr/rbd_support/smithi003.wnuvlq/trash_purge_schedule"}]: dispatch
2023-11-15T02:28:05.369 INFO:teuthology.orchestra.run.smithi003.stderr:Deploying grafana service with default placement...
2023-11-15T02:28:05.369 INFO:teuthology.orchestra.run.smithi003.stderr:Running command: /bin/podman run --rm --ipc=host --no-hosts --net=host --entrypoint /usr/bin/ceph --init -e CONTAINER_IMAGE=docker.io/ceph/ceph:v16.2.4 -e NODE_NAME=smithi003 -e CEPH_USE_RANDOM_NONCE=1 -v /var/log/ceph/6e3dab36-835e-11ee-8dbe-212e2dc638e7:/var/log/ceph:z -v /tmp/ceph-tmph9c9_y1v:/etc/ceph/ceph.client.admin.keyring:z -v /tmp/ceph-tmpm57q3dhf:/etc/ceph/ceph.conf:z docker.io/ceph/ceph:v16.2.4 orch apply grafana
2023-11-15T02:28:05.774 INFO:teuthology.orchestra.run.smithi003.stderr:/usr/bin/ceph:
2023-11-15T02:28:05.770+0000 7f0adf4ca700 1 Processor -- start
2023-11-15T02:28:05.775 INFO:teuthology.orchestra.run.smithi003.stderr:/usr/bin/ceph:
2023-11-15T02:28:05.770+0000 7f0adf4ca700 1 -- start start
2023-11-15T02:28:05.775 INFO:teuthology.orchestra.run.smithi003.stderr:/usr/bin/ceph:
2023-11-15T02:28:05.770+0000 7f0adf4ca700 1 --2- >> [v2:172.21.15.3:3300/0,v1:172.21.15.3:6789/0] conn(0x7f0ad80fab80 0x7f0ad80fafa0 unknown :-1 s=NONE pgs=0 cs=0 l=0 rev1=0 rx=0 tx=0).connect
2023-11-15T02:28:05.775 INFO:teuthology.orchestra.run.smithi003.stderr:/usr/bin/ceph:
2023-11-15T02:28:05.770+0000 7f0adf4ca700 1 -- --> [v2:172.21.15.3:3300/0,v1:172.21.15.3:6789/0] -- mon_getmap magic: 0 v1 -- 0x7f0ad80fb490 con 0x7f0ad80fab80
2023-11-15T02:28:05.775 INFO:teuthology.orchestra.run.smithi003.stderr:/usr/bin/ceph:
2023-11-15T02:28:05.770+0000 7f0add266700 1 --2- >> [v2:172.21.15.3:3300/0,v1:172.21.15.3:6789/0] conn(0x7f0ad80fab80 0x7f0ad80fafa0 unknown :-1 s=BANNER_CONNECTING pgs=0 cs=0 l=0 rev1=0 rx=0 tx=0)._handle_peer_banner_payload supported=1 required=0
2023-11-15T02:28:05.776 INFO:teuthology.orchestra.run.smithi003.stderr:/usr/bin/ceph:
2023-11-15T02:28:05.770+0000 7f0add266700 1 --2- >> [v2:172.21.15.3:3300/0,v1:172.21.15.3:6789/0] conn(0x7f0ad80fab80 0x7f0ad80fafa0 unknown :-1 s=HELLO_CONNECTING pgs=0 cs=0 l=0 rev1=1 rx=0 tx=0).handle_hello peer v2:172.21.15.3:3300/0 says I am v2:172.21.15.3:57230/0 (socket says 172.21.15.3:57230)
2023-11-15T02:28:05.776 INFO:teuthology.orchestra.run.smithi003.stderr:/usr/bin/ceph:
2023-11-15T02:28:05.770+0000 7f0add266700 1 -- 172.21.15.3:0/377922724 learned_addr learned my addr 172.21.15.3:0/377922724 (peer_addr_for_me v2:172.21.15.3:0/0)
2023-11-15T02:28:05.776 INFO:teuthology.orchestra.run.smithi003.stderr:/usr/bin/ceph:
2023-11-15T02:28:05.771+0000 7f0add266700 1 -- 172.21.15.3:0/377922724 --> [v2:172.21.15.3:3300/0,v1:172.21.15.3:6789/0] -- mon_subscribe({config=0+,monmap=0+}) v3 -- 0x7f0ad80fb5d0 con 0x7f0ad80fab80
2023-11-15T02:28:05.776 INFO:teuthology.orchestra.run.smithi003.stderr:/usr/bin/ceph:
2023-11-15T02:28:05.771+0000 7f0add266700 1 --2- 172.21.15.3:0/377922724 >> [v2:172.21.15.3:3300/0,v1:172.21.15.3:6789/0] conn(0x7f0ad80fab80 0x7f0ad80fafa0 secure :-1 s=READY pgs=58 cs=0 l=1 rev1=1 rx=0x7f0ad400b870 tx=0x7f0ad4006f70).ready entity=mon.0 client_cookie=b7d7b3ef057019da server_cookie=0 in_seq=0 out_seq=0
2023-11-15T02:28:05.776 INFO:teuthology.orchestra.run.smithi003.stderr:/usr/bin/ceph:
2023-11-15T02:28:05.771+0000 7f0ac7fff700 1 -- 172.21.15.3:0/377922724 <== mon.0 v2:172.21.15.3:3300/0 1 ==== mon_map magic: 0 v1 ==== 229+0+0 (secure 0 0 0) 0x7f0ad400da20 con 0x7f0ad80fab80
2023-11-15T02:28:05.777 INFO:teuthology.orchestra.run.smithi003.stderr:/usr/bin/ceph:
2023-11-15T02:28:05.771+0000 7f0ac7fff700 1 -- 172.21.15.3:0/377922724 <== mon.0 v2:172.21.15.3:3300/0 2 ==== config(25 keys) v1 ==== 1010+0+0 (secure 0 0 0) 0x7f0ad4010470 con 0x7f0ad80fab80
2023-11-15T02:28:05.777 INFO:teuthology.orchestra.run.smithi003.stderr:/usr/bin/ceph:
2023-11-15T02:28:05.771+0000 7f0ac7fff700 1 -- 172.21.15.3:0/377922724 <== mon.0 v2:172.21.15.3:3300/0 3 ==== mon_map magic: 0 v1 ==== 229+0+0 (secure 0 0 0) 0x7f0ad400f5b0 con 0x7f0ad80fab80
2023-11-15T02:28:05.777 INFO:teuthology.orchestra.run.smithi003.stderr:/usr/bin/ceph:
2023-11-15T02:28:05.772+0000 7f0adf4ca700 1 -- 172.21.15.3:0/377922724 >> [v2:172.21.15.3:3300/0,v1:172.21.15.3:6789/0] conn(0x7f0ad80fab80 msgr2=0x7f0ad80fafa0 secure :-1 s=STATE_CONNECTION_ESTABLISHED l=1).mark_down
2023-11-15T02:28:05.777 INFO:teuthology.orchestra.run.smithi003.stderr:/usr/bin/ceph:
2023-11-15T02:28:05.772+0000 7f0adf4ca700 1 --2- 172.21.15.3:0/377922724 >> [v2:172.21.15.3:3300/0,v1:172.21.15.3:6789/0] conn(0x7f0ad80fab80 0x7f0ad80fafa0 secure :-1 s=READY pgs=58 cs=0 l=1 rev1=1 rx=0x7f0ad400b870 tx=0x7f0ad4006f70).stop
2023-11-15T02:28:05.777 INFO:teuthology.orchestra.run.smithi003.stderr:/usr/bin/ceph:
2023-11-15T02:28:05.772+0000 7f0adf4ca700 1 -- 172.21.15.3:0/377922724 shutdown_connections
2023-11-15T02:28:05.777 INFO:teuthology.orchestra.run.smithi003.stderr:/usr/bin/ceph:
2023-11-15T02:28:05.772+0000 7f0adf4ca700 1 --2- 172.21.15.3:0/377922724 >> [v2:172.21.15.3:3300/0,v1:172.21.15.3:6789/0] conn(0x7f0ad80fab80 0x7f0ad80fafa0 unknown :-1 s=CLOSED pgs=58 cs=0 l=1 rev1=1 rx=0 tx=0).stop
2023-11-15T02:28:05.778 INFO:teuthology.orchestra.run.smithi003.stderr:/usr/bin/ceph:
2023-11-15T02:28:05.772+0000 7f0adf4ca700 1 -- 172.21.15.3:0/377922724 >> 172.21.15.3:0/377922724 conn(0x7f0ad80f63c0 msgr2=0x7f0ad80f87e0 unknown :-1 s=STATE_NONE l=0).mark_down
2023-11-15T02:28:05.778 INFO:teuthology.orchestra.run.smithi003.stderr:/usr/bin/ceph:
2023-11-15T02:28:05.773+0000 7f0adf4ca700 1 -- 172.21.15.3:0/377922724 shutdown_connections
2023-11-15T02:28:05.778 INFO:teuthology.orchestra.run.smithi003.stderr:/usr/bin/ceph:
2023-11-15T02:28:05.773+0000 7f0adf4ca700 1 -- 172.21.15.3:0/377922724 wait complete.
2023-11-15T02:28:05.780 INFO:teuthology.orchestra.run.smithi003.stderr:/usr/bin/ceph:
2023-11-15T02:28:05.773+0000 7f0adf4ca700 1 Processor -- start
2023-11-15T02:28:05.781 INFO:teuthology.orchestra.run.smithi003.stderr:/usr/bin/ceph:
2023-11-15T02:28:05.773+0000 7f0adf4ca700 1 -- start start
2023-11-15T02:28:05.781 INFO:teuthology.orchestra.run.smithi003.stderr:/usr/bin/ceph:
2023-11-15T02:28:05.773+0000 7f0adf4ca700 1 --2- >> [v2:172.21.15.3:3300/0,v1:172.21.15.3:6789/0] conn(0x7f0ad80fab80 0x7f0ad8108770 unknown :-1 s=NONE pgs=0 cs=0 l=1 rev1=0 rx=0 tx=0).connect
2023-11-15T02:28:05.781 INFO:teuthology.orchestra.run.smithi003.stderr:/usr/bin/ceph:
2023-11-15T02:28:05.773+0000 7f0adf4ca700 1 -- --> [v2:172.21.15.3:3300/0,v1:172.21.15.3:6789/0] -- mon_getmap magic: 0 v1 -- 0x7f0ad8108c60 con 0x7f0ad80fab80
2023-11-15T02:28:05.781 INFO:teuthology.orchestra.run.smithi003.stderr:/usr/bin/ceph:
2023-11-15T02:28:05.774+0000 7f0add266700 1 --2- >> [v2:172.21.15.3:3300/0,v1:172.21.15.3:6789/0] conn(0x7f0ad80fab80 0x7f0ad8108770 unknown :-1 s=BANNER_CONNECTING pgs=0 cs=0 l=1 rev1=0 rx=0 tx=0)._handle_peer_banner_payload supported=1 required=0
2023-11-15T02:28:05.782 INFO:teuthology.orchestra.run.smithi003.stderr:/usr/bin/ceph:
2023-11-15T02:28:05.774+0000 7f0add266700 1 --2- >> [v2:172.21.15.3:3300/0,v1:172.21.15.3:6789/0] conn(0x7f0ad80fab80 0x7f0ad8108770 unknown :-1 s=HELLO_CONNECTING pgs=0 cs=0 l=1 rev1=1 rx=0 tx=0).handle_hello peer v2:172.21.15.3:3300/0 says I am v2:172.21.15.3:57232/0 (socket says 172.21.15.3:57232)
2023-11-15T02:28:05.782 INFO:teuthology.orchestra.run.smithi003.stderr:/usr/bin/ceph:
2023-11-15T02:28:05.774+0000 7f0add266700 1 -- 172.21.15.3:0/1492045054 learned_addr learned my addr 172.21.15.3:0/1492045054 (peer_addr_for_me v2:172.21.15.3:0/0)
2023-11-15T02:28:05.782 INFO:teuthology.orchestra.run.smithi003.stderr:/usr/bin/ceph:
2023-11-15T02:28:05.774+0000 7f0add266700 1 -- 172.21.15.3:0/1492045054 --> [v2:172.21.15.3:3300/0,v1:172.21.15.3:6789/0] -- mon_subscribe({config=0+,monmap=0+}) v3 -- 0x7f0ad400b480 con 0x7f0ad80fab80
2023-11-15T02:28:05.782 INFO:teuthology.orchestra.run.smithi003.stderr:/usr/bin/ceph:
2023-11-15T02:28:05.774+0000 7f0add266700 1 --2- 172.21.15.3:0/1492045054 >> [v2:172.21.15.3:3300/0,v1:172.21.15.3:6789/0] conn(0x7f0ad80fab80 0x7f0ad8108770 secure :-1 s=READY pgs=59 cs=0 l=1 rev1=1 rx=0x7f0ad4006a40 tx=0x7f0ad4006f70).ready entity=mon.0 client_cookie=0 server_cookie=0 in_seq=0 out_seq=0
2023-11-15T02:28:05.782 INFO:teuthology.orchestra.run.smithi003.stderr:/usr/bin/ceph:
2023-11-15T02:28:05.774+0000 7f0ac5ffb700 1 -- 172.21.15.3:0/1492045054 <== mon.0 v2:172.21.15.3:3300/0 1 ==== mon_map magic: 0 v1 ==== 229+0+0 (secure 0 0 0) 0x7f0ad400f3d0 con 0x7f0ad80fab80
