2023-11-15T04:00:06.041+0000 7fe142eaa700 1 -- 172.21.15.28:0/2949152922 >> [v2:172.21.15.28:6800/109714870,v1:172.21.15.28:6801/109714870] conn(0x7fe12002fdb0 msgr2=0x7fe120032270 secure :-1 s=STATE_CONNECTION_ESTABLISHED l=1).mark_down
2023-11-15T04:00:06.043 INFO:teuthology.orchestra.run.smithi028.stderr:/usr/bin/ceph:
2023-11-15T04:00:06.041+0000 7fe142eaa700 1 --2- 172.21.15.28:0/2949152922 >> [v2:172.21.15.28:6800/109714870,v1:172.21.15.28:6801/109714870] conn(0x7fe12002fdb0 0x7fe120032270 secure :-1 s=READY pgs=13 cs=0 l=1 rev1=1 rx=0x7fe1280096a0 tx=0x7fe128006b40).stop
2023-11-15T04:00:06.043 INFO:teuthology.orchestra.run.smithi028.stderr:/usr/bin/ceph:
2023-11-15T04:00:06.041+0000 7fe142eaa700 1 -- 172.21.15.28:0/2949152922 >> [v2:172.21.15.28:3300/0,v1:172.21.15.28:6789/0] conn(0x7fe13c0fbca0 msgr2=0x7fe13c10aa50 secure :-1 s=STATE_CONNECTION_ESTABLISHED l=1).mark_down
2023-11-15T04:00:06.043 INFO:teuthology.orchestra.run.smithi028.stderr:/usr/bin/ceph:
2023-11-15T04:00:06.041+0000 7fe142eaa700 1 --2- 172.21.15.28:0/2949152922 >> [v2:172.21.15.28:3300/0,v1:172.21.15.28:6789/0] conn(0x7fe13c0fbca0 0x7fe13c10aa50 secure :-1 s=READY pgs=46 cs=0 l=1 rev1=1 rx=0x7fe13000e040 tx=0x7fe130006ee0).stop
2023-11-15T04:00:06.044 INFO:teuthology.orchestra.run.smithi028.stderr:/usr/bin/ceph:
2023-11-15T04:00:06.041+0000 7fe142eaa700 1 -- 172.21.15.28:0/2949152922 shutdown_connections
2023-11-15T04:00:06.044 INFO:teuthology.orchestra.run.smithi028.stderr:/usr/bin/ceph:
2023-11-15T04:00:06.041+0000 7fe142eaa700 1 --2- 172.21.15.28:0/2949152922 >> [v2:172.21.15.28:6800/109714870,v1:172.21.15.28:6801/109714870] conn(0x7fe12002fdb0 0x7fe120032270 unknown :-1 s=CLOSED pgs=13 cs=0 l=1 rev1=1 rx=0 tx=0).stop
2023-11-15T04:00:06.044 INFO:teuthology.orchestra.run.smithi028.stderr:/usr/bin/ceph:
2023-11-15T04:00:06.041+0000 7fe142eaa700 1 --2- 172.21.15.28:0/2949152922 >> [v2:172.21.15.28:3300/0,v1:172.21.15.28:6789/0] conn(0x7fe13c0fbca0 0x7fe13c10aa50 unknown :-1 s=CLOSED pgs=46 cs=0 l=1 rev1=1 rx=0 tx=0).stop
2023-11-15T04:00:06.044 INFO:teuthology.orchestra.run.smithi028.stderr:/usr/bin/ceph:
2023-11-15T04:00:06.041+0000 7fe142eaa700 1 -- 172.21.15.28:0/2949152922 >> 172.21.15.28:0/2949152922 conn(0x7fe13c0f74c0 msgr2=0x7fe13c0f8fc0 unknown :-1 s=STATE_NONE l=0).mark_down
2023-11-15T04:00:06.044 INFO:teuthology.orchestra.run.smithi028.stderr:/usr/bin/ceph:
2023-11-15T04:00:06.041+0000 7fe142eaa700 1 -- 172.21.15.28:0/2949152922 shutdown_connections
2023-11-15T04:00:06.045 INFO:teuthology.orchestra.run.smithi028.stderr:/usr/bin/ceph:
2023-11-15T04:00:06.041+0000 7fe142eaa700 1 -- 172.21.15.28:0/2949152922 wait complete.
2023-11-15T04:00:06.389 INFO:teuthology.orchestra.run.smithi028.stderr:Enabling mgr prometheus module...
2023-11-15T04:00:06.389 INFO:teuthology.orchestra.run.smithi028.stderr:Running command: /bin/podman run --rm --ipc=host --no-hosts --net=host --entrypoint /usr/bin/ceph --init -e CONTAINER_IMAGE=docker.io/ceph/ceph:v16.2.4 -e NODE_NAME=smithi028 -e CEPH_USE_RANDOM_NONCE=1 -v /var/log/ceph/4f3a6532-836b-11ee-8dbe-212e2dc638e7:/var/log/ceph:z -v /tmp/ceph-tmpv2xxgi20:/etc/ceph/ceph.client.admin.keyring:z -v /tmp/ceph-tmp6bu1c8ad:/etc/ceph/ceph.conf:z docker.io/ceph/ceph:v16.2.4 mgr module enable prometheus
2023-11-15T04:00:06.616 INFO:journalctl@ceph.mon.smithi028.smithi028.stdout:Nov 15 04:00:06 smithi028 ceph-4f3a6532-836b-11ee-8dbe-212e2dc638e7-mon.smithi028[112441]: audit
2023-11-15T04:00:04.813146+0000 mgr.smithi028.vpjsvm (mgr.14116) 12 : audit [DBG] from='client.14138 -' entity='client.admin' cmd=[{"prefix": "orch apply", "service_type": "mgr", "target": ["mon-mgr", ""]}]: dispatch
2023-11-15T04:00:06.616 INFO:journalctl@ceph.mon.smithi028.smithi028.stdout:Nov 15 04:00:06 smithi028 ceph-4f3a6532-836b-11ee-8dbe-212e2dc638e7-mon.smithi028[112441]: cephadm
2023-11-15T04:00:04.813724+0000 mgr.smithi028.vpjsvm (mgr.14116) 13 : cephadm [INF] Saving service mgr spec with placement count:2
2023-11-15T04:00:06.616 INFO:journalctl@ceph.mon.smithi028.smithi028.stdout:Nov 15 04:00:06 smithi028 ceph-4f3a6532-836b-11ee-8dbe-212e2dc638e7-mon.smithi028[112441]: audit
2023-11-15T04:00:06.040476+0000 mon.smithi028 (mon.0) 59 : audit [INF] from='mgr.14116 172.21.15.28:0/2908451941' entity='mgr.smithi028.vpjsvm'
2023-11-15T04:00:06.760 INFO:teuthology.orchestra.run.smithi028.stderr:/usr/bin/ceph:
2023-11-15T04:00:06.759+0000 7fa15f241700 1 Processor -- start
2023-11-15T04:00:06.761 INFO:teuthology.orchestra.run.smithi028.stderr:/usr/bin/ceph:
2023-11-15T04:00:06.759+0000 7fa15f241700 1 -- start start
2023-11-15T04:00:06.761 INFO:teuthology.orchestra.run.smithi028.stderr:/usr/bin/ceph:
2023-11-15T04:00:06.759+0000 7fa15f241700 1 --2- >> [v2:172.21.15.28:3300/0,v1:172.21.15.28:6789/0] conn(0x7fa1580fbb00 0x7fa1580fbf20 unknown :-1 s=NONE pgs=0 cs=0 l=0 rev1=0 rx=0 tx=0).connect
2023-11-15T04:00:06.761 INFO:teuthology.orchestra.run.smithi028.stderr:/usr/bin/ceph:
2023-11-15T04:00:06.759+0000 7fa15f241700 1 -- --> [v2:172.21.15.28:3300/0,v1:172.21.15.28:6789/0] -- mon_getmap magic: 0 v1 -- 0x7fa1580fc410 con 0x7fa1580fbb00
2023-11-15T04:00:06.761 INFO:teuthology.orchestra.run.smithi028.stderr:/usr/bin/ceph:
2023-11-15T04:00:06.759+0000 7fa15e23f700 1 --2- >> [v2:172.21.15.28:3300/0,v1:172.21.15.28:6789/0] conn(0x7fa1580fbb00 0x7fa1580fbf20 unknown :-1 s=BANNER_CONNECTING pgs=0 cs=0 l=0 rev1=0 rx=0 tx=0)._handle_peer_banner_payload supported=1 required=0
2023-11-15T04:00:06.764 INFO:teuthology.orchestra.run.smithi028.stderr:/usr/bin/ceph:
2023-11-15T04:00:06.759+0000 7fa15e23f700 1 --2- >> [v2:172.21.15.28:3300/0,v1:172.21.15.28:6789/0] conn(0x7fa1580fbb00 0x7fa1580fbf20 unknown :-1 s=HELLO_CONNECTING pgs=0 cs=0 l=0 rev1=1 rx=0 tx=0).handle_hello peer v2:172.21.15.28:3300/0 says I am v2:172.21.15.28:52396/0 (socket says 172.21.15.28:52396)
2023-11-15T04:00:06.765 INFO:teuthology.orchestra.run.smithi028.stderr:/usr/bin/ceph:
2023-11-15T04:00:06.759+0000 7fa15e23f700 1 -- 172.21.15.28:0/2996202636 learned_addr learned my addr 172.21.15.28:0/2996202636 (peer_addr_for_me v2:172.21.15.28:0/0)
2023-11-15T04:00:06.765 INFO:teuthology.orchestra.run.smithi028.stderr:/usr/bin/ceph:
2023-11-15T04:00:06.760+0000 7fa15e23f700 1 -- 172.21.15.28:0/2996202636 --> [v2:172.21.15.28:3300/0,v1:172.21.15.28:6789/0] -- mon_subscribe({config=0+,monmap=0+}) v3 -- 0x7fa1580fc550 con 0x7fa1580fbb00
2023-11-15T04:00:06.765 INFO:teuthology.orchestra.run.smithi028.stderr:/usr/bin/ceph:
2023-11-15T04:00:06.760+0000 7fa15e23f700 1 --2- 172.21.15.28:0/2996202636 >> [v2:172.21.15.28:3300/0,v1:172.21.15.28:6789/0] conn(0x7fa1580fbb00 0x7fa1580fbf20 secure :-1 s=READY pgs=47 cs=0 l=1 rev1=1 rx=0x7fa15400b5f0 tx=0x7fa154006ee0).ready entity=mon.0 client_cookie=38de5d64ba126bd4 server_cookie=0 in_seq=0 out_seq=0
2023-11-15T04:00:06.765 INFO:teuthology.orchestra.run.smithi028.stderr:/usr/bin/ceph:
2023-11-15T04:00:06.760+0000 7fa15d23d700 1 -- 172.21.15.28:0/2996202636 <== mon.0 v2:172.21.15.28:3300/0 1 ==== mon_map magic: 0 v1 ==== 229+0+0 (secure 0 0 0) 0x7fa15400d600 con 0x7fa1580fbb00
2023-11-15T04:00:06.765 INFO:teuthology.orchestra.run.smithi028.stderr:/usr/bin/ceph:
2023-11-15T04:00:06.760+0000 7fa15d23d700 1 -- 172.21.15.28:0/2996202636 <== mon.0 v2:172.21.15.28:3300/0 2 ==== config(25 keys) v1 ==== 1010+0+0 (secure 0 0 0) 0x7fa15400dbd0 con 0x7fa1580fbb00
2023-11-15T04:00:06.766 INFO:teuthology.orchestra.run.smithi028.stderr:/usr/bin/ceph:
2023-11-15T04:00:06.760+0000 7fa15d23d700 1 -- 172.21.15.28:0/2996202636 <== mon.0 v2:172.21.15.28:3300/0 3 ==== mon_map magic: 0 v1 ==== 229+0+0 (secure 0 0 0) 0x7fa154011c00 con 0x7fa1580fbb00
2023-11-15T04:00:06.766 INFO:teuthology.orchestra.run.smithi028.stderr:/usr/bin/ceph:
2023-11-15T04:00:06.761+0000 7fa15f241700 1 -- 172.21.15.28:0/2996202636 >> [v2:172.21.15.28:3300/0,v1:172.21.15.28:6789/0] conn(0x7fa1580fbb00 msgr2=0x7fa1580fbf20 secure :-1 s=STATE_CONNECTION_ESTABLISHED l=1).mark_down
2023-11-15T04:00:06.766 INFO:teuthology.orchestra.run.smithi028.stderr:/usr/bin/ceph:
2023-11-15T04:00:06.761+0000 7fa15f241700 1 --2- 172.21.15.28:0/2996202636 >> [v2:172.21.15.28:3300/0,v1:172.21.15.28:6789/0] conn(0x7fa1580fbb00 0x7fa1580fbf20 secure :-1 s=READY pgs=47 cs=0 l=1 rev1=1 rx=0x7fa15400b5f0 tx=0x7fa154006ee0).stop
2023-11-15T04:00:06.766 INFO:teuthology.orchestra.run.smithi028.stderr:/usr/bin/ceph:
2023-11-15T04:00:06.761+0000 7fa15f241700 1 -- 172.21.15.28:0/2996202636 shutdown_connections
2023-11-15T04:00:06.766 INFO:teuthology.orchestra.run.smithi028.stderr:/usr/bin/ceph:
2023-11-15T04:00:06.761+0000 7fa15f241700 1 --2- 172.21.15.28:0/2996202636 >> [v2:172.21.15.28:3300/0,v1:172.21.15.28:6789/0] conn(0x7fa1580fbb00 0x7fa1580fbf20 unknown :-1 s=CLOSED pgs=47 cs=0 l=1 rev1=1 rx=0 tx=0).stop
2023-11-15T04:00:06.767 INFO:teuthology.orchestra.run.smithi028.stderr:/usr/bin/ceph:
2023-11-15T04:00:06.761+0000 7fa15f241700 1 -- 172.21.15.28:0/2996202636 >> 172.21.15.28:0/2996202636 conn(0x7fa1580f7380 msgr2=0x7fa1580f97a0 unknown :-1 s=STATE_NONE l=0).mark_down
2023-11-15T04:00:06.767 INFO:teuthology.orchestra.run.smithi028.stderr:/usr/bin/ceph:
2023-11-15T04:00:06.761+0000 7fa15f241700 1 -- 172.21.15.28:0/2996202636 shutdown_connections
2023-11-15T04:00:06.767 INFO:teuthology.orchestra.run.smithi028.stderr:/usr/bin/ceph:
2023-11-15T04:00:06.761+0000 7fa15f241700 1 -- 172.21.15.28:0/2996202636 wait complete.
2023-11-15T04:00:06.767 INFO:teuthology.orchestra.run.smithi028.stderr:/usr/bin/ceph:
2023-11-15T04:00:06.761+0000 7fa15f241700 1 Processor -- start
2023-11-15T04:00:06.767 INFO:teuthology.orchestra.run.smithi028.stderr:/usr/bin/ceph:
2023-11-15T04:00:06.761+0000 7fa15f241700 1 -- start start
2023-11-15T04:00:06.767 INFO:teuthology.orchestra.run.smithi028.stderr:/usr/bin/ceph:
2023-11-15T04:00:06.762+0000 7fa15f241700 1 --2- >> [v2:172.21.15.28:3300/0,v1:172.21.15.28:6789/0] conn(0x7fa1580fbb00 0x7fa158072570 unknown :-1 s=NONE pgs=0 cs=0 l=1 rev1=0 rx=0 tx=0).connect
2023-11-15T04:00:06.768 INFO:teuthology.orchestra.run.smithi028.stderr:/usr/bin/ceph:
2023-11-15T04:00:06.762+0000 7fa15f241700 1 -- --> [v2:172.21.15.28:3300/0,v1:172.21.15.28:6789/0] -- mon_getmap magic: 0 v1 -- 0x7fa1580709f0 con 0x7fa1580fbb00
2023-11-15T04:00:06.768 INFO:teuthology.orchestra.run.smithi028.stderr:/usr/bin/ceph:
2023-11-15T04:00:06.762+0000 7fa15e23f700 1 --2- >> [v2:172.21.15.28:3300/0,v1:172.21.15.28:6789/0] conn(0x7fa1580fbb00 0x7fa158072570 unknown :-1 s=BANNER_CONNECTING pgs=0 cs=0 l=1 rev1=0 rx=0 tx=0)._handle_peer_banner_payload supported=1 required=0
2023-11-15T04:00:06.768 INFO:teuthology.orchestra.run.smithi028.stderr:/usr/bin/ceph:
2023-11-15T04:00:06.762+0000 7fa15e23f700 1 --2- >> [v2:172.21.15.28:3300/0,v1:172.21.15.28:6789/0] conn(0x7fa1580fbb00 0x7fa158072570 unknown :-1 s=HELLO_CONNECTING pgs=0 cs=0 l=1 rev1=1 rx=0 tx=0).handle_hello peer v2:172.21.15.28:3300/0 says I am v2:172.21.15.28:52406/0 (socket says 172.21.15.28:52406)
2023-11-15T04:00:06.768 INFO:teuthology.orchestra.run.smithi028.stderr:/usr/bin/ceph:
2023-11-15T04:00:06.762+0000 7fa15e23f700 1 -- 172.21.15.28:0/1771092729 learned_addr learned my addr 172.21.15.28:0/1771092729 (peer_addr_for_me v2:172.21.15.28:0/0)
2023-11-15T04:00:06.768 INFO:teuthology.orchestra.run.smithi028.stderr:/usr/bin/ceph:
2023-11-15T04:00:06.762+0000 7fa15e23f700 1 -- 172.21.15.28:0/1771092729 --> [v2:172.21.15.28:3300/0,v1:172.21.15.28:6789/0] -- mon_subscribe({config=0+,monmap=0+}) v3 -- 0x7fa15400b200 con 0x7fa1580fbb00
2023-11-15T04:00:06.769 INFO:teuthology.orchestra.run.smithi028.stderr:/usr/bin/ceph:
2023-11-15T04:00:06.762+0000 7fa15e23f700 1 --2- 172.21.15.28:0/1771092729 >> [v2:172.21.15.28:3300/0,v1:172.21.15.28:6789/0] conn(0x7fa1580fbb00 0x7fa158072570 secure :-1 s=READY pgs=48 cs=0 l=1 rev1=1 rx=0x7fa15400e040 tx=0x7fa154006ee0).ready entity=mon.0 client_cookie=0 server_cookie=0 in_seq=0 out_seq=0
2023-11-15T04:00:06.769 INFO:teuthology.orchestra.run.smithi028.stderr:/usr/bin/ceph:
2023-11-15T04:00:06.762+0000 7fa146ffd700 1 -- 172.21.15.28:0/1771092729 <== mon.0 v2:172.21.15.28:3300/0 1 ==== mon_map magic: 0 v1 ==== 229+0+0 (secure 0 0 0) 0x7fa15401b410 con 0x7fa1580fbb00
2023-11-15T04:00:06.769 INFO:teuthology.orchestra.run.smithi028.stderr:/usr/bin/ceph:
2023-11-15T04:00:06.762+0000 7fa146ffd700 1 -- 172.21.15.28:0/1771092729 <== mon.0 v2:172.21.15.28:3300/0 2 ==== config(25 keys) v1 ==== 1010+0+0 (secure 0 0 0) 0x7fa15401b9e0 con 0x7fa1580fbb00
2023-11-15T04:00:06.769 INFO:teuthology.orchestra.run.smithi028.stderr:/usr/bin/ceph:
2023-11-15T04:00:06.762+0000 7fa15f241700 1 -- 172.21.15.28:0/1771092729 --> [v2:172.21.15.28:3300/0,v1:172.21.15.28:6789/0] -- mon_subscribe({mgrmap=0+}) v3 -- 0x7fa158070b90 con 0x7fa1580fbb00
2023-11-15T04:00:06.769 INFO:teuthology.orchestra.run.smithi028.stderr:/usr/bin/ceph:
2023-11-15T04:00:06.762+0000 7fa146ffd700 1 -- 172.21.15.28:0/1771092729 <== mon.0 v2:172.21.15.28:3300/0 3 ==== mon_map magic: 0 v1 ==== 229+0+0 (secure 0 0 0) 0x7fa15401a770 con 0x7fa1580fbb00
2023-11-15T04:00:06.770 INFO:teuthology.orchestra.run.smithi028.stderr:/usr/bin/ceph:
2023-11-15T04:00:06.763+0000 7fa15f241700 1 -- 172.21.15.28:0/1771092729 --> [v2:172.21.15.28:3300/0,v1:172.21.15.28:6789/0] -- mon_subscribe({osdmap=0}) v3 -- 0x7fa158070fa0 con 0x7fa1580fbb00
2023-11-15T04:00:06.770 INFO:teuthology.orchestra.run.smithi028.stderr:/usr/bin/ceph:
2023-11-15T04:00:06.763+0000 7fa146ffd700 1 -- 172.21.15.28:0/1771092729 <== mon.0 v2:172.21.15.28:3300/0 4 ==== mgrmap(e 8) v1 ==== 36120+0+0 (secure 0 0 0) 0x7fa15400f070 con 0x7fa1580fbb00
2023-11-15T04:00:06.771 INFO:teuthology.orchestra.run.smithi028.stderr:/usr/bin/ceph:
2023-11-15T04:00:06.763+0000 7fa15f241700 1 -- 172.21.15.28:0/1771092729 --> [v2:172.21.15.28:3300/0,v1:172.21.15.28:6789/0] -- mon_command({"prefix": "get_command_descriptions"} v 0) v1 -- 0x7fa158045ad0 con 0x7fa1580fbb00
2023-11-15T04:00:06.771 INFO:teuthology.orchestra.run.smithi028.stderr:/usr/bin/ceph:
2023-11-15T04:00:06.764+0000 7fa146ffd700 1 --2- 172.21.15.28:0/1771092729 >> [v2:172.21.15.28:6800/109714870,v1:172.21.15.28:6801/109714870] conn(0x7fa14002fdb0 0x7fa140032270 unknown :-1 s=NONE pgs=0 cs=0 l=1 rev1=0 rx=0 tx=0).connect
2023-11-15T04:00:06.772 INFO:teuthology.orchestra.run.smithi028.stderr:/usr/bin/ceph:
2023-11-15T04:00:06.764+0000 7fa146ffd700 1 -- 172.21.15.28:0/1771092729 <== mon.0 v2:172.21.15.28:3300/0 5 ==== osd_map(2..2 src has 1..2) v4 ==== 926+0+0 (secure 0 0 0) 0x7fa154040f70 con 0x7fa1580fbb00
2023-11-15T04:00:06.772 INFO:teuthology.orchestra.run.smithi028.stderr:/usr/bin/ceph:
2023-11-15T04:00:06.764+0000 7fa15da3e700 1 --2- 172.21.15.28:0/1771092729 >> [v2:172.21.15.28:6800/109714870,v1:172.21.15.28:6801/109714870] conn(0x7fa14002fdb0 0x7fa140032270 unknown :-1 s=BANNER_CONNECTING pgs=0 cs=0 l=1 rev1=0 rx=0 tx=0)._handle_peer_banner_payload supported=1 required=0
2023-11-15T04:00:06.772 INFO:teuthology.orchestra.run.smithi028.stderr:/usr/bin/ceph:
2023-11-15T04:00:06.764+0000 7fa15da3e700 1 --2- 172.21.15.28:0/1771092729 >> [v2:172.21.15.28:6800/109714870,v1:172.21.15.28:6801/109714870] conn(0x7fa14002fdb0 0x7fa140032270 secure :-1 s=READY pgs=14 cs=0 l=1 rev1=1 rx=0x7fa1480096a0 tx=0x7fa148006b40).ready entity=mgr.14116 client_cookie=0 server_cookie=0 in_seq=0 out_seq=0
2023-11-15T04:00:06.772 INFO:teuthology.orchestra.run.smithi028.stderr:/usr/bin/ceph:
2023-11-15T04:00:06.768+0000 7fa146ffd700 1 -- 172.21.15.28:0/1771092729 <== mon.0 v2:172.21.15.28:3300/0 6 ==== mon_command_ack([{"prefix": "get_command_descriptions"}]=0 v0) v1 ==== 72+0+152212 (secure 0 0 0) 0x7fa15406d2b0 con 0x7fa1580fbb00
2023-11-15T04:00:06.973 INFO:teuthology.orchestra.run.smithi028.stderr:/usr/bin/ceph:
2023-11-15T04:00:06.972+0000 7fa15f241700 1 -- 172.21.15.28:0/1771092729 --> [v2:172.21.15.28:3300/0,v1:172.21.15.28:6789/0] -- mon_command({"prefix": "mgr module enable", "module": "prometheus"} v 0) v1 -- 0x7fa1580fd810 con 0x7fa1580fbb00
2023-11-15T04:00:07.365 INFO:teuthology.orchestra.run.smithi028.stderr:/usr/bin/ceph:
2023-11-15T04:00:07.364+0000 7fa146ffd700 1 -- 172.21.15.28:0/1771092729 <== mon.0 v2:172.21.15.28:3300/0 7 ==== mgrmap(e 9) v1 ==== 36134+0+0 (secure 0 0 0) 0x7fa1540244b0 con 0x7fa1580fbb00
2023-11-15T04:00:07.366 INFO:teuthology.orchestra.run.smithi028.stderr:/usr/bin/ceph:
2023-11-15T04:00:07.365+0000 7fa146ffd700 1 -- 172.21.15.28:0/1771092729 <== mon.0 v2:172.21.15.28:3300/0 8 ==== mon_command_ack([{"prefix": "mgr module enable", "module": "prometheus"}]=0 v9) v1 ==== 89+0+0 (secure 0 0 0) 0x7fa1540444e0 con 0x7fa1580fbb00
2023-11-15T04:00:07.370 INFO:teuthology.orchestra.run.smithi028.stderr:/usr/bin/ceph:
2023-11-15T04:00:07.367+0000 7fa15f241700 1 -- 172.21.15.28:0/1771092729 >> [v2:172.21.15.28:6800/109714870,v1:172.21.15.28:6801/109714870] conn(0x7fa14002fdb0 msgr2=0x7fa140032270 secure :-1 s=STATE_CONNECTION_ESTABLISHED l=1).mark_down
2023-11-15T04:00:07.370 INFO:teuthology.orchestra.run.smithi028.stderr:/usr/bin/ceph:
2023-11-15T04:00:07.367+0000 7fa15f241700 1 --2- 172.21.15.28:0/1771092729 >> [v2:172.21.15.28:6800/109714870,v1:172.21.15.28:6801/109714870] conn(0x7fa14002fdb0 0x7fa140032270 secure :-1 s=READY pgs=14 cs=0 l=1 rev1=1 rx=0x7fa1480096a0 tx=0x7fa148006b40).stop
2023-11-15T04:00:07.370 INFO:teuthology.orchestra.run.smithi028.stderr:/usr/bin/ceph:
2023-11-15T04:00:07.367+0000 7fa15f241700 1 -- 172.21.15.28:0/1771092729 >> [v2:172.21.15.28:3300/0,v1:172.21.15.28:6789/0] conn(0x7fa1580fbb00 msgr2=0x7fa158072570 secure :-1 s=STATE_CONNECTION_ESTABLISHED l=1).mark_down
2023-11-15T04:00:07.371 INFO:teuthology.orchestra.run.smithi028.stderr:/usr/bin/ceph:
2023-11-15T04:00:07.367+0000 7fa15f241700 1 --2- 172.21.15.28:0/1771092729 >> [v2:172.21.15.28:3300/0,v1:172.21.15.28:6789/0] conn(0x7fa1580fbb00 0x7fa158072570 secure :-1 s=READY pgs=48 cs=0 l=1 rev1=1 rx=0x7fa15400e040 tx=0x7fa154006ee0).stop
2023-11-15T04:00:07.371 INFO:teuthology.orchestra.run.smithi028.stderr:/usr/bin/ceph:
2023-11-15T04:00:07.367+0000 7fa15f241700 1 -- 172.21.15.28:0/1771092729 shutdown_connections
2023-11-15T04:00:07.371 INFO:teuthology.orchestra.run.smithi028.stderr:/usr/bin/ceph:
2023-11-15T04:00:07.367+0000 7fa15f241700 1 --2- 172.21.15.28:0/1771092729 >> [v2:172.21.15.28:6800/109714870,v1:172.21.15.28:6801/109714870] conn(0x7fa14002fdb0 0x7fa140032270 unknown :-1 s=CLOSED pgs=14 cs=0 l=1 rev1=1 rx=0 tx=0).stop
2023-11-15T04:00:07.371 INFO:teuthology.orchestra.run.smithi028.stderr:/usr/bin/ceph:
2023-11-15T04:00:07.367+0000 7fa15f241700 1 --2- 172.21.15.28:0/1771092729 >> [v2:172.21.15.28:3300/0,v1:172.21.15.28:6789/0] conn(0x7fa1580fbb00 0x7fa158072570 unknown :-1 s=CLOSED pgs=48 cs=0 l=1 rev1=1 rx=0 tx=0).stop
2023-11-15T04:00:07.371 INFO:teuthology.orchestra.run.smithi028.stderr:/usr/bin/ceph:
2023-11-15T04:00:07.367+0000 7fa15f241700 1 -- 172.21.15.28:0/1771092729 >> 172.21.15.28:0/1771092729 conn(0x7fa1580f7380 msgr2=0x7fa1580f8e50 unknown :-1 s=STATE_NONE l=0).mark_down
2023-11-15T04:00:07.372 INFO:teuthology.orchestra.run.smithi028.stderr:/usr/bin/ceph:
2023-11-15T04:00:07.368+0000 7fa15f241700 1 -- 172.21.15.28:0/1771092729 shutdown_connections
2023-11-15T04:00:07.372 INFO:teuthology.orchestra.run.smithi028.stderr:/usr/bin/ceph:
2023-11-15T04:00:07.368+0000 7fa15f241700 1 -- 172.21.15.28:0/1771092729 wait complete.
2023-11-15T04:00:07.615 INFO:journalctl@ceph.mon.smithi028.smithi028.stdout:Nov 15 04:00:07 smithi028 ceph-4f3a6532-836b-11ee-8dbe-212e2dc638e7-mon.smithi028[112441]: audit
2023-11-15T04:00:06.037236+0000 mgr.smithi028.vpjsvm (mgr.14116) 14 : audit [DBG] from='client.14140 -' entity='client.admin' cmd=[{"prefix": "orch apply", "service_type": "crash", "target": ["mon-mgr", ""]}]: dispatch
2023-11-15T04:00:07.616 INFO:journalctl@ceph.mon.smithi028.smithi028.stdout:Nov 15 04:00:07 smithi028 ceph-4f3a6532-836b-11ee-8dbe-212e2dc638e7-mon.smithi028[112441]: cephadm
2023-11-15T04:00:06.037979+0000 mgr.smithi028.vpjsvm (mgr.14116) 15 : cephadm [INF] Saving service crash spec with placement *
2023-11-15T04:00:07.616 INFO:journalctl@ceph.mon.smithi028.smithi028.stdout:Nov 15 04:00:07 smithi028 ceph-4f3a6532-836b-11ee-8dbe-212e2dc638e7-mon.smithi028[112441]: audit
2023-11-15T04:00:06.974038+0000 mon.smithi028 (mon.0) 60 : audit [INF] from='client.? 172.21.15.28:0/1771092729' entity='client.admin' cmd=[{"prefix": "mgr module enable", "module": "prometheus"}]: dispatch
2023-11-15T04:00:07.731 INFO:teuthology.orchestra.run.smithi028.stderr:Deploying prometheus service with default placement...
2023-11-15T04:00:07.732 INFO:teuthology.orchestra.run.smithi028.stderr:Running command: /bin/podman run --rm --ipc=host --no-hosts --net=host --entrypoint /usr/bin/ceph --init -e CONTAINER_IMAGE=docker.io/ceph/ceph:v16.2.4 -e NODE_NAME=smithi028 -e CEPH_USE_RANDOM_NONCE=1 -v /var/log/ceph/4f3a6532-836b-11ee-8dbe-212e2dc638e7:/var/log/ceph:z -v /tmp/ceph-tmpv2xxgi20:/etc/ceph/ceph.client.admin.keyring:z -v /tmp/ceph-tmp6bu1c8ad:/etc/ceph/ceph.conf:z docker.io/ceph/ceph:v16.2.4 orch apply prometheus
2023-11-15T04:00:08.123 INFO:teuthology.orchestra.run.smithi028.stderr:/usr/bin/ceph:
2023-11-15T04:00:08.121+0000 7fc61659d700 1 Processor -- start
2023-11-15T04:00:08.123 INFO:teuthology.orchestra.run.smithi028.stderr:/usr/bin/ceph:
2023-11-15T04:00:08.121+0000 7fc61659d700 1 -- start start
2023-11-15T04:00:08.123 INFO:teuthology.orchestra.run.smithi028.stderr:/usr/bin/ceph:
2023-11-15T04:00:08.122+0000 7fc61659d700 1 --2- >> [v2:172.21.15.28:3300/0,v1:172.21.15.28:6789/0] conn(0x7fc6100fc290 0x7fc6100fc6b0 unknown :-1 s=NONE pgs=0 cs=0 l=0 rev1=0 rx=0 tx=0).connect
2023-11-15T04:00:08.127 INFO:teuthology.orchestra.run.smithi028.stderr:/usr/bin/ceph:
2023-11-15T04:00:08.122+0000 7fc61659d700 1 -- --> [v2:172.21.15.28:3300/0,v1:172.21.15.28:6789/0] -- mon_getmap magic: 0 v1 -- 0x7fc6100fcba0 con 0x7fc6100fc290
2023-11-15T04:00:08.127 INFO:teuthology.orchestra.run.smithi028.stderr:/usr/bin/ceph:
2023-11-15T04:00:08.122+0000 7fc60ffff700 1 --2- >> [v2:172.21.15.28:3300/0,v1:172.21.15.28:6789/0] conn(0x7fc6100fc290 0x7fc6100fc6b0 unknown :-1 s=BANNER_CONNECTING pgs=0 cs=0 l=0 rev1=0 rx=0 tx=0)._handle_peer_banner_payload supported=1 required=0
2023-11-15T04:00:08.127 INFO:teuthology.orchestra.run.smithi028.stderr:/usr/bin/ceph:
2023-11-15T04:00:08.122+0000 7fc60ffff700 1 --2- >> [v2:172.21.15.28:3300/0,v1:172.21.15.28:6789/0] conn(0x7fc6100fc290 0x7fc6100fc6b0 unknown :-1 s=HELLO_CONNECTING pgs=0 cs=0 l=0 rev1=1 rx=0 tx=0).handle_hello peer v2:172.21.15.28:3300/0 says I am v2:172.21.15.28:52442/0 (socket says 172.21.15.28:52442)
2023-11-15T04:00:08.127 INFO:teuthology.orchestra.run.smithi028.stderr:/usr/bin/ceph:
2023-11-15T04:00:08.122+0000 7fc60ffff700 1 -- 172.21.15.28:0/960748938 learned_addr learned my addr 172.21.15.28:0/960748938 (peer_addr_for_me v2:172.21.15.28:0/0)
2023-11-15T04:00:08.127 INFO:teuthology.orchestra.run.smithi028.stderr:/usr/bin/ceph:
2023-11-15T04:00:08.122+0000 7fc60ffff700 1 -- 172.21.15.28:0/960748938 --> [v2:172.21.15.28:3300/0,v1:172.21.15.28:6789/0] -- mon_subscribe({config=0+,monmap=0+}) v3 -- 0x7fc6100fcce0 con 0x7fc6100fc290
2023-11-15T04:00:08.128 INFO:teuthology.orchestra.run.smithi028.stderr:/usr/bin/ceph:
2023-11-15T04:00:08.122+0000 7fc60ffff700 1 --2- 172.21.15.28:0/960748938 >> [v2:172.21.15.28:3300/0,v1:172.21.15.28:6789/0] conn(0x7fc6100fc290 0x7fc6100fc6b0 secure :-1 s=READY pgs=51 cs=0 l=1 rev1=1 rx=0x7fc60000b5f0 tx=0x7fc600006ee0).ready entity=mon.0 client_cookie=695baf805f5130f6 server_cookie=0 in_seq=0 out_seq=0
2023-11-15T04:00:08.128 INFO:teuthology.orchestra.run.smithi028.stderr:/usr/bin/ceph:
2023-11-15T04:00:08.123+0000 7fc60effd700 1 -- 172.21.15.28:0/960748938 <== mon.0 v2:172.21.15.28:3300/0 1 ==== mon_map magic: 0 v1 ==== 229+0+0 (secure 0 0 0) 0x7fc60000d600 con 0x7fc6100fc290
2023-11-15T04:00:08.128 INFO:teuthology.orchestra.run.smithi028.stderr:/usr/bin/ceph:
2023-11-15T04:00:08.123+0000 7fc60effd700 1 -- 172.21.15.28:0/960748938 <== mon.0 v2:172.21.15.28:3300/0 2 ==== config(25 keys) v1 ==== 1010+0+0 (secure 0 0 0) 0x7fc60000dbd0 con 0x7fc6100fc290
2023-11-15T04:00:08.128 INFO:teuthology.orchestra.run.smithi028.stderr:/usr/bin/ceph:
2023-11-15T04:00:08.123+0000 7fc60effd700 1 -- 172.21.15.28:0/960748938 <== mon.0 v2:172.21.15.28:3300/0 3 ==== mon_map magic: 0 v1 ==== 229+0+0 (secure 0 0 0) 0x7fc600011c00 con 0x7fc6100fc290
2023-11-15T04:00:08.128 INFO:teuthology.orchestra.run.smithi028.stderr:/usr/bin/ceph:
2023-11-15T04:00:08.123+0000 7fc61659d700 1 -- 172.21.15.28:0/960748938 >> [v2:172.21.15.28:3300/0,v1:172.21.15.28:6789/0] conn(0x7fc6100fc290 msgr2=0x7fc6100fc6b0 secure :-1 s=STATE_CONNECTION_ESTABLISHED l=1).mark_down
2023-11-15T04:00:08.129 INFO:teuthology.orchestra.run.smithi028.stderr:/usr/bin/ceph:
2023-11-15T04:00:08.123+0000 7fc61659d700 1 --2- 172.21.15.28:0/960748938 >> [v2:172.21.15.28:3300/0,v1:172.21.15.28:6789/0] conn(0x7fc6100fc290 0x7fc6100fc6b0 secure :-1 s=READY pgs=51 cs=0 l=1 rev1=1 rx=0x7fc60000b5f0 tx=0x7fc600006ee0).stop
2023-11-15T04:00:08.129 INFO:teuthology.orchestra.run.smithi028.stderr:/usr/bin/ceph:
2023-11-15T04:00:08.123+0000 7fc61659d700 1 -- 172.21.15.28:0/960748938 shutdown_connections
2023-11-15T04:00:08.129 INFO:teuthology.orchestra.run.smithi028.stderr:/usr/bin/ceph:
2023-11-15T04:00:08.123+0000 7fc61659d700 1 --2- 172.21.15.28:0/960748938 >> [v2:172.21.15.28:3300/0,v1:172.21.15.28:6789/0] conn(0x7fc6100fc290 0x7fc6100fc6b0 unknown :-1 s=CLOSED pgs=51 cs=0 l=1 rev1=1 rx=0 tx=0).stop
2023-11-15T04:00:08.129 INFO:teuthology.orchestra.run.smithi028.stderr:/usr/bin/ceph:
2023-11-15T04:00:08.123+0000 7fc61659d700 1 -- 172.21.15.28:0/960748938 >> 172.21.15.28:0/960748938 conn(0x7fc6100f5b40 msgr2=0x7fc6100f7f60 unknown :-1 s=STATE_NONE l=0).mark_down
2023-11-15T04:00:08.129 INFO:teuthology.orchestra.run.smithi028.stderr:/usr/bin/ceph:
2023-11-15T04:00:08.123+0000 7fc61659d700 1 -- 172.21.15.28:0/960748938 shutdown_connections
2023-11-15T04:00:08.130 INFO:teuthology.orchestra.run.smithi028.stderr:/usr/bin/ceph:
2023-11-15T04:00:08.123+0000 7fc61659d700 1 -- 172.21.15.28:0/960748938 wait complete.
2023-11-15T04:00:08.130 INFO:teuthology.orchestra.run.smithi028.stderr:/usr/bin/ceph:
2023-11-15T04:00:08.124+0000 7fc61659d700 1 Processor -- start
2023-11-15T04:00:08.130 INFO:teuthology.orchestra.run.smithi028.stderr:/usr/bin/ceph:
2023-11-15T04:00:08.124+0000 7fc61659d700 1 -- start start
2023-11-15T04:00:08.130 INFO:teuthology.orchestra.run.smithi028.stderr:/usr/bin/ceph:
2023-11-15T04:00:08.124+0000 7fc61659d700 1 --2- >> [v2:172.21.15.28:3300/0,v1:172.21.15.28:6789/0] conn(0x7fc6100fc290 0x7fc61010cbf0 unknown :-1 s=NONE pgs=0 cs=0 l=1 rev1=0 rx=0 tx=0).connect
2023-11-15T04:00:08.130 INFO:teuthology.orchestra.run.smithi028.stderr:/usr/bin/ceph:
2023-11-15T04:00:08.124+0000 7fc61659d700 1 -- --> [v2:172.21.15.28:3300/0,v1:172.21.15.28:6789/0] -- mon_getmap magic: 0 v1 -- 0x7fc61010d0e0 con 0x7fc6100fc290
2023-11-15T04:00:08.131 INFO:teuthology.orchestra.run.smithi028.stderr:/usr/bin/ceph:
2023-11-15T04:00:08.125+0000 7fc60ffff700 1 --2- >> [v2:172.21.15.28:3300/0,v1:172.21.15.28:6789/0] conn(0x7fc6100fc290 0x7fc61010cbf0 unknown :-1 s=BANNER_CONNECTING pgs=0 cs=0 l=1 rev1=0 rx=0 tx=0)._handle_peer_banner_payload supported=1 required=0
2023-11-15T04:00:08.131 INFO:teuthology.orchestra.run.smithi028.stderr:/usr/bin/ceph:
2023-11-15T04:00:08.125+0000 7fc60ffff700 1 --2- >> [v2:172.21.15.28:3300/0,v1:172.21.15.28:6789/0] conn(0x7fc6100fc290 0x7fc61010cbf0 unknown :-1 s=HELLO_CONNECTING pgs=0 cs=0 l=1 rev1=1 rx=0 tx=0).handle_hello peer v2:172.21.15.28:3300/0 says I am v2:172.21.15.28:52446/0 (socket says 172.21.15.28:52446)
2023-11-15T04:00:08.131 INFO:teuthology.orchestra.run.smithi028.stderr:/usr/bin/ceph:
2023-11-15T04:00:08.125+0000 7fc60ffff700 1 -- 172.21.15.28:0/622711804 learned_addr learned my addr 172.21.15.28:0/622711804 (peer_addr_for_me v2:172.21.15.28:0/0)
2023-11-15T04:00:08.131 INFO:teuthology.orchestra.run.smithi028.stderr:/usr/bin/ceph:
2023-11-15T04:00:08.125+0000 7fc60ffff700 1 -- 172.21.15.28:0/622711804 --> [v2:172.21.15.28:3300/0,v1:172.21.15.28:6789/0] -- mon_subscribe({config=0+,monmap=0+}) v3 -- 0x7fc60000b200 con 0x7fc6100fc290
2023-11-15T04:00:08.131 INFO:teuthology.orchestra.run.smithi028.stderr:/usr/bin/ceph:
2023-11-15T04:00:08.125+0000 7fc60ffff700 1 --2- 172.21.15.28:0/622711804 >> [v2:172.21.15.28:3300/0,v1:172.21.15.28:6789/0] conn(0x7fc6100fc290 0x7fc61010cbf0 secure :-1 s=READY pgs=52 cs=0 l=1 rev1=1 rx=0x7fc60000e040 tx=0x7fc600006ee0).ready entity=mon.0 client_cookie=0 server_cookie=0 in_seq=0 out_seq=0
2023-11-15T04:00:08.132 INFO:teuthology.orchestra.run.smithi028.stderr:/usr/bin/ceph:
2023-11-15T04:00:08.125+0000 7fc60cff9700 1 -- 172.21.15.28:0/622711804 <== mon.0 v2:172.21.15.28:3300/0 1 ==== mon_map magic: 0 v1 ==== 229+0+0 (secure 0 0 0) 0x7fc60001b410 con 0x7fc6100fc290
2023-11-15T04:00:08.132 INFO:teuthology.orchestra.run.smithi028.stderr:/usr/bin/ceph:
2023-11-15T04:00:08.125+0000 7fc60cff9700 1 -- 172.21.15.28:0/622711804 <== mon.0 v2:172.21.15.28:3300/0 2 ==== config(25 keys) v1 ==== 1010+0+0 (secure 0 0 0) 0x7fc60001b9e0 con 0x7fc6100fc290
2023-11-15T04:00:08.132 INFO:teuthology.orchestra.run.smithi028.stderr:/usr/bin/ceph:
2023-11-15T04:00:08.125+0000 7fc60cff9700 1 -- 172.21.15.28:0/622711804 <== mon.0 v2:172.21.15.28:3300/0 3 ==== mon_map magic: 0 v1 ==== 229+0+0 (secure 0 0 0) 0x7fc60001a820 con 0x7fc6100fc290
2023-11-15T04:00:08.132 INFO:teuthology.orchestra.run.smithi028.stderr:/usr/bin/ceph:
2023-11-15T04:00:08.125+0000 7fc61659d700 1 -- 172.21.15.28:0/622711804 --> [v2:172.21.15.28:3300/0,v1:172.21.15.28:6789/0] -- mon_subscribe({mgrmap=0+}) v3 -- 0x7fc61010d2e0 con 0x7fc6100fc290
2023-11-15T04:00:08.132 INFO:teuthology.orchestra.run.smithi028.stderr:/usr/bin/ceph:
2023-11-15T04:00:08.125+0000 7fc61659d700 1 -- 172.21.15.28:0/622711804 --> [v2:172.21.15.28:3300/0,v1:172.21.15.28:6789/0] -- mon_subscribe({osdmap=0}) v3 -- 0x7fc61010d6f0 con 0x7fc6100fc290
2023-11-15T04:00:08.133 INFO:teuthology.orchestra.run.smithi028.stderr:/usr/bin/ceph:
2023-11-15T04:00:08.126+0000 7fc60cff9700 1 -- 172.21.15.28:0/622711804 <== mon.0 v2:172.21.15.28:3300/0 4 ==== mgrmap(e 9) v1 ==== 36134+0+0 (secure 0 0 0) 0x7fc60000f070 con 0x7fc6100fc290
2023-11-15T04:00:08.134 INFO:teuthology.orchestra.run.smithi028.stderr:/usr/bin/ceph:
2023-11-15T04:00:08.126+0000 7fc60cff9700 1 --2- 172.21.15.28:0/622711804 >> [v2:172.21.15.28:6800/109714870,v1:172.21.15.28:6801/109714870] conn(0x7fc5fc02fdb0 0x7fc5fc032270 unknown :-1 s=NONE pgs=0 cs=0 l=1 rev1=0 rx=0 tx=0).connect
2023-11-15T04:00:08.134 INFO:teuthology.orchestra.run.smithi028.stderr:/usr/bin/ceph:
2023-11-15T04:00:08.127+0000 7fc60cff9700 1 -- 172.21.15.28:0/622711804 <== mon.0 v2:172.21.15.28:3300/0 5 ==== osd_map(2..2 src has 1..2) v4 ==== 926+0+0 (secure 0 0 0) 0x7fc600041400 con 0x7fc6100fc290
2023-11-15T04:00:08.134 INFO:teuthology.orchestra.run.smithi028.stderr:/usr/bin/ceph:
2023-11-15T04:00:08.127+0000 7fc60f7fe700 1 -- 172.21.15.28:0/622711804 >> [v2:172.21.15.28:6800/109714870,v1:172.21.15.28:6801/109714870] conn(0x7fc5fc02fdb0 msgr2=0x7fc5fc032270 unknown :-1 s=STATE_CONNECTING_RE l=1).process reconnect failed to v2:172.21.15.28:6800/109714870
2023-11-15T04:00:08.134 INFO:teuthology.orchestra.run.smithi028.stderr:/usr/bin/ceph:
2023-11-15T04:00:08.127+0000 7fc60f7fe700 1 --2- 172.21.15.28:0/622711804 >> [v2:172.21.15.28:6800/109714870,v1:172.21.15.28:6801/109714870] conn(0x7fc5fc02fdb0 0x7fc5fc032270 unknown :-1 s=START_CONNECT pgs=0 cs=0 l=1 rev1=0 rx=0 tx=0)._fault waiting 0.200000
2023-11-15T04:00:08.134 INFO:teuthology.orchestra.run.smithi028.stderr:/usr/bin/ceph:
2023-11-15T04:00:08.127+0000 7fc61659d700 1 -- 172.21.15.28:0/622711804 --> [v2:172.21.15.28:3300/0,v1:172.21.15.28:6789/0] -- mon_command({"prefix": "get_command_descriptions"} v 0) v1 -- 0x7fc610059100 con 0x7fc6100fc290
2023-11-15T04:00:08.135 INFO:teuthology.orchestra.run.smithi028.stderr:/usr/bin/ceph:
2023-11-15T04:00:08.132+0000 7fc60cff9700 1 -- 172.21.15.28:0/622711804 <== mon.0 v2:172.21.15.28:3300/0 6 ==== mon_command_ack([{"prefix": "get_command_descriptions"}]=0 v0) v1 ==== 72+0+152212 (secure 0 0 0) 0x7fc600016070 con 0x7fc6100fc290
2023-11-15T04:00:08.329 INFO:teuthology.orchestra.run.smithi028.stderr:/usr/bin/ceph:
2023-11-15T04:00:08.328+0000 7fc60f7fe700 1 -- 172.21.15.28:0/622711804 >> [v2:172.21.15.28:6800/109714870,v1:172.21.15.28:6801/109714870] conn(0x7fc5fc02fdb0 msgr2=0x7fc5fc032270 unknown :-1 s=STATE_CONNECTING_RE l=1).process reconnect failed to v2:172.21.15.28:6800/109714870
2023-11-15T04:00:08.329 INFO:teuthology.orchestra.run.smithi028.stderr:/usr/bin/ceph:
2023-11-15T04:00:08.328+0000 7fc60f7fe700 1 --2- 172.21.15.28:0/622711804 >> [v2:172.21.15.28:6800/109714870,v1:172.21.15.28:6801/109714870] conn(0x7fc5fc02fdb0 0x7fc5fc032270 unknown :-1 s=START_CONNECT pgs=0 cs=0 l=1 rev1=0 rx=0 tx=0)._fault waiting 0.400000
2023-11-15T04:00:08.331 INFO:teuthology.orchestra.run.smithi028.stderr:/usr/bin/ceph:
2023-11-15T04:00:08.330+0000 7fc61659d700 1 -- 172.21.15.28:0/622711804 --> [v2:172.21.15.28:6800/109714870,v1:172.21.15.28:6801/109714870] -- mgr_command(tid 0: {"prefix": "orch apply", "service_type": "prometheus", "target": ["mon-mgr", ""]}) v1 -- 0x7fc610106b20 con 0x7fc5fc02fdb0
2023-11-15T04:00:08.615 INFO:journalctl@ceph.mon.smithi028.smithi028.stdout:Nov 15 04:00:08 smithi028 ceph-4f3a6532-836b-11ee-8dbe-212e2dc638e7-mon.smithi028[112441]: audit
2023-11-15T04:00:07.366559+0000 mon.smithi028 (mon.0) 61 : audit [INF] from='client.? 172.21.15.28:0/1771092729' entity='client.admin' cmd='[{"prefix": "mgr module enable", "module": "prometheus"}]': finished
2023-11-15T04:00:08.616 INFO:journalctl@ceph.mon.smithi028.smithi028.stdout:Nov 15 04:00:08 smithi028 ceph-4f3a6532-836b-11ee-8dbe-212e2dc638e7-mon.smithi028[112441]: cluster
2023-11-15T04:00:07.366631+0000 mon.smithi028 (mon.0) 62 : cluster [DBG] mgrmap e9: smithi028.vpjsvm(active, since 16s)
2023-11-15T04:00:08.730 INFO:teuthology.orchestra.run.smithi028.stderr:/usr/bin/ceph:
2023-11-15T04:00:08.729+0000 7fc60f7fe700 1 -- 172.21.15.28:0/622711804 >> [v2:172.21.15.28:6800/109714870,v1:172.21.15.28:6801/109714870] conn(0x7fc5fc02fdb0 msgr2=0x7fc5fc032270 unknown :-1 s=STATE_CONNECTING_RE l=1).process reconnect failed to v2:172.21.15.28:6800/109714870
2023-11-15T04:00:08.730 INFO:teuthology.orchestra.run.smithi028.stderr:/usr/bin/ceph:
2023-11-15T04:00:08.729+0000 7fc60f7fe700 1 --2- 172.21.15.28:0/622711804 >> [v2:172.21.15.28:6800/109714870,v1:172.21.15.28:6801/109714870] conn(0x7fc5fc02fdb0 0x7fc5fc032270 unknown :-1 s=START_CONNECT pgs=0 cs=0 l=1 rev1=0 rx=0 tx=0)._fault waiting 0.800000
2023-11-15T04:00:09.531 INFO:teuthology.orchestra.run.smithi028.stderr:/usr/bin/ceph:
2023-11-15T04:00:09.530+0000 7fc60f7fe700 1 -- 172.21.15.28:0/622711804 >> [v2:172.21.15.28:6800/109714870,v1:172.21.15.28:6801/109714870] conn(0x7fc5fc02fdb0 msgr2=0x7fc5fc032270 unknown :-1 s=STATE_CONNECTING_RE l=1).process reconnect failed to v2:172.21.15.28:6800/109714870
2023-11-15T04:00:09.531 INFO:teuthology.orchestra.run.smithi028.stderr:/usr/bin/ceph:
2023-11-15T04:00:09.530+0000 7fc60f7fe700 1 --2- 172.21.15.28:0/622711804 >> [v2:172.21.15.28:6800/109714870,v1:172.21.15.28:6801/109714870] conn(0x7fc5fc02fdb0 0x7fc5fc032270 unknown :-1 s=START_CONNECT pgs=0 cs=0 l=1 rev1=0 rx=0 tx=0)._fault waiting 1.600000
2023-11-15T04:00:11.133 INFO:teuthology.orchestra.run.smithi028.stderr:/usr/bin/ceph:
2023-11-15T04:00:11.131+0000 7fc60f7fe700 1 -- 172.21.15.28:0/622711804 >> [v2:172.21.15.28:6800/109714870,v1:172.21.15.28:6801/109714870] conn(0x7fc5fc02fdb0 msgr2=0x7fc5fc032270 unknown :-1 s=STATE_CONNECTING_RE l=1).process reconnect failed to v2:172.21.15.28:6800/109714870
2023-11-15T04:00:11.133 INFO:teuthology.orchestra.run.smithi028.stderr:/usr/bin/ceph:
2023-11-15T04:00:11.131+0000 7fc60f7fe700 1 --2- 172.21.15.28:0/622711804 >> [v2:172.21.15.28:6800/109714870,v1:172.21.15.28:6801/109714870] conn(0x7fc5fc02fdb0 0x7fc5fc032270 unknown :-1 s=START_CONNECT pgs=0 cs=0 l=1 rev1=0 rx=0 tx=0)._fault waiting 3.200000
2023-11-15T04:00:13.355 INFO:teuthology.orchestra.run.smithi028.stderr:/usr/bin/ceph:
2023-11-15T04:00:13.353+0000 7fc60cff9700 1 -- 172.21.15.28:0/622711804 <== mon.0 v2:172.21.15.28:3300/0 7 ==== mgrmap(e 10) v1 ==== 35984+0+0 (secure 0 0 0) 0x7fc600022d80 con 0x7fc6100fc290
2023-11-15T04:00:13.356 INFO:teuthology.orchestra.run.smithi028.stderr:/usr/bin/ceph:
2023-11-15T04:00:13.353+0000 7fc60cff9700 1 -- 172.21.15.28:0/622711804 >> [v2:172.21.15.28:6800/109714870,v1:172.21.15.28:6801/109714870] conn(0x7fc5fc02fdb0 msgr2=0x7fc5fc032270 unknown :-1 s=STATE_CONNECTING l=1).mark_down
2023-11-15T04:00:13.356 INFO:teuthology.orchestra.run.smithi028.stderr:/usr/bin/ceph:
2023-11-15T04:00:13.353+0000 7fc60cff9700 1 --2- 172.21.15.28:0/622711804 >> [v2:172.21.15.28:6800/109714870,v1:172.21.15.28:6801/109714870] conn(0x7fc5fc02fdb0 0x7fc5fc032270 unknown :-1 s=START_CONNECT pgs=0 cs=0 l=1 rev1=0 rx=0 tx=0).stop
2023-11-15T04:00:14.357 INFO:teuthology.orchestra.run.smithi028.stderr:/usr/bin/ceph:
2023-11-15T04:00:14.355+0000 7fc60cff9700 1 -- 172.21.15.28:0/622711804 <== mon.0 v2:172.21.15.28:3300/0 8 ==== mgrmap(e 11) v1 ==== 36054+0+0 (secure 0 0 0) 0x7fc6000431d0 con 0x7fc6100fc290
2023-11-15T04:00:14.357 INFO:teuthology.orchestra.run.smithi028.stderr:/usr/bin/ceph:
2023-11-15T04:00:14.355+0000 7fc60cff9700 1 --2- 172.21.15.28:0/622711804 >> [v2:172.21.15.28:6800/1947281091,v1:172.21.15.28:6801/1947281091] conn(0x7fc5fc033c20 0x7fc5fc036010 unknown :-1 s=NONE pgs=0 cs=0 l=1 rev1=0 rx=0 tx=0).connect
2023-11-15T04:00:14.358 INFO:teuthology.orchestra.run.smithi028.stderr:/usr/bin/ceph:
2023-11-15T04:00:14.355+0000 7fc60cff9700 1 -- 172.21.15.28:0/622711804 --> [v2:172.21.15.28:6800/1947281091,v1:172.21.15.28:6801/1947281091] -- mgr_command(tid 0: {"prefix": "orch apply", "service_type": "prometheus", "target": ["mon-mgr", ""]}) v1 -- 0x7fc610106b20 con 0x7fc5fc033c20
2023-11-15T04:00:14.358 INFO:teuthology.orchestra.run.smithi028.stderr:/usr/bin/ceph:
2023-11-15T04:00:14.355+0000 7fc60f7fe700 1 --2- 172.21.15.28:0/622711804 >> [v2:172.21.15.28:6800/1947281091,v1:172.21.15.28:6801/1947281091] conn(0x7fc5fc033c20 0x7fc5fc036010 unknown :-1 s=BANNER_CONNECTING pgs=0 cs=0 l=1 rev1=0 rx=0 tx=0)._handle_peer_banner_payload supported=1 required=0
2023-11-15T04:00:14.359 INFO:teuthology.orchestra.run.smithi028.stderr:/usr/bin/ceph:
2023-11-15T04:00:14.356+0000 7fc60f7fe700 1 --2- 172.21.15.28:0/622711804 >> [v2:172.21.15.28:6800/1947281091,v1:172.21.15.28:6801/1947281091] conn(0x7fc5fc033c20 0x7fc5fc036010 secure :-1 s=READY pgs=1 cs=0 l=1 rev1=1 rx=0x7fc6040036d0 tx=0x7fc604006cb0).ready entity=mgr.14144 client_cookie=0 server_cookie=0 in_seq=0 out_seq=0
2023-11-15T04:00:14.363 INFO:teuthology.orchestra.run.smithi028.stderr:/usr/bin/ceph:
2023-11-15T04:00:14.361+0000 7fc60cff9700 1 -- 172.21.15.28:0/622711804 <== mgr.14144 v2:172.21.15.28:6800/1947281091 1 ==== mgr_command_reply(tid 0: 0 ) v1 ==== 8+0+31 (secure 0 0 0) 0x7fc610106b20 con 0x7fc5fc033c20
2023-11-15T04:00:14.364 INFO:teuthology.orchestra.run.smithi028.stderr:/usr/bin/ceph: Scheduled prometheus update...
2023-11-15T04:00:14.366 INFO:teuthology.orchestra.run.smithi028.stderr:/usr/bin/ceph:
2023-11-15T04:00:14.364+0000 7fc61659d700 1 -- 172.21.15.28:0/622711804 >> [v2:172.21.15.28:6800/1947281091,v1:172.21.15.28:6801/1947281091] conn(0x7fc5fc033c20 msgr2=0x7fc5fc036010 secure :-1 s=STATE_CONNECTION_ESTABLISHED l=1).mark_down
2023-11-15T04:00:14.366 INFO:teuthology.orchestra.run.smithi028.stderr:/usr/bin/ceph:
2023-11-15T04:00:14.364+0000 7fc61659d700 1 --2- 172.21.15.28:0/622711804 >> [v2:172.21.15.28:6800/1947281091,v1:172.21.15.28:6801/1947281091] conn(0x7fc5fc033c20 0x7fc5fc036010 secure :-1 s=READY pgs=1 cs=0 l=1 rev1=1 rx=0x7fc6040036d0 tx=0x7fc604006cb0).stop
2023-11-15T04:00:14.366 INFO:teuthology.orchestra.run.smithi028.stderr:/usr/bin/ceph:
2023-11-15T04:00:14.364+0000 7fc61659d700 1 -- 172.21.15.28:0/622711804 >> [v2:172.21.15.28:3300/0,v1:172.21.15.28:6789/0] conn(0x7fc6100fc290 msgr2=0x7fc61010cbf0 secure :-1 s=STATE_CONNECTION_ESTABLISHED l=1).mark_down
2023-11-15T04:00:14.367 INFO:teuthology.orchestra.run.smithi028.stderr:/usr/bin/ceph:
2023-11-15T04:00:14.364+0000 7fc61659d700 1 --2- 172.21.15.28:0/622711804 >> [v2:172.21.15.28:3300/0,v1:172.21.15.28:6789/0] conn(0x7fc6100fc290 0x7fc61010cbf0 secure :-1 s=READY pgs=52 cs=0 l=1 rev1=1 rx=0x7fc60000e040 tx=0x7fc600006ee0).stop
2023-11-15T04:00:14.367 INFO:journalctl@ceph.mon.smithi028.smithi028.stdout:Nov 15 04:00:14 smithi028 ceph-4f3a6532-836b-11ee-8dbe-212e2dc638e7-mon.smithi028[112441]: cluster
2023-11-15T04:00:13.032457+0000 mon.smithi028 (mon.0) 63 : cluster [INF] Active manager daemon smithi028.vpjsvm restarted
2023-11-15T04:00:14.368 INFO:journalctl@ceph.mon.smithi028.smithi028.stdout:Nov 15 04:00:14 smithi028 ceph-4f3a6532-836b-11ee-8dbe-212e2dc638e7-mon.smithi028[112441]: cluster
2023-11-15T04:00:13.032989+0000 mon.smithi028 (mon.0) 64 : cluster [INF] Activating manager daemon smithi028.vpjsvm
2023-11-15T04:00:14.368 INFO:journalctl@ceph.mon.smithi028.smithi028.stdout:Nov 15 04:00:14 smithi028 ceph-4f3a6532-836b-11ee-8dbe-212e2dc638e7-mon.smithi028[112441]: cluster
2023-11-15T04:00:13.034982+0000 mon.smithi028 (mon.0) 65 : cluster [DBG] osdmap e3: 0 total, 0 up, 0 in
2023-11-15T04:00:14.368 INFO:journalctl@ceph.mon.smithi028.smithi028.stdout:Nov 15 04:00:14 smithi028 ceph-4f3a6532-836b-11ee-8dbe-212e2dc638e7-mon.smithi028[112441]: cluster
2023-11-15T04:00:13.356568+0000 mon.smithi028 (mon.0) 66 : cluster [DBG] mgrmap e10: smithi028.vpjsvm(active, starting, since 0.323682s)
2023-11-15T04:00:14.369 INFO:journalctl@ceph.mon.smithi028.smithi028.stdout:Nov 15 04:00:14 smithi028 ceph-4f3a6532-836b-11ee-8dbe-212e2dc638e7-mon.smithi028[112441]: audit
2023-11-15T04:00:13.357998+0000 mon.smithi028 (mon.0) 67 : audit [DBG] from='mgr.14144 172.21.15.28:0/3861473951' entity='mgr.smithi028.vpjsvm' cmd=[{"prefix": "mon metadata", "id": "smithi028"}]: dispatch
2023-11-15T04:00:14.369 INFO:journalctl@ceph.mon.smithi028.smithi028.stdout:Nov 15 04:00:14 smithi028 ceph-4f3a6532-836b-11ee-8dbe-212e2dc638e7-mon.smithi028[112441]: audit
2023-11-15T04:00:13.358726+0000 mon.smithi028 (mon.0) 68 : audit [DBG] from='mgr.14144 172.21.15.28:0/3861473951' entity='mgr.smithi028.vpjsvm' cmd=[{"prefix": "mgr metadata", "who": "smithi028.vpjsvm", "id": "smithi028.vpjsvm"}]: dispatch
2023-11-15T04:00:14.369 INFO:journalctl@ceph.mon.smithi028.smithi028.stdout:Nov 15 04:00:14 smithi028 ceph-4f3a6532-836b-11ee-8dbe-212e2dc638e7-mon.smithi028[112441]: audit
2023-11-15T04:00:13.359973+0000 mon.smithi028 (mon.0) 69 : audit [DBG] from='mgr.14144 172.21.15.28:0/3861473951' entity='mgr.smithi028.vpjsvm' cmd=[{"prefix": "mds metadata"}]: dispatch
2023-11-15T04:00:14.370 INFO:journalctl@ceph.mon.smithi028.smithi028.stdout:Nov 15 04:00:14 smithi028 ceph-4f3a6532-836b-11ee-8dbe-212e2dc638e7-mon.smithi028[112441]: audit
2023-11-15T04:00:13.360197+0000 mon.smithi028 (mon.0) 70 : audit [DBG] from='mgr.14144 172.21.15.28:0/3861473951' entity='mgr.smithi028.vpjsvm' cmd=[{"prefix": "osd metadata"}]: dispatch
2023-11-15T04:00:14.370 INFO:journalctl@ceph.mon.smithi028.smithi028.stdout:Nov 15 04:00:14 smithi028 ceph-4f3a6532-836b-11ee-8dbe-212e2dc638e7-mon.smithi028[112441]: audit
2023-11-15T04:00:13.360405+0000 mon.smithi028 (mon.0) 71 : audit [DBG] from='mgr.14144 172.21.15.28:0/3861473951' entity='mgr.smithi028.vpjsvm' cmd=[{"prefix": "mon metadata"}]: dispatch
2023-11-15T04:00:14.371 INFO:journalctl@ceph.mon.smithi028.smithi028.stdout:Nov 15 04:00:14 smithi028 ceph-4f3a6532-836b-11ee-8dbe-212e2dc638e7-mon.smithi028[112441]: cluster
2023-11-15T04:00:13.374095+0000 mon.smithi028 (mon.0) 72 : cluster [INF] Manager daemon smithi028.vpjsvm is now available
2023-11-15T04:00:14.371 INFO:journalctl@ceph.mon.smithi028.smithi028.stdout:Nov 15 04:00:14 smithi028 ceph-4f3a6532-836b-11ee-8dbe-212e2dc638e7-mon.smithi028[112441]: audit
2023-11-15T04:00:13.492748+0000 mon.smithi028 (mon.0) 73 : audit [DBG] from='mgr.14144 172.21.15.28:0/3861473951' entity='mgr.smithi028.vpjsvm' cmd=[{"prefix": "config dump", "format": "json"}]: dispatch
2023-11-15T04:00:14.371 INFO:journalctl@ceph.mon.smithi028.smithi028.stdout:Nov 15 04:00:14 smithi028 ceph-4f3a6532-836b-11ee-8dbe-212e2dc638e7-mon.smithi028[112441]: audit
2023-11-15T04:00:13.494888+0000 mon.smithi028 (mon.0) 74 : audit [DBG] from='mgr.14144 172.21.15.28:0/3861473951' entity='mgr.smithi028.vpjsvm' cmd=[{"prefix": "config dump", "format": "json"}]: dispatch
2023-11-15T04:00:14.372 INFO:journalctl@ceph.mon.smithi028.smithi028.stdout:Nov 15 04:00:14 smithi028 ceph-4f3a6532-836b-11ee-8dbe-212e2dc638e7-mon.smithi028[112441]: audit
2023-11-15T04:00:13.511065+0000 mon.smithi028 (mon.0) 75 : audit [INF] from='mgr.14144 172.21.15.28:0/3861473951' entity='mgr.smithi028.vpjsvm' cmd=[{"prefix":"config rm","who":"mgr","name":"mgr/rbd_support/smithi028.vpjsvm/mirror_snapshot_schedule"}]: dispatch
2023-11-15T04:00:14.372 INFO:journalctl@ceph.mon.smithi028.smithi028.stdout:Nov 15 04:00:14 smithi028 ceph-4f3a6532-836b-11ee-8dbe-212e2dc638e7-mon.smithi028[112441]: audit
2023-11-15T04:00:13.513991+0000 mon.smithi028 (mon.0) 76 : audit [INF] from='mgr.14144 172.21.15.28:0/3861473951' entity='mgr.smithi028.vpjsvm' cmd=[{"prefix":"config rm","who":"mgr","name":"mgr/rbd_support/smithi028.vpjsvm/trash_purge_schedule"}]: dispatch
2023-11-15T04:00:14.374 INFO:teuthology.orchestra.run.smithi028.stderr:/usr/bin/ceph:
2023-11-15T04:00:14.364+0000 7fc61659d700 1 -- 172.21.15.28:0/622711804 shutdown_connections
2023-11-15T04:00:14.375 INFO:teuthology.orchestra.run.smithi028.stderr:/usr/bin/ceph:
2023-11-15T04:00:14.364+0000 7fc61659d700 1 --2- 172.21.15.28:0/622711804 >> [v2:172.21.15.28:6800/1947281091,v1:172.21.15.28:6801/1947281091] conn(0x7fc5fc033c20 0x7fc5fc036010 unknown :-1 s=CLOSED pgs=1 cs=0 l=1 rev1=1 rx=0 tx=0).stop
2023-11-15T04:00:14.375 INFO:teuthology.orchestra.run.smithi028.stderr:/usr/bin/ceph:
2023-11-15T04:00:14.364+0000 7fc61659d700 1 --2- 172.21.15.28:0/622711804 >> [v2:172.21.15.28:3300/0,v1:172.21.15.28:6789/0] conn(0x7fc6100fc290 0x7fc61010cbf0 unknown :-1 s=CLOSED pgs=52 cs=0 l=1 rev1=1 rx=0 tx=0).stop
2023-11-15T04:00:14.375 INFO:teuthology.orchestra.run.smithi028.stderr:/usr/bin/ceph:
2023-11-15T04:00:14.364+0000 7fc61659d700 1 --2- 172.21.15.28:0/622711804 >> [v2:172.21.15.28:6800/109714870,v1:172.21.15.28:6801/109714870] conn(0x7fc5fc02fdb0 0x7fc5fc032270 unknown :-1 s=CLOSED pgs=0 cs=0 l=1 rev1=0 rx=0 tx=0).stop
2023-11-15T04:00:14.376 INFO:teuthology.orchestra.run.smithi028.stderr:/usr/bin/ceph:
2023-11-15T04:00:14.364+0000 7fc61659d700 1 -- 172.21.15.28:0/622711804 >> 172.21.15.28:0/622711804 conn(0x7fc6100f5b40 msgr2=0x7fc6100f7640 unknown :-1 s=STATE_NONE l=0).mark_down
2023-11-15T04:00:14.376 INFO:teuthology.orchestra.run.smithi028.stderr:/usr/bin/ceph:
2023-11-15T04:00:14.364+0000 7fc61659d700 1 -- 172.21.15.28:0/622711804 shutdown_connections
2023-11-15T04:00:14.376 INFO:teuthology.orchestra.run.smithi028.stderr:/usr/bin/ceph:
2023-11-15T04:00:14.364+0000 7fc61659d700 1 -- 172.21.15.28:0/622711804 wait complete.
2023-11-15T04:00:14.722 INFO:teuthology.orchestra.run.smithi028.stderr:Deploying grafana service with default placement...
2023-11-15T04:00:14.722 INFO:teuthology.orchestra.run.smithi028.stderr:Running command: /bin/podman run --rm --ipc=host --no-hosts --net=host --entrypoint /usr/bin/ceph --init -e CONTAINER_IMAGE=docker.io/ceph/ceph:v16.2.4 -e NODE_NAME=smithi028 -e CEPH_USE_RANDOM_NONCE=1 -v /var/log/ceph/4f3a6532-836b-11ee-8dbe-212e2dc638e7:/var/log/ceph:z -v /tmp/ceph-tmpv2xxgi20:/etc/ceph/ceph.client.admin.keyring:z -v /tmp/ceph-tmp6bu1c8ad:/etc/ceph/ceph.conf:z docker.io/ceph/ceph:v16.2.4 orch apply grafana
2023-11-15T04:00:15.173 INFO:teuthology.orchestra.run.smithi028.stderr:/usr/bin/ceph:
2023-11-15T04:00:15.110+0000 7eff9ff27700 1 Processor -- start
2023-11-15T04:00:15.173 INFO:teuthology.orchestra.run.smithi028.stderr:/usr/bin/ceph:
2023-11-15T04:00:15.111+0000 7eff9ff27700 1 -- start start
2023-11-15T04:00:15.173 INFO:teuthology.orchestra.run.smithi028.stderr:/usr/bin/ceph:
2023-11-15T04:00:15.111+0000 7eff9ff27700 1 --2- >> [v2:172.21.15.28:3300/0,v1:172.21.15.28:6789/0] conn(0x7eff980fab90 0x7eff980fafb0 unknown :-1 s=NONE pgs=0 cs=0 l=0 rev1=0 rx=0 tx=0).connect
2023-11-15T04:00:15.174 INFO:teuthology.orchestra.run.smithi028.stderr:/usr/bin/ceph:
2023-11-15T04:00:15.111+0000 7eff9ff27700 1 -- --> [v2:172.21.15.28:3300/0,v1:172.21.15.28:6789/0] -- mon_getmap magic: 0 v1 -- 0x7eff980fb4a0 con 0x7eff980fab90
2023-11-15T04:00:15.174 INFO:teuthology.orchestra.run.smithi028.stderr:/usr/bin/ceph:
2023-11-15T04:00:15.111+0000 7eff9dcc3700 1 --2- >> [v2:172.21.15.28:3300/0,v1:172.21.15.28:6789/0] conn(0x7eff980fab90 0x7eff980fafb0 unknown :-1 s=BANNER_CONNECTING pgs=0 cs=0 l=0 rev1=0 rx=0 tx=0)._handle_peer_banner_payload supported=1 required=0
2023-11-15T04:00:15.174 INFO:teuthology.orchestra.run.smithi028.stderr:/usr/bin/ceph:
2023-11-15T04:00:15.112+0000 7eff9dcc3700 1 --2- >> [v2:172.21.15.28:3300/0,v1:172.21.15.28:6789/0] conn(0x7eff980fab90 0x7eff980fafb0 unknown :-1 s=HELLO_CONNECTING pgs=0 cs=0 l=0 rev1=1 rx=0 tx=0).handle_hello peer v2:172.21.15.28:3300/0 says I am v2:172.21.15.28:45994/0 (socket says 172.21.15.28:45994)
2023-11-15T04:00:15.174 INFO:teuthology.orchestra.run.smithi028.stderr:/usr/bin/ceph:
2023-11-15T04:00:15.112+0000 7eff9dcc3700 1 -- 172.21.15.28:0/2558156539 learned_addr learned my addr 172.21.15.28:0/2558156539 (peer_addr_for_me v2:172.21.15.28:0/0)
2023-11-15T04:00:15.174 INFO:teuthology.orchestra.run.smithi028.stderr:/usr/bin/ceph:
2023-11-15T04:00:15.112+0000 7eff9dcc3700 1 -- 172.21.15.28:0/2558156539 --> [v2:172.21.15.28:3300/0,v1:172.21.15.28:6789/0] -- mon_subscribe({config=0+,monmap=0+}) v3 -- 0x7eff980fb5e0 con 0x7eff980fab90
