2023-11-15T03:59:43.812+0000 7eff36976700 1 -- 172.21.15.28:0/1346013616 --> [v2:172.21.15.28:3300/0,v1:172.21.15.28:6789/0] -- mon_command({"prefix": "status", "format": "json-pretty"} v 0) v1 -- 0x7eff300ffba0 con 0x7eff30070440
2023-11-15T03:59:43.816 INFO:teuthology.orchestra.run.smithi028.stderr:/usr/bin/ceph:
2023-11-15T03:59:43.813+0000 7eff2cff9700 1 -- 172.21.15.28:0/1346013616 <== mon.0 v2:172.21.15.28:3300/0 7 ==== mon_command_ack([{"prefix": "status", "format": "json-pretty"}]=0 v0) v1 ==== 79+0+1230 (secure 0 0 0) 0x7eff20016070 con 0x7eff30070440
2023-11-15T03:59:43.816 INFO:teuthology.orchestra.run.smithi028.stderr:/usr/bin/ceph:
2023-11-15T03:59:43.816 INFO:teuthology.orchestra.run.smithi028.stderr:/usr/bin/ceph: {
2023-11-15T03:59:43.817 INFO:teuthology.orchestra.run.smithi028.stderr:/usr/bin/ceph: "fsid": "4f3a6532-836b-11ee-8dbe-212e2dc638e7",
2023-11-15T03:59:43.817 INFO:teuthology.orchestra.run.smithi028.stderr:/usr/bin/ceph: "health": {
2023-11-15T03:59:43.817 INFO:teuthology.orchestra.run.smithi028.stderr:/usr/bin/ceph: "status": "HEALTH_OK",
2023-11-15T03:59:43.817 INFO:teuthology.orchestra.run.smithi028.stderr:/usr/bin/ceph: "checks": {},
2023-11-15T03:59:43.817 INFO:teuthology.orchestra.run.smithi028.stderr:/usr/bin/ceph: "mutes": []
2023-11-15T03:59:43.818 INFO:teuthology.orchestra.run.smithi028.stderr:/usr/bin/ceph: },
2023-11-15T03:59:43.818 INFO:teuthology.orchestra.run.smithi028.stderr:/usr/bin/ceph: "election_epoch": 5,
2023-11-15T03:59:43.818 INFO:teuthology.orchestra.run.smithi028.stderr:/usr/bin/ceph: "quorum": [
2023-11-15T03:59:43.818 INFO:teuthology.orchestra.run.smithi028.stderr:/usr/bin/ceph: 0
2023-11-15T03:59:43.818 INFO:teuthology.orchestra.run.smithi028.stderr:/usr/bin/ceph: ],
2023-11-15T03:59:43.818 INFO:teuthology.orchestra.run.smithi028.stderr:/usr/bin/ceph: "quorum_names": [
2023-11-15T03:59:43.819 INFO:teuthology.orchestra.run.smithi028.stderr:/usr/bin/ceph: "smithi028"
2023-11-15T03:59:43.819 INFO:teuthology.orchestra.run.smithi028.stderr:/usr/bin/ceph: ],
2023-11-15T03:59:43.819 INFO:teuthology.orchestra.run.smithi028.stderr:/usr/bin/ceph: "quorum_age": 11,
2023-11-15T03:59:43.820 INFO:teuthology.orchestra.run.smithi028.stderr:/usr/bin/ceph: "monmap": {
2023-11-15T03:59:43.820 INFO:teuthology.orchestra.run.smithi028.stderr:/usr/bin/ceph: "epoch": 1,
2023-11-15T03:59:43.821 INFO:teuthology.orchestra.run.smithi028.stderr:/usr/bin/ceph: "min_mon_release_name": "pacific",
2023-11-15T03:59:43.821 INFO:teuthology.orchestra.run.smithi028.stderr:/usr/bin/ceph: "num_mons": 1
2023-11-15T03:59:43.821 INFO:teuthology.orchestra.run.smithi028.stderr:/usr/bin/ceph: },
2023-11-15T03:59:43.821 INFO:teuthology.orchestra.run.smithi028.stderr:/usr/bin/ceph: "osdmap": {
2023-11-15T03:59:43.821 INFO:teuthology.orchestra.run.smithi028.stderr:/usr/bin/ceph: "epoch": 1,
2023-11-15T03:59:43.821 INFO:teuthology.orchestra.run.smithi028.stderr:/usr/bin/ceph: "num_osds": 0,
2023-11-15T03:59:43.827 INFO:teuthology.orchestra.run.smithi028.stderr:/usr/bin/ceph: "num_up_osds": 0,
2023-11-15T03:59:43.827 INFO:teuthology.orchestra.run.smithi028.stderr:/usr/bin/ceph: "osd_up_since": 0,
2023-11-15T03:59:43.827 INFO:teuthology.orchestra.run.smithi028.stderr:/usr/bin/ceph: "num_in_osds": 0,
2023-11-15T03:59:43.827 INFO:teuthology.orchestra.run.smithi028.stderr:/usr/bin/ceph: "osd_in_since": 0,
2023-11-15T03:59:43.828 INFO:teuthology.orchestra.run.smithi028.stderr:/usr/bin/ceph: "num_remapped_pgs": 0
2023-11-15T03:59:43.828 INFO:teuthology.orchestra.run.smithi028.stderr:/usr/bin/ceph: },
2023-11-15T03:59:43.828 INFO:teuthology.orchestra.run.smithi028.stderr:/usr/bin/ceph: "pgmap": {
2023-11-15T03:59:43.828 INFO:teuthology.orchestra.run.smithi028.stderr:/usr/bin/ceph: "pgs_by_state": [],
2023-11-15T03:59:43.828 INFO:teuthology.orchestra.run.smithi028.stderr:/usr/bin/ceph: "num_pgs": 0,
2023-11-15T03:59:43.829 INFO:teuthology.orchestra.run.smithi028.stderr:/usr/bin/ceph: "num_pools": 0,
2023-11-15T03:59:43.829 INFO:teuthology.orchestra.run.smithi028.stderr:/usr/bin/ceph: "num_objects": 0,
2023-11-15T03:59:43.829 INFO:teuthology.orchestra.run.smithi028.stderr:/usr/bin/ceph: "data_bytes": 0,
2023-11-15T03:59:43.829 INFO:teuthology.orchestra.run.smithi028.stderr:/usr/bin/ceph: "bytes_used": 0,
2023-11-15T03:59:43.829 INFO:teuthology.orchestra.run.smithi028.stderr:/usr/bin/ceph: "bytes_avail": 0,
2023-11-15T03:59:43.829 INFO:teuthology.orchestra.run.smithi028.stderr:/usr/bin/ceph: "bytes_total": 0
2023-11-15T03:59:43.830 INFO:teuthology.orchestra.run.smithi028.stderr:/usr/bin/ceph: },
2023-11-15T03:59:43.830 INFO:teuthology.orchestra.run.smithi028.stderr:/usr/bin/ceph: "fsmap": {
2023-11-15T03:59:43.830 INFO:teuthology.orchestra.run.smithi028.stderr:/usr/bin/ceph: "epoch": 1,
2023-11-15T03:59:43.830 INFO:teuthology.orchestra.run.smithi028.stderr:/usr/bin/ceph: "by_rank": [],
2023-11-15T03:59:43.830 INFO:teuthology.orchestra.run.smithi028.stderr:/usr/bin/ceph: "up:standby": 0
2023-11-15T03:59:43.831 INFO:teuthology.orchestra.run.smithi028.stderr:/usr/bin/ceph: },
2023-11-15T03:59:43.831 INFO:teuthology.orchestra.run.smithi028.stderr:/usr/bin/ceph: "mgrmap": {
2023-11-15T03:59:43.831 INFO:teuthology.orchestra.run.smithi028.stderr:/usr/bin/ceph: "available": true,
2023-11-15T03:59:43.831 INFO:teuthology.orchestra.run.smithi028.stderr:/usr/bin/ceph: "num_standbys": 0,
2023-11-15T03:59:43.831 INFO:teuthology.orchestra.run.smithi028.stderr:/usr/bin/ceph: "modules": [
2023-11-15T03:59:43.832 INFO:teuthology.orchestra.run.smithi028.stderr:/usr/bin/ceph: "iostat",
2023-11-15T03:59:43.832 INFO:teuthology.orchestra.run.smithi028.stderr:/usr/bin/ceph: "restful"
2023-11-15T03:59:43.832 INFO:teuthology.orchestra.run.smithi028.stderr:/usr/bin/ceph: ],
2023-11-15T03:59:43.832 INFO:teuthology.orchestra.run.smithi028.stderr:/usr/bin/ceph: "services": {}
2023-11-15T03:59:43.832 INFO:teuthology.orchestra.run.smithi028.stderr:/usr/bin/ceph: },
2023-11-15T03:59:43.834 INFO:teuthology.orchestra.run.smithi028.stderr:/usr/bin/ceph: "servicemap": {
2023-11-15T03:59:43.834 INFO:teuthology.orchestra.run.smithi028.stderr:/usr/bin/ceph: "epoch": 1,
2023-11-15T03:59:43.834 INFO:teuthology.orchestra.run.smithi028.stderr:/usr/bin/ceph: "modified": "2023-11-15T03:59:28.544218+0000",
2023-11-15T03:59:43.835 INFO:teuthology.orchestra.run.smithi028.stderr:/usr/bin/ceph: "services": {}
2023-11-15T03:59:43.835 INFO:teuthology.orchestra.run.smithi028.stderr:/usr/bin/ceph: },
2023-11-15T03:59:43.835 INFO:teuthology.orchestra.run.smithi028.stderr:/usr/bin/ceph: "progress_events": {}
2023-11-15T03:59:43.835 INFO:teuthology.orchestra.run.smithi028.stderr:/usr/bin/ceph: }
2023-11-15T03:59:43.836 INFO:teuthology.orchestra.run.smithi028.stderr:/usr/bin/ceph:
2023-11-15T03:59:43.814+0000 7eff36976700 1 -- 172.21.15.28:0/1346013616 >> [v2:172.21.15.28:6800/1481476372,v1:172.21.15.28:6801/1481476372] conn(0x7eff1002fd50 msgr2=0x7eff10032210 secure :-1 s=STATE_CONNECTION_ESTABLISHED l=1).mark_down
2023-11-15T03:59:43.836 INFO:teuthology.orchestra.run.smithi028.stderr:/usr/bin/ceph:
2023-11-15T03:59:43.814+0000 7eff36976700 1 --2- 172.21.15.28:0/1346013616 >> [v2:172.21.15.28:6800/1481476372,v1:172.21.15.28:6801/1481476372] conn(0x7eff1002fd50 0x7eff10032210 secure :-1 s=READY pgs=5 cs=0 l=1 rev1=1 rx=0x7eff180096a0 tx=0x7eff18006b40).stop
2023-11-15T03:59:43.836 INFO:teuthology.orchestra.run.smithi028.stderr:/usr/bin/ceph:
2023-11-15T03:59:43.814+0000 7eff36976700 1 -- 172.21.15.28:0/1346013616 >> [v2:172.21.15.28:3300/0,v1:172.21.15.28:6789/0] conn(0x7eff30070440 msgr2=0x7eff3010a9c0 secure :-1 s=STATE_CONNECTION_ESTABLISHED l=1).mark_down
2023-11-15T03:59:43.836 INFO:teuthology.orchestra.run.smithi028.stderr:/usr/bin/ceph:
2023-11-15T03:59:43.814+0000 7eff36976700 1 --2- 172.21.15.28:0/1346013616 >> [v2:172.21.15.28:3300/0,v1:172.21.15.28:6789/0] conn(0x7eff30070440 0x7eff3010a9c0 secure :-1 s=READY pgs=17 cs=0 l=1 rev1=1 rx=0x7eff2000b190 tx=0x7eff20006ee0).stop
2023-11-15T03:59:43.837 INFO:teuthology.orchestra.run.smithi028.stderr:/usr/bin/ceph:
2023-11-15T03:59:43.815+0000 7eff36976700 1 -- 172.21.15.28:0/1346013616 shutdown_connections
2023-11-15T03:59:43.837 INFO:teuthology.orchestra.run.smithi028.stderr:/usr/bin/ceph:
2023-11-15T03:59:43.815+0000 7eff36976700 1 --2- 172.21.15.28:0/1346013616 >> [v2:172.21.15.28:6800/1481476372,v1:172.21.15.28:6801/1481476372] conn(0x7eff1002fd50 0x7eff10032210 unknown :-1 s=CLOSED pgs=5 cs=0 l=1 rev1=1 rx=0 tx=0).stop
2023-11-15T03:59:43.837 INFO:teuthology.orchestra.run.smithi028.stderr:/usr/bin/ceph:
2023-11-15T03:59:43.815+0000 7eff36976700 1 --2- 172.21.15.28:0/1346013616 >> [v2:172.21.15.28:3300/0,v1:172.21.15.28:6789/0] conn(0x7eff30070440 0x7eff3010a9c0 unknown :-1 s=CLOSED pgs=17 cs=0 l=1 rev1=1 rx=0 tx=0).stop
2023-11-15T03:59:43.837 INFO:teuthology.orchestra.run.smithi028.stderr:/usr/bin/ceph:
2023-11-15T03:59:43.815+0000 7eff36976700 1 -- 172.21.15.28:0/1346013616 >> 172.21.15.28:0/1346013616 conn(0x7eff300f63b0 msgr2=0x7eff300f7e90 unknown :-1 s=STATE_NONE l=0).mark_down
2023-11-15T03:59:43.837 INFO:teuthology.orchestra.run.smithi028.stderr:/usr/bin/ceph:
2023-11-15T03:59:43.815+0000 7eff36976700 1 -- 172.21.15.28:0/1346013616 shutdown_connections
2023-11-15T03:59:43.838 INFO:teuthology.orchestra.run.smithi028.stderr:/usr/bin/ceph:
2023-11-15T03:59:43.815+0000 7eff36976700 1 -- 172.21.15.28:0/1346013616 wait complete.
2023-11-15T03:59:44.115 INFO:journalctl@ceph.mon.smithi028.smithi028.stdout:Nov 15 03:59:44 smithi028 ceph-4f3a6532-836b-11ee-8dbe-212e2dc638e7-mon.smithi028[112441]: audit
2023-11-15T03:59:43.814436+0000 mon.smithi028 (mon.0) 25 : audit [DBG] from='client.? 172.21.15.28:0/1346013616' entity='client.admin' cmd=[{"prefix": "status", "format": "json-pretty"}]: dispatch
2023-11-15T03:59:44.168 INFO:teuthology.orchestra.run.smithi028.stderr:mgr is available
2023-11-15T03:59:44.168 INFO:teuthology.orchestra.run.smithi028.stderr:Enabling cephadm module...
2023-11-15T03:59:44.169 INFO:teuthology.orchestra.run.smithi028.stderr:Running command: /bin/podman run --rm --ipc=host --no-hosts --net=host --entrypoint /usr/bin/ceph --init -e CONTAINER_IMAGE=docker.io/ceph/ceph:v16.2.4 -e NODE_NAME=smithi028 -e CEPH_USE_RANDOM_NONCE=1 -v /var/log/ceph/4f3a6532-836b-11ee-8dbe-212e2dc638e7:/var/log/ceph:z -v /tmp/ceph-tmpv2xxgi20:/etc/ceph/ceph.client.admin.keyring:z -v /tmp/ceph-tmp6bu1c8ad:/etc/ceph/ceph.conf:z docker.io/ceph/ceph:v16.2.4 mgr module enable cephadm
2023-11-15T03:59:45.378 INFO:teuthology.orchestra.run.smithi028.stderr:/usr/bin/ceph:
2023-11-15T03:59:45.249+0000 7f8c8fe9a700 1 Processor -- start
2023-11-15T03:59:45.379 INFO:teuthology.orchestra.run.smithi028.stderr:/usr/bin/ceph:
2023-11-15T03:59:45.249+0000 7f8c8fe9a700 1 -- start start
2023-11-15T03:59:45.379 INFO:teuthology.orchestra.run.smithi028.stderr:/usr/bin/ceph:
2023-11-15T03:59:45.250+0000 7f8c8fe9a700 1 --2- >> [v2:172.21.15.28:3300/0,v1:172.21.15.28:6789/0] conn(0x7f8c880703d0 0x7f8c88100d40 unknown :-1 s=NONE pgs=0 cs=0 l=0 rev1=0 rx=0 tx=0).connect
2023-11-15T03:59:45.379 INFO:teuthology.orchestra.run.smithi028.stderr:/usr/bin/ceph:
2023-11-15T03:59:45.250+0000 7f8c8fe9a700 1 -- --> [v2:172.21.15.28:3300/0,v1:172.21.15.28:6789/0] -- mon_getmap magic: 0 v1 -- 0x7f8c880fc730 con 0x7f8c880703d0
2023-11-15T03:59:45.379 INFO:teuthology.orchestra.run.smithi028.stderr:/usr/bin/ceph:
2023-11-15T03:59:45.250+0000 7f8c8dc36700 1 --2- >> [v2:172.21.15.28:3300/0,v1:172.21.15.28:6789/0] conn(0x7f8c880703d0 0x7f8c88100d40 unknown :-1 s=BANNER_CONNECTING pgs=0 cs=0 l=0 rev1=0 rx=0 tx=0)._handle_peer_banner_payload supported=1 required=0
2023-11-15T03:59:45.379 INFO:teuthology.orchestra.run.smithi028.stderr:/usr/bin/ceph:
2023-11-15T03:59:45.250+0000 7f8c8dc36700 1 --2- >> [v2:172.21.15.28:3300/0,v1:172.21.15.28:6789/0] conn(0x7f8c880703d0 0x7f8c88100d40 unknown :-1 s=HELLO_CONNECTING pgs=0 cs=0 l=0 rev1=1 rx=0 tx=0).handle_hello peer v2:172.21.15.28:3300/0 says I am v2:172.21.15.28:36022/0 (socket says 172.21.15.28:36022)
2023-11-15T03:59:45.380 INFO:teuthology.orchestra.run.smithi028.stderr:/usr/bin/ceph:
2023-11-15T03:59:45.250+0000 7f8c8dc36700 1 -- 172.21.15.28:0/3727559758 learned_addr learned my addr 172.21.15.28:0/3727559758 (peer_addr_for_me v2:172.21.15.28:0/0)
2023-11-15T03:59:45.380 INFO:teuthology.orchestra.run.smithi028.stderr:/usr/bin/ceph:
2023-11-15T03:59:45.250+0000 7f8c8dc36700 1 -- 172.21.15.28:0/3727559758 --> [v2:172.21.15.28:3300/0,v1:172.21.15.28:6789/0] -- mon_subscribe({config=0+,monmap=0+}) v3 -- 0x7f8c88101230 con 0x7f8c880703d0
2023-11-15T03:59:45.380 INFO:teuthology.orchestra.run.smithi028.stderr:/usr/bin/ceph:
2023-11-15T03:59:45.250+0000 7f8c8dc36700 1 --2- 172.21.15.28:0/3727559758 >> [v2:172.21.15.28:3300/0,v1:172.21.15.28:6789/0] conn(0x7f8c880703d0 0x7f8c88100d40 secure :-1 s=READY pgs=18 cs=0 l=1 rev1=1 rx=0x7f8c8400b5f0 tx=0x7f8c84006ee0).ready entity=mon.0 client_cookie=d03aebe457c183a2 server_cookie=0 in_seq=0 out_seq=0
2023-11-15T03:59:45.380 INFO:teuthology.orchestra.run.smithi028.stderr:/usr/bin/ceph:
2023-11-15T03:59:45.250+0000 7f8c8cc34700 1 -- 172.21.15.28:0/3727559758 <== mon.0 v2:172.21.15.28:3300/0 1 ==== mon_map magic: 0 v1 ==== 229+0+0 (secure 0 0 0) 0x7f8c8400d600 con 0x7f8c880703d0
2023-11-15T03:59:45.381 INFO:teuthology.orchestra.run.smithi028.stderr:/usr/bin/ceph:
2023-11-15T03:59:45.250+0000 7f8c8cc34700 1 -- 172.21.15.28:0/3727559758 <== mon.0 v2:172.21.15.28:3300/0 2 ==== config(25 keys) v1 ==== 1010+0+0 (secure 0 0 0) 0x7f8c8400dbd0 con 0x7f8c880703d0
2023-11-15T03:59:45.381 INFO:teuthology.orchestra.run.smithi028.stderr:/usr/bin/ceph:
2023-11-15T03:59:45.250+0000 7f8c8cc34700 1 -- 172.21.15.28:0/3727559758 <== mon.0 v2:172.21.15.28:3300/0 3 ==== mon_map magic: 0 v1 ==== 229+0+0 (secure 0 0 0) 0x7f8c84011c00 con 0x7f8c880703d0
2023-11-15T03:59:45.381 INFO:teuthology.orchestra.run.smithi028.stderr:/usr/bin/ceph:
2023-11-15T03:59:45.251+0000 7f8c8fe9a700 1 -- 172.21.15.28:0/3727559758 >> [v2:172.21.15.28:3300/0,v1:172.21.15.28:6789/0] conn(0x7f8c880703d0 msgr2=0x7f8c88100d40 secure :-1 s=STATE_CONNECTION_ESTABLISHED l=1).mark_down
2023-11-15T03:59:45.382 INFO:teuthology.orchestra.run.smithi028.stderr:/usr/bin/ceph:
2023-11-15T03:59:45.251+0000 7f8c8fe9a700 1 --2- 172.21.15.28:0/3727559758 >> [v2:172.21.15.28:3300/0,v1:172.21.15.28:6789/0] conn(0x7f8c880703d0 0x7f8c88100d40 secure :-1 s=READY pgs=18 cs=0 l=1 rev1=1 rx=0x7f8c8400b5f0 tx=0x7f8c84006ee0).stop
2023-11-15T03:59:45.382 INFO:teuthology.orchestra.run.smithi028.stderr:/usr/bin/ceph:
2023-11-15T03:59:45.251+0000 7f8c8fe9a700 1 -- 172.21.15.28:0/3727559758 shutdown_connections
2023-11-15T03:59:45.382 INFO:teuthology.orchestra.run.smithi028.stderr:/usr/bin/ceph:
2023-11-15T03:59:45.251+0000 7f8c8fe9a700 1 --2- 172.21.15.28:0/3727559758 >> [v2:172.21.15.28:3300/0,v1:172.21.15.28:6789/0] conn(0x7f8c880703d0 0x7f8c88100d40 unknown :-1 s=CLOSED pgs=18 cs=0 l=1 rev1=1 rx=0 tx=0).stop
2023-11-15T03:59:45.382 INFO:teuthology.orchestra.run.smithi028.stderr:/usr/bin/ceph:
2023-11-15T03:59:45.251+0000 7f8c8fe9a700 1 -- 172.21.15.28:0/3727559758 >> 172.21.15.28:0/3727559758 conn(0x7f8c880f63c0 msgr2=0x7f8c880f87e0 unknown :-1 s=STATE_NONE l=0).mark_down
2023-11-15T03:59:45.383 INFO:teuthology.orchestra.run.smithi028.stderr:/usr/bin/ceph:
2023-11-15T03:59:45.251+0000 7f8c8fe9a700 1 -- 172.21.15.28:0/3727559758 shutdown_connections
2023-11-15T03:59:45.384 INFO:teuthology.orchestra.run.smithi028.stderr:/usr/bin/ceph:
2023-11-15T03:59:45.251+0000 7f8c8fe9a700 1 -- 172.21.15.28:0/3727559758 wait complete.
2023-11-15T03:59:45.384 INFO:teuthology.orchestra.run.smithi028.stderr:/usr/bin/ceph:
2023-11-15T03:59:45.252+0000 7f8c8fe9a700 1 Processor -- start
2023-11-15T03:59:45.385 INFO:teuthology.orchestra.run.smithi028.stderr:/usr/bin/ceph:
2023-11-15T03:59:45.252+0000 7f8c8fe9a700 1 -- start start
2023-11-15T03:59:45.385 INFO:teuthology.orchestra.run.smithi028.stderr:/usr/bin/ceph:
2023-11-15T03:59:45.252+0000 7f8c8fe9a700 1 --2- >> [v2:172.21.15.28:3300/0,v1:172.21.15.28:6789/0] conn(0x7f8c880703d0 0x7f8c8810cc10 unknown :-1 s=NONE pgs=0 cs=0 l=1 rev1=0 rx=0 tx=0).connect
2023-11-15T03:59:45.385 INFO:teuthology.orchestra.run.smithi028.stderr:/usr/bin/ceph:
2023-11-15T03:59:45.252+0000 7f8c8fe9a700 1 -- --> [v2:172.21.15.28:3300/0,v1:172.21.15.28:6789/0] -- mon_getmap magic: 0 v1 -- 0x7f8c8810d100 con 0x7f8c880703d0
2023-11-15T03:59:45.385 INFO:teuthology.orchestra.run.smithi028.stderr:/usr/bin/ceph:
2023-11-15T03:59:45.252+0000 7f8c8dc36700 1 --2- >> [v2:172.21.15.28:3300/0,v1:172.21.15.28:6789/0] conn(0x7f8c880703d0 0x7f8c8810cc10 unknown :-1 s=BANNER_CONNECTING pgs=0 cs=0 l=1 rev1=0 rx=0 tx=0)._handle_peer_banner_payload supported=1 required=0
2023-11-15T03:59:45.386 INFO:teuthology.orchestra.run.smithi028.stderr:/usr/bin/ceph:
2023-11-15T03:59:45.252+0000 7f8c8dc36700 1 --2- >> [v2:172.21.15.28:3300/0,v1:172.21.15.28:6789/0] conn(0x7f8c880703d0 0x7f8c8810cc10 unknown :-1 s=HELLO_CONNECTING pgs=0 cs=0 l=1 rev1=1 rx=0 tx=0).handle_hello peer v2:172.21.15.28:3300/0 says I am v2:172.21.15.28:36030/0 (socket says 172.21.15.28:36030)
2023-11-15T03:59:45.386 INFO:teuthology.orchestra.run.smithi028.stderr:/usr/bin/ceph:
2023-11-15T03:59:45.252+0000 7f8c8dc36700 1 -- 172.21.15.28:0/1836409763 learned_addr learned my addr 172.21.15.28:0/1836409763 (peer_addr_for_me v2:172.21.15.28:0/0)
2023-11-15T03:59:45.386 INFO:teuthology.orchestra.run.smithi028.stderr:/usr/bin/ceph:
2023-11-15T03:59:45.252+0000 7f8c8dc36700 1 -- 172.21.15.28:0/1836409763 --> [v2:172.21.15.28:3300/0,v1:172.21.15.28:6789/0] -- mon_subscribe({config=0+,monmap=0+}) v3 -- 0x7f8c8400b200 con 0x7f8c880703d0
2023-11-15T03:59:45.386 INFO:teuthology.orchestra.run.smithi028.stderr:/usr/bin/ceph:
2023-11-15T03:59:45.252+0000 7f8c8dc36700 1 --2- 172.21.15.28:0/1836409763 >> [v2:172.21.15.28:3300/0,v1:172.21.15.28:6789/0] conn(0x7f8c880703d0 0x7f8c8810cc10 secure :-1 s=READY pgs=19 cs=0 l=1 rev1=1 rx=0x7f8c8400e040 tx=0x7f8c84006ee0).ready entity=mon.0 client_cookie=0 server_cookie=0 in_seq=0 out_seq=0
2023-11-15T03:59:45.386 INFO:teuthology.orchestra.run.smithi028.stderr:/usr/bin/ceph:
2023-11-15T03:59:45.253+0000 7f8c767fc700 1 -- 172.21.15.28:0/1836409763 <== mon.0 v2:172.21.15.28:3300/0 1 ==== mon_map magic: 0 v1 ==== 229+0+0 (secure 0 0 0) 0x7f8c8400d9f0 con 0x7f8c880703d0
2023-11-15T03:59:45.387 INFO:teuthology.orchestra.run.smithi028.stderr:/usr/bin/ceph:
2023-11-15T03:59:45.253+0000 7f8c767fc700 1 -- 172.21.15.28:0/1836409763 <== mon.0 v2:172.21.15.28:3300/0 2 ==== config(25 keys) v1 ==== 1010+0+0 (secure 0 0 0) 0x7f8c8401a9f0 con 0x7f8c880703d0
2023-11-15T03:59:45.387 INFO:teuthology.orchestra.run.smithi028.stderr:/usr/bin/ceph:
2023-11-15T03:59:45.253+0000 7f8c8fe9a700 1 -- 172.21.15.28:0/1836409763 --> [v2:172.21.15.28:3300/0,v1:172.21.15.28:6789/0] -- mon_subscribe({mgrmap=0+}) v3 -- 0x7f8c8810d300 con 0x7f8c880703d0
2023-11-15T03:59:45.387 INFO:teuthology.orchestra.run.smithi028.stderr:/usr/bin/ceph:
2023-11-15T03:59:45.253+0000 7f8c767fc700 1 -- 172.21.15.28:0/1836409763 <== mon.0 v2:172.21.15.28:3300/0 3 ==== mon_map magic: 0 v1 ==== 229+0+0 (secure 0 0 0) 0x7f8c8401b8c0 con 0x7f8c880703d0
2023-11-15T03:59:45.387 INFO:teuthology.orchestra.run.smithi028.stderr:/usr/bin/ceph:
2023-11-15T03:59:45.253+0000 7f8c8fe9a700 1 -- 172.21.15.28:0/1836409763 --> [v2:172.21.15.28:3300/0,v1:172.21.15.28:6789/0] -- mon_subscribe({osdmap=0}) v3 -- 0x7f8c8810d710 con 0x7f8c880703d0
2023-11-15T03:59:45.387 INFO:teuthology.orchestra.run.smithi028.stderr:/usr/bin/ceph:
2023-11-15T03:59:45.253+0000 7f8c767fc700 1 -- 172.21.15.28:0/1836409763 <== mon.0 v2:172.21.15.28:3300/0 4 ==== mgrmap(e 4) v1 ==== 36109+0+0 (secure 0 0 0) 0x7f8c8400f070 con 0x7f8c880703d0
2023-11-15T03:59:45.387 INFO:teuthology.orchestra.run.smithi028.stderr:/usr/bin/ceph:
2023-11-15T03:59:45.254+0000 7f8c767fc700 1 --2- 172.21.15.28:0/1836409763 >> [v2:172.21.15.28:6800/1481476372,v1:172.21.15.28:6801/1481476372] conn(0x7f8c7002fd00 0x7f8c700321c0 unknown :-1 s=NONE pgs=0 cs=0 l=1 rev1=0 rx=0 tx=0).connect
2023-11-15T03:59:45.388 INFO:teuthology.orchestra.run.smithi028.stderr:/usr/bin/ceph:
2023-11-15T03:59:45.254+0000 7f8c767fc700 1 -- 172.21.15.28:0/1836409763 <== mon.0 v2:172.21.15.28:3300/0 5 ==== osd_map(1..1 src has 1..1) v4 ==== 754+0+0 (secure 0 0 0) 0x7f8c84041230 con 0x7f8c880703d0
2023-11-15T03:59:45.388 INFO:teuthology.orchestra.run.smithi028.stderr:/usr/bin/ceph:
2023-11-15T03:59:45.254+0000 7f8c8fe9a700 1 -- 172.21.15.28:0/1836409763 --> [v2:172.21.15.28:3300/0,v1:172.21.15.28:6789/0] -- mon_command({"prefix": "get_command_descriptions"} v 0) v1 -- 0x7f8c88045ad0 con 0x7f8c880703d0
2023-11-15T03:59:45.388 INFO:teuthology.orchestra.run.smithi028.stderr:/usr/bin/ceph:
2023-11-15T03:59:45.254+0000 7f8c8d435700 1 --2- 172.21.15.28:0/1836409763 >> [v2:172.21.15.28:6800/1481476372,v1:172.21.15.28:6801/1481476372] conn(0x7f8c7002fd00 0x7f8c700321c0 unknown :-1 s=BANNER_CONNECTING pgs=0 cs=0 l=1 rev1=0 rx=0 tx=0)._handle_peer_banner_payload supported=1 required=0
2023-11-15T03:59:45.388 INFO:teuthology.orchestra.run.smithi028.stderr:/usr/bin/ceph:
2023-11-15T03:59:45.254+0000 7f8c8d435700 1 --2- 172.21.15.28:0/1836409763 >> [v2:172.21.15.28:6800/1481476372,v1:172.21.15.28:6801/1481476372] conn(0x7f8c7002fd00 0x7f8c700321c0 secure :-1 s=READY pgs=6 cs=0 l=1 rev1=1 rx=0x7f8c780096a0 tx=0x7f8c78006b40).ready entity=mgr.14100 client_cookie=0 server_cookie=0 in_seq=0 out_seq=0
2023-11-15T03:59:45.388 INFO:teuthology.orchestra.run.smithi028.stderr:/usr/bin/ceph:
2023-11-15T03:59:45.258+0000 7f8c767fc700 1 -- 172.21.15.28:0/1836409763 <== mon.0 v2:172.21.15.28:3300/0 6 ==== mon_command_ack([{"prefix": "get_command_descriptions"}]=0 v0) v1 ==== 72+0+152212 (secure 0 0 0) 0x7f8c84016070 con 0x7f8c880703d0
2023-11-15T03:59:45.465 INFO:teuthology.orchestra.run.smithi028.stderr:/usr/bin/ceph:
2023-11-15T03:59:45.464+0000 7f8c8fe9a700 1 -- 172.21.15.28:0/1836409763 --> [v2:172.21.15.28:3300/0,v1:172.21.15.28:6789/0] -- mon_command({"prefix": "mgr module enable", "module": "cephadm"} v 0) v1 -- 0x7f8c88101d90 con 0x7f8c880703d0
2023-11-15T03:59:45.518 INFO:teuthology.orchestra.run.smithi028.stderr:/usr/bin/ceph:
2023-11-15T03:59:45.517+0000 7f8c767fc700 1 -- 172.21.15.28:0/1836409763 <== mon.0 v2:172.21.15.28:3300/0 7 ==== mgrmap(e 5) v1 ==== 36120+0+0 (secure 0 0 0) 0x7f8c84022d80 con 0x7f8c880703d0
2023-11-15T03:59:45.519 INFO:teuthology.orchestra.run.smithi028.stderr:/usr/bin/ceph:
2023-11-15T03:59:45.518+0000 7f8c767fc700 1 -- 172.21.15.28:0/1836409763 <== mon.0 v2:172.21.15.28:3300/0 8 ==== mon_command_ack([{"prefix": "mgr module enable", "module": "cephadm"}]=0 v5) v1 ==== 86+0+0 (secure 0 0 0) 0x7f8c840194e0 con 0x7f8c880703d0
2023-11-15T03:59:45.522 INFO:teuthology.orchestra.run.smithi028.stderr:/usr/bin/ceph:
2023-11-15T03:59:45.520+0000 7f8c8fe9a700 1 -- 172.21.15.28:0/1836409763 >> [v2:172.21.15.28:6800/1481476372,v1:172.21.15.28:6801/1481476372] conn(0x7f8c7002fd00 msgr2=0x7f8c700321c0 secure :-1 s=STATE_CONNECTION_ESTABLISHED l=1).mark_down
2023-11-15T03:59:45.523 INFO:teuthology.orchestra.run.smithi028.stderr:/usr/bin/ceph:
2023-11-15T03:59:45.520+0000 7f8c8fe9a700 1 --2- 172.21.15.28:0/1836409763 >> [v2:172.21.15.28:6800/1481476372,v1:172.21.15.28:6801/1481476372] conn(0x7f8c7002fd00 0x7f8c700321c0 secure :-1 s=READY pgs=6 cs=0 l=1 rev1=1 rx=0x7f8c780096a0 tx=0x7f8c78006b40).stop
2023-11-15T03:59:45.523 INFO:teuthology.orchestra.run.smithi028.stderr:/usr/bin/ceph:
2023-11-15T03:59:45.520+0000 7f8c8fe9a700 1 -- 172.21.15.28:0/1836409763 >> [v2:172.21.15.28:3300/0,v1:172.21.15.28:6789/0] conn(0x7f8c880703d0 msgr2=0x7f8c8810cc10 secure :-1 s=STATE_CONNECTION_ESTABLISHED l=1).mark_down
2023-11-15T03:59:45.523 INFO:teuthology.orchestra.run.smithi028.stderr:/usr/bin/ceph:
2023-11-15T03:59:45.520+0000 7f8c8fe9a700 1 --2- 172.21.15.28:0/1836409763 >> [v2:172.21.15.28:3300/0,v1:172.21.15.28:6789/0] conn(0x7f8c880703d0 0x7f8c8810cc10 secure :-1 s=READY pgs=19 cs=0 l=1 rev1=1 rx=0x7f8c8400e040 tx=0x7f8c84006ee0).stop
2023-11-15T03:59:45.523 INFO:teuthology.orchestra.run.smithi028.stderr:/usr/bin/ceph:
2023-11-15T03:59:45.520+0000 7f8c8fe9a700 1 -- 172.21.15.28:0/1836409763 shutdown_connections
2023-11-15T03:59:45.523 INFO:teuthology.orchestra.run.smithi028.stderr:/usr/bin/ceph:
2023-11-15T03:59:45.520+0000 7f8c8fe9a700 1 --2- 172.21.15.28:0/1836409763 >> [v2:172.21.15.28:6800/1481476372,v1:172.21.15.28:6801/1481476372] conn(0x7f8c7002fd00 0x7f8c700321c0 unknown :-1 s=CLOSED pgs=6 cs=0 l=1 rev1=1 rx=0 tx=0).stop
2023-11-15T03:59:45.524 INFO:teuthology.orchestra.run.smithi028.stderr:/usr/bin/ceph:
2023-11-15T03:59:45.520+0000 7f8c8fe9a700 1 --2- 172.21.15.28:0/1836409763 >> [v2:172.21.15.28:3300/0,v1:172.21.15.28:6789/0] conn(0x7f8c880703d0 0x7f8c8810cc10 unknown :-1 s=CLOSED pgs=19 cs=0 l=1 rev1=1 rx=0 tx=0).stop
2023-11-15T03:59:45.524 INFO:teuthology.orchestra.run.smithi028.stderr:/usr/bin/ceph:
2023-11-15T03:59:45.520+0000 7f8c8fe9a700 1 -- 172.21.15.28:0/1836409763 >> 172.21.15.28:0/1836409763 conn(0x7f8c880f63c0 msgr2=0x7f8c880f7f10 unknown :-1 s=STATE_NONE l=0).mark_down
2023-11-15T03:59:45.524 INFO:teuthology.orchestra.run.smithi028.stderr:/usr/bin/ceph:
2023-11-15T03:59:45.521+0000 7f8c8fe9a700 1 -- 172.21.15.28:0/1836409763 shutdown_connections
2023-11-15T03:59:45.524 INFO:teuthology.orchestra.run.smithi028.stderr:/usr/bin/ceph:
2023-11-15T03:59:45.521+0000 7f8c8fe9a700 1 -- 172.21.15.28:0/1836409763 wait complete.
2023-11-15T03:59:45.865 INFO:journalctl@ceph.mon.smithi028.smithi028.stdout:Nov 15 03:59:45 smithi028 ceph-4f3a6532-836b-11ee-8dbe-212e2dc638e7-mon.smithi028[112441]: audit
2023-11-15T03:59:45.465692+0000 mon.smithi028 (mon.0) 26 : audit [INF] from='client.? 172.21.15.28:0/1836409763' entity='client.admin' cmd=[{"prefix": "mgr module enable", "module": "cephadm"}]: dispatch
2023-11-15T03:59:46.695 INFO:teuthology.orchestra.run.smithi028.stderr:Running command: /bin/podman run --rm --ipc=host --no-hosts --net=host --entrypoint /usr/bin/ceph --init -e CONTAINER_IMAGE=docker.io/ceph/ceph:v16.2.4 -e NODE_NAME=smithi028 -e CEPH_USE_RANDOM_NONCE=1 -v /var/log/ceph/4f3a6532-836b-11ee-8dbe-212e2dc638e7:/var/log/ceph:z -v /tmp/ceph-tmpv2xxgi20:/etc/ceph/ceph.client.admin.keyring:z -v /tmp/ceph-tmp6bu1c8ad:/etc/ceph/ceph.conf:z docker.io/ceph/ceph:v16.2.4 mgr stat
2023-11-15T03:59:46.815 INFO:journalctl@ceph.mon.smithi028.smithi028.stdout:Nov 15 03:59:46 smithi028 ceph-4f3a6532-836b-11ee-8dbe-212e2dc638e7-mon.smithi028[112441]: audit
2023-11-15T03:59:45.519705+0000 mon.smithi028 (mon.0) 27 : audit [INF] from='client.? 172.21.15.28:0/1836409763' entity='client.admin' cmd='[{"prefix": "mgr module enable", "module": "cephadm"}]': finished
2023-11-15T03:59:46.815 INFO:journalctl@ceph.mon.smithi028.smithi028.stdout:Nov 15 03:59:46 smithi028 ceph-4f3a6532-836b-11ee-8dbe-212e2dc638e7-mon.smithi028[112441]: cluster
2023-11-15T03:59:45.519781+0000 mon.smithi028 (mon.0) 28 : cluster [DBG] mgrmap e5: smithi028.vpjsvm(active, since 5s)
2023-11-15T03:59:47.117 INFO:teuthology.orchestra.run.smithi028.stderr:/usr/bin/ceph:
2023-11-15T03:59:47.115+0000 7ff70fe6f700 1 Processor -- start
2023-11-15T03:59:47.117 INFO:teuthology.orchestra.run.smithi028.stderr:/usr/bin/ceph:
2023-11-15T03:59:47.116+0000 7ff70fe6f700 1 -- start start
2023-11-15T03:59:47.118 INFO:teuthology.orchestra.run.smithi028.stderr:/usr/bin/ceph:
2023-11-15T03:59:47.116+0000 7ff70fe6f700 1 --2- >> [v2:172.21.15.28:3300/0,v1:172.21.15.28:6789/0] conn(0x7ff7080fab80 0x7ff7080fafa0 unknown :-1 s=NONE pgs=0 cs=0 l=0 rev1=0 rx=0 tx=0).connect
2023-11-15T03:59:47.118 INFO:teuthology.orchestra.run.smithi028.stderr:/usr/bin/ceph:
2023-11-15T03:59:47.116+0000 7ff70fe6f700 1 -- --> [v2:172.21.15.28:3300/0,v1:172.21.15.28:6789/0] -- mon_getmap magic: 0 v1 -- 0x7ff7080fb490 con 0x7ff7080fab80
2023-11-15T03:59:47.120 INFO:teuthology.orchestra.run.smithi028.stderr:/usr/bin/ceph:
2023-11-15T03:59:47.116+0000 7ff70dc0b700 1 --2- >> [v2:172.21.15.28:3300/0,v1:172.21.15.28:6789/0] conn(0x7ff7080fab80 0x7ff7080fafa0 unknown :-1 s=BANNER_CONNECTING pgs=0 cs=0 l=0 rev1=0 rx=0 tx=0)._handle_peer_banner_payload supported=1 required=0
2023-11-15T03:59:47.120 INFO:teuthology.orchestra.run.smithi028.stderr:/usr/bin/ceph:
2023-11-15T03:59:47.116+0000 7ff70dc0b700 1 --2- >> [v2:172.21.15.28:3300/0,v1:172.21.15.28:6789/0] conn(0x7ff7080fab80 0x7ff7080fafa0 unknown :-1 s=HELLO_CONNECTING pgs=0 cs=0 l=0 rev1=1 rx=0 tx=0).handle_hello peer v2:172.21.15.28:3300/0 says I am v2:172.21.15.28:36062/0 (socket says 172.21.15.28:36062)
2023-11-15T03:59:47.121 INFO:teuthology.orchestra.run.smithi028.stderr:/usr/bin/ceph:
2023-11-15T03:59:47.116+0000 7ff70dc0b700 1 -- 172.21.15.28:0/526199705 learned_addr learned my addr 172.21.15.28:0/526199705 (peer_addr_for_me v2:172.21.15.28:0/0)
2023-11-15T03:59:47.121 INFO:teuthology.orchestra.run.smithi028.stderr:/usr/bin/ceph:
2023-11-15T03:59:47.117+0000 7ff70dc0b700 1 -- 172.21.15.28:0/526199705 --> [v2:172.21.15.28:3300/0,v1:172.21.15.28:6789/0] -- mon_subscribe({config=0+,monmap=0+}) v3 -- 0x7ff7080fb5d0 con 0x7ff7080fab80
2023-11-15T03:59:47.121 INFO:teuthology.orchestra.run.smithi028.stderr:/usr/bin/ceph:
2023-11-15T03:59:47.117+0000 7ff70dc0b700 1 --2- 172.21.15.28:0/526199705 >> [v2:172.21.15.28:3300/0,v1:172.21.15.28:6789/0] conn(0x7ff7080fab80 0x7ff7080fafa0 secure :-1 s=READY pgs=22 cs=0 l=1 rev1=1 rx=0x7ff70400b870 tx=0x7ff704006f70).ready entity=mon.0 client_cookie=698970d6d67a1600 server_cookie=0 in_seq=0 out_seq=0
2023-11-15T03:59:47.121 INFO:teuthology.orchestra.run.smithi028.stderr:/usr/bin/ceph:
2023-11-15T03:59:47.117+0000 7ff70cc09700 1 -- 172.21.15.28:0/526199705 <== mon.0 v2:172.21.15.28:3300/0 1 ==== mon_map magic: 0 v1 ==== 229+0+0 (secure 0 0 0) 0x7ff70400da20 con 0x7ff7080fab80
2023-11-15T03:59:47.121 INFO:teuthology.orchestra.run.smithi028.stderr:/usr/bin/ceph:
2023-11-15T03:59:47.117+0000 7ff70cc09700 1 -- 172.21.15.28:0/526199705 <== mon.0 v2:172.21.15.28:3300/0 2 ==== config(25 keys) v1 ==== 1010+0+0 (secure 0 0 0) 0x7ff704010470 con 0x7ff7080fab80
2023-11-15T03:59:47.122 INFO:teuthology.orchestra.run.smithi028.stderr:/usr/bin/ceph:
2023-11-15T03:59:47.117+0000 7ff70cc09700 1 -- 172.21.15.28:0/526199705 <== mon.0 v2:172.21.15.28:3300/0 3 ==== mon_map magic: 0 v1 ==== 229+0+0 (secure 0 0 0) 0x7ff70400f5b0 con 0x7ff7080fab80
2023-11-15T03:59:47.122 INFO:teuthology.orchestra.run.smithi028.stderr:/usr/bin/ceph:
2023-11-15T03:59:47.118+0000 7ff70fe6f700 1 -- 172.21.15.28:0/526199705 >> [v2:172.21.15.28:3300/0,v1:172.21.15.28:6789/0] conn(0x7ff7080fab80 msgr2=0x7ff7080fafa0 secure :-1 s=STATE_CONNECTION_ESTABLISHED l=1).mark_down
2023-11-15T03:59:47.122 INFO:teuthology.orchestra.run.smithi028.stderr:/usr/bin/ceph:
2023-11-15T03:59:47.118+0000 7ff70fe6f700 1 --2- 172.21.15.28:0/526199705 >> [v2:172.21.15.28:3300/0,v1:172.21.15.28:6789/0] conn(0x7ff7080fab80 0x7ff7080fafa0 secure :-1 s=READY pgs=22 cs=0 l=1 rev1=1 rx=0x7ff70400b870 tx=0x7ff704006f70).stop
2023-11-15T03:59:47.123 INFO:teuthology.orchestra.run.smithi028.stderr:/usr/bin/ceph:
2023-11-15T03:59:47.118+0000 7ff70fe6f700 1 -- 172.21.15.28:0/526199705 shutdown_connections
2023-11-15T03:59:47.123 INFO:teuthology.orchestra.run.smithi028.stderr:/usr/bin/ceph:
2023-11-15T03:59:47.118+0000 7ff70fe6f700 1 --2- 172.21.15.28:0/526199705 >> [v2:172.21.15.28:3300/0,v1:172.21.15.28:6789/0] conn(0x7ff7080fab80 0x7ff7080fafa0 unknown :-1 s=CLOSED pgs=22 cs=0 l=1 rev1=1 rx=0 tx=0).stop
2023-11-15T03:59:47.123 INFO:teuthology.orchestra.run.smithi028.stderr:/usr/bin/ceph:
2023-11-15T03:59:47.118+0000 7ff70fe6f700 1 -- 172.21.15.28:0/526199705 >> 172.21.15.28:0/526199705 conn(0x7ff7080f63c0 msgr2=0x7ff7080f87e0 unknown :-1 s=STATE_NONE l=0).mark_down
2023-11-15T03:59:47.123 INFO:teuthology.orchestra.run.smithi028.stderr:/usr/bin/ceph:
2023-11-15T03:59:47.118+0000 7ff70fe6f700 1 -- 172.21.15.28:0/526199705 shutdown_connections
2023-11-15T03:59:47.123 INFO:teuthology.orchestra.run.smithi028.stderr:/usr/bin/ceph:
2023-11-15T03:59:47.118+0000 7ff70fe6f700 1 -- 172.21.15.28:0/526199705 wait complete.
2023-11-15T03:59:47.124 INFO:teuthology.orchestra.run.smithi028.stderr:/usr/bin/ceph:
2023-11-15T03:59:47.119+0000 7ff70fe6f700 1 Processor -- start
2023-11-15T03:59:47.124 INFO:teuthology.orchestra.run.smithi028.stderr:/usr/bin/ceph:
2023-11-15T03:59:47.119+0000 7ff70fe6f700 1 -- start start
2023-11-15T03:59:47.124 INFO:teuthology.orchestra.run.smithi028.stderr:/usr/bin/ceph:
2023-11-15T03:59:47.119+0000 7ff70fe6f700 1 --2- >> [v2:172.21.15.28:3300/0,v1:172.21.15.28:6789/0] conn(0x7ff7080fab80 0x7ff70810cb80 unknown :-1 s=NONE pgs=0 cs=0 l=1 rev1=0 rx=0 tx=0).connect
2023-11-15T03:59:47.124 INFO:teuthology.orchestra.run.smithi028.stderr:/usr/bin/ceph:
2023-11-15T03:59:47.119+0000 7ff70fe6f700 1 -- --> [v2:172.21.15.28:3300/0,v1:172.21.15.28:6789/0] -- mon_getmap magic: 0 v1 -- 0x7ff70810d070 con 0x7ff7080fab80
2023-11-15T03:59:47.124 INFO:teuthology.orchestra.run.smithi028.stderr:/usr/bin/ceph:
2023-11-15T03:59:47.119+0000 7ff70dc0b700 1 --2- >> [v2:172.21.15.28:3300/0,v1:172.21.15.28:6789/0] conn(0x7ff7080fab80 0x7ff70810cb80 unknown :-1 s=BANNER_CONNECTING pgs=0 cs=0 l=1 rev1=0 rx=0 tx=0)._handle_peer_banner_payload supported=1 required=0
2023-11-15T03:59:47.124 INFO:teuthology.orchestra.run.smithi028.stderr:/usr/bin/ceph:
2023-11-15T03:59:47.119+0000 7ff70dc0b700 1 --2- >> [v2:172.21.15.28:3300/0,v1:172.21.15.28:6789/0] conn(0x7ff7080fab80 0x7ff70810cb80 unknown :-1 s=HELLO_CONNECTING pgs=0 cs=0 l=1 rev1=1 rx=0 tx=0).handle_hello peer v2:172.21.15.28:3300/0 says I am v2:172.21.15.28:36076/0 (socket says 172.21.15.28:36076)
2023-11-15T03:59:47.125 INFO:teuthology.orchestra.run.smithi028.stderr:/usr/bin/ceph:
2023-11-15T03:59:47.119+0000 7ff70dc0b700 1 -- 172.21.15.28:0/122367756 learned_addr learned my addr 172.21.15.28:0/122367756 (peer_addr_for_me v2:172.21.15.28:0/0)
2023-11-15T03:59:47.126 INFO:teuthology.orchestra.run.smithi028.stderr:/usr/bin/ceph:
2023-11-15T03:59:47.120+0000 7ff70dc0b700 1 -- 172.21.15.28:0/122367756 --> [v2:172.21.15.28:3300/0,v1:172.21.15.28:6789/0] -- mon_subscribe({config=0+,monmap=0+}) v3 -- 0x7ff70400b480 con 0x7ff7080fab80
2023-11-15T03:59:47.126 INFO:teuthology.orchestra.run.smithi028.stderr:/usr/bin/ceph:
2023-11-15T03:59:47.120+0000 7ff70dc0b700 1 --2- 172.21.15.28:0/122367756 >> [v2:172.21.15.28:3300/0,v1:172.21.15.28:6789/0] conn(0x7ff7080fab80 0x7ff70810cb80 secure :-1 s=READY pgs=23 cs=0 l=1 rev1=1 rx=0x7ff704006800 tx=0x7ff704006f70).ready entity=mon.0 client_cookie=0 server_cookie=0 in_seq=0 out_seq=0
2023-11-15T03:59:47.127 INFO:teuthology.orchestra.run.smithi028.stderr:/usr/bin/ceph:
2023-11-15T03:59:47.120+0000 7ff6f67fc700 1 -- 172.21.15.28:0/122367756 <== mon.0 v2:172.21.15.28:3300/0 1 ==== mon_map magic: 0 v1 ==== 229+0+0 (secure 0 0 0) 0x7ff70400f980 con 0x7ff7080fab80
2023-11-15T03:59:47.127 INFO:teuthology.orchestra.run.smithi028.stderr:/usr/bin/ceph:
2023-11-15T03:59:47.120+0000 7ff6f67fc700 1 -- 172.21.15.28:0/122367756 <== mon.0 v2:172.21.15.28:3300/0 2 ==== config(25 keys) v1 ==== 1010+0+0 (secure 0 0 0) 0x7ff704019450 con 0x7ff7080fab80
2023-11-15T03:59:47.127 INFO:teuthology.orchestra.run.smithi028.stderr:/usr/bin/ceph:
2023-11-15T03:59:47.120+0000 7ff70fe6f700 1 -- 172.21.15.28:0/122367756 --> [v2:172.21.15.28:3300/0,v1:172.21.15.28:6789/0] -- mon_subscribe({mgrmap=0+}) v3 -- 0x7ff70810d270 con 0x7ff7080fab80
2023-11-15T03:59:47.127 INFO:teuthology.orchestra.run.smithi028.stderr:/usr/bin/ceph:
2023-11-15T03:59:47.120+0000 7ff6f67fc700 1 -- 172.21.15.28:0/122367756 <== mon.0 v2:172.21.15.28:3300/0 3 ==== mon_map magic: 0 v1 ==== 229+0+0 (secure 0 0 0) 0x7ff704023640 con 0x7ff7080fab80
2023-11-15T03:59:47.127 INFO:teuthology.orchestra.run.smithi028.stderr:/usr/bin/ceph:
2023-11-15T03:59:47.120+0000 7ff70fe6f700 1 -- 172.21.15.28:0/122367756 --> [v2:172.21.15.28:3300/0,v1:172.21.15.28:6789/0] -- mon_subscribe({osdmap=0}) v3 -- 0x7ff70810d680 con 0x7ff7080fab80
2023-11-15T03:59:47.128 INFO:teuthology.orchestra.run.smithi028.stderr:/usr/bin/ceph:
2023-11-15T03:59:47.121+0000 7ff70fe6f700 1 -- 172.21.15.28:0/122367756 --> [v2:172.21.15.28:3300/0,v1:172.21.15.28:6789/0] -- mon_command({"prefix": "get_command_descriptions"} v 0) v1 -- 0x7ff708045ad0 con 0x7ff7080fab80
2023-11-15T03:59:47.128 INFO:teuthology.orchestra.run.smithi028.stderr:/usr/bin/ceph:
2023-11-15T03:59:47.121+0000 7ff6f67fc700 1 -- 172.21.15.28:0/122367756 <== mon.0 v2:172.21.15.28:3300/0 4 ==== mgrmap(e 5) v1 ==== 36120+0+0 (secure 0 0 0) 0x7ff704016030 con 0x7ff7080fab80
2023-11-15T03:59:47.128 INFO:teuthology.orchestra.run.smithi028.stderr:/usr/bin/ceph:
2023-11-15T03:59:47.122+0000 7ff6f67fc700 1 --2- 172.21.15.28:0/122367756 >> [v2:172.21.15.28:6800/1481476372,v1:172.21.15.28:6801/1481476372] conn(0x7ff6f002fd50 0x7ff6f0032210 unknown :-1 s=NONE pgs=0 cs=0 l=1 rev1=0 rx=0 tx=0).connect
2023-11-15T03:59:47.128 INFO:teuthology.orchestra.run.smithi028.stderr:/usr/bin/ceph:
2023-11-15T03:59:47.122+0000 7ff6f67fc700 1 -- 172.21.15.28:0/122367756 <== mon.0 v2:172.21.15.28:3300/0 5 ==== osd_map(1..1 src has 1..1) v4 ==== 754+0+0 (secure 0 0 0) 0x7ff704041b30 con 0x7ff7080fab80
2023-11-15T03:59:47.128 INFO:teuthology.orchestra.run.smithi028.stderr:/usr/bin/ceph:
2023-11-15T03:59:47.122+0000 7ff70d40a700 1 -- 172.21.15.28:0/122367756 >> [v2:172.21.15.28:6800/1481476372,v1:172.21.15.28:6801/1481476372] conn(0x7ff6f002fd50 msgr2=0x7ff6f0032210 unknown :-1 s=STATE_CONNECTING_RE l=1).process reconnect failed to v2:172.21.15.28:6800/1481476372
2023-11-15T03:59:47.129 INFO:teuthology.orchestra.run.smithi028.stderr:/usr/bin/ceph:
2023-11-15T03:59:47.122+0000 7ff70d40a700 1 --2- 172.21.15.28:0/122367756 >> [v2:172.21.15.28:6800/1481476372,v1:172.21.15.28:6801/1481476372] conn(0x7ff6f002fd50 0x7ff6f0032210 unknown :-1 s=START_CONNECT pgs=0 cs=0 l=1 rev1=0 rx=0 tx=0)._fault waiting 0.200000
2023-11-15T03:59:47.129 INFO:teuthology.orchestra.run.smithi028.stderr:/usr/bin/ceph:
2023-11-15T03:59:47.126+0000 7ff6f67fc700 1 -- 172.21.15.28:0/122367756 <== mon.0 v2:172.21.15.28:3300/0 6 ==== mon_command_ack([{"prefix": "get_command_descriptions"}]=0 v0) v1 ==== 72+0+152212 (secure 0 0 0) 0x7ff70402a930 con 0x7ff7080fab80
2023-11-15T03:59:47.324 INFO:teuthology.orchestra.run.smithi028.stderr:/usr/bin/ceph:
2023-11-15T03:59:47.323+0000 7ff70d40a700 1 -- 172.21.15.28:0/122367756 >> [v2:172.21.15.28:6800/1481476372,v1:172.21.15.28:6801/1481476372] conn(0x7ff6f002fd50 msgr2=0x7ff6f0032210 unknown :-1 s=STATE_CONNECTING_RE l=1).process reconnect failed to v2:172.21.15.28:6800/1481476372
2023-11-15T03:59:47.324 INFO:teuthology.orchestra.run.smithi028.stderr:/usr/bin/ceph:
2023-11-15T03:59:47.323+0000 7ff70d40a700 1 --2- 172.21.15.28:0/122367756 >> [v2:172.21.15.28:6800/1481476372,v1:172.21.15.28:6801/1481476372] conn(0x7ff6f002fd50 0x7ff6f0032210 unknown :-1 s=START_CONNECT pgs=0 cs=0 l=1 rev1=0 rx=0 tx=0)._fault waiting 0.400000
2023-11-15T03:59:47.335 INFO:teuthology.orchestra.run.smithi028.stderr:/usr/bin/ceph:
2023-11-15T03:59:47.334+0000 7ff70fe6f700 1 -- 172.21.15.28:0/122367756 --> [v2:172.21.15.28:3300/0,v1:172.21.15.28:6789/0] -- mon_command({"prefix": "mgr stat"} v 0) v1 -- 0x7ff7081025d0 con 0x7ff7080fab80
2023-11-15T03:59:47.336 INFO:teuthology.orchestra.run.smithi028.stderr:/usr/bin/ceph:
2023-11-15T03:59:47.334+0000 7ff6f67fc700 1 -- 172.21.15.28:0/122367756 <== mon.0 v2:172.21.15.28:3300/0 7 ==== mon_command_ack([{"prefix": "mgr stat"}]=0 v5) v1 ==== 56+0+103 (secure 0 0 0) 0x7ff704014030 con 0x7ff7080fab80
2023-11-15T03:59:47.336 INFO:teuthology.orchestra.run.smithi028.stderr:/usr/bin/ceph: {
2023-11-15T03:59:47.336 INFO:teuthology.orchestra.run.smithi028.stderr:/usr/bin/ceph: "epoch": 5,
2023-11-15T03:59:47.336 INFO:teuthology.orchestra.run.smithi028.stderr:/usr/bin/ceph: "available": true,
2023-11-15T03:59:47.337 INFO:teuthology.orchestra.run.smithi028.stderr:/usr/bin/ceph: "active_name": "smithi028.vpjsvm",
2023-11-15T03:59:47.337 INFO:teuthology.orchestra.run.smithi028.stderr:/usr/bin/ceph: "num_standby": 0
2023-11-15T03:59:47.337 INFO:teuthology.orchestra.run.smithi028.stderr:/usr/bin/ceph: }
2023-11-15T03:59:47.339 INFO:teuthology.orchestra.run.smithi028.stderr:/usr/bin/ceph:
2023-11-15T03:59:47.336+0000 7ff70fe6f700 1 -- 172.21.15.28:0/122367756 >> [v2:172.21.15.28:6800/1481476372,v1:172.21.15.28:6801/1481476372] conn(0x7ff6f002fd50 msgr2=0x7ff6f0032210 unknown :-1 s=STATE_CONNECTING l=1).mark_down
2023-11-15T03:59:47.339 INFO:teuthology.orchestra.run.smithi028.stderr:/usr/bin/ceph:
2023-11-15T03:59:47.336+0000 7ff70fe6f700 1 --2- 172.21.15.28:0/122367756 >> [v2:172.21.15.28:6800/1481476372,v1:172.21.15.28:6801/1481476372] conn(0x7ff6f002fd50 0x7ff6f0032210 unknown :-1 s=START_CONNECT pgs=0 cs=0 l=1 rev1=0 rx=0 tx=0).stop
2023-11-15T03:59:47.339 INFO:teuthology.orchestra.run.smithi028.stderr:/usr/bin/ceph:
2023-11-15T03:59:47.336+0000 7ff70fe6f700 1 -- 172.21.15.28:0/122367756 >> [v2:172.21.15.28:3300/0,v1:172.21.15.28:6789/0] conn(0x7ff7080fab80 msgr2=0x7ff70810cb80 secure :-1 s=STATE_CONNECTION_ESTABLISHED l=1).mark_down
2023-11-15T03:59:47.339 INFO:teuthology.orchestra.run.smithi028.stderr:/usr/bin/ceph:
2023-11-15T03:59:47.336+0000 7ff70fe6f700 1 --2- 172.21.15.28:0/122367756 >> [v2:172.21.15.28:3300/0,v1:172.21.15.28:6789/0] conn(0x7ff7080fab80 0x7ff70810cb80 secure :-1 s=READY pgs=23 cs=0 l=1 rev1=1 rx=0x7ff704006800 tx=0x7ff704006f70).stop
2023-11-15T03:59:47.339 INFO:teuthology.orchestra.run.smithi028.stderr:/usr/bin/ceph:
2023-11-15T03:59:47.336+0000 7ff70fe6f700 1 -- 172.21.15.28:0/122367756 shutdown_connections
2023-11-15T03:59:47.340 INFO:teuthology.orchestra.run.smithi028.stderr:/usr/bin/ceph:
2023-11-15T03:59:47.336+0000 7ff70fe6f700 1 --2- 172.21.15.28:0/122367756 >> [v2:172.21.15.28:6800/1481476372,v1:172.21.15.28:6801/1481476372] conn(0x7ff6f002fd50 0x7ff6f0032210 unknown :-1 s=CLOSED pgs=0 cs=0 l=1 rev1=0 rx=0 tx=0).stop
2023-11-15T03:59:47.340 INFO:teuthology.orchestra.run.smithi028.stderr:/usr/bin/ceph:
2023-11-15T03:59:47.336+0000 7ff70fe6f700 1 --2- 172.21.15.28:0/122367756 >> [v2:172.21.15.28:3300/0,v1:172.21.15.28:6789/0] conn(0x7ff7080fab80 0x7ff70810cb80 unknown :-1 s=CLOSED pgs=23 cs=0 l=1 rev1=1 rx=0 tx=0).stop
2023-11-15T03:59:47.340 INFO:teuthology.orchestra.run.smithi028.stderr:/usr/bin/ceph:
2023-11-15T03:59:47.336+0000 7ff70fe6f700 1 -- 172.21.15.28:0/122367756 >> 172.21.15.28:0/122367756 conn(0x7ff7080f63c0 msgr2=0x7ff7080ff910 unknown :-1 s=STATE_NONE l=0).mark_down
2023-11-15T03:59:47.340 INFO:teuthology.orchestra.run.smithi028.stderr:/usr/bin/ceph:
2023-11-15T03:59:47.338+0000 7ff70fe6f700 1 -- 172.21.15.28:0/122367756 shutdown_connections
2023-11-15T03:59:47.340 INFO:teuthology.orchestra.run.smithi028.stderr:/usr/bin/ceph:
2023-11-15T03:59:47.338+0000 7ff70fe6f700 1 -- 172.21.15.28:0/122367756 wait complete.
2023-11-15T03:59:47.653 INFO:journalctl@ceph.mon.smithi028.smithi028.stdout:Nov 15 03:59:47 smithi028 ceph-4f3a6532-836b-11ee-8dbe-212e2dc638e7-mon.smithi028[112441]: audit
2023-11-15T03:59:47.335826+0000 mon.smithi028 (mon.0) 29 : audit [DBG] from='client.? 172.21.15.28:0/122367756' entity='client.admin' cmd=[{"prefix": "mgr stat"}]: dispatch
2023-11-15T03:59:47.716 INFO:teuthology.orchestra.run.smithi028.stderr:Waiting for the mgr to restart...
2023-11-15T03:59:47.716 INFO:teuthology.orchestra.run.smithi028.stderr:Waiting for mgr epoch 5...
2023-11-15T03:59:47.717 INFO:teuthology.orchestra.run.smithi028.stderr:Running command: /bin/podman run --rm --ipc=host --no-hosts --net=host --entrypoint /usr/bin/ceph --init -e CONTAINER_IMAGE=docker.io/ceph/ceph:v16.2.4 -e NODE_NAME=smithi028 -e CEPH_USE_RANDOM_NONCE=1 -v /var/log/ceph/4f3a6532-836b-11ee-8dbe-212e2dc638e7:/var/log/ceph:z -v /tmp/ceph-tmpv2xxgi20:/etc/ceph/ceph.client.admin.keyring:z -v /tmp/ceph-tmp6bu1c8ad:/etc/ceph/ceph.conf:z docker.io/ceph/ceph:v16.2.4 tell mgr mgr_status
2023-11-15T03:59:48.128 INFO:teuthology.orchestra.run.smithi028.stderr:/usr/bin/ceph:
2023-11-15T03:59:48.124+0000 7fb8c9b1d700 1 Processor -- start
2023-11-15T03:59:48.128 INFO:teuthology.orchestra.run.smithi028.stderr:/usr/bin/ceph:
2023-11-15T03:59:48.124+0000 7fb8c9b1d700 1 -- start start
2023-11-15T03:59:48.128 INFO:teuthology.orchestra.run.smithi028.stderr:/usr/bin/ceph:
2023-11-15T03:59:48.124+0000 7fb8c9b1d700 1 --2- >> [v2:172.21.15.28:3300/0,v1:172.21.15.28:6789/0] conn(0x7fb8c40703f0 0x7fb8c40fe920 unknown :-1 s=NONE pgs=0 cs=0 l=0 rev1=0 rx=0 tx=0).connect
2023-11-15T03:59:48.129 INFO:teuthology.orchestra.run.smithi028.stderr:/usr/bin/ceph:
2023-11-15T03:59:48.124+0000 7fb8c9b1d700 1 -- --> [v2:172.21.15.28:3300/0,v1:172.21.15.28:6789/0] -- mon_getmap magic: 0 v1 -- 0x7fb8c40fee10 con 0x7fb8c40703f0
2023-11-15T03:59:48.129 INFO:teuthology.orchestra.run.smithi028.stderr:/usr/bin/ceph:
2023-11-15T03:59:48.124+0000 7fb8c37fe700 1 --2- >> [v2:172.21.15.28:3300/0,v1:172.21.15.28:6789/0] conn(0x7fb8c40703f0 0x7fb8c40fe920 unknown :-1 s=BANNER_CONNECTING pgs=0 cs=0 l=0 rev1=0 rx=0 tx=0)._handle_peer_banner_payload supported=1 required=0
2023-11-15T03:59:48.129 INFO:teuthology.orchestra.run.smithi028.stderr:/usr/bin/ceph:
2023-11-15T03:59:48.124+0000 7fb8c37fe700 1 --2- >> [v2:172.21.15.28:3300/0,v1:172.21.15.28:6789/0] conn(0x7fb8c40703f0 0x7fb8c40fe920 unknown :-1 s=HELLO_CONNECTING pgs=0 cs=0 l=0 rev1=1 rx=0 tx=0).handle_hello peer v2:172.21.15.28:3300/0 says I am v2:172.21.15.28:36086/0 (socket says 172.21.15.28:36086)
2023-11-15T03:59:48.129 INFO:teuthology.orchestra.run.smithi028.stderr:/usr/bin/ceph:
2023-11-15T03:59:48.124+0000 7fb8c37fe700 1 -- 172.21.15.28:0/205962391 learned_addr learned my addr 172.21.15.28:0/205962391 (peer_addr_for_me v2:172.21.15.28:0/0)
2023-11-15T03:59:48.129 INFO:teuthology.orchestra.run.smithi028.stderr:/usr/bin/ceph:
2023-11-15T03:59:48.125+0000 7fb8c37fe700 1 -- 172.21.15.28:0/205962391 --> [v2:172.21.15.28:3300/0,v1:172.21.15.28:6789/0] -- mon_subscribe({config=0+,monmap=0+}) v3 -- 0x7fb8c40fef50 con 0x7fb8c40703f0
2023-11-15T03:59:48.130 INFO:teuthology.orchestra.run.smithi028.stderr:/usr/bin/ceph:
2023-11-15T03:59:48.125+0000 7fb8c37fe700 1 --2- 172.21.15.28:0/205962391 >> [v2:172.21.15.28:3300/0,v1:172.21.15.28:6789/0] conn(0x7fb8c40703f0 0x7fb8c40fe920 secure :-1 s=READY pgs=24 cs=0 l=1 rev1=1 rx=0x7fb8b400b5f0 tx=0x7fb8b4006ee0).ready entity=mon.0 client_cookie=6814dbef42949317 server_cookie=0 in_seq=0 out_seq=0
2023-11-15T03:59:48.130 INFO:teuthology.orchestra.run.smithi028.stderr:/usr/bin/ceph:
2023-11-15T03:59:48.125+0000 7fb8c27fc700 1 -- 172.21.15.28:0/205962391 <== mon.0 v2:172.21.15.28:3300/0 1 ==== mon_map magic: 0 v1 ==== 229+0+0 (secure 0 0 0) 0x7fb8b400d600 con 0x7fb8c40703f0
2023-11-15T03:59:48.130 INFO:teuthology.orchestra.run.smithi028.stderr:/usr/bin/ceph:
2023-11-15T03:59:48.125+0000 7fb8c27fc700 1 -- 172.21.15.28:0/205962391 <== mon.0 v2:172.21.15.28:3300/0 2 ==== config(25 keys) v1 ==== 1010+0+0 (secure 0 0 0) 0x7fb8b400dbd0 con 0x7fb8c40703f0
2023-11-15T03:59:48.130 INFO:teuthology.orchestra.run.smithi028.stderr:/usr/bin/ceph:
2023-11-15T03:59:48.125+0000 7fb8c27fc700 1 -- 172.21.15.28:0/205962391 <== mon.0 v2:172.21.15.28:3300/0 3 ==== mon_map magic: 0 v1 ==== 229+0+0 (secure 0 0 0) 0x7fb8b4011c00 con 0x7fb8c40703f0
2023-11-15T03:59:48.131 INFO:teuthology.orchestra.run.smithi028.stderr:/usr/bin/ceph:
2023-11-15T03:59:48.126+0000 7fb8c9b1d700 1 -- 172.21.15.28:0/205962391 >> [v2:172.21.15.28:3300/0,v1:172.21.15.28:6789/0] conn(0x7fb8c40703f0 msgr2=0x7fb8c40fe920 secure :-1 s=STATE_CONNECTION_ESTABLISHED l=1).mark_down
2023-11-15T03:59:48.131 INFO:teuthology.orchestra.run.smithi028.stderr:/usr/bin/ceph:
2023-11-15T03:59:48.126+0000 7fb8c9b1d700 1 --2- 172.21.15.28:0/205962391 >> [v2:172.21.15.28:3300/0,v1:172.21.15.28:6789/0] conn(0x7fb8c40703f0 0x7fb8c40fe920 secure :-1 s=READY pgs=24 cs=0 l=1 rev1=1 rx=0x7fb8b400b5f0 tx=0x7fb8b4006ee0).stop
2023-11-15T03:59:48.131 INFO:teuthology.orchestra.run.smithi028.stderr:/usr/bin/ceph:
2023-11-15T03:59:48.126+0000 7fb8c9b1d700 1 -- 172.21.15.28:0/205962391 shutdown_connections
2023-11-15T03:59:48.131 INFO:teuthology.orchestra.run.smithi028.stderr:/usr/bin/ceph:
2023-11-15T03:59:48.126+0000 7fb8c9b1d700 1 --2- 172.21.15.28:0/205962391 >> [v2:172.21.15.28:3300/0,v1:172.21.15.28:6789/0] conn(0x7fb8c40703f0 0x7fb8c40fe920 unknown :-1 s=CLOSED pgs=24 cs=0 l=1 rev1=1 rx=0 tx=0).stop
2023-11-15T03:59:48.132 INFO:teuthology.orchestra.run.smithi028.stderr:/usr/bin/ceph:
2023-11-15T03:59:48.126+0000 7fb8c9b1d700 1 -- 172.21.15.28:0/205962391 >> 172.21.15.28:0/205962391 conn(0x7fb8c40f63c0 msgr2=0x7fb8c40f87e0 unknown :-1 s=STATE_NONE l=0).mark_down
2023-11-15T03:59:48.132 INFO:teuthology.orchestra.run.smithi028.stderr:/usr/bin/ceph:
2023-11-15T03:59:48.126+0000 7fb8c9b1d700 1 -- 172.21.15.28:0/205962391 shutdown_connections
2023-11-15T03:59:48.132 INFO:teuthology.orchestra.run.smithi028.stderr:/usr/bin/ceph:
2023-11-15T03:59:48.126+0000 7fb8c9b1d700 1 -- 172.21.15.28:0/205962391 wait complete.
2023-11-15T03:59:48.132 INFO:teuthology.orchestra.run.smithi028.stderr:/usr/bin/ceph:
2023-11-15T03:59:48.127+0000 7fb8c9b1d700 1 Processor -- start
2023-11-15T03:59:48.132 INFO:teuthology.orchestra.run.smithi028.stderr:/usr/bin/ceph:
2023-11-15T03:59:48.127+0000 7fb8c9b1d700 1 -- start start
2023-11-15T03:59:48.135 INFO:teuthology.orchestra.run.smithi028.stderr:/usr/bin/ceph:
2023-11-15T03:59:48.127+0000 7fb8c9b1d700 1 --2- >> [v2:172.21.15.28:3300/0,v1:172.21.15.28:6789/0] conn(0x7fb8c40703f0 0x7fb8c410aa50 unknown :-1 s=NONE pgs=0 cs=0 l=1 rev1=0 rx=0 tx=0).connect
2023-11-15T03:59:48.135 INFO:teuthology.orchestra.run.smithi028.stderr:/usr/bin/ceph:
2023-11-15T03:59:48.127+0000 7fb8c9b1d700 1 -- --> [v2:172.21.15.28:3300/0,v1:172.21.15.28:6789/0] -- mon_getmap magic: 0 v1 -- 0x7fb8c410af40 con 0x7fb8c40703f0
2023-11-15T03:59:48.136 INFO:teuthology.orchestra.run.smithi028.stderr:/usr/bin/ceph:
