2023-11-15T04:00:28.719+0000 7f5f367fc700 1 -- 172.21.15.28:0/1532253805 <== mon.0 v2:172.21.15.28:3300/0 5 ==== osd_map(4..4 src has 1..4) v4 ==== 1270+0+0 (secure 0 0 0) 0x7f5f44041460 con 0x7f5f48070390
2023-11-15T04:00:28.727 INFO:teuthology.orchestra.run.smithi028.stderr:/usr/bin/ceph:
2023-11-15T04:00:28.719+0000 7f5f4d2b5700 1 --2- 172.21.15.28:0/1532253805 >> [v2:172.21.15.28:6800/2547256920,v1:172.21.15.28:6801/2547256920] conn(0x7f5f3002fd50 0x7f5f30032210 unknown :-1 s=BANNER_CONNECTING pgs=0 cs=0 l=1 rev1=0 rx=0 tx=0)._handle_peer_banner_payload supported=1 required=0
2023-11-15T04:00:28.727 INFO:teuthology.orchestra.run.smithi028.stderr:/usr/bin/ceph:
2023-11-15T04:00:28.720+0000 7f5f4fd1a700 1 -- 172.21.15.28:0/1532253805 --> [v2:172.21.15.28:3300/0,v1:172.21.15.28:6789/0] -- mon_command({"prefix": "get_command_descriptions"} v 0) v1 -- 0x7f5f48101d70 con 0x7f5f48070390
2023-11-15T04:00:28.727 INFO:teuthology.orchestra.run.smithi028.stderr:/usr/bin/ceph:
2023-11-15T04:00:28.720+0000 7f5f4d2b5700 1 --2- 172.21.15.28:0/1532253805 >> [v2:172.21.15.28:6800/2547256920,v1:172.21.15.28:6801/2547256920] conn(0x7f5f3002fd50 0x7f5f30032210 secure :-1 s=READY pgs=6 cs=0 l=1 rev1=1 rx=0x7f5f380096a0 tx=0x7f5f38006b40).ready entity=mgr.14164 client_cookie=0 server_cookie=0 in_seq=0 out_seq=0
2023-11-15T04:00:28.728 INFO:teuthology.orchestra.run.smithi028.stderr:/usr/bin/ceph:
2023-11-15T04:00:28.724+0000 7f5f367fc700 1 -- 172.21.15.28:0/1532253805 <== mon.0 v2:172.21.15.28:3300/0 6 ==== mon_command_ack([{"prefix": "get_command_descriptions"}]=0 v0) v1 ==== 72+0+152212 (secure 0 0 0) 0x7f5f44016070 con 0x7f5f48070390
2023-11-15T04:00:28.897 INFO:teuthology.orchestra.run.smithi028.stderr:/usr/bin/ceph:
2023-11-15T04:00:28.897+0000 7f5f4fd1a700 1 -- 172.21.15.28:0/1532253805 --> [v2:172.21.15.28:6800/2547256920,v1:172.21.15.28:6801/2547256920] -- mgr_command(tid 0: {"prefix": "dashboard create-self-signed-cert", "target": ["mon-mgr", ""]}) v1 -- 0x7f5f48101f30 con 0x7f5f3002fd50
2023-11-15T04:00:28.944 INFO:teuthology.orchestra.run.smithi028.stderr:/usr/bin/ceph:
2023-11-15T04:00:28.944+0000 7f5f367fc700 1 -- 172.21.15.28:0/1532253805 <== mon.0 v2:172.21.15.28:3300/0 7 ==== mgrmap(e 16) v1 ==== 36208+0+0 (secure 0 0 0) 0x7f5f44022d80 con 0x7f5f48070390
2023-11-15T04:00:29.020 INFO:teuthology.orchestra.run.smithi028.stderr:/usr/bin/ceph:
2023-11-15T04:00:29.020+0000 7f5f367fc700 1 -- 172.21.15.28:0/1532253805 <== mgr.14164 v2:172.21.15.28:6800/2547256920 1 ==== mgr_command_reply(tid 0: 0 ) v1 ==== 8+0+32 (secure 0 0 0) 0x7f5f48101f30 con 0x7f5f3002fd50
2023-11-15T04:00:29.020 INFO:teuthology.orchestra.run.smithi028.stderr:/usr/bin/ceph: Self-signed certificate created
2023-11-15T04:00:29.022 INFO:teuthology.orchestra.run.smithi028.stderr:/usr/bin/ceph:
2023-11-15T04:00:29.021+0000 7f5f4fd1a700 1 -- 172.21.15.28:0/1532253805 >> [v2:172.21.15.28:6800/2547256920,v1:172.21.15.28:6801/2547256920] conn(0x7f5f3002fd50 msgr2=0x7f5f30032210 secure :-1 s=STATE_CONNECTION_ESTABLISHED l=1).mark_down
2023-11-15T04:00:29.023 INFO:teuthology.orchestra.run.smithi028.stderr:/usr/bin/ceph:
2023-11-15T04:00:29.021+0000 7f5f4fd1a700 1 --2- 172.21.15.28:0/1532253805 >> [v2:172.21.15.28:6800/2547256920,v1:172.21.15.28:6801/2547256920] conn(0x7f5f3002fd50 0x7f5f30032210 secure :-1 s=READY pgs=6 cs=0 l=1 rev1=1 rx=0x7f5f380096a0 tx=0x7f5f38006b40).stop
2023-11-15T04:00:29.023 INFO:teuthology.orchestra.run.smithi028.stderr:/usr/bin/ceph:
2023-11-15T04:00:29.021+0000 7f5f4fd1a700 1 -- 172.21.15.28:0/1532253805 >> [v2:172.21.15.28:3300/0,v1:172.21.15.28:6789/0] conn(0x7f5f48070390 msgr2=0x7f5f4810ccc0 secure :-1 s=STATE_CONNECTION_ESTABLISHED l=1).mark_down
2023-11-15T04:00:29.023 INFO:teuthology.orchestra.run.smithi028.stderr:/usr/bin/ceph:
2023-11-15T04:00:29.021+0000 7f5f4fd1a700 1 --2- 172.21.15.28:0/1532253805 >> [v2:172.21.15.28:3300/0,v1:172.21.15.28:6789/0] conn(0x7f5f48070390 0x7f5f4810ccc0 secure :-1 s=READY pgs=82 cs=0 l=1 rev1=1 rx=0x7f5f4400b190 tx=0x7f5f44006ee0).stop
2023-11-15T04:00:29.023 INFO:teuthology.orchestra.run.smithi028.stderr:/usr/bin/ceph:
2023-11-15T04:00:29.022+0000 7f5f4fd1a700 1 -- 172.21.15.28:0/1532253805 shutdown_connections
2023-11-15T04:00:29.024 INFO:teuthology.orchestra.run.smithi028.stderr:/usr/bin/ceph:
2023-11-15T04:00:29.022+0000 7f5f4fd1a700 1 --2- 172.21.15.28:0/1532253805 >> [v2:172.21.15.28:6800/2547256920,v1:172.21.15.28:6801/2547256920] conn(0x7f5f3002fd50 0x7f5f30032210 unknown :-1 s=CLOSED pgs=6 cs=0 l=1 rev1=1 rx=0 tx=0).stop
2023-11-15T04:00:29.024 INFO:teuthology.orchestra.run.smithi028.stderr:/usr/bin/ceph:
2023-11-15T04:00:29.022+0000 7f5f4fd1a700 1 --2- 172.21.15.28:0/1532253805 >> [v2:172.21.15.28:3300/0,v1:172.21.15.28:6789/0] conn(0x7f5f48070390 0x7f5f4810ccc0 unknown :-1 s=CLOSED pgs=82 cs=0 l=1 rev1=1 rx=0 tx=0).stop
2023-11-15T04:00:29.024 INFO:teuthology.orchestra.run.smithi028.stderr:/usr/bin/ceph:
2023-11-15T04:00:29.022+0000 7f5f4fd1a700 1 -- 172.21.15.28:0/1532253805 >> 172.21.15.28:0/1532253805 conn(0x7f5f480f63c0 msgr2=0x7f5f480f7f20 unknown :-1 s=STATE_NONE l=0).mark_down
2023-11-15T04:00:29.024 INFO:teuthology.orchestra.run.smithi028.stderr:/usr/bin/ceph:
2023-11-15T04:00:29.022+0000 7f5f4fd1a700 1 -- 172.21.15.28:0/1532253805 shutdown_connections
2023-11-15T04:00:29.024 INFO:teuthology.orchestra.run.smithi028.stderr:/usr/bin/ceph:
2023-11-15T04:00:29.022+0000 7f5f4fd1a700 1 -- 172.21.15.28:0/1532253805 wait complete.
2023-11-15T04:00:29.194 INFO:journalctl@ceph.mon.smithi028.smithi028.stdout:Nov 15 04:00:28 smithi028 ceph-4f3a6532-836b-11ee-8dbe-212e2dc638e7-mon.smithi028[112441]: audit
2023-11-15T04:00:27.943205+0000 mgr.smithi028.vpjsvm (mgr.14164) 1 : audit [DBG] from='client.14168 -' entity='client.admin' cmd=[{"prefix": "get_command_descriptions"}]: dispatch
2023-11-15T04:00:29.194 INFO:journalctl@ceph.mon.smithi028.smithi028.stdout:Nov 15 04:00:28 smithi028 ceph-4f3a6532-836b-11ee-8dbe-212e2dc638e7-mon.smithi028[112441]: cluster
2023-11-15T04:00:27.943256+0000 mon.smithi028 (mon.0) 103 : cluster [DBG] mgrmap e15: smithi028.vpjsvm(active, since 1.05564s)
2023-11-15T04:00:29.194 INFO:journalctl@ceph.mon.smithi028.smithi028.stdout:Nov 15 04:00:28 smithi028 ceph-4f3a6532-836b-11ee-8dbe-212e2dc638e7-mon.smithi028[112441]: audit
2023-11-15T04:00:27.950493+0000 mgr.smithi028.vpjsvm (mgr.14164) 2 : audit [DBG] from='client.14168 -' entity='client.admin' cmd=[{"prefix": "mgr_status"}]: dispatch
2023-11-15T04:00:29.386 INFO:teuthology.orchestra.run.smithi028.stderr:Creating initial admin user...
2023-11-15T04:00:29.387 INFO:teuthology.orchestra.run.smithi028.stderr:Running command: /bin/podman run --rm --ipc=host --no-hosts --net=host --entrypoint /usr/bin/ceph --init -e CONTAINER_IMAGE=docker.io/ceph/ceph:v16.2.4 -e NODE_NAME=smithi028 -e CEPH_USE_RANDOM_NONCE=1 -v /var/log/ceph/4f3a6532-836b-11ee-8dbe-212e2dc638e7:/var/log/ceph:z -v /tmp/ceph-tmpv2xxgi20:/etc/ceph/ceph.client.admin.keyring:z -v /tmp/ceph-tmp6bu1c8ad:/etc/ceph/ceph.conf:z -v /tmp/ceph-tmpb5nah71y:/tmp/dashboard.pw:z docker.io/ceph/ceph:v16.2.4 dashboard ac-user-create admin -i /tmp/dashboard.pw administrator --force-password --pwd-update-required
2023-11-15T04:00:29.802 INFO:teuthology.orchestra.run.smithi028.stderr:/usr/bin/ceph:
2023-11-15T04:00:29.801+0000 7f3e855b1700 1 Processor -- start
2023-11-15T04:00:29.803 INFO:teuthology.orchestra.run.smithi028.stderr:/usr/bin/ceph:
2023-11-15T04:00:29.801+0000 7f3e855b1700 1 -- start start
2023-11-15T04:00:29.803 INFO:teuthology.orchestra.run.smithi028.stderr:/usr/bin/ceph:
2023-11-15T04:00:29.801+0000 7f3e855b1700 1 --2- >> [v2:172.21.15.28:3300/0,v1:172.21.15.28:6789/0] conn(0x7f3e800fa900 0x7f3e800fad20 unknown :-1 s=NONE pgs=0 cs=0 l=0 rev1=0 rx=0 tx=0).connect
2023-11-15T04:00:29.803 INFO:teuthology.orchestra.run.smithi028.stderr:/usr/bin/ceph:
2023-11-15T04:00:29.801+0000 7f3e855b1700 1 -- --> [v2:172.21.15.28:3300/0,v1:172.21.15.28:6789/0] -- mon_getmap magic: 0 v1 -- 0x7f3e800fb210 con 0x7f3e800fa900
2023-11-15T04:00:29.803 INFO:teuthology.orchestra.run.smithi028.stderr:/usr/bin/ceph:
2023-11-15T04:00:29.801+0000 7f3e7ffff700 1 --2- >> [v2:172.21.15.28:3300/0,v1:172.21.15.28:6789/0] conn(0x7f3e800fa900 0x7f3e800fad20 unknown :-1 s=BANNER_CONNECTING pgs=0 cs=0 l=0 rev1=0 rx=0 tx=0)._handle_peer_banner_payload supported=1 required=0
2023-11-15T04:00:29.803 INFO:teuthology.orchestra.run.smithi028.stderr:/usr/bin/ceph:
2023-11-15T04:00:29.802+0000 7f3e7ffff700 1 --2- >> [v2:172.21.15.28:3300/0,v1:172.21.15.28:6789/0] conn(0x7f3e800fa900 0x7f3e800fad20 unknown :-1 s=HELLO_CONNECTING pgs=0 cs=0 l=0 rev1=1 rx=0 tx=0).handle_hello peer v2:172.21.15.28:3300/0 says I am v2:172.21.15.28:40834/0 (socket says 172.21.15.28:40834)
2023-11-15T04:00:29.804 INFO:teuthology.orchestra.run.smithi028.stderr:/usr/bin/ceph:
2023-11-15T04:00:29.802+0000 7f3e7ffff700 1 -- 172.21.15.28:0/1526449497 learned_addr learned my addr 172.21.15.28:0/1526449497 (peer_addr_for_me v2:172.21.15.28:0/0)
2023-11-15T04:00:29.804 INFO:teuthology.orchestra.run.smithi028.stderr:/usr/bin/ceph:
2023-11-15T04:00:29.802+0000 7f3e7ffff700 1 -- 172.21.15.28:0/1526449497 --> [v2:172.21.15.28:3300/0,v1:172.21.15.28:6789/0] -- mon_subscribe({config=0+,monmap=0+}) v3 -- 0x7f3e800fb350 con 0x7f3e800fa900
2023-11-15T04:00:29.804 INFO:teuthology.orchestra.run.smithi028.stderr:/usr/bin/ceph:
2023-11-15T04:00:29.802+0000 7f3e7ffff700 1 --2- 172.21.15.28:0/1526449497 >> [v2:172.21.15.28:3300/0,v1:172.21.15.28:6789/0] conn(0x7f3e800fa900 0x7f3e800fad20 secure :-1 s=READY pgs=83 cs=0 l=1 rev1=1 rx=0x7f3e7000b5f0 tx=0x7f3e70006ee0).ready entity=mon.0 client_cookie=f62b533f54235d80 server_cookie=0 in_seq=0 out_seq=0
2023-11-15T04:00:29.804 INFO:teuthology.orchestra.run.smithi028.stderr:/usr/bin/ceph:
2023-11-15T04:00:29.802+0000 7f3e7effd700 1 -- 172.21.15.28:0/1526449497 <== mon.0 v2:172.21.15.28:3300/0 1 ==== mon_map magic: 0 v1 ==== 229+0+0 (secure 0 0 0) 0x7f3e7000d600 con 0x7f3e800fa900
2023-11-15T04:00:29.805 INFO:teuthology.orchestra.run.smithi028.stderr:/usr/bin/ceph:
2023-11-15T04:00:29.802+0000 7f3e7effd700 1 -- 172.21.15.28:0/1526449497 <== mon.0 v2:172.21.15.28:3300/0 2 ==== config(25 keys) v1 ==== 1010+0+0 (secure 0 0 0) 0x7f3e7000dbd0 con 0x7f3e800fa900
2023-11-15T04:00:29.805 INFO:teuthology.orchestra.run.smithi028.stderr:/usr/bin/ceph:
2023-11-15T04:00:29.802+0000 7f3e7effd700 1 -- 172.21.15.28:0/1526449497 <== mon.0 v2:172.21.15.28:3300/0 3 ==== mon_map magic: 0 v1 ==== 229+0+0 (secure 0 0 0) 0x7f3e70011c00 con 0x7f3e800fa900
2023-11-15T04:00:29.808 INFO:teuthology.orchestra.run.smithi028.stderr:/usr/bin/ceph:
2023-11-15T04:00:29.803+0000 7f3e855b1700 1 -- 172.21.15.28:0/1526449497 >> [v2:172.21.15.28:3300/0,v1:172.21.15.28:6789/0] conn(0x7f3e800fa900 msgr2=0x7f3e800fad20 secure :-1 s=STATE_CONNECTION_ESTABLISHED l=1).mark_down
2023-11-15T04:00:29.808 INFO:teuthology.orchestra.run.smithi028.stderr:/usr/bin/ceph:
2023-11-15T04:00:29.803+0000 7f3e855b1700 1 --2- 172.21.15.28:0/1526449497 >> [v2:172.21.15.28:3300/0,v1:172.21.15.28:6789/0] conn(0x7f3e800fa900 0x7f3e800fad20 secure :-1 s=READY pgs=83 cs=0 l=1 rev1=1 rx=0x7f3e7000b5f0 tx=0x7f3e70006ee0).stop
2023-11-15T04:00:29.808 INFO:teuthology.orchestra.run.smithi028.stderr:/usr/bin/ceph:
2023-11-15T04:00:29.803+0000 7f3e855b1700 1 -- 172.21.15.28:0/1526449497 shutdown_connections
2023-11-15T04:00:29.808 INFO:teuthology.orchestra.run.smithi028.stderr:/usr/bin/ceph:
2023-11-15T04:00:29.803+0000 7f3e855b1700 1 --2- 172.21.15.28:0/1526449497 >> [v2:172.21.15.28:3300/0,v1:172.21.15.28:6789/0] conn(0x7f3e800fa900 0x7f3e800fad20 unknown :-1 s=CLOSED pgs=83 cs=0 l=1 rev1=1 rx=0 tx=0).stop
2023-11-15T04:00:29.808 INFO:teuthology.orchestra.run.smithi028.stderr:/usr/bin/ceph:
2023-11-15T04:00:29.803+0000 7f3e855b1700 1 -- 172.21.15.28:0/1526449497 >> 172.21.15.28:0/1526449497 conn(0x7f3e800f6100 msgr2=0x7f3e800f8520 unknown :-1 s=STATE_NONE l=0).mark_down
2023-11-15T04:00:29.809 INFO:teuthology.orchestra.run.smithi028.stderr:/usr/bin/ceph:
2023-11-15T04:00:29.803+0000 7f3e855b1700 1 -- 172.21.15.28:0/1526449497 shutdown_connections
2023-11-15T04:00:29.809 INFO:teuthology.orchestra.run.smithi028.stderr:/usr/bin/ceph:
2023-11-15T04:00:29.803+0000 7f3e855b1700 1 -- 172.21.15.28:0/1526449497 wait complete.
2023-11-15T04:00:29.809 INFO:teuthology.orchestra.run.smithi028.stderr:/usr/bin/ceph:
2023-11-15T04:00:29.804+0000 7f3e855b1700 1 Processor -- start
2023-11-15T04:00:29.809 INFO:teuthology.orchestra.run.smithi028.stderr:/usr/bin/ceph:
2023-11-15T04:00:29.804+0000 7f3e855b1700 1 -- start start
2023-11-15T04:00:29.809 INFO:teuthology.orchestra.run.smithi028.stderr:/usr/bin/ceph:
2023-11-15T04:00:29.804+0000 7f3e855b1700 1 --2- >> [v2:172.21.15.28:3300/0,v1:172.21.15.28:6789/0] conn(0x7f3e800fa900 0x7f3e8010a7d0 unknown :-1 s=NONE pgs=0 cs=0 l=1 rev1=0 rx=0 tx=0).connect
2023-11-15T04:00:29.810 INFO:teuthology.orchestra.run.smithi028.stderr:/usr/bin/ceph:
2023-11-15T04:00:29.804+0000 7f3e855b1700 1 -- --> [v2:172.21.15.28:3300/0,v1:172.21.15.28:6789/0] -- mon_getmap magic: 0 v1 -- 0x7f3e8010acc0 con 0x7f3e800fa900
2023-11-15T04:00:29.810 INFO:teuthology.orchestra.run.smithi028.stderr:/usr/bin/ceph:
2023-11-15T04:00:29.804+0000 7f3e7ffff700 1 --2- >> [v2:172.21.15.28:3300/0,v1:172.21.15.28:6789/0] conn(0x7f3e800fa900 0x7f3e8010a7d0 unknown :-1 s=BANNER_CONNECTING pgs=0 cs=0 l=1 rev1=0 rx=0 tx=0)._handle_peer_banner_payload supported=1 required=0
2023-11-15T04:00:29.810 INFO:teuthology.orchestra.run.smithi028.stderr:/usr/bin/ceph:
2023-11-15T04:00:29.804+0000 7f3e7ffff700 1 --2- >> [v2:172.21.15.28:3300/0,v1:172.21.15.28:6789/0] conn(0x7f3e800fa900 0x7f3e8010a7d0 unknown :-1 s=HELLO_CONNECTING pgs=0 cs=0 l=1 rev1=1 rx=0 tx=0).handle_hello peer v2:172.21.15.28:3300/0 says I am v2:172.21.15.28:40840/0 (socket says 172.21.15.28:40840)
2023-11-15T04:00:29.810 INFO:teuthology.orchestra.run.smithi028.stderr:/usr/bin/ceph:
2023-11-15T04:00:29.804+0000 7f3e7ffff700 1 -- 172.21.15.28:0/3663379803 learned_addr learned my addr 172.21.15.28:0/3663379803 (peer_addr_for_me v2:172.21.15.28:0/0)
2023-11-15T04:00:29.810 INFO:teuthology.orchestra.run.smithi028.stderr:/usr/bin/ceph:
2023-11-15T04:00:29.805+0000 7f3e7ffff700 1 -- 172.21.15.28:0/3663379803 --> [v2:172.21.15.28:3300/0,v1:172.21.15.28:6789/0] -- mon_subscribe({config=0+,monmap=0+}) v3 -- 0x7f3e7000b200 con 0x7f3e800fa900
2023-11-15T04:00:29.811 INFO:teuthology.orchestra.run.smithi028.stderr:/usr/bin/ceph:
2023-11-15T04:00:29.805+0000 7f3e7ffff700 1 --2- 172.21.15.28:0/3663379803 >> [v2:172.21.15.28:3300/0,v1:172.21.15.28:6789/0] conn(0x7f3e800fa900 0x7f3e8010a7d0 secure :-1 s=READY pgs=84 cs=0 l=1 rev1=1 rx=0x7f3e70000c00 tx=0x7f3e70006ee0).ready entity=mon.0 client_cookie=0 server_cookie=0 in_seq=0 out_seq=0
2023-11-15T04:00:29.811 INFO:teuthology.orchestra.run.smithi028.stderr:/usr/bin/ceph:
2023-11-15T04:00:29.805+0000 7f3e7cff9700 1 -- 172.21.15.28:0/3663379803 <== mon.0 v2:172.21.15.28:3300/0 1 ==== mon_map magic: 0 v1 ==== 229+0+0 (secure 0 0 0) 0x7f3e70011690 con 0x7f3e800fa900
2023-11-15T04:00:29.811 INFO:teuthology.orchestra.run.smithi028.stderr:/usr/bin/ceph:
2023-11-15T04:00:29.805+0000 7f3e855b1700 1 -- 172.21.15.28:0/3663379803 --> [v2:172.21.15.28:3300/0,v1:172.21.15.28:6789/0] -- mon_subscribe({mgrmap=0+}) v3 -- 0x7f3e8010aec0 con 0x7f3e800fa900
2023-11-15T04:00:29.811 INFO:teuthology.orchestra.run.smithi028.stderr:/usr/bin/ceph:
2023-11-15T04:00:29.805+0000 7f3e7cff9700 1 -- 172.21.15.28:0/3663379803 <== mon.0 v2:172.21.15.28:3300/0 2 ==== config(25 keys) v1 ==== 1010+0+0 (secure 0 0 0) 0x7f3e7000d9f0 con 0x7f3e800fa900
2023-11-15T04:00:29.811 INFO:teuthology.orchestra.run.smithi028.stderr:/usr/bin/ceph:
2023-11-15T04:00:29.805+0000 7f3e7cff9700 1 -- 172.21.15.28:0/3663379803 <== mon.0 v2:172.21.15.28:3300/0 3 ==== mon_map magic: 0 v1 ==== 229+0+0 (secure 0 0 0) 0x7f3e7001b710 con 0x7f3e800fa900
2023-11-15T04:00:29.812 INFO:teuthology.orchestra.run.smithi028.stderr:/usr/bin/ceph:
2023-11-15T04:00:29.805+0000 7f3e855b1700 1 -- 172.21.15.28:0/3663379803 --> [v2:172.21.15.28:3300/0,v1:172.21.15.28:6789/0] -- mon_subscribe({osdmap=0}) v3 -- 0x7f3e8010b350 con 0x7f3e800fa900
2023-11-15T04:00:29.812 INFO:teuthology.orchestra.run.smithi028.stderr:/usr/bin/ceph:
2023-11-15T04:00:29.806+0000 7f3e7cff9700 1 -- 172.21.15.28:0/3663379803 <== mon.0 v2:172.21.15.28:3300/0 4 ==== mgrmap(e 16) v1 ==== 36208+0+0 (secure 0 0 0) 0x7f3e7000f070 con 0x7f3e800fa900
2023-11-15T04:00:29.812 INFO:teuthology.orchestra.run.smithi028.stderr:/usr/bin/ceph:
2023-11-15T04:00:29.806+0000 7f3e7cff9700 1 --2- 172.21.15.28:0/3663379803 >> [v2:172.21.15.28:6800/2547256920,v1:172.21.15.28:6801/2547256920] conn(0x7f3e6c02feb0 0x7f3e6c032370 unknown :-1 s=NONE pgs=0 cs=0 l=1 rev1=0 rx=0 tx=0).connect
2023-11-15T04:00:29.812 INFO:teuthology.orchestra.run.smithi028.stderr:/usr/bin/ceph:
2023-11-15T04:00:29.806+0000 7f3e7cff9700 1 -- 172.21.15.28:0/3663379803 <== mon.0 v2:172.21.15.28:3300/0 5 ==== osd_map(4..4 src has 1..4) v4 ==== 1270+0+0 (secure 0 0 0) 0x7f3e70041410 con 0x7f3e800fa900
2023-11-15T04:00:29.812 INFO:teuthology.orchestra.run.smithi028.stderr:/usr/bin/ceph:
2023-11-15T04:00:29.806+0000 7f3e7f7fe700 1 --2- 172.21.15.28:0/3663379803 >> [v2:172.21.15.28:6800/2547256920,v1:172.21.15.28:6801/2547256920] conn(0x7f3e6c02feb0 0x7f3e6c032370 unknown :-1 s=BANNER_CONNECTING pgs=0 cs=0 l=1 rev1=0 rx=0 tx=0)._handle_peer_banner_payload supported=1 required=0
2023-11-15T04:00:29.813 INFO:teuthology.orchestra.run.smithi028.stderr:/usr/bin/ceph:
2023-11-15T04:00:29.806+0000 7f3e855b1700 1 -- 172.21.15.28:0/3663379803 --> [v2:172.21.15.28:3300/0,v1:172.21.15.28:6789/0] -- mon_command({"prefix": "get_command_descriptions"} v 0) v1 -- 0x7f3e80045ad0 con 0x7f3e800fa900
2023-11-15T04:00:29.813 INFO:teuthology.orchestra.run.smithi028.stderr:/usr/bin/ceph:
2023-11-15T04:00:29.807+0000 7f3e7f7fe700 1 --2- 172.21.15.28:0/3663379803 >> [v2:172.21.15.28:6800/2547256920,v1:172.21.15.28:6801/2547256920] conn(0x7f3e6c02feb0 0x7f3e6c032370 secure :-1 s=READY pgs=7 cs=0 l=1 rev1=1 rx=0x7f3e740096a0 tx=0x7f3e74006b40).ready entity=mgr.14164 client_cookie=0 server_cookie=0 in_seq=0 out_seq=0
2023-11-15T04:00:29.813 INFO:teuthology.orchestra.run.smithi028.stderr:/usr/bin/ceph:
2023-11-15T04:00:29.811+0000 7f3e7cff9700 1 -- 172.21.15.28:0/3663379803 <== mon.0 v2:172.21.15.28:3300/0 6 ==== mon_command_ack([{"prefix": "get_command_descriptions"}]=0 v0) v1 ==== 72+0+152212 (secure 0 0 0) 0x7f3e70016070 con 0x7f3e800fa900
2023-11-15T04:00:29.996 INFO:teuthology.orchestra.run.smithi028.stderr:/usr/bin/ceph:
2023-11-15T04:00:29.996+0000 7f3e855b1700 1 -- 172.21.15.28:0/3663379803 --> [v2:172.21.15.28:6800/2547256920,v1:172.21.15.28:6801/2547256920] -- mgr_command(tid 0: {"prefix": "dashboard ac-user-create", "username": "admin", "rolename": "administrator", "force_password": true, "pwd_update_required": true, "target": ["mon-mgr", ""]}) v1 -- 0x7f3e800fc730 con 0x7f3e6c02feb0
2023-11-15T04:00:30.249 INFO:teuthology.orchestra.run.smithi028.stderr:/usr/bin/ceph:
2023-11-15T04:00:30.249+0000 7f3e7cff9700 1 -- 172.21.15.28:0/3663379803 <== mgr.14164 v2:172.21.15.28:6800/2547256920 1 ==== mgr_command_reply(tid 0: 0 ) v1 ==== 8+0+252 (secure 0 0 0) 0x7f3e740092a0 con 0x7f3e6c02feb0
2023-11-15T04:00:30.249 INFO:teuthology.orchestra.run.smithi028.stderr:/usr/bin/ceph: {"username": "admin", "password": "$2b$12$SrtMaIuWDpxZMA8x59XsNuy/s2T4JrA9bMCsrhlY5dZ3ZHQRaN6u6", "roles": ["administrator"], "name": null, "email": null, "lastUpdate": 1700020830, "enabled": true, "pwdExpirationDate": null, "pwdUpdateRequired": true}
2023-11-15T04:00:30.251 INFO:teuthology.orchestra.run.smithi028.stderr:/usr/bin/ceph:
2023-11-15T04:00:30.251+0000 7f3e855b1700 1 -- 172.21.15.28:0/3663379803 >> [v2:172.21.15.28:6800/2547256920,v1:172.21.15.28:6801/2547256920] conn(0x7f3e6c02feb0 msgr2=0x7f3e6c032370 secure :-1 s=STATE_CONNECTION_ESTABLISHED l=1).mark_down
2023-11-15T04:00:30.251 INFO:teuthology.orchestra.run.smithi028.stderr:/usr/bin/ceph:
2023-11-15T04:00:30.251+0000 7f3e855b1700 1 --2- 172.21.15.28:0/3663379803 >> [v2:172.21.15.28:6800/2547256920,v1:172.21.15.28:6801/2547256920] conn(0x7f3e6c02feb0 0x7f3e6c032370 secure :-1 s=READY pgs=7 cs=0 l=1 rev1=1 rx=0x7f3e740096a0 tx=0x7f3e74006b40).stop
2023-11-15T04:00:30.251 INFO:teuthology.orchestra.run.smithi028.stderr:/usr/bin/ceph:
2023-11-15T04:00:30.251+0000 7f3e855b1700 1 -- 172.21.15.28:0/3663379803 >> [v2:172.21.15.28:3300/0,v1:172.21.15.28:6789/0] conn(0x7f3e800fa900 msgr2=0x7f3e8010a7d0 secure :-1 s=STATE_CONNECTION_ESTABLISHED l=1).mark_down
2023-11-15T04:00:30.251 INFO:teuthology.orchestra.run.smithi028.stderr:/usr/bin/ceph:
2023-11-15T04:00:30.251+0000 7f3e855b1700 1 --2- 172.21.15.28:0/3663379803 >> [v2:172.21.15.28:3300/0,v1:172.21.15.28:6789/0] conn(0x7f3e800fa900 0x7f3e8010a7d0 secure :-1 s=READY pgs=84 cs=0 l=1 rev1=1 rx=0x7f3e70000c00 tx=0x7f3e70006ee0).stop
2023-11-15T04:00:30.252 INFO:teuthology.orchestra.run.smithi028.stderr:/usr/bin/ceph:
2023-11-15T04:00:30.251+0000 7f3e855b1700 1 -- 172.21.15.28:0/3663379803 shutdown_connections
2023-11-15T04:00:30.253 INFO:teuthology.orchestra.run.smithi028.stderr:/usr/bin/ceph:
2023-11-15T04:00:30.251+0000 7f3e855b1700 1 --2- 172.21.15.28:0/3663379803 >> [v2:172.21.15.28:6800/2547256920,v1:172.21.15.28:6801/2547256920] conn(0x7f3e6c02feb0 0x7f3e6c032370 unknown :-1 s=CLOSED pgs=7 cs=0 l=1 rev1=1 rx=0 tx=0).stop
2023-11-15T04:00:30.253 INFO:teuthology.orchestra.run.smithi028.stderr:/usr/bin/ceph:
2023-11-15T04:00:30.251+0000 7f3e855b1700 1 --2- 172.21.15.28:0/3663379803 >> [v2:172.21.15.28:3300/0,v1:172.21.15.28:6789/0] conn(0x7f3e800fa900 0x7f3e8010a7d0 unknown :-1 s=CLOSED pgs=84 cs=0 l=1 rev1=1 rx=0 tx=0).stop
2023-11-15T04:00:30.253 INFO:teuthology.orchestra.run.smithi028.stderr:/usr/bin/ceph:
2023-11-15T04:00:30.251+0000 7f3e855b1700 1 -- 172.21.15.28:0/3663379803 >> 172.21.15.28:0/3663379803 conn(0x7f3e800f6100 msgr2=0x7f3e8006ffe0 unknown :-1 s=STATE_NONE l=0).mark_down
2023-11-15T04:00:30.253 INFO:teuthology.orchestra.run.smithi028.stderr:/usr/bin/ceph:
2023-11-15T04:00:30.251+0000 7f3e855b1700 1 -- 172.21.15.28:0/3663379803 shutdown_connections
2023-11-15T04:00:30.253 INFO:teuthology.orchestra.run.smithi028.stderr:/usr/bin/ceph:
2023-11-15T04:00:30.251+0000 7f3e855b1700 1 -- 172.21.15.28:0/3663379803 wait complete.
2023-11-15T04:00:30.273 INFO:journalctl@ceph.mon.smithi028.smithi028.stdout:Nov 15 04:00:29 smithi028 ceph-4f3a6532-836b-11ee-8dbe-212e2dc638e7-mon.smithi028[112441]: audit
2023-11-15T04:00:28.898391+0000 mgr.smithi028.vpjsvm (mgr.14164) 3 : audit [DBG] from='client.14174 -' entity='client.admin' cmd=[{"prefix": "dashboard create-self-signed-cert", "target": ["mon-mgr", ""]}]: dispatch
2023-11-15T04:00:30.273 INFO:journalctl@ceph.mon.smithi028.smithi028.stdout:Nov 15 04:00:29 smithi028 ceph-4f3a6532-836b-11ee-8dbe-212e2dc638e7-mon.smithi028[112441]: cluster
2023-11-15T04:00:28.945620+0000 mon.smithi028 (mon.0) 104 : cluster [DBG] mgrmap e16: smithi028.vpjsvm(active, since 2s)
2023-11-15T04:00:30.273 INFO:journalctl@ceph.mon.smithi028.smithi028.stdout:Nov 15 04:00:29 smithi028 ceph-4f3a6532-836b-11ee-8dbe-212e2dc638e7-mon.smithi028[112441]: audit
2023-11-15T04:00:29.018165+0000 mon.smithi028 (mon.0) 105 : audit [INF] from='mgr.14164 172.21.15.28:0/3304647487' entity='mgr.smithi028.vpjsvm'
2023-11-15T04:00:30.273 INFO:journalctl@ceph.mon.smithi028.smithi028.stdout:Nov 15 04:00:29 smithi028 ceph-4f3a6532-836b-11ee-8dbe-212e2dc638e7-mon.smithi028[112441]: audit
2023-11-15T04:00:29.020119+0000 mon.smithi028 (mon.0) 106 : audit [INF] from='mgr.14164 172.21.15.28:0/3304647487' entity='mgr.smithi028.vpjsvm'
2023-11-15T04:00:30.628 INFO:teuthology.orchestra.run.smithi028.stderr:Fetching dashboard port number...
2023-11-15T04:00:30.628 INFO:teuthology.orchestra.run.smithi028.stderr:Running command: /bin/podman run --rm --ipc=host --no-hosts --net=host --entrypoint /usr/bin/ceph --init -e CONTAINER_IMAGE=docker.io/ceph/ceph:v16.2.4 -e NODE_NAME=smithi028 -e CEPH_USE_RANDOM_NONCE=1 -v /var/log/ceph/4f3a6532-836b-11ee-8dbe-212e2dc638e7:/var/log/ceph:z -v /tmp/ceph-tmpv2xxgi20:/etc/ceph/ceph.client.admin.keyring:z -v /tmp/ceph-tmp6bu1c8ad:/etc/ceph/ceph.conf:z docker.io/ceph/ceph:v16.2.4 config get mgr mgr/dashboard/ssl_server_port
2023-11-15T04:00:31.059 INFO:teuthology.orchestra.run.smithi028.stderr:/usr/bin/ceph:
2023-11-15T04:00:31.058+0000 7fa63fdc8700 1 Processor -- start
2023-11-15T04:00:31.060 INFO:teuthology.orchestra.run.smithi028.stderr:/usr/bin/ceph:
2023-11-15T04:00:31.059+0000 7fa63fdc8700 1 -- start start
2023-11-15T04:00:31.060 INFO:teuthology.orchestra.run.smithi028.stderr:/usr/bin/ceph:
2023-11-15T04:00:31.059+0000 7fa63fdc8700 1 --2- >> [v2:172.21.15.28:3300/0,v1:172.21.15.28:6789/0] conn(0x7fa638070400 0x7fa638100d90 unknown :-1 s=NONE pgs=0 cs=0 l=0 rev1=0 rx=0 tx=0).connect
2023-11-15T04:00:31.060 INFO:teuthology.orchestra.run.smithi028.stderr:/usr/bin/ceph:
2023-11-15T04:00:31.059+0000 7fa63fdc8700 1 -- --> [v2:172.21.15.28:3300/0,v1:172.21.15.28:6789/0] -- mon_getmap magic: 0 v1 -- 0x7fa6380fc780 con 0x7fa638070400
2023-11-15T04:00:31.060 INFO:teuthology.orchestra.run.smithi028.stderr:/usr/bin/ceph:
2023-11-15T04:00:31.059+0000 7fa63db64700 1 --2- >> [v2:172.21.15.28:3300/0,v1:172.21.15.28:6789/0] conn(0x7fa638070400 0x7fa638100d90 unknown :-1 s=BANNER_CONNECTING pgs=0 cs=0 l=0 rev1=0 rx=0 tx=0)._handle_peer_banner_payload supported=1 required=0
2023-11-15T04:00:31.061 INFO:teuthology.orchestra.run.smithi028.stderr:/usr/bin/ceph:
2023-11-15T04:00:31.059+0000 7fa63db64700 1 --2- >> [v2:172.21.15.28:3300/0,v1:172.21.15.28:6789/0] conn(0x7fa638070400 0x7fa638100d90 unknown :-1 s=HELLO_CONNECTING pgs=0 cs=0 l=0 rev1=1 rx=0 tx=0).handle_hello peer v2:172.21.15.28:3300/0 says I am v2:172.21.15.28:40848/0 (socket says 172.21.15.28:40848)
2023-11-15T04:00:31.061 INFO:teuthology.orchestra.run.smithi028.stderr:/usr/bin/ceph:
2023-11-15T04:00:31.059+0000 7fa63db64700 1 -- 172.21.15.28:0/1179985731 learned_addr learned my addr 172.21.15.28:0/1179985731 (peer_addr_for_me v2:172.21.15.28:0/0)
2023-11-15T04:00:31.064 INFO:teuthology.orchestra.run.smithi028.stderr:/usr/bin/ceph:
2023-11-15T04:00:31.059+0000 7fa63db64700 1 -- 172.21.15.28:0/1179985731 --> [v2:172.21.15.28:3300/0,v1:172.21.15.28:6789/0] -- mon_subscribe({config=0+,monmap=0+}) v3 -- 0x7fa638101280 con 0x7fa638070400
2023-11-15T04:00:31.064 INFO:teuthology.orchestra.run.smithi028.stderr:/usr/bin/ceph:
2023-11-15T04:00:31.060+0000 7fa63db64700 1 --2- 172.21.15.28:0/1179985731 >> [v2:172.21.15.28:3300/0,v1:172.21.15.28:6789/0] conn(0x7fa638070400 0x7fa638100d90 secure :-1 s=READY pgs=85 cs=0 l=1 rev1=1 rx=0x7fa63400b5f0 tx=0x7fa634006ee0).ready entity=mon.0 client_cookie=5dd28c345c9ccb83 server_cookie=0 in_seq=0 out_seq=0
2023-11-15T04:00:31.064 INFO:teuthology.orchestra.run.smithi028.stderr:/usr/bin/ceph:
2023-11-15T04:00:31.060+0000 7fa63cb62700 1 -- 172.21.15.28:0/1179985731 <== mon.0 v2:172.21.15.28:3300/0 1 ==== mon_map magic: 0 v1 ==== 229+0+0 (secure 0 0 0) 0x7fa63400d600 con 0x7fa638070400
2023-11-15T04:00:31.065 INFO:teuthology.orchestra.run.smithi028.stderr:/usr/bin/ceph:
2023-11-15T04:00:31.060+0000 7fa63cb62700 1 -- 172.21.15.28:0/1179985731 <== mon.0 v2:172.21.15.28:3300/0 2 ==== config(25 keys) v1 ==== 1010+0+0 (secure 0 0 0) 0x7fa63400dbd0 con 0x7fa638070400
2023-11-15T04:00:31.065 INFO:teuthology.orchestra.run.smithi028.stderr:/usr/bin/ceph:
2023-11-15T04:00:31.060+0000 7fa63cb62700 1 -- 172.21.15.28:0/1179985731 <== mon.0 v2:172.21.15.28:3300/0 3 ==== mon_map magic: 0 v1 ==== 229+0+0 (secure 0 0 0) 0x7fa634011c00 con 0x7fa638070400
2023-11-15T04:00:31.065 INFO:teuthology.orchestra.run.smithi028.stderr:/usr/bin/ceph:
2023-11-15T04:00:31.060+0000 7fa63fdc8700 1 -- 172.21.15.28:0/1179985731 >> [v2:172.21.15.28:3300/0,v1:172.21.15.28:6789/0] conn(0x7fa638070400 msgr2=0x7fa638100d90 secure :-1 s=STATE_CONNECTION_ESTABLISHED l=1).mark_down
2023-11-15T04:00:31.065 INFO:teuthology.orchestra.run.smithi028.stderr:/usr/bin/ceph:
2023-11-15T04:00:31.060+0000 7fa63fdc8700 1 --2- 172.21.15.28:0/1179985731 >> [v2:172.21.15.28:3300/0,v1:172.21.15.28:6789/0] conn(0x7fa638070400 0x7fa638100d90 secure :-1 s=READY pgs=85 cs=0 l=1 rev1=1 rx=0x7fa63400b5f0 tx=0x7fa634006ee0).stop
2023-11-15T04:00:31.065 INFO:teuthology.orchestra.run.smithi028.stderr:/usr/bin/ceph:
2023-11-15T04:00:31.060+0000 7fa63fdc8700 1 -- 172.21.15.28:0/1179985731 shutdown_connections
2023-11-15T04:00:31.066 INFO:teuthology.orchestra.run.smithi028.stderr:/usr/bin/ceph:
2023-11-15T04:00:31.060+0000 7fa63fdc8700 1 --2- 172.21.15.28:0/1179985731 >> [v2:172.21.15.28:3300/0,v1:172.21.15.28:6789/0] conn(0x7fa638070400 0x7fa638100d90 unknown :-1 s=CLOSED pgs=85 cs=0 l=1 rev1=1 rx=0 tx=0).stop
2023-11-15T04:00:31.066 INFO:teuthology.orchestra.run.smithi028.stderr:/usr/bin/ceph:
2023-11-15T04:00:31.060+0000 7fa63fdc8700 1 -- 172.21.15.28:0/1179985731 >> 172.21.15.28:0/1179985731 conn(0x7fa6380f63b0 msgr2=0x7fa6380f87d0 unknown :-1 s=STATE_NONE l=0).mark_down
2023-11-15T04:00:31.066 INFO:teuthology.orchestra.run.smithi028.stderr:/usr/bin/ceph:
2023-11-15T04:00:31.061+0000 7fa63fdc8700 1 -- 172.21.15.28:0/1179985731 shutdown_connections
2023-11-15T04:00:31.066 INFO:teuthology.orchestra.run.smithi028.stderr:/usr/bin/ceph:
2023-11-15T04:00:31.061+0000 7fa63fdc8700 1 -- 172.21.15.28:0/1179985731 wait complete.
2023-11-15T04:00:31.066 INFO:teuthology.orchestra.run.smithi028.stderr:/usr/bin/ceph:
2023-11-15T04:00:31.061+0000 7fa63fdc8700 1 Processor -- start
2023-11-15T04:00:31.067 INFO:teuthology.orchestra.run.smithi028.stderr:/usr/bin/ceph:
2023-11-15T04:00:31.061+0000 7fa63fdc8700 1 -- start start
2023-11-15T04:00:31.067 INFO:teuthology.orchestra.run.smithi028.stderr:/usr/bin/ceph:
2023-11-15T04:00:31.061+0000 7fa63fdc8700 1 --2- >> [v2:172.21.15.28:3300/0,v1:172.21.15.28:6789/0] conn(0x7fa638070400 0x7fa63810cd40 unknown :-1 s=NONE pgs=0 cs=0 l=1 rev1=0 rx=0 tx=0).connect
2023-11-15T04:00:31.067 INFO:teuthology.orchestra.run.smithi028.stderr:/usr/bin/ceph:
2023-11-15T04:00:31.061+0000 7fa63fdc8700 1 -- --> [v2:172.21.15.28:3300/0,v1:172.21.15.28:6789/0] -- mon_getmap magic: 0 v1 -- 0x7fa63810d230 con 0x7fa638070400
2023-11-15T04:00:31.067 INFO:teuthology.orchestra.run.smithi028.stderr:/usr/bin/ceph:
2023-11-15T04:00:31.062+0000 7fa63db64700 1 --2- >> [v2:172.21.15.28:3300/0,v1:172.21.15.28:6789/0] conn(0x7fa638070400 0x7fa63810cd40 unknown :-1 s=BANNER_CONNECTING pgs=0 cs=0 l=1 rev1=0 rx=0 tx=0)._handle_peer_banner_payload supported=1 required=0
2023-11-15T04:00:31.067 INFO:teuthology.orchestra.run.smithi028.stderr:/usr/bin/ceph:
2023-11-15T04:00:31.062+0000 7fa63db64700 1 --2- >> [v2:172.21.15.28:3300/0,v1:172.21.15.28:6789/0] conn(0x7fa638070400 0x7fa63810cd40 unknown :-1 s=HELLO_CONNECTING pgs=0 cs=0 l=1 rev1=1 rx=0 tx=0).handle_hello peer v2:172.21.15.28:3300/0 says I am v2:172.21.15.28:40856/0 (socket says 172.21.15.28:40856)
2023-11-15T04:00:31.068 INFO:teuthology.orchestra.run.smithi028.stderr:/usr/bin/ceph:
2023-11-15T04:00:31.062+0000 7fa63db64700 1 -- 172.21.15.28:0/3559129691 learned_addr learned my addr 172.21.15.28:0/3559129691 (peer_addr_for_me v2:172.21.15.28:0/0)
2023-11-15T04:00:31.068 INFO:teuthology.orchestra.run.smithi028.stderr:/usr/bin/ceph:
2023-11-15T04:00:31.062+0000 7fa63db64700 1 -- 172.21.15.28:0/3559129691 --> [v2:172.21.15.28:3300/0,v1:172.21.15.28:6789/0] -- mon_subscribe({config=0+,monmap=0+}) v3 -- 0x7fa63400b200 con 0x7fa638070400
2023-11-15T04:00:31.068 INFO:teuthology.orchestra.run.smithi028.stderr:/usr/bin/ceph:
2023-11-15T04:00:31.062+0000 7fa63db64700 1 --2- 172.21.15.28:0/3559129691 >> [v2:172.21.15.28:3300/0,v1:172.21.15.28:6789/0] conn(0x7fa638070400 0x7fa63810cd40 secure :-1 s=READY pgs=86 cs=0 l=1 rev1=1 rx=0x7fa634002f40 tx=0x7fa634006ee0).ready entity=mon.0 client_cookie=0 server_cookie=0 in_seq=0 out_seq=0
2023-11-15T04:00:31.068 INFO:teuthology.orchestra.run.smithi028.stderr:/usr/bin/ceph:
2023-11-15T04:00:31.062+0000 7fa62a7fc700 1 -- 172.21.15.28:0/3559129691 <== mon.0 v2:172.21.15.28:3300/0 1 ==== mon_map magic: 0 v1 ==== 229+0+0 (secure 0 0 0) 0x7fa634011690 con 0x7fa638070400
2023-11-15T04:00:31.068 INFO:teuthology.orchestra.run.smithi028.stderr:/usr/bin/ceph:
2023-11-15T04:00:31.062+0000 7fa62a7fc700 1 -- 172.21.15.28:0/3559129691 <== mon.0 v2:172.21.15.28:3300/0 2 ==== config(25 keys) v1 ==== 1010+0+0 (secure 0 0 0) 0x7fa63401b880 con 0x7fa638070400
2023-11-15T04:00:31.069 INFO:teuthology.orchestra.run.smithi028.stderr:/usr/bin/ceph:
2023-11-15T04:00:31.062+0000 7fa63fdc8700 1 -- 172.21.15.28:0/3559129691 --> [v2:172.21.15.28:3300/0,v1:172.21.15.28:6789/0] -- mon_subscribe({mgrmap=0+}) v3 -- 0x7fa63810d430 con 0x7fa638070400
2023-11-15T04:00:31.069 INFO:teuthology.orchestra.run.smithi028.stderr:/usr/bin/ceph:
2023-11-15T04:00:31.062+0000 7fa62a7fc700 1 -- 172.21.15.28:0/3559129691 <== mon.0 v2:172.21.15.28:3300/0 3 ==== mon_map magic: 0 v1 ==== 229+0+0 (secure 0 0 0) 0x7fa63401a6b0 con 0x7fa638070400
2023-11-15T04:00:31.069 INFO:teuthology.orchestra.run.smithi028.stderr:/usr/bin/ceph:
2023-11-15T04:00:31.062+0000 7fa63fdc8700 1 -- 172.21.15.28:0/3559129691 --> [v2:172.21.15.28:3300/0,v1:172.21.15.28:6789/0] -- mon_subscribe({osdmap=0}) v3 -- 0x7fa63810d840 con 0x7fa638070400
2023-11-15T04:00:31.069 INFO:teuthology.orchestra.run.smithi028.stderr:/usr/bin/ceph:
2023-11-15T04:00:31.063+0000 7fa62a7fc700 1 -- 172.21.15.28:0/3559129691 <== mon.0 v2:172.21.15.28:3300/0 4 ==== mgrmap(e 16) v1 ==== 36208+0+0 (secure 0 0 0) 0x7fa63400f070 con 0x7fa638070400
2023-11-15T04:00:31.069 INFO:teuthology.orchestra.run.smithi028.stderr:/usr/bin/ceph:
2023-11-15T04:00:31.064+0000 7fa62a7fc700 1 --2- 172.21.15.28:0/3559129691 >> [v2:172.21.15.28:6800/2547256920,v1:172.21.15.28:6801/2547256920] conn(0x7fa62002ff00 0x7fa6200323c0 unknown :-1 s=NONE pgs=0 cs=0 l=1 rev1=0 rx=0 tx=0).connect
2023-11-15T04:00:31.069 INFO:teuthology.orchestra.run.smithi028.stderr:/usr/bin/ceph:
2023-11-15T04:00:31.064+0000 7fa62a7fc700 1 -- 172.21.15.28:0/3559129691 <== mon.0 v2:172.21.15.28:3300/0 5 ==== osd_map(4..4 src has 1..4) v4 ==== 1270+0+0 (secure 0 0 0) 0x7fa634041390 con 0x7fa638070400
2023-11-15T04:00:31.070 INFO:teuthology.orchestra.run.smithi028.stderr:/usr/bin/ceph:
2023-11-15T04:00:31.064+0000 7fa63fdc8700 1 -- 172.21.15.28:0/3559129691 --> [v2:172.21.15.28:3300/0,v1:172.21.15.28:6789/0] -- mon_command({"prefix": "get_command_descriptions"} v 0) v1 -- 0x7fa638045ad0 con 0x7fa638070400
2023-11-15T04:00:31.070 INFO:teuthology.orchestra.run.smithi028.stderr:/usr/bin/ceph:
2023-11-15T04:00:31.064+0000 7fa63d363700 1 --2- 172.21.15.28:0/3559129691 >> [v2:172.21.15.28:6800/2547256920,v1:172.21.15.28:6801/2547256920] conn(0x7fa62002ff00 0x7fa6200323c0 unknown :-1 s=BANNER_CONNECTING pgs=0 cs=0 l=1 rev1=0 rx=0 tx=0)._handle_peer_banner_payload supported=1 required=0
2023-11-15T04:00:31.070 INFO:teuthology.orchestra.run.smithi028.stderr:/usr/bin/ceph:
2023-11-15T04:00:31.064+0000 7fa63d363700 1 --2- 172.21.15.28:0/3559129691 >> [v2:172.21.15.28:6800/2547256920,v1:172.21.15.28:6801/2547256920] conn(0x7fa62002ff00 0x7fa6200323c0 secure :-1 s=READY pgs=8 cs=0 l=1 rev1=1 rx=0x7fa62c0096a0 tx=0x7fa62c006b40).ready entity=mgr.14164 client_cookie=0 server_cookie=0 in_seq=0 out_seq=0
2023-11-15T04:00:31.070 INFO:teuthology.orchestra.run.smithi028.stderr:/usr/bin/ceph:
2023-11-15T04:00:31.068+0000 7fa62a7fc700 1 -- 172.21.15.28:0/3559129691 <== mon.0 v2:172.21.15.28:3300/0 6 ==== mon_command_ack([{"prefix": "get_command_descriptions"}]=0 v0) v1 ==== 72+0+152212 (secure 0 0 0) 0x7fa63401b9f0 con 0x7fa638070400
2023-11-15T04:00:31.234 INFO:teuthology.orchestra.run.smithi028.stderr:/usr/bin/ceph:
2023-11-15T04:00:31.233+0000 7fa63fdc8700 1 -- 172.21.15.28:0/3559129691 --> [v2:172.21.15.28:3300/0,v1:172.21.15.28:6789/0] -- mon_command({"prefix": "config get", "who": "mgr", "key": "mgr/dashboard/ssl_server_port"} v 0) v1 -- 0x7fa638101d80 con 0x7fa638070400
2023-11-15T04:00:31.234 INFO:teuthology.orchestra.run.smithi028.stderr:/usr/bin/ceph:
2023-11-15T04:00:31.234+0000 7fa62a7fc700 1 -- 172.21.15.28:0/3559129691 <== mon.0 v2:172.21.15.28:3300/0 7 ==== mon_command_ack([{"prefix": "config get", "who": "mgr", "key": "mgr/dashboard/ssl_server_port"}]=0 v9) v1 ==== 112+0+5 (secure 0 0 0) 0x7fa634019300 con 0x7fa638070400
2023-11-15T04:00:31.235 INFO:teuthology.orchestra.run.smithi028.stderr:/usr/bin/ceph: 8443
2023-11-15T04:00:31.237 INFO:teuthology.orchestra.run.smithi028.stderr:/usr/bin/ceph:
2023-11-15T04:00:31.236+0000 7fa63fdc8700 1 -- 172.21.15.28:0/3559129691 >> [v2:172.21.15.28:6800/2547256920,v1:172.21.15.28:6801/2547256920] conn(0x7fa62002ff00 msgr2=0x7fa6200323c0 secure :-1 s=STATE_CONNECTION_ESTABLISHED l=1).mark_down
2023-11-15T04:00:31.237 INFO:teuthology.orchestra.run.smithi028.stderr:/usr/bin/ceph:
2023-11-15T04:00:31.236+0000 7fa63fdc8700 1 --2- 172.21.15.28:0/3559129691 >> [v2:172.21.15.28:6800/2547256920,v1:172.21.15.28:6801/2547256920] conn(0x7fa62002ff00 0x7fa6200323c0 secure :-1 s=READY pgs=8 cs=0 l=1 rev1=1 rx=0x7fa62c0096a0 tx=0x7fa62c006b40).stop
2023-11-15T04:00:31.237 INFO:teuthology.orchestra.run.smithi028.stderr:/usr/bin/ceph:
2023-11-15T04:00:31.236+0000 7fa63fdc8700 1 -- 172.21.15.28:0/3559129691 >> [v2:172.21.15.28:3300/0,v1:172.21.15.28:6789/0] conn(0x7fa638070400 msgr2=0x7fa63810cd40 secure :-1 s=STATE_CONNECTION_ESTABLISHED l=1).mark_down
2023-11-15T04:00:31.237 INFO:teuthology.orchestra.run.smithi028.stderr:/usr/bin/ceph:
2023-11-15T04:00:31.236+0000 7fa63fdc8700 1 --2- 172.21.15.28:0/3559129691 >> [v2:172.21.15.28:3300/0,v1:172.21.15.28:6789/0] conn(0x7fa638070400 0x7fa63810cd40 secure :-1 s=READY pgs=86 cs=0 l=1 rev1=1 rx=0x7fa634002f40 tx=0x7fa634006ee0).stop
2023-11-15T04:00:31.238 INFO:teuthology.orchestra.run.smithi028.stderr:/usr/bin/ceph:
2023-11-15T04:00:31.236+0000 7fa63fdc8700 1 -- 172.21.15.28:0/3559129691 shutdown_connections
2023-11-15T04:00:31.238 INFO:teuthology.orchestra.run.smithi028.stderr:/usr/bin/ceph:
2023-11-15T04:00:31.236+0000 7fa63fdc8700 1 --2- 172.21.15.28:0/3559129691 >> [v2:172.21.15.28:6800/2547256920,v1:172.21.15.28:6801/2547256920] conn(0x7fa62002ff00 0x7fa6200323c0 unknown :-1 s=CLOSED pgs=8 cs=0 l=1 rev1=1 rx=0 tx=0).stop
2023-11-15T04:00:31.238 INFO:teuthology.orchestra.run.smithi028.stderr:/usr/bin/ceph:
2023-11-15T04:00:31.236+0000 7fa63fdc8700 1 --2- 172.21.15.28:0/3559129691 >> [v2:172.21.15.28:3300/0,v1:172.21.15.28:6789/0] conn(0x7fa638070400 0x7fa63810cd40 unknown :-1 s=CLOSED pgs=86 cs=0 l=1 rev1=1 rx=0 tx=0).stop
2023-11-15T04:00:31.238 INFO:teuthology.orchestra.run.smithi028.stderr:/usr/bin/ceph:
2023-11-15T04:00:31.236+0000 7fa63fdc8700 1 -- 172.21.15.28:0/3559129691 >> 172.21.15.28:0/3559129691 conn(0x7fa6380f63b0 msgr2=0x7fa6380f7f50 unknown :-1 s=STATE_NONE l=0).mark_down
2023-11-15T04:00:31.238 INFO:teuthology.orchestra.run.smithi028.stderr:/usr/bin/ceph:
2023-11-15T04:00:31.236+0000 7fa63fdc8700 1 -- 172.21.15.28:0/3559129691 shutdown_connections
2023-11-15T04:00:31.239 INFO:teuthology.orchestra.run.smithi028.stderr:/usr/bin/ceph:
2023-11-15T04:00:31.236+0000 7fa63fdc8700 1 -- 172.21.15.28:0/3559129691 wait complete.
2023-11-15T04:00:31.261 INFO:journalctl@ceph.mon.smithi028.smithi028.stdout:Nov 15 04:00:30 smithi028 ceph-4f3a6532-836b-11ee-8dbe-212e2dc638e7-mon.smithi028[112441]: audit
2023-11-15T04:00:29.997728+0000 mgr.smithi028.vpjsvm (mgr.14164) 4 : audit [DBG] from='client.14176 -' entity='client.admin' cmd=[{"prefix": "dashboard ac-user-create", "username": "admin", "rolename": "administrator", "force_password": true, "pwd_update_required": true, "target": ["mon-mgr", ""]}]: dispatch
2023-11-15T04:00:31.262 INFO:journalctl@ceph.mon.smithi028.smithi028.stdout:Nov 15 04:00:30 smithi028 ceph-4f3a6532-836b-11ee-8dbe-212e2dc638e7-mon.smithi028[112441]: audit
2023-11-15T04:00:30.249404+0000 mon.smithi028 (mon.0) 107 : audit [INF] from='mgr.14164 172.21.15.28:0/3304647487' entity='mgr.smithi028.vpjsvm'
2023-11-15T04:00:31.736 INFO:teuthology.orchestra.run.smithi028.stderr:Running command: systemctl is-enabled firewalld.service
2023-11-15T04:00:31.748 INFO:teuthology.orchestra.run.smithi028.stderr:systemctl: disabled
2023-11-15T04:00:31.748 INFO:teuthology.orchestra.run.smithi028.stderr:Running command: systemctl is-active firewalld.service
2023-11-15T04:00:31.758 INFO:teuthology.orchestra.run.smithi028.stderr:systemctl: inactive
2023-11-15T04:00:31.759 INFO:teuthology.orchestra.run.smithi028.stderr:firewalld.service is not enabled
2023-11-15T04:00:31.759 INFO:teuthology.orchestra.run.smithi028.stderr:Not possible to open ports <[8443]>. firewalld.service is not available
2023-11-15T04:00:31.762 INFO:teuthology.orchestra.run.smithi028.stderr:Ceph Dashboard is now available at:
2023-11-15T04:00:31.762 INFO:teuthology.orchestra.run.smithi028.stderr:
2023-11-15T04:00:31.762 INFO:teuthology.orchestra.run.smithi028.stderr: URL: https://smithi028.front.sepia.ceph.com:8443/
2023-11-15T04:00:31.763 INFO:teuthology.orchestra.run.smithi028.stderr: User: admin
2023-11-15T04:00:31.763 INFO:teuthology.orchestra.run.smithi028.stderr: Password: 20x5prjbdj
2023-11-15T04:00:31.763 INFO:teuthology.orchestra.run.smithi028.stderr:
2023-11-15T04:00:31.764 INFO:teuthology.orchestra.run.smithi028.stderr:You can access the Ceph CLI with:
2023-11-15T04:00:31.764 INFO:teuthology.orchestra.run.smithi028.stderr:
2023-11-15T04:00:31.764 INFO:teuthology.orchestra.run.smithi028.stderr: sudo /home/ubuntu/cephtest/cephadm shell --fsid 4f3a6532-836b-11ee-8dbe-212e2dc638e7 -c /etc/ceph/ceph.conf -k /etc/ceph/ceph.client.admin.keyring
2023-11-15T04:00:31.764 INFO:teuthology.orchestra.run.smithi028.stderr:
2023-11-15T04:00:31.765 INFO:teuthology.orchestra.run.smithi028.stderr:Please consider enabling telemetry to help improve Ceph:
2023-11-15T04:00:31.765 INFO:teuthology.orchestra.run.smithi028.stderr:
2023-11-15T04:00:31.765 INFO:teuthology.orchestra.run.smithi028.stderr: ceph telemetry on
2023-11-15T04:00:31.765 INFO:teuthology.orchestra.run.smithi028.stderr:
2023-11-15T04:00:31.765 INFO:teuthology.orchestra.run.smithi028.stderr:For more information see:
2023-11-15T04:00:31.766 INFO:teuthology.orchestra.run.smithi028.stderr:
2023-11-15T04:00:31.766 INFO:teuthology.orchestra.run.smithi028.stderr: https://docs.ceph.com/docs/pacific/mgr/telemetry/
2023-11-15T04:00:31.766 INFO:teuthology.orchestra.run.smithi028.stderr:
2023-11-15T04:00:31.766 INFO:teuthology.orchestra.run.smithi028.stderr:Bootstrap complete.
2023-11-15T04:00:31.766 INFO:teuthology.orchestra.run.smithi028.stderr:Releasing lock 139633502902760 on /run/cephadm/4f3a6532-836b-11ee-8dbe-212e2dc638e7.lock
2023-11-15T04:00:31.767 INFO:teuthology.orchestra.run.smithi028.stderr:Lock 139633502902760 released on /run/cephadm/4f3a6532-836b-11ee-8dbe-212e2dc638e7.lock
2023-11-15T04:00:31.804 INFO:tasks.cephadm:Fetching config...
2023-11-15T04:00:31.804 DEBUG:teuthology.orchestra.run.smithi028:> set -ex
2023-11-15T04:00:31.805 DEBUG:teuthology.orchestra.run.smithi028:> dd if=/etc/ceph/ceph.conf of=/dev/stdout
2023-11-15T04:00:31.867 INFO:tasks.cephadm:Fetching client.admin keyring...
2023-11-15T04:00:31.867 DEBUG:teuthology.orchestra.run.smithi028:> set -ex
2023-11-15T04:00:31.867 DEBUG:teuthology.orchestra.run.smithi028:> dd if=/etc/ceph/ceph.client.admin.keyring of=/dev/stdout
2023-11-15T04:00:31.929 INFO:tasks.cephadm:Fetching mon keyring...
2023-11-15T04:00:31.930 DEBUG:teuthology.orchestra.run.smithi028:> set -ex
2023-11-15T04:00:31.930 DEBUG:teuthology.orchestra.run.smithi028:> sudo dd if=/var/lib/ceph/4f3a6532-836b-11ee-8dbe-212e2dc638e7/mon.smithi028/keyring of=/dev/stdout
2023-11-15T04:00:32.004 INFO:tasks.cephadm:Fetching pub ssh key...
2023-11-15T04:00:32.005 DEBUG:teuthology.orchestra.run.smithi028:> set -ex
2023-11-15T04:00:32.005 DEBUG:teuthology.orchestra.run.smithi028:> dd if=/home/ubuntu/cephtest/ceph.pub of=/dev/stdout
2023-11-15T04:00:32.067 INFO:tasks.cephadm:Installing pub ssh key for root users...
2023-11-15T04:00:32.068 DEBUG:teuthology.orchestra.run.smithi028:> sudo install -d -m 0700 /root/.ssh && echo 'ssh-rsa AAAAB3NzaC1yc2EAAAADAQABAAABgQDBC7A1lfWf+6/GR+bAkzDL4sB0wIz3SIbjdr55tblazUOrl26I73Y1kyXJ79KdQmIjrpdhGoXPoY2J+MoGGf2BWo6h0YqnmCRtGwsykSClbCWNVMOSrG28W59mCRVhaLhW9jgv5D5xF4HsXyMSwzTSd9sugFDiQMzv0aSSCfPcJ7n3K1Ww0yqf2D4X4Fo/SGR13sjK4JhM65JiF+9FjHkVV2lzwhc6pptbA6YCwiKZiTMzDh/6X23w84XkXuy8mLSKyQgi3qmcJs5uWHz5UQppNhjKgyfgJMGPiMcM/yiLmRZru4W+MR6HHk8RXILvCAGOjUOREI1G2iaX20xQZIDF6Hcb1t11FQmK43z4+MUtVNWQloDTyKxf93Z2NmigrkQ9Drk33hX89GpqoBjMvJufwfDKfzhFPT25Ycc/rW8k6LKih5sCyBlGLWp5yQhML8dDp0L1dYSJA93WoXzql2u7y9paHsxy0dIatGgSOrDdACaymZ62bC+wX+iPRfPJmUM= ceph-4f3a6532-836b-11ee-8dbe-212e2dc638e7' | sudo tee -a /root/.ssh/authorized_keys && sudo chmod 0600 /root/.ssh/authorized_keys
2023-11-15T04:00:32.152 INFO:teuthology.orchestra.run.smithi028.stdout:ssh-rsa AAAAB3NzaC1yc2EAAAADAQABAAABgQDBC7A1lfWf+6/GR+bAkzDL4sB0wIz3SIbjdr55tblazUOrl26I73Y1kyXJ79KdQmIjrpdhGoXPoY2J+MoGGf2BWo6h0YqnmCRtGwsykSClbCWNVMOSrG28W59mCRVhaLhW9jgv5D5xF4HsXyMSwzTSd9sugFDiQMzv0aSSCfPcJ7n3K1Ww0yqf2D4X4Fo/SGR13sjK4JhM65JiF+9FjHkVV2lzwhc6pptbA6YCwiKZiTMzDh/6X23w84XkXuy8mLSKyQgi3qmcJs5uWHz5UQppNhjKgyfgJMGPiMcM/yiLmRZru4W+MR6HHk8RXILvCAGOjUOREI1G2iaX20xQZIDF6Hcb1t11FQmK43z4+MUtVNWQloDTyKxf93Z2NmigrkQ9Drk33hX89GpqoBjMvJufwfDKfzhFPT25Ycc/rW8k6LKih5sCyBlGLWp5yQhML8dDp0L1dYSJA93WoXzql2u7y9paHsxy0dIatGgSOrDdACaymZ62bC+wX+iPRfPJmUM= ceph-4f3a6532-836b-11ee-8dbe-212e2dc638e7
2023-11-15T04:00:32.164 DEBUG:teuthology.orchestra.run.smithi033:> sudo install -d -m 0700 /root/.ssh && echo 'ssh-rsa AAAAB3NzaC1yc2EAAAADAQABAAABgQDBC7A1lfWf+6/GR+bAkzDL4sB0wIz3SIbjdr55tblazUOrl26I73Y1kyXJ79KdQmIjrpdhGoXPoY2J+MoGGf2BWo6h0YqnmCRtGwsykSClbCWNVMOSrG28W59mCRVhaLhW9jgv5D5xF4HsXyMSwzTSd9sugFDiQMzv0aSSCfPcJ7n3K1Ww0yqf2D4X4Fo/SGR13sjK4JhM65JiF+9FjHkVV2lzwhc6pptbA6YCwiKZiTMzDh/6X23w84XkXuy8mLSKyQgi3qmcJs5uWHz5UQppNhjKgyfgJMGPiMcM/yiLmRZru4W+MR6HHk8RXILvCAGOjUOREI1G2iaX20xQZIDF6Hcb1t11FQmK43z4+MUtVNWQloDTyKxf93Z2NmigrkQ9Drk33hX89GpqoBjMvJufwfDKfzhFPT25Ycc/rW8k6LKih5sCyBlGLWp5yQhML8dDp0L1dYSJA93WoXzql2u7y9paHsxy0dIatGgSOrDdACaymZ62bC+wX+iPRfPJmUM= ceph-4f3a6532-836b-11ee-8dbe-212e2dc638e7' | sudo tee -a /root/.ssh/authorized_keys && sudo chmod 0600 /root/.ssh/authorized_keys
2023-11-15T04:00:32.214 INFO:teuthology.orchestra.run.smithi033.stdout:ssh-rsa AAAAB3NzaC1yc2EAAAADAQABAAABgQDBC7A1lfWf+6/GR+bAkzDL4sB0wIz3SIbjdr55tblazUOrl26I73Y1kyXJ79KdQmIjrpdhGoXPoY2J+MoGGf2BWo6h0YqnmCRtGwsykSClbCWNVMOSrG28W59mCRVhaLhW9jgv5D5xF4HsXyMSwzTSd9sugFDiQMzv0aSSCfPcJ7n3K1Ww0yqf2D4X4Fo/SGR13sjK4JhM65JiF+9FjHkVV2lzwhc6pptbA6YCwiKZiTMzDh/6X23w84XkXuy8mLSKyQgi3qmcJs5uWHz5UQppNhjKgyfgJMGPiMcM/yiLmRZru4W+MR6HHk8RXILvCAGOjUOREI1G2iaX20xQZIDF6Hcb1t11FQmK43z4+MUtVNWQloDTyKxf93Z2NmigrkQ9Drk33hX89GpqoBjMvJufwfDKfzhFPT25Ycc/rW8k6LKih5sCyBlGLWp5yQhML8dDp0L1dYSJA93WoXzql2u7y9paHsxy0dIatGgSOrDdACaymZ62bC+wX+iPRfPJmUM= ceph-4f3a6532-836b-11ee-8dbe-212e2dc638e7
2023-11-15T04:00:32.227 DEBUG:teuthology.orchestra.run.smithi028:> sudo /home/ubuntu/cephtest/cephadm --image docker.io/ceph/ceph:v16.2.4 shell -c /etc/ceph/ceph.conf -k /etc/ceph/ceph.client.admin.keyring --fsid 4f3a6532-836b-11ee-8dbe-212e2dc638e7 -- ceph config set mgr mgr/cephadm/allow_ptrace true
2023-11-15T04:00:32.254 INFO:journalctl@ceph.mon.smithi028.smithi028.stdout:Nov 15 04:00:31 smithi028 ceph-4f3a6532-836b-11ee-8dbe-212e2dc638e7-mon.smithi028[112441]: audit
2023-11-15T04:00:31.234510+0000 mon.smithi028 (mon.0) 108 : audit [DBG] from='client.? 172.21.15.28:0/3559129691' entity='client.admin' cmd=[{"prefix": "config get", "who": "mgr", "key": "mgr/dashboard/ssl_server_port"}]: dispatch
2023-11-15T04:00:33.445 INFO:teuthology.orchestra.run.smithi028.stderr:2023-11-15T04:00:33.444+0000 7f537000a700 1 -- 172.21.15.28:0/453889933 >> [v2:172.21.15.28:3300/0,v1:172.21.15.28:6789/0] conn(0x7f53680f5410 msgr2=0x7f53680f5830 secure :-1 s=STATE_CONNECTION_ESTABLISHED l=1).mark_down
2023-11-15T04:00:33.445 INFO:teuthology.orchestra.run.smithi028.stderr:2023-11-15T04:00:33.444+0000 7f537000a700 1 --2- 172.21.15.28:0/453889933 >> [v2:172.21.15.28:3300/0,v1:172.21.15.28:6789/0] conn(0x7f53680f5410 0x7f53680f5830 secure :-1 s=READY pgs=87 cs=0 l=1 rev1=1 rx=0x7f5360009960 tx=0x7f5360004d10).stop
2023-11-15T04:00:33.446 INFO:teuthology.orchestra.run.smithi028.stderr:2023-11-15T04:00:33.444+0000 7f537000a700 1 -- 172.21.15.28:0/453889933 shutdown_connections
2023-11-15T04:00:33.446 INFO:teuthology.orchestra.run.smithi028.stderr:2023-11-15T04:00:33.444+0000 7f537000a700 1 --2- 172.21.15.28:0/453889933 >> [v2:172.21.15.28:3300/0,v1:172.21.15.28:6789/0] conn(0x7f53680f5410 0x7f53680f5830 unknown :-1 s=CLOSED pgs=87 cs=0 l=1 rev1=1 rx=0 tx=0).stop
2023-11-15T04:00:33.446 INFO:teuthology.orchestra.run.smithi028.stderr:2023-11-15T04:00:33.444+0000 7f537000a700 1 -- 172.21.15.28:0/453889933 >> 172.21.15.28:0/453889933 conn(0x7f53680f0b70 msgr2=0x7f53680f2f90 unknown :-1 s=STATE_NONE l=0).mark_down
2023-11-15T04:00:33.446 INFO:teuthology.orchestra.run.smithi028.stderr:2023-11-15T04:00:33.444+0000 7f537000a700 1 -- 172.21.15.28:0/453889933 shutdown_connections
2023-11-15T04:00:33.447 INFO:teuthology.orchestra.run.smithi028.stderr:2023-11-15T04:00:33.444+0000 7f537000a700 1 -- 172.21.15.28:0/453889933 wait complete.
2023-11-15T04:00:33.447 INFO:teuthology.orchestra.run.smithi028.stderr:2023-11-15T04:00:33.445+0000 7f537000a700 1 Processor -- start
2023-11-15T04:00:33.447 INFO:teuthology.orchestra.run.smithi028.stderr:2023-11-15T04:00:33.445+0000 7f537000a700 1 -- start start
2023-11-15T04:00:33.447 INFO:teuthology.orchestra.run.smithi028.stderr:2023-11-15T04:00:33.445+0000 7f537000a700 1 --2- >> [v2:172.21.15.28:3300/0,v1:172.21.15.28:6789/0] conn(0x7f53680f5410 0x7f5368105560 unknown :-1 s=NONE pgs=0 cs=0 l=1 rev1=0 rx=0 tx=0).connect
