2023-11-15T04:00:01.323584+0000 mgr.smithi028.vpjsvm (mgr.14116) 7 : audit [DBG] from='client.14132 -' entity='client.admin' cmd=[{"prefix": "cephadm get-pub-key", "target": ["mon-mgr", ""]}]: dispatch
2023-11-15T04:00:02.947 INFO:teuthology.orchestra.run.smithi028.stderr:/usr/bin/ceph: Added host 'smithi028'
2023-11-15T04:00:02.948 INFO:teuthology.orchestra.run.smithi028.stderr:/usr/bin/ceph:
2023-11-15T04:00:02.946+0000 7f1ae7fff700 1 -- 172.21.15.28:0/58583542 <== mgr.14116 v2:172.21.15.28:6800/109714870 1 ==== mgr_command_reply(tid 0: 0 ) v1 ==== 8+0+23 (secure 0 0 0) 0x7f1af0101f70 con 0x7f1ad002fdb0
2023-11-15T04:00:02.949 INFO:teuthology.orchestra.run.smithi028.stderr:/usr/bin/ceph:
2023-11-15T04:00:02.949+0000 7f1af614d700 1 -- 172.21.15.28:0/58583542 >> [v2:172.21.15.28:6800/109714870,v1:172.21.15.28:6801/109714870] conn(0x7f1ad002fdb0 msgr2=0x7f1ad0032270 secure :-1 s=STATE_CONNECTION_ESTABLISHED l=1).mark_down
2023-11-15T04:00:02.949 INFO:teuthology.orchestra.run.smithi028.stderr:/usr/bin/ceph:
2023-11-15T04:00:02.949+0000 7f1af614d700 1 --2- 172.21.15.28:0/58583542 >> [v2:172.21.15.28:6800/109714870,v1:172.21.15.28:6801/109714870] conn(0x7f1ad002fdb0 0x7f1ad0032270 secure :-1 s=READY pgs=10 cs=0 l=1 rev1=1 rx=0x7f1ad80096a0 tx=0x7f1ad8006b40).stop
2023-11-15T04:00:02.950 INFO:teuthology.orchestra.run.smithi028.stderr:/usr/bin/ceph:
2023-11-15T04:00:02.949+0000 7f1af614d700 1 -- 172.21.15.28:0/58583542 >> [v2:172.21.15.28:3300/0,v1:172.21.15.28:6789/0] conn(0x7f1af00703b0 msgr2=0x7f1af010ccf0 secure :-1 s=STATE_CONNECTION_ESTABLISHED l=1).mark_down
2023-11-15T04:00:02.950 INFO:teuthology.orchestra.run.smithi028.stderr:/usr/bin/ceph:
2023-11-15T04:00:02.949+0000 7f1af614d700 1 --2- 172.21.15.28:0/58583542 >> [v2:172.21.15.28:3300/0,v1:172.21.15.28:6789/0] conn(0x7f1af00703b0 0x7f1af010ccf0 secure :-1 s=READY pgs=40 cs=0 l=1 rev1=1 rx=0x7f1ae000e040 tx=0x7f1ae0006ee0).stop
2023-11-15T04:00:02.950 INFO:teuthology.orchestra.run.smithi028.stderr:/usr/bin/ceph:
2023-11-15T04:00:02.949+0000 7f1af614d700 1 -- 172.21.15.28:0/58583542 shutdown_connections
2023-11-15T04:00:02.951 INFO:teuthology.orchestra.run.smithi028.stderr:/usr/bin/ceph:
2023-11-15T04:00:02.949+0000 7f1af614d700 1 --2- 172.21.15.28:0/58583542 >> [v2:172.21.15.28:6800/109714870,v1:172.21.15.28:6801/109714870] conn(0x7f1ad002fdb0 0x7f1ad0032270 unknown :-1 s=CLOSED pgs=10 cs=0 l=1 rev1=1 rx=0 tx=0).stop
2023-11-15T04:00:02.951 INFO:teuthology.orchestra.run.smithi028.stderr:/usr/bin/ceph:
2023-11-15T04:00:02.949+0000 7f1af614d700 1 --2- 172.21.15.28:0/58583542 >> [v2:172.21.15.28:3300/0,v1:172.21.15.28:6789/0] conn(0x7f1af00703b0 0x7f1af010ccf0 unknown :-1 s=CLOSED pgs=40 cs=0 l=1 rev1=1 rx=0 tx=0).stop
2023-11-15T04:00:02.951 INFO:teuthology.orchestra.run.smithi028.stderr:/usr/bin/ceph:
2023-11-15T04:00:02.949+0000 7f1af614d700 1 -- 172.21.15.28:0/58583542 >> 172.21.15.28:0/58583542 conn(0x7f1af00f63c0 msgr2=0x7f1af00f7f50 unknown :-1 s=STATE_NONE l=0).mark_down
2023-11-15T04:00:02.951 INFO:teuthology.orchestra.run.smithi028.stderr:/usr/bin/ceph:
2023-11-15T04:00:02.949+0000 7f1af614d700 1 -- 172.21.15.28:0/58583542 shutdown_connections
2023-11-15T04:00:02.951 INFO:teuthology.orchestra.run.smithi028.stderr:/usr/bin/ceph:
2023-11-15T04:00:02.949+0000 7f1af614d700 1 -- 172.21.15.28:0/58583542 wait complete.
2023-11-15T04:00:03.265 INFO:teuthology.orchestra.run.smithi028.stderr:Deploying mon service with default placement...
2023-11-15T04:00:03.265 INFO:teuthology.orchestra.run.smithi028.stderr:Running command: /bin/podman run --rm --ipc=host --no-hosts --net=host --entrypoint /usr/bin/ceph --init -e CONTAINER_IMAGE=docker.io/ceph/ceph:v16.2.4 -e NODE_NAME=smithi028 -e CEPH_USE_RANDOM_NONCE=1 -v /var/log/ceph/4f3a6532-836b-11ee-8dbe-212e2dc638e7:/var/log/ceph:z -v /tmp/ceph-tmpv2xxgi20:/etc/ceph/ceph.client.admin.keyring:z -v /tmp/ceph-tmp6bu1c8ad:/etc/ceph/ceph.conf:z docker.io/ceph/ceph:v16.2.4 orch apply mon
2023-11-15T04:00:03.615 INFO:journalctl@ceph.mon.smithi028.smithi028.stdout:Nov 15 04:00:03 smithi028 ceph-4f3a6532-836b-11ee-8dbe-212e2dc638e7-mon.smithi028[112441]: audit
2023-11-15T04:00:02.290993+0000 mgr.smithi028.vpjsvm (mgr.14116) 8 : audit [DBG] from='client.14134 -' entity='client.admin' cmd=[{"prefix": "orch host add", "hostname": "smithi028", "addr": "172.21.15.28", "target": ["mon-mgr", ""]}]: dispatch
2023-11-15T04:00:03.616 INFO:journalctl@ceph.mon.smithi028.smithi028.stdout:Nov 15 04:00:03 smithi028 ceph-4f3a6532-836b-11ee-8dbe-212e2dc638e7-mon.smithi028[112441]: audit
2023-11-15T04:00:02.946189+0000 mon.smithi028 (mon.0) 55 : audit [INF] from='mgr.14116 172.21.15.28:0/2908451941' entity='mgr.smithi028.vpjsvm'
2023-11-15T04:00:03.616 INFO:journalctl@ceph.mon.smithi028.smithi028.stdout:Nov 15 04:00:03 smithi028 ceph-4f3a6532-836b-11ee-8dbe-212e2dc638e7-mon.smithi028[112441]: audit
2023-11-15T04:00:02.946808+0000 mon.smithi028 (mon.0) 56 : audit [DBG] from='mgr.14116 172.21.15.28:0/2908451941' entity='mgr.smithi028.vpjsvm' cmd=[{"prefix": "config dump", "format": "json"}]: dispatch
2023-11-15T04:00:03.640 INFO:teuthology.orchestra.run.smithi028.stderr:/usr/bin/ceph:
2023-11-15T04:00:03.640+0000 7f003dda7700 1 Processor -- start
2023-11-15T04:00:03.641 INFO:teuthology.orchestra.run.smithi028.stderr:/usr/bin/ceph:
2023-11-15T04:00:03.640+0000 7f003dda7700 1 -- start start
2023-11-15T04:00:03.641 INFO:teuthology.orchestra.run.smithi028.stderr:/usr/bin/ceph:
2023-11-15T04:00:03.640+0000 7f003dda7700 1 --2- >> [v2:172.21.15.28:3300/0,v1:172.21.15.28:6789/0] conn(0x7f0038070430 0x7f00380fe8e0 unknown :-1 s=NONE pgs=0 cs=0 l=0 rev1=0 rx=0 tx=0).connect
2023-11-15T04:00:03.641 INFO:teuthology.orchestra.run.smithi028.stderr:/usr/bin/ceph:
2023-11-15T04:00:03.640+0000 7f003dda7700 1 -- --> [v2:172.21.15.28:3300/0,v1:172.21.15.28:6789/0] -- mon_getmap magic: 0 v1 -- 0x7f00380fedd0 con 0x7f0038070430
2023-11-15T04:00:03.642 INFO:teuthology.orchestra.run.smithi028.stderr:/usr/bin/ceph:
2023-11-15T04:00:03.640+0000 7f00377fe700 1 --2- >> [v2:172.21.15.28:3300/0,v1:172.21.15.28:6789/0] conn(0x7f0038070430 0x7f00380fe8e0 unknown :-1 s=BANNER_CONNECTING pgs=0 cs=0 l=0 rev1=0 rx=0 tx=0)._handle_peer_banner_payload supported=1 required=0
2023-11-15T04:00:03.642 INFO:teuthology.orchestra.run.smithi028.stderr:/usr/bin/ceph:
2023-11-15T04:00:03.640+0000 7f00377fe700 1 --2- >> [v2:172.21.15.28:3300/0,v1:172.21.15.28:6789/0] conn(0x7f0038070430 0x7f00380fe8e0 unknown :-1 s=HELLO_CONNECTING pgs=0 cs=0 l=0 rev1=1 rx=0 tx=0).handle_hello peer v2:172.21.15.28:3300/0 says I am v2:172.21.15.28:57916/0 (socket says 172.21.15.28:57916)
2023-11-15T04:00:03.642 INFO:teuthology.orchestra.run.smithi028.stderr:/usr/bin/ceph:
2023-11-15T04:00:03.640+0000 7f00377fe700 1 -- 172.21.15.28:0/2963808631 learned_addr learned my addr 172.21.15.28:0/2963808631 (peer_addr_for_me v2:172.21.15.28:0/0)
2023-11-15T04:00:03.643 INFO:teuthology.orchestra.run.smithi028.stderr:/usr/bin/ceph:
2023-11-15T04:00:03.641+0000 7f00377fe700 1 -- 172.21.15.28:0/2963808631 --> [v2:172.21.15.28:3300/0,v1:172.21.15.28:6789/0] -- mon_subscribe({config=0+,monmap=0+}) v3 -- 0x7f00380fef10 con 0x7f0038070430
2023-11-15T04:00:03.643 INFO:teuthology.orchestra.run.smithi028.stderr:/usr/bin/ceph:
2023-11-15T04:00:03.641+0000 7f00377fe700 1 --2- 172.21.15.28:0/2963808631 >> [v2:172.21.15.28:3300/0,v1:172.21.15.28:6789/0] conn(0x7f0038070430 0x7f00380fe8e0 secure :-1 s=READY pgs=41 cs=0 l=1 rev1=1 rx=0x7f002c00b5f0 tx=0x7f002c006ee0).ready entity=mon.0 client_cookie=77f20efb89a5d12 server_cookie=0 in_seq=0 out_seq=0
2023-11-15T04:00:03.643 INFO:teuthology.orchestra.run.smithi028.stderr:/usr/bin/ceph:
2023-11-15T04:00:03.641+0000 7f00367fc700 1 -- 172.21.15.28:0/2963808631 <== mon.0 v2:172.21.15.28:3300/0 1 ==== mon_map magic: 0 v1 ==== 229+0+0 (secure 0 0 0) 0x7f002c00d600 con 0x7f0038070430
2023-11-15T04:00:03.643 INFO:teuthology.orchestra.run.smithi028.stderr:/usr/bin/ceph:
2023-11-15T04:00:03.641+0000 7f00367fc700 1 -- 172.21.15.28:0/2963808631 <== mon.0 v2:172.21.15.28:3300/0 2 ==== config(25 keys) v1 ==== 1010+0+0 (secure 0 0 0) 0x7f002c00dbd0 con 0x7f0038070430
2023-11-15T04:00:03.643 INFO:teuthology.orchestra.run.smithi028.stderr:/usr/bin/ceph:
2023-11-15T04:00:03.641+0000 7f00367fc700 1 -- 172.21.15.28:0/2963808631 <== mon.0 v2:172.21.15.28:3300/0 3 ==== mon_map magic: 0 v1 ==== 229+0+0 (secure 0 0 0) 0x7f002c011c00 con 0x7f0038070430
2023-11-15T04:00:03.644 INFO:teuthology.orchestra.run.smithi028.stderr:/usr/bin/ceph:
2023-11-15T04:00:03.641+0000 7f003dda7700 1 -- 172.21.15.28:0/2963808631 >> [v2:172.21.15.28:3300/0,v1:172.21.15.28:6789/0] conn(0x7f0038070430 msgr2=0x7f00380fe8e0 secure :-1 s=STATE_CONNECTION_ESTABLISHED l=1).mark_down
2023-11-15T04:00:03.644 INFO:teuthology.orchestra.run.smithi028.stderr:/usr/bin/ceph:
2023-11-15T04:00:03.641+0000 7f003dda7700 1 --2- 172.21.15.28:0/2963808631 >> [v2:172.21.15.28:3300/0,v1:172.21.15.28:6789/0] conn(0x7f0038070430 0x7f00380fe8e0 secure :-1 s=READY pgs=41 cs=0 l=1 rev1=1 rx=0x7f002c00b5f0 tx=0x7f002c006ee0).stop
2023-11-15T04:00:03.644 INFO:teuthology.orchestra.run.smithi028.stderr:/usr/bin/ceph:
2023-11-15T04:00:03.642+0000 7f003dda7700 1 -- 172.21.15.28:0/2963808631 shutdown_connections
2023-11-15T04:00:03.644 INFO:teuthology.orchestra.run.smithi028.stderr:/usr/bin/ceph:
2023-11-15T04:00:03.642+0000 7f003dda7700 1 --2- 172.21.15.28:0/2963808631 >> [v2:172.21.15.28:3300/0,v1:172.21.15.28:6789/0] conn(0x7f0038070430 0x7f00380fe8e0 unknown :-1 s=CLOSED pgs=41 cs=0 l=1 rev1=1 rx=0 tx=0).stop
2023-11-15T04:00:03.644 INFO:teuthology.orchestra.run.smithi028.stderr:/usr/bin/ceph:
2023-11-15T04:00:03.642+0000 7f003dda7700 1 -- 172.21.15.28:0/2963808631 >> 172.21.15.28:0/2963808631 conn(0x7f00380f63c0 msgr2=0x7f00380f87e0 unknown :-1 s=STATE_NONE l=0).mark_down
2023-11-15T04:00:03.645 INFO:teuthology.orchestra.run.smithi028.stderr:/usr/bin/ceph:
2023-11-15T04:00:03.642+0000 7f003dda7700 1 -- 172.21.15.28:0/2963808631 shutdown_connections
2023-11-15T04:00:03.645 INFO:teuthology.orchestra.run.smithi028.stderr:/usr/bin/ceph:
2023-11-15T04:00:03.642+0000 7f003dda7700 1 -- 172.21.15.28:0/2963808631 wait complete.
2023-11-15T04:00:03.646 INFO:teuthology.orchestra.run.smithi028.stderr:/usr/bin/ceph:
2023-11-15T04:00:03.642+0000 7f003dda7700 1 Processor -- start
2023-11-15T04:00:03.647 INFO:teuthology.orchestra.run.smithi028.stderr:/usr/bin/ceph:
2023-11-15T04:00:03.642+0000 7f003dda7700 1 -- start start
2023-11-15T04:00:03.647 INFO:teuthology.orchestra.run.smithi028.stderr:/usr/bin/ceph:
2023-11-15T04:00:03.643+0000 7f003dda7700 1 --2- >> [v2:172.21.15.28:3300/0,v1:172.21.15.28:6789/0] conn(0x7f0038070430 0x7f003810ccd0 unknown :-1 s=NONE pgs=0 cs=0 l=1 rev1=0 rx=0 tx=0).connect
2023-11-15T04:00:03.647 INFO:teuthology.orchestra.run.smithi028.stderr:/usr/bin/ceph:
2023-11-15T04:00:03.643+0000 7f003dda7700 1 -- --> [v2:172.21.15.28:3300/0,v1:172.21.15.28:6789/0] -- mon_getmap magic: 0 v1 -- 0x7f003810d1c0 con 0x7f0038070430
2023-11-15T04:00:03.647 INFO:teuthology.orchestra.run.smithi028.stderr:/usr/bin/ceph:
2023-11-15T04:00:03.643+0000 7f00377fe700 1 --2- >> [v2:172.21.15.28:3300/0,v1:172.21.15.28:6789/0] conn(0x7f0038070430 0x7f003810ccd0 unknown :-1 s=BANNER_CONNECTING pgs=0 cs=0 l=1 rev1=0 rx=0 tx=0)._handle_peer_banner_payload supported=1 required=0
2023-11-15T04:00:03.647 INFO:teuthology.orchestra.run.smithi028.stderr:/usr/bin/ceph:
2023-11-15T04:00:03.643+0000 7f00377fe700 1 --2- >> [v2:172.21.15.28:3300/0,v1:172.21.15.28:6789/0] conn(0x7f0038070430 0x7f003810ccd0 unknown :-1 s=HELLO_CONNECTING pgs=0 cs=0 l=1 rev1=1 rx=0 tx=0).handle_hello peer v2:172.21.15.28:3300/0 says I am v2:172.21.15.28:57928/0 (socket says 172.21.15.28:57928)
2023-11-15T04:00:03.648 INFO:teuthology.orchestra.run.smithi028.stderr:/usr/bin/ceph:
2023-11-15T04:00:03.643+0000 7f00377fe700 1 -- 172.21.15.28:0/2709991416 learned_addr learned my addr 172.21.15.28:0/2709991416 (peer_addr_for_me v2:172.21.15.28:0/0)
2023-11-15T04:00:03.648 INFO:teuthology.orchestra.run.smithi028.stderr:/usr/bin/ceph:
2023-11-15T04:00:03.643+0000 7f00377fe700 1 -- 172.21.15.28:0/2709991416 --> [v2:172.21.15.28:3300/0,v1:172.21.15.28:6789/0] -- mon_subscribe({config=0+,monmap=0+}) v3 -- 0x7f002c00b200 con 0x7f0038070430
2023-11-15T04:00:03.648 INFO:teuthology.orchestra.run.smithi028.stderr:/usr/bin/ceph:
2023-11-15T04:00:03.643+0000 7f00377fe700 1 --2- 172.21.15.28:0/2709991416 >> [v2:172.21.15.28:3300/0,v1:172.21.15.28:6789/0] conn(0x7f0038070430 0x7f003810ccd0 secure :-1 s=READY pgs=42 cs=0 l=1 rev1=1 rx=0x7f002c00e040 tx=0x7f002c006ee0).ready entity=mon.0 client_cookie=0 server_cookie=0 in_seq=0 out_seq=0
2023-11-15T04:00:03.648 INFO:teuthology.orchestra.run.smithi028.stderr:/usr/bin/ceph:
2023-11-15T04:00:03.643+0000 7f001ffff700 1 -- 172.21.15.28:0/2709991416 <== mon.0 v2:172.21.15.28:3300/0 1 ==== mon_map magic: 0 v1 ==== 229+0+0 (secure 0 0 0) 0x7f002c00d9f0 con 0x7f0038070430
2023-11-15T04:00:03.648 INFO:teuthology.orchestra.run.smithi028.stderr:/usr/bin/ceph:
2023-11-15T04:00:03.643+0000 7f003dda7700 1 -- 172.21.15.28:0/2709991416 --> [v2:172.21.15.28:3300/0,v1:172.21.15.28:6789/0] -- mon_subscribe({mgrmap=0+}) v3 -- 0x7f003810d3c0 con 0x7f0038070430
2023-11-15T04:00:03.649 INFO:teuthology.orchestra.run.smithi028.stderr:/usr/bin/ceph:
2023-11-15T04:00:03.643+0000 7f001ffff700 1 -- 172.21.15.28:0/2709991416 <== mon.0 v2:172.21.15.28:3300/0 2 ==== config(25 keys) v1 ==== 1010+0+0 (secure 0 0 0) 0x7f002c01a9f0 con 0x7f0038070430
2023-11-15T04:00:03.649 INFO:teuthology.orchestra.run.smithi028.stderr:/usr/bin/ceph:
2023-11-15T04:00:03.643+0000 7f001ffff700 1 -- 172.21.15.28:0/2709991416 <== mon.0 v2:172.21.15.28:3300/0 3 ==== mon_map magic: 0 v1 ==== 229+0+0 (secure 0 0 0) 0x7f002c01b8c0 con 0x7f0038070430
2023-11-15T04:00:03.649 INFO:teuthology.orchestra.run.smithi028.stderr:/usr/bin/ceph:
2023-11-15T04:00:03.643+0000 7f003dda7700 1 -- 172.21.15.28:0/2709991416 --> [v2:172.21.15.28:3300/0,v1:172.21.15.28:6789/0] -- mon_subscribe({osdmap=0}) v3 -- 0x7f003810d7d0 con 0x7f0038070430
2023-11-15T04:00:03.649 INFO:teuthology.orchestra.run.smithi028.stderr:/usr/bin/ceph:
2023-11-15T04:00:03.644+0000 7f001ffff700 1 -- 172.21.15.28:0/2709991416 <== mon.0 v2:172.21.15.28:3300/0 4 ==== mgrmap(e 8) v1 ==== 36120+0+0 (secure 0 0 0) 0x7f002c00f070 con 0x7f0038070430
2023-11-15T04:00:03.649 INFO:teuthology.orchestra.run.smithi028.stderr:/usr/bin/ceph:
2023-11-15T04:00:03.644+0000 7f001ffff700 1 --2- 172.21.15.28:0/2709991416 >> [v2:172.21.15.28:6800/109714870,v1:172.21.15.28:6801/109714870] conn(0x7f002402fd50 0x7f0024032210 unknown :-1 s=NONE pgs=0 cs=0 l=1 rev1=0 rx=0 tx=0).connect
2023-11-15T04:00:03.649 INFO:teuthology.orchestra.run.smithi028.stderr:/usr/bin/ceph:
2023-11-15T04:00:03.645+0000 7f001ffff700 1 -- 172.21.15.28:0/2709991416 <== mon.0 v2:172.21.15.28:3300/0 5 ==== osd_map(2..2 src has 1..2) v4 ==== 926+0+0 (secure 0 0 0) 0x7f002c041450 con 0x7f0038070430
2023-11-15T04:00:03.650 INFO:teuthology.orchestra.run.smithi028.stderr:/usr/bin/ceph:
2023-11-15T04:00:03.645+0000 7f003dda7700 1 -- 172.21.15.28:0/2709991416 --> [v2:172.21.15.28:3300/0,v1:172.21.15.28:6789/0] -- mon_command({"prefix": "get_command_descriptions"} v 0) v1 -- 0x7f0038045ad0 con 0x7f0038070430
2023-11-15T04:00:03.650 INFO:teuthology.orchestra.run.smithi028.stderr:/usr/bin/ceph:
2023-11-15T04:00:03.645+0000 7f0036ffd700 1 --2- 172.21.15.28:0/2709991416 >> [v2:172.21.15.28:6800/109714870,v1:172.21.15.28:6801/109714870] conn(0x7f002402fd50 0x7f0024032210 unknown :-1 s=BANNER_CONNECTING pgs=0 cs=0 l=1 rev1=0 rx=0 tx=0)._handle_peer_banner_payload supported=1 required=0
2023-11-15T04:00:03.650 INFO:teuthology.orchestra.run.smithi028.stderr:/usr/bin/ceph:
2023-11-15T04:00:03.645+0000 7f0036ffd700 1 --2- 172.21.15.28:0/2709991416 >> [v2:172.21.15.28:6800/109714870,v1:172.21.15.28:6801/109714870] conn(0x7f002402fd50 0x7f0024032210 secure :-1 s=READY pgs=11 cs=0 l=1 rev1=1 rx=0x7f00280096a0 tx=0x7f0028006b40).ready entity=mgr.14116 client_cookie=0 server_cookie=0 in_seq=0 out_seq=0
2023-11-15T04:00:03.651 INFO:teuthology.orchestra.run.smithi028.stderr:/usr/bin/ceph:
2023-11-15T04:00:03.649+0000 7f001ffff700 1 -- 172.21.15.28:0/2709991416 <== mon.0 v2:172.21.15.28:3300/0 6 ==== mon_command_ack([{"prefix": "get_command_descriptions"}]=0 v0) v1 ==== 72+0+152212 (secure 0 0 0) 0x7f002c016020 con 0x7f0038070430
2023-11-15T04:00:03.842 INFO:teuthology.orchestra.run.smithi028.stderr:/usr/bin/ceph:
2023-11-15T04:00:03.842+0000 7f003dda7700 1 -- 172.21.15.28:0/2709991416 --> [v2:172.21.15.28:6800/109714870,v1:172.21.15.28:6801/109714870] -- mgr_command(tid 0: {"prefix": "orch apply", "service_type": "mon", "target": ["mon-mgr", ""]}) v1 -- 0x7f003810ed30 con 0x7f002402fd50
2023-11-15T04:00:03.847 INFO:teuthology.orchestra.run.smithi028.stderr:/usr/bin/ceph:
2023-11-15T04:00:03.847+0000 7f001ffff700 1 -- 172.21.15.28:0/2709991416 <== mgr.14116 v2:172.21.15.28:6800/109714870 1 ==== mgr_command_reply(tid 0: 0 ) v1 ==== 8+0+24 (secure 0 0 0) 0x7f003810ed30 con 0x7f002402fd50
2023-11-15T04:00:03.847 INFO:teuthology.orchestra.run.smithi028.stderr:/usr/bin/ceph: Scheduled mon update...
2023-11-15T04:00:03.849 INFO:teuthology.orchestra.run.smithi028.stderr:/usr/bin/ceph:
2023-11-15T04:00:03.849+0000 7f003dda7700 1 -- 172.21.15.28:0/2709991416 >> [v2:172.21.15.28:6800/109714870,v1:172.21.15.28:6801/109714870] conn(0x7f002402fd50 msgr2=0x7f0024032210 secure :-1 s=STATE_CONNECTION_ESTABLISHED l=1).mark_down
2023-11-15T04:00:03.849 INFO:teuthology.orchestra.run.smithi028.stderr:/usr/bin/ceph:
2023-11-15T04:00:03.849+0000 7f003dda7700 1 --2- 172.21.15.28:0/2709991416 >> [v2:172.21.15.28:6800/109714870,v1:172.21.15.28:6801/109714870] conn(0x7f002402fd50 0x7f0024032210 secure :-1 s=READY pgs=11 cs=0 l=1 rev1=1 rx=0x7f00280096a0 tx=0x7f0028006b40).stop
2023-11-15T04:00:03.849 INFO:teuthology.orchestra.run.smithi028.stderr:/usr/bin/ceph:
2023-11-15T04:00:03.849+0000 7f003dda7700 1 -- 172.21.15.28:0/2709991416 >> [v2:172.21.15.28:3300/0,v1:172.21.15.28:6789/0] conn(0x7f0038070430 msgr2=0x7f003810ccd0 secure :-1 s=STATE_CONNECTION_ESTABLISHED l=1).mark_down
2023-11-15T04:00:03.849 INFO:teuthology.orchestra.run.smithi028.stderr:/usr/bin/ceph:
2023-11-15T04:00:03.849+0000 7f003dda7700 1 --2- 172.21.15.28:0/2709991416 >> [v2:172.21.15.28:3300/0,v1:172.21.15.28:6789/0] conn(0x7f0038070430 0x7f003810ccd0 secure :-1 s=READY pgs=42 cs=0 l=1 rev1=1 rx=0x7f002c00e040 tx=0x7f002c006ee0).stop
2023-11-15T04:00:03.850 INFO:teuthology.orchestra.run.smithi028.stderr:/usr/bin/ceph:
2023-11-15T04:00:03.849+0000 7f003dda7700 1 -- 172.21.15.28:0/2709991416 shutdown_connections
2023-11-15T04:00:03.851 INFO:teuthology.orchestra.run.smithi028.stderr:/usr/bin/ceph:
2023-11-15T04:00:03.849+0000 7f003dda7700 1 --2- 172.21.15.28:0/2709991416 >> [v2:172.21.15.28:6800/109714870,v1:172.21.15.28:6801/109714870] conn(0x7f002402fd50 0x7f0024032210 unknown :-1 s=CLOSED pgs=11 cs=0 l=1 rev1=1 rx=0 tx=0).stop
2023-11-15T04:00:03.851 INFO:teuthology.orchestra.run.smithi028.stderr:/usr/bin/ceph:
2023-11-15T04:00:03.849+0000 7f003dda7700 1 --2- 172.21.15.28:0/2709991416 >> [v2:172.21.15.28:3300/0,v1:172.21.15.28:6789/0] conn(0x7f0038070430 0x7f003810ccd0 unknown :-1 s=CLOSED pgs=42 cs=0 l=1 rev1=1 rx=0 tx=0).stop
2023-11-15T04:00:03.851 INFO:teuthology.orchestra.run.smithi028.stderr:/usr/bin/ceph:
2023-11-15T04:00:03.849+0000 7f003dda7700 1 -- 172.21.15.28:0/2709991416 >> 172.21.15.28:0/2709991416 conn(0x7f00380f63c0 msgr2=0x7f00380f7f20 unknown :-1 s=STATE_NONE l=0).mark_down
2023-11-15T04:00:03.851 INFO:teuthology.orchestra.run.smithi028.stderr:/usr/bin/ceph:
2023-11-15T04:00:03.849+0000 7f003dda7700 1 -- 172.21.15.28:0/2709991416 shutdown_connections
2023-11-15T04:00:03.852 INFO:teuthology.orchestra.run.smithi028.stderr:/usr/bin/ceph:
2023-11-15T04:00:03.849+0000 7f003dda7700 1 -- 172.21.15.28:0/2709991416 wait complete.
2023-11-15T04:00:04.198 INFO:teuthology.orchestra.run.smithi028.stderr:Deploying mgr service with default placement...
2023-11-15T04:00:04.199 INFO:teuthology.orchestra.run.smithi028.stderr:Running command: /bin/podman run --rm --ipc=host --no-hosts --net=host --entrypoint /usr/bin/ceph --init -e CONTAINER_IMAGE=docker.io/ceph/ceph:v16.2.4 -e NODE_NAME=smithi028 -e CEPH_USE_RANDOM_NONCE=1 -v /var/log/ceph/4f3a6532-836b-11ee-8dbe-212e2dc638e7:/var/log/ceph:z -v /tmp/ceph-tmpv2xxgi20:/etc/ceph/ceph.client.admin.keyring:z -v /tmp/ceph-tmp6bu1c8ad:/etc/ceph/ceph.conf:z docker.io/ceph/ceph:v16.2.4 orch apply mgr
2023-11-15T04:00:04.612 INFO:teuthology.orchestra.run.smithi028.stderr:/usr/bin/ceph:
2023-11-15T04:00:04.609+0000 7f868b59e700 1 Processor -- start
2023-11-15T04:00:04.612 INFO:teuthology.orchestra.run.smithi028.stderr:/usr/bin/ceph:
2023-11-15T04:00:04.609+0000 7f868b59e700 1 -- start start
2023-11-15T04:00:04.612 INFO:teuthology.orchestra.run.smithi028.stderr:/usr/bin/ceph:
2023-11-15T04:00:04.609+0000 7f868b59e700 1 --2- >> [v2:172.21.15.28:3300/0,v1:172.21.15.28:6789/0] conn(0x7f868c0fa9d0 0x7f868c0fadf0 unknown :-1 s=NONE pgs=0 cs=0 l=0 rev1=0 rx=0 tx=0).connect
2023-11-15T04:00:04.612 INFO:teuthology.orchestra.run.smithi028.stderr:/usr/bin/ceph:
2023-11-15T04:00:04.609+0000 7f868b59e700 1 -- --> [v2:172.21.15.28:3300/0,v1:172.21.15.28:6789/0] -- mon_getmap magic: 0 v1 -- 0x7f868c0fb2e0 con 0x7f868c0fa9d0
2023-11-15T04:00:04.613 INFO:teuthology.orchestra.run.smithi028.stderr:/usr/bin/ceph:
2023-11-15T04:00:04.610+0000 7f868a59c700 1 --2- >> [v2:172.21.15.28:3300/0,v1:172.21.15.28:6789/0] conn(0x7f868c0fa9d0 0x7f868c0fadf0 unknown :-1 s=BANNER_CONNECTING pgs=0 cs=0 l=0 rev1=0 rx=0 tx=0)._handle_peer_banner_payload supported=1 required=0
2023-11-15T04:00:04.613 INFO:teuthology.orchestra.run.smithi028.stderr:/usr/bin/ceph:
2023-11-15T04:00:04.610+0000 7f868a59c700 1 --2- >> [v2:172.21.15.28:3300/0,v1:172.21.15.28:6789/0] conn(0x7f868c0fa9d0 0x7f868c0fadf0 unknown :-1 s=HELLO_CONNECTING pgs=0 cs=0 l=0 rev1=1 rx=0 tx=0).handle_hello peer v2:172.21.15.28:3300/0 says I am v2:172.21.15.28:57942/0 (socket says 172.21.15.28:57942)
2023-11-15T04:00:04.613 INFO:teuthology.orchestra.run.smithi028.stderr:/usr/bin/ceph:
2023-11-15T04:00:04.610+0000 7f868a59c700 1 -- 172.21.15.28:0/1353244018 learned_addr learned my addr 172.21.15.28:0/1353244018 (peer_addr_for_me v2:172.21.15.28:0/0)
2023-11-15T04:00:04.613 INFO:teuthology.orchestra.run.smithi028.stderr:/usr/bin/ceph:
2023-11-15T04:00:04.610+0000 7f868a59c700 1 -- 172.21.15.28:0/1353244018 --> [v2:172.21.15.28:3300/0,v1:172.21.15.28:6789/0] -- mon_subscribe({config=0+,monmap=0+}) v3 -- 0x7f868c0fb420 con 0x7f868c0fa9d0
2023-11-15T04:00:04.613 INFO:teuthology.orchestra.run.smithi028.stderr:/usr/bin/ceph:
2023-11-15T04:00:04.610+0000 7f868a59c700 1 --2- 172.21.15.28:0/1353244018 >> [v2:172.21.15.28:3300/0,v1:172.21.15.28:6789/0] conn(0x7f868c0fa9d0 0x7f868c0fadf0 secure :-1 s=READY pgs=43 cs=0 l=1 rev1=1 rx=0x7f867c00b5f0 tx=0x7f867c006ee0).ready entity=mon.0 client_cookie=b60b85df84d8d907 server_cookie=0 in_seq=0 out_seq=0
2023-11-15T04:00:04.614 INFO:teuthology.orchestra.run.smithi028.stderr:/usr/bin/ceph:
2023-11-15T04:00:04.611+0000 7f868959a700 1 -- 172.21.15.28:0/1353244018 <== mon.0 v2:172.21.15.28:3300/0 1 ==== mon_map magic: 0 v1 ==== 229+0+0 (secure 0 0 0) 0x7f867c00d600 con 0x7f868c0fa9d0
2023-11-15T04:00:04.614 INFO:teuthology.orchestra.run.smithi028.stderr:/usr/bin/ceph:
2023-11-15T04:00:04.611+0000 7f868959a700 1 -- 172.21.15.28:0/1353244018 <== mon.0 v2:172.21.15.28:3300/0 2 ==== config(25 keys) v1 ==== 1010+0+0 (secure 0 0 0) 0x7f867c00dbd0 con 0x7f868c0fa9d0
2023-11-15T04:00:04.614 INFO:teuthology.orchestra.run.smithi028.stderr:/usr/bin/ceph:
2023-11-15T04:00:04.611+0000 7f868959a700 1 -- 172.21.15.28:0/1353244018 <== mon.0 v2:172.21.15.28:3300/0 3 ==== mon_map magic: 0 v1 ==== 229+0+0 (secure 0 0 0) 0x7f867c011c00 con 0x7f868c0fa9d0
2023-11-15T04:00:04.614 INFO:teuthology.orchestra.run.smithi028.stderr:/usr/bin/ceph:
2023-11-15T04:00:04.611+0000 7f868b59e700 1 -- 172.21.15.28:0/1353244018 >> [v2:172.21.15.28:3300/0,v1:172.21.15.28:6789/0] conn(0x7f868c0fa9d0 msgr2=0x7f868c0fadf0 secure :-1 s=STATE_CONNECTION_ESTABLISHED l=1).mark_down
2023-11-15T04:00:04.615 INFO:teuthology.orchestra.run.smithi028.stderr:/usr/bin/ceph:
2023-11-15T04:00:04.611+0000 7f868b59e700 1 --2- 172.21.15.28:0/1353244018 >> [v2:172.21.15.28:3300/0,v1:172.21.15.28:6789/0] conn(0x7f868c0fa9d0 0x7f868c0fadf0 secure :-1 s=READY pgs=43 cs=0 l=1 rev1=1 rx=0x7f867c00b5f0 tx=0x7f867c006ee0).stop
2023-11-15T04:00:04.615 INFO:teuthology.orchestra.run.smithi028.stderr:/usr/bin/ceph:
2023-11-15T04:00:04.611+0000 7f868b59e700 1 -- 172.21.15.28:0/1353244018 shutdown_connections
2023-11-15T04:00:04.615 INFO:teuthology.orchestra.run.smithi028.stderr:/usr/bin/ceph:
2023-11-15T04:00:04.611+0000 7f868b59e700 1 --2- 172.21.15.28:0/1353244018 >> [v2:172.21.15.28:3300/0,v1:172.21.15.28:6789/0] conn(0x7f868c0fa9d0 0x7f868c0fadf0 unknown :-1 s=CLOSED pgs=43 cs=0 l=1 rev1=1 rx=0 tx=0).stop
2023-11-15T04:00:04.615 INFO:teuthology.orchestra.run.smithi028.stderr:/usr/bin/ceph:
2023-11-15T04:00:04.611+0000 7f868b59e700 1 -- 172.21.15.28:0/1353244018 >> 172.21.15.28:0/1353244018 conn(0x7f868c0f6210 msgr2=0x7f868c0f8630 unknown :-1 s=STATE_NONE l=0).mark_down
2023-11-15T04:00:04.617 INFO:teuthology.orchestra.run.smithi028.stderr:/usr/bin/ceph:
2023-11-15T04:00:04.611+0000 7f868b59e700 1 -- 172.21.15.28:0/1353244018 shutdown_connections
2023-11-15T04:00:04.618 INFO:teuthology.orchestra.run.smithi028.stderr:/usr/bin/ceph:
2023-11-15T04:00:04.611+0000 7f868b59e700 1 -- 172.21.15.28:0/1353244018 wait complete.
2023-11-15T04:00:04.618 INFO:teuthology.orchestra.run.smithi028.stderr:/usr/bin/ceph:
2023-11-15T04:00:04.612+0000 7f868b59e700 1 Processor -- start
2023-11-15T04:00:04.618 INFO:teuthology.orchestra.run.smithi028.stderr:/usr/bin/ceph:
2023-11-15T04:00:04.612+0000 7f868b59e700 1 -- start start
2023-11-15T04:00:04.618 INFO:teuthology.orchestra.run.smithi028.stderr:/usr/bin/ceph:
2023-11-15T04:00:04.612+0000 7f868b59e700 1 --2- >> [v2:172.21.15.28:3300/0,v1:172.21.15.28:6789/0] conn(0x7f868c0fa9d0 0x7f868c108640 unknown :-1 s=NONE pgs=0 cs=0 l=1 rev1=0 rx=0 tx=0).connect
2023-11-15T04:00:04.618 INFO:teuthology.orchestra.run.smithi028.stderr:/usr/bin/ceph:
2023-11-15T04:00:04.612+0000 7f868b59e700 1 -- --> [v2:172.21.15.28:3300/0,v1:172.21.15.28:6789/0] -- mon_getmap magic: 0 v1 -- 0x7f868c108b30 con 0x7f868c0fa9d0
2023-11-15T04:00:04.619 INFO:teuthology.orchestra.run.smithi028.stderr:/usr/bin/ceph:
2023-11-15T04:00:04.613+0000 7f868a59c700 1 --2- >> [v2:172.21.15.28:3300/0,v1:172.21.15.28:6789/0] conn(0x7f868c0fa9d0 0x7f868c108640 unknown :-1 s=BANNER_CONNECTING pgs=0 cs=0 l=1 rev1=0 rx=0 tx=0)._handle_peer_banner_payload supported=1 required=0
2023-11-15T04:00:04.619 INFO:teuthology.orchestra.run.smithi028.stderr:/usr/bin/ceph:
2023-11-15T04:00:04.613+0000 7f868a59c700 1 --2- >> [v2:172.21.15.28:3300/0,v1:172.21.15.28:6789/0] conn(0x7f868c0fa9d0 0x7f868c108640 unknown :-1 s=HELLO_CONNECTING pgs=0 cs=0 l=1 rev1=1 rx=0 tx=0).handle_hello peer v2:172.21.15.28:3300/0 says I am v2:172.21.15.28:57958/0 (socket says 172.21.15.28:57958)
2023-11-15T04:00:04.619 INFO:teuthology.orchestra.run.smithi028.stderr:/usr/bin/ceph:
2023-11-15T04:00:04.613+0000 7f868a59c700 1 -- 172.21.15.28:0/3641615615 learned_addr learned my addr 172.21.15.28:0/3641615615 (peer_addr_for_me v2:172.21.15.28:0/0)
2023-11-15T04:00:04.619 INFO:teuthology.orchestra.run.smithi028.stderr:/usr/bin/ceph:
2023-11-15T04:00:04.613+0000 7f868a59c700 1 -- 172.21.15.28:0/3641615615 --> [v2:172.21.15.28:3300/0,v1:172.21.15.28:6789/0] -- mon_subscribe({config=0+,monmap=0+}) v3 -- 0x7f867c00b200 con 0x7f868c0fa9d0
2023-11-15T04:00:04.619 INFO:teuthology.orchestra.run.smithi028.stderr:/usr/bin/ceph:
2023-11-15T04:00:04.613+0000 7f868a59c700 1 --2- 172.21.15.28:0/3641615615 >> [v2:172.21.15.28:3300/0,v1:172.21.15.28:6789/0] conn(0x7f868c0fa9d0 0x7f868c108640 secure :-1 s=READY pgs=44 cs=0 l=1 rev1=1 rx=0x7f867c00e040 tx=0x7f867c006ee0).ready entity=mon.0 client_cookie=0 server_cookie=0 in_seq=0 out_seq=0
2023-11-15T04:00:04.620 INFO:teuthology.orchestra.run.smithi028.stderr:/usr/bin/ceph:
2023-11-15T04:00:04.613+0000 7f8682ffd700 1 -- 172.21.15.28:0/3641615615 <== mon.0 v2:172.21.15.28:3300/0 1 ==== mon_map magic: 0 v1 ==== 229+0+0 (secure 0 0 0) 0x7f867c01b410 con 0x7f868c0fa9d0
2023-11-15T04:00:04.620 INFO:teuthology.orchestra.run.smithi028.stderr:/usr/bin/ceph:
2023-11-15T04:00:04.613+0000 7f868b59e700 1 -- 172.21.15.28:0/3641615615 --> [v2:172.21.15.28:3300/0,v1:172.21.15.28:6789/0] -- mon_subscribe({mgrmap=0+}) v3 -- 0x7f868c108d30 con 0x7f868c0fa9d0
2023-11-15T04:00:04.620 INFO:teuthology.orchestra.run.smithi028.stderr:/usr/bin/ceph:
2023-11-15T04:00:04.613+0000 7f8682ffd700 1 -- 172.21.15.28:0/3641615615 <== mon.0 v2:172.21.15.28:3300/0 2 ==== config(25 keys) v1 ==== 1010+0+0 (secure 0 0 0) 0x7f867c01b9e0 con 0x7f868c0fa9d0
2023-11-15T04:00:04.620 INFO:teuthology.orchestra.run.smithi028.stderr:/usr/bin/ceph:
2023-11-15T04:00:04.613+0000 7f8682ffd700 1 -- 172.21.15.28:0/3641615615 <== mon.0 v2:172.21.15.28:3300/0 3 ==== mon_map magic: 0 v1 ==== 229+0+0 (secure 0 0 0) 0x7f867c01a820 con 0x7f868c0fa9d0
2023-11-15T04:00:04.620 INFO:teuthology.orchestra.run.smithi028.stderr:/usr/bin/ceph:
2023-11-15T04:00:04.613+0000 7f868b59e700 1 -- 172.21.15.28:0/3641615615 --> [v2:172.21.15.28:3300/0,v1:172.21.15.28:6789/0] -- mon_subscribe({osdmap=0}) v3 -- 0x7f868c109140 con 0x7f868c0fa9d0
2023-11-15T04:00:04.621 INFO:teuthology.orchestra.run.smithi028.stderr:/usr/bin/ceph:
2023-11-15T04:00:04.614+0000 7f8682ffd700 1 -- 172.21.15.28:0/3641615615 <== mon.0 v2:172.21.15.28:3300/0 4 ==== mgrmap(e 8) v1 ==== 36120+0+0 (secure 0 0 0) 0x7f867c00f070 con 0x7f868c0fa9d0
2023-11-15T04:00:04.621 INFO:teuthology.orchestra.run.smithi028.stderr:/usr/bin/ceph:
2023-11-15T04:00:04.614+0000 7f8682ffd700 1 --2- 172.21.15.28:0/3641615615 >> [v2:172.21.15.28:6800/109714870,v1:172.21.15.28:6801/109714870] conn(0x7f866c031fa0 0x7f866c034460 unknown :-1 s=NONE pgs=0 cs=0 l=1 rev1=0 rx=0 tx=0).connect
2023-11-15T04:00:04.621 INFO:teuthology.orchestra.run.smithi028.stderr:/usr/bin/ceph:
2023-11-15T04:00:04.614+0000 7f8682ffd700 1 -- 172.21.15.28:0/3641615615 <== mon.0 v2:172.21.15.28:3300/0 5 ==== osd_map(2..2 src has 1..2) v4 ==== 926+0+0 (secure 0 0 0) 0x7f867c0413c0 con 0x7f868c0fa9d0
2023-11-15T04:00:04.621 INFO:teuthology.orchestra.run.smithi028.stderr:/usr/bin/ceph:
2023-11-15T04:00:04.614+0000 7f868b59e700 1 -- 172.21.15.28:0/3641615615 --> [v2:172.21.15.28:3300/0,v1:172.21.15.28:6789/0] -- mon_command({"prefix": "get_command_descriptions"} v 0) v1 -- 0x7f868c045ad0 con 0x7f868c0fa9d0
2023-11-15T04:00:04.622 INFO:teuthology.orchestra.run.smithi028.stderr:/usr/bin/ceph:
2023-11-15T04:00:04.615+0000 7f8689d9b700 1 --2- 172.21.15.28:0/3641615615 >> [v2:172.21.15.28:6800/109714870,v1:172.21.15.28:6801/109714870] conn(0x7f866c031fa0 0x7f866c034460 unknown :-1 s=BANNER_CONNECTING pgs=0 cs=0 l=1 rev1=0 rx=0 tx=0)._handle_peer_banner_payload supported=1 required=0
2023-11-15T04:00:04.622 INFO:teuthology.orchestra.run.smithi028.stderr:/usr/bin/ceph:
2023-11-15T04:00:04.615+0000 7f8689d9b700 1 --2- 172.21.15.28:0/3641615615 >> [v2:172.21.15.28:6800/109714870,v1:172.21.15.28:6801/109714870] conn(0x7f866c031fa0 0x7f866c034460 secure :-1 s=READY pgs=12 cs=0 l=1 rev1=1 rx=0x7f86740096a0 tx=0x7f8674006b40).ready entity=mgr.14116 client_cookie=0 server_cookie=0 in_seq=0 out_seq=0
2023-11-15T04:00:04.622 INFO:journalctl@ceph.mon.smithi028.smithi028.stdout:Nov 15 04:00:04 smithi028 ceph-4f3a6532-836b-11ee-8dbe-212e2dc638e7-mon.smithi028[112441]: cephadm
2023-11-15T04:00:02.946541+0000 mgr.smithi028.vpjsvm (mgr.14116) 9 : cephadm [INF] Added host smithi028
2023-11-15T04:00:04.622 INFO:journalctl@ceph.mon.smithi028.smithi028.stdout:Nov 15 04:00:04 smithi028 ceph-4f3a6532-836b-11ee-8dbe-212e2dc638e7-mon.smithi028[112441]: audit
2023-11-15T04:00:03.847212+0000 mon.smithi028 (mon.0) 57 : audit [INF] from='mgr.14116 172.21.15.28:0/2908451941' entity='mgr.smithi028.vpjsvm'
2023-11-15T04:00:04.623 INFO:teuthology.orchestra.run.smithi028.stderr:/usr/bin/ceph:
2023-11-15T04:00:04.619+0000 7f8682ffd700 1 -- 172.21.15.28:0/3641615615 <== mon.0 v2:172.21.15.28:3300/0 6 ==== mon_command_ack([{"prefix": "get_command_descriptions"}]=0 v0) v1 ==== 72+0+152212 (secure 0 0 0) 0x7f867c016070 con 0x7f868c0fa9d0
2023-11-15T04:00:04.812 INFO:teuthology.orchestra.run.smithi028.stderr:/usr/bin/ceph:
2023-11-15T04:00:04.811+0000 7f868b59e700 1 -- 172.21.15.28:0/3641615615 --> [v2:172.21.15.28:6800/109714870,v1:172.21.15.28:6801/109714870] -- mgr_command(tid 0: {"prefix": "orch apply", "service_type": "mgr", "target": ["mon-mgr", ""]}) v1 -- 0x7f868c109a80 con 0x7f866c031fa0
2023-11-15T04:00:04.816 INFO:teuthology.orchestra.run.smithi028.stderr:/usr/bin/ceph:
2023-11-15T04:00:04.815+0000 7f8682ffd700 1 -- 172.21.15.28:0/3641615615 <== mgr.14116 v2:172.21.15.28:6800/109714870 1 ==== mgr_command_reply(tid 0: 0 ) v1 ==== 8+0+24 (secure 0 0 0) 0x7f868c109a80 con 0x7f866c031fa0
2023-11-15T04:00:04.816 INFO:teuthology.orchestra.run.smithi028.stderr:/usr/bin/ceph: Scheduled mgr update...
2023-11-15T04:00:04.818 INFO:teuthology.orchestra.run.smithi028.stderr:/usr/bin/ceph:
2023-11-15T04:00:04.816+0000 7f868b59e700 1 -- 172.21.15.28:0/3641615615 >> [v2:172.21.15.28:6800/109714870,v1:172.21.15.28:6801/109714870] conn(0x7f866c031fa0 msgr2=0x7f866c034460 secure :-1 s=STATE_CONNECTION_ESTABLISHED l=1).mark_down
2023-11-15T04:00:04.818 INFO:teuthology.orchestra.run.smithi028.stderr:/usr/bin/ceph:
2023-11-15T04:00:04.817+0000 7f868b59e700 1 --2- 172.21.15.28:0/3641615615 >> [v2:172.21.15.28:6800/109714870,v1:172.21.15.28:6801/109714870] conn(0x7f866c031fa0 0x7f866c034460 secure :-1 s=READY pgs=12 cs=0 l=1 rev1=1 rx=0x7f86740096a0 tx=0x7f8674006b40).stop
2023-11-15T04:00:04.818 INFO:teuthology.orchestra.run.smithi028.stderr:/usr/bin/ceph:
2023-11-15T04:00:04.817+0000 7f868b59e700 1 -- 172.21.15.28:0/3641615615 >> [v2:172.21.15.28:3300/0,v1:172.21.15.28:6789/0] conn(0x7f868c0fa9d0 msgr2=0x7f868c108640 secure :-1 s=STATE_CONNECTION_ESTABLISHED l=1).mark_down
2023-11-15T04:00:04.819 INFO:teuthology.orchestra.run.smithi028.stderr:/usr/bin/ceph:
2023-11-15T04:00:04.817+0000 7f868b59e700 1 --2- 172.21.15.28:0/3641615615 >> [v2:172.21.15.28:3300/0,v1:172.21.15.28:6789/0] conn(0x7f868c0fa9d0 0x7f868c108640 secure :-1 s=READY pgs=44 cs=0 l=1 rev1=1 rx=0x7f867c00e040 tx=0x7f867c006ee0).stop
2023-11-15T04:00:04.819 INFO:teuthology.orchestra.run.smithi028.stderr:/usr/bin/ceph:
2023-11-15T04:00:04.817+0000 7f868b59e700 1 -- 172.21.15.28:0/3641615615 shutdown_connections
2023-11-15T04:00:04.820 INFO:teuthology.orchestra.run.smithi028.stderr:/usr/bin/ceph:
2023-11-15T04:00:04.817+0000 7f868b59e700 1 --2- 172.21.15.28:0/3641615615 >> [v2:172.21.15.28:6800/109714870,v1:172.21.15.28:6801/109714870] conn(0x7f866c031fa0 0x7f866c034460 unknown :-1 s=CLOSED pgs=12 cs=0 l=1 rev1=1 rx=0 tx=0).stop
2023-11-15T04:00:04.820 INFO:teuthology.orchestra.run.smithi028.stderr:/usr/bin/ceph:
2023-11-15T04:00:04.817+0000 7f868b59e700 1 --2- 172.21.15.28:0/3641615615 >> [v2:172.21.15.28:3300/0,v1:172.21.15.28:6789/0] conn(0x7f868c0fa9d0 0x7f868c108640 unknown :-1 s=CLOSED pgs=44 cs=0 l=1 rev1=1 rx=0 tx=0).stop
2023-11-15T04:00:04.820 INFO:teuthology.orchestra.run.smithi028.stderr:/usr/bin/ceph:
2023-11-15T04:00:04.817+0000 7f868b59e700 1 -- 172.21.15.28:0/3641615615 >> 172.21.15.28:0/3641615615 conn(0x7f868c0f6210 msgr2=0x7f868c0ff760 unknown :-1 s=STATE_NONE l=0).mark_down
2023-11-15T04:00:04.820 INFO:teuthology.orchestra.run.smithi028.stderr:/usr/bin/ceph:
2023-11-15T04:00:04.817+0000 7f868b59e700 1 -- 172.21.15.28:0/3641615615 shutdown_connections
2023-11-15T04:00:04.821 INFO:teuthology.orchestra.run.smithi028.stderr:/usr/bin/ceph:
2023-11-15T04:00:04.817+0000 7f868b59e700 1 -- 172.21.15.28:0/3641615615 wait complete.
2023-11-15T04:00:05.440 INFO:teuthology.orchestra.run.smithi028.stderr:Deploying crash service with default placement...
2023-11-15T04:00:05.440 INFO:teuthology.orchestra.run.smithi028.stderr:Running command: /bin/podman run --rm --ipc=host --no-hosts --net=host --entrypoint /usr/bin/ceph --init -e CONTAINER_IMAGE=docker.io/ceph/ceph:v16.2.4 -e NODE_NAME=smithi028 -e CEPH_USE_RANDOM_NONCE=1 -v /var/log/ceph/4f3a6532-836b-11ee-8dbe-212e2dc638e7:/var/log/ceph:z -v /tmp/ceph-tmpv2xxgi20:/etc/ceph/ceph.client.admin.keyring:z -v /tmp/ceph-tmp6bu1c8ad:/etc/ceph/ceph.conf:z docker.io/ceph/ceph:v16.2.4 orch apply crash
2023-11-15T04:00:05.546 INFO:journalctl@ceph.mon.smithi028.smithi028.stdout:Nov 15 04:00:05 smithi028 ceph-4f3a6532-836b-11ee-8dbe-212e2dc638e7-mon.smithi028[112441]: audit
2023-11-15T04:00:03.843861+0000 mgr.smithi028.vpjsvm (mgr.14116) 10 : audit [DBG] from='client.14136 -' entity='client.admin' cmd=[{"prefix": "orch apply", "service_type": "mon", "target": ["mon-mgr", ""]}]: dispatch
2023-11-15T04:00:05.547 INFO:journalctl@ceph.mon.smithi028.smithi028.stdout:Nov 15 04:00:05 smithi028 ceph-4f3a6532-836b-11ee-8dbe-212e2dc638e7-mon.smithi028[112441]: cephadm
2023-11-15T04:00:03.844693+0000 mgr.smithi028.vpjsvm (mgr.14116) 11 : cephadm [INF] Saving service mon spec with placement count:5
2023-11-15T04:00:05.547 INFO:journalctl@ceph.mon.smithi028.smithi028.stdout:Nov 15 04:00:05 smithi028 ceph-4f3a6532-836b-11ee-8dbe-212e2dc638e7-mon.smithi028[112441]: audit
2023-11-15T04:00:04.816117+0000 mon.smithi028 (mon.0) 58 : audit [INF] from='mgr.14116 172.21.15.28:0/2908451941' entity='mgr.smithi028.vpjsvm'
2023-11-15T04:00:05.833 INFO:teuthology.orchestra.run.smithi028.stderr:/usr/bin/ceph:
2023-11-15T04:00:05.831+0000 7fe142eaa700 1 Processor -- start
2023-11-15T04:00:05.833 INFO:teuthology.orchestra.run.smithi028.stderr:/usr/bin/ceph:
2023-11-15T04:00:05.832+0000 7fe142eaa700 1 -- start start
2023-11-15T04:00:05.834 INFO:teuthology.orchestra.run.smithi028.stderr:/usr/bin/ceph:
2023-11-15T04:00:05.832+0000 7fe142eaa700 1 --2- >> [v2:172.21.15.28:3300/0,v1:172.21.15.28:6789/0] conn(0x7fe13c0fbca0 0x7fe13c0fc0c0 unknown :-1 s=NONE pgs=0 cs=0 l=0 rev1=0 rx=0 tx=0).connect
2023-11-15T04:00:05.834 INFO:teuthology.orchestra.run.smithi028.stderr:/usr/bin/ceph:
2023-11-15T04:00:05.832+0000 7fe142eaa700 1 -- --> [v2:172.21.15.28:3300/0,v1:172.21.15.28:6789/0] -- mon_getmap magic: 0 v1 -- 0x7fe13c0fc5b0 con 0x7fe13c0fbca0
2023-11-15T04:00:05.834 INFO:teuthology.orchestra.run.smithi028.stderr:/usr/bin/ceph:
2023-11-15T04:00:05.832+0000 7fe140c46700 1 --2- >> [v2:172.21.15.28:3300/0,v1:172.21.15.28:6789/0] conn(0x7fe13c0fbca0 0x7fe13c0fc0c0 unknown :-1 s=BANNER_CONNECTING pgs=0 cs=0 l=0 rev1=0 rx=0 tx=0)._handle_peer_banner_payload supported=1 required=0
2023-11-15T04:00:05.839 INFO:teuthology.orchestra.run.smithi028.stderr:/usr/bin/ceph:
2023-11-15T04:00:05.832+0000 7fe140c46700 1 --2- >> [v2:172.21.15.28:3300/0,v1:172.21.15.28:6789/0] conn(0x7fe13c0fbca0 0x7fe13c0fc0c0 unknown :-1 s=HELLO_CONNECTING pgs=0 cs=0 l=0 rev1=1 rx=0 tx=0).handle_hello peer v2:172.21.15.28:3300/0 says I am v2:172.21.15.28:52378/0 (socket says 172.21.15.28:52378)
2023-11-15T04:00:05.839 INFO:teuthology.orchestra.run.smithi028.stderr:/usr/bin/ceph:
2023-11-15T04:00:05.832+0000 7fe140c46700 1 -- 172.21.15.28:0/3382208066 learned_addr learned my addr 172.21.15.28:0/3382208066 (peer_addr_for_me v2:172.21.15.28:0/0)
2023-11-15T04:00:05.839 INFO:teuthology.orchestra.run.smithi028.stderr:/usr/bin/ceph:
2023-11-15T04:00:05.832+0000 7fe140c46700 1 -- 172.21.15.28:0/3382208066 --> [v2:172.21.15.28:3300/0,v1:172.21.15.28:6789/0] -- mon_subscribe({config=0+,monmap=0+}) v3 -- 0x7fe13c0fc6f0 con 0x7fe13c0fbca0
2023-11-15T04:00:05.839 INFO:teuthology.orchestra.run.smithi028.stderr:/usr/bin/ceph:
2023-11-15T04:00:05.832+0000 7fe140c46700 1 --2- 172.21.15.28:0/3382208066 >> [v2:172.21.15.28:3300/0,v1:172.21.15.28:6789/0] conn(0x7fe13c0fbca0 0x7fe13c0fc0c0 secure :-1 s=READY pgs=45 cs=0 l=1 rev1=1 rx=0x7fe13000b5f0 tx=0x7fe130006ee0).ready entity=mon.0 client_cookie=2c0b5e4c8c8b1817 server_cookie=0 in_seq=0 out_seq=0
2023-11-15T04:00:05.840 INFO:teuthology.orchestra.run.smithi028.stderr:/usr/bin/ceph:
2023-11-15T04:00:05.833+0000 7fe13b7fe700 1 -- 172.21.15.28:0/3382208066 <== mon.0 v2:172.21.15.28:3300/0 1 ==== mon_map magic: 0 v1 ==== 229+0+0 (secure 0 0 0) 0x7fe13000d600 con 0x7fe13c0fbca0
2023-11-15T04:00:05.840 INFO:teuthology.orchestra.run.smithi028.stderr:/usr/bin/ceph:
2023-11-15T04:00:05.833+0000 7fe13b7fe700 1 -- 172.21.15.28:0/3382208066 <== mon.0 v2:172.21.15.28:3300/0 2 ==== config(25 keys) v1 ==== 1010+0+0 (secure 0 0 0) 0x7fe13000dbd0 con 0x7fe13c0fbca0
2023-11-15T04:00:05.840 INFO:teuthology.orchestra.run.smithi028.stderr:/usr/bin/ceph:
2023-11-15T04:00:05.833+0000 7fe13b7fe700 1 -- 172.21.15.28:0/3382208066 <== mon.0 v2:172.21.15.28:3300/0 3 ==== mon_map magic: 0 v1 ==== 229+0+0 (secure 0 0 0) 0x7fe130011c00 con 0x7fe13c0fbca0
2023-11-15T04:00:05.840 INFO:teuthology.orchestra.run.smithi028.stderr:/usr/bin/ceph:
2023-11-15T04:00:05.833+0000 7fe142eaa700 1 -- 172.21.15.28:0/3382208066 >> [v2:172.21.15.28:3300/0,v1:172.21.15.28:6789/0] conn(0x7fe13c0fbca0 msgr2=0x7fe13c0fc0c0 secure :-1 s=STATE_CONNECTION_ESTABLISHED l=1).mark_down
2023-11-15T04:00:05.840 INFO:teuthology.orchestra.run.smithi028.stderr:/usr/bin/ceph:
2023-11-15T04:00:05.833+0000 7fe142eaa700 1 --2- 172.21.15.28:0/3382208066 >> [v2:172.21.15.28:3300/0,v1:172.21.15.28:6789/0] conn(0x7fe13c0fbca0 0x7fe13c0fc0c0 secure :-1 s=READY pgs=45 cs=0 l=1 rev1=1 rx=0x7fe13000b5f0 tx=0x7fe130006ee0).stop
2023-11-15T04:00:05.841 INFO:teuthology.orchestra.run.smithi028.stderr:/usr/bin/ceph:
2023-11-15T04:00:05.833+0000 7fe142eaa700 1 -- 172.21.15.28:0/3382208066 shutdown_connections
2023-11-15T04:00:05.841 INFO:teuthology.orchestra.run.smithi028.stderr:/usr/bin/ceph:
2023-11-15T04:00:05.833+0000 7fe142eaa700 1 --2- 172.21.15.28:0/3382208066 >> [v2:172.21.15.28:3300/0,v1:172.21.15.28:6789/0] conn(0x7fe13c0fbca0 0x7fe13c0fc0c0 unknown :-1 s=CLOSED pgs=45 cs=0 l=1 rev1=1 rx=0 tx=0).stop
2023-11-15T04:00:05.841 INFO:teuthology.orchestra.run.smithi028.stderr:/usr/bin/ceph:
2023-11-15T04:00:05.833+0000 7fe142eaa700 1 -- 172.21.15.28:0/3382208066 >> 172.21.15.28:0/3382208066 conn(0x7fe13c0f74c0 msgr2=0x7fe13c0f98e0 unknown :-1 s=STATE_NONE l=0).mark_down
2023-11-15T04:00:05.841 INFO:teuthology.orchestra.run.smithi028.stderr:/usr/bin/ceph:
2023-11-15T04:00:05.833+0000 7fe142eaa700 1 -- 172.21.15.28:0/3382208066 shutdown_connections
2023-11-15T04:00:05.841 INFO:teuthology.orchestra.run.smithi028.stderr:/usr/bin/ceph:
2023-11-15T04:00:05.833+0000 7fe142eaa700 1 -- 172.21.15.28:0/3382208066 wait complete.
2023-11-15T04:00:05.842 INFO:teuthology.orchestra.run.smithi028.stderr:/usr/bin/ceph:
2023-11-15T04:00:05.834+0000 7fe142eaa700 1 Processor -- start
2023-11-15T04:00:05.843 INFO:teuthology.orchestra.run.smithi028.stderr:/usr/bin/ceph:
2023-11-15T04:00:05.834+0000 7fe142eaa700 1 -- start start
2023-11-15T04:00:05.843 INFO:teuthology.orchestra.run.smithi028.stderr:/usr/bin/ceph:
2023-11-15T04:00:05.835+0000 7fe142eaa700 1 --2- >> [v2:172.21.15.28:3300/0,v1:172.21.15.28:6789/0] conn(0x7fe13c0fbca0 0x7fe13c10aa50 unknown :-1 s=NONE pgs=0 cs=0 l=1 rev1=0 rx=0 tx=0).connect
2023-11-15T04:00:05.843 INFO:teuthology.orchestra.run.smithi028.stderr:/usr/bin/ceph:
2023-11-15T04:00:05.835+0000 7fe142eaa700 1 -- --> [v2:172.21.15.28:3300/0,v1:172.21.15.28:6789/0] -- mon_getmap magic: 0 v1 -- 0x7fe13c10af40 con 0x7fe13c0fbca0
2023-11-15T04:00:05.843 INFO:teuthology.orchestra.run.smithi028.stderr:/usr/bin/ceph:
2023-11-15T04:00:05.835+0000 7fe140c46700 1 --2- >> [v2:172.21.15.28:3300/0,v1:172.21.15.28:6789/0] conn(0x7fe13c0fbca0 0x7fe13c10aa50 unknown :-1 s=BANNER_CONNECTING pgs=0 cs=0 l=1 rev1=0 rx=0 tx=0)._handle_peer_banner_payload supported=1 required=0
2023-11-15T04:00:05.844 INFO:teuthology.orchestra.run.smithi028.stderr:/usr/bin/ceph:
2023-11-15T04:00:05.835+0000 7fe140c46700 1 --2- >> [v2:172.21.15.28:3300/0,v1:172.21.15.28:6789/0] conn(0x7fe13c0fbca0 0x7fe13c10aa50 unknown :-1 s=HELLO_CONNECTING pgs=0 cs=0 l=1 rev1=1 rx=0 tx=0).handle_hello peer v2:172.21.15.28:3300/0 says I am v2:172.21.15.28:52388/0 (socket says 172.21.15.28:52388)
2023-11-15T04:00:05.844 INFO:teuthology.orchestra.run.smithi028.stderr:/usr/bin/ceph:
2023-11-15T04:00:05.835+0000 7fe140c46700 1 -- 172.21.15.28:0/2949152922 learned_addr learned my addr 172.21.15.28:0/2949152922 (peer_addr_for_me v2:172.21.15.28:0/0)
2023-11-15T04:00:05.844 INFO:teuthology.orchestra.run.smithi028.stderr:/usr/bin/ceph:
2023-11-15T04:00:05.835+0000 7fe140c46700 1 -- 172.21.15.28:0/2949152922 --> [v2:172.21.15.28:3300/0,v1:172.21.15.28:6789/0] -- mon_subscribe({config=0+,monmap=0+}) v3 -- 0x7fe13000b200 con 0x7fe13c0fbca0
2023-11-15T04:00:05.845 INFO:teuthology.orchestra.run.smithi028.stderr:/usr/bin/ceph:
2023-11-15T04:00:05.835+0000 7fe140c46700 1 --2- 172.21.15.28:0/2949152922 >> [v2:172.21.15.28:3300/0,v1:172.21.15.28:6789/0] conn(0x7fe13c0fbca0 0x7fe13c10aa50 secure :-1 s=READY pgs=46 cs=0 l=1 rev1=1 rx=0x7fe13000e040 tx=0x7fe130006ee0).ready entity=mon.0 client_cookie=0 server_cookie=0 in_seq=0 out_seq=0
2023-11-15T04:00:05.845 INFO:teuthology.orchestra.run.smithi028.stderr:/usr/bin/ceph:
2023-11-15T04:00:05.835+0000 7fe1397fa700 1 -- 172.21.15.28:0/2949152922 <== mon.0 v2:172.21.15.28:3300/0 1 ==== mon_map magic: 0 v1 ==== 229+0+0 (secure 0 0 0) 0x7fe13001b410 con 0x7fe13c0fbca0
2023-11-15T04:00:05.845 INFO:teuthology.orchestra.run.smithi028.stderr:/usr/bin/ceph:
2023-11-15T04:00:05.835+0000 7fe142eaa700 1 -- 172.21.15.28:0/2949152922 --> [v2:172.21.15.28:3300/0,v1:172.21.15.28:6789/0] -- mon_subscribe({mgrmap=0+}) v3 -- 0x7fe13c10b140 con 0x7fe13c0fbca0
2023-11-15T04:00:05.846 INFO:teuthology.orchestra.run.smithi028.stderr:/usr/bin/ceph:
2023-11-15T04:00:05.835+0000 7fe1397fa700 1 -- 172.21.15.28:0/2949152922 <== mon.0 v2:172.21.15.28:3300/0 2 ==== config(25 keys) v1 ==== 1010+0+0 (secure 0 0 0) 0x7fe13001b9e0 con 0x7fe13c0fbca0
2023-11-15T04:00:05.846 INFO:teuthology.orchestra.run.smithi028.stderr:/usr/bin/ceph:
2023-11-15T04:00:05.835+0000 7fe1397fa700 1 -- 172.21.15.28:0/2949152922 <== mon.0 v2:172.21.15.28:3300/0 3 ==== mon_map magic: 0 v1 ==== 229+0+0 (secure 0 0 0) 0x7fe13001a820 con 0x7fe13c0fbca0
2023-11-15T04:00:05.846 INFO:teuthology.orchestra.run.smithi028.stderr:/usr/bin/ceph:
2023-11-15T04:00:05.836+0000 7fe142eaa700 1 -- 172.21.15.28:0/2949152922 --> [v2:172.21.15.28:3300/0,v1:172.21.15.28:6789/0] -- mon_subscribe({osdmap=0}) v3 -- 0x7fe13c10b550 con 0x7fe13c0fbca0
2023-11-15T04:00:05.846 INFO:teuthology.orchestra.run.smithi028.stderr:/usr/bin/ceph:
2023-11-15T04:00:05.836+0000 7fe1397fa700 1 -- 172.21.15.28:0/2949152922 <== mon.0 v2:172.21.15.28:3300/0 4 ==== mgrmap(e 8) v1 ==== 36120+0+0 (secure 0 0 0) 0x7fe13000f070 con 0x7fe13c0fbca0
2023-11-15T04:00:05.846 INFO:teuthology.orchestra.run.smithi028.stderr:/usr/bin/ceph:
2023-11-15T04:00:05.836+0000 7fe1397fa700 1 --2- 172.21.15.28:0/2949152922 >> [v2:172.21.15.28:6800/109714870,v1:172.21.15.28:6801/109714870] conn(0x7fe12002fdb0 0x7fe120032270 unknown :-1 s=NONE pgs=0 cs=0 l=1 rev1=0 rx=0 tx=0).connect
2023-11-15T04:00:05.847 INFO:teuthology.orchestra.run.smithi028.stderr:/usr/bin/ceph:
2023-11-15T04:00:05.837+0000 7fe1397fa700 1 -- 172.21.15.28:0/2949152922 <== mon.0 v2:172.21.15.28:3300/0 5 ==== osd_map(2..2 src has 1..2) v4 ==== 926+0+0 (secure 0 0 0) 0x7fe130041340 con 0x7fe13c0fbca0
2023-11-15T04:00:05.847 INFO:teuthology.orchestra.run.smithi028.stderr:/usr/bin/ceph:
2023-11-15T04:00:05.837+0000 7fe13bfff700 1 --2- 172.21.15.28:0/2949152922 >> [v2:172.21.15.28:6800/109714870,v1:172.21.15.28:6801/109714870] conn(0x7fe12002fdb0 0x7fe120032270 unknown :-1 s=BANNER_CONNECTING pgs=0 cs=0 l=1 rev1=0 rx=0 tx=0)._handle_peer_banner_payload supported=1 required=0
2023-11-15T04:00:05.847 INFO:teuthology.orchestra.run.smithi028.stderr:/usr/bin/ceph:
2023-11-15T04:00:05.837+0000 7fe142eaa700 1 -- 172.21.15.28:0/2949152922 --> [v2:172.21.15.28:3300/0,v1:172.21.15.28:6789/0] -- mon_command({"prefix": "get_command_descriptions"} v 0) v1 -- 0x7fe13c059100 con 0x7fe13c0fbca0
2023-11-15T04:00:05.847 INFO:teuthology.orchestra.run.smithi028.stderr:/usr/bin/ceph:
2023-11-15T04:00:05.837+0000 7fe13bfff700 1 --2- 172.21.15.28:0/2949152922 >> [v2:172.21.15.28:6800/109714870,v1:172.21.15.28:6801/109714870] conn(0x7fe12002fdb0 0x7fe120032270 secure :-1 s=READY pgs=13 cs=0 l=1 rev1=1 rx=0x7fe1280096a0 tx=0x7fe128006b40).ready entity=mgr.14116 client_cookie=0 server_cookie=0 in_seq=0 out_seq=0
2023-11-15T04:00:05.848 INFO:teuthology.orchestra.run.smithi028.stderr:/usr/bin/ceph:
2023-11-15T04:00:05.841+0000 7fe1397fa700 1 -- 172.21.15.28:0/2949152922 <== mon.0 v2:172.21.15.28:3300/0 6 ==== mon_command_ack([{"prefix": "get_command_descriptions"}]=0 v0) v1 ==== 72+0+152212 (secure 0 0 0) 0x7fe130016070 con 0x7fe13c0fbca0
2023-11-15T04:00:06.036 INFO:teuthology.orchestra.run.smithi028.stderr:/usr/bin/ceph:
2023-11-15T04:00:06.035+0000 7fe142eaa700 1 -- 172.21.15.28:0/2949152922 --> [v2:172.21.15.28:6800/109714870,v1:172.21.15.28:6801/109714870] -- mgr_command(tid 0: {"prefix": "orch apply", "service_type": "crash", "target": ["mon-mgr", ""]}) v1 -- 0x7fe13c104950 con 0x7fe12002fdb0
2023-11-15T04:00:06.040 INFO:teuthology.orchestra.run.smithi028.stderr:/usr/bin/ceph:
2023-11-15T04:00:06.039+0000 7fe1397fa700 1 -- 172.21.15.28:0/2949152922 <== mgr.14116 v2:172.21.15.28:6800/109714870 1 ==== mgr_command_reply(tid 0: 0 ) v1 ==== 8+0+26 (secure 0 0 0) 0x7fe13c104950 con 0x7fe12002fdb0
2023-11-15T04:00:06.040 INFO:teuthology.orchestra.run.smithi028.stderr:/usr/bin/ceph: Scheduled crash update...
2023-11-15T04:00:06.043 INFO:teuthology.orchestra.run.smithi028.stderr:/usr/bin/ceph:
