2023-11-15T04:08:51.783 INFO:teuthology.orchestra.run.smithi038.stderr:/usr/bin/ceph:
2023-11-15T04:08:51.776+0000 7f74abfff700 1 -- 172.21.15.38:0/2129502353 <== mon.0 v2:172.21.15.38:3300/0 4 ==== mgrmap(e 15) v1 ==== 36067+0+0 (secure 0 0 0) 0x7f74b400f070 con 0x7f74c40fab80
2023-11-15T04:08:51.783 INFO:teuthology.orchestra.run.smithi038.stderr:/usr/bin/ceph:
2023-11-15T04:08:51.776+0000 7f74abfff700 1 --2- 172.21.15.38:0/2129502353 >> [v2:172.21.15.38:6800/3073786548,v1:172.21.15.38:6801/3073786548] conn(0x7f74b002fd50 0x7f74b0032210 unknown :-1 s=NONE pgs=0 cs=0 l=1 rev1=0 rx=0 tx=0).connect
2023-11-15T04:08:51.783 INFO:teuthology.orchestra.run.smithi038.stderr:/usr/bin/ceph:
2023-11-15T04:08:51.776+0000 7f74abfff700 1 -- 172.21.15.38:0/2129502353 <== mon.0 v2:172.21.15.38:3300/0 5 ==== osd_map(4..4 src has 1..4) v4 ==== 1270+0+0 (secure 0 0 0) 0x7f74b4042250 con 0x7f74c40fab80
2023-11-15T04:08:51.783 INFO:teuthology.orchestra.run.smithi038.stderr:/usr/bin/ceph:
2023-11-15T04:08:51.776+0000 7f74c2ffd700 1 --2- 172.21.15.38:0/2129502353 >> [v2:172.21.15.38:6800/3073786548,v1:172.21.15.38:6801/3073786548] conn(0x7f74b002fd50 0x7f74b0032210 unknown :-1 s=BANNER_CONNECTING pgs=0 cs=0 l=1 rev1=0 rx=0 tx=0)._handle_peer_banner_payload supported=1 required=0
2023-11-15T04:08:51.783 INFO:teuthology.orchestra.run.smithi038.stderr:/usr/bin/ceph:
2023-11-15T04:08:51.776+0000 7f74ca051700 1 -- 172.21.15.38:0/2129502353 --> [v2:172.21.15.38:3300/0,v1:172.21.15.38:6789/0] -- mon_command({"prefix": "get_command_descriptions"} v 0) v1 -- 0x7f74c4059100 con 0x7f74c40fab80
2023-11-15T04:08:51.783 INFO:teuthology.orchestra.run.smithi038.stderr:/usr/bin/ceph:
2023-11-15T04:08:51.777+0000 7f74c2ffd700 1 --2- 172.21.15.38:0/2129502353 >> [v2:172.21.15.38:6800/3073786548,v1:172.21.15.38:6801/3073786548] conn(0x7f74b002fd50 0x7f74b0032210 secure :-1 s=READY pgs=6 cs=0 l=1 rev1=1 rx=0x7f74b80096a0 tx=0x7f74b8006b40).ready entity=mgr.14164 client_cookie=0 server_cookie=0 in_seq=0 out_seq=0
2023-11-15T04:08:51.784 INFO:teuthology.orchestra.run.smithi038.stderr:/usr/bin/ceph:
2023-11-15T04:08:51.781+0000 7f74abfff700 1 -- 172.21.15.38:0/2129502353 <== mon.0 v2:172.21.15.38:3300/0 6 ==== mon_command_ack([{"prefix": "get_command_descriptions"}]=0 v0) v1 ==== 72+0+152212 (secure 0 0 0) 0x7f74b4016070 con 0x7f74c40fab80
2023-11-15T04:08:51.955 INFO:teuthology.orchestra.run.smithi038.stderr:/usr/bin/ceph:
2023-11-15T04:08:51.954+0000 7f74ca051700 1 -- 172.21.15.38:0/2129502353 --> [v2:172.21.15.38:6800/3073786548,v1:172.21.15.38:6801/3073786548] -- mgr_command(tid 0: {"prefix": "dashboard create-self-signed-cert", "target": ["mon-mgr", ""]}) v1 -- 0x7f74c41049a0 con 0x7f74b002fd50
2023-11-15T04:08:52.016 INFO:teuthology.orchestra.run.smithi038.stderr:/usr/bin/ceph:
2023-11-15T04:08:52.015+0000 7f74abfff700 1 -- 172.21.15.38:0/2129502353 <== mgr.14164 v2:172.21.15.38:6800/3073786548 1 ==== mgr_command_reply(tid 0: 0 ) v1 ==== 8+0+32 (secure 0 0 0) 0x7f74c41049a0 con 0x7f74b002fd50
2023-11-15T04:08:52.016 INFO:teuthology.orchestra.run.smithi038.stderr:/usr/bin/ceph: Self-signed certificate created
2023-11-15T04:08:52.018 INFO:teuthology.orchestra.run.smithi038.stderr:/usr/bin/ceph:
2023-11-15T04:08:52.017+0000 7f74ca051700 1 -- 172.21.15.38:0/2129502353 >> [v2:172.21.15.38:6800/3073786548,v1:172.21.15.38:6801/3073786548] conn(0x7f74b002fd50 msgr2=0x7f74b0032210 secure :-1 s=STATE_CONNECTION_ESTABLISHED l=1).mark_down
2023-11-15T04:08:52.018 INFO:teuthology.orchestra.run.smithi038.stderr:/usr/bin/ceph:
2023-11-15T04:08:52.017+0000 7f74ca051700 1 --2- 172.21.15.38:0/2129502353 >> [v2:172.21.15.38:6800/3073786548,v1:172.21.15.38:6801/3073786548] conn(0x7f74b002fd50 0x7f74b0032210 secure :-1 s=READY pgs=6 cs=0 l=1 rev1=1 rx=0x7f74b80096a0 tx=0x7f74b8006b40).stop
2023-11-15T04:08:52.019 INFO:teuthology.orchestra.run.smithi038.stderr:/usr/bin/ceph:
2023-11-15T04:08:52.017+0000 7f74ca051700 1 -- 172.21.15.38:0/2129502353 >> [v2:172.21.15.38:3300/0,v1:172.21.15.38:6789/0] conn(0x7f74c40fab80 msgr2=0x7f74c410aa20 secure :-1 s=STATE_CONNECTION_ESTABLISHED l=1).mark_down
2023-11-15T04:08:52.019 INFO:teuthology.orchestra.run.smithi038.stderr:/usr/bin/ceph:
2023-11-15T04:08:52.017+0000 7f74ca051700 1 --2- 172.21.15.38:0/2129502353 >> [v2:172.21.15.38:3300/0,v1:172.21.15.38:6789/0] conn(0x7f74c40fab80 0x7f74c410aa20 secure :-1 s=READY pgs=82 cs=0 l=1 rev1=1 rx=0x7f74b400e040 tx=0x7f74b4006ee0).stop
2023-11-15T04:08:52.019 INFO:teuthology.orchestra.run.smithi038.stderr:/usr/bin/ceph:
2023-11-15T04:08:52.017+0000 7f74ca051700 1 -- 172.21.15.38:0/2129502353 shutdown_connections
2023-11-15T04:08:52.019 INFO:teuthology.orchestra.run.smithi038.stderr:/usr/bin/ceph:
2023-11-15T04:08:52.017+0000 7f74ca051700 1 --2- 172.21.15.38:0/2129502353 >> [v2:172.21.15.38:6800/3073786548,v1:172.21.15.38:6801/3073786548] conn(0x7f74b002fd50 0x7f74b0032210 unknown :-1 s=CLOSED pgs=6 cs=0 l=1 rev1=1 rx=0 tx=0).stop
2023-11-15T04:08:52.019 INFO:teuthology.orchestra.run.smithi038.stderr:/usr/bin/ceph:
2023-11-15T04:08:52.017+0000 7f74ca051700 1 --2- 172.21.15.38:0/2129502353 >> [v2:172.21.15.38:3300/0,v1:172.21.15.38:6789/0] conn(0x7f74c40fab80 0x7f74c410aa20 unknown :-1 s=CLOSED pgs=82 cs=0 l=1 rev1=1 rx=0 tx=0).stop
2023-11-15T04:08:52.020 INFO:teuthology.orchestra.run.smithi038.stderr:/usr/bin/ceph:
2023-11-15T04:08:52.017+0000 7f74ca051700 1 -- 172.21.15.38:0/2129502353 >> 172.21.15.38:0/2129502353 conn(0x7f74c40f63c0 msgr2=0x7f74c4070090 unknown :-1 s=STATE_NONE l=0).mark_down
2023-11-15T04:08:52.020 INFO:teuthology.orchestra.run.smithi038.stderr:/usr/bin/ceph:
2023-11-15T04:08:52.017+0000 7f74ca051700 1 -- 172.21.15.38:0/2129502353 shutdown_connections
2023-11-15T04:08:52.020 INFO:teuthology.orchestra.run.smithi038.stderr:/usr/bin/ceph:
2023-11-15T04:08:52.017+0000 7f74ca051700 1 -- 172.21.15.38:0/2129502353 wait complete.
2023-11-15T04:08:52.314 INFO:journalctl@ceph.mon.smithi038.smithi038.stdout:Nov 15 04:08:52 smithi038 ceph-7bd2f4c8-836c-11ee-8dbe-212e2dc638e7-mon.smithi038[112367]: audit
2023-11-15T04:08:51.049850+0000 mgr.smithi038.bnbogz (mgr.14164) 1 : audit [DBG] from='client.14168 -' entity='client.admin' cmd=[{"prefix": "get_command_descriptions"}]: dispatch
2023-11-15T04:08:52.315 INFO:journalctl@ceph.mon.smithi038.smithi038.stdout:Nov 15 04:08:52 smithi038 ceph-7bd2f4c8-836c-11ee-8dbe-212e2dc638e7-mon.smithi038[112367]: cluster
2023-11-15T04:08:51.050746+0000 mon.smithi038 (mon.0) 103 : cluster [DBG] mgrmap e15: smithi038.bnbogz(active, since 1.06126s)
2023-11-15T04:08:52.315 INFO:journalctl@ceph.mon.smithi038.smithi038.stdout:Nov 15 04:08:52 smithi038 ceph-7bd2f4c8-836c-11ee-8dbe-212e2dc638e7-mon.smithi038[112367]: audit
2023-11-15T04:08:51.058184+0000 mgr.smithi038.bnbogz (mgr.14164) 2 : audit [DBG] from='client.14168 -' entity='client.admin' cmd=[{"prefix": "mgr_status"}]: dispatch
2023-11-15T04:08:52.315 INFO:journalctl@ceph.mon.smithi038.smithi038.stdout:Nov 15 04:08:52 smithi038 ceph-7bd2f4c8-836c-11ee-8dbe-212e2dc638e7-mon.smithi038[112367]: audit
2023-11-15T04:08:52.011306+0000 mon.smithi038 (mon.0) 104 : audit [INF] from='mgr.14164 172.21.15.38:0/2988798439' entity='mgr.smithi038.bnbogz'
2023-11-15T04:08:52.315 INFO:journalctl@ceph.mon.smithi038.smithi038.stdout:Nov 15 04:08:52 smithi038 ceph-7bd2f4c8-836c-11ee-8dbe-212e2dc638e7-mon.smithi038[112367]: audit
2023-11-15T04:08:52.015798+0000 mon.smithi038 (mon.0) 105 : audit [INF] from='mgr.14164 172.21.15.38:0/2988798439' entity='mgr.smithi038.bnbogz'
2023-11-15T04:08:52.386 INFO:teuthology.orchestra.run.smithi038.stderr:Creating initial admin user...
2023-11-15T04:08:52.387 INFO:teuthology.orchestra.run.smithi038.stderr:Running command: /bin/podman run --rm --ipc=host --no-hosts --net=host --entrypoint /usr/bin/ceph --init -e CONTAINER_IMAGE=docker.io/ceph/ceph:v16.2.4 -e NODE_NAME=smithi038 -e CEPH_USE_RANDOM_NONCE=1 -v /var/log/ceph/7bd2f4c8-836c-11ee-8dbe-212e2dc638e7:/var/log/ceph:z -v /tmp/ceph-tmpy0mcl6p9:/etc/ceph/ceph.client.admin.keyring:z -v /tmp/ceph-tmpbf936z68:/etc/ceph/ceph.conf:z -v /tmp/ceph-tmp81fr4k36:/tmp/dashboard.pw:z docker.io/ceph/ceph:v16.2.4 dashboard ac-user-create admin -i /tmp/dashboard.pw administrator --force-password --pwd-update-required
2023-11-15T04:08:52.748 INFO:teuthology.orchestra.run.smithi038.stderr:/usr/bin/ceph:
2023-11-15T04:08:52.747+0000 7f708ca44700 1 Processor -- start
2023-11-15T04:08:52.749 INFO:teuthology.orchestra.run.smithi038.stderr:/usr/bin/ceph:
2023-11-15T04:08:52.747+0000 7f708ca44700 1 -- start start
2023-11-15T04:08:52.749 INFO:teuthology.orchestra.run.smithi038.stderr:/usr/bin/ceph:
2023-11-15T04:08:52.748+0000 7f708ca44700 1 --2- >> [v2:172.21.15.38:3300/0,v1:172.21.15.38:6789/0] conn(0x7f70880703b0 0x7f7088100d60 unknown :-1 s=NONE pgs=0 cs=0 l=0 rev1=0 rx=0 tx=0).connect
2023-11-15T04:08:52.749 INFO:teuthology.orchestra.run.smithi038.stderr:/usr/bin/ceph:
2023-11-15T04:08:52.748+0000 7f708ca44700 1 -- --> [v2:172.21.15.38:3300/0,v1:172.21.15.38:6789/0] -- mon_getmap magic: 0 v1 -- 0x7f70880fc750 con 0x7f70880703b0
2023-11-15T04:08:52.749 INFO:teuthology.orchestra.run.smithi038.stderr:/usr/bin/ceph:
2023-11-15T04:08:52.748+0000 7f708659c700 1 --2- >> [v2:172.21.15.38:3300/0,v1:172.21.15.38:6789/0] conn(0x7f70880703b0 0x7f7088100d60 unknown :-1 s=BANNER_CONNECTING pgs=0 cs=0 l=0 rev1=0 rx=0 tx=0)._handle_peer_banner_payload supported=1 required=0
2023-11-15T04:08:52.750 INFO:teuthology.orchestra.run.smithi038.stderr:/usr/bin/ceph:
2023-11-15T04:08:52.748+0000 7f708659c700 1 --2- >> [v2:172.21.15.38:3300/0,v1:172.21.15.38:6789/0] conn(0x7f70880703b0 0x7f7088100d60 unknown :-1 s=HELLO_CONNECTING pgs=0 cs=0 l=0 rev1=1 rx=0 tx=0).handle_hello peer v2:172.21.15.38:3300/0 says I am v2:172.21.15.38:47504/0 (socket says 172.21.15.38:47504)
2023-11-15T04:08:52.752 INFO:teuthology.orchestra.run.smithi038.stderr:/usr/bin/ceph:
2023-11-15T04:08:52.748+0000 7f708659c700 1 -- 172.21.15.38:0/2626437758 learned_addr learned my addr 172.21.15.38:0/2626437758 (peer_addr_for_me v2:172.21.15.38:0/0)
2023-11-15T04:08:52.753 INFO:teuthology.orchestra.run.smithi038.stderr:/usr/bin/ceph:
2023-11-15T04:08:52.748+0000 7f708659c700 1 -- 172.21.15.38:0/2626437758 --> [v2:172.21.15.38:3300/0,v1:172.21.15.38:6789/0] -- mon_subscribe({config=0+,monmap=0+}) v3 -- 0x7f7088101250 con 0x7f70880703b0
2023-11-15T04:08:52.753 INFO:teuthology.orchestra.run.smithi038.stderr:/usr/bin/ceph:
2023-11-15T04:08:52.748+0000 7f708659c700 1 --2- 172.21.15.38:0/2626437758 >> [v2:172.21.15.38:3300/0,v1:172.21.15.38:6789/0] conn(0x7f70880703b0 0x7f7088100d60 secure :-1 s=READY pgs=83 cs=0 l=1 rev1=1 rx=0x7f707000b5f0 tx=0x7f7070006ee0).ready entity=mon.0 client_cookie=cb623d928feb24f5 server_cookie=0 in_seq=0 out_seq=0
2023-11-15T04:08:52.753 INFO:teuthology.orchestra.run.smithi038.stderr:/usr/bin/ceph:
2023-11-15T04:08:52.748+0000 7f708559a700 1 -- 172.21.15.38:0/2626437758 <== mon.0 v2:172.21.15.38:3300/0 1 ==== mon_map magic: 0 v1 ==== 229+0+0 (secure 0 0 0) 0x7f707000d600 con 0x7f70880703b0
2023-11-15T04:08:52.753 INFO:teuthology.orchestra.run.smithi038.stderr:/usr/bin/ceph:
2023-11-15T04:08:52.748+0000 7f708559a700 1 -- 172.21.15.38:0/2626437758 <== mon.0 v2:172.21.15.38:3300/0 2 ==== config(25 keys) v1 ==== 1010+0+0 (secure 0 0 0) 0x7f707000dbd0 con 0x7f70880703b0
2023-11-15T04:08:52.753 INFO:teuthology.orchestra.run.smithi038.stderr:/usr/bin/ceph:
2023-11-15T04:08:52.748+0000 7f708559a700 1 -- 172.21.15.38:0/2626437758 <== mon.0 v2:172.21.15.38:3300/0 3 ==== mon_map magic: 0 v1 ==== 229+0+0 (secure 0 0 0) 0x7f7070011c00 con 0x7f70880703b0
2023-11-15T04:08:52.754 INFO:teuthology.orchestra.run.smithi038.stderr:/usr/bin/ceph:
2023-11-15T04:08:52.749+0000 7f708ca44700 1 -- 172.21.15.38:0/2626437758 >> [v2:172.21.15.38:3300/0,v1:172.21.15.38:6789/0] conn(0x7f70880703b0 msgr2=0x7f7088100d60 secure :-1 s=STATE_CONNECTION_ESTABLISHED l=1).mark_down
2023-11-15T04:08:52.754 INFO:teuthology.orchestra.run.smithi038.stderr:/usr/bin/ceph:
2023-11-15T04:08:52.749+0000 7f708ca44700 1 --2- 172.21.15.38:0/2626437758 >> [v2:172.21.15.38:3300/0,v1:172.21.15.38:6789/0] conn(0x7f70880703b0 0x7f7088100d60 secure :-1 s=READY pgs=83 cs=0 l=1 rev1=1 rx=0x7f707000b5f0 tx=0x7f7070006ee0).stop
2023-11-15T04:08:52.754 INFO:teuthology.orchestra.run.smithi038.stderr:/usr/bin/ceph:
2023-11-15T04:08:52.749+0000 7f708ca44700 1 -- 172.21.15.38:0/2626437758 shutdown_connections
2023-11-15T04:08:52.754 INFO:teuthology.orchestra.run.smithi038.stderr:/usr/bin/ceph:
2023-11-15T04:08:52.749+0000 7f708ca44700 1 --2- 172.21.15.38:0/2626437758 >> [v2:172.21.15.38:3300/0,v1:172.21.15.38:6789/0] conn(0x7f70880703b0 0x7f7088100d60 unknown :-1 s=CLOSED pgs=83 cs=0 l=1 rev1=1 rx=0 tx=0).stop
2023-11-15T04:08:52.754 INFO:teuthology.orchestra.run.smithi038.stderr:/usr/bin/ceph:
2023-11-15T04:08:52.749+0000 7f708ca44700 1 -- 172.21.15.38:0/2626437758 >> 172.21.15.38:0/2626437758 conn(0x7f70880f63c0 msgr2=0x7f70880f87e0 unknown :-1 s=STATE_NONE l=0).mark_down
2023-11-15T04:08:52.755 INFO:teuthology.orchestra.run.smithi038.stderr:/usr/bin/ceph:
2023-11-15T04:08:52.749+0000 7f708ca44700 1 -- 172.21.15.38:0/2626437758 shutdown_connections
2023-11-15T04:08:52.755 INFO:teuthology.orchestra.run.smithi038.stderr:/usr/bin/ceph:
2023-11-15T04:08:52.749+0000 7f708ca44700 1 -- 172.21.15.38:0/2626437758 wait complete.
2023-11-15T04:08:52.755 INFO:teuthology.orchestra.run.smithi038.stderr:/usr/bin/ceph:
2023-11-15T04:08:52.750+0000 7f708ca44700 1 Processor -- start
2023-11-15T04:08:52.755 INFO:teuthology.orchestra.run.smithi038.stderr:/usr/bin/ceph:
2023-11-15T04:08:52.750+0000 7f708ca44700 1 -- start start
2023-11-15T04:08:52.755 INFO:teuthology.orchestra.run.smithi038.stderr:/usr/bin/ceph:
2023-11-15T04:08:52.750+0000 7f708ca44700 1 --2- >> [v2:172.21.15.38:3300/0,v1:172.21.15.38:6789/0] conn(0x7f70880703b0 0x7f708810cc10 unknown :-1 s=NONE pgs=0 cs=0 l=1 rev1=0 rx=0 tx=0).connect
2023-11-15T04:08:52.756 INFO:teuthology.orchestra.run.smithi038.stderr:/usr/bin/ceph:
2023-11-15T04:08:52.750+0000 7f708ca44700 1 -- --> [v2:172.21.15.38:3300/0,v1:172.21.15.38:6789/0] -- mon_getmap magic: 0 v1 -- 0x7f708810d100 con 0x7f70880703b0
2023-11-15T04:08:52.756 INFO:teuthology.orchestra.run.smithi038.stderr:/usr/bin/ceph:
2023-11-15T04:08:52.751+0000 7f708659c700 1 --2- >> [v2:172.21.15.38:3300/0,v1:172.21.15.38:6789/0] conn(0x7f70880703b0 0x7f708810cc10 unknown :-1 s=BANNER_CONNECTING pgs=0 cs=0 l=1 rev1=0 rx=0 tx=0)._handle_peer_banner_payload supported=1 required=0
2023-11-15T04:08:52.756 INFO:teuthology.orchestra.run.smithi038.stderr:/usr/bin/ceph:
2023-11-15T04:08:52.751+0000 7f708659c700 1 --2- >> [v2:172.21.15.38:3300/0,v1:172.21.15.38:6789/0] conn(0x7f70880703b0 0x7f708810cc10 unknown :-1 s=HELLO_CONNECTING pgs=0 cs=0 l=1 rev1=1 rx=0 tx=0).handle_hello peer v2:172.21.15.38:3300/0 says I am v2:172.21.15.38:47518/0 (socket says 172.21.15.38:47518)
2023-11-15T04:08:52.756 INFO:teuthology.orchestra.run.smithi038.stderr:/usr/bin/ceph:
2023-11-15T04:08:52.751+0000 7f708659c700 1 -- 172.21.15.38:0/197514262 learned_addr learned my addr 172.21.15.38:0/197514262 (peer_addr_for_me v2:172.21.15.38:0/0)
2023-11-15T04:08:52.756 INFO:teuthology.orchestra.run.smithi038.stderr:/usr/bin/ceph:
2023-11-15T04:08:52.751+0000 7f708659c700 1 -- 172.21.15.38:0/197514262 --> [v2:172.21.15.38:3300/0,v1:172.21.15.38:6789/0] -- mon_subscribe({config=0+,monmap=0+}) v3 -- 0x7f707000b200 con 0x7f70880703b0
2023-11-15T04:08:52.757 INFO:teuthology.orchestra.run.smithi038.stderr:/usr/bin/ceph:
2023-11-15T04:08:52.751+0000 7f708659c700 1 --2- 172.21.15.38:0/197514262 >> [v2:172.21.15.38:3300/0,v1:172.21.15.38:6789/0] conn(0x7f70880703b0 0x7f708810cc10 secure :-1 s=READY pgs=84 cs=0 l=1 rev1=1 rx=0x7f707000b190 tx=0x7f7070006ee0).ready entity=mon.0 client_cookie=0 server_cookie=0 in_seq=0 out_seq=0
2023-11-15T04:08:52.757 INFO:teuthology.orchestra.run.smithi038.stderr:/usr/bin/ceph:
2023-11-15T04:08:52.751+0000 7f707effd700 1 -- 172.21.15.38:0/197514262 <== mon.0 v2:172.21.15.38:3300/0 1 ==== mon_map magic: 0 v1 ==== 229+0+0 (secure 0 0 0) 0x7f707001b410 con 0x7f70880703b0
2023-11-15T04:08:52.757 INFO:teuthology.orchestra.run.smithi038.stderr:/usr/bin/ceph:
2023-11-15T04:08:52.751+0000 7f707effd700 1 -- 172.21.15.38:0/197514262 <== mon.0 v2:172.21.15.38:3300/0 2 ==== config(25 keys) v1 ==== 1010+0+0 (secure 0 0 0) 0x7f707001b9e0 con 0x7f70880703b0
2023-11-15T04:08:52.757 INFO:teuthology.orchestra.run.smithi038.stderr:/usr/bin/ceph:
2023-11-15T04:08:52.751+0000 7f707effd700 1 -- 172.21.15.38:0/197514262 <== mon.0 v2:172.21.15.38:3300/0 3 ==== mon_map magic: 0 v1 ==== 229+0+0 (secure 0 0 0) 0x7f707001a880 con 0x7f70880703b0
2023-11-15T04:08:52.757 INFO:teuthology.orchestra.run.smithi038.stderr:/usr/bin/ceph:
2023-11-15T04:08:52.751+0000 7f708ca44700 1 -- 172.21.15.38:0/197514262 --> [v2:172.21.15.38:3300/0,v1:172.21.15.38:6789/0] -- mon_subscribe({mgrmap=0+}) v3 -- 0x7f708810d300 con 0x7f70880703b0
2023-11-15T04:08:52.757 INFO:teuthology.orchestra.run.smithi038.stderr:/usr/bin/ceph:
2023-11-15T04:08:52.751+0000 7f708ca44700 1 -- 172.21.15.38:0/197514262 --> [v2:172.21.15.38:3300/0,v1:172.21.15.38:6789/0] -- mon_subscribe({osdmap=0}) v3 -- 0x7f708810d710 con 0x7f70880703b0
2023-11-15T04:08:52.758 INFO:teuthology.orchestra.run.smithi038.stderr:/usr/bin/ceph:
2023-11-15T04:08:52.752+0000 7f707effd700 1 -- 172.21.15.38:0/197514262 <== mon.0 v2:172.21.15.38:3300/0 4 ==== mgrmap(e 16) v1 ==== 36208+0+0 (secure 0 0 0) 0x7f707000f070 con 0x7f70880703b0
2023-11-15T04:08:52.759 INFO:teuthology.orchestra.run.smithi038.stderr:/usr/bin/ceph:
2023-11-15T04:08:52.752+0000 7f707effd700 1 --2- 172.21.15.38:0/197514262 >> [v2:172.21.15.38:6800/3073786548,v1:172.21.15.38:6801/3073786548] conn(0x7f706802feb0 0x7f7068032370 unknown :-1 s=NONE pgs=0 cs=0 l=1 rev1=0 rx=0 tx=0).connect
2023-11-15T04:08:52.759 INFO:teuthology.orchestra.run.smithi038.stderr:/usr/bin/ceph:
2023-11-15T04:08:52.752+0000 7f707effd700 1 -- 172.21.15.38:0/197514262 <== mon.0 v2:172.21.15.38:3300/0 5 ==== osd_map(4..4 src has 1..4) v4 ==== 1270+0+0 (secure 0 0 0) 0x7f70700414f0 con 0x7f70880703b0
2023-11-15T04:08:52.759 INFO:teuthology.orchestra.run.smithi038.stderr:/usr/bin/ceph:
2023-11-15T04:08:52.752+0000 7f7085d9b700 1 --2- 172.21.15.38:0/197514262 >> [v2:172.21.15.38:6800/3073786548,v1:172.21.15.38:6801/3073786548] conn(0x7f706802feb0 0x7f7068032370 unknown :-1 s=BANNER_CONNECTING pgs=0 cs=0 l=1 rev1=0 rx=0 tx=0)._handle_peer_banner_payload supported=1 required=0
2023-11-15T04:08:52.759 INFO:teuthology.orchestra.run.smithi038.stderr:/usr/bin/ceph:
2023-11-15T04:08:52.753+0000 7f7085d9b700 1 --2- 172.21.15.38:0/197514262 >> [v2:172.21.15.38:6800/3073786548,v1:172.21.15.38:6801/3073786548] conn(0x7f706802feb0 0x7f7068032370 secure :-1 s=READY pgs=7 cs=0 l=1 rev1=1 rx=0x7f70780096a0 tx=0x7f7078006b40).ready entity=mgr.14164 client_cookie=0 server_cookie=0 in_seq=0 out_seq=0
2023-11-15T04:08:52.759 INFO:teuthology.orchestra.run.smithi038.stderr:/usr/bin/ceph:
2023-11-15T04:08:52.753+0000 7f708ca44700 1 -- 172.21.15.38:0/197514262 --> [v2:172.21.15.38:3300/0,v1:172.21.15.38:6789/0] -- mon_command({"prefix": "get_command_descriptions"} v 0) v1 -- 0x7f7088059100 con 0x7f70880703b0
2023-11-15T04:08:52.760 INFO:teuthology.orchestra.run.smithi038.stderr:/usr/bin/ceph:
2023-11-15T04:08:52.758+0000 7f707effd700 1 -- 172.21.15.38:0/197514262 <== mon.0 v2:172.21.15.38:3300/0 6 ==== mon_command_ack([{"prefix": "get_command_descriptions"}]=0 v0) v1 ==== 72+0+152212 (secure 0 0 0) 0x7f7070022d50 con 0x7f70880703b0
2023-11-15T04:08:52.943 INFO:teuthology.orchestra.run.smithi038.stderr:/usr/bin/ceph:
2023-11-15T04:08:52.943+0000 7f708ca44700 1 -- 172.21.15.38:0/197514262 --> [v2:172.21.15.38:6800/3073786548,v1:172.21.15.38:6801/3073786548] -- mgr_command(tid 0: {"prefix": "dashboard ac-user-create", "username": "admin", "rolename": "administrator", "force_password": true, "pwd_update_required": true, "target": ["mon-mgr", ""]}) v1 -- 0x7f7088045ad0 con 0x7f706802feb0
2023-11-15T04:08:53.198 INFO:teuthology.orchestra.run.smithi038.stderr:/usr/bin/ceph:
2023-11-15T04:08:53.198+0000 7f707effd700 1 -- 172.21.15.38:0/197514262 <== mgr.14164 v2:172.21.15.38:6800/3073786548 1 ==== mgr_command_reply(tid 0: 0 ) v1 ==== 8+0+252 (secure 0 0 0) 0x7f7088045ad0 con 0x7f706802feb0
2023-11-15T04:08:53.199 INFO:teuthology.orchestra.run.smithi038.stderr:/usr/bin/ceph: {"username": "admin", "password": "$2b$12$GjItRr71jr07fvx8bsmSo.E/7ho/h1FQ.0jj86FD.ymxGwWw1GVCu", "roles": ["administrator"], "name": null, "email": null, "lastUpdate": 1700021333, "enabled": true, "pwdExpirationDate": null, "pwdUpdateRequired": true}
2023-11-15T04:08:53.201 INFO:teuthology.orchestra.run.smithi038.stderr:/usr/bin/ceph:
2023-11-15T04:08:53.200+0000 7f708ca44700 1 -- 172.21.15.38:0/197514262 >> [v2:172.21.15.38:6800/3073786548,v1:172.21.15.38:6801/3073786548] conn(0x7f706802feb0 msgr2=0x7f7068032370 secure :-1 s=STATE_CONNECTION_ESTABLISHED l=1).mark_down
2023-11-15T04:08:53.201 INFO:teuthology.orchestra.run.smithi038.stderr:/usr/bin/ceph:
2023-11-15T04:08:53.200+0000 7f708ca44700 1 --2- 172.21.15.38:0/197514262 >> [v2:172.21.15.38:6800/3073786548,v1:172.21.15.38:6801/3073786548] conn(0x7f706802feb0 0x7f7068032370 secure :-1 s=READY pgs=7 cs=0 l=1 rev1=1 rx=0x7f70780096a0 tx=0x7f7078006b40).stop
2023-11-15T04:08:53.201 INFO:teuthology.orchestra.run.smithi038.stderr:/usr/bin/ceph:
2023-11-15T04:08:53.200+0000 7f708ca44700 1 -- 172.21.15.38:0/197514262 >> [v2:172.21.15.38:3300/0,v1:172.21.15.38:6789/0] conn(0x7f70880703b0 msgr2=0x7f708810cc10 secure :-1 s=STATE_CONNECTION_ESTABLISHED l=1).mark_down
2023-11-15T04:08:53.201 INFO:teuthology.orchestra.run.smithi038.stderr:/usr/bin/ceph:
2023-11-15T04:08:53.200+0000 7f708ca44700 1 --2- 172.21.15.38:0/197514262 >> [v2:172.21.15.38:3300/0,v1:172.21.15.38:6789/0] conn(0x7f70880703b0 0x7f708810cc10 secure :-1 s=READY pgs=84 cs=0 l=1 rev1=1 rx=0x7f707000b190 tx=0x7f7070006ee0).stop
2023-11-15T04:08:53.201 INFO:teuthology.orchestra.run.smithi038.stderr:/usr/bin/ceph:
2023-11-15T04:08:53.200+0000 7f708ca44700 1 -- 172.21.15.38:0/197514262 shutdown_connections
2023-11-15T04:08:53.202 INFO:teuthology.orchestra.run.smithi038.stderr:/usr/bin/ceph:
2023-11-15T04:08:53.200+0000 7f708ca44700 1 --2- 172.21.15.38:0/197514262 >> [v2:172.21.15.38:6800/3073786548,v1:172.21.15.38:6801/3073786548] conn(0x7f706802feb0 0x7f7068032370 unknown :-1 s=CLOSED pgs=7 cs=0 l=1 rev1=1 rx=0 tx=0).stop
2023-11-15T04:08:53.202 INFO:teuthology.orchestra.run.smithi038.stderr:/usr/bin/ceph:
2023-11-15T04:08:53.200+0000 7f708ca44700 1 --2- 172.21.15.38:0/197514262 >> [v2:172.21.15.38:3300/0,v1:172.21.15.38:6789/0] conn(0x7f70880703b0 0x7f708810cc10 unknown :-1 s=CLOSED pgs=84 cs=0 l=1 rev1=1 rx=0 tx=0).stop
2023-11-15T04:08:53.202 INFO:teuthology.orchestra.run.smithi038.stderr:/usr/bin/ceph:
2023-11-15T04:08:53.200+0000 7f708ca44700 1 -- 172.21.15.38:0/197514262 >> 172.21.15.38:0/197514262 conn(0x7f70880f63c0 msgr2=0x7f70880f7f30 unknown :-1 s=STATE_NONE l=0).mark_down
2023-11-15T04:08:53.203 INFO:teuthology.orchestra.run.smithi038.stderr:/usr/bin/ceph:
2023-11-15T04:08:53.201+0000 7f708ca44700 1 -- 172.21.15.38:0/197514262 shutdown_connections
2023-11-15T04:08:53.203 INFO:teuthology.orchestra.run.smithi038.stderr:/usr/bin/ceph:
2023-11-15T04:08:53.201+0000 7f708ca44700 1 -- 172.21.15.38:0/197514262 wait complete.
2023-11-15T04:08:53.342 INFO:journalctl@ceph.mon.smithi038.smithi038.stdout:Nov 15 04:08:53 smithi038 ceph-7bd2f4c8-836c-11ee-8dbe-212e2dc638e7-mon.smithi038[112367]: audit
2023-11-15T04:08:51.955897+0000 mgr.smithi038.bnbogz (mgr.14164) 3 : audit [DBG] from='client.14174 -' entity='client.admin' cmd=[{"prefix": "dashboard create-self-signed-cert", "target": ["mon-mgr", ""]}]: dispatch
2023-11-15T04:08:53.342 INFO:journalctl@ceph.mon.smithi038.smithi038.stdout:Nov 15 04:08:53 smithi038 ceph-7bd2f4c8-836c-11ee-8dbe-212e2dc638e7-mon.smithi038[112367]: cluster
2023-11-15T04:08:52.395487+0000 mon.smithi038 (mon.0) 106 : cluster [DBG] mgrmap e16: smithi038.bnbogz(active, since 2s)
2023-11-15T04:08:53.561 INFO:teuthology.orchestra.run.smithi038.stderr:Fetching dashboard port number...
2023-11-15T04:08:53.562 INFO:teuthology.orchestra.run.smithi038.stderr:Running command: /bin/podman run --rm --ipc=host --no-hosts --net=host --entrypoint /usr/bin/ceph --init -e CONTAINER_IMAGE=docker.io/ceph/ceph:v16.2.4 -e NODE_NAME=smithi038 -e CEPH_USE_RANDOM_NONCE=1 -v /var/log/ceph/7bd2f4c8-836c-11ee-8dbe-212e2dc638e7:/var/log/ceph:z -v /tmp/ceph-tmpy0mcl6p9:/etc/ceph/ceph.client.admin.keyring:z -v /tmp/ceph-tmpbf936z68:/etc/ceph/ceph.conf:z docker.io/ceph/ceph:v16.2.4 config get mgr mgr/dashboard/ssl_server_port
2023-11-15T04:08:53.986 INFO:teuthology.orchestra.run.smithi038.stderr:/usr/bin/ceph:
2023-11-15T04:08:53.985+0000 7f7a57361700 1 Processor -- start
2023-11-15T04:08:53.986 INFO:teuthology.orchestra.run.smithi038.stderr:/usr/bin/ceph:
2023-11-15T04:08:53.985+0000 7f7a57361700 1 -- start start
2023-11-15T04:08:53.986 INFO:teuthology.orchestra.run.smithi038.stderr:/usr/bin/ceph:
2023-11-15T04:08:53.985+0000 7f7a57361700 1 --2- >> [v2:172.21.15.38:3300/0,v1:172.21.15.38:6789/0] conn(0x7f7a500703d0 0x7f7a50100d40 unknown :-1 s=NONE pgs=0 cs=0 l=0 rev1=0 rx=0 tx=0).connect
2023-11-15T04:08:53.988 INFO:teuthology.orchestra.run.smithi038.stderr:/usr/bin/ceph:
2023-11-15T04:08:53.985+0000 7f7a57361700 1 -- --> [v2:172.21.15.38:3300/0,v1:172.21.15.38:6789/0] -- mon_getmap magic: 0 v1 -- 0x7f7a500fc730 con 0x7f7a500703d0
2023-11-15T04:08:53.989 INFO:teuthology.orchestra.run.smithi038.stderr:/usr/bin/ceph:
2023-11-15T04:08:53.985+0000 7f7a550fd700 1 --2- >> [v2:172.21.15.38:3300/0,v1:172.21.15.38:6789/0] conn(0x7f7a500703d0 0x7f7a50100d40 unknown :-1 s=BANNER_CONNECTING pgs=0 cs=0 l=0 rev1=0 rx=0 tx=0)._handle_peer_banner_payload supported=1 required=0
2023-11-15T04:08:53.989 INFO:teuthology.orchestra.run.smithi038.stderr:/usr/bin/ceph:
2023-11-15T04:08:53.986+0000 7f7a550fd700 1 --2- >> [v2:172.21.15.38:3300/0,v1:172.21.15.38:6789/0] conn(0x7f7a500703d0 0x7f7a50100d40 unknown :-1 s=HELLO_CONNECTING pgs=0 cs=0 l=0 rev1=1 rx=0 tx=0).handle_hello peer v2:172.21.15.38:3300/0 says I am v2:172.21.15.38:47522/0 (socket says 172.21.15.38:47522)
2023-11-15T04:08:53.989 INFO:teuthology.orchestra.run.smithi038.stderr:/usr/bin/ceph:
2023-11-15T04:08:53.986+0000 7f7a550fd700 1 -- 172.21.15.38:0/3247075087 learned_addr learned my addr 172.21.15.38:0/3247075087 (peer_addr_for_me v2:172.21.15.38:0/0)
2023-11-15T04:08:53.989 INFO:teuthology.orchestra.run.smithi038.stderr:/usr/bin/ceph:
2023-11-15T04:08:53.986+0000 7f7a550fd700 1 -- 172.21.15.38:0/3247075087 --> [v2:172.21.15.38:3300/0,v1:172.21.15.38:6789/0] -- mon_subscribe({config=0+,monmap=0+}) v3 -- 0x7f7a50101230 con 0x7f7a500703d0
2023-11-15T04:08:53.989 INFO:teuthology.orchestra.run.smithi038.stderr:/usr/bin/ceph:
2023-11-15T04:08:53.986+0000 7f7a550fd700 1 --2- 172.21.15.38:0/3247075087 >> [v2:172.21.15.38:3300/0,v1:172.21.15.38:6789/0] conn(0x7f7a500703d0 0x7f7a50100d40 secure :-1 s=READY pgs=85 cs=0 l=1 rev1=1 rx=0x7f7a4c00b5f0 tx=0x7f7a4c006ee0).ready entity=mon.0 client_cookie=fcad9bff6106abad server_cookie=0 in_seq=0 out_seq=0
2023-11-15T04:08:53.990 INFO:teuthology.orchestra.run.smithi038.stderr:/usr/bin/ceph:
2023-11-15T04:08:53.986+0000 7f7a3ffff700 1 -- 172.21.15.38:0/3247075087 <== mon.0 v2:172.21.15.38:3300/0 1 ==== mon_map magic: 0 v1 ==== 229+0+0 (secure 0 0 0) 0x7f7a4c00d600 con 0x7f7a500703d0
2023-11-15T04:08:53.990 INFO:teuthology.orchestra.run.smithi038.stderr:/usr/bin/ceph:
2023-11-15T04:08:53.986+0000 7f7a3ffff700 1 -- 172.21.15.38:0/3247075087 <== mon.0 v2:172.21.15.38:3300/0 2 ==== config(25 keys) v1 ==== 1010+0+0 (secure 0 0 0) 0x7f7a4c00dbd0 con 0x7f7a500703d0
2023-11-15T04:08:53.990 INFO:teuthology.orchestra.run.smithi038.stderr:/usr/bin/ceph:
2023-11-15T04:08:53.986+0000 7f7a3ffff700 1 -- 172.21.15.38:0/3247075087 <== mon.0 v2:172.21.15.38:3300/0 3 ==== mon_map magic: 0 v1 ==== 229+0+0 (secure 0 0 0) 0x7f7a4c011c00 con 0x7f7a500703d0
2023-11-15T04:08:53.990 INFO:teuthology.orchestra.run.smithi038.stderr:/usr/bin/ceph:
2023-11-15T04:08:53.987+0000 7f7a57361700 1 -- 172.21.15.38:0/3247075087 >> [v2:172.21.15.38:3300/0,v1:172.21.15.38:6789/0] conn(0x7f7a500703d0 msgr2=0x7f7a50100d40 secure :-1 s=STATE_CONNECTION_ESTABLISHED l=1).mark_down
2023-11-15T04:08:53.990 INFO:teuthology.orchestra.run.smithi038.stderr:/usr/bin/ceph:
2023-11-15T04:08:53.987+0000 7f7a57361700 1 --2- 172.21.15.38:0/3247075087 >> [v2:172.21.15.38:3300/0,v1:172.21.15.38:6789/0] conn(0x7f7a500703d0 0x7f7a50100d40 secure :-1 s=READY pgs=85 cs=0 l=1 rev1=1 rx=0x7f7a4c00b5f0 tx=0x7f7a4c006ee0).stop
2023-11-15T04:08:53.991 INFO:teuthology.orchestra.run.smithi038.stderr:/usr/bin/ceph:
2023-11-15T04:08:53.987+0000 7f7a57361700 1 -- 172.21.15.38:0/3247075087 shutdown_connections
2023-11-15T04:08:53.991 INFO:teuthology.orchestra.run.smithi038.stderr:/usr/bin/ceph:
2023-11-15T04:08:53.987+0000 7f7a57361700 1 --2- 172.21.15.38:0/3247075087 >> [v2:172.21.15.38:3300/0,v1:172.21.15.38:6789/0] conn(0x7f7a500703d0 0x7f7a50100d40 unknown :-1 s=CLOSED pgs=85 cs=0 l=1 rev1=1 rx=0 tx=0).stop
2023-11-15T04:08:53.991 INFO:teuthology.orchestra.run.smithi038.stderr:/usr/bin/ceph:
2023-11-15T04:08:53.987+0000 7f7a57361700 1 -- 172.21.15.38:0/3247075087 >> 172.21.15.38:0/3247075087 conn(0x7f7a500f63c0 msgr2=0x7f7a500f87e0 unknown :-1 s=STATE_NONE l=0).mark_down
2023-11-15T04:08:53.991 INFO:teuthology.orchestra.run.smithi038.stderr:/usr/bin/ceph:
2023-11-15T04:08:53.987+0000 7f7a57361700 1 -- 172.21.15.38:0/3247075087 shutdown_connections
2023-11-15T04:08:53.992 INFO:teuthology.orchestra.run.smithi038.stderr:/usr/bin/ceph:
2023-11-15T04:08:53.987+0000 7f7a57361700 1 -- 172.21.15.38:0/3247075087 wait complete.
2023-11-15T04:08:53.992 INFO:teuthology.orchestra.run.smithi038.stderr:/usr/bin/ceph:
2023-11-15T04:08:53.988+0000 7f7a57361700 1 Processor -- start
2023-11-15T04:08:53.992 INFO:teuthology.orchestra.run.smithi038.stderr:/usr/bin/ceph:
2023-11-15T04:08:53.988+0000 7f7a57361700 1 -- start start
2023-11-15T04:08:53.993 INFO:teuthology.orchestra.run.smithi038.stderr:/usr/bin/ceph:
2023-11-15T04:08:53.988+0000 7f7a57361700 1 --2- >> [v2:172.21.15.38:3300/0,v1:172.21.15.38:6789/0] conn(0x7f7a500703d0 0x7f7a5010cbb0 unknown :-1 s=NONE pgs=0 cs=0 l=1 rev1=0 rx=0 tx=0).connect
2023-11-15T04:08:53.994 INFO:teuthology.orchestra.run.smithi038.stderr:/usr/bin/ceph:
2023-11-15T04:08:53.988+0000 7f7a57361700 1 -- --> [v2:172.21.15.38:3300/0,v1:172.21.15.38:6789/0] -- mon_getmap magic: 0 v1 -- 0x7f7a5010d0a0 con 0x7f7a500703d0
2023-11-15T04:08:53.994 INFO:teuthology.orchestra.run.smithi038.stderr:/usr/bin/ceph:
2023-11-15T04:08:53.988+0000 7f7a550fd700 1 --2- >> [v2:172.21.15.38:3300/0,v1:172.21.15.38:6789/0] conn(0x7f7a500703d0 0x7f7a5010cbb0 unknown :-1 s=BANNER_CONNECTING pgs=0 cs=0 l=1 rev1=0 rx=0 tx=0)._handle_peer_banner_payload supported=1 required=0
2023-11-15T04:08:53.994 INFO:teuthology.orchestra.run.smithi038.stderr:/usr/bin/ceph:
2023-11-15T04:08:53.988+0000 7f7a550fd700 1 --2- >> [v2:172.21.15.38:3300/0,v1:172.21.15.38:6789/0] conn(0x7f7a500703d0 0x7f7a5010cbb0 unknown :-1 s=HELLO_CONNECTING pgs=0 cs=0 l=1 rev1=1 rx=0 tx=0).handle_hello peer v2:172.21.15.38:3300/0 says I am v2:172.21.15.38:47538/0 (socket says 172.21.15.38:47538)
2023-11-15T04:08:53.995 INFO:teuthology.orchestra.run.smithi038.stderr:/usr/bin/ceph:
2023-11-15T04:08:53.988+0000 7f7a550fd700 1 -- 172.21.15.38:0/80068029 learned_addr learned my addr 172.21.15.38:0/80068029 (peer_addr_for_me v2:172.21.15.38:0/0)
2023-11-15T04:08:53.995 INFO:teuthology.orchestra.run.smithi038.stderr:/usr/bin/ceph:
2023-11-15T04:08:53.988+0000 7f7a550fd700 1 -- 172.21.15.38:0/80068029 --> [v2:172.21.15.38:3300/0,v1:172.21.15.38:6789/0] -- mon_subscribe({config=0+,monmap=0+}) v3 -- 0x7f7a4c00b200 con 0x7f7a500703d0
2023-11-15T04:08:53.995 INFO:teuthology.orchestra.run.smithi038.stderr:/usr/bin/ceph:
2023-11-15T04:08:53.989+0000 7f7a550fd700 1 --2- 172.21.15.38:0/80068029 >> [v2:172.21.15.38:3300/0,v1:172.21.15.38:6789/0] conn(0x7f7a500703d0 0x7f7a5010cbb0 secure :-1 s=READY pgs=86 cs=0 l=1 rev1=1 rx=0x7f7a4c00b190 tx=0x7f7a4c006ee0).ready entity=mon.0 client_cookie=0 server_cookie=0 in_seq=0 out_seq=0
2023-11-15T04:08:53.995 INFO:teuthology.orchestra.run.smithi038.stderr:/usr/bin/ceph:
2023-11-15T04:08:53.989+0000 7f7a3dffb700 1 -- 172.21.15.38:0/80068029 <== mon.0 v2:172.21.15.38:3300/0 1 ==== mon_map magic: 0 v1 ==== 229+0+0 (secure 0 0 0) 0x7f7a4c01b410 con 0x7f7a500703d0
2023-11-15T04:08:53.995 INFO:teuthology.orchestra.run.smithi038.stderr:/usr/bin/ceph:
2023-11-15T04:08:53.989+0000 7f7a57361700 1 -- 172.21.15.38:0/80068029 --> [v2:172.21.15.38:3300/0,v1:172.21.15.38:6789/0] -- mon_subscribe({mgrmap=0+}) v3 -- 0x7f7a5010d2a0 con 0x7f7a500703d0
2023-11-15T04:08:53.996 INFO:teuthology.orchestra.run.smithi038.stderr:/usr/bin/ceph:
2023-11-15T04:08:53.989+0000 7f7a3dffb700 1 -- 172.21.15.38:0/80068029 <== mon.0 v2:172.21.15.38:3300/0 2 ==== config(25 keys) v1 ==== 1010+0+0 (secure 0 0 0) 0x7f7a4c01b9e0 con 0x7f7a500703d0
2023-11-15T04:08:53.996 INFO:teuthology.orchestra.run.smithi038.stderr:/usr/bin/ceph:
2023-11-15T04:08:53.989+0000 7f7a3dffb700 1 -- 172.21.15.38:0/80068029 <== mon.0 v2:172.21.15.38:3300/0 3 ==== mon_map magic: 0 v1 ==== 229+0+0 (secure 0 0 0) 0x7f7a4c01a880 con 0x7f7a500703d0
2023-11-15T04:08:53.996 INFO:teuthology.orchestra.run.smithi038.stderr:/usr/bin/ceph:
2023-11-15T04:08:53.989+0000 7f7a57361700 1 -- 172.21.15.38:0/80068029 --> [v2:172.21.15.38:3300/0,v1:172.21.15.38:6789/0] -- mon_subscribe({osdmap=0}) v3 -- 0x7f7a5010d6b0 con 0x7f7a500703d0
2023-11-15T04:08:53.996 INFO:teuthology.orchestra.run.smithi038.stderr:/usr/bin/ceph:
2023-11-15T04:08:53.990+0000 7f7a57361700 1 -- 172.21.15.38:0/80068029 --> [v2:172.21.15.38:3300/0,v1:172.21.15.38:6789/0] -- mon_command({"prefix": "get_command_descriptions"} v 0) v1 -- 0x7f7a50045ad0 con 0x7f7a500703d0
2023-11-15T04:08:53.996 INFO:teuthology.orchestra.run.smithi038.stderr:/usr/bin/ceph:
2023-11-15T04:08:53.990+0000 7f7a3dffb700 1 -- 172.21.15.38:0/80068029 <== mon.0 v2:172.21.15.38:3300/0 4 ==== mgrmap(e 16) v1 ==== 36208+0+0 (secure 0 0 0) 0x7f7a4c00f070 con 0x7f7a500703d0
2023-11-15T04:08:53.997 INFO:teuthology.orchestra.run.smithi038.stderr:/usr/bin/ceph:
2023-11-15T04:08:53.990+0000 7f7a3dffb700 1 --2- 172.21.15.38:0/80068029 >> [v2:172.21.15.38:6800/3073786548,v1:172.21.15.38:6801/3073786548] conn(0x7f7a3802ff00 0x7f7a380323c0 unknown :-1 s=NONE pgs=0 cs=0 l=1 rev1=0 rx=0 tx=0).connect
2023-11-15T04:08:53.997 INFO:teuthology.orchestra.run.smithi038.stderr:/usr/bin/ceph:
2023-11-15T04:08:53.991+0000 7f7a3dffb700 1 -- 172.21.15.38:0/80068029 <== mon.0 v2:172.21.15.38:3300/0 5 ==== osd_map(4..4 src has 1..4) v4 ==== 1270+0+0 (secure 0 0 0) 0x7f7a4c041430 con 0x7f7a500703d0
2023-11-15T04:08:53.997 INFO:teuthology.orchestra.run.smithi038.stderr:/usr/bin/ceph:
2023-11-15T04:08:53.991+0000 7f7a548fc700 1 --2- 172.21.15.38:0/80068029 >> [v2:172.21.15.38:6800/3073786548,v1:172.21.15.38:6801/3073786548] conn(0x7f7a3802ff00 0x7f7a380323c0 unknown :-1 s=BANNER_CONNECTING pgs=0 cs=0 l=1 rev1=0 rx=0 tx=0)._handle_peer_banner_payload supported=1 required=0
2023-11-15T04:08:53.997 INFO:teuthology.orchestra.run.smithi038.stderr:/usr/bin/ceph:
2023-11-15T04:08:53.991+0000 7f7a548fc700 1 --2- 172.21.15.38:0/80068029 >> [v2:172.21.15.38:6800/3073786548,v1:172.21.15.38:6801/3073786548] conn(0x7f7a3802ff00 0x7f7a380323c0 secure :-1 s=READY pgs=8 cs=0 l=1 rev1=1 rx=0x7f7a400096a0 tx=0x7f7a40006b40).ready entity=mgr.14164 client_cookie=0 server_cookie=0 in_seq=0 out_seq=0
2023-11-15T04:08:53.998 INFO:teuthology.orchestra.run.smithi038.stderr:/usr/bin/ceph:
2023-11-15T04:08:53.995+0000 7f7a3dffb700 1 -- 172.21.15.38:0/80068029 <== mon.0 v2:172.21.15.38:3300/0 6 ==== mon_command_ack([{"prefix": "get_command_descriptions"}]=0 v0) v1 ==== 72+0+152212 (secure 0 0 0) 0x7f7a4c019950 con 0x7f7a500703d0
2023-11-15T04:08:54.163 INFO:teuthology.orchestra.run.smithi038.stderr:/usr/bin/ceph:
2023-11-15T04:08:54.162+0000 7f7a57361700 1 -- 172.21.15.38:0/80068029 --> [v2:172.21.15.38:3300/0,v1:172.21.15.38:6789/0] -- mon_command({"prefix": "config get", "who": "mgr", "key": "mgr/dashboard/ssl_server_port"} v 0) v1 -- 0x7f7a50101d90 con 0x7f7a500703d0
2023-11-15T04:08:54.164 INFO:teuthology.orchestra.run.smithi038.stderr:/usr/bin/ceph:
2023-11-15T04:08:54.163+0000 7f7a3dffb700 1 -- 172.21.15.38:0/80068029 <== mon.0 v2:172.21.15.38:3300/0 7 ==== mon_command_ack([{"prefix": "config get", "who": "mgr", "key": "mgr/dashboard/ssl_server_port"}]=0 v9) v1 ==== 112+0+5 (secure 0 0 0) 0x7f7a4c016020 con 0x7f7a500703d0
2023-11-15T04:08:54.164 INFO:teuthology.orchestra.run.smithi038.stderr:/usr/bin/ceph: 8443
2023-11-15T04:08:54.166 INFO:teuthology.orchestra.run.smithi038.stderr:/usr/bin/ceph:
2023-11-15T04:08:54.164+0000 7f7a57361700 1 -- 172.21.15.38:0/80068029 >> [v2:172.21.15.38:6800/3073786548,v1:172.21.15.38:6801/3073786548] conn(0x7f7a3802ff00 msgr2=0x7f7a380323c0 secure :-1 s=STATE_CONNECTION_ESTABLISHED l=1).mark_down
2023-11-15T04:08:54.166 INFO:teuthology.orchestra.run.smithi038.stderr:/usr/bin/ceph:
2023-11-15T04:08:54.165+0000 7f7a57361700 1 --2- 172.21.15.38:0/80068029 >> [v2:172.21.15.38:6800/3073786548,v1:172.21.15.38:6801/3073786548] conn(0x7f7a3802ff00 0x7f7a380323c0 secure :-1 s=READY pgs=8 cs=0 l=1 rev1=1 rx=0x7f7a400096a0 tx=0x7f7a40006b40).stop
2023-11-15T04:08:54.166 INFO:teuthology.orchestra.run.smithi038.stderr:/usr/bin/ceph:
2023-11-15T04:08:54.165+0000 7f7a57361700 1 -- 172.21.15.38:0/80068029 >> [v2:172.21.15.38:3300/0,v1:172.21.15.38:6789/0] conn(0x7f7a500703d0 msgr2=0x7f7a5010cbb0 secure :-1 s=STATE_CONNECTION_ESTABLISHED l=1).mark_down
2023-11-15T04:08:54.167 INFO:teuthology.orchestra.run.smithi038.stderr:/usr/bin/ceph:
2023-11-15T04:08:54.165+0000 7f7a57361700 1 --2- 172.21.15.38:0/80068029 >> [v2:172.21.15.38:3300/0,v1:172.21.15.38:6789/0] conn(0x7f7a500703d0 0x7f7a5010cbb0 secure :-1 s=READY pgs=86 cs=0 l=1 rev1=1 rx=0x7f7a4c00b190 tx=0x7f7a4c006ee0).stop
2023-11-15T04:08:54.167 INFO:teuthology.orchestra.run.smithi038.stderr:/usr/bin/ceph:
2023-11-15T04:08:54.165+0000 7f7a57361700 1 -- 172.21.15.38:0/80068029 shutdown_connections
2023-11-15T04:08:54.167 INFO:teuthology.orchestra.run.smithi038.stderr:/usr/bin/ceph:
2023-11-15T04:08:54.165+0000 7f7a57361700 1 --2- 172.21.15.38:0/80068029 >> [v2:172.21.15.38:6800/3073786548,v1:172.21.15.38:6801/3073786548] conn(0x7f7a3802ff00 0x7f7a380323c0 unknown :-1 s=CLOSED pgs=8 cs=0 l=1 rev1=1 rx=0 tx=0).stop
2023-11-15T04:08:54.167 INFO:teuthology.orchestra.run.smithi038.stderr:/usr/bin/ceph:
2023-11-15T04:08:54.165+0000 7f7a57361700 1 --2- 172.21.15.38:0/80068029 >> [v2:172.21.15.38:3300/0,v1:172.21.15.38:6789/0] conn(0x7f7a500703d0 0x7f7a5010cbb0 unknown :-1 s=CLOSED pgs=86 cs=0 l=1 rev1=1 rx=0 tx=0).stop
2023-11-15T04:08:54.167 INFO:teuthology.orchestra.run.smithi038.stderr:/usr/bin/ceph:
2023-11-15T04:08:54.165+0000 7f7a57361700 1 -- 172.21.15.38:0/80068029 >> 172.21.15.38:0/80068029 conn(0x7f7a500f63c0 msgr2=0x7f7a500f7ea0 unknown :-1 s=STATE_NONE l=0).mark_down
2023-11-15T04:08:54.168 INFO:teuthology.orchestra.run.smithi038.stderr:/usr/bin/ceph:
2023-11-15T04:08:54.165+0000 7f7a57361700 1 -- 172.21.15.38:0/80068029 shutdown_connections
2023-11-15T04:08:54.168 INFO:teuthology.orchestra.run.smithi038.stderr:/usr/bin/ceph:
2023-11-15T04:08:54.165+0000 7f7a57361700 1 -- 172.21.15.38:0/80068029 wait complete.
2023-11-15T04:08:54.506 INFO:journalctl@ceph.mon.smithi038.smithi038.stdout:Nov 15 04:08:54 smithi038 ceph-7bd2f4c8-836c-11ee-8dbe-212e2dc638e7-mon.smithi038[112367]: audit
2023-11-15T04:08:52.944872+0000 mgr.smithi038.bnbogz (mgr.14164) 4 : audit [DBG] from='client.14176 -' entity='client.admin' cmd=[{"prefix": "dashboard ac-user-create", "username": "admin", "rolename": "administrator", "force_password": true, "pwd_update_required": true, "target": ["mon-mgr", ""]}]: dispatch
2023-11-15T04:08:54.506 INFO:journalctl@ceph.mon.smithi038.smithi038.stdout:Nov 15 04:08:54 smithi038 ceph-7bd2f4c8-836c-11ee-8dbe-212e2dc638e7-mon.smithi038[112367]: audit
2023-11-15T04:08:53.198780+0000 mon.smithi038 (mon.0) 107 : audit [INF] from='mgr.14164 172.21.15.38:0/2988798439' entity='mgr.smithi038.bnbogz'
2023-11-15T04:08:54.506 INFO:journalctl@ceph.mon.smithi038.smithi038.stdout:Nov 15 04:08:54 smithi038 ceph-7bd2f4c8-836c-11ee-8dbe-212e2dc638e7-mon.smithi038[112367]: audit
2023-11-15T04:08:54.163976+0000 mon.smithi038 (mon.0) 108 : audit [DBG] from='client.? 172.21.15.38:0/80068029' entity='client.admin' cmd=[{"prefix": "config get", "who": "mgr", "key": "mgr/dashboard/ssl_server_port"}]: dispatch
2023-11-15T04:08:54.562 INFO:teuthology.orchestra.run.smithi038.stderr:Running command: systemctl is-enabled firewalld.service
2023-11-15T04:08:54.573 INFO:teuthology.orchestra.run.smithi038.stderr:systemctl: disabled
2023-11-15T04:08:54.574 INFO:teuthology.orchestra.run.smithi038.stderr:Running command: systemctl is-active firewalld.service
2023-11-15T04:08:54.583 INFO:teuthology.orchestra.run.smithi038.stderr:systemctl: inactive
2023-11-15T04:08:54.583 INFO:teuthology.orchestra.run.smithi038.stderr:firewalld.service is not enabled
2023-11-15T04:08:54.584 INFO:teuthology.orchestra.run.smithi038.stderr:Not possible to open ports <[8443]>. firewalld.service is not available
2023-11-15T04:08:54.587 INFO:teuthology.orchestra.run.smithi038.stderr:Ceph Dashboard is now available at:
2023-11-15T04:08:54.587 INFO:teuthology.orchestra.run.smithi038.stderr:
2023-11-15T04:08:54.588 INFO:teuthology.orchestra.run.smithi038.stderr: URL: https://smithi038.front.sepia.ceph.com:8443/
2023-11-15T04:08:54.588 INFO:teuthology.orchestra.run.smithi038.stderr: User: admin
2023-11-15T04:08:54.588 INFO:teuthology.orchestra.run.smithi038.stderr: Password: w6h7p7ovmb
2023-11-15T04:08:54.588 INFO:teuthology.orchestra.run.smithi038.stderr:
2023-11-15T04:08:54.589 INFO:teuthology.orchestra.run.smithi038.stderr:You can access the Ceph CLI with:
2023-11-15T04:08:54.589 INFO:teuthology.orchestra.run.smithi038.stderr:
2023-11-15T04:08:54.590 INFO:teuthology.orchestra.run.smithi038.stderr: sudo /home/ubuntu/cephtest/cephadm shell --fsid 7bd2f4c8-836c-11ee-8dbe-212e2dc638e7 -c /etc/ceph/ceph.conf -k /etc/ceph/ceph.client.admin.keyring
2023-11-15T04:08:54.590 INFO:teuthology.orchestra.run.smithi038.stderr:
2023-11-15T04:08:54.590 INFO:teuthology.orchestra.run.smithi038.stderr:Please consider enabling telemetry to help improve Ceph:
2023-11-15T04:08:54.591 INFO:teuthology.orchestra.run.smithi038.stderr:
2023-11-15T04:08:54.591 INFO:teuthology.orchestra.run.smithi038.stderr: ceph telemetry on
2023-11-15T04:08:54.591 INFO:teuthology.orchestra.run.smithi038.stderr:
2023-11-15T04:08:54.592 INFO:teuthology.orchestra.run.smithi038.stderr:For more information see:
2023-11-15T04:08:54.592 INFO:teuthology.orchestra.run.smithi038.stderr:
2023-11-15T04:08:54.592 INFO:teuthology.orchestra.run.smithi038.stderr: https://docs.ceph.com/docs/pacific/mgr/telemetry/
2023-11-15T04:08:54.593 INFO:teuthology.orchestra.run.smithi038.stderr:
2023-11-15T04:08:54.593 INFO:teuthology.orchestra.run.smithi038.stderr:Bootstrap complete.
2023-11-15T04:08:54.593 INFO:teuthology.orchestra.run.smithi038.stderr:Releasing lock 140269897492968 on /run/cephadm/7bd2f4c8-836c-11ee-8dbe-212e2dc638e7.lock
2023-11-15T04:08:54.593 INFO:teuthology.orchestra.run.smithi038.stderr:Lock 140269897492968 released on /run/cephadm/7bd2f4c8-836c-11ee-8dbe-212e2dc638e7.lock
2023-11-15T04:08:54.629 INFO:tasks.cephadm:Fetching config...
2023-11-15T04:08:54.630 DEBUG:teuthology.orchestra.run.smithi038:> set -ex
2023-11-15T04:08:54.630 DEBUG:teuthology.orchestra.run.smithi038:> dd if=/etc/ceph/ceph.conf of=/dev/stdout
2023-11-15T04:08:54.692 INFO:tasks.cephadm:Fetching client.admin keyring...
2023-11-15T04:08:54.692 DEBUG:teuthology.orchestra.run.smithi038:> set -ex
2023-11-15T04:08:54.693 DEBUG:teuthology.orchestra.run.smithi038:> dd if=/etc/ceph/ceph.client.admin.keyring of=/dev/stdout
2023-11-15T04:08:54.754 INFO:tasks.cephadm:Fetching mon keyring...
2023-11-15T04:08:54.755 DEBUG:teuthology.orchestra.run.smithi038:> set -ex
2023-11-15T04:08:54.755 DEBUG:teuthology.orchestra.run.smithi038:> sudo dd if=/var/lib/ceph/7bd2f4c8-836c-11ee-8dbe-212e2dc638e7/mon.smithi038/keyring of=/dev/stdout
2023-11-15T04:08:54.830 INFO:tasks.cephadm:Fetching pub ssh key...
2023-11-15T04:08:54.830 DEBUG:teuthology.orchestra.run.smithi038:> set -ex
2023-11-15T04:08:54.830 DEBUG:teuthology.orchestra.run.smithi038:> dd if=/home/ubuntu/cephtest/ceph.pub of=/dev/stdout
2023-11-15T04:08:54.894 INFO:tasks.cephadm:Installing pub ssh key for root users...
2023-11-15T04:08:54.895 DEBUG:teuthology.orchestra.run.smithi038:> sudo install -d -m 0700 /root/.ssh && echo 'ssh-rsa AAAAB3NzaC1yc2EAAAADAQABAAABgQDAPzcLBh8oQd+ZPKGSU3Yqs8C4Iv0wSo2Z9jWPNZmoau26qVWs9/8LlVeCIHNaMtyGVEJokXXv+6VtGYU7Te9LiW//mO5pqFD2PErjjERHWggbUDSJ0z6ty8y/xPoEgmy65FPZ7JNwLX4wgdez7eOkbU2Z008MPdNktY4iOs793Vvkx1qNVQi8tWwI3Rqcz/r5GyU4qrQ2P+XzjvtKlDaY6ZN63GkFF/rviS9EWIBDJcZcSTB9jrOnua+ufU2Ootx/BA3aD9Usze5hE7bwoZnatLknFVp0wdJ3vwkEL5Cwho4M3CltPMuNJEANmTh54mhbdqLmLQLU52rEe1zrSA3In8rLN4TpuGT3KKtWAYTze7lQtQ/zLE0sh1pq+cLIA1eY/4WgPv6RGfOfi5EonoxJzt7+mem5rWVNzt0YJvAegzXobca2Znyoc8qhjgBCV87uVIcyMH8X77fxQhEWp2qEOLfp3JX/Uyt6lj0oV0THbMLBIHW38gkzAxvz2jcqUU0= ceph-7bd2f4c8-836c-11ee-8dbe-212e2dc638e7' | sudo tee -a /root/.ssh/authorized_keys && sudo chmod 0600 /root/.ssh/authorized_keys
2023-11-15T04:08:54.980 INFO:teuthology.orchestra.run.smithi038.stdout:ssh-rsa AAAAB3NzaC1yc2EAAAADAQABAAABgQDAPzcLBh8oQd+ZPKGSU3Yqs8C4Iv0wSo2Z9jWPNZmoau26qVWs9/8LlVeCIHNaMtyGVEJokXXv+6VtGYU7Te9LiW//mO5pqFD2PErjjERHWggbUDSJ0z6ty8y/xPoEgmy65FPZ7JNwLX4wgdez7eOkbU2Z008MPdNktY4iOs793Vvkx1qNVQi8tWwI3Rqcz/r5GyU4qrQ2P+XzjvtKlDaY6ZN63GkFF/rviS9EWIBDJcZcSTB9jrOnua+ufU2Ootx/BA3aD9Usze5hE7bwoZnatLknFVp0wdJ3vwkEL5Cwho4M3CltPMuNJEANmTh54mhbdqLmLQLU52rEe1zrSA3In8rLN4TpuGT3KKtWAYTze7lQtQ/zLE0sh1pq+cLIA1eY/4WgPv6RGfOfi5EonoxJzt7+mem5rWVNzt0YJvAegzXobca2Znyoc8qhjgBCV87uVIcyMH8X77fxQhEWp2qEOLfp3JX/Uyt6lj0oV0THbMLBIHW38gkzAxvz2jcqUU0= ceph-7bd2f4c8-836c-11ee-8dbe-212e2dc638e7
2023-11-15T04:08:54.993 DEBUG:teuthology.orchestra.run.smithi188:> sudo install -d -m 0700 /root/.ssh && echo 'ssh-rsa AAAAB3NzaC1yc2EAAAADAQABAAABgQDAPzcLBh8oQd+ZPKGSU3Yqs8C4Iv0wSo2Z9jWPNZmoau26qVWs9/8LlVeCIHNaMtyGVEJokXXv+6VtGYU7Te9LiW//mO5pqFD2PErjjERHWggbUDSJ0z6ty8y/xPoEgmy65FPZ7JNwLX4wgdez7eOkbU2Z008MPdNktY4iOs793Vvkx1qNVQi8tWwI3Rqcz/r5GyU4qrQ2P+XzjvtKlDaY6ZN63GkFF/rviS9EWIBDJcZcSTB9jrOnua+ufU2Ootx/BA3aD9Usze5hE7bwoZnatLknFVp0wdJ3vwkEL5Cwho4M3CltPMuNJEANmTh54mhbdqLmLQLU52rEe1zrSA3In8rLN4TpuGT3KKtWAYTze7lQtQ/zLE0sh1pq+cLIA1eY/4WgPv6RGfOfi5EonoxJzt7+mem5rWVNzt0YJvAegzXobca2Znyoc8qhjgBCV87uVIcyMH8X77fxQhEWp2qEOLfp3JX/Uyt6lj0oV0THbMLBIHW38gkzAxvz2jcqUU0= ceph-7bd2f4c8-836c-11ee-8dbe-212e2dc638e7' | sudo tee -a /root/.ssh/authorized_keys && sudo chmod 0600 /root/.ssh/authorized_keys
2023-11-15T04:08:55.037 INFO:teuthology.orchestra.run.smithi188.stdout:ssh-rsa AAAAB3NzaC1yc2EAAAADAQABAAABgQDAPzcLBh8oQd+ZPKGSU3Yqs8C4Iv0wSo2Z9jWPNZmoau26qVWs9/8LlVeCIHNaMtyGVEJokXXv+6VtGYU7Te9LiW//mO5pqFD2PErjjERHWggbUDSJ0z6ty8y/xPoEgmy65FPZ7JNwLX4wgdez7eOkbU2Z008MPdNktY4iOs793Vvkx1qNVQi8tWwI3Rqcz/r5GyU4qrQ2P+XzjvtKlDaY6ZN63GkFF/rviS9EWIBDJcZcSTB9jrOnua+ufU2Ootx/BA3aD9Usze5hE7bwoZnatLknFVp0wdJ3vwkEL5Cwho4M3CltPMuNJEANmTh54mhbdqLmLQLU52rEe1zrSA3In8rLN4TpuGT3KKtWAYTze7lQtQ/zLE0sh1pq+cLIA1eY/4WgPv6RGfOfi5EonoxJzt7+mem5rWVNzt0YJvAegzXobca2Znyoc8qhjgBCV87uVIcyMH8X77fxQhEWp2qEOLfp3JX/Uyt6lj0oV0THbMLBIHW38gkzAxvz2jcqUU0= ceph-7bd2f4c8-836c-11ee-8dbe-212e2dc638e7
2023-11-15T04:08:55.049 DEBUG:teuthology.orchestra.run.smithi038:> sudo /home/ubuntu/cephtest/cephadm --image docker.io/ceph/ceph:v16.2.4 shell -c /etc/ceph/ceph.conf -k /etc/ceph/ceph.client.admin.keyring --fsid 7bd2f4c8-836c-11ee-8dbe-212e2dc638e7 -- ceph config set mgr mgr/cephadm/allow_ptrace true
2023-11-15T04:08:56.607 INFO:teuthology.orchestra.run.smithi038.stderr:2023-11-15T04:08:56.606+0000 7f052c929700 1 -- 172.21.15.38:0/1578182133 >> [v2:172.21.15.38:3300/0,v1:172.21.15.38:6789/0] conn(0x7f05280f62a0 msgr2=0x7f05280f66c0 secure :-1 s=STATE_CONNECTION_ESTABLISHED l=1).mark_down
2023-11-15T04:08:56.608 INFO:teuthology.orchestra.run.smithi038.stderr:2023-11-15T04:08:56.606+0000 7f052c929700 1 --2- 172.21.15.38:0/1578182133 >> [v2:172.21.15.38:3300/0,v1:172.21.15.38:6789/0] conn(0x7f05280f62a0 0x7f05280f66c0 secure :-1 s=READY pgs=87 cs=0 l=1 rev1=1 rx=0x7f0518009fb0 tx=0x7f0518009b30).stop
2023-11-15T04:08:56.608 INFO:teuthology.orchestra.run.smithi038.stderr:2023-11-15T04:08:56.606+0000 7f052c929700 1 -- 172.21.15.38:0/1578182133 shutdown_connections
2023-11-15T04:08:56.608 INFO:teuthology.orchestra.run.smithi038.stderr:2023-11-15T04:08:56.606+0000 7f052c929700 1 --2- 172.21.15.38:0/1578182133 >> [v2:172.21.15.38:3300/0,v1:172.21.15.38:6789/0] conn(0x7f05280f62a0 0x7f05280f66c0 unknown :-1 s=CLOSED pgs=87 cs=0 l=1 rev1=1 rx=0 tx=0).stop
2023-11-15T04:08:56.608 INFO:teuthology.orchestra.run.smithi038.stderr:2023-11-15T04:08:56.606+0000 7f052c929700 1 -- 172.21.15.38:0/1578182133 >> 172.21.15.38:0/1578182133 conn(0x7f05280f1aa0 msgr2=0x7f05280f3ec0 unknown :-1 s=STATE_NONE l=0).mark_down
2023-11-15T04:08:56.608 INFO:teuthology.orchestra.run.smithi038.stderr:2023-11-15T04:08:56.606+0000 7f052c929700 1 -- 172.21.15.38:0/1578182133 shutdown_connections
2023-11-15T04:08:56.609 INFO:teuthology.orchestra.run.smithi038.stderr:2023-11-15T04:08:56.606+0000 7f052c929700 1 -- 172.21.15.38:0/1578182133 wait complete.
2023-11-15T04:08:56.609 INFO:teuthology.orchestra.run.smithi038.stderr:2023-11-15T04:08:56.607+0000 7f052c929700 1 Processor -- start
2023-11-15T04:08:56.609 INFO:teuthology.orchestra.run.smithi038.stderr:2023-11-15T04:08:56.607+0000 7f052c929700 1 -- start start
