2023-11-15T04:28:45.570+0000 7feaf544c700 1 -- 172.21.15.47:0/4184180333 <== mon.0 v2:172.21.15.47:3300/0 1 ==== mon_map magic: 0 v1 ==== 229+0+0 (secure 0 0 0) 0x7feaec00da20 con 0x7feaf00fab80
2023-11-15T04:28:45.576 INFO:teuthology.orchestra.run.smithi047.stderr:/usr/bin/ceph:
2023-11-15T04:28:45.571+0000 7feaf544c700 1 -- 172.21.15.47:0/4184180333 <== mon.0 v2:172.21.15.47:3300/0 2 ==== config(25 keys) v1 ==== 1010+0+0 (secure 0 0 0) 0x7feaec010470 con 0x7feaf00fab80
2023-11-15T04:28:45.576 INFO:teuthology.orchestra.run.smithi047.stderr:/usr/bin/ceph:
2023-11-15T04:28:45.571+0000 7feaf544c700 1 -- 172.21.15.47:0/4184180333 <== mon.0 v2:172.21.15.47:3300/0 3 ==== mon_map magic: 0 v1 ==== 229+0+0 (secure 0 0 0) 0x7feaec00f5b0 con 0x7feaf00fab80
2023-11-15T04:28:45.576 INFO:teuthology.orchestra.run.smithi047.stderr:/usr/bin/ceph:
2023-11-15T04:28:45.571+0000 7feaf86b2700 1 -- 172.21.15.47:0/4184180333 >> [v2:172.21.15.47:3300/0,v1:172.21.15.47:6789/0] conn(0x7feaf00fab80 msgr2=0x7feaf00fafa0 secure :-1 s=STATE_CONNECTION_ESTABLISHED l=1).mark_down
2023-11-15T04:28:45.577 INFO:teuthology.orchestra.run.smithi047.stderr:/usr/bin/ceph:
2023-11-15T04:28:45.571+0000 7feaf86b2700 1 --2- 172.21.15.47:0/4184180333 >> [v2:172.21.15.47:3300/0,v1:172.21.15.47:6789/0] conn(0x7feaf00fab80 0x7feaf00fafa0 secure :-1 s=READY pgs=47 cs=0 l=1 rev1=1 rx=0x7feaec00b870 tx=0x7feaec006f70).stop
2023-11-15T04:28:45.577 INFO:teuthology.orchestra.run.smithi047.stderr:/usr/bin/ceph:
2023-11-15T04:28:45.571+0000 7feaf86b2700 1 -- 172.21.15.47:0/4184180333 shutdown_connections
2023-11-15T04:28:45.577 INFO:teuthology.orchestra.run.smithi047.stderr:/usr/bin/ceph:
2023-11-15T04:28:45.571+0000 7feaf86b2700 1 --2- 172.21.15.47:0/4184180333 >> [v2:172.21.15.47:3300/0,v1:172.21.15.47:6789/0] conn(0x7feaf00fab80 0x7feaf00fafa0 unknown :-1 s=CLOSED pgs=47 cs=0 l=1 rev1=1 rx=0 tx=0).stop
2023-11-15T04:28:45.577 INFO:teuthology.orchestra.run.smithi047.stderr:/usr/bin/ceph:
2023-11-15T04:28:45.571+0000 7feaf86b2700 1 -- 172.21.15.47:0/4184180333 >> 172.21.15.47:0/4184180333 conn(0x7feaf00f63c0 msgr2=0x7feaf00f87e0 unknown :-1 s=STATE_NONE l=0).mark_down
2023-11-15T04:28:45.577 INFO:teuthology.orchestra.run.smithi047.stderr:/usr/bin/ceph:
2023-11-15T04:28:45.571+0000 7feaf86b2700 1 -- 172.21.15.47:0/4184180333 shutdown_connections
2023-11-15T04:28:45.578 INFO:teuthology.orchestra.run.smithi047.stderr:/usr/bin/ceph:
2023-11-15T04:28:45.571+0000 7feaf86b2700 1 -- 172.21.15.47:0/4184180333 wait complete.
2023-11-15T04:28:45.578 INFO:teuthology.orchestra.run.smithi047.stderr:/usr/bin/ceph:
2023-11-15T04:28:45.572+0000 7feaf86b2700 1 Processor -- start
2023-11-15T04:28:45.578 INFO:teuthology.orchestra.run.smithi047.stderr:/usr/bin/ceph:
2023-11-15T04:28:45.572+0000 7feaf86b2700 1 -- start start
2023-11-15T04:28:45.578 INFO:teuthology.orchestra.run.smithi047.stderr:/usr/bin/ceph:
2023-11-15T04:28:45.572+0000 7feaf86b2700 1 --2- >> [v2:172.21.15.47:3300/0,v1:172.21.15.47:6789/0] conn(0x7feaf00fab80 0x7feaf0108780 unknown :-1 s=NONE pgs=0 cs=0 l=1 rev1=0 rx=0 tx=0).connect
2023-11-15T04:28:45.578 INFO:teuthology.orchestra.run.smithi047.stderr:/usr/bin/ceph:
2023-11-15T04:28:45.572+0000 7feaf86b2700 1 -- --> [v2:172.21.15.47:3300/0,v1:172.21.15.47:6789/0] -- mon_getmap magic: 0 v1 -- 0x7feaf0108c70 con 0x7feaf00fab80
2023-11-15T04:28:45.578 INFO:teuthology.orchestra.run.smithi047.stderr:/usr/bin/ceph:
2023-11-15T04:28:45.572+0000 7feaf644e700 1 --2- >> [v2:172.21.15.47:3300/0,v1:172.21.15.47:6789/0] conn(0x7feaf00fab80 0x7feaf0108780 unknown :-1 s=BANNER_CONNECTING pgs=0 cs=0 l=1 rev1=0 rx=0 tx=0)._handle_peer_banner_payload supported=1 required=0
2023-11-15T04:28:45.579 INFO:teuthology.orchestra.run.smithi047.stderr:/usr/bin/ceph:
2023-11-15T04:28:45.572+0000 7feaf644e700 1 --2- >> [v2:172.21.15.47:3300/0,v1:172.21.15.47:6789/0] conn(0x7feaf00fab80 0x7feaf0108780 unknown :-1 s=HELLO_CONNECTING pgs=0 cs=0 l=1 rev1=1 rx=0 tx=0).handle_hello peer v2:172.21.15.47:3300/0 says I am v2:172.21.15.47:43926/0 (socket says 172.21.15.47:43926)
2023-11-15T04:28:45.579 INFO:teuthology.orchestra.run.smithi047.stderr:/usr/bin/ceph:
2023-11-15T04:28:45.572+0000 7feaf644e700 1 -- 172.21.15.47:0/2849555924 learned_addr learned my addr 172.21.15.47:0/2849555924 (peer_addr_for_me v2:172.21.15.47:0/0)
2023-11-15T04:28:45.579 INFO:teuthology.orchestra.run.smithi047.stderr:/usr/bin/ceph:
2023-11-15T04:28:45.573+0000 7feaf644e700 1 -- 172.21.15.47:0/2849555924 --> [v2:172.21.15.47:3300/0,v1:172.21.15.47:6789/0] -- mon_subscribe({config=0+,monmap=0+}) v3 -- 0x7feaec00b480 con 0x7feaf00fab80
2023-11-15T04:28:45.579 INFO:teuthology.orchestra.run.smithi047.stderr:/usr/bin/ceph:
2023-11-15T04:28:45.573+0000 7feaf644e700 1 --2- 172.21.15.47:0/2849555924 >> [v2:172.21.15.47:3300/0,v1:172.21.15.47:6789/0] conn(0x7feaf00fab80 0x7feaf0108780 secure :-1 s=READY pgs=48 cs=0 l=1 rev1=1 rx=0x7feaec006800 tx=0x7feaec006f70).ready entity=mon.0 client_cookie=0 server_cookie=0 in_seq=0 out_seq=0
2023-11-15T04:28:45.579 INFO:teuthology.orchestra.run.smithi047.stderr:/usr/bin/ceph:
2023-11-15T04:28:45.573+0000 7feadeffd700 1 -- 172.21.15.47:0/2849555924 <== mon.0 v2:172.21.15.47:3300/0 1 ==== mon_map magic: 0 v1 ==== 229+0+0 (secure 0 0 0) 0x7feaec00f820 con 0x7feaf00fab80
2023-11-15T04:28:45.580 INFO:teuthology.orchestra.run.smithi047.stderr:/usr/bin/ceph:
2023-11-15T04:28:45.573+0000 7feadeffd700 1 -- 172.21.15.47:0/2849555924 <== mon.0 v2:172.21.15.47:3300/0 2 ==== config(25 keys) v1 ==== 1010+0+0 (secure 0 0 0) 0x7feaec00fdf0 con 0x7feaf00fab80
2023-11-15T04:28:45.580 INFO:teuthology.orchestra.run.smithi047.stderr:/usr/bin/ceph:
2023-11-15T04:28:45.573+0000 7feaf86b2700 1 -- 172.21.15.47:0/2849555924 --> [v2:172.21.15.47:3300/0,v1:172.21.15.47:6789/0] -- mon_subscribe({mgrmap=0+}) v3 -- 0x7feaf0108e70 con 0x7feaf00fab80
2023-11-15T04:28:45.580 INFO:teuthology.orchestra.run.smithi047.stderr:/usr/bin/ceph:
2023-11-15T04:28:45.573+0000 7feadeffd700 1 -- 172.21.15.47:0/2849555924 <== mon.0 v2:172.21.15.47:3300/0 3 ==== mon_map magic: 0 v1 ==== 229+0+0 (secure 0 0 0) 0x7feaec019d50 con 0x7feaf00fab80
2023-11-15T04:28:45.580 INFO:teuthology.orchestra.run.smithi047.stderr:/usr/bin/ceph:
2023-11-15T04:28:45.573+0000 7feaf86b2700 1 -- 172.21.15.47:0/2849555924 --> [v2:172.21.15.47:3300/0,v1:172.21.15.47:6789/0] -- mon_subscribe({osdmap=0}) v3 -- 0x7feaf0109280 con 0x7feaf00fab80
2023-11-15T04:28:45.580 INFO:teuthology.orchestra.run.smithi047.stderr:/usr/bin/ceph:
2023-11-15T04:28:45.574+0000 7feadeffd700 1 -- 172.21.15.47:0/2849555924 <== mon.0 v2:172.21.15.47:3300/0 4 ==== mgrmap(e 8) v1 ==== 36120+0+0 (secure 0 0 0) 0x7feaec016030 con 0x7feaf00fab80
2023-11-15T04:28:45.581 INFO:teuthology.orchestra.run.smithi047.stderr:/usr/bin/ceph:
2023-11-15T04:28:45.574+0000 7feadeffd700 1 --2- 172.21.15.47:0/2849555924 >> [v2:172.21.15.47:6800/1915104696,v1:172.21.15.47:6801/1915104696] conn(0x7fead802fdb0 0x7fead8032270 unknown :-1 s=NONE pgs=0 cs=0 l=1 rev1=0 rx=0 tx=0).connect
2023-11-15T04:28:45.581 INFO:teuthology.orchestra.run.smithi047.stderr:/usr/bin/ceph:
2023-11-15T04:28:45.574+0000 7feadeffd700 1 -- 172.21.15.47:0/2849555924 <== mon.0 v2:172.21.15.47:3300/0 5 ==== osd_map(2..2 src has 1..2) v4 ==== 926+0+0 (secure 0 0 0) 0x7feaec043f40 con 0x7feaf00fab80
2023-11-15T04:28:45.581 INFO:teuthology.orchestra.run.smithi047.stderr:/usr/bin/ceph:
2023-11-15T04:28:45.574+0000 7feaf5c4d700 1 --2- 172.21.15.47:0/2849555924 >> [v2:172.21.15.47:6800/1915104696,v1:172.21.15.47:6801/1915104696] conn(0x7fead802fdb0 0x7fead8032270 unknown :-1 s=BANNER_CONNECTING pgs=0 cs=0 l=1 rev1=0 rx=0 tx=0)._handle_peer_banner_payload supported=1 required=0
2023-11-15T04:28:45.581 INFO:teuthology.orchestra.run.smithi047.stderr:/usr/bin/ceph:
2023-11-15T04:28:45.574+0000 7feaf86b2700 1 -- 172.21.15.47:0/2849555924 --> [v2:172.21.15.47:3300/0,v1:172.21.15.47:6789/0] -- mon_command({"prefix": "get_command_descriptions"} v 0) v1 -- 0x7feaf0059100 con 0x7feaf00fab80
2023-11-15T04:28:45.582 INFO:teuthology.orchestra.run.smithi047.stderr:/usr/bin/ceph:
2023-11-15T04:28:45.575+0000 7feaf5c4d700 1 --2- 172.21.15.47:0/2849555924 >> [v2:172.21.15.47:6800/1915104696,v1:172.21.15.47:6801/1915104696] conn(0x7fead802fdb0 0x7fead8032270 secure :-1 s=READY pgs=14 cs=0 l=1 rev1=1 rx=0x7feae00096a0 tx=0x7feae0006b40).ready entity=mgr.14116 client_cookie=0 server_cookie=0 in_seq=0 out_seq=0
2023-11-15T04:28:45.582 INFO:teuthology.orchestra.run.smithi047.stderr:/usr/bin/ceph:
2023-11-15T04:28:45.579+0000 7feadeffd700 1 -- 172.21.15.47:0/2849555924 <== mon.0 v2:172.21.15.47:3300/0 6 ==== mon_command_ack([{"prefix": "get_command_descriptions"}]=0 v0) v1 ==== 72+0+152212 (secure 0 0 0) 0x7feaec014080 con 0x7feaf00fab80
2023-11-15T04:28:45.785 INFO:teuthology.orchestra.run.smithi047.stderr:/usr/bin/ceph:
2023-11-15T04:28:45.784+0000 7feaf86b2700 1 -- 172.21.15.47:0/2849555924 --> [v2:172.21.15.47:3300/0,v1:172.21.15.47:6789/0] -- mon_command({"prefix": "mgr module enable", "module": "prometheus"} v 0) v1 -- 0x7feaf0045ad0 con 0x7feaf00fab80
2023-11-15T04:28:46.007 INFO:journalctl@ceph.mon.smithi047.smithi047.stdout:Nov 15 04:28:45 smithi047 ceph-4f7ad8e8-836f-11ee-8dbe-212e2dc638e7-mon.smithi047[112378]: audit
2023-11-15T04:28:43.873974+0000 mgr.smithi047.zgysuz (mgr.14116) 12 : audit [DBG] from='client.14138 -' entity='client.admin' cmd=[{"prefix": "orch apply", "service_type": "mgr", "target": ["mon-mgr", ""]}]: dispatch
2023-11-15T04:28:46.007 INFO:journalctl@ceph.mon.smithi047.smithi047.stdout:Nov 15 04:28:45 smithi047 ceph-4f7ad8e8-836f-11ee-8dbe-212e2dc638e7-mon.smithi047[112378]: cephadm
2023-11-15T04:28:43.874531+0000 mgr.smithi047.zgysuz (mgr.14116) 13 : cephadm [INF] Saving service mgr spec with placement count:2
2023-11-15T04:28:46.007 INFO:journalctl@ceph.mon.smithi047.smithi047.stdout:Nov 15 04:28:45 smithi047 ceph-4f7ad8e8-836f-11ee-8dbe-212e2dc638e7-mon.smithi047[112378]: audit
2023-11-15T04:28:44.884233+0000 mon.smithi047 (mon.0) 59 : audit [INF] from='mgr.14116 172.21.15.47:0/1193069690' entity='mgr.smithi047.zgysuz'
2023-11-15T04:28:46.680 INFO:teuthology.orchestra.run.smithi047.stderr:/usr/bin/ceph:
2023-11-15T04:28:46.679+0000 7feadeffd700 1 -- 172.21.15.47:0/2849555924 <== mon.0 v2:172.21.15.47:3300/0 7 ==== mgrmap(e 9) v1 ==== 36134+0+0 (secure 0 0 0) 0x7feaec019550 con 0x7feaf00fab80
2023-11-15T04:28:46.682 INFO:teuthology.orchestra.run.smithi047.stderr:/usr/bin/ceph:
2023-11-15T04:28:46.681+0000 7feadeffd700 1 -- 172.21.15.47:0/2849555924 <== mon.0 v2:172.21.15.47:3300/0 8 ==== mon_command_ack([{"prefix": "mgr module enable", "module": "prometheus"}]=0 v9) v1 ==== 89+0+0 (secure 0 0 0) 0x7feaec005d50 con 0x7feaf00fab80
2023-11-15T04:28:46.685 INFO:teuthology.orchestra.run.smithi047.stderr:/usr/bin/ceph:
2023-11-15T04:28:46.684+0000 7feaf86b2700 1 -- 172.21.15.47:0/2849555924 >> [v2:172.21.15.47:6800/1915104696,v1:172.21.15.47:6801/1915104696] conn(0x7fead802fdb0 msgr2=0x7fead8032270 secure :-1 s=STATE_CONNECTION_ESTABLISHED l=1).mark_down
2023-11-15T04:28:46.685 INFO:teuthology.orchestra.run.smithi047.stderr:/usr/bin/ceph:
2023-11-15T04:28:46.684+0000 7feaf86b2700 1 --2- 172.21.15.47:0/2849555924 >> [v2:172.21.15.47:6800/1915104696,v1:172.21.15.47:6801/1915104696] conn(0x7fead802fdb0 0x7fead8032270 secure :-1 s=READY pgs=14 cs=0 l=1 rev1=1 rx=0x7feae00096a0 tx=0x7feae0006b40).stop
2023-11-15T04:28:46.685 INFO:teuthology.orchestra.run.smithi047.stderr:/usr/bin/ceph:
2023-11-15T04:28:46.684+0000 7feaf86b2700 1 -- 172.21.15.47:0/2849555924 >> [v2:172.21.15.47:3300/0,v1:172.21.15.47:6789/0] conn(0x7feaf00fab80 msgr2=0x7feaf0108780 secure :-1 s=STATE_CONNECTION_ESTABLISHED l=1).mark_down
2023-11-15T04:28:46.686 INFO:teuthology.orchestra.run.smithi047.stderr:/usr/bin/ceph:
2023-11-15T04:28:46.684+0000 7feaf86b2700 1 --2- 172.21.15.47:0/2849555924 >> [v2:172.21.15.47:3300/0,v1:172.21.15.47:6789/0] conn(0x7feaf00fab80 0x7feaf0108780 secure :-1 s=READY pgs=48 cs=0 l=1 rev1=1 rx=0x7feaec006800 tx=0x7feaec006f70).stop
2023-11-15T04:28:46.686 INFO:teuthology.orchestra.run.smithi047.stderr:/usr/bin/ceph:
2023-11-15T04:28:46.684+0000 7feaf86b2700 1 -- 172.21.15.47:0/2849555924 shutdown_connections
2023-11-15T04:28:46.687 INFO:teuthology.orchestra.run.smithi047.stderr:/usr/bin/ceph:
2023-11-15T04:28:46.684+0000 7feaf86b2700 1 --2- 172.21.15.47:0/2849555924 >> [v2:172.21.15.47:6800/1915104696,v1:172.21.15.47:6801/1915104696] conn(0x7fead802fdb0 0x7fead8032270 unknown :-1 s=CLOSED pgs=14 cs=0 l=1 rev1=1 rx=0 tx=0).stop
2023-11-15T04:28:46.687 INFO:teuthology.orchestra.run.smithi047.stderr:/usr/bin/ceph:
2023-11-15T04:28:46.684+0000 7feaf86b2700 1 --2- 172.21.15.47:0/2849555924 >> [v2:172.21.15.47:3300/0,v1:172.21.15.47:6789/0] conn(0x7feaf00fab80 0x7feaf0108780 unknown :-1 s=CLOSED pgs=48 cs=0 l=1 rev1=1 rx=0 tx=0).stop
2023-11-15T04:28:46.687 INFO:teuthology.orchestra.run.smithi047.stderr:/usr/bin/ceph:
2023-11-15T04:28:46.684+0000 7feaf86b2700 1 -- 172.21.15.47:0/2849555924 >> 172.21.15.47:0/2849555924 conn(0x7feaf00f63c0 msgr2=0x7feaf00ff910 unknown :-1 s=STATE_NONE l=0).mark_down
2023-11-15T04:28:46.687 INFO:teuthology.orchestra.run.smithi047.stderr:/usr/bin/ceph:
2023-11-15T04:28:46.684+0000 7feaf86b2700 1 -- 172.21.15.47:0/2849555924 shutdown_connections
2023-11-15T04:28:46.687 INFO:teuthology.orchestra.run.smithi047.stderr:/usr/bin/ceph:
2023-11-15T04:28:46.684+0000 7feaf86b2700 1 -- 172.21.15.47:0/2849555924 wait complete.
2023-11-15T04:28:46.994 INFO:journalctl@ceph.mon.smithi047.smithi047.stdout:Nov 15 04:28:46 smithi047 ceph-4f7ad8e8-836f-11ee-8dbe-212e2dc638e7-mon.smithi047[112378]: audit
2023-11-15T04:28:44.881213+0000 mgr.smithi047.zgysuz (mgr.14116) 14 : audit [DBG] from='client.14140 -' entity='client.admin' cmd=[{"prefix": "orch apply", "service_type": "crash", "target": ["mon-mgr", ""]}]: dispatch
2023-11-15T04:28:46.994 INFO:journalctl@ceph.mon.smithi047.smithi047.stdout:Nov 15 04:28:46 smithi047 ceph-4f7ad8e8-836f-11ee-8dbe-212e2dc638e7-mon.smithi047[112378]: cephadm
2023-11-15T04:28:44.881929+0000 mgr.smithi047.zgysuz (mgr.14116) 15 : cephadm [INF] Saving service crash spec with placement *
2023-11-15T04:28:46.994 INFO:journalctl@ceph.mon.smithi047.smithi047.stdout:Nov 15 04:28:46 smithi047 ceph-4f7ad8e8-836f-11ee-8dbe-212e2dc638e7-mon.smithi047[112378]: audit
2023-11-15T04:28:45.785737+0000 mon.smithi047 (mon.0) 60 : audit [INF] from='client.? 172.21.15.47:0/2849555924' entity='client.admin' cmd=[{"prefix": "mgr module enable", "module": "prometheus"}]: dispatch
2023-11-15T04:28:47.049 INFO:teuthology.orchestra.run.smithi047.stderr:Deploying prometheus service with default placement...
2023-11-15T04:28:47.050 INFO:teuthology.orchestra.run.smithi047.stderr:Running command: /bin/podman run --rm --ipc=host --no-hosts --net=host --entrypoint /usr/bin/ceph --init -e CONTAINER_IMAGE=docker.io/ceph/ceph:v16.2.4 -e NODE_NAME=smithi047 -e CEPH_USE_RANDOM_NONCE=1 -v /var/log/ceph/4f7ad8e8-836f-11ee-8dbe-212e2dc638e7:/var/log/ceph:z -v /tmp/ceph-tmpp70flr7h:/etc/ceph/ceph.client.admin.keyring:z -v /tmp/ceph-tmpv3y72e6l:/etc/ceph/ceph.conf:z docker.io/ceph/ceph:v16.2.4 orch apply prometheus
2023-11-15T04:28:47.417 INFO:teuthology.orchestra.run.smithi047.stderr:/usr/bin/ceph:
2023-11-15T04:28:47.416+0000 7f8578c49700 1 Processor -- start
2023-11-15T04:28:47.417 INFO:teuthology.orchestra.run.smithi047.stderr:/usr/bin/ceph:
2023-11-15T04:28:47.416+0000 7f8578c49700 1 -- start start
2023-11-15T04:28:47.419 INFO:teuthology.orchestra.run.smithi047.stderr:/usr/bin/ceph:
2023-11-15T04:28:47.416+0000 7f8578c49700 1 --2- >> [v2:172.21.15.47:3300/0,v1:172.21.15.47:6789/0] conn(0x7f8574070430 0x7f85740fe8e0 unknown :-1 s=NONE pgs=0 cs=0 l=0 rev1=0 rx=0 tx=0).connect
2023-11-15T04:28:47.419 INFO:teuthology.orchestra.run.smithi047.stderr:/usr/bin/ceph:
2023-11-15T04:28:47.416+0000 7f8578c49700 1 -- --> [v2:172.21.15.47:3300/0,v1:172.21.15.47:6789/0] -- mon_getmap magic: 0 v1 -- 0x7f85740fedd0 con 0x7f8574070430
2023-11-15T04:28:47.420 INFO:teuthology.orchestra.run.smithi047.stderr:/usr/bin/ceph:
2023-11-15T04:28:47.416+0000 7f857259c700 1 --2- >> [v2:172.21.15.47:3300/0,v1:172.21.15.47:6789/0] conn(0x7f8574070430 0x7f85740fe8e0 unknown :-1 s=BANNER_CONNECTING pgs=0 cs=0 l=0 rev1=0 rx=0 tx=0)._handle_peer_banner_payload supported=1 required=0
2023-11-15T04:28:47.420 INFO:teuthology.orchestra.run.smithi047.stderr:/usr/bin/ceph:
2023-11-15T04:28:47.416+0000 7f857259c700 1 --2- >> [v2:172.21.15.47:3300/0,v1:172.21.15.47:6789/0] conn(0x7f8574070430 0x7f85740fe8e0 unknown :-1 s=HELLO_CONNECTING pgs=0 cs=0 l=0 rev1=1 rx=0 tx=0).handle_hello peer v2:172.21.15.47:3300/0 says I am v2:172.21.15.47:43948/0 (socket says 172.21.15.47:43948)
2023-11-15T04:28:47.420 INFO:teuthology.orchestra.run.smithi047.stderr:/usr/bin/ceph:
2023-11-15T04:28:47.416+0000 7f857259c700 1 -- 172.21.15.47:0/2480182405 learned_addr learned my addr 172.21.15.47:0/2480182405 (peer_addr_for_me v2:172.21.15.47:0/0)
2023-11-15T04:28:47.420 INFO:teuthology.orchestra.run.smithi047.stderr:/usr/bin/ceph:
2023-11-15T04:28:47.417+0000 7f857259c700 1 -- 172.21.15.47:0/2480182405 --> [v2:172.21.15.47:3300/0,v1:172.21.15.47:6789/0] -- mon_subscribe({config=0+,monmap=0+}) v3 -- 0x7f85740fef10 con 0x7f8574070430
2023-11-15T04:28:47.420 INFO:teuthology.orchestra.run.smithi047.stderr:/usr/bin/ceph:
2023-11-15T04:28:47.417+0000 7f857259c700 1 --2- 172.21.15.47:0/2480182405 >> [v2:172.21.15.47:3300/0,v1:172.21.15.47:6789/0] conn(0x7f8574070430 0x7f85740fe8e0 secure :-1 s=READY pgs=51 cs=0 l=1 rev1=1 rx=0x7f856400b5f0 tx=0x7f8564006ee0).ready entity=mon.0 client_cookie=e10af74d29bb9c3b server_cookie=0 in_seq=0 out_seq=0
2023-11-15T04:28:47.420 INFO:teuthology.orchestra.run.smithi047.stderr:/usr/bin/ceph:
2023-11-15T04:28:47.417+0000 7f857159a700 1 -- 172.21.15.47:0/2480182405 <== mon.0 v2:172.21.15.47:3300/0 1 ==== mon_map magic: 0 v1 ==== 229+0+0 (secure 0 0 0) 0x7f856400d600 con 0x7f8574070430
2023-11-15T04:28:47.421 INFO:teuthology.orchestra.run.smithi047.stderr:/usr/bin/ceph:
2023-11-15T04:28:47.417+0000 7f857159a700 1 -- 172.21.15.47:0/2480182405 <== mon.0 v2:172.21.15.47:3300/0 2 ==== config(25 keys) v1 ==== 1010+0+0 (secure 0 0 0) 0x7f856400dbd0 con 0x7f8574070430
2023-11-15T04:28:47.421 INFO:teuthology.orchestra.run.smithi047.stderr:/usr/bin/ceph:
2023-11-15T04:28:47.417+0000 7f857159a700 1 -- 172.21.15.47:0/2480182405 <== mon.0 v2:172.21.15.47:3300/0 3 ==== mon_map magic: 0 v1 ==== 229+0+0 (secure 0 0 0) 0x7f8564011c00 con 0x7f8574070430
2023-11-15T04:28:47.421 INFO:teuthology.orchestra.run.smithi047.stderr:/usr/bin/ceph:
2023-11-15T04:28:47.418+0000 7f8578c49700 1 -- 172.21.15.47:0/2480182405 >> [v2:172.21.15.47:3300/0,v1:172.21.15.47:6789/0] conn(0x7f8574070430 msgr2=0x7f85740fe8e0 secure :-1 s=STATE_CONNECTION_ESTABLISHED l=1).mark_down
2023-11-15T04:28:47.421 INFO:teuthology.orchestra.run.smithi047.stderr:/usr/bin/ceph:
2023-11-15T04:28:47.418+0000 7f8578c49700 1 --2- 172.21.15.47:0/2480182405 >> [v2:172.21.15.47:3300/0,v1:172.21.15.47:6789/0] conn(0x7f8574070430 0x7f85740fe8e0 secure :-1 s=READY pgs=51 cs=0 l=1 rev1=1 rx=0x7f856400b5f0 tx=0x7f8564006ee0).stop
2023-11-15T04:28:47.421 INFO:teuthology.orchestra.run.smithi047.stderr:/usr/bin/ceph:
2023-11-15T04:28:47.418+0000 7f8578c49700 1 -- 172.21.15.47:0/2480182405 shutdown_connections
2023-11-15T04:28:47.422 INFO:teuthology.orchestra.run.smithi047.stderr:/usr/bin/ceph:
2023-11-15T04:28:47.418+0000 7f8578c49700 1 --2- 172.21.15.47:0/2480182405 >> [v2:172.21.15.47:3300/0,v1:172.21.15.47:6789/0] conn(0x7f8574070430 0x7f85740fe8e0 unknown :-1 s=CLOSED pgs=51 cs=0 l=1 rev1=1 rx=0 tx=0).stop
2023-11-15T04:28:47.422 INFO:teuthology.orchestra.run.smithi047.stderr:/usr/bin/ceph:
2023-11-15T04:28:47.418+0000 7f8578c49700 1 -- 172.21.15.47:0/2480182405 >> 172.21.15.47:0/2480182405 conn(0x7f85740f63c0 msgr2=0x7f85740f87e0 unknown :-1 s=STATE_NONE l=0).mark_down
2023-11-15T04:28:47.422 INFO:teuthology.orchestra.run.smithi047.stderr:/usr/bin/ceph:
2023-11-15T04:28:47.418+0000 7f8578c49700 1 -- 172.21.15.47:0/2480182405 shutdown_connections
2023-11-15T04:28:47.422 INFO:teuthology.orchestra.run.smithi047.stderr:/usr/bin/ceph:
2023-11-15T04:28:47.418+0000 7f8578c49700 1 -- 172.21.15.47:0/2480182405 wait complete.
2023-11-15T04:28:47.422 INFO:teuthology.orchestra.run.smithi047.stderr:/usr/bin/ceph:
2023-11-15T04:28:47.419+0000 7f8578c49700 1 Processor -- start
2023-11-15T04:28:47.423 INFO:teuthology.orchestra.run.smithi047.stderr:/usr/bin/ceph:
2023-11-15T04:28:47.419+0000 7f8578c49700 1 -- start start
2023-11-15T04:28:47.425 INFO:teuthology.orchestra.run.smithi047.stderr:/usr/bin/ceph:
2023-11-15T04:28:47.419+0000 7f8578c49700 1 --2- >> [v2:172.21.15.47:3300/0,v1:172.21.15.47:6789/0] conn(0x7f8574070430 0x7f857410aa00 unknown :-1 s=NONE pgs=0 cs=0 l=1 rev1=0 rx=0 tx=0).connect
2023-11-15T04:28:47.425 INFO:teuthology.orchestra.run.smithi047.stderr:/usr/bin/ceph:
2023-11-15T04:28:47.419+0000 7f8578c49700 1 -- --> [v2:172.21.15.47:3300/0,v1:172.21.15.47:6789/0] -- mon_getmap magic: 0 v1 -- 0x7f857410aef0 con 0x7f8574070430
2023-11-15T04:28:47.425 INFO:teuthology.orchestra.run.smithi047.stderr:/usr/bin/ceph:
2023-11-15T04:28:47.419+0000 7f857259c700 1 --2- >> [v2:172.21.15.47:3300/0,v1:172.21.15.47:6789/0] conn(0x7f8574070430 0x7f857410aa00 unknown :-1 s=BANNER_CONNECTING pgs=0 cs=0 l=1 rev1=0 rx=0 tx=0)._handle_peer_banner_payload supported=1 required=0
2023-11-15T04:28:47.425 INFO:teuthology.orchestra.run.smithi047.stderr:/usr/bin/ceph:
2023-11-15T04:28:47.419+0000 7f857259c700 1 --2- >> [v2:172.21.15.47:3300/0,v1:172.21.15.47:6789/0] conn(0x7f8574070430 0x7f857410aa00 unknown :-1 s=HELLO_CONNECTING pgs=0 cs=0 l=1 rev1=1 rx=0 tx=0).handle_hello peer v2:172.21.15.47:3300/0 says I am v2:172.21.15.47:43954/0 (socket says 172.21.15.47:43954)
2023-11-15T04:28:47.426 INFO:teuthology.orchestra.run.smithi047.stderr:/usr/bin/ceph:
2023-11-15T04:28:47.419+0000 7f857259c700 1 -- 172.21.15.47:0/3648242846 learned_addr learned my addr 172.21.15.47:0/3648242846 (peer_addr_for_me v2:172.21.15.47:0/0)
2023-11-15T04:28:47.426 INFO:teuthology.orchestra.run.smithi047.stderr:/usr/bin/ceph:
2023-11-15T04:28:47.420+0000 7f857259c700 1 -- 172.21.15.47:0/3648242846 --> [v2:172.21.15.47:3300/0,v1:172.21.15.47:6789/0] -- mon_subscribe({config=0+,monmap=0+}) v3 -- 0x7f856400b200 con 0x7f8574070430
2023-11-15T04:28:47.426 INFO:teuthology.orchestra.run.smithi047.stderr:/usr/bin/ceph:
2023-11-15T04:28:47.420+0000 7f857259c700 1 --2- 172.21.15.47:0/3648242846 >> [v2:172.21.15.47:3300/0,v1:172.21.15.47:6789/0] conn(0x7f8574070430 0x7f857410aa00 secure :-1 s=READY pgs=52 cs=0 l=1 rev1=1 rx=0x7f856400b190 tx=0x7f8564006ee0).ready entity=mon.0 client_cookie=0 server_cookie=0 in_seq=0 out_seq=0
2023-11-15T04:28:47.426 INFO:teuthology.orchestra.run.smithi047.stderr:/usr/bin/ceph:
2023-11-15T04:28:47.420+0000 7f8562ffd700 1 -- 172.21.15.47:0/3648242846 <== mon.0 v2:172.21.15.47:3300/0 1 ==== mon_map magic: 0 v1 ==== 229+0+0 (secure 0 0 0) 0x7f856401b410 con 0x7f8574070430
2023-11-15T04:28:47.427 INFO:teuthology.orchestra.run.smithi047.stderr:/usr/bin/ceph:
2023-11-15T04:28:47.420+0000 7f8562ffd700 1 -- 172.21.15.47:0/3648242846 <== mon.0 v2:172.21.15.47:3300/0 2 ==== config(25 keys) v1 ==== 1010+0+0 (secure 0 0 0) 0x7f856401b9e0 con 0x7f8574070430
2023-11-15T04:28:47.427 INFO:teuthology.orchestra.run.smithi047.stderr:/usr/bin/ceph:
2023-11-15T04:28:47.420+0000 7f8578c49700 1 -- 172.21.15.47:0/3648242846 --> [v2:172.21.15.47:3300/0,v1:172.21.15.47:6789/0] -- mon_subscribe({mgrmap=0+}) v3 -- 0x7f857410b0f0 con 0x7f8574070430
2023-11-15T04:28:47.427 INFO:teuthology.orchestra.run.smithi047.stderr:/usr/bin/ceph:
2023-11-15T04:28:47.420+0000 7f8562ffd700 1 -- 172.21.15.47:0/3648242846 <== mon.0 v2:172.21.15.47:3300/0 3 ==== mon_map magic: 0 v1 ==== 229+0+0 (secure 0 0 0) 0x7f856401a880 con 0x7f8574070430
2023-11-15T04:28:47.427 INFO:teuthology.orchestra.run.smithi047.stderr:/usr/bin/ceph:
2023-11-15T04:28:47.420+0000 7f8578c49700 1 -- 172.21.15.47:0/3648242846 --> [v2:172.21.15.47:3300/0,v1:172.21.15.47:6789/0] -- mon_subscribe({osdmap=0}) v3 -- 0x7f857410b500 con 0x7f8574070430
2023-11-15T04:28:47.427 INFO:teuthology.orchestra.run.smithi047.stderr:/usr/bin/ceph:
2023-11-15T04:28:47.421+0000 7f8562ffd700 1 -- 172.21.15.47:0/3648242846 <== mon.0 v2:172.21.15.47:3300/0 4 ==== mgrmap(e 9) v1 ==== 36134+0+0 (secure 0 0 0) 0x7f856400f070 con 0x7f8574070430
2023-11-15T04:28:47.427 INFO:teuthology.orchestra.run.smithi047.stderr:/usr/bin/ceph:
2023-11-15T04:28:47.421+0000 7f8562ffd700 1 --2- 172.21.15.47:0/3648242846 >> [v2:172.21.15.47:6800/1915104696,v1:172.21.15.47:6801/1915104696] conn(0x7f855802fe00 0x7f85580322c0 unknown :-1 s=NONE pgs=0 cs=0 l=1 rev1=0 rx=0 tx=0).connect
2023-11-15T04:28:47.428 INFO:teuthology.orchestra.run.smithi047.stderr:/usr/bin/ceph:
2023-11-15T04:28:47.421+0000 7f8562ffd700 1 -- 172.21.15.47:0/3648242846 <== mon.0 v2:172.21.15.47:3300/0 5 ==== osd_map(2..2 src has 1..2) v4 ==== 926+0+0 (secure 0 0 0) 0x7f8564041270 con 0x7f8574070430
2023-11-15T04:28:47.428 INFO:teuthology.orchestra.run.smithi047.stderr:/usr/bin/ceph:
2023-11-15T04:28:47.421+0000 7f8578c49700 1 -- 172.21.15.47:0/3648242846 --> [v2:172.21.15.47:3300/0,v1:172.21.15.47:6789/0] -- mon_command({"prefix": "get_command_descriptions"} v 0) v1 -- 0x7f8574045ad0 con 0x7f8574070430
2023-11-15T04:28:47.428 INFO:teuthology.orchestra.run.smithi047.stderr:/usr/bin/ceph:
2023-11-15T04:28:47.421+0000 7f8571d9b700 1 -- 172.21.15.47:0/3648242846 >> [v2:172.21.15.47:6800/1915104696,v1:172.21.15.47:6801/1915104696] conn(0x7f855802fe00 msgr2=0x7f85580322c0 unknown :-1 s=STATE_CONNECTING_RE l=1).process reconnect failed to v2:172.21.15.47:6800/1915104696
2023-11-15T04:28:47.428 INFO:teuthology.orchestra.run.smithi047.stderr:/usr/bin/ceph:
2023-11-15T04:28:47.421+0000 7f8571d9b700 1 --2- 172.21.15.47:0/3648242846 >> [v2:172.21.15.47:6800/1915104696,v1:172.21.15.47:6801/1915104696] conn(0x7f855802fe00 0x7f85580322c0 unknown :-1 s=START_CONNECT pgs=0 cs=0 l=1 rev1=0 rx=0 tx=0)._fault waiting 0.200000
2023-11-15T04:28:47.429 INFO:teuthology.orchestra.run.smithi047.stderr:/usr/bin/ceph:
2023-11-15T04:28:47.426+0000 7f8562ffd700 1 -- 172.21.15.47:0/3648242846 <== mon.0 v2:172.21.15.47:3300/0 6 ==== mon_command_ack([{"prefix": "get_command_descriptions"}]=0 v0) v1 ==== 72+0+152212 (secure 0 0 0) 0x7f8564016070 con 0x7f8574070430
2023-11-15T04:28:47.620 INFO:teuthology.orchestra.run.smithi047.stderr:/usr/bin/ceph:
2023-11-15T04:28:47.619+0000 7f8578c49700 1 -- 172.21.15.47:0/3648242846 --> [v2:172.21.15.47:6800/1915104696,v1:172.21.15.47:6801/1915104696] -- mgr_command(tid 0: {"prefix": "orch apply", "service_type": "prometheus", "target": ["mon-mgr", ""]}) v1 -- 0x7f8574104960 con 0x7f855802fe00
2023-11-15T04:28:47.622 INFO:teuthology.orchestra.run.smithi047.stderr:/usr/bin/ceph:
2023-11-15T04:28:47.622+0000 7f8571d9b700 1 -- 172.21.15.47:0/3648242846 >> [v2:172.21.15.47:6800/1915104696,v1:172.21.15.47:6801/1915104696] conn(0x7f855802fe00 msgr2=0x7f85580322c0 unknown :-1 s=STATE_CONNECTING_RE l=1).process reconnect failed to v2:172.21.15.47:6800/1915104696
2023-11-15T04:28:47.622 INFO:teuthology.orchestra.run.smithi047.stderr:/usr/bin/ceph:
2023-11-15T04:28:47.622+0000 7f8571d9b700 1 --2- 172.21.15.47:0/3648242846 >> [v2:172.21.15.47:6800/1915104696,v1:172.21.15.47:6801/1915104696] conn(0x7f855802fe00 0x7f85580322c0 unknown :-1 s=START_CONNECT pgs=0 cs=0 l=1 rev1=0 rx=0 tx=0)._fault waiting 0.400000
2023-11-15T04:28:48.007 INFO:journalctl@ceph.mon.smithi047.smithi047.stdout:Nov 15 04:28:47 smithi047 ceph-4f7ad8e8-836f-11ee-8dbe-212e2dc638e7-mon.smithi047[112378]: audit
2023-11-15T04:28:46.682303+0000 mon.smithi047 (mon.0) 61 : audit [INF] from='client.? 172.21.15.47:0/2849555924' entity='client.admin' cmd='[{"prefix": "mgr module enable", "module": "prometheus"}]': finished
2023-11-15T04:28:48.007 INFO:journalctl@ceph.mon.smithi047.smithi047.stdout:Nov 15 04:28:47 smithi047 ceph-4f7ad8e8-836f-11ee-8dbe-212e2dc638e7-mon.smithi047[112378]: cluster
2023-11-15T04:28:46.682369+0000 mon.smithi047 (mon.0) 62 : cluster [DBG] mgrmap e9: smithi047.zgysuz(active, since 17s)
2023-11-15T04:28:48.024 INFO:teuthology.orchestra.run.smithi047.stderr:/usr/bin/ceph:
2023-11-15T04:28:48.023+0000 7f8571d9b700 1 -- 172.21.15.47:0/3648242846 >> [v2:172.21.15.47:6800/1915104696,v1:172.21.15.47:6801/1915104696] conn(0x7f855802fe00 msgr2=0x7f85580322c0 unknown :-1 s=STATE_CONNECTING_RE l=1).process reconnect failed to v2:172.21.15.47:6800/1915104696
2023-11-15T04:28:48.024 INFO:teuthology.orchestra.run.smithi047.stderr:/usr/bin/ceph:
2023-11-15T04:28:48.023+0000 7f8571d9b700 1 --2- 172.21.15.47:0/3648242846 >> [v2:172.21.15.47:6800/1915104696,v1:172.21.15.47:6801/1915104696] conn(0x7f855802fe00 0x7f85580322c0 unknown :-1 s=START_CONNECT pgs=0 cs=0 l=1 rev1=0 rx=0 tx=0)._fault waiting 0.800000
2023-11-15T04:28:48.825 INFO:teuthology.orchestra.run.smithi047.stderr:/usr/bin/ceph:
2023-11-15T04:28:48.824+0000 7f8571d9b700 1 -- 172.21.15.47:0/3648242846 >> [v2:172.21.15.47:6800/1915104696,v1:172.21.15.47:6801/1915104696] conn(0x7f855802fe00 msgr2=0x7f85580322c0 unknown :-1 s=STATE_CONNECTING_RE l=1).process reconnect failed to v2:172.21.15.47:6800/1915104696
2023-11-15T04:28:48.825 INFO:teuthology.orchestra.run.smithi047.stderr:/usr/bin/ceph:
2023-11-15T04:28:48.824+0000 7f8571d9b700 1 --2- 172.21.15.47:0/3648242846 >> [v2:172.21.15.47:6800/1915104696,v1:172.21.15.47:6801/1915104696] conn(0x7f855802fe00 0x7f85580322c0 unknown :-1 s=START_CONNECT pgs=0 cs=0 l=1 rev1=0 rx=0 tx=0)._fault waiting 1.600000
2023-11-15T04:28:50.427 INFO:teuthology.orchestra.run.smithi047.stderr:/usr/bin/ceph:
2023-11-15T04:28:50.425+0000 7f8571d9b700 1 -- 172.21.15.47:0/3648242846 >> [v2:172.21.15.47:6800/1915104696,v1:172.21.15.47:6801/1915104696] conn(0x7f855802fe00 msgr2=0x7f85580322c0 unknown :-1 s=STATE_CONNECTING_RE l=1).process reconnect failed to v2:172.21.15.47:6800/1915104696
2023-11-15T04:28:50.427 INFO:teuthology.orchestra.run.smithi047.stderr:/usr/bin/ceph:
2023-11-15T04:28:50.425+0000 7f8571d9b700 1 --2- 172.21.15.47:0/3648242846 >> [v2:172.21.15.47:6800/1915104696,v1:172.21.15.47:6801/1915104696] conn(0x7f855802fe00 0x7f85580322c0 unknown :-1 s=START_CONNECT pgs=0 cs=0 l=1 rev1=0 rx=0 tx=0)._fault waiting 3.200000
2023-11-15T04:28:52.679 INFO:teuthology.orchestra.run.smithi047.stderr:/usr/bin/ceph:
2023-11-15T04:28:52.678+0000 7f8562ffd700 1 -- 172.21.15.47:0/3648242846 <== mon.0 v2:172.21.15.47:3300/0 7 ==== mgrmap(e 10) v1 ==== 35984+0+0 (secure 0 0 0) 0x7f8564025460 con 0x7f8574070430
2023-11-15T04:28:52.679 INFO:teuthology.orchestra.run.smithi047.stderr:/usr/bin/ceph:
2023-11-15T04:28:52.678+0000 7f8562ffd700 1 -- 172.21.15.47:0/3648242846 >> [v2:172.21.15.47:6800/1915104696,v1:172.21.15.47:6801/1915104696] conn(0x7f855802fe00 msgr2=0x7f85580322c0 unknown :-1 s=STATE_CONNECTING l=1).mark_down
2023-11-15T04:28:52.679 INFO:teuthology.orchestra.run.smithi047.stderr:/usr/bin/ceph:
2023-11-15T04:28:52.678+0000 7f8562ffd700 1 --2- 172.21.15.47:0/3648242846 >> [v2:172.21.15.47:6800/1915104696,v1:172.21.15.47:6801/1915104696] conn(0x7f855802fe00 0x7f85580322c0 unknown :-1 s=START_CONNECT pgs=0 cs=0 l=1 rev1=0 rx=0 tx=0).stop
2023-11-15T04:28:53.681 INFO:teuthology.orchestra.run.smithi047.stderr:/usr/bin/ceph:
2023-11-15T04:28:53.679+0000 7f8562ffd700 1 -- 172.21.15.47:0/3648242846 <== mon.0 v2:172.21.15.47:3300/0 8 ==== mgrmap(e 11) v1 ==== 36054+0+0 (secure 0 0 0) 0x7f8564043210 con 0x7f8574070430
2023-11-15T04:28:53.682 INFO:teuthology.orchestra.run.smithi047.stderr:/usr/bin/ceph:
2023-11-15T04:28:53.680+0000 7f8562ffd700 1 --2- 172.21.15.47:0/3648242846 >> [v2:172.21.15.47:6800/826374076,v1:172.21.15.47:6801/826374076] conn(0x7f8558033c20 0x7f8558036010 unknown :-1 s=NONE pgs=0 cs=0 l=1 rev1=0 rx=0 tx=0).connect
2023-11-15T04:28:53.682 INFO:teuthology.orchestra.run.smithi047.stderr:/usr/bin/ceph:
2023-11-15T04:28:53.680+0000 7f8562ffd700 1 -- 172.21.15.47:0/3648242846 --> [v2:172.21.15.47:6800/826374076,v1:172.21.15.47:6801/826374076] -- mgr_command(tid 0: {"prefix": "orch apply", "service_type": "prometheus", "target": ["mon-mgr", ""]}) v1 -- 0x7f8574104960 con 0x7f8558033c20
2023-11-15T04:28:53.682 INFO:teuthology.orchestra.run.smithi047.stderr:/usr/bin/ceph:
2023-11-15T04:28:53.680+0000 7f8571d9b700 1 --2- 172.21.15.47:0/3648242846 >> [v2:172.21.15.47:6800/826374076,v1:172.21.15.47:6801/826374076] conn(0x7f8558033c20 0x7f8558036010 unknown :-1 s=BANNER_CONNECTING pgs=0 cs=0 l=1 rev1=0 rx=0 tx=0)._handle_peer_banner_payload supported=1 required=0
2023-11-15T04:28:53.683 INFO:teuthology.orchestra.run.smithi047.stderr:/usr/bin/ceph:
2023-11-15T04:28:53.681+0000 7f8571d9b700 1 --2- 172.21.15.47:0/3648242846 >> [v2:172.21.15.47:6800/826374076,v1:172.21.15.47:6801/826374076] conn(0x7f8558033c20 0x7f8558036010 secure :-1 s=READY pgs=1 cs=0 l=1 rev1=1 rx=0x7f8568006fd0 tx=0x7f8568006d30).ready entity=mgr.14144 client_cookie=0 server_cookie=0 in_seq=0 out_seq=0
2023-11-15T04:28:53.687 INFO:teuthology.orchestra.run.smithi047.stderr:/usr/bin/ceph:
2023-11-15T04:28:53.686+0000 7f8562ffd700 1 -- 172.21.15.47:0/3648242846 <== mgr.14144 v2:172.21.15.47:6800/826374076 1 ==== mgr_command_reply(tid 0: 0 ) v1 ==== 8+0+31 (secure 0 0 0) 0x7f8574104960 con 0x7f8558033c20
2023-11-15T04:28:53.687 INFO:teuthology.orchestra.run.smithi047.stderr:/usr/bin/ceph: Scheduled prometheus update...
2023-11-15T04:28:53.690 INFO:teuthology.orchestra.run.smithi047.stderr:/usr/bin/ceph:
2023-11-15T04:28:53.688+0000 7f8578c49700 1 -- 172.21.15.47:0/3648242846 >> [v2:172.21.15.47:6800/826374076,v1:172.21.15.47:6801/826374076] conn(0x7f8558033c20 msgr2=0x7f8558036010 secure :-1 s=STATE_CONNECTION_ESTABLISHED l=1).mark_down
2023-11-15T04:28:53.690 INFO:teuthology.orchestra.run.smithi047.stderr:/usr/bin/ceph:
2023-11-15T04:28:53.688+0000 7f8578c49700 1 --2- 172.21.15.47:0/3648242846 >> [v2:172.21.15.47:6800/826374076,v1:172.21.15.47:6801/826374076] conn(0x7f8558033c20 0x7f8558036010 secure :-1 s=READY pgs=1 cs=0 l=1 rev1=1 rx=0x7f8568006fd0 tx=0x7f8568006d30).stop
2023-11-15T04:28:53.690 INFO:teuthology.orchestra.run.smithi047.stderr:/usr/bin/ceph:
2023-11-15T04:28:53.688+0000 7f8578c49700 1 -- 172.21.15.47:0/3648242846 >> [v2:172.21.15.47:3300/0,v1:172.21.15.47:6789/0] conn(0x7f8574070430 msgr2=0x7f857410aa00 secure :-1 s=STATE_CONNECTION_ESTABLISHED l=1).mark_down
2023-11-15T04:28:53.691 INFO:teuthology.orchestra.run.smithi047.stderr:/usr/bin/ceph:
2023-11-15T04:28:53.688+0000 7f8578c49700 1 --2- 172.21.15.47:0/3648242846 >> [v2:172.21.15.47:3300/0,v1:172.21.15.47:6789/0] conn(0x7f8574070430 0x7f857410aa00 secure :-1 s=READY pgs=52 cs=0 l=1 rev1=1 rx=0x7f856400b190 tx=0x7f8564006ee0).stop
2023-11-15T04:28:53.691 INFO:teuthology.orchestra.run.smithi047.stderr:/usr/bin/ceph:
2023-11-15T04:28:53.688+0000 7f8578c49700 1 -- 172.21.15.47:0/3648242846 shutdown_connections
2023-11-15T04:28:53.691 INFO:teuthology.orchestra.run.smithi047.stderr:/usr/bin/ceph:
2023-11-15T04:28:53.688+0000 7f8578c49700 1 --2- 172.21.15.47:0/3648242846 >> [v2:172.21.15.47:6800/826374076,v1:172.21.15.47:6801/826374076] conn(0x7f8558033c20 0x7f8558036010 unknown :-1 s=CLOSED pgs=1 cs=0 l=1 rev1=1 rx=0 tx=0).stop
2023-11-15T04:28:53.691 INFO:teuthology.orchestra.run.smithi047.stderr:/usr/bin/ceph:
2023-11-15T04:28:53.688+0000 7f8578c49700 1 --2- 172.21.15.47:0/3648242846 >> [v2:172.21.15.47:3300/0,v1:172.21.15.47:6789/0] conn(0x7f8574070430 0x7f857410aa00 unknown :-1 s=CLOSED pgs=52 cs=0 l=1 rev1=1 rx=0 tx=0).stop
2023-11-15T04:28:53.691 INFO:teuthology.orchestra.run.smithi047.stderr:/usr/bin/ceph:
2023-11-15T04:28:53.688+0000 7f8578c49700 1 --2- 172.21.15.47:0/3648242846 >> [v2:172.21.15.47:6800/1915104696,v1:172.21.15.47:6801/1915104696] conn(0x7f855802fe00 0x7f85580322c0 unknown :-1 s=CLOSED pgs=0 cs=0 l=1 rev1=0 rx=0 tx=0).stop
2023-11-15T04:28:53.692 INFO:teuthology.orchestra.run.smithi047.stderr:/usr/bin/ceph:
2023-11-15T04:28:53.688+0000 7f8578c49700 1 -- 172.21.15.47:0/3648242846 >> 172.21.15.47:0/3648242846 conn(0x7f85740f63c0 msgr2=0x7f85740f7f20 unknown :-1 s=STATE_NONE l=0).mark_down
2023-11-15T04:28:53.692 INFO:teuthology.orchestra.run.smithi047.stderr:/usr/bin/ceph:
2023-11-15T04:28:53.688+0000 7f8578c49700 1 -- 172.21.15.47:0/3648242846 shutdown_connections
2023-11-15T04:28:53.692 INFO:teuthology.orchestra.run.smithi047.stderr:/usr/bin/ceph:
2023-11-15T04:28:53.689+0000 7f8578c49700 1 -- 172.21.15.47:0/3648242846 wait complete.
2023-11-15T04:28:53.717 INFO:journalctl@ceph.mon.smithi047.smithi047.stdout:Nov 15 04:28:53 smithi047 ceph-4f7ad8e8-836f-11ee-8dbe-212e2dc638e7-mon.smithi047[112378]: cluster
2023-11-15T04:28:52.329922+0000 mon.smithi047 (mon.0) 63 : cluster [INF] Active manager daemon smithi047.zgysuz restarted
2023-11-15T04:28:53.718 INFO:journalctl@ceph.mon.smithi047.smithi047.stdout:Nov 15 04:28:53 smithi047 ceph-4f7ad8e8-836f-11ee-8dbe-212e2dc638e7-mon.smithi047[112378]: cluster
2023-11-15T04:28:52.330502+0000 mon.smithi047 (mon.0) 64 : cluster [INF] Activating manager daemon smithi047.zgysuz
2023-11-15T04:28:53.718 INFO:journalctl@ceph.mon.smithi047.smithi047.stdout:Nov 15 04:28:53 smithi047 ceph-4f7ad8e8-836f-11ee-8dbe-212e2dc638e7-mon.smithi047[112378]: cluster
2023-11-15T04:28:52.332325+0000 mon.smithi047 (mon.0) 65 : cluster [DBG] osdmap e3: 0 total, 0 up, 0 in
2023-11-15T04:28:53.718 INFO:journalctl@ceph.mon.smithi047.smithi047.stdout:Nov 15 04:28:53 smithi047 ceph-4f7ad8e8-836f-11ee-8dbe-212e2dc638e7-mon.smithi047[112378]: cluster
2023-11-15T04:28:52.680298+0000 mon.smithi047 (mon.0) 66 : cluster [DBG] mgrmap e10: smithi047.zgysuz(active, starting, since 0.349929s)
2023-11-15T04:28:53.718 INFO:journalctl@ceph.mon.smithi047.smithi047.stdout:Nov 15 04:28:53 smithi047 ceph-4f7ad8e8-836f-11ee-8dbe-212e2dc638e7-mon.smithi047[112378]: audit
2023-11-15T04:28:52.681616+0000 mon.smithi047 (mon.0) 67 : audit [DBG] from='mgr.14144 172.21.15.47:0/1462099771' entity='mgr.smithi047.zgysuz' cmd=[{"prefix": "mon metadata", "id": "smithi047"}]: dispatch
2023-11-15T04:28:53.718 INFO:journalctl@ceph.mon.smithi047.smithi047.stdout:Nov 15 04:28:53 smithi047 ceph-4f7ad8e8-836f-11ee-8dbe-212e2dc638e7-mon.smithi047[112378]: audit
2023-11-15T04:28:52.682455+0000 mon.smithi047 (mon.0) 68 : audit [DBG] from='mgr.14144 172.21.15.47:0/1462099771' entity='mgr.smithi047.zgysuz' cmd=[{"prefix": "mgr metadata", "who": "smithi047.zgysuz", "id": "smithi047.zgysuz"}]: dispatch
2023-11-15T04:28:53.719 INFO:journalctl@ceph.mon.smithi047.smithi047.stdout:Nov 15 04:28:53 smithi047 ceph-4f7ad8e8-836f-11ee-8dbe-212e2dc638e7-mon.smithi047[112378]: audit
2023-11-15T04:28:52.683393+0000 mon.smithi047 (mon.0) 69 : audit [DBG] from='mgr.14144 172.21.15.47:0/1462099771' entity='mgr.smithi047.zgysuz' cmd=[{"prefix": "mds metadata"}]: dispatch
2023-11-15T04:28:53.719 INFO:journalctl@ceph.mon.smithi047.smithi047.stdout:Nov 15 04:28:53 smithi047 ceph-4f7ad8e8-836f-11ee-8dbe-212e2dc638e7-mon.smithi047[112378]: audit
2023-11-15T04:28:52.683578+0000 mon.smithi047 (mon.0) 70 : audit [DBG] from='mgr.14144 172.21.15.47:0/1462099771' entity='mgr.smithi047.zgysuz' cmd=[{"prefix": "osd metadata"}]: dispatch
2023-11-15T04:28:53.719 INFO:journalctl@ceph.mon.smithi047.smithi047.stdout:Nov 15 04:28:53 smithi047 ceph-4f7ad8e8-836f-11ee-8dbe-212e2dc638e7-mon.smithi047[112378]: audit
2023-11-15T04:28:52.683741+0000 mon.smithi047 (mon.0) 71 : audit [DBG] from='mgr.14144 172.21.15.47:0/1462099771' entity='mgr.smithi047.zgysuz' cmd=[{"prefix": "mon metadata"}]: dispatch
2023-11-15T04:28:53.719 INFO:journalctl@ceph.mon.smithi047.smithi047.stdout:Nov 15 04:28:53 smithi047 ceph-4f7ad8e8-836f-11ee-8dbe-212e2dc638e7-mon.smithi047[112378]: cluster
2023-11-15T04:28:52.698023+0000 mon.smithi047 (mon.0) 72 : cluster [INF] Manager daemon smithi047.zgysuz is now available
2023-11-15T04:28:53.719 INFO:journalctl@ceph.mon.smithi047.smithi047.stdout:Nov 15 04:28:53 smithi047 ceph-4f7ad8e8-836f-11ee-8dbe-212e2dc638e7-mon.smithi047[112378]: audit
2023-11-15T04:28:52.815703+0000 mon.smithi047 (mon.0) 73 : audit [DBG] from='mgr.14144 172.21.15.47:0/1462099771' entity='mgr.smithi047.zgysuz' cmd=[{"prefix": "config dump", "format": "json"}]: dispatch
2023-11-15T04:28:53.720 INFO:journalctl@ceph.mon.smithi047.smithi047.stdout:Nov 15 04:28:53 smithi047 ceph-4f7ad8e8-836f-11ee-8dbe-212e2dc638e7-mon.smithi047[112378]: audit
2023-11-15T04:28:52.817365+0000 mon.smithi047 (mon.0) 74 : audit [DBG] from='mgr.14144 172.21.15.47:0/1462099771' entity='mgr.smithi047.zgysuz' cmd=[{"prefix": "config dump", "format": "json"}]: dispatch
2023-11-15T04:28:53.720 INFO:journalctl@ceph.mon.smithi047.smithi047.stdout:Nov 15 04:28:53 smithi047 ceph-4f7ad8e8-836f-11ee-8dbe-212e2dc638e7-mon.smithi047[112378]: audit
2023-11-15T04:28:52.835295+0000 mon.smithi047 (mon.0) 75 : audit [INF] from='mgr.14144 172.21.15.47:0/1462099771' entity='mgr.smithi047.zgysuz' cmd=[{"prefix":"config rm","who":"mgr","name":"mgr/rbd_support/smithi047.zgysuz/mirror_snapshot_schedule"}]: dispatch
2023-11-15T04:28:53.720 INFO:journalctl@ceph.mon.smithi047.smithi047.stdout:Nov 15 04:28:53 smithi047 ceph-4f7ad8e8-836f-11ee-8dbe-212e2dc638e7-mon.smithi047[112378]: audit
2023-11-15T04:28:52.845108+0000 mon.smithi047 (mon.0) 76 : audit [INF] from='mgr.14144 172.21.15.47:0/1462099771' entity='mgr.smithi047.zgysuz' cmd=[{"prefix":"config rm","who":"mgr","name":"mgr/rbd_support/smithi047.zgysuz/trash_purge_schedule"}]: dispatch
2023-11-15T04:28:54.003 INFO:teuthology.orchestra.run.smithi047.stderr:Deploying grafana service with default placement...
2023-11-15T04:28:54.004 INFO:teuthology.orchestra.run.smithi047.stderr:Running command: /bin/podman run --rm --ipc=host --no-hosts --net=host --entrypoint /usr/bin/ceph --init -e CONTAINER_IMAGE=docker.io/ceph/ceph:v16.2.4 -e NODE_NAME=smithi047 -e CEPH_USE_RANDOM_NONCE=1 -v /var/log/ceph/4f7ad8e8-836f-11ee-8dbe-212e2dc638e7:/var/log/ceph:z -v /tmp/ceph-tmpp70flr7h:/etc/ceph/ceph.client.admin.keyring:z -v /tmp/ceph-tmpv3y72e6l:/etc/ceph/ceph.conf:z docker.io/ceph/ceph:v16.2.4 orch apply grafana
2023-11-15T04:28:54.381 INFO:teuthology.orchestra.run.smithi047.stderr:/usr/bin/ceph:
2023-11-15T04:28:54.379+0000 7f0b312db700 1 Processor -- start
2023-11-15T04:28:54.382 INFO:teuthology.orchestra.run.smithi047.stderr:/usr/bin/ceph:
2023-11-15T04:28:54.379+0000 7f0b312db700 1 -- start start
2023-11-15T04:28:54.382 INFO:teuthology.orchestra.run.smithi047.stderr:/usr/bin/ceph:
2023-11-15T04:28:54.379+0000 7f0b312db700 1 --2- >> [v2:172.21.15.47:3300/0,v1:172.21.15.47:6789/0] conn(0x7f0b2c0fa9d0 0x7f0b2c0fadf0 unknown :-1 s=NONE pgs=0 cs=0 l=0 rev1=0 rx=0 tx=0).connect
2023-11-15T04:28:54.382 INFO:teuthology.orchestra.run.smithi047.stderr:/usr/bin/ceph:
2023-11-15T04:28:54.379+0000 7f0b312db700 1 -- --> [v2:172.21.15.47:3300/0,v1:172.21.15.47:6789/0] -- mon_getmap magic: 0 v1 -- 0x7f0b2c0fb2e0 con 0x7f0b2c0fa9d0
2023-11-15T04:28:54.382 INFO:teuthology.orchestra.run.smithi047.stderr:/usr/bin/ceph:
2023-11-15T04:28:54.379+0000 7f0b2bfff700 1 --2- >> [v2:172.21.15.47:3300/0,v1:172.21.15.47:6789/0] conn(0x7f0b2c0fa9d0 0x7f0b2c0fadf0 unknown :-1 s=BANNER_CONNECTING pgs=0 cs=0 l=0 rev1=0 rx=0 tx=0)._handle_peer_banner_payload supported=1 required=0
2023-11-15T04:28:54.382 INFO:teuthology.orchestra.run.smithi047.stderr:/usr/bin/ceph:
2023-11-15T04:28:54.380+0000 7f0b2bfff700 1 --2- >> [v2:172.21.15.47:3300/0,v1:172.21.15.47:6789/0] conn(0x7f0b2c0fa9d0 0x7f0b2c0fadf0 unknown :-1 s=HELLO_CONNECTING pgs=0 cs=0 l=0 rev1=1 rx=0 tx=0).handle_hello peer v2:172.21.15.47:3300/0 says I am v2:172.21.15.47:43994/0 (socket says 172.21.15.47:43994)
2023-11-15T04:28:54.383 INFO:teuthology.orchestra.run.smithi047.stderr:/usr/bin/ceph:
2023-11-15T04:28:54.380+0000 7f0b2bfff700 1 -- 172.21.15.47:0/1815719996 learned_addr learned my addr 172.21.15.47:0/1815719996 (peer_addr_for_me v2:172.21.15.47:0/0)
2023-11-15T04:28:54.386 INFO:teuthology.orchestra.run.smithi047.stderr:/usr/bin/ceph:
2023-11-15T04:28:54.380+0000 7f0b2bfff700 1 -- 172.21.15.47:0/1815719996 --> [v2:172.21.15.47:3300/0,v1:172.21.15.47:6789/0] -- mon_subscribe({config=0+,monmap=0+}) v3 -- 0x7f0b2c0fb420 con 0x7f0b2c0fa9d0
2023-11-15T04:28:54.386 INFO:teuthology.orchestra.run.smithi047.stderr:/usr/bin/ceph:
2023-11-15T04:28:54.380+0000 7f0b2bfff700 1 --2- 172.21.15.47:0/1815719996 >> [v2:172.21.15.47:3300/0,v1:172.21.15.47:6789/0] conn(0x7f0b2c0fa9d0 0x7f0b2c0fadf0 secure :-1 s=READY pgs=58 cs=0 l=1 rev1=1 rx=0x7f0b1c00b5f0 tx=0x7f0b1c006ee0).ready entity=mon.0 client_cookie=93c9e9420abc9637 server_cookie=0 in_seq=0 out_seq=0
2023-11-15T04:28:54.386 INFO:teuthology.orchestra.run.smithi047.stderr:/usr/bin/ceph:
2023-11-15T04:28:54.380+0000 7f0b2affd700 1 -- 172.21.15.47:0/1815719996 <== mon.0 v2:172.21.15.47:3300/0 1 ==== mon_map magic: 0 v1 ==== 229+0+0 (secure 0 0 0) 0x7f0b1c00d600 con 0x7f0b2c0fa9d0
2023-11-15T04:28:54.387 INFO:teuthology.orchestra.run.smithi047.stderr:/usr/bin/ceph:
2023-11-15T04:28:54.380+0000 7f0b2affd700 1 -- 172.21.15.47:0/1815719996 <== mon.0 v2:172.21.15.47:3300/0 2 ==== config(25 keys) v1 ==== 1010+0+0 (secure 0 0 0) 0x7f0b1c00dbd0 con 0x7f0b2c0fa9d0
2023-11-15T04:28:54.387 INFO:teuthology.orchestra.run.smithi047.stderr:/usr/bin/ceph:
2023-11-15T04:28:54.380+0000 7f0b2affd700 1 -- 172.21.15.47:0/1815719996 <== mon.0 v2:172.21.15.47:3300/0 3 ==== mon_map magic: 0 v1 ==== 229+0+0 (secure 0 0 0) 0x7f0b1c011c00 con 0x7f0b2c0fa9d0
2023-11-15T04:28:54.387 INFO:teuthology.orchestra.run.smithi047.stderr:/usr/bin/ceph:
2023-11-15T04:28:54.381+0000 7f0b312db700 1 -- 172.21.15.47:0/1815719996 >> [v2:172.21.15.47:3300/0,v1:172.21.15.47:6789/0] conn(0x7f0b2c0fa9d0 msgr2=0x7f0b2c0fadf0 secure :-1 s=STATE_CONNECTION_ESTABLISHED l=1).mark_down
2023-11-15T04:28:54.387 INFO:teuthology.orchestra.run.smithi047.stderr:/usr/bin/ceph:
2023-11-15T04:28:54.381+0000 7f0b312db700 1 --2- 172.21.15.47:0/1815719996 >> [v2:172.21.15.47:3300/0,v1:172.21.15.47:6789/0] conn(0x7f0b2c0fa9d0 0x7f0b2c0fadf0 secure :-1 s=READY pgs=58 cs=0 l=1 rev1=1 rx=0x7f0b1c00b5f0 tx=0x7f0b1c006ee0).stop
2023-11-15T04:28:54.387 INFO:teuthology.orchestra.run.smithi047.stderr:/usr/bin/ceph:
2023-11-15T04:28:54.381+0000 7f0b312db700 1 -- 172.21.15.47:0/1815719996 shutdown_connections
2023-11-15T04:28:54.388 INFO:teuthology.orchestra.run.smithi047.stderr:/usr/bin/ceph:
2023-11-15T04:28:54.381+0000 7f0b312db700 1 --2- 172.21.15.47:0/1815719996 >> [v2:172.21.15.47:3300/0,v1:172.21.15.47:6789/0] conn(0x7f0b2c0fa9d0 0x7f0b2c0fadf0 unknown :-1 s=CLOSED pgs=58 cs=0 l=1 rev1=1 rx=0 tx=0).stop
2023-11-15T04:28:54.388 INFO:teuthology.orchestra.run.smithi047.stderr:/usr/bin/ceph:
2023-11-15T04:28:54.381+0000 7f0b312db700 1 -- 172.21.15.47:0/1815719996 >> 172.21.15.47:0/1815719996 conn(0x7f0b2c0f6210 msgr2=0x7f0b2c0f8630 unknown :-1 s=STATE_NONE l=0).mark_down
2023-11-15T04:28:54.388 INFO:teuthology.orchestra.run.smithi047.stderr:/usr/bin/ceph:
2023-11-15T04:28:54.381+0000 7f0b312db700 1 -- 172.21.15.47:0/1815719996 shutdown_connections
2023-11-15T04:28:54.388 INFO:teuthology.orchestra.run.smithi047.stderr:/usr/bin/ceph:
2023-11-15T04:28:54.381+0000 7f0b312db700 1 -- 172.21.15.47:0/1815719996 wait complete.
2023-11-15T04:28:54.388 INFO:teuthology.orchestra.run.smithi047.stderr:/usr/bin/ceph:
2023-11-15T04:28:54.382+0000 7f0b312db700 1 Processor -- start
2023-11-15T04:28:54.388 INFO:teuthology.orchestra.run.smithi047.stderr:/usr/bin/ceph:
2023-11-15T04:28:54.382+0000 7f0b312db700 1 -- start start
2023-11-15T04:28:54.389 INFO:teuthology.orchestra.run.smithi047.stderr:/usr/bin/ceph:
2023-11-15T04:28:54.382+0000 7f0b312db700 1 --2- >> [v2:172.21.15.47:3300/0,v1:172.21.15.47:6789/0] conn(0x7f0b2c0fa9d0 0x7f0b2c10ca50 unknown :-1 s=NONE pgs=0 cs=0 l=1 rev1=0 rx=0 tx=0).connect
2023-11-15T04:28:54.389 INFO:teuthology.orchestra.run.smithi047.stderr:/usr/bin/ceph:
2023-11-15T04:28:54.382+0000 7f0b312db700 1 -- --> [v2:172.21.15.47:3300/0,v1:172.21.15.47:6789/0] -- mon_getmap magic: 0 v1 -- 0x7f0b2c10cf40 con 0x7f0b2c0fa9d0
2023-11-15T04:28:54.389 INFO:teuthology.orchestra.run.smithi047.stderr:/usr/bin/ceph:
2023-11-15T04:28:54.383+0000 7f0b2bfff700 1 --2- >> [v2:172.21.15.47:3300/0,v1:172.21.15.47:6789/0] conn(0x7f0b2c0fa9d0 0x7f0b2c10ca50 unknown :-1 s=BANNER_CONNECTING pgs=0 cs=0 l=1 rev1=0 rx=0 tx=0)._handle_peer_banner_payload supported=1 required=0
2023-11-15T04:28:54.389 INFO:teuthology.orchestra.run.smithi047.stderr:/usr/bin/ceph:
2023-11-15T04:28:54.383+0000 7f0b2bfff700 1 --2- >> [v2:172.21.15.47:3300/0,v1:172.21.15.47:6789/0] conn(0x7f0b2c0fa9d0 0x7f0b2c10ca50 unknown :-1 s=HELLO_CONNECTING pgs=0 cs=0 l=1 rev1=1 rx=0 tx=0).handle_hello peer v2:172.21.15.47:3300/0 says I am v2:172.21.15.47:44006/0 (socket says 172.21.15.47:44006)
2023-11-15T04:28:54.389 INFO:teuthology.orchestra.run.smithi047.stderr:/usr/bin/ceph:
2023-11-15T04:28:54.383+0000 7f0b2bfff700 1 -- 172.21.15.47:0/2276144791 learned_addr learned my addr 172.21.15.47:0/2276144791 (peer_addr_for_me v2:172.21.15.47:0/0)
2023-11-15T04:28:54.390 INFO:teuthology.orchestra.run.smithi047.stderr:/usr/bin/ceph:
2023-11-15T04:28:54.383+0000 7f0b2bfff700 1 -- 172.21.15.47:0/2276144791 --> [v2:172.21.15.47:3300/0,v1:172.21.15.47:6789/0] -- mon_subscribe({config=0+,monmap=0+}) v3 -- 0x7f0b1c00b200 con 0x7f0b2c0fa9d0
2023-11-15T04:28:54.390 INFO:teuthology.orchestra.run.smithi047.stderr:/usr/bin/ceph:
2023-11-15T04:28:54.383+0000 7f0b2bfff700 1 --2- 172.21.15.47:0/2276144791 >> [v2:172.21.15.47:3300/0,v1:172.21.15.47:6789/0] conn(0x7f0b2c0fa9d0 0x7f0b2c10ca50 secure :-1 s=READY pgs=59 cs=0 l=1 rev1=1 rx=0x7f0b1c00e040 tx=0x7f0b1c006ee0).ready entity=mon.0 client_cookie=0 server_cookie=0 in_seq=0 out_seq=0
2023-11-15T04:28:54.390 INFO:teuthology.orchestra.run.smithi047.stderr:/usr/bin/ceph:
2023-11-15T04:28:54.383+0000 7f0b28ff9700 1 -- 172.21.15.47:0/2276144791 <== mon.0 v2:172.21.15.47:3300/0 1 ==== mon_map magic: 0 v1 ==== 229+0+0 (secure 0 0 0) 0x7f0b1c01b410 con 0x7f0b2c0fa9d0
