2023-11-15T04:39:16.817+0000 7f8f1affd700 1 -- 172.21.15.130:0/1689727106 <== mon.0 v2:172.21.15.130:3300/0 6 ==== mon_command_ack([{"prefix": "get_command_descriptions"}]=0 v0) v1 ==== 72+0+152212 (secure 0 0 0) 0x7f8f0c016080 con 0x7f8f240703f0
2023-11-15T04:39:17.004 INFO:teuthology.orchestra.run.smithi130.stderr:/usr/bin/ceph:
2023-11-15T04:39:17.002+0000 7f8f28a8c700 1 -- 172.21.15.130:0/1689727106 --> [v2:172.21.15.130:3300/0,v1:172.21.15.130:6789/0] -- mon_command({"prefix": "mgr module enable", "module": "cephadm"} v 0) v1 -- 0x7f8f241109e0 con 0x7f8f240703f0
2023-11-15T04:39:17.335 INFO:journalctl@ceph.mon.smithi130.smithi130.stdout:Nov 15 04:39:16 smithi130 ceph-d8b243d4-8370-11ee-8dbe-212e2dc638e7-mon.smithi130[112306]: cluster
2023-11-15T04:39:15.866152+0000 mon.smithi130 (mon.0) 22 : cluster [DBG] mgrmap e3: smithi130.rwcjcd(active, since 1.00508s)
2023-11-15T04:39:17.335 INFO:journalctl@ceph.mon.smithi130.smithi130.stdout:Nov 15 04:39:16 smithi130 ceph-d8b243d4-8370-11ee-8dbe-212e2dc638e7-mon.smithi130[112306]: audit
2023-11-15T04:39:16.110107+0000 mon.smithi130 (mon.0) 23 : audit [DBG] from='client.? 172.21.15.130:0/3556339009' entity='client.admin' cmd=[{"prefix": "status", "format": "json-pretty"}]: dispatch
2023-11-15T04:39:17.866 INFO:teuthology.orchestra.run.smithi130.stderr:/usr/bin/ceph:
2023-11-15T04:39:17.864+0000 7f8f1affd700 1 -- 172.21.15.130:0/1689727106 <== mon.0 v2:172.21.15.130:3300/0 7 ==== mgrmap(e 4) v1 ==== 36120+0+0 (secure 0 0 0) 0x7f8f0c01bb50 con 0x7f8f240703f0
2023-11-15T04:39:17.867 INFO:teuthology.orchestra.run.smithi130.stderr:/usr/bin/ceph:
2023-11-15T04:39:17.866+0000 7f8f1affd700 1 -- 172.21.15.130:0/1689727106 <== mon.0 v2:172.21.15.130:3300/0 8 ==== mon_command_ack([{"prefix": "mgr module enable", "module": "cephadm"}]=0 v4) v1 ==== 86+0+0 (secure 0 0 0) 0x7f8f0c02edf0 con 0x7f8f240703f0
2023-11-15T04:39:17.870 INFO:teuthology.orchestra.run.smithi130.stderr:/usr/bin/ceph:
2023-11-15T04:39:17.868+0000 7f8f28a8c700 1 -- 172.21.15.130:0/1689727106 >> [v2:172.21.15.130:6800/2029312463,v1:172.21.15.130:6801/2029312463] conn(0x7f8f0402fc50 msgr2=0x7f8f04032110 secure :-1 s=STATE_CONNECTION_ESTABLISHED l=1).mark_down
2023-11-15T04:39:17.870 INFO:teuthology.orchestra.run.smithi130.stderr:/usr/bin/ceph:
2023-11-15T04:39:17.868+0000 7f8f28a8c700 1 --2- 172.21.15.130:0/1689727106 >> [v2:172.21.15.130:6800/2029312463,v1:172.21.15.130:6801/2029312463] conn(0x7f8f0402fc50 0x7f8f04032110 secure :-1 s=READY pgs=6 cs=0 l=1 rev1=1 rx=0x7f8f140096a0 tx=0x7f8f14006b40).stop
2023-11-15T04:39:17.870 INFO:teuthology.orchestra.run.smithi130.stderr:/usr/bin/ceph:
2023-11-15T04:39:17.868+0000 7f8f28a8c700 1 -- 172.21.15.130:0/1689727106 >> [v2:172.21.15.130:3300/0,v1:172.21.15.130:6789/0] conn(0x7f8f240703f0 msgr2=0x7f8f240fc3a0 secure :-1 s=STATE_CONNECTION_ESTABLISHED l=1).mark_down
2023-11-15T04:39:17.871 INFO:teuthology.orchestra.run.smithi130.stderr:/usr/bin/ceph:
2023-11-15T04:39:17.868+0000 7f8f28a8c700 1 --2- 172.21.15.130:0/1689727106 >> [v2:172.21.15.130:3300/0,v1:172.21.15.130:6789/0] conn(0x7f8f240703f0 0x7f8f240fc3a0 secure :-1 s=READY pgs=17 cs=0 l=1 rev1=1 rx=0x7f8f0c00b190 tx=0x7f8f0c006ee0).stop
2023-11-15T04:39:17.871 INFO:teuthology.orchestra.run.smithi130.stderr:/usr/bin/ceph:
2023-11-15T04:39:17.868+0000 7f8f28a8c700 1 -- 172.21.15.130:0/1689727106 shutdown_connections
2023-11-15T04:39:17.871 INFO:teuthology.orchestra.run.smithi130.stderr:/usr/bin/ceph:
2023-11-15T04:39:17.868+0000 7f8f28a8c700 1 --2- 172.21.15.130:0/1689727106 >> [v2:172.21.15.130:6800/2029312463,v1:172.21.15.130:6801/2029312463] conn(0x7f8f0402fc50 0x7f8f04032110 unknown :-1 s=CLOSED pgs=6 cs=0 l=1 rev1=1 rx=0 tx=0).stop
2023-11-15T04:39:17.871 INFO:teuthology.orchestra.run.smithi130.stderr:/usr/bin/ceph:
2023-11-15T04:39:17.868+0000 7f8f28a8c700 1 --2- 172.21.15.130:0/1689727106 >> [v2:172.21.15.130:3300/0,v1:172.21.15.130:6789/0] conn(0x7f8f240703f0 0x7f8f240fc3a0 unknown :-1 s=CLOSED pgs=17 cs=0 l=1 rev1=1 rx=0 tx=0).stop
2023-11-15T04:39:17.871 INFO:teuthology.orchestra.run.smithi130.stderr:/usr/bin/ceph:
2023-11-15T04:39:17.868+0000 7f8f28a8c700 1 -- 172.21.15.130:0/1689727106 >> 172.21.15.130:0/1689727106 conn(0x7f8f240f63c0 msgr2=0x7f8f240f7ee0 unknown :-1 s=STATE_NONE l=0).mark_down
2023-11-15T04:39:17.872 INFO:teuthology.orchestra.run.smithi130.stderr:/usr/bin/ceph:
2023-11-15T04:39:17.868+0000 7f8f28a8c700 1 -- 172.21.15.130:0/1689727106 shutdown_connections
2023-11-15T04:39:17.872 INFO:teuthology.orchestra.run.smithi130.stderr:/usr/bin/ceph:
2023-11-15T04:39:17.868+0000 7f8f28a8c700 1 -- 172.21.15.130:0/1689727106 wait complete.
2023-11-15T04:39:18.153 INFO:journalctl@ceph.mon.smithi130.smithi130.stdout:Nov 15 04:39:17 smithi130 ceph-d8b243d4-8370-11ee-8dbe-212e2dc638e7-mon.smithi130[112306]: audit
2023-11-15T04:39:17.004495+0000 mon.smithi130 (mon.0) 24 : audit [INF] from='client.? 172.21.15.130:0/1689727106' entity='client.admin' cmd=[{"prefix": "mgr module enable", "module": "cephadm"}]: dispatch
2023-11-15T04:39:18.234 INFO:teuthology.orchestra.run.smithi130.stderr:Running command: /bin/podman run --rm --ipc=host --no-hosts --net=host --entrypoint /usr/bin/ceph --init -e CONTAINER_IMAGE=docker.io/ceph/ceph:v16.2.4 -e NODE_NAME=smithi130 -e CEPH_USE_RANDOM_NONCE=1 -v /var/log/ceph/d8b243d4-8370-11ee-8dbe-212e2dc638e7:/var/log/ceph:z -v /tmp/ceph-tmpscc_whq9:/etc/ceph/ceph.client.admin.keyring:z -v /tmp/ceph-tmpv7cwa3an:/etc/ceph/ceph.conf:z docker.io/ceph/ceph:v16.2.4 mgr stat
2023-11-15T04:39:18.582 INFO:teuthology.orchestra.run.smithi130.stderr:/usr/bin/ceph:
2023-11-15T04:39:18.579+0000 7f3f6371c700 1 Processor -- start
2023-11-15T04:39:18.582 INFO:teuthology.orchestra.run.smithi130.stderr:/usr/bin/ceph:
2023-11-15T04:39:18.579+0000 7f3f6371c700 1 -- start start
2023-11-15T04:39:18.583 INFO:teuthology.orchestra.run.smithi130.stderr:/usr/bin/ceph:
2023-11-15T04:39:18.579+0000 7f3f6371c700 1 --2- >> [v2:172.21.15.130:3300/0,v1:172.21.15.130:6789/0] conn(0x7f3f5c0703b0 0x7f3f5c100d80 unknown :-1 s=NONE pgs=0 cs=0 l=0 rev1=0 rx=0 tx=0).connect
2023-11-15T04:39:18.583 INFO:teuthology.orchestra.run.smithi130.stderr:/usr/bin/ceph:
2023-11-15T04:39:18.579+0000 7f3f6371c700 1 -- --> [v2:172.21.15.130:3300/0,v1:172.21.15.130:6789/0] -- mon_getmap magic: 0 v1 -- 0x7f3f5c0fc770 con 0x7f3f5c0703b0
2023-11-15T04:39:18.583 INFO:teuthology.orchestra.run.smithi130.stderr:/usr/bin/ceph:
2023-11-15T04:39:18.579+0000 7f3f614b8700 1 --2- >> [v2:172.21.15.130:3300/0,v1:172.21.15.130:6789/0] conn(0x7f3f5c0703b0 0x7f3f5c100d80 unknown :-1 s=BANNER_CONNECTING pgs=0 cs=0 l=0 rev1=0 rx=0 tx=0)._handle_peer_banner_payload supported=1 required=0
2023-11-15T04:39:18.583 INFO:teuthology.orchestra.run.smithi130.stderr:/usr/bin/ceph:
2023-11-15T04:39:18.579+0000 7f3f614b8700 1 --2- >> [v2:172.21.15.130:3300/0,v1:172.21.15.130:6789/0] conn(0x7f3f5c0703b0 0x7f3f5c100d80 unknown :-1 s=HELLO_CONNECTING pgs=0 cs=0 l=0 rev1=1 rx=0 tx=0).handle_hello peer v2:172.21.15.130:3300/0 says I am v2:172.21.15.130:44636/0 (socket says 172.21.15.130:44636)
2023-11-15T04:39:18.584 INFO:teuthology.orchestra.run.smithi130.stderr:/usr/bin/ceph:
2023-11-15T04:39:18.579+0000 7f3f614b8700 1 -- 172.21.15.130:0/541120390 learned_addr learned my addr 172.21.15.130:0/541120390 (peer_addr_for_me v2:172.21.15.130:0/0)
2023-11-15T04:39:18.584 INFO:teuthology.orchestra.run.smithi130.stderr:/usr/bin/ceph:
2023-11-15T04:39:18.580+0000 7f3f614b8700 1 -- 172.21.15.130:0/541120390 --> [v2:172.21.15.130:3300/0,v1:172.21.15.130:6789/0] -- mon_subscribe({config=0+,monmap=0+}) v3 -- 0x7f3f5c101270 con 0x7f3f5c0703b0
2023-11-15T04:39:18.584 INFO:teuthology.orchestra.run.smithi130.stderr:/usr/bin/ceph:
2023-11-15T04:39:18.580+0000 7f3f614b8700 1 --2- 172.21.15.130:0/541120390 >> [v2:172.21.15.130:3300/0,v1:172.21.15.130:6789/0] conn(0x7f3f5c0703b0 0x7f3f5c100d80 secure :-1 s=READY pgs=20 cs=0 l=1 rev1=1 rx=0x7f3f5800b5f0 tx=0x7f3f58006ee0).ready entity=mon.0 client_cookie=8f58ec59f0a8be99 server_cookie=0 in_seq=0 out_seq=0
2023-11-15T04:39:18.584 INFO:teuthology.orchestra.run.smithi130.stderr:/usr/bin/ceph:
2023-11-15T04:39:18.580+0000 7f3f4bfff700 1 -- 172.21.15.130:0/541120390 <== mon.0 v2:172.21.15.130:3300/0 1 ==== mon_map magic: 0 v1 ==== 229+0+0 (secure 0 0 0) 0x7f3f5800d600 con 0x7f3f5c0703b0
2023-11-15T04:39:18.584 INFO:teuthology.orchestra.run.smithi130.stderr:/usr/bin/ceph:
2023-11-15T04:39:18.580+0000 7f3f4bfff700 1 -- 172.21.15.130:0/541120390 <== mon.0 v2:172.21.15.130:3300/0 2 ==== config(25 keys) v1 ==== 1010+0+0 (secure 0 0 0) 0x7f3f5800dbd0 con 0x7f3f5c0703b0
2023-11-15T04:39:18.584 INFO:teuthology.orchestra.run.smithi130.stderr:/usr/bin/ceph:
2023-11-15T04:39:18.580+0000 7f3f4bfff700 1 -- 172.21.15.130:0/541120390 <== mon.0 v2:172.21.15.130:3300/0 3 ==== mon_map magic: 0 v1 ==== 229+0+0 (secure 0 0 0) 0x7f3f58011c00 con 0x7f3f5c0703b0
2023-11-15T04:39:18.585 INFO:teuthology.orchestra.run.smithi130.stderr:/usr/bin/ceph:
2023-11-15T04:39:18.581+0000 7f3f6371c700 1 -- 172.21.15.130:0/541120390 >> [v2:172.21.15.130:3300/0,v1:172.21.15.130:6789/0] conn(0x7f3f5c0703b0 msgr2=0x7f3f5c100d80 secure :-1 s=STATE_CONNECTION_ESTABLISHED l=1).mark_down
2023-11-15T04:39:18.585 INFO:teuthology.orchestra.run.smithi130.stderr:/usr/bin/ceph:
2023-11-15T04:39:18.581+0000 7f3f6371c700 1 --2- 172.21.15.130:0/541120390 >> [v2:172.21.15.130:3300/0,v1:172.21.15.130:6789/0] conn(0x7f3f5c0703b0 0x7f3f5c100d80 secure :-1 s=READY pgs=20 cs=0 l=1 rev1=1 rx=0x7f3f5800b5f0 tx=0x7f3f58006ee0).stop
2023-11-15T04:39:18.585 INFO:teuthology.orchestra.run.smithi130.stderr:/usr/bin/ceph:
2023-11-15T04:39:18.581+0000 7f3f6371c700 1 -- 172.21.15.130:0/541120390 shutdown_connections
2023-11-15T04:39:18.585 INFO:teuthology.orchestra.run.smithi130.stderr:/usr/bin/ceph:
2023-11-15T04:39:18.581+0000 7f3f6371c700 1 --2- 172.21.15.130:0/541120390 >> [v2:172.21.15.130:3300/0,v1:172.21.15.130:6789/0] conn(0x7f3f5c0703b0 0x7f3f5c100d80 unknown :-1 s=CLOSED pgs=20 cs=0 l=1 rev1=1 rx=0 tx=0).stop
2023-11-15T04:39:18.585 INFO:teuthology.orchestra.run.smithi130.stderr:/usr/bin/ceph:
2023-11-15T04:39:18.581+0000 7f3f6371c700 1 -- 172.21.15.130:0/541120390 >> 172.21.15.130:0/541120390 conn(0x7f3f5c0f63c0 msgr2=0x7f3f5c0f87e0 unknown :-1 s=STATE_NONE l=0).mark_down
2023-11-15T04:39:18.586 INFO:teuthology.orchestra.run.smithi130.stderr:/usr/bin/ceph:
2023-11-15T04:39:18.581+0000 7f3f6371c700 1 -- 172.21.15.130:0/541120390 shutdown_connections
2023-11-15T04:39:18.586 INFO:teuthology.orchestra.run.smithi130.stderr:/usr/bin/ceph:
2023-11-15T04:39:18.581+0000 7f3f6371c700 1 -- 172.21.15.130:0/541120390 wait complete.
2023-11-15T04:39:18.586 INFO:teuthology.orchestra.run.smithi130.stderr:/usr/bin/ceph:
2023-11-15T04:39:18.581+0000 7f3f6371c700 1 Processor -- start
2023-11-15T04:39:18.588 INFO:teuthology.orchestra.run.smithi130.stderr:/usr/bin/ceph:
2023-11-15T04:39:18.581+0000 7f3f6371c700 1 -- start start
2023-11-15T04:39:18.588 INFO:teuthology.orchestra.run.smithi130.stderr:/usr/bin/ceph:
2023-11-15T04:39:18.581+0000 7f3f6371c700 1 --2- >> [v2:172.21.15.130:3300/0,v1:172.21.15.130:6789/0] conn(0x7f3f5c0703b0 0x7f3f5c10cce0 unknown :-1 s=NONE pgs=0 cs=0 l=1 rev1=0 rx=0 tx=0).connect
2023-11-15T04:39:18.588 INFO:teuthology.orchestra.run.smithi130.stderr:/usr/bin/ceph:
2023-11-15T04:39:18.581+0000 7f3f6371c700 1 -- --> [v2:172.21.15.130:3300/0,v1:172.21.15.130:6789/0] -- mon_getmap magic: 0 v1 -- 0x7f3f5c10d1d0 con 0x7f3f5c0703b0
2023-11-15T04:39:18.588 INFO:teuthology.orchestra.run.smithi130.stderr:/usr/bin/ceph:
2023-11-15T04:39:18.582+0000 7f3f614b8700 1 --2- >> [v2:172.21.15.130:3300/0,v1:172.21.15.130:6789/0] conn(0x7f3f5c0703b0 0x7f3f5c10cce0 unknown :-1 s=BANNER_CONNECTING pgs=0 cs=0 l=1 rev1=0 rx=0 tx=0)._handle_peer_banner_payload supported=1 required=0
2023-11-15T04:39:18.588 INFO:teuthology.orchestra.run.smithi130.stderr:/usr/bin/ceph:
2023-11-15T04:39:18.582+0000 7f3f614b8700 1 --2- >> [v2:172.21.15.130:3300/0,v1:172.21.15.130:6789/0] conn(0x7f3f5c0703b0 0x7f3f5c10cce0 unknown :-1 s=HELLO_CONNECTING pgs=0 cs=0 l=1 rev1=1 rx=0 tx=0).handle_hello peer v2:172.21.15.130:3300/0 says I am v2:172.21.15.130:44642/0 (socket says 172.21.15.130:44642)
2023-11-15T04:39:18.589 INFO:teuthology.orchestra.run.smithi130.stderr:/usr/bin/ceph:
2023-11-15T04:39:18.582+0000 7f3f614b8700 1 -- 172.21.15.130:0/2884102282 learned_addr learned my addr 172.21.15.130:0/2884102282 (peer_addr_for_me v2:172.21.15.130:0/0)
2023-11-15T04:39:18.589 INFO:teuthology.orchestra.run.smithi130.stderr:/usr/bin/ceph:
2023-11-15T04:39:18.582+0000 7f3f614b8700 1 -- 172.21.15.130:0/2884102282 --> [v2:172.21.15.130:3300/0,v1:172.21.15.130:6789/0] -- mon_subscribe({config=0+,monmap=0+}) v3 -- 0x7f3f5800b200 con 0x7f3f5c0703b0
2023-11-15T04:39:18.589 INFO:teuthology.orchestra.run.smithi130.stderr:/usr/bin/ceph:
2023-11-15T04:39:18.582+0000 7f3f614b8700 1 --2- 172.21.15.130:0/2884102282 >> [v2:172.21.15.130:3300/0,v1:172.21.15.130:6789/0] conn(0x7f3f5c0703b0 0x7f3f5c10cce0 secure :-1 s=READY pgs=21 cs=0 l=1 rev1=1 rx=0x7f3f5800e040 tx=0x7f3f58006ee0).ready entity=mon.0 client_cookie=0 server_cookie=0 in_seq=0 out_seq=0
2023-11-15T04:39:18.589 INFO:teuthology.orchestra.run.smithi130.stderr:/usr/bin/ceph:
2023-11-15T04:39:18.583+0000 7f3f49ffb700 1 -- 172.21.15.130:0/2884102282 <== mon.0 v2:172.21.15.130:3300/0 1 ==== mon_map magic: 0 v1 ==== 229+0+0 (secure 0 0 0) 0x7f3f5800d9f0 con 0x7f3f5c0703b0
2023-11-15T04:39:18.589 INFO:teuthology.orchestra.run.smithi130.stderr:/usr/bin/ceph:
2023-11-15T04:39:18.583+0000 7f3f49ffb700 1 -- 172.21.15.130:0/2884102282 <== mon.0 v2:172.21.15.130:3300/0 2 ==== config(25 keys) v1 ==== 1010+0+0 (secure 0 0 0) 0x7f3f5801a9f0 con 0x7f3f5c0703b0
2023-11-15T04:39:18.590 INFO:teuthology.orchestra.run.smithi130.stderr:/usr/bin/ceph:
2023-11-15T04:39:18.583+0000 7f3f49ffb700 1 -- 172.21.15.130:0/2884102282 <== mon.0 v2:172.21.15.130:3300/0 3 ==== mon_map magic: 0 v1 ==== 229+0+0 (secure 0 0 0) 0x7f3f5801b8c0 con 0x7f3f5c0703b0
2023-11-15T04:39:18.590 INFO:teuthology.orchestra.run.smithi130.stderr:/usr/bin/ceph:
2023-11-15T04:39:18.584+0000 7f3f6371c700 1 -- 172.21.15.130:0/2884102282 --> [v2:172.21.15.130:3300/0,v1:172.21.15.130:6789/0] -- mon_subscribe({mgrmap=0+}) v3 -- 0x7f3f5c10d3d0 con 0x7f3f5c0703b0
2023-11-15T04:39:18.590 INFO:teuthology.orchestra.run.smithi130.stderr:/usr/bin/ceph:
2023-11-15T04:39:18.584+0000 7f3f6371c700 1 -- 172.21.15.130:0/2884102282 --> [v2:172.21.15.130:3300/0,v1:172.21.15.130:6789/0] -- mon_subscribe({osdmap=0}) v3 -- 0x7f3f5c10d7e0 con 0x7f3f5c0703b0
2023-11-15T04:39:18.590 INFO:teuthology.orchestra.run.smithi130.stderr:/usr/bin/ceph:
2023-11-15T04:39:18.584+0000 7f3f49ffb700 1 -- 172.21.15.130:0/2884102282 <== mon.0 v2:172.21.15.130:3300/0 4 ==== mgrmap(e 4) v1 ==== 36120+0+0 (secure 0 0 0) 0x7f3f5800f070 con 0x7f3f5c0703b0
2023-11-15T04:39:18.590 INFO:teuthology.orchestra.run.smithi130.stderr:/usr/bin/ceph:
2023-11-15T04:39:18.585+0000 7f3f49ffb700 1 --2- 172.21.15.130:0/2884102282 >> [v2:172.21.15.130:6800/2029312463,v1:172.21.15.130:6801/2029312463] conn(0x7f3f4402fdb0 0x7f3f44032270 unknown :-1 s=NONE pgs=0 cs=0 l=1 rev1=0 rx=0 tx=0).connect
2023-11-15T04:39:18.591 INFO:teuthology.orchestra.run.smithi130.stderr:/usr/bin/ceph:
2023-11-15T04:39:18.585+0000 7f3f49ffb700 1 -- 172.21.15.130:0/2884102282 <== mon.0 v2:172.21.15.130:3300/0 5 ==== osd_map(1..1 src has 1..1) v4 ==== 754+0+0 (secure 0 0 0) 0x7f3f58041210 con 0x7f3f5c0703b0
2023-11-15T04:39:18.591 INFO:teuthology.orchestra.run.smithi130.stderr:/usr/bin/ceph:
2023-11-15T04:39:18.585+0000 7f3f60cb7700 1 -- 172.21.15.130:0/2884102282 >> [v2:172.21.15.130:6800/2029312463,v1:172.21.15.130:6801/2029312463] conn(0x7f3f4402fdb0 msgr2=0x7f3f44032270 unknown :-1 s=STATE_CONNECTING_RE l=1).process reconnect failed to v2:172.21.15.130:6800/2029312463
2023-11-15T04:39:18.591 INFO:teuthology.orchestra.run.smithi130.stderr:/usr/bin/ceph:
2023-11-15T04:39:18.585+0000 7f3f60cb7700 1 --2- 172.21.15.130:0/2884102282 >> [v2:172.21.15.130:6800/2029312463,v1:172.21.15.130:6801/2029312463] conn(0x7f3f4402fdb0 0x7f3f44032270 unknown :-1 s=START_CONNECT pgs=0 cs=0 l=1 rev1=0 rx=0 tx=0)._fault waiting 0.200000
2023-11-15T04:39:18.591 INFO:teuthology.orchestra.run.smithi130.stderr:/usr/bin/ceph:
2023-11-15T04:39:18.585+0000 7f3f6371c700 1 -- 172.21.15.130:0/2884102282 --> [v2:172.21.15.130:3300/0,v1:172.21.15.130:6789/0] -- mon_command({"prefix": "get_command_descriptions"} v 0) v1 -- 0x7f3f5c101dd0 con 0x7f3f5c0703b0
2023-11-15T04:39:18.592 INFO:teuthology.orchestra.run.smithi130.stderr:/usr/bin/ceph:
2023-11-15T04:39:18.589+0000 7f3f49ffb700 1 -- 172.21.15.130:0/2884102282 <== mon.0 v2:172.21.15.130:3300/0 6 ==== mon_command_ack([{"prefix": "get_command_descriptions"}]=0 v0) v1 ==== 72+0+152212 (secure 0 0 0) 0x7f3f58016070 con 0x7f3f5c0703b0
2023-11-15T04:39:18.785 INFO:teuthology.orchestra.run.smithi130.stderr:/usr/bin/ceph:
2023-11-15T04:39:18.784+0000 7f3f6371c700 1 -- 172.21.15.130:0/2884102282 --> [v2:172.21.15.130:3300/0,v1:172.21.15.130:6789/0] -- mon_command({"prefix": "mgr stat"} v 0) v1 -- 0x7f3f5c106c30 con 0x7f3f5c0703b0
2023-11-15T04:39:18.786 INFO:teuthology.orchestra.run.smithi130.stderr:/usr/bin/ceph:
2023-11-15T04:39:18.784+0000 7f3f49ffb700 1 -- 172.21.15.130:0/2884102282 <== mon.0 v2:172.21.15.130:3300/0 7 ==== mon_command_ack([{"prefix": "mgr stat"}]=0 v4) v1 ==== 56+0+103 (secure 0 0 0) 0x7f3f5c106c30 con 0x7f3f5c0703b0
2023-11-15T04:39:18.786 INFO:teuthology.orchestra.run.smithi130.stderr:/usr/bin/ceph: {
2023-11-15T04:39:18.786 INFO:teuthology.orchestra.run.smithi130.stderr:/usr/bin/ceph: "epoch": 4,
2023-11-15T04:39:18.787 INFO:teuthology.orchestra.run.smithi130.stderr:/usr/bin/ceph: "available": true,
2023-11-15T04:39:18.787 INFO:teuthology.orchestra.run.smithi130.stderr:/usr/bin/ceph: "active_name": "smithi130.rwcjcd",
2023-11-15T04:39:18.787 INFO:teuthology.orchestra.run.smithi130.stderr:/usr/bin/ceph: "num_standby": 0
2023-11-15T04:39:18.787 INFO:teuthology.orchestra.run.smithi130.stderr:/usr/bin/ceph: }
2023-11-15T04:39:18.789 INFO:teuthology.orchestra.run.smithi130.stderr:/usr/bin/ceph:
2023-11-15T04:39:18.786+0000 7f3f60cb7700 1 -- 172.21.15.130:0/2884102282 >> [v2:172.21.15.130:6800/2029312463,v1:172.21.15.130:6801/2029312463] conn(0x7f3f4402fdb0 msgr2=0x7f3f44032270 unknown :-1 s=STATE_CONNECTING_RE l=1).process reconnect failed to v2:172.21.15.130:6800/2029312463
2023-11-15T04:39:18.789 INFO:teuthology.orchestra.run.smithi130.stderr:/usr/bin/ceph:
2023-11-15T04:39:18.786+0000 7f3f60cb7700 1 --2- 172.21.15.130:0/2884102282 >> [v2:172.21.15.130:6800/2029312463,v1:172.21.15.130:6801/2029312463] conn(0x7f3f4402fdb0 0x7f3f44032270 unknown :-1 s=START_CONNECT pgs=0 cs=0 l=1 rev1=0 rx=0 tx=0)._fault waiting 0.400000
2023-11-15T04:39:18.789 INFO:teuthology.orchestra.run.smithi130.stderr:/usr/bin/ceph:
2023-11-15T04:39:18.786+0000 7f3f6371c700 1 -- 172.21.15.130:0/2884102282 >> [v2:172.21.15.130:6800/2029312463,v1:172.21.15.130:6801/2029312463] conn(0x7f3f4402fdb0 msgr2=0x7f3f44032270 unknown :-1 s=STATE_CONNECTING l=1).mark_down
2023-11-15T04:39:18.789 INFO:teuthology.orchestra.run.smithi130.stderr:/usr/bin/ceph:
2023-11-15T04:39:18.786+0000 7f3f6371c700 1 --2- 172.21.15.130:0/2884102282 >> [v2:172.21.15.130:6800/2029312463,v1:172.21.15.130:6801/2029312463] conn(0x7f3f4402fdb0 0x7f3f44032270 unknown :-1 s=START_CONNECT pgs=0 cs=0 l=1 rev1=0 rx=0 tx=0).stop
2023-11-15T04:39:18.790 INFO:teuthology.orchestra.run.smithi130.stderr:/usr/bin/ceph:
2023-11-15T04:39:18.786+0000 7f3f6371c700 1 -- 172.21.15.130:0/2884102282 >> [v2:172.21.15.130:3300/0,v1:172.21.15.130:6789/0] conn(0x7f3f5c0703b0 msgr2=0x7f3f5c10cce0 secure :-1 s=STATE_CONNECTION_ESTABLISHED l=1).mark_down
2023-11-15T04:39:18.790 INFO:teuthology.orchestra.run.smithi130.stderr:/usr/bin/ceph:
2023-11-15T04:39:18.786+0000 7f3f6371c700 1 --2- 172.21.15.130:0/2884102282 >> [v2:172.21.15.130:3300/0,v1:172.21.15.130:6789/0] conn(0x7f3f5c0703b0 0x7f3f5c10cce0 secure :-1 s=READY pgs=21 cs=0 l=1 rev1=1 rx=0x7f3f5800e040 tx=0x7f3f58006ee0).stop
2023-11-15T04:39:18.790 INFO:teuthology.orchestra.run.smithi130.stderr:/usr/bin/ceph:
2023-11-15T04:39:18.786+0000 7f3f6371c700 1 -- 172.21.15.130:0/2884102282 shutdown_connections
2023-11-15T04:39:18.790 INFO:teuthology.orchestra.run.smithi130.stderr:/usr/bin/ceph:
2023-11-15T04:39:18.786+0000 7f3f6371c700 1 --2- 172.21.15.130:0/2884102282 >> [v2:172.21.15.130:6800/2029312463,v1:172.21.15.130:6801/2029312463] conn(0x7f3f4402fdb0 0x7f3f44032270 unknown :-1 s=CLOSED pgs=0 cs=0 l=1 rev1=0 rx=0 tx=0).stop
2023-11-15T04:39:18.790 INFO:teuthology.orchestra.run.smithi130.stderr:/usr/bin/ceph:
2023-11-15T04:39:18.786+0000 7f3f6371c700 1 --2- 172.21.15.130:0/2884102282 >> [v2:172.21.15.130:3300/0,v1:172.21.15.130:6789/0] conn(0x7f3f5c0703b0 0x7f3f5c10cce0 unknown :-1 s=CLOSED pgs=21 cs=0 l=1 rev1=1 rx=0 tx=0).stop
2023-11-15T04:39:18.791 INFO:teuthology.orchestra.run.smithi130.stderr:/usr/bin/ceph:
2023-11-15T04:39:18.786+0000 7f3f6371c700 1 -- 172.21.15.130:0/2884102282 >> 172.21.15.130:0/2884102282 conn(0x7f3f5c0f63c0 msgr2=0x7f3f5c0f7f40 unknown :-1 s=STATE_NONE l=0).mark_down
2023-11-15T04:39:18.791 INFO:teuthology.orchestra.run.smithi130.stderr:/usr/bin/ceph:
2023-11-15T04:39:18.786+0000 7f3f6371c700 1 -- 172.21.15.130:0/2884102282 shutdown_connections
2023-11-15T04:39:18.791 INFO:teuthology.orchestra.run.smithi130.stderr:/usr/bin/ceph:
2023-11-15T04:39:18.786+0000 7f3f6371c700 1 -- 172.21.15.130:0/2884102282 wait complete.
2023-11-15T04:39:19.084 INFO:journalctl@ceph.mon.smithi130.smithi130.stdout:Nov 15 04:39:18 smithi130 ceph-d8b243d4-8370-11ee-8dbe-212e2dc638e7-mon.smithi130[112306]: audit
2023-11-15T04:39:17.867342+0000 mon.smithi130 (mon.0) 25 : audit [INF] from='client.? 172.21.15.130:0/1689727106' entity='client.admin' cmd='[{"prefix": "mgr module enable", "module": "cephadm"}]': finished
2023-11-15T04:39:19.085 INFO:journalctl@ceph.mon.smithi130.smithi130.stdout:Nov 15 04:39:18 smithi130 ceph-d8b243d4-8370-11ee-8dbe-212e2dc638e7-mon.smithi130[112306]: cluster
2023-11-15T04:39:17.867397+0000 mon.smithi130 (mon.0) 26 : cluster [DBG] mgrmap e4: smithi130.rwcjcd(active, since 3s)
2023-11-15T04:39:19.085 INFO:journalctl@ceph.mon.smithi130.smithi130.stdout:Nov 15 04:39:18 smithi130 ceph-d8b243d4-8370-11ee-8dbe-212e2dc638e7-mon.smithi130[112306]: audit
2023-11-15T04:39:18.785599+0000 mon.smithi130 (mon.0) 27 : audit [DBG] from='client.? 172.21.15.130:0/2884102282' entity='client.admin' cmd=[{"prefix": "mgr stat"}]: dispatch
2023-11-15T04:39:19.103 INFO:teuthology.orchestra.run.smithi130.stderr:Waiting for the mgr to restart...
2023-11-15T04:39:19.103 INFO:teuthology.orchestra.run.smithi130.stderr:Waiting for mgr epoch 4...
2023-11-15T04:39:19.104 INFO:teuthology.orchestra.run.smithi130.stderr:Running command: /bin/podman run --rm --ipc=host --no-hosts --net=host --entrypoint /usr/bin/ceph --init -e CONTAINER_IMAGE=docker.io/ceph/ceph:v16.2.4 -e NODE_NAME=smithi130 -e CEPH_USE_RANDOM_NONCE=1 -v /var/log/ceph/d8b243d4-8370-11ee-8dbe-212e2dc638e7:/var/log/ceph:z -v /tmp/ceph-tmpscc_whq9:/etc/ceph/ceph.client.admin.keyring:z -v /tmp/ceph-tmpv7cwa3an:/etc/ceph/ceph.conf:z docker.io/ceph/ceph:v16.2.4 tell mgr mgr_status
2023-11-15T04:39:19.466 INFO:teuthology.orchestra.run.smithi130.stderr:/usr/bin/ceph:
2023-11-15T04:39:19.463+0000 7f395df4f700 1 Processor -- start
2023-11-15T04:39:19.466 INFO:teuthology.orchestra.run.smithi130.stderr:/usr/bin/ceph:
2023-11-15T04:39:19.463+0000 7f395df4f700 1 -- start start
2023-11-15T04:39:19.467 INFO:teuthology.orchestra.run.smithi130.stderr:/usr/bin/ceph:
2023-11-15T04:39:19.463+0000 7f395df4f700 1 --2- >> [v2:172.21.15.130:3300/0,v1:172.21.15.130:6789/0] conn(0x7f39580703f0 0x7f39580fe770 unknown :-1 s=NONE pgs=0 cs=0 l=0 rev1=0 rx=0 tx=0).connect
2023-11-15T04:39:19.467 INFO:teuthology.orchestra.run.smithi130.stderr:/usr/bin/ceph:
2023-11-15T04:39:19.463+0000 7f395df4f700 1 -- --> [v2:172.21.15.130:3300/0,v1:172.21.15.130:6789/0] -- mon_getmap magic: 0 v1 -- 0x7f39580fec60 con 0x7f39580703f0
2023-11-15T04:39:19.467 INFO:teuthology.orchestra.run.smithi130.stderr:/usr/bin/ceph:
2023-11-15T04:39:19.463+0000 7f395cf4d700 1 --2- >> [v2:172.21.15.130:3300/0,v1:172.21.15.130:6789/0] conn(0x7f39580703f0 0x7f39580fe770 unknown :-1 s=BANNER_CONNECTING pgs=0 cs=0 l=0 rev1=0 rx=0 tx=0)._handle_peer_banner_payload supported=1 required=0
2023-11-15T04:39:19.467 INFO:teuthology.orchestra.run.smithi130.stderr:/usr/bin/ceph:
2023-11-15T04:39:19.463+0000 7f395cf4d700 1 --2- >> [v2:172.21.15.130:3300/0,v1:172.21.15.130:6789/0] conn(0x7f39580703f0 0x7f39580fe770 unknown :-1 s=HELLO_CONNECTING pgs=0 cs=0 l=0 rev1=1 rx=0 tx=0).handle_hello peer v2:172.21.15.130:3300/0 says I am v2:172.21.15.130:44644/0 (socket says 172.21.15.130:44644)
2023-11-15T04:39:19.467 INFO:teuthology.orchestra.run.smithi130.stderr:/usr/bin/ceph:
2023-11-15T04:39:19.463+0000 7f395cf4d700 1 -- 172.21.15.130:0/4272944561 learned_addr learned my addr 172.21.15.130:0/4272944561 (peer_addr_for_me v2:172.21.15.130:0/0)
2023-11-15T04:39:19.468 INFO:teuthology.orchestra.run.smithi130.stderr:/usr/bin/ceph:
2023-11-15T04:39:19.463+0000 7f395cf4d700 1 -- 172.21.15.130:0/4272944561 --> [v2:172.21.15.130:3300/0,v1:172.21.15.130:6789/0] -- mon_subscribe({config=0+,monmap=0+}) v3 -- 0x7f39580feda0 con 0x7f39580703f0
2023-11-15T04:39:19.468 INFO:teuthology.orchestra.run.smithi130.stderr:/usr/bin/ceph:
2023-11-15T04:39:19.464+0000 7f395cf4d700 1 --2- 172.21.15.130:0/4272944561 >> [v2:172.21.15.130:3300/0,v1:172.21.15.130:6789/0] conn(0x7f39580703f0 0x7f39580fe770 secure :-1 s=READY pgs=22 cs=0 l=1 rev1=1 rx=0x7f394c00b5f0 tx=0x7f394c006ee0).ready entity=mon.0 client_cookie=c6a950e211586398 server_cookie=0 in_seq=0 out_seq=0
2023-11-15T04:39:19.468 INFO:teuthology.orchestra.run.smithi130.stderr:/usr/bin/ceph:
2023-11-15T04:39:19.464+0000 7f39577fe700 1 -- 172.21.15.130:0/4272944561 <== mon.0 v2:172.21.15.130:3300/0 1 ==== mon_map magic: 0 v1 ==== 229+0+0 (secure 0 0 0) 0x7f394c00d600 con 0x7f39580703f0
2023-11-15T04:39:19.468 INFO:teuthology.orchestra.run.smithi130.stderr:/usr/bin/ceph:
2023-11-15T04:39:19.464+0000 7f39577fe700 1 -- 172.21.15.130:0/4272944561 <== mon.0 v2:172.21.15.130:3300/0 2 ==== config(25 keys) v1 ==== 1010+0+0 (secure 0 0 0) 0x7f394c00dbd0 con 0x7f39580703f0
2023-11-15T04:39:19.468 INFO:teuthology.orchestra.run.smithi130.stderr:/usr/bin/ceph:
2023-11-15T04:39:19.464+0000 7f39577fe700 1 -- 172.21.15.130:0/4272944561 <== mon.0 v2:172.21.15.130:3300/0 3 ==== mon_map magic: 0 v1 ==== 229+0+0 (secure 0 0 0) 0x7f394c011c00 con 0x7f39580703f0
2023-11-15T04:39:19.469 INFO:teuthology.orchestra.run.smithi130.stderr:/usr/bin/ceph:
2023-11-15T04:39:19.465+0000 7f395df4f700 1 -- 172.21.15.130:0/4272944561 >> [v2:172.21.15.130:3300/0,v1:172.21.15.130:6789/0] conn(0x7f39580703f0 msgr2=0x7f39580fe770 secure :-1 s=STATE_CONNECTION_ESTABLISHED l=1).mark_down
2023-11-15T04:39:19.469 INFO:teuthology.orchestra.run.smithi130.stderr:/usr/bin/ceph:
2023-11-15T04:39:19.465+0000 7f395df4f700 1 --2- 172.21.15.130:0/4272944561 >> [v2:172.21.15.130:3300/0,v1:172.21.15.130:6789/0] conn(0x7f39580703f0 0x7f39580fe770 secure :-1 s=READY pgs=22 cs=0 l=1 rev1=1 rx=0x7f394c00b5f0 tx=0x7f394c006ee0).stop
2023-11-15T04:39:19.469 INFO:teuthology.orchestra.run.smithi130.stderr:/usr/bin/ceph:
2023-11-15T04:39:19.465+0000 7f395df4f700 1 -- 172.21.15.130:0/4272944561 shutdown_connections
2023-11-15T04:39:19.469 INFO:teuthology.orchestra.run.smithi130.stderr:/usr/bin/ceph:
2023-11-15T04:39:19.465+0000 7f395df4f700 1 --2- 172.21.15.130:0/4272944561 >> [v2:172.21.15.130:3300/0,v1:172.21.15.130:6789/0] conn(0x7f39580703f0 0x7f39580fe770 unknown :-1 s=CLOSED pgs=22 cs=0 l=1 rev1=1 rx=0 tx=0).stop
2023-11-15T04:39:19.469 INFO:teuthology.orchestra.run.smithi130.stderr:/usr/bin/ceph:
2023-11-15T04:39:19.465+0000 7f395df4f700 1 -- 172.21.15.130:0/4272944561 >> 172.21.15.130:0/4272944561 conn(0x7f39580f6210 msgr2=0x7f39580f8630 unknown :-1 s=STATE_NONE l=0).mark_down
2023-11-15T04:39:19.470 INFO:teuthology.orchestra.run.smithi130.stderr:/usr/bin/ceph:
2023-11-15T04:39:19.465+0000 7f395df4f700 1 -- 172.21.15.130:0/4272944561 shutdown_connections
2023-11-15T04:39:19.470 INFO:teuthology.orchestra.run.smithi130.stderr:/usr/bin/ceph:
2023-11-15T04:39:19.465+0000 7f395df4f700 1 -- 172.21.15.130:0/4272944561 wait complete.
2023-11-15T04:39:19.472 INFO:teuthology.orchestra.run.smithi130.stderr:/usr/bin/ceph:
2023-11-15T04:39:19.466+0000 7f395df4f700 1 Processor -- start
2023-11-15T04:39:19.472 INFO:teuthology.orchestra.run.smithi130.stderr:/usr/bin/ceph:
2023-11-15T04:39:19.466+0000 7f395df4f700 1 -- start start
2023-11-15T04:39:19.473 INFO:teuthology.orchestra.run.smithi130.stderr:/usr/bin/ceph:
2023-11-15T04:39:19.466+0000 7f395df4f700 1 --2- >> [v2:172.21.15.130:3300/0,v1:172.21.15.130:6789/0] conn(0x7f39580703f0 0x7f395810a880 unknown :-1 s=NONE pgs=0 cs=0 l=1 rev1=0 rx=0 tx=0).connect
2023-11-15T04:39:19.473 INFO:teuthology.orchestra.run.smithi130.stderr:/usr/bin/ceph:
2023-11-15T04:39:19.466+0000 7f395df4f700 1 -- --> [v2:172.21.15.130:3300/0,v1:172.21.15.130:6789/0] -- mon_getmap magic: 0 v1 -- 0x7f395810ad70 con 0x7f39580703f0
2023-11-15T04:39:19.473 INFO:teuthology.orchestra.run.smithi130.stderr:/usr/bin/ceph:
2023-11-15T04:39:19.466+0000 7f395cf4d700 1 --2- >> [v2:172.21.15.130:3300/0,v1:172.21.15.130:6789/0] conn(0x7f39580703f0 0x7f395810a880 unknown :-1 s=BANNER_CONNECTING pgs=0 cs=0 l=1 rev1=0 rx=0 tx=0)._handle_peer_banner_payload supported=1 required=0
2023-11-15T04:39:19.473 INFO:teuthology.orchestra.run.smithi130.stderr:/usr/bin/ceph:
2023-11-15T04:39:19.466+0000 7f395cf4d700 1 --2- >> [v2:172.21.15.130:3300/0,v1:172.21.15.130:6789/0] conn(0x7f39580703f0 0x7f395810a880 unknown :-1 s=HELLO_CONNECTING pgs=0 cs=0 l=1 rev1=1 rx=0 tx=0).handle_hello peer v2:172.21.15.130:3300/0 says I am v2:172.21.15.130:44650/0 (socket says 172.21.15.130:44650)
2023-11-15T04:39:19.473 INFO:teuthology.orchestra.run.smithi130.stderr:/usr/bin/ceph:
2023-11-15T04:39:19.466+0000 7f395cf4d700 1 -- 172.21.15.130:0/3010428436 learned_addr learned my addr 172.21.15.130:0/3010428436 (peer_addr_for_me v2:172.21.15.130:0/0)
2023-11-15T04:39:19.474 INFO:teuthology.orchestra.run.smithi130.stderr:/usr/bin/ceph:
2023-11-15T04:39:19.466+0000 7f395cf4d700 1 -- 172.21.15.130:0/3010428436 --> [v2:172.21.15.130:3300/0,v1:172.21.15.130:6789/0] -- mon_subscribe({config=0+,monmap=0+}) v3 -- 0x7f394c00b200 con 0x7f39580703f0
2023-11-15T04:39:19.474 INFO:teuthology.orchestra.run.smithi130.stderr:/usr/bin/ceph:
2023-11-15T04:39:19.467+0000 7f395cf4d700 1 --2- 172.21.15.130:0/3010428436 >> [v2:172.21.15.130:3300/0,v1:172.21.15.130:6789/0] conn(0x7f39580703f0 0x7f395810a880 secure :-1 s=READY pgs=23 cs=0 l=1 rev1=1 rx=0x7f394c00e040 tx=0x7f394c006ee0).ready entity=mon.0 client_cookie=0 server_cookie=0 in_seq=0 out_seq=0
2023-11-15T04:39:19.474 INFO:teuthology.orchestra.run.smithi130.stderr:/usr/bin/ceph:
2023-11-15T04:39:19.467+0000 7f39557fa700 1 -- 172.21.15.130:0/3010428436 <== mon.0 v2:172.21.15.130:3300/0 1 ==== mon_map magic: 0 v1 ==== 229+0+0 (secure 0 0 0) 0x7f394c00d9f0 con 0x7f39580703f0
2023-11-15T04:39:19.474 INFO:teuthology.orchestra.run.smithi130.stderr:/usr/bin/ceph:
2023-11-15T04:39:19.467+0000 7f39557fa700 1 -- 172.21.15.130:0/3010428436 <== mon.0 v2:172.21.15.130:3300/0 2 ==== config(25 keys) v1 ==== 1010+0+0 (secure 0 0 0) 0x7f394c01a9f0 con 0x7f39580703f0
2023-11-15T04:39:19.474 INFO:teuthology.orchestra.run.smithi130.stderr:/usr/bin/ceph:
2023-11-15T04:39:19.467+0000 7f395df4f700 1 -- 172.21.15.130:0/3010428436 --> [v2:172.21.15.130:3300/0,v1:172.21.15.130:6789/0] -- mon_subscribe({mgrmap=0+}) v3 -- 0x7f395810af70 con 0x7f39580703f0
2023-11-15T04:39:19.475 INFO:teuthology.orchestra.run.smithi130.stderr:/usr/bin/ceph:
2023-11-15T04:39:19.467+0000 7f39557fa700 1 -- 172.21.15.130:0/3010428436 <== mon.0 v2:172.21.15.130:3300/0 3 ==== mon_map magic: 0 v1 ==== 229+0+0 (secure 0 0 0) 0x7f394c01b8c0 con 0x7f39580703f0
2023-11-15T04:39:19.475 INFO:teuthology.orchestra.run.smithi130.stderr:/usr/bin/ceph:
2023-11-15T04:39:19.467+0000 7f395df4f700 1 -- 172.21.15.130:0/3010428436 --> [v2:172.21.15.130:3300/0,v1:172.21.15.130:6789/0] -- mon_subscribe({osdmap=0}) v3 -- 0x7f395810b380 con 0x7f39580703f0
2023-11-15T04:39:19.475 INFO:teuthology.orchestra.run.smithi130.stderr:/usr/bin/ceph:
2023-11-15T04:39:19.468+0000 7f39557fa700 1 -- 172.21.15.130:0/3010428436 <== mon.0 v2:172.21.15.130:3300/0 4 ==== mgrmap(e 4) v1 ==== 36120+0+0 (secure 0 0 0) 0x7f394c00f070 con 0x7f39580703f0
2023-11-15T04:39:19.475 INFO:teuthology.orchestra.run.smithi130.stderr:/usr/bin/ceph:
2023-11-15T04:39:19.468+0000 7f39557fa700 1 --2- 172.21.15.130:0/3010428436 >> [v2:172.21.15.130:6800/2029312463,v1:172.21.15.130:6801/2029312463] conn(0x7f393c02fdb0 0x7f393c032270 unknown :-1 s=NONE pgs=0 cs=0 l=1 rev1=0 rx=0 tx=0).connect
2023-11-15T04:39:19.475 INFO:teuthology.orchestra.run.smithi130.stderr:/usr/bin/ceph:
2023-11-15T04:39:19.468+0000 7f39557fa700 1 -- 172.21.15.130:0/3010428436 --> [v2:172.21.15.130:6800/2029312463,v1:172.21.15.130:6801/2029312463] -- command(tid 0: {"prefix": "get_command_descriptions"}) v1 -- 0x7f393c032930 con 0x7f393c02fdb0
2023-11-15T04:39:19.476 INFO:teuthology.orchestra.run.smithi130.stderr:/usr/bin/ceph:
2023-11-15T04:39:19.468+0000 7f39557fa700 1 -- 172.21.15.130:0/3010428436 <== mon.0 v2:172.21.15.130:3300/0 5 ==== osd_map(1..1 src has 1..1) v4 ==== 754+0+0 (secure 0 0 0) 0x7f394c040d30 con 0x7f39580703f0
2023-11-15T04:39:19.476 INFO:teuthology.orchestra.run.smithi130.stderr:/usr/bin/ceph:
2023-11-15T04:39:19.468+0000 7f3957fff700 1 -- 172.21.15.130:0/3010428436 >> [v2:172.21.15.130:6800/2029312463,v1:172.21.15.130:6801/2029312463] conn(0x7f393c02fdb0 msgr2=0x7f393c032270 unknown :-1 s=STATE_CONNECTING_RE l=1).process reconnect failed to v2:172.21.15.130:6800/2029312463
2023-11-15T04:39:19.476 INFO:teuthology.orchestra.run.smithi130.stderr:/usr/bin/ceph:
2023-11-15T04:39:19.468+0000 7f3957fff700 1 --2- 172.21.15.130:0/3010428436 >> [v2:172.21.15.130:6800/2029312463,v1:172.21.15.130:6801/2029312463] conn(0x7f393c02fdb0 0x7f393c032270 unknown :-1 s=START_CONNECT pgs=0 cs=0 l=1 rev1=0 rx=0 tx=0)._fault waiting 0.200000
2023-11-15T04:39:19.670 INFO:teuthology.orchestra.run.smithi130.stderr:/usr/bin/ceph:
2023-11-15T04:39:19.669+0000 7f3957fff700 1 -- 172.21.15.130:0/3010428436 >> [v2:172.21.15.130:6800/2029312463,v1:172.21.15.130:6801/2029312463] conn(0x7f393c02fdb0 msgr2=0x7f393c032270 unknown :-1 s=STATE_CONNECTING_RE l=1).process reconnect failed to v2:172.21.15.130:6800/2029312463
2023-11-15T04:39:19.670 INFO:teuthology.orchestra.run.smithi130.stderr:/usr/bin/ceph:
2023-11-15T04:39:19.669+0000 7f3957fff700 1 --2- 172.21.15.130:0/3010428436 >> [v2:172.21.15.130:6800/2029312463,v1:172.21.15.130:6801/2029312463] conn(0x7f393c02fdb0 0x7f393c032270 unknown :-1 s=START_CONNECT pgs=0 cs=0 l=1 rev1=0 rx=0 tx=0)._fault waiting 0.400000
2023-11-15T04:39:20.071 INFO:teuthology.orchestra.run.smithi130.stderr:/usr/bin/ceph:
2023-11-15T04:39:20.070+0000 7f3957fff700 1 -- 172.21.15.130:0/3010428436 >> [v2:172.21.15.130:6800/2029312463,v1:172.21.15.130:6801/2029312463] conn(0x7f393c02fdb0 msgr2=0x7f393c032270 unknown :-1 s=STATE_CONNECTING_RE l=1).process reconnect failed to v2:172.21.15.130:6800/2029312463
2023-11-15T04:39:20.071 INFO:teuthology.orchestra.run.smithi130.stderr:/usr/bin/ceph:
2023-11-15T04:39:20.070+0000 7f3957fff700 1 --2- 172.21.15.130:0/3010428436 >> [v2:172.21.15.130:6800/2029312463,v1:172.21.15.130:6801/2029312463] conn(0x7f393c02fdb0 0x7f393c032270 unknown :-1 s=START_CONNECT pgs=0 cs=0 l=1 rev1=0 rx=0 tx=0)._fault waiting 0.800000
2023-11-15T04:39:20.872 INFO:teuthology.orchestra.run.smithi130.stderr:/usr/bin/ceph:
2023-11-15T04:39:20.871+0000 7f3957fff700 1 -- 172.21.15.130:0/3010428436 >> [v2:172.21.15.130:6800/2029312463,v1:172.21.15.130:6801/2029312463] conn(0x7f393c02fdb0 msgr2=0x7f393c032270 unknown :-1 s=STATE_CONNECTING_RE l=1).process reconnect failed to v2:172.21.15.130:6800/2029312463
2023-11-15T04:39:20.872 INFO:teuthology.orchestra.run.smithi130.stderr:/usr/bin/ceph:
2023-11-15T04:39:20.871+0000 7f3957fff700 1 --2- 172.21.15.130:0/3010428436 >> [v2:172.21.15.130:6800/2029312463,v1:172.21.15.130:6801/2029312463] conn(0x7f393c02fdb0 0x7f393c032270 unknown :-1 s=START_CONNECT pgs=0 cs=0 l=1 rev1=0 rx=0 tx=0)._fault waiting 1.600000
2023-11-15T04:39:22.474 INFO:teuthology.orchestra.run.smithi130.stderr:/usr/bin/ceph:
2023-11-15T04:39:22.472+0000 7f3957fff700 1 -- 172.21.15.130:0/3010428436 >> [v2:172.21.15.130:6800/2029312463,v1:172.21.15.130:6801/2029312463] conn(0x7f393c02fdb0 msgr2=0x7f393c032270 unknown :-1 s=STATE_CONNECTING_RE l=1).process reconnect failed to v2:172.21.15.130:6800/2029312463
2023-11-15T04:39:22.474 INFO:teuthology.orchestra.run.smithi130.stderr:/usr/bin/ceph:
2023-11-15T04:39:22.472+0000 7f3957fff700 1 --2- 172.21.15.130:0/3010428436 >> [v2:172.21.15.130:6800/2029312463,v1:172.21.15.130:6801/2029312463] conn(0x7f393c02fdb0 0x7f393c032270 unknown :-1 s=START_CONNECT pgs=0 cs=0 l=1 rev1=0 rx=0 tx=0)._fault waiting 3.200000
2023-11-15T04:39:22.869 INFO:teuthology.orchestra.run.smithi130.stderr:/usr/bin/ceph:
2023-11-15T04:39:22.867+0000 7f39557fa700 1 -- 172.21.15.130:0/3010428436 <== mon.0 v2:172.21.15.130:3300/0 6 ==== mgrmap(e 5) v1 ==== 35970+0+0 (secure 0 0 0) 0x7f394c019300 con 0x7f39580703f0
2023-11-15T04:39:22.869 INFO:teuthology.orchestra.run.smithi130.stderr:/usr/bin/ceph:
2023-11-15T04:39:22.867+0000 7f39557fa700 1 -- 172.21.15.130:0/3010428436 >> [v2:172.21.15.130:6800/2029312463,v1:172.21.15.130:6801/2029312463] conn(0x7f393c02fdb0 msgr2=0x7f393c032270 unknown :-1 s=STATE_CONNECTING l=1).mark_down
2023-11-15T04:39:22.870 INFO:teuthology.orchestra.run.smithi130.stderr:/usr/bin/ceph:
2023-11-15T04:39:22.867+0000 7f39557fa700 1 --2- 172.21.15.130:0/3010428436 >> [v2:172.21.15.130:6800/2029312463,v1:172.21.15.130:6801/2029312463] conn(0x7f393c02fdb0 0x7f393c032270 unknown :-1 s=START_CONNECT pgs=0 cs=0 l=1 rev1=0 rx=0 tx=0).stop
2023-11-15T04:39:23.335 INFO:journalctl@ceph.mon.smithi130.smithi130.stdout:Nov 15 04:39:22 smithi130 ceph-d8b243d4-8370-11ee-8dbe-212e2dc638e7-mon.smithi130[112306]: cluster
2023-11-15T04:39:22.817203+0000 mon.smithi130 (mon.0) 28 : cluster [INF] Active manager daemon smithi130.rwcjcd restarted
2023-11-15T04:39:23.335 INFO:journalctl@ceph.mon.smithi130.smithi130.stdout:Nov 15 04:39:22 smithi130 ceph-d8b243d4-8370-11ee-8dbe-212e2dc638e7-mon.smithi130[112306]: cluster
2023-11-15T04:39:22.817609+0000 mon.smithi130 (mon.0) 29 : cluster [INF] Activating manager daemon smithi130.rwcjcd
2023-11-15T04:39:23.335 INFO:journalctl@ceph.mon.smithi130.smithi130.stdout:Nov 15 04:39:22 smithi130 ceph-d8b243d4-8370-11ee-8dbe-212e2dc638e7-mon.smithi130[112306]: cluster
2023-11-15T04:39:22.819250+0000 mon.smithi130 (mon.0) 30 : cluster [DBG] osdmap e2: 0 total, 0 up, 0 in
2023-11-15T04:39:23.879 INFO:teuthology.orchestra.run.smithi130.stderr:/usr/bin/ceph:
2023-11-15T04:39:23.878+0000 7f39557fa700 1 -- 172.21.15.130:0/3010428436 <== mon.0 v2:172.21.15.130:3300/0 7 ==== mgrmap(e 6) v1 ==== 36040+0+0 (secure 0 0 0) 0x7f394c042030 con 0x7f39580703f0
2023-11-15T04:39:23.880 INFO:teuthology.orchestra.run.smithi130.stderr:/usr/bin/ceph:
2023-11-15T04:39:23.878+0000 7f39557fa700 1 --2- 172.21.15.130:0/3010428436 >> [v2:172.21.15.130:6800/3879308825,v1:172.21.15.130:6801/3879308825] conn(0x7f393c033880 0x7f393c035c70 unknown :-1 s=NONE pgs=0 cs=0 l=1 rev1=0 rx=0 tx=0).connect
2023-11-15T04:39:23.880 INFO:teuthology.orchestra.run.smithi130.stderr:/usr/bin/ceph:
2023-11-15T04:39:23.878+0000 7f39557fa700 1 -- 172.21.15.130:0/3010428436 --> [v2:172.21.15.130:6800/3879308825,v1:172.21.15.130:6801/3879308825] -- command(tid 0: {"prefix": "get_command_descriptions"}) v1 -- 0x7f393c032930 con 0x7f393c033880
2023-11-15T04:39:23.881 INFO:teuthology.orchestra.run.smithi130.stderr:/usr/bin/ceph:
2023-11-15T04:39:23.879+0000 7f3957fff700 1 --2- 172.21.15.130:0/3010428436 >> [v2:172.21.15.130:6800/3879308825,v1:172.21.15.130:6801/3879308825] conn(0x7f393c033880 0x7f393c035c70 unknown :-1 s=BANNER_CONNECTING pgs=0 cs=0 l=1 rev1=0 rx=0 tx=0)._handle_peer_banner_payload supported=1 required=0
2023-11-15T04:39:23.881 INFO:teuthology.orchestra.run.smithi130.stderr:/usr/bin/ceph:
2023-11-15T04:39:23.879+0000 7f3957fff700 1 --2- 172.21.15.130:0/3010428436 >> [v2:172.21.15.130:6800/3879308825,v1:172.21.15.130:6801/3879308825] conn(0x7f393c033880 0x7f393c035c70 secure :-1 s=READY pgs=1 cs=0 l=1 rev1=1 rx=0x7f3944006fd0 tx=0x7f3944006d70).ready entity=mgr.14114 client_cookie=0 server_cookie=0 in_seq=0 out_seq=0
2023-11-15T04:39:23.881 INFO:teuthology.orchestra.run.smithi130.stderr:/usr/bin/ceph:
2023-11-15T04:39:23.880+0000 7f39557fa700 1 -- 172.21.15.130:0/3010428436 <== mgr.14114 v2:172.21.15.130:6800/3879308825 1 ==== command_reply(tid 0: 0 ) v1 ==== 8+0+6438 (secure 0 0 0) 0x7f393c032930 con 0x7f393c033880
2023-11-15T04:39:23.887 INFO:teuthology.orchestra.run.smithi130.stderr:/usr/bin/ceph:
2023-11-15T04:39:23.886+0000 7f395df4f700 1 -- 172.21.15.130:0/3010428436 --> [v2:172.21.15.130:6800/3879308825,v1:172.21.15.130:6801/3879308825] -- command(tid 1: {"prefix": "mgr_status"}) v1 -- 0x7f3958059100 con 0x7f393c033880
2023-11-15T04:39:23.888 INFO:teuthology.orchestra.run.smithi130.stderr:/usr/bin/ceph:
2023-11-15T04:39:23.886+0000 7f39557fa700 1 -- 172.21.15.130:0/3010428436 <== mgr.14114 v2:172.21.15.130:6800/3879308825 2 ==== command_reply(tid 1: 0 ) v1 ==== 8+0+51 (secure 0 0 0) 0x7f3958059100 con 0x7f393c033880
2023-11-15T04:39:23.888 INFO:teuthology.orchestra.run.smithi130.stderr:/usr/bin/ceph: {
2023-11-15T04:39:23.888 INFO:teuthology.orchestra.run.smithi130.stderr:/usr/bin/ceph: "mgrmap_epoch": 6,
2023-11-15T04:39:23.889 INFO:teuthology.orchestra.run.smithi130.stderr:/usr/bin/ceph: "initialized": true
2023-11-15T04:39:23.890 INFO:teuthology.orchestra.run.smithi130.stderr:/usr/bin/ceph: }
2023-11-15T04:39:23.890 INFO:teuthology.orchestra.run.smithi130.stderr:/usr/bin/ceph:
2023-11-15T04:39:23.887+0000 7f395df4f700 1 -- 172.21.15.130:0/3010428436 >> [v2:172.21.15.130:6800/3879308825,v1:172.21.15.130:6801/3879308825] conn(0x7f393c033880 msgr2=0x7f393c035c70 secure :-1 s=STATE_CONNECTION_ESTABLISHED l=1).mark_down
2023-11-15T04:39:23.890 INFO:teuthology.orchestra.run.smithi130.stderr:/usr/bin/ceph:
2023-11-15T04:39:23.887+0000 7f395df4f700 1 --2- 172.21.15.130:0/3010428436 >> [v2:172.21.15.130:6800/3879308825,v1:172.21.15.130:6801/3879308825] conn(0x7f393c033880 0x7f393c035c70 secure :-1 s=READY pgs=1 cs=0 l=1 rev1=1 rx=0x7f3944006fd0 tx=0x7f3944006d70).stop
2023-11-15T04:39:23.890 INFO:teuthology.orchestra.run.smithi130.stderr:/usr/bin/ceph:
2023-11-15T04:39:23.887+0000 7f395df4f700 1 -- 172.21.15.130:0/3010428436 >> [v2:172.21.15.130:3300/0,v1:172.21.15.130:6789/0] conn(0x7f39580703f0 msgr2=0x7f395810a880 secure :-1 s=STATE_CONNECTION_ESTABLISHED l=1).mark_down
2023-11-15T04:39:23.891 INFO:teuthology.orchestra.run.smithi130.stderr:/usr/bin/ceph:
2023-11-15T04:39:23.887+0000 7f395df4f700 1 --2- 172.21.15.130:0/3010428436 >> [v2:172.21.15.130:3300/0,v1:172.21.15.130:6789/0] conn(0x7f39580703f0 0x7f395810a880 secure :-1 s=READY pgs=23 cs=0 l=1 rev1=1 rx=0x7f394c00e040 tx=0x7f394c006ee0).stop
2023-11-15T04:39:23.891 INFO:teuthology.orchestra.run.smithi130.stderr:/usr/bin/ceph:
2023-11-15T04:39:23.887+0000 7f395df4f700 1 -- 172.21.15.130:0/3010428436 shutdown_connections
2023-11-15T04:39:23.891 INFO:teuthology.orchestra.run.smithi130.stderr:/usr/bin/ceph:
2023-11-15T04:39:23.887+0000 7f395df4f700 1 --2- 172.21.15.130:0/3010428436 >> [v2:172.21.15.130:6800/3879308825,v1:172.21.15.130:6801/3879308825] conn(0x7f393c033880 0x7f393c035c70 unknown :-1 s=CLOSED pgs=1 cs=0 l=1 rev1=1 rx=0 tx=0).stop
2023-11-15T04:39:23.891 INFO:teuthology.orchestra.run.smithi130.stderr:/usr/bin/ceph:
2023-11-15T04:39:23.887+0000 7f395df4f700 1 --2- 172.21.15.130:0/3010428436 >> [v2:172.21.15.130:3300/0,v1:172.21.15.130:6789/0] conn(0x7f39580703f0 0x7f395810a880 unknown :-1 s=CLOSED pgs=23 cs=0 l=1 rev1=1 rx=0 tx=0).stop
2023-11-15T04:39:23.891 INFO:teuthology.orchestra.run.smithi130.stderr:/usr/bin/ceph:
2023-11-15T04:39:23.887+0000 7f395df4f700 1 --2- 172.21.15.130:0/3010428436 >> [v2:172.21.15.130:6800/2029312463,v1:172.21.15.130:6801/2029312463] conn(0x7f393c02fdb0 0x7f393c032270 unknown :-1 s=CLOSED pgs=0 cs=0 l=1 rev1=0 rx=0 tx=0).stop
2023-11-15T04:39:23.892 INFO:teuthology.orchestra.run.smithi130.stderr:/usr/bin/ceph:
2023-11-15T04:39:23.887+0000 7f395df4f700 1 -- 172.21.15.130:0/3010428436 >> 172.21.15.130:0/3010428436 conn(0x7f39580f6210 msgr2=0x7f39580f7cd0 unknown :-1 s=STATE_NONE l=0).mark_down
2023-11-15T04:39:23.892 INFO:teuthology.orchestra.run.smithi130.stderr:/usr/bin/ceph:
2023-11-15T04:39:23.887+0000 7f395df4f700 1 -- 172.21.15.130:0/3010428436 shutdown_connections
2023-11-15T04:39:23.892 INFO:teuthology.orchestra.run.smithi130.stderr:/usr/bin/ceph:
2023-11-15T04:39:23.887+0000 7f395df4f700 1 -- 172.21.15.130:0/3010428436 wait complete.
2023-11-15T04:39:24.161 INFO:journalctl@ceph.mon.smithi130.smithi130.stdout:Nov 15 04:39:23 smithi130 ceph-d8b243d4-8370-11ee-8dbe-212e2dc638e7-mon.smithi130[112306]: cluster
2023-11-15T04:39:22.870168+0000 mon.smithi130 (mon.0) 31 : cluster [DBG] mgrmap e5: smithi130.rwcjcd(active, starting, since 0.0526536s)
2023-11-15T04:39:24.161 INFO:journalctl@ceph.mon.smithi130.smithi130.stdout:Nov 15 04:39:23 smithi130 ceph-d8b243d4-8370-11ee-8dbe-212e2dc638e7-mon.smithi130[112306]: audit
2023-11-15T04:39:22.871773+0000 mon.smithi130 (mon.0) 32 : audit [DBG] from='mgr.14114 172.21.15.130:0/3735029450' entity='mgr.smithi130.rwcjcd' cmd=[{"prefix": "mon metadata", "id": "smithi130"}]: dispatch
2023-11-15T04:39:24.161 INFO:journalctl@ceph.mon.smithi130.smithi130.stdout:Nov 15 04:39:23 smithi130 ceph-d8b243d4-8370-11ee-8dbe-212e2dc638e7-mon.smithi130[112306]: audit
2023-11-15T04:39:22.872303+0000 mon.smithi130 (mon.0) 33 : audit [DBG] from='mgr.14114 172.21.15.130:0/3735029450' entity='mgr.smithi130.rwcjcd' cmd=[{"prefix": "mgr metadata", "who": "smithi130.rwcjcd", "id": "smithi130.rwcjcd"}]: dispatch
2023-11-15T04:39:24.161 INFO:journalctl@ceph.mon.smithi130.smithi130.stdout:Nov 15 04:39:23 smithi130 ceph-d8b243d4-8370-11ee-8dbe-212e2dc638e7-mon.smithi130[112306]: audit
2023-11-15T04:39:22.872969+0000 mon.smithi130 (mon.0) 34 : audit [DBG] from='mgr.14114 172.21.15.130:0/3735029450' entity='mgr.smithi130.rwcjcd' cmd=[{"prefix": "mds metadata"}]: dispatch
2023-11-15T04:39:24.162 INFO:journalctl@ceph.mon.smithi130.smithi130.stdout:Nov 15 04:39:23 smithi130 ceph-d8b243d4-8370-11ee-8dbe-212e2dc638e7-mon.smithi130[112306]: audit
2023-11-15T04:39:22.873075+0000 mon.smithi130 (mon.0) 35 : audit [DBG] from='mgr.14114 172.21.15.130:0/3735029450' entity='mgr.smithi130.rwcjcd' cmd=[{"prefix": "osd metadata"}]: dispatch
2023-11-15T04:39:24.162 INFO:journalctl@ceph.mon.smithi130.smithi130.stdout:Nov 15 04:39:23 smithi130 ceph-d8b243d4-8370-11ee-8dbe-212e2dc638e7-mon.smithi130[112306]: audit
2023-11-15T04:39:22.873180+0000 mon.smithi130 (mon.0) 36 : audit [DBG] from='mgr.14114 172.21.15.130:0/3735029450' entity='mgr.smithi130.rwcjcd' cmd=[{"prefix": "mon metadata"}]: dispatch
2023-11-15T04:39:24.162 INFO:journalctl@ceph.mon.smithi130.smithi130.stdout:Nov 15 04:39:23 smithi130 ceph-d8b243d4-8370-11ee-8dbe-212e2dc638e7-mon.smithi130[112306]: cluster
2023-11-15T04:39:22.886676+0000 mon.smithi130 (mon.0) 37 : cluster [INF] Manager daemon smithi130.rwcjcd is now available
2023-11-15T04:39:24.162 INFO:journalctl@ceph.mon.smithi130.smithi130.stdout:Nov 15 04:39:23 smithi130 ceph-d8b243d4-8370-11ee-8dbe-212e2dc638e7-mon.smithi130[112306]: audit
2023-11-15T04:39:22.902245+0000 mon.smithi130 (mon.0) 38 : audit [INF] from='mgr.14114 172.21.15.130:0/3735029450' entity='mgr.smithi130.rwcjcd'
2023-11-15T04:39:24.162 INFO:journalctl@ceph.mon.smithi130.smithi130.stdout:Nov 15 04:39:23 smithi130 ceph-d8b243d4-8370-11ee-8dbe-212e2dc638e7-mon.smithi130[112306]: audit
2023-11-15T04:39:22.907800+0000 mon.smithi130 (mon.0) 39 : audit [INF] from='mgr.14114 172.21.15.130:0/3735029450' entity='mgr.smithi130.rwcjcd'
2023-11-15T04:39:24.163 INFO:journalctl@ceph.mon.smithi130.smithi130.stdout:Nov 15 04:39:23 smithi130 ceph-d8b243d4-8370-11ee-8dbe-212e2dc638e7-mon.smithi130[112306]: audit
2023-11-15T04:39:22.911398+0000 mon.smithi130 (mon.0) 40 : audit [INF] from='mgr.14114 172.21.15.130:0/3735029450' entity='mgr.smithi130.rwcjcd'
2023-11-15T04:39:24.163 INFO:journalctl@ceph.mon.smithi130.smithi130.stdout:Nov 15 04:39:23 smithi130 ceph-d8b243d4-8370-11ee-8dbe-212e2dc638e7-mon.smithi130[112306]: audit
2023-11-15T04:39:22.999599+0000 mon.smithi130 (mon.0) 41 : audit [INF] from='mgr.14114 172.21.15.130:0/3735029450' entity='mgr.smithi130.rwcjcd'
2023-11-15T04:39:24.163 INFO:journalctl@ceph.mon.smithi130.smithi130.stdout:Nov 15 04:39:23 smithi130 ceph-d8b243d4-8370-11ee-8dbe-212e2dc638e7-mon.smithi130[112306]: audit
2023-11-15T04:39:23.000260+0000 mon.smithi130 (mon.0) 42 : audit [DBG] from='mgr.14114 172.21.15.130:0/3735029450' entity='mgr.smithi130.rwcjcd' cmd=[{"prefix": "config dump", "format": "json"}]: dispatch
2023-11-15T04:39:24.163 INFO:journalctl@ceph.mon.smithi130.smithi130.stdout:Nov 15 04:39:23 smithi130 ceph-d8b243d4-8370-11ee-8dbe-212e2dc638e7-mon.smithi130[112306]: audit
2023-11-15T04:39:23.001878+0000 mon.smithi130 (mon.0) 43 : audit [DBG] from='mgr.14114 172.21.15.130:0/3735029450' entity='mgr.smithi130.rwcjcd' cmd=[{"prefix": "config dump", "format": "json"}]: dispatch
2023-11-15T04:39:24.163 INFO:journalctl@ceph.mon.smithi130.smithi130.stdout:Nov 15 04:39:23 smithi130 ceph-d8b243d4-8370-11ee-8dbe-212e2dc638e7-mon.smithi130[112306]: audit
