2023-11-15T05:00:50.541422+0000 mon.smithi086 (mon.0) 39 : audit [INF] from='mgr.14114 172.21.15.86:0/3913024690' entity='mgr.smithi086.hkfamo'
2023-11-15T05:00:51.991 INFO:journalctl@ceph.mon.smithi086.smithi086.stdout:Nov 15 05:00:51 smithi086 ceph-d8947496-8373-11ee-8dbe-212e2dc638e7-mon.smithi086[112320]: audit
2023-11-15T05:00:50.546753+0000 mon.smithi086 (mon.0) 40 : audit [INF] from='mgr.14114 172.21.15.86:0/3913024690' entity='mgr.smithi086.hkfamo'
2023-11-15T05:00:51.992 INFO:journalctl@ceph.mon.smithi086.smithi086.stdout:Nov 15 05:00:51 smithi086 ceph-d8947496-8373-11ee-8dbe-212e2dc638e7-mon.smithi086[112320]: audit
2023-11-15T05:00:50.636372+0000 mon.smithi086 (mon.0) 41 : audit [INF] from='mgr.14114 172.21.15.86:0/3913024690' entity='mgr.smithi086.hkfamo'
2023-11-15T05:00:51.992 INFO:journalctl@ceph.mon.smithi086.smithi086.stdout:Nov 15 05:00:51 smithi086 ceph-d8947496-8373-11ee-8dbe-212e2dc638e7-mon.smithi086[112320]: audit
2023-11-15T05:00:50.637022+0000 mon.smithi086 (mon.0) 42 : audit [DBG] from='mgr.14114 172.21.15.86:0/3913024690' entity='mgr.smithi086.hkfamo' cmd=[{"prefix": "config dump", "format": "json"}]: dispatch
2023-11-15T05:00:51.992 INFO:journalctl@ceph.mon.smithi086.smithi086.stdout:Nov 15 05:00:51 smithi086 ceph-d8947496-8373-11ee-8dbe-212e2dc638e7-mon.smithi086[112320]: audit
2023-11-15T05:00:50.638601+0000 mon.smithi086 (mon.0) 43 : audit [DBG] from='mgr.14114 172.21.15.86:0/3913024690' entity='mgr.smithi086.hkfamo' cmd=[{"prefix": "config dump", "format": "json"}]: dispatch
2023-11-15T05:00:51.992 INFO:journalctl@ceph.mon.smithi086.smithi086.stdout:Nov 15 05:00:51 smithi086 ceph-d8947496-8373-11ee-8dbe-212e2dc638e7-mon.smithi086[112320]: audit
2023-11-15T05:00:50.639982+0000 mon.smithi086 (mon.0) 44 : audit [DBG] from='mgr.14114 172.21.15.86:0/3913024690' entity='mgr.smithi086.hkfamo' cmd=[{"prefix": "config dump", "format": "json"}]: dispatch
2023-11-15T05:00:51.992 INFO:journalctl@ceph.mon.smithi086.smithi086.stdout:Nov 15 05:00:51 smithi086 ceph-d8947496-8373-11ee-8dbe-212e2dc638e7-mon.smithi086[112320]: audit
2023-11-15T05:00:50.649584+0000 mon.smithi086 (mon.0) 45 : audit [INF] from='mgr.14114 172.21.15.86:0/3913024690' entity='mgr.smithi086.hkfamo' cmd=[{"prefix":"config rm","who":"mgr","name":"mgr/rbd_support/smithi086.hkfamo/mirror_snapshot_schedule"}]: dispatch
2023-11-15T05:00:51.993 INFO:journalctl@ceph.mon.smithi086.smithi086.stdout:Nov 15 05:00:51 smithi086 ceph-d8947496-8373-11ee-8dbe-212e2dc638e7-mon.smithi086[112320]: audit
2023-11-15T05:00:50.650746+0000 mon.smithi086 (mon.0) 46 : audit [INF] from='mgr.14114 172.21.15.86:0/3913024690' entity='mgr.smithi086.hkfamo' cmd=[{"prefix":"config rm","who":"mgr","name":"mgr/rbd_support/smithi086.hkfamo/trash_purge_schedule"}]: dispatch
2023-11-15T05:00:52.794 INFO:journalctl@ceph.mon.smithi086.smithi086.stdout:Nov 15 05:00:52 smithi086 ceph-d8947496-8373-11ee-8dbe-212e2dc638e7-mon.smithi086[112320]: audit
2023-11-15T05:00:51.518165+0000 mgr.smithi086.hkfamo (mgr.14114) 1 : audit [DBG] from='client.14118 -' entity='client.admin' cmd=[{"prefix": "get_command_descriptions"}]: dispatch
2023-11-15T05:00:52.794 INFO:journalctl@ceph.mon.smithi086.smithi086.stdout:Nov 15 05:00:52 smithi086 ceph-d8947496-8373-11ee-8dbe-212e2dc638e7-mon.smithi086[112320]: cluster
2023-11-15T05:00:51.518746+0000 mon.smithi086 (mon.0) 47 : cluster [DBG] mgrmap e6: smithi086.hkfamo(active, since 1.06917s)
2023-11-15T05:00:52.794 INFO:journalctl@ceph.mon.smithi086.smithi086.stdout:Nov 15 05:00:52 smithi086 ceph-d8947496-8373-11ee-8dbe-212e2dc638e7-mon.smithi086[112320]: audit
2023-11-15T05:00:51.524925+0000 mgr.smithi086.hkfamo (mgr.14114) 2 : audit [DBG] from='client.14118 -' entity='client.admin' cmd=[{"prefix": "mgr_status"}]: dispatch
2023-11-15T05:00:53.989 INFO:journalctl@ceph.mon.smithi086.smithi086.stdout:Nov 15 05:00:53 smithi086 ceph-d8947496-8373-11ee-8dbe-212e2dc638e7-mon.smithi086[112320]: cluster
2023-11-15T05:00:52.521474+0000 mon.smithi086 (mon.0) 48 : cluster [DBG] mgrmap e7: smithi086.hkfamo(active, since 2s)
2023-11-15T05:00:54.017 INFO:teuthology.orchestra.run.smithi086.stderr:mgr epoch 4 is available
2023-11-15T05:00:54.017 INFO:teuthology.orchestra.run.smithi086.stderr:Setting orchestrator backend to cephadm...
2023-11-15T05:00:54.017 INFO:teuthology.orchestra.run.smithi086.stderr:Running command: /bin/podman run --rm --ipc=host --no-hosts --net=host --entrypoint /usr/bin/ceph --init -e CONTAINER_IMAGE=docker.io/ceph/ceph:v16.2.4 -e NODE_NAME=smithi086 -e CEPH_USE_RANDOM_NONCE=1 -v /var/log/ceph/d8947496-8373-11ee-8dbe-212e2dc638e7:/var/log/ceph:z -v /tmp/ceph-tmpbsrp86jc:/etc/ceph/ceph.client.admin.keyring:z -v /tmp/ceph-tmpaijg76ia:/etc/ceph/ceph.conf:z docker.io/ceph/ceph:v16.2.4 orch set backend cephadm
2023-11-15T05:00:55.426 INFO:teuthology.orchestra.run.smithi086.stderr:/usr/bin/ceph:
2023-11-15T05:00:55.368+0000 7f91b1971700 1 Processor -- start
2023-11-15T05:00:55.427 INFO:teuthology.orchestra.run.smithi086.stderr:/usr/bin/ceph:
2023-11-15T05:00:55.368+0000 7f91b1971700 1 -- start start
2023-11-15T05:00:55.427 INFO:teuthology.orchestra.run.smithi086.stderr:/usr/bin/ceph:
2023-11-15T05:00:55.368+0000 7f91b1971700 1 --2- >> [v2:172.21.15.86:3300/0,v1:172.21.15.86:6789/0] conn(0x7f91ac072520 0x7f91ac070ac0 unknown :-1 s=NONE pgs=0 cs=0 l=0 rev1=0 rx=0 tx=0).connect
2023-11-15T05:00:55.427 INFO:teuthology.orchestra.run.smithi086.stderr:/usr/bin/ceph:
2023-11-15T05:00:55.368+0000 7f91b1971700 1 -- --> [v2:172.21.15.86:3300/0,v1:172.21.15.86:6789/0] -- mon_getmap magic: 0 v1 -- 0x7f91ac072940 con 0x7f91ac072520
2023-11-15T05:00:55.427 INFO:teuthology.orchestra.run.smithi086.stderr:/usr/bin/ceph:
2023-11-15T05:00:55.368+0000 7f91aaffd700 1 --2- >> [v2:172.21.15.86:3300/0,v1:172.21.15.86:6789/0] conn(0x7f91ac072520 0x7f91ac070ac0 unknown :-1 s=BANNER_CONNECTING pgs=0 cs=0 l=0 rev1=0 rx=0 tx=0)._handle_peer_banner_payload supported=1 required=0
2023-11-15T05:00:55.428 INFO:teuthology.orchestra.run.smithi086.stderr:/usr/bin/ceph:
2023-11-15T05:00:55.368+0000 7f91aaffd700 1 --2- >> [v2:172.21.15.86:3300/0,v1:172.21.15.86:6789/0] conn(0x7f91ac072520 0x7f91ac070ac0 unknown :-1 s=HELLO_CONNECTING pgs=0 cs=0 l=0 rev1=1 rx=0 tx=0).handle_hello peer v2:172.21.15.86:3300/0 says I am v2:172.21.15.86:42514/0 (socket says 172.21.15.86:42514)
2023-11-15T05:00:55.428 INFO:teuthology.orchestra.run.smithi086.stderr:/usr/bin/ceph:
2023-11-15T05:00:55.368+0000 7f91aaffd700 1 -- 172.21.15.86:0/640922260 learned_addr learned my addr 172.21.15.86:0/640922260 (peer_addr_for_me v2:172.21.15.86:0/0)
2023-11-15T05:00:55.428 INFO:teuthology.orchestra.run.smithi086.stderr:/usr/bin/ceph:
2023-11-15T05:00:55.368+0000 7f91aaffd700 1 -- 172.21.15.86:0/640922260 --> [v2:172.21.15.86:3300/0,v1:172.21.15.86:6789/0] -- mon_subscribe({config=0+,monmap=0+}) v3 -- 0x7f91ac070fb0 con 0x7f91ac072520
2023-11-15T05:00:55.428 INFO:teuthology.orchestra.run.smithi086.stderr:/usr/bin/ceph:
2023-11-15T05:00:55.368+0000 7f91aaffd700 1 --2- 172.21.15.86:0/640922260 >> [v2:172.21.15.86:3300/0,v1:172.21.15.86:6789/0] conn(0x7f91ac072520 0x7f91ac070ac0 secure :-1 s=READY pgs=29 cs=0 l=1 rev1=1 rx=0x7f919c00b5f0 tx=0x7f919c006ee0).ready entity=mon.0 client_cookie=4e922f8d84987e98 server_cookie=0 in_seq=0 out_seq=0
2023-11-15T05:00:55.428 INFO:teuthology.orchestra.run.smithi086.stderr:/usr/bin/ceph:
2023-11-15T05:00:55.369+0000 7f91a9ffb700 1 -- 172.21.15.86:0/640922260 <== mon.0 v2:172.21.15.86:3300/0 1 ==== mon_map magic: 0 v1 ==== 229+0+0 (secure 0 0 0) 0x7f919c00d600 con 0x7f91ac072520
2023-11-15T05:00:55.429 INFO:teuthology.orchestra.run.smithi086.stderr:/usr/bin/ceph:
2023-11-15T05:00:55.369+0000 7f91a9ffb700 1 -- 172.21.15.86:0/640922260 <== mon.0 v2:172.21.15.86:3300/0 2 ==== config(25 keys) v1 ==== 1010+0+0 (secure 0 0 0) 0x7f919c00dbd0 con 0x7f91ac072520
2023-11-15T05:00:55.429 INFO:teuthology.orchestra.run.smithi086.stderr:/usr/bin/ceph:
2023-11-15T05:00:55.369+0000 7f91a9ffb700 1 -- 172.21.15.86:0/640922260 <== mon.0 v2:172.21.15.86:3300/0 3 ==== mon_map magic: 0 v1 ==== 229+0+0 (secure 0 0 0) 0x7f919c011c00 con 0x7f91ac072520
2023-11-15T05:00:55.429 INFO:teuthology.orchestra.run.smithi086.stderr:/usr/bin/ceph:
2023-11-15T05:00:55.369+0000 7f91b1971700 1 -- 172.21.15.86:0/640922260 >> [v2:172.21.15.86:3300/0,v1:172.21.15.86:6789/0] conn(0x7f91ac072520 msgr2=0x7f91ac070ac0 secure :-1 s=STATE_CONNECTION_ESTABLISHED l=1).mark_down
2023-11-15T05:00:55.429 INFO:teuthology.orchestra.run.smithi086.stderr:/usr/bin/ceph:
2023-11-15T05:00:55.369+0000 7f91b1971700 1 --2- 172.21.15.86:0/640922260 >> [v2:172.21.15.86:3300/0,v1:172.21.15.86:6789/0] conn(0x7f91ac072520 0x7f91ac070ac0 secure :-1 s=READY pgs=29 cs=0 l=1 rev1=1 rx=0x7f919c00b5f0 tx=0x7f919c006ee0).stop
2023-11-15T05:00:55.430 INFO:teuthology.orchestra.run.smithi086.stderr:/usr/bin/ceph:
2023-11-15T05:00:55.369+0000 7f91b1971700 1 -- 172.21.15.86:0/640922260 shutdown_connections
2023-11-15T05:00:55.430 INFO:teuthology.orchestra.run.smithi086.stderr:/usr/bin/ceph:
2023-11-15T05:00:55.369+0000 7f91b1971700 1 --2- 172.21.15.86:0/640922260 >> [v2:172.21.15.86:3300/0,v1:172.21.15.86:6789/0] conn(0x7f91ac072520 0x7f91ac070ac0 unknown :-1 s=CLOSED pgs=29 cs=0 l=1 rev1=1 rx=0 tx=0).stop
2023-11-15T05:00:55.430 INFO:teuthology.orchestra.run.smithi086.stderr:/usr/bin/ceph:
2023-11-15T05:00:55.369+0000 7f91b1971700 1 -- 172.21.15.86:0/640922260 >> 172.21.15.86:0/640922260 conn(0x7f91ac0f74b0 msgr2=0x7f91ac0f98d0 unknown :-1 s=STATE_NONE l=0).mark_down
2023-11-15T05:00:55.430 INFO:teuthology.orchestra.run.smithi086.stderr:/usr/bin/ceph:
2023-11-15T05:00:55.369+0000 7f91b1971700 1 -- 172.21.15.86:0/640922260 shutdown_connections
2023-11-15T05:00:55.430 INFO:teuthology.orchestra.run.smithi086.stderr:/usr/bin/ceph:
2023-11-15T05:00:55.369+0000 7f91b1971700 1 -- 172.21.15.86:0/640922260 wait complete.
2023-11-15T05:00:55.431 INFO:teuthology.orchestra.run.smithi086.stderr:/usr/bin/ceph:
2023-11-15T05:00:55.370+0000 7f91b1971700 1 Processor -- start
2023-11-15T05:00:55.431 INFO:teuthology.orchestra.run.smithi086.stderr:/usr/bin/ceph:
2023-11-15T05:00:55.370+0000 7f91b1971700 1 -- start start
2023-11-15T05:00:55.431 INFO:teuthology.orchestra.run.smithi086.stderr:/usr/bin/ceph:
2023-11-15T05:00:55.370+0000 7f91b1971700 1 --2- >> [v2:172.21.15.86:3300/0,v1:172.21.15.86:6789/0] conn(0x7f91ac072520 0x7f91ac10cd10 unknown :-1 s=NONE pgs=0 cs=0 l=1 rev1=0 rx=0 tx=0).connect
2023-11-15T05:00:55.431 INFO:teuthology.orchestra.run.smithi086.stderr:/usr/bin/ceph:
2023-11-15T05:00:55.370+0000 7f91b1971700 1 -- --> [v2:172.21.15.86:3300/0,v1:172.21.15.86:6789/0] -- mon_getmap magic: 0 v1 -- 0x7f91ac10d200 con 0x7f91ac072520
2023-11-15T05:00:55.432 INFO:teuthology.orchestra.run.smithi086.stderr:/usr/bin/ceph:
2023-11-15T05:00:55.370+0000 7f91aaffd700 1 --2- >> [v2:172.21.15.86:3300/0,v1:172.21.15.86:6789/0] conn(0x7f91ac072520 0x7f91ac10cd10 unknown :-1 s=BANNER_CONNECTING pgs=0 cs=0 l=1 rev1=0 rx=0 tx=0)._handle_peer_banner_payload supported=1 required=0
2023-11-15T05:00:55.432 INFO:teuthology.orchestra.run.smithi086.stderr:/usr/bin/ceph:
2023-11-15T05:00:55.370+0000 7f91aaffd700 1 --2- >> [v2:172.21.15.86:3300/0,v1:172.21.15.86:6789/0] conn(0x7f91ac072520 0x7f91ac10cd10 unknown :-1 s=HELLO_CONNECTING pgs=0 cs=0 l=1 rev1=1 rx=0 tx=0).handle_hello peer v2:172.21.15.86:3300/0 says I am v2:172.21.15.86:42522/0 (socket says 172.21.15.86:42522)
2023-11-15T05:00:55.432 INFO:teuthology.orchestra.run.smithi086.stderr:/usr/bin/ceph:
2023-11-15T05:00:55.370+0000 7f91aaffd700 1 -- 172.21.15.86:0/993755359 learned_addr learned my addr 172.21.15.86:0/993755359 (peer_addr_for_me v2:172.21.15.86:0/0)
2023-11-15T05:00:55.433 INFO:teuthology.orchestra.run.smithi086.stderr:/usr/bin/ceph:
2023-11-15T05:00:55.370+0000 7f91aaffd700 1 -- 172.21.15.86:0/993755359 --> [v2:172.21.15.86:3300/0,v1:172.21.15.86:6789/0] -- mon_subscribe({config=0+,monmap=0+}) v3 -- 0x7f919c00b200 con 0x7f91ac072520
2023-11-15T05:00:55.433 INFO:teuthology.orchestra.run.smithi086.stderr:/usr/bin/ceph:
2023-11-15T05:00:55.370+0000 7f91aaffd700 1 --2- 172.21.15.86:0/993755359 >> [v2:172.21.15.86:3300/0,v1:172.21.15.86:6789/0] conn(0x7f91ac072520 0x7f91ac10cd10 secure :-1 s=READY pgs=30 cs=0 l=1 rev1=1 rx=0x7f919c00b1d0 tx=0x7f919c006ee0).ready entity=mon.0 client_cookie=0 server_cookie=0 in_seq=0 out_seq=0
2023-11-15T05:00:55.433 INFO:teuthology.orchestra.run.smithi086.stderr:/usr/bin/ceph:
2023-11-15T05:00:55.371+0000 7f91937fe700 1 -- 172.21.15.86:0/993755359 <== mon.0 v2:172.21.15.86:3300/0 1 ==== mon_map magic: 0 v1 ==== 229+0+0 (secure 0 0 0) 0x7f919c011a20 con 0x7f91ac072520
2023-11-15T05:00:55.433 INFO:teuthology.orchestra.run.smithi086.stderr:/usr/bin/ceph:
2023-11-15T05:00:55.371+0000 7f91937fe700 1 -- 172.21.15.86:0/993755359 <== mon.0 v2:172.21.15.86:3300/0 2 ==== config(25 keys) v1 ==== 1010+0+0 (secure 0 0 0) 0x7f919c01b880 con 0x7f91ac072520
2023-11-15T05:00:55.433 INFO:teuthology.orchestra.run.smithi086.stderr:/usr/bin/ceph:
2023-11-15T05:00:55.371+0000 7f91b1971700 1 -- 172.21.15.86:0/993755359 --> [v2:172.21.15.86:3300/0,v1:172.21.15.86:6789/0] -- mon_subscribe({mgrmap=0+}) v3 -- 0x7f91ac10d400 con 0x7f91ac072520
2023-11-15T05:00:55.434 INFO:teuthology.orchestra.run.smithi086.stderr:/usr/bin/ceph:
2023-11-15T05:00:55.371+0000 7f91937fe700 1 -- 172.21.15.86:0/993755359 <== mon.0 v2:172.21.15.86:3300/0 3 ==== mon_map magic: 0 v1 ==== 229+0+0 (secure 0 0 0) 0x7f919c01a700 con 0x7f91ac072520
2023-11-15T05:00:55.434 INFO:teuthology.orchestra.run.smithi086.stderr:/usr/bin/ceph:
2023-11-15T05:00:55.371+0000 7f91b1971700 1 -- 172.21.15.86:0/993755359 --> [v2:172.21.15.86:3300/0,v1:172.21.15.86:6789/0] -- mon_subscribe({osdmap=0}) v3 -- 0x7f91ac10d810 con 0x7f91ac072520
2023-11-15T05:00:55.434 INFO:teuthology.orchestra.run.smithi086.stderr:/usr/bin/ceph:
2023-11-15T05:00:55.371+0000 7f91937fe700 1 -- 172.21.15.86:0/993755359 <== mon.0 v2:172.21.15.86:3300/0 4 ==== mgrmap(e 7) v1 ==== 36120+0+0 (secure 0 0 0) 0x7f919c00f070 con 0x7f91ac072520
2023-11-15T05:00:55.434 INFO:teuthology.orchestra.run.smithi086.stderr:/usr/bin/ceph:
2023-11-15T05:00:55.372+0000 7f91b1971700 1 -- 172.21.15.86:0/993755359 --> [v2:172.21.15.86:3300/0,v1:172.21.15.86:6789/0] -- mon_command({"prefix": "get_command_descriptions"} v 0) v1 -- 0x7f91ac045ad0 con 0x7f91ac072520
2023-11-15T05:00:55.435 INFO:teuthology.orchestra.run.smithi086.stderr:/usr/bin/ceph:
2023-11-15T05:00:55.372+0000 7f91937fe700 1 --2- 172.21.15.86:0/993755359 >> [v2:172.21.15.86:6800/2368880557,v1:172.21.15.86:6801/2368880557] conn(0x7f919802fd50 0x7f9198032210 unknown :-1 s=NONE pgs=0 cs=0 l=1 rev1=0 rx=0 tx=0).connect
2023-11-15T05:00:55.435 INFO:teuthology.orchestra.run.smithi086.stderr:/usr/bin/ceph:
2023-11-15T05:00:55.372+0000 7f91937fe700 1 -- 172.21.15.86:0/993755359 <== mon.0 v2:172.21.15.86:3300/0 5 ==== osd_map(2..2 src has 1..2) v4 ==== 926+0+0 (secure 0 0 0) 0x7f919c041080 con 0x7f91ac072520
2023-11-15T05:00:55.435 INFO:teuthology.orchestra.run.smithi086.stderr:/usr/bin/ceph:
2023-11-15T05:00:55.372+0000 7f91aa7fc700 1 --2- 172.21.15.86:0/993755359 >> [v2:172.21.15.86:6800/2368880557,v1:172.21.15.86:6801/2368880557] conn(0x7f919802fd50 0x7f9198032210 unknown :-1 s=BANNER_CONNECTING pgs=0 cs=0 l=1 rev1=0 rx=0 tx=0)._handle_peer_banner_payload supported=1 required=0
2023-11-15T05:00:55.435 INFO:teuthology.orchestra.run.smithi086.stderr:/usr/bin/ceph:
2023-11-15T05:00:55.372+0000 7f91aa7fc700 1 --2- 172.21.15.86:0/993755359 >> [v2:172.21.15.86:6800/2368880557,v1:172.21.15.86:6801/2368880557] conn(0x7f919802fd50 0x7f9198032210 secure :-1 s=READY pgs=6 cs=0 l=1 rev1=1 rx=0x7f91a00096a0 tx=0x7f91a0006b40).ready entity=mgr.14114 client_cookie=0 server_cookie=0 in_seq=0 out_seq=0
2023-11-15T05:00:55.435 INFO:teuthology.orchestra.run.smithi086.stderr:/usr/bin/ceph:
2023-11-15T05:00:55.376+0000 7f91937fe700 1 -- 172.21.15.86:0/993755359 <== mon.0 v2:172.21.15.86:3300/0 6 ==== mon_command_ack([{"prefix": "get_command_descriptions"}]=0 v0) v1 ==== 72+0+152212 (secure 0 0 0) 0x7f919c022310 con 0x7f91ac072520
2023-11-15T05:00:55.559 INFO:teuthology.orchestra.run.smithi086.stderr:/usr/bin/ceph:
2023-11-15T05:00:55.557+0000 7f91b1971700 1 -- 172.21.15.86:0/993755359 --> [v2:172.21.15.86:6800/2368880557,v1:172.21.15.86:6801/2368880557] -- mgr_command(tid 0: {"prefix": "orch set backend", "module_name": "cephadm", "target": ["mon-mgr", ""]}) v1 -- 0x7f91ac10df40 con 0x7f919802fd50
2023-11-15T05:00:55.564 INFO:teuthology.orchestra.run.smithi086.stderr:/usr/bin/ceph:
2023-11-15T05:00:55.563+0000 7f91937fe700 1 -- 172.21.15.86:0/993755359 <== mgr.14114 v2:172.21.15.86:6800/2368880557 1 ==== mgr_command_reply(tid 0: 0 ) v1 ==== 8+0+0 (secure 0 0 0) 0x7f91ac10df40 con 0x7f919802fd50
2023-11-15T05:00:55.567 INFO:teuthology.orchestra.run.smithi086.stderr:/usr/bin/ceph:
2023-11-15T05:00:55.565+0000 7f91b1971700 1 -- 172.21.15.86:0/993755359 >> [v2:172.21.15.86:6800/2368880557,v1:172.21.15.86:6801/2368880557] conn(0x7f919802fd50 msgr2=0x7f9198032210 secure :-1 s=STATE_CONNECTION_ESTABLISHED l=1).mark_down
2023-11-15T05:00:55.567 INFO:teuthology.orchestra.run.smithi086.stderr:/usr/bin/ceph:
2023-11-15T05:00:55.565+0000 7f91b1971700 1 --2- 172.21.15.86:0/993755359 >> [v2:172.21.15.86:6800/2368880557,v1:172.21.15.86:6801/2368880557] conn(0x7f919802fd50 0x7f9198032210 secure :-1 s=READY pgs=6 cs=0 l=1 rev1=1 rx=0x7f91a00096a0 tx=0x7f91a0006b40).stop
2023-11-15T05:00:55.568 INFO:teuthology.orchestra.run.smithi086.stderr:/usr/bin/ceph:
2023-11-15T05:00:55.565+0000 7f91b1971700 1 -- 172.21.15.86:0/993755359 >> [v2:172.21.15.86:3300/0,v1:172.21.15.86:6789/0] conn(0x7f91ac072520 msgr2=0x7f91ac10cd10 secure :-1 s=STATE_CONNECTION_ESTABLISHED l=1).mark_down
2023-11-15T05:00:55.568 INFO:teuthology.orchestra.run.smithi086.stderr:/usr/bin/ceph:
2023-11-15T05:00:55.565+0000 7f91b1971700 1 --2- 172.21.15.86:0/993755359 >> [v2:172.21.15.86:3300/0,v1:172.21.15.86:6789/0] conn(0x7f91ac072520 0x7f91ac10cd10 secure :-1 s=READY pgs=30 cs=0 l=1 rev1=1 rx=0x7f919c00b1d0 tx=0x7f919c006ee0).stop
2023-11-15T05:00:55.569 INFO:teuthology.orchestra.run.smithi086.stderr:/usr/bin/ceph:
2023-11-15T05:00:55.565+0000 7f91b1971700 1 -- 172.21.15.86:0/993755359 shutdown_connections
2023-11-15T05:00:55.569 INFO:teuthology.orchestra.run.smithi086.stderr:/usr/bin/ceph:
2023-11-15T05:00:55.565+0000 7f91b1971700 1 --2- 172.21.15.86:0/993755359 >> [v2:172.21.15.86:6800/2368880557,v1:172.21.15.86:6801/2368880557] conn(0x7f919802fd50 0x7f9198032210 unknown :-1 s=CLOSED pgs=6 cs=0 l=1 rev1=1 rx=0 tx=0).stop
2023-11-15T05:00:55.569 INFO:teuthology.orchestra.run.smithi086.stderr:/usr/bin/ceph:
2023-11-15T05:00:55.565+0000 7f91b1971700 1 --2- 172.21.15.86:0/993755359 >> [v2:172.21.15.86:3300/0,v1:172.21.15.86:6789/0] conn(0x7f91ac072520 0x7f91ac10cd10 unknown :-1 s=CLOSED pgs=30 cs=0 l=1 rev1=1 rx=0 tx=0).stop
2023-11-15T05:00:55.570 INFO:teuthology.orchestra.run.smithi086.stderr:/usr/bin/ceph:
2023-11-15T05:00:55.565+0000 7f91b1971700 1 -- 172.21.15.86:0/993755359 >> 172.21.15.86:0/993755359 conn(0x7f91ac0f74b0 msgr2=0x7f91ac0f9050 unknown :-1 s=STATE_NONE l=0).mark_down
2023-11-15T05:00:55.570 INFO:teuthology.orchestra.run.smithi086.stderr:/usr/bin/ceph:
2023-11-15T05:00:55.565+0000 7f91b1971700 1 -- 172.21.15.86:0/993755359 shutdown_connections
2023-11-15T05:00:55.570 INFO:teuthology.orchestra.run.smithi086.stderr:/usr/bin/ceph:
2023-11-15T05:00:55.565+0000 7f91b1971700 1 -- 172.21.15.86:0/993755359 wait complete.
2023-11-15T05:00:56.931 INFO:journalctl@ceph.mon.smithi086.smithi086.stdout:Nov 15 05:00:56 smithi086 ceph-d8947496-8373-11ee-8dbe-212e2dc638e7-mon.smithi086[112320]: audit
2023-11-15T05:00:55.560123+0000 mgr.smithi086.hkfamo (mgr.14114) 3 : audit [DBG] from='client.14124 -' entity='client.admin' cmd=[{"prefix": "orch set backend", "module_name": "cephadm", "target": ["mon-mgr", ""]}]: dispatch
2023-11-15T05:00:56.932 INFO:journalctl@ceph.mon.smithi086.smithi086.stdout:Nov 15 05:00:56 smithi086 ceph-d8947496-8373-11ee-8dbe-212e2dc638e7-mon.smithi086[112320]: audit
2023-11-15T05:00:55.563866+0000 mon.smithi086 (mon.0) 49 : audit [INF] from='mgr.14114 172.21.15.86:0/3913024690' entity='mgr.smithi086.hkfamo'
2023-11-15T05:00:56.932 INFO:journalctl@ceph.mon.smithi086.smithi086.stdout:Nov 15 05:00:56 smithi086 ceph-d8947496-8373-11ee-8dbe-212e2dc638e7-mon.smithi086[112320]: audit
2023-11-15T05:00:55.567172+0000 mon.smithi086 (mon.0) 50 : audit [DBG] from='mgr.14114 172.21.15.86:0/3913024690' entity='mgr.smithi086.hkfamo' cmd=[{"prefix": "config dump", "format": "json"}]: dispatch
2023-11-15T05:00:57.938 INFO:teuthology.orchestra.run.smithi086.stderr:Running command: /bin/podman run --rm --ipc=host --no-hosts --net=host --entrypoint /usr/bin/ceph --init -e CONTAINER_IMAGE=docker.io/ceph/ceph:v16.2.4 -e NODE_NAME=smithi086 -e CEPH_USE_RANDOM_NONCE=1 -v /var/log/ceph/d8947496-8373-11ee-8dbe-212e2dc638e7:/var/log/ceph:z -v /tmp/ceph-tmpbsrp86jc:/etc/ceph/ceph.client.admin.keyring:z -v /tmp/ceph-tmpaijg76ia:/etc/ceph/ceph.conf:z docker.io/ceph/ceph:v16.2.4 cephadm set-user root
2023-11-15T05:00:59.224 INFO:teuthology.orchestra.run.smithi086.stderr:/usr/bin/ceph:
2023-11-15T05:00:59.129+0000 7f53fbe37700 1 Processor -- start
2023-11-15T05:00:59.225 INFO:teuthology.orchestra.run.smithi086.stderr:/usr/bin/ceph:
2023-11-15T05:00:59.130+0000 7f53fbe37700 1 -- start start
2023-11-15T05:00:59.225 INFO:teuthology.orchestra.run.smithi086.stderr:/usr/bin/ceph:
2023-11-15T05:00:59.130+0000 7f53fbe37700 1 --2- >> [v2:172.21.15.86:3300/0,v1:172.21.15.86:6789/0] conn(0x7f53f40fab80 0x7f53f40fafa0 unknown :-1 s=NONE pgs=0 cs=0 l=0 rev1=0 rx=0 tx=0).connect
2023-11-15T05:00:59.225 INFO:teuthology.orchestra.run.smithi086.stderr:/usr/bin/ceph:
2023-11-15T05:00:59.130+0000 7f53fbe37700 1 -- --> [v2:172.21.15.86:3300/0,v1:172.21.15.86:6789/0] -- mon_getmap magic: 0 v1 -- 0x7f53f40fb490 con 0x7f53f40fab80
2023-11-15T05:00:59.225 INFO:teuthology.orchestra.run.smithi086.stderr:/usr/bin/ceph:
2023-11-15T05:00:59.130+0000 7f53f9bd3700 1 --2- >> [v2:172.21.15.86:3300/0,v1:172.21.15.86:6789/0] conn(0x7f53f40fab80 0x7f53f40fafa0 unknown :-1 s=BANNER_CONNECTING pgs=0 cs=0 l=0 rev1=0 rx=0 tx=0)._handle_peer_banner_payload supported=1 required=0
2023-11-15T05:00:59.226 INFO:teuthology.orchestra.run.smithi086.stderr:/usr/bin/ceph:
2023-11-15T05:00:59.130+0000 7f53f9bd3700 1 --2- >> [v2:172.21.15.86:3300/0,v1:172.21.15.86:6789/0] conn(0x7f53f40fab80 0x7f53f40fafa0 unknown :-1 s=HELLO_CONNECTING pgs=0 cs=0 l=0 rev1=1 rx=0 tx=0).handle_hello peer v2:172.21.15.86:3300/0 says I am v2:172.21.15.86:44646/0 (socket says 172.21.15.86:44646)
2023-11-15T05:00:59.226 INFO:teuthology.orchestra.run.smithi086.stderr:/usr/bin/ceph:
2023-11-15T05:00:59.130+0000 7f53f9bd3700 1 -- 172.21.15.86:0/1396121826 learned_addr learned my addr 172.21.15.86:0/1396121826 (peer_addr_for_me v2:172.21.15.86:0/0)
2023-11-15T05:00:59.226 INFO:teuthology.orchestra.run.smithi086.stderr:/usr/bin/ceph:
2023-11-15T05:00:59.130+0000 7f53f9bd3700 1 -- 172.21.15.86:0/1396121826 --> [v2:172.21.15.86:3300/0,v1:172.21.15.86:6789/0] -- mon_subscribe({config=0+,monmap=0+}) v3 -- 0x7f53f40fb5d0 con 0x7f53f40fab80
2023-11-15T05:00:59.226 INFO:teuthology.orchestra.run.smithi086.stderr:/usr/bin/ceph:
2023-11-15T05:00:59.130+0000 7f53f9bd3700 1 --2- 172.21.15.86:0/1396121826 >> [v2:172.21.15.86:3300/0,v1:172.21.15.86:6789/0] conn(0x7f53f40fab80 0x7f53f40fafa0 secure :-1 s=READY pgs=31 cs=0 l=1 rev1=1 rx=0x7f53e800b5f0 tx=0x7f53e8006ee0).ready entity=mon.0 client_cookie=359b0744d389233b server_cookie=0 in_seq=0 out_seq=0
2023-11-15T05:00:59.226 INFO:teuthology.orchestra.run.smithi086.stderr:/usr/bin/ceph:
2023-11-15T05:00:59.131+0000 7f53f8bd1700 1 -- 172.21.15.86:0/1396121826 <== mon.0 v2:172.21.15.86:3300/0 1 ==== mon_map magic: 0 v1 ==== 229+0+0 (secure 0 0 0) 0x7f53e800d600 con 0x7f53f40fab80
2023-11-15T05:00:59.227 INFO:teuthology.orchestra.run.smithi086.stderr:/usr/bin/ceph:
2023-11-15T05:00:59.131+0000 7f53f8bd1700 1 -- 172.21.15.86:0/1396121826 <== mon.0 v2:172.21.15.86:3300/0 2 ==== config(25 keys) v1 ==== 1010+0+0 (secure 0 0 0) 0x7f53e800dbd0 con 0x7f53f40fab80
2023-11-15T05:00:59.227 INFO:teuthology.orchestra.run.smithi086.stderr:/usr/bin/ceph:
2023-11-15T05:00:59.131+0000 7f53f8bd1700 1 -- 172.21.15.86:0/1396121826 <== mon.0 v2:172.21.15.86:3300/0 3 ==== mon_map magic: 0 v1 ==== 229+0+0 (secure 0 0 0) 0x7f53e8011c00 con 0x7f53f40fab80
2023-11-15T05:00:59.227 INFO:teuthology.orchestra.run.smithi086.stderr:/usr/bin/ceph:
2023-11-15T05:00:59.131+0000 7f53fbe37700 1 -- 172.21.15.86:0/1396121826 >> [v2:172.21.15.86:3300/0,v1:172.21.15.86:6789/0] conn(0x7f53f40fab80 msgr2=0x7f53f40fafa0 secure :-1 s=STATE_CONNECTION_ESTABLISHED l=1).mark_down
2023-11-15T05:00:59.227 INFO:teuthology.orchestra.run.smithi086.stderr:/usr/bin/ceph:
2023-11-15T05:00:59.131+0000 7f53fbe37700 1 --2- 172.21.15.86:0/1396121826 >> [v2:172.21.15.86:3300/0,v1:172.21.15.86:6789/0] conn(0x7f53f40fab80 0x7f53f40fafa0 secure :-1 s=READY pgs=31 cs=0 l=1 rev1=1 rx=0x7f53e800b5f0 tx=0x7f53e8006ee0).stop
2023-11-15T05:00:59.228 INFO:teuthology.orchestra.run.smithi086.stderr:/usr/bin/ceph:
2023-11-15T05:00:59.131+0000 7f53fbe37700 1 -- 172.21.15.86:0/1396121826 shutdown_connections
2023-11-15T05:00:59.228 INFO:teuthology.orchestra.run.smithi086.stderr:/usr/bin/ceph:
2023-11-15T05:00:59.131+0000 7f53fbe37700 1 --2- 172.21.15.86:0/1396121826 >> [v2:172.21.15.86:3300/0,v1:172.21.15.86:6789/0] conn(0x7f53f40fab80 0x7f53f40fafa0 unknown :-1 s=CLOSED pgs=31 cs=0 l=1 rev1=1 rx=0 tx=0).stop
2023-11-15T05:00:59.228 INFO:teuthology.orchestra.run.smithi086.stderr:/usr/bin/ceph:
2023-11-15T05:00:59.131+0000 7f53fbe37700 1 -- 172.21.15.86:0/1396121826 >> 172.21.15.86:0/1396121826 conn(0x7f53f40f63c0 msgr2=0x7f53f40f87e0 unknown :-1 s=STATE_NONE l=0).mark_down
2023-11-15T05:00:59.228 INFO:teuthology.orchestra.run.smithi086.stderr:/usr/bin/ceph:
2023-11-15T05:00:59.131+0000 7f53fbe37700 1 -- 172.21.15.86:0/1396121826 shutdown_connections
2023-11-15T05:00:59.229 INFO:teuthology.orchestra.run.smithi086.stderr:/usr/bin/ceph:
2023-11-15T05:00:59.131+0000 7f53fbe37700 1 -- 172.21.15.86:0/1396121826 wait complete.
2023-11-15T05:00:59.229 INFO:teuthology.orchestra.run.smithi086.stderr:/usr/bin/ceph:
2023-11-15T05:00:59.132+0000 7f53fbe37700 1 Processor -- start
2023-11-15T05:00:59.229 INFO:teuthology.orchestra.run.smithi086.stderr:/usr/bin/ceph:
2023-11-15T05:00:59.132+0000 7f53fbe37700 1 -- start start
2023-11-15T05:00:59.229 INFO:teuthology.orchestra.run.smithi086.stderr:/usr/bin/ceph:
2023-11-15T05:00:59.132+0000 7f53fbe37700 1 --2- >> [v2:172.21.15.86:3300/0,v1:172.21.15.86:6789/0] conn(0x7f53f40fab80 0x7f53f410aa10 unknown :-1 s=NONE pgs=0 cs=0 l=1 rev1=0 rx=0 tx=0).connect
2023-11-15T05:00:59.230 INFO:teuthology.orchestra.run.smithi086.stderr:/usr/bin/ceph:
2023-11-15T05:00:59.132+0000 7f53fbe37700 1 -- --> [v2:172.21.15.86:3300/0,v1:172.21.15.86:6789/0] -- mon_getmap magic: 0 v1 -- 0x7f53f410af00 con 0x7f53f40fab80
2023-11-15T05:00:59.230 INFO:teuthology.orchestra.run.smithi086.stderr:/usr/bin/ceph:
2023-11-15T05:00:59.132+0000 7f53f9bd3700 1 --2- >> [v2:172.21.15.86:3300/0,v1:172.21.15.86:6789/0] conn(0x7f53f40fab80 0x7f53f410aa10 unknown :-1 s=BANNER_CONNECTING pgs=0 cs=0 l=1 rev1=0 rx=0 tx=0)._handle_peer_banner_payload supported=1 required=0
2023-11-15T05:00:59.230 INFO:teuthology.orchestra.run.smithi086.stderr:/usr/bin/ceph:
2023-11-15T05:00:59.132+0000 7f53f9bd3700 1 --2- >> [v2:172.21.15.86:3300/0,v1:172.21.15.86:6789/0] conn(0x7f53f40fab80 0x7f53f410aa10 unknown :-1 s=HELLO_CONNECTING pgs=0 cs=0 l=1 rev1=1 rx=0 tx=0).handle_hello peer v2:172.21.15.86:3300/0 says I am v2:172.21.15.86:44652/0 (socket says 172.21.15.86:44652)
2023-11-15T05:00:59.230 INFO:teuthology.orchestra.run.smithi086.stderr:/usr/bin/ceph:
2023-11-15T05:00:59.132+0000 7f53f9bd3700 1 -- 172.21.15.86:0/720220767 learned_addr learned my addr 172.21.15.86:0/720220767 (peer_addr_for_me v2:172.21.15.86:0/0)
2023-11-15T05:00:59.231 INFO:teuthology.orchestra.run.smithi086.stderr:/usr/bin/ceph:
2023-11-15T05:00:59.132+0000 7f53f9bd3700 1 -- 172.21.15.86:0/720220767 --> [v2:172.21.15.86:3300/0,v1:172.21.15.86:6789/0] -- mon_subscribe({config=0+,monmap=0+}) v3 -- 0x7f53e800b200 con 0x7f53f40fab80
2023-11-15T05:00:59.231 INFO:teuthology.orchestra.run.smithi086.stderr:/usr/bin/ceph:
2023-11-15T05:00:59.133+0000 7f53f9bd3700 1 --2- 172.21.15.86:0/720220767 >> [v2:172.21.15.86:3300/0,v1:172.21.15.86:6789/0] conn(0x7f53f40fab80 0x7f53f410aa10 secure :-1 s=READY pgs=32 cs=0 l=1 rev1=1 rx=0x7f53e800b1d0 tx=0x7f53e8006ee0).ready entity=mon.0 client_cookie=0 server_cookie=0 in_seq=0 out_seq=0
2023-11-15T05:00:59.231 INFO:teuthology.orchestra.run.smithi086.stderr:/usr/bin/ceph:
2023-11-15T05:00:59.133+0000 7f53e67fc700 1 -- 172.21.15.86:0/720220767 <== mon.0 v2:172.21.15.86:3300/0 1 ==== mon_map magic: 0 v1 ==== 229+0+0 (secure 0 0 0) 0x7f53e801b410 con 0x7f53f40fab80
2023-11-15T05:00:59.231 INFO:teuthology.orchestra.run.smithi086.stderr:/usr/bin/ceph:
2023-11-15T05:00:59.133+0000 7f53fbe37700 1 -- 172.21.15.86:0/720220767 --> [v2:172.21.15.86:3300/0,v1:172.21.15.86:6789/0] -- mon_subscribe({mgrmap=0+}) v3 -- 0x7f53f410b100 con 0x7f53f40fab80
2023-11-15T05:00:59.232 INFO:teuthology.orchestra.run.smithi086.stderr:/usr/bin/ceph:
2023-11-15T05:00:59.133+0000 7f53e67fc700 1 -- 172.21.15.86:0/720220767 <== mon.0 v2:172.21.15.86:3300/0 2 ==== config(25 keys) v1 ==== 1010+0+0 (secure 0 0 0) 0x7f53e801b9e0 con 0x7f53f40fab80
2023-11-15T05:00:59.232 INFO:teuthology.orchestra.run.smithi086.stderr:/usr/bin/ceph:
2023-11-15T05:00:59.133+0000 7f53e67fc700 1 -- 172.21.15.86:0/720220767 <== mon.0 v2:172.21.15.86:3300/0 3 ==== mon_map magic: 0 v1 ==== 229+0+0 (secure 0 0 0) 0x7f53e801a840 con 0x7f53f40fab80
2023-11-15T05:00:59.232 INFO:teuthology.orchestra.run.smithi086.stderr:/usr/bin/ceph:
2023-11-15T05:00:59.133+0000 7f53fbe37700 1 -- 172.21.15.86:0/720220767 --> [v2:172.21.15.86:3300/0,v1:172.21.15.86:6789/0] -- mon_subscribe({osdmap=0}) v3 -- 0x7f53f410b510 con 0x7f53f40fab80
2023-11-15T05:00:59.233 INFO:teuthology.orchestra.run.smithi086.stderr:/usr/bin/ceph:
2023-11-15T05:00:59.134+0000 7f53e67fc700 1 -- 172.21.15.86:0/720220767 <== mon.0 v2:172.21.15.86:3300/0 4 ==== mgrmap(e 7) v1 ==== 36120+0+0 (secure 0 0 0) 0x7f53e800f070 con 0x7f53f40fab80
2023-11-15T05:00:59.233 INFO:teuthology.orchestra.run.smithi086.stderr:/usr/bin/ceph:
2023-11-15T05:00:59.134+0000 7f53e67fc700 1 --2- 172.21.15.86:0/720220767 >> [v2:172.21.15.86:6800/2368880557,v1:172.21.15.86:6801/2368880557] conn(0x7f53dc02fd50 0x7f53dc032210 unknown :-1 s=NONE pgs=0 cs=0 l=1 rev1=0 rx=0 tx=0).connect
2023-11-15T05:00:59.233 INFO:teuthology.orchestra.run.smithi086.stderr:/usr/bin/ceph:
2023-11-15T05:00:59.134+0000 7f53e67fc700 1 -- 172.21.15.86:0/720220767 <== mon.0 v2:172.21.15.86:3300/0 5 ==== osd_map(2..2 src has 1..2) v4 ==== 926+0+0 (secure 0 0 0) 0x7f53e80412e0 con 0x7f53f40fab80
2023-11-15T05:00:59.234 INFO:teuthology.orchestra.run.smithi086.stderr:/usr/bin/ceph:
2023-11-15T05:00:59.134+0000 7f53f93d2700 1 --2- 172.21.15.86:0/720220767 >> [v2:172.21.15.86:6800/2368880557,v1:172.21.15.86:6801/2368880557] conn(0x7f53dc02fd50 0x7f53dc032210 unknown :-1 s=BANNER_CONNECTING pgs=0 cs=0 l=1 rev1=0 rx=0 tx=0)._handle_peer_banner_payload supported=1 required=0
2023-11-15T05:00:59.234 INFO:teuthology.orchestra.run.smithi086.stderr:/usr/bin/ceph:
2023-11-15T05:00:59.134+0000 7f53fbe37700 1 -- 172.21.15.86:0/720220767 --> [v2:172.21.15.86:3300/0,v1:172.21.15.86:6789/0] -- mon_command({"prefix": "get_command_descriptions"} v 0) v1 -- 0x7f53f4059100 con 0x7f53f40fab80
2023-11-15T05:00:59.234 INFO:teuthology.orchestra.run.smithi086.stderr:/usr/bin/ceph:
2023-11-15T05:00:59.134+0000 7f53f93d2700 1 --2- 172.21.15.86:0/720220767 >> [v2:172.21.15.86:6800/2368880557,v1:172.21.15.86:6801/2368880557] conn(0x7f53dc02fd50 0x7f53dc032210 secure :-1 s=READY pgs=7 cs=0 l=1 rev1=1 rx=0x7f53f00096a0 tx=0x7f53f0006b40).ready entity=mgr.14114 client_cookie=0 server_cookie=0 in_seq=0 out_seq=0
2023-11-15T05:00:59.234 INFO:teuthology.orchestra.run.smithi086.stderr:/usr/bin/ceph:
2023-11-15T05:00:59.138+0000 7f53e67fc700 1 -- 172.21.15.86:0/720220767 <== mon.0 v2:172.21.15.86:3300/0 6 ==== mon_command_ack([{"prefix": "get_command_descriptions"}]=0 v0) v1 ==== 72+0+152212 (secure 0 0 0) 0x7f53e8016070 con 0x7f53f40fab80
2023-11-15T05:00:59.293 INFO:teuthology.orchestra.run.smithi086.stderr:/usr/bin/ceph:
2023-11-15T05:00:59.291+0000 7f53fbe37700 1 -- 172.21.15.86:0/720220767 --> [v2:172.21.15.86:6800/2368880557,v1:172.21.15.86:6801/2368880557] -- mgr_command(tid 0: {"prefix": "cephadm set-user", "user": "root", "target": ["mon-mgr", ""]}) v1 -- 0x7f53f4104a30 con 0x7f53dc02fd50
2023-11-15T05:00:59.293 INFO:teuthology.orchestra.run.smithi086.stderr:/usr/bin/ceph:
2023-11-15T05:00:59.292+0000 7f53e67fc700 1 -- 172.21.15.86:0/720220767 <== mgr.14114 v2:172.21.15.86:6800/2368880557 1 ==== mgr_command_reply(tid 0: 0 ) v1 ==== 8+0+16 (secure 0 0 0) 0x7f53f4104a30 con 0x7f53dc02fd50
2023-11-15T05:00:59.294 INFO:teuthology.orchestra.run.smithi086.stderr:/usr/bin/ceph: value unchanged
2023-11-15T05:00:59.296 INFO:teuthology.orchestra.run.smithi086.stderr:/usr/bin/ceph:
2023-11-15T05:00:59.293+0000 7f53fbe37700 1 -- 172.21.15.86:0/720220767 >> [v2:172.21.15.86:6800/2368880557,v1:172.21.15.86:6801/2368880557] conn(0x7f53dc02fd50 msgr2=0x7f53dc032210 secure :-1 s=STATE_CONNECTION_ESTABLISHED l=1).mark_down
2023-11-15T05:00:59.296 INFO:teuthology.orchestra.run.smithi086.stderr:/usr/bin/ceph:
2023-11-15T05:00:59.293+0000 7f53fbe37700 1 --2- 172.21.15.86:0/720220767 >> [v2:172.21.15.86:6800/2368880557,v1:172.21.15.86:6801/2368880557] conn(0x7f53dc02fd50 0x7f53dc032210 secure :-1 s=READY pgs=7 cs=0 l=1 rev1=1 rx=0x7f53f00096a0 tx=0x7f53f0006b40).stop
2023-11-15T05:00:59.296 INFO:teuthology.orchestra.run.smithi086.stderr:/usr/bin/ceph:
2023-11-15T05:00:59.294+0000 7f53fbe37700 1 -- 172.21.15.86:0/720220767 >> [v2:172.21.15.86:3300/0,v1:172.21.15.86:6789/0] conn(0x7f53f40fab80 msgr2=0x7f53f410aa10 secure :-1 s=STATE_CONNECTION_ESTABLISHED l=1).mark_down
2023-11-15T05:00:59.296 INFO:teuthology.orchestra.run.smithi086.stderr:/usr/bin/ceph:
2023-11-15T05:00:59.294+0000 7f53fbe37700 1 --2- 172.21.15.86:0/720220767 >> [v2:172.21.15.86:3300/0,v1:172.21.15.86:6789/0] conn(0x7f53f40fab80 0x7f53f410aa10 secure :-1 s=READY pgs=32 cs=0 l=1 rev1=1 rx=0x7f53e800b1d0 tx=0x7f53e8006ee0).stop
2023-11-15T05:00:59.297 INFO:teuthology.orchestra.run.smithi086.stderr:/usr/bin/ceph:
2023-11-15T05:00:59.294+0000 7f53fbe37700 1 -- 172.21.15.86:0/720220767 shutdown_connections
2023-11-15T05:00:59.297 INFO:teuthology.orchestra.run.smithi086.stderr:/usr/bin/ceph:
2023-11-15T05:00:59.294+0000 7f53fbe37700 1 --2- 172.21.15.86:0/720220767 >> [v2:172.21.15.86:6800/2368880557,v1:172.21.15.86:6801/2368880557] conn(0x7f53dc02fd50 0x7f53dc032210 unknown :-1 s=CLOSED pgs=7 cs=0 l=1 rev1=1 rx=0 tx=0).stop
2023-11-15T05:00:59.297 INFO:teuthology.orchestra.run.smithi086.stderr:/usr/bin/ceph:
2023-11-15T05:00:59.294+0000 7f53fbe37700 1 --2- 172.21.15.86:0/720220767 >> [v2:172.21.15.86:3300/0,v1:172.21.15.86:6789/0] conn(0x7f53f40fab80 0x7f53f410aa10 unknown :-1 s=CLOSED pgs=32 cs=0 l=1 rev1=1 rx=0 tx=0).stop
2023-11-15T05:00:59.298 INFO:teuthology.orchestra.run.smithi086.stderr:/usr/bin/ceph:
2023-11-15T05:00:59.294+0000 7f53fbe37700 1 -- 172.21.15.86:0/720220767 >> 172.21.15.86:0/720220767 conn(0x7f53f40f63c0 msgr2=0x7f53f4070030 unknown :-1 s=STATE_NONE l=0).mark_down
2023-11-15T05:00:59.298 INFO:teuthology.orchestra.run.smithi086.stderr:/usr/bin/ceph:
2023-11-15T05:00:59.294+0000 7f53fbe37700 1 -- 172.21.15.86:0/720220767 shutdown_connections
2023-11-15T05:00:59.298 INFO:teuthology.orchestra.run.smithi086.stderr:/usr/bin/ceph:
2023-11-15T05:00:59.294+0000 7f53fbe37700 1 -- 172.21.15.86:0/720220767 wait complete.
2023-11-15T05:00:59.989 INFO:journalctl@ceph.mon.smithi086.smithi086.stdout:Nov 15 05:00:59 smithi086 ceph-d8947496-8373-11ee-8dbe-212e2dc638e7-mon.smithi086[112320]: audit
2023-11-15T05:00:59.293592+0000 mgr.smithi086.hkfamo (mgr.14114) 4 : audit [DBG] from='client.14126 -' entity='client.admin' cmd=[{"prefix": "cephadm set-user", "user": "root", "target": ["mon-mgr", ""]}]: dispatch
2023-11-15T05:01:00.874 INFO:teuthology.orchestra.run.smithi086.stderr:Generating ssh key...
2023-11-15T05:01:00.875 INFO:teuthology.orchestra.run.smithi086.stderr:Running command: /bin/podman run --rm --ipc=host --no-hosts --net=host --entrypoint /usr/bin/ceph --init -e CONTAINER_IMAGE=docker.io/ceph/ceph:v16.2.4 -e NODE_NAME=smithi086 -e CEPH_USE_RANDOM_NONCE=1 -v /var/log/ceph/d8947496-8373-11ee-8dbe-212e2dc638e7:/var/log/ceph:z -v /tmp/ceph-tmpbsrp86jc:/etc/ceph/ceph.client.admin.keyring:z -v /tmp/ceph-tmpaijg76ia:/etc/ceph/ceph.conf:z docker.io/ceph/ceph:v16.2.4 cephadm generate-key
2023-11-15T05:01:01.231 INFO:teuthology.orchestra.run.smithi086.stderr:/usr/bin/ceph:
2023-11-15T05:01:01.229+0000 7f9cef878700 1 Processor -- start
2023-11-15T05:01:01.232 INFO:teuthology.orchestra.run.smithi086.stderr:/usr/bin/ceph:
2023-11-15T05:01:01.229+0000 7f9cef878700 1 -- start start
2023-11-15T05:01:01.232 INFO:teuthology.orchestra.run.smithi086.stderr:/usr/bin/ceph:
2023-11-15T05:01:01.229+0000 7f9cef878700 1 --2- >> [v2:172.21.15.86:3300/0,v1:172.21.15.86:6789/0] conn(0x7f9ce80fbcb0 0x7f9ce80fc0d0 unknown :-1 s=NONE pgs=0 cs=0 l=0 rev1=0 rx=0 tx=0).connect
2023-11-15T05:01:01.232 INFO:teuthology.orchestra.run.smithi086.stderr:/usr/bin/ceph:
2023-11-15T05:01:01.229+0000 7f9cef878700 1 -- --> [v2:172.21.15.86:3300/0,v1:172.21.15.86:6789/0] -- mon_getmap magic: 0 v1 -- 0x7f9ce80fc5c0 con 0x7f9ce80fbcb0
2023-11-15T05:01:01.232 INFO:teuthology.orchestra.run.smithi086.stderr:/usr/bin/ceph:
2023-11-15T05:01:01.230+0000 7f9ced614700 1 --2- >> [v2:172.21.15.86:3300/0,v1:172.21.15.86:6789/0] conn(0x7f9ce80fbcb0 0x7f9ce80fc0d0 unknown :-1 s=BANNER_CONNECTING pgs=0 cs=0 l=0 rev1=0 rx=0 tx=0)._handle_peer_banner_payload supported=1 required=0
2023-11-15T05:01:01.232 INFO:teuthology.orchestra.run.smithi086.stderr:/usr/bin/ceph:
2023-11-15T05:01:01.230+0000 7f9ced614700 1 --2- >> [v2:172.21.15.86:3300/0,v1:172.21.15.86:6789/0] conn(0x7f9ce80fbcb0 0x7f9ce80fc0d0 unknown :-1 s=HELLO_CONNECTING pgs=0 cs=0 l=0 rev1=1 rx=0 tx=0).handle_hello peer v2:172.21.15.86:3300/0 says I am v2:172.21.15.86:44656/0 (socket says 172.21.15.86:44656)
2023-11-15T05:01:01.233 INFO:teuthology.orchestra.run.smithi086.stderr:/usr/bin/ceph:
2023-11-15T05:01:01.230+0000 7f9ced614700 1 -- 172.21.15.86:0/1172131323 learned_addr learned my addr 172.21.15.86:0/1172131323 (peer_addr_for_me v2:172.21.15.86:0/0)
2023-11-15T05:01:01.233 INFO:teuthology.orchestra.run.smithi086.stderr:/usr/bin/ceph:
2023-11-15T05:01:01.230+0000 7f9ced614700 1 -- 172.21.15.86:0/1172131323 --> [v2:172.21.15.86:3300/0,v1:172.21.15.86:6789/0] -- mon_subscribe({config=0+,monmap=0+}) v3 -- 0x7f9ce80fc700 con 0x7f9ce80fbcb0
2023-11-15T05:01:01.233 INFO:teuthology.orchestra.run.smithi086.stderr:/usr/bin/ceph:
2023-11-15T05:01:01.230+0000 7f9ced614700 1 --2- 172.21.15.86:0/1172131323 >> [v2:172.21.15.86:3300/0,v1:172.21.15.86:6789/0] conn(0x7f9ce80fbcb0 0x7f9ce80fc0d0 secure :-1 s=READY pgs=33 cs=0 l=1 rev1=1 rx=0x7f9cdc00b5f0 tx=0x7f9cdc006ee0).ready entity=mon.0 client_cookie=2abdf92411681f8c server_cookie=0 in_seq=0 out_seq=0
2023-11-15T05:01:01.233 INFO:teuthology.orchestra.run.smithi086.stderr:/usr/bin/ceph:
2023-11-15T05:01:01.230+0000 7f9cdbfff700 1 -- 172.21.15.86:0/1172131323 <== mon.0 v2:172.21.15.86:3300/0 1 ==== mon_map magic: 0 v1 ==== 229+0+0 (secure 0 0 0) 0x7f9cdc00d600 con 0x7f9ce80fbcb0
2023-11-15T05:01:01.233 INFO:teuthology.orchestra.run.smithi086.stderr:/usr/bin/ceph:
2023-11-15T05:01:01.230+0000 7f9cdbfff700 1 -- 172.21.15.86:0/1172131323 <== mon.0 v2:172.21.15.86:3300/0 2 ==== config(25 keys) v1 ==== 1010+0+0 (secure 0 0 0) 0x7f9cdc00dbd0 con 0x7f9ce80fbcb0
2023-11-15T05:01:01.234 INFO:teuthology.orchestra.run.smithi086.stderr:/usr/bin/ceph:
2023-11-15T05:01:01.230+0000 7f9cdbfff700 1 -- 172.21.15.86:0/1172131323 <== mon.0 v2:172.21.15.86:3300/0 3 ==== mon_map magic: 0 v1 ==== 229+0+0 (secure 0 0 0) 0x7f9cdc011c00 con 0x7f9ce80fbcb0
2023-11-15T05:01:01.234 INFO:teuthology.orchestra.run.smithi086.stderr:/usr/bin/ceph:
2023-11-15T05:01:01.231+0000 7f9cef878700 1 -- 172.21.15.86:0/1172131323 >> [v2:172.21.15.86:3300/0,v1:172.21.15.86:6789/0] conn(0x7f9ce80fbcb0 msgr2=0x7f9ce80fc0d0 secure :-1 s=STATE_CONNECTION_ESTABLISHED l=1).mark_down
2023-11-15T05:01:01.234 INFO:teuthology.orchestra.run.smithi086.stderr:/usr/bin/ceph:
2023-11-15T05:01:01.231+0000 7f9cef878700 1 --2- 172.21.15.86:0/1172131323 >> [v2:172.21.15.86:3300/0,v1:172.21.15.86:6789/0] conn(0x7f9ce80fbcb0 0x7f9ce80fc0d0 secure :-1 s=READY pgs=33 cs=0 l=1 rev1=1 rx=0x7f9cdc00b5f0 tx=0x7f9cdc006ee0).stop
2023-11-15T05:01:01.234 INFO:teuthology.orchestra.run.smithi086.stderr:/usr/bin/ceph:
2023-11-15T05:01:01.231+0000 7f9cef878700 1 -- 172.21.15.86:0/1172131323 shutdown_connections
2023-11-15T05:01:01.234 INFO:teuthology.orchestra.run.smithi086.stderr:/usr/bin/ceph:
2023-11-15T05:01:01.231+0000 7f9cef878700 1 --2- 172.21.15.86:0/1172131323 >> [v2:172.21.15.86:3300/0,v1:172.21.15.86:6789/0] conn(0x7f9ce80fbcb0 0x7f9ce80fc0d0 unknown :-1 s=CLOSED pgs=33 cs=0 l=1 rev1=1 rx=0 tx=0).stop
2023-11-15T05:01:01.235 INFO:teuthology.orchestra.run.smithi086.stderr:/usr/bin/ceph:
2023-11-15T05:01:01.231+0000 7f9cef878700 1 -- 172.21.15.86:0/1172131323 >> 172.21.15.86:0/1172131323 conn(0x7f9ce80f74b0 msgr2=0x7f9ce80f98d0 unknown :-1 s=STATE_NONE l=0).mark_down
2023-11-15T05:01:01.235 INFO:teuthology.orchestra.run.smithi086.stderr:/usr/bin/ceph:
2023-11-15T05:01:01.231+0000 7f9cef878700 1 -- 172.21.15.86:0/1172131323 shutdown_connections
2023-11-15T05:01:01.235 INFO:teuthology.orchestra.run.smithi086.stderr:/usr/bin/ceph:
2023-11-15T05:01:01.231+0000 7f9cef878700 1 -- 172.21.15.86:0/1172131323 wait complete.
2023-11-15T05:01:01.237 INFO:teuthology.orchestra.run.smithi086.stderr:/usr/bin/ceph:
2023-11-15T05:01:01.232+0000 7f9cef878700 1 Processor -- start
2023-11-15T05:01:01.237 INFO:teuthology.orchestra.run.smithi086.stderr:/usr/bin/ceph:
2023-11-15T05:01:01.232+0000 7f9cef878700 1 -- start start
2023-11-15T05:01:01.238 INFO:teuthology.orchestra.run.smithi086.stderr:/usr/bin/ceph:
2023-11-15T05:01:01.232+0000 7f9cef878700 1 --2- >> [v2:172.21.15.86:3300/0,v1:172.21.15.86:6789/0] conn(0x7f9ce80fbcb0 0x7f9ce80725e0 unknown :-1 s=NONE pgs=0 cs=0 l=1 rev1=0 rx=0 tx=0).connect
2023-11-15T05:01:01.238 INFO:teuthology.orchestra.run.smithi086.stderr:/usr/bin/ceph:
2023-11-15T05:01:01.232+0000 7f9cef878700 1 -- --> [v2:172.21.15.86:3300/0,v1:172.21.15.86:6789/0] -- mon_getmap magic: 0 v1 -- 0x7f9ce8070a60 con 0x7f9ce80fbcb0
2023-11-15T05:01:01.238 INFO:teuthology.orchestra.run.smithi086.stderr:/usr/bin/ceph:
2023-11-15T05:01:01.232+0000 7f9ced614700 1 --2- >> [v2:172.21.15.86:3300/0,v1:172.21.15.86:6789/0] conn(0x7f9ce80fbcb0 0x7f9ce80725e0 unknown :-1 s=BANNER_CONNECTING pgs=0 cs=0 l=1 rev1=0 rx=0 tx=0)._handle_peer_banner_payload supported=1 required=0
2023-11-15T05:01:01.238 INFO:teuthology.orchestra.run.smithi086.stderr:/usr/bin/ceph:
2023-11-15T05:01:01.232+0000 7f9ced614700 1 --2- >> [v2:172.21.15.86:3300/0,v1:172.21.15.86:6789/0] conn(0x7f9ce80fbcb0 0x7f9ce80725e0 unknown :-1 s=HELLO_CONNECTING pgs=0 cs=0 l=1 rev1=1 rx=0 tx=0).handle_hello peer v2:172.21.15.86:3300/0 says I am v2:172.21.15.86:44662/0 (socket says 172.21.15.86:44662)
2023-11-15T05:01:01.238 INFO:teuthology.orchestra.run.smithi086.stderr:/usr/bin/ceph:
2023-11-15T05:01:01.232+0000 7f9ced614700 1 -- 172.21.15.86:0/3085233133 learned_addr learned my addr 172.21.15.86:0/3085233133 (peer_addr_for_me v2:172.21.15.86:0/0)
2023-11-15T05:01:01.239 INFO:teuthology.orchestra.run.smithi086.stderr:/usr/bin/ceph:
2023-11-15T05:01:01.232+0000 7f9ced614700 1 -- 172.21.15.86:0/3085233133 --> [v2:172.21.15.86:3300/0,v1:172.21.15.86:6789/0] -- mon_subscribe({config=0+,monmap=0+}) v3 -- 0x7f9cdc00b200 con 0x7f9ce80fbcb0
2023-11-15T05:01:01.239 INFO:teuthology.orchestra.run.smithi086.stderr:/usr/bin/ceph:
2023-11-15T05:01:01.232+0000 7f9ced614700 1 --2- 172.21.15.86:0/3085233133 >> [v2:172.21.15.86:3300/0,v1:172.21.15.86:6789/0] conn(0x7f9ce80fbcb0 0x7f9ce80725e0 secure :-1 s=READY pgs=34 cs=0 l=1 rev1=1 rx=0x7f9cdc00b1d0 tx=0x7f9cdc006ee0).ready entity=mon.0 client_cookie=0 server_cookie=0 in_seq=0 out_seq=0
2023-11-15T05:01:01.239 INFO:teuthology.orchestra.run.smithi086.stderr:/usr/bin/ceph:
2023-11-15T05:01:01.232+0000 7f9cd9ffb700 1 -- 172.21.15.86:0/3085233133 <== mon.0 v2:172.21.15.86:3300/0 1 ==== mon_map magic: 0 v1 ==== 229+0+0 (secure 0 0 0) 0x7f9cdc01b410 con 0x7f9ce80fbcb0
2023-11-15T05:01:01.239 INFO:teuthology.orchestra.run.smithi086.stderr:/usr/bin/ceph:
2023-11-15T05:01:01.233+0000 7f9cd9ffb700 1 -- 172.21.15.86:0/3085233133 <== mon.0 v2:172.21.15.86:3300/0 2 ==== config(25 keys) v1 ==== 1010+0+0 (secure 0 0 0) 0x7f9cdc01b9e0 con 0x7f9ce80fbcb0
2023-11-15T05:01:01.239 INFO:teuthology.orchestra.run.smithi086.stderr:/usr/bin/ceph:
2023-11-15T05:01:01.233+0000 7f9cef878700 1 -- 172.21.15.86:0/3085233133 --> [v2:172.21.15.86:3300/0,v1:172.21.15.86:6789/0] -- mon_subscribe({mgrmap=0+}) v3 -- 0x7f9ce8070c00 con 0x7f9ce80fbcb0
2023-11-15T05:01:01.240 INFO:teuthology.orchestra.run.smithi086.stderr:/usr/bin/ceph:
2023-11-15T05:01:01.233+0000 7f9cd9ffb700 1 -- 172.21.15.86:0/3085233133 <== mon.0 v2:172.21.15.86:3300/0 3 ==== mon_map magic: 0 v1 ==== 229+0+0 (secure 0 0 0) 0x7f9cdc01a840 con 0x7f9ce80fbcb0
2023-11-15T05:01:01.240 INFO:teuthology.orchestra.run.smithi086.stderr:/usr/bin/ceph:
2023-11-15T05:01:01.233+0000 7f9cef878700 1 -- 172.21.15.86:0/3085233133 --> [v2:172.21.15.86:3300/0,v1:172.21.15.86:6789/0] -- mon_subscribe({osdmap=0}) v3 -- 0x7f9ce8071010 con 0x7f9ce80fbcb0
2023-11-15T05:01:01.240 INFO:teuthology.orchestra.run.smithi086.stderr:/usr/bin/ceph:
2023-11-15T05:01:01.233+0000 7f9cd9ffb700 1 -- 172.21.15.86:0/3085233133 <== mon.0 v2:172.21.15.86:3300/0 4 ==== mgrmap(e 7) v1 ==== 36120+0+0 (secure 0 0 0) 0x7f9cdc00f070 con 0x7f9ce80fbcb0
2023-11-15T05:01:01.240 INFO:teuthology.orchestra.run.smithi086.stderr:/usr/bin/ceph:
2023-11-15T05:01:01.234+0000 7f9cd9ffb700 1 --2- 172.21.15.86:0/3085233133 >> [v2:172.21.15.86:6800/2368880557,v1:172.21.15.86:6801/2368880557] conn(0x7f9cd002fdb0 0x7f9cd0032270 unknown :-1 s=NONE pgs=0 cs=0 l=1 rev1=0 rx=0 tx=0).connect
2023-11-15T05:01:01.240 INFO:teuthology.orchestra.run.smithi086.stderr:/usr/bin/ceph:
2023-11-15T05:01:01.234+0000 7f9cd9ffb700 1 -- 172.21.15.86:0/3085233133 <== mon.0 v2:172.21.15.86:3300/0 5 ==== osd_map(2..2 src has 1..2) v4 ==== 926+0+0 (secure 0 0 0) 0x7f9cdc041220 con 0x7f9ce80fbcb0
2023-11-15T05:01:01.241 INFO:teuthology.orchestra.run.smithi086.stderr:/usr/bin/ceph:
2023-11-15T05:01:01.234+0000 7f9cece13700 1 --2- 172.21.15.86:0/3085233133 >> [v2:172.21.15.86:6800/2368880557,v1:172.21.15.86:6801/2368880557] conn(0x7f9cd002fdb0 0x7f9cd0032270 unknown :-1 s=BANNER_CONNECTING pgs=0 cs=0 l=1 rev1=0 rx=0 tx=0)._handle_peer_banner_payload supported=1 required=0
2023-11-15T05:01:01.241 INFO:teuthology.orchestra.run.smithi086.stderr:/usr/bin/ceph:
2023-11-15T05:01:01.234+0000 7f9cef878700 1 -- 172.21.15.86:0/3085233133 --> [v2:172.21.15.86:3300/0,v1:172.21.15.86:6789/0] -- mon_command({"prefix": "get_command_descriptions"} v 0) v1 -- 0x7f9ce8059100 con 0x7f9ce80fbcb0
2023-11-15T05:01:01.241 INFO:teuthology.orchestra.run.smithi086.stderr:/usr/bin/ceph:
2023-11-15T05:01:01.234+0000 7f9cece13700 1 --2- 172.21.15.86:0/3085233133 >> [v2:172.21.15.86:6800/2368880557,v1:172.21.15.86:6801/2368880557] conn(0x7f9cd002fdb0 0x7f9cd0032270 secure :-1 s=READY pgs=8 cs=0 l=1 rev1=1 rx=0x7f9ce40096a0 tx=0x7f9ce4006b40).ready entity=mgr.14114 client_cookie=0 server_cookie=0 in_seq=0 out_seq=0
2023-11-15T05:01:01.241 INFO:teuthology.orchestra.run.smithi086.stderr:/usr/bin/ceph:
2023-11-15T05:01:01.238+0000 7f9cd9ffb700 1 -- 172.21.15.86:0/3085233133 <== mon.0 v2:172.21.15.86:3300/0 6 ==== mon_command_ack([{"prefix": "get_command_descriptions"}]=0 v0) v1 ==== 72+0+152212 (secure 0 0 0) 0x7f9cdc025460 con 0x7f9ce80fbcb0
2023-11-15T05:01:01.389 INFO:teuthology.orchestra.run.smithi086.stderr:/usr/bin/ceph:
2023-11-15T05:01:01.389+0000 7f9cef878700 1 -- 172.21.15.86:0/3085233133 --> [v2:172.21.15.86:6800/2368880557,v1:172.21.15.86:6801/2368880557] -- mgr_command(tid 0: {"prefix": "cephadm generate-key", "target": ["mon-mgr", ""]}) v1 -- 0x7f9ce80fda30 con 0x7f9cd002fdb0
2023-11-15T05:01:01.756 INFO:teuthology.orchestra.run.smithi086.stderr:/usr/bin/ceph:
2023-11-15T05:01:01.755+0000 7f9cd9ffb700 1 -- 172.21.15.86:0/3085233133 <== mgr.14114 v2:172.21.15.86:6800/2368880557 1 ==== mgr_command_reply(tid 0: 0 ) v1 ==== 8+0+0 (secure 0 0 0) 0x7f9ce80fda30 con 0x7f9cd002fdb0
2023-11-15T05:01:01.758 INFO:teuthology.orchestra.run.smithi086.stderr:/usr/bin/ceph:
2023-11-15T05:01:01.757+0000 7f9cef878700 1 -- 172.21.15.86:0/3085233133 >> [v2:172.21.15.86:6800/2368880557,v1:172.21.15.86:6801/2368880557] conn(0x7f9cd002fdb0 msgr2=0x7f9cd0032270 secure :-1 s=STATE_CONNECTION_ESTABLISHED l=1).mark_down
2023-11-15T05:01:01.758 INFO:teuthology.orchestra.run.smithi086.stderr:/usr/bin/ceph:
2023-11-15T05:01:01.757+0000 7f9cef878700 1 --2- 172.21.15.86:0/3085233133 >> [v2:172.21.15.86:6800/2368880557,v1:172.21.15.86:6801/2368880557] conn(0x7f9cd002fdb0 0x7f9cd0032270 secure :-1 s=READY pgs=8 cs=0 l=1 rev1=1 rx=0x7f9ce40096a0 tx=0x7f9ce4006b40).stop
2023-11-15T05:01:01.758 INFO:teuthology.orchestra.run.smithi086.stderr:/usr/bin/ceph:
2023-11-15T05:01:01.757+0000 7f9cef878700 1 -- 172.21.15.86:0/3085233133 >> [v2:172.21.15.86:3300/0,v1:172.21.15.86:6789/0] conn(0x7f9ce80fbcb0 msgr2=0x7f9ce80725e0 secure :-1 s=STATE_CONNECTION_ESTABLISHED l=1).mark_down
2023-11-15T05:01:01.758 INFO:teuthology.orchestra.run.smithi086.stderr:/usr/bin/ceph:
