2023-11-15T05:54:30.243+0000 7f13d13c8700 1 -- 172.21.15.3:0/3139162843 --> [v2:172.21.15.3:3300/0,v1:172.21.15.3:6789/0] -- mon_command({"prefix": "get_command_descriptions"} v 0) v1 -- 0x7f13cc045ad0 con 0x7f13cc0703b0
2023-11-15T05:54:30.249 INFO:teuthology.orchestra.run.smithi003.stderr:/usr/bin/ceph:
2023-11-15T05:54:30.243+0000 7f13b37fe700 1 -- 172.21.15.3:0/3139162843 <== mon.0 v2:172.21.15.3:3300/0 4 ==== mgrmap(e 13) v1 ==== 36208+0+0 (secure 0 0 0) 0x7f13bc00f070 con 0x7f13cc0703b0
2023-11-15T05:54:30.249 INFO:teuthology.orchestra.run.smithi003.stderr:/usr/bin/ceph:
2023-11-15T05:54:30.243+0000 7f13b37fe700 1 --2- 172.21.15.3:0/3139162843 >> [v2:172.21.15.3:6800/2695659223,v1:172.21.15.3:6801/2695659223] conn(0x7f13b802feb0 0x7f13b8032370 unknown :-1 s=NONE pgs=0 cs=0 l=1 rev1=0 rx=0 tx=0).connect
2023-11-15T05:54:30.249 INFO:teuthology.orchestra.run.smithi003.stderr:/usr/bin/ceph:
2023-11-15T05:54:30.243+0000 7f13b37fe700 1 -- 172.21.15.3:0/3139162843 <== mon.0 v2:172.21.15.3:3300/0 5 ==== osd_map(3..3 src has 1..3) v4 ==== 1098+0+0 (secure 0 0 0) 0x7f13bc041450 con 0x7f13cc0703b0
2023-11-15T05:54:30.250 INFO:teuthology.orchestra.run.smithi003.stderr:/usr/bin/ceph:
2023-11-15T05:54:30.243+0000 7f13ca7fc700 1 -- 172.21.15.3:0/3139162843 >> [v2:172.21.15.3:6800/2695659223,v1:172.21.15.3:6801/2695659223] conn(0x7f13b802feb0 msgr2=0x7f13b8032370 unknown :-1 s=STATE_CONNECTING_RE l=1).process reconnect failed to v2:172.21.15.3:6800/2695659223
2023-11-15T05:54:30.250 INFO:teuthology.orchestra.run.smithi003.stderr:/usr/bin/ceph:
2023-11-15T05:54:30.243+0000 7f13ca7fc700 1 --2- 172.21.15.3:0/3139162843 >> [v2:172.21.15.3:6800/2695659223,v1:172.21.15.3:6801/2695659223] conn(0x7f13b802feb0 0x7f13b8032370 unknown :-1 s=START_CONNECT pgs=0 cs=0 l=1 rev1=0 rx=0 tx=0)._fault waiting 0.200000
2023-11-15T05:54:30.250 INFO:teuthology.orchestra.run.smithi003.stderr:/usr/bin/ceph:
2023-11-15T05:54:30.248+0000 7f13b37fe700 1 -- 172.21.15.3:0/3139162843 <== mon.0 v2:172.21.15.3:3300/0 6 ==== mon_command_ack([{"prefix": "get_command_descriptions"}]=0 v0) v1 ==== 72+0+152212 (secure 0 0 0) 0x7f13bc019cd0 con 0x7f13cc0703b0
2023-11-15T05:54:30.446 INFO:teuthology.orchestra.run.smithi003.stderr:/usr/bin/ceph:
2023-11-15T05:54:30.444+0000 7f13ca7fc700 1 -- 172.21.15.3:0/3139162843 >> [v2:172.21.15.3:6800/2695659223,v1:172.21.15.3:6801/2695659223] conn(0x7f13b802feb0 msgr2=0x7f13b8032370 unknown :-1 s=STATE_CONNECTING_RE l=1).process reconnect failed to v2:172.21.15.3:6800/2695659223
2023-11-15T05:54:30.446 INFO:teuthology.orchestra.run.smithi003.stderr:/usr/bin/ceph:
2023-11-15T05:54:30.444+0000 7f13ca7fc700 1 --2- 172.21.15.3:0/3139162843 >> [v2:172.21.15.3:6800/2695659223,v1:172.21.15.3:6801/2695659223] conn(0x7f13b802feb0 0x7f13b8032370 unknown :-1 s=START_CONNECT pgs=0 cs=0 l=1 rev1=0 rx=0 tx=0)._fault waiting 0.400000
2023-11-15T05:54:30.459 INFO:teuthology.orchestra.run.smithi003.stderr:/usr/bin/ceph:
2023-11-15T05:54:30.456+0000 7f13d13c8700 1 -- 172.21.15.3:0/3139162843 --> [v2:172.21.15.3:3300/0,v1:172.21.15.3:6789/0] -- mon_command({"prefix": "mgr stat"} v 0) v1 -- 0x7f13cc10e7c0 con 0x7f13cc0703b0
2023-11-15T05:54:30.460 INFO:teuthology.orchestra.run.smithi003.stderr:/usr/bin/ceph:
2023-11-15T05:54:30.457+0000 7f13b37fe700 1 -- 172.21.15.3:0/3139162843 <== mon.0 v2:172.21.15.3:3300/0 7 ==== mon_command_ack([{"prefix": "mgr stat"}]=0 v13) v1 ==== 56+0+104 (secure 0 0 0) 0x7f13bc016070 con 0x7f13cc0703b0
2023-11-15T05:54:30.460 INFO:teuthology.orchestra.run.smithi003.stderr:/usr/bin/ceph: {
2023-11-15T05:54:30.460 INFO:teuthology.orchestra.run.smithi003.stderr:/usr/bin/ceph: "epoch": 13,
2023-11-15T05:54:30.460 INFO:teuthology.orchestra.run.smithi003.stderr:/usr/bin/ceph: "available": true,
2023-11-15T05:54:30.462 INFO:teuthology.orchestra.run.smithi003.stderr:/usr/bin/ceph: "active_name": "smithi003.cldzke",
2023-11-15T05:54:30.462 INFO:teuthology.orchestra.run.smithi003.stderr:/usr/bin/ceph: "num_standby": 0
2023-11-15T05:54:30.462 INFO:teuthology.orchestra.run.smithi003.stderr:/usr/bin/ceph: }
2023-11-15T05:54:30.462 INFO:teuthology.orchestra.run.smithi003.stderr:/usr/bin/ceph:
2023-11-15T05:54:30.459+0000 7f13d13c8700 1 -- 172.21.15.3:0/3139162843 >> [v2:172.21.15.3:6800/2695659223,v1:172.21.15.3:6801/2695659223] conn(0x7f13b802feb0 msgr2=0x7f13b8032370 unknown :-1 s=STATE_CONNECTING l=1).mark_down
2023-11-15T05:54:30.462 INFO:teuthology.orchestra.run.smithi003.stderr:/usr/bin/ceph:
2023-11-15T05:54:30.459+0000 7f13d13c8700 1 --2- 172.21.15.3:0/3139162843 >> [v2:172.21.15.3:6800/2695659223,v1:172.21.15.3:6801/2695659223] conn(0x7f13b802feb0 0x7f13b8032370 unknown :-1 s=START_CONNECT pgs=0 cs=0 l=1 rev1=0 rx=0 tx=0).stop
2023-11-15T05:54:30.463 INFO:teuthology.orchestra.run.smithi003.stderr:/usr/bin/ceph:
2023-11-15T05:54:30.459+0000 7f13d13c8700 1 -- 172.21.15.3:0/3139162843 >> [v2:172.21.15.3:3300/0,v1:172.21.15.3:6789/0] conn(0x7f13cc0703b0 msgr2=0x7f13cc10cc10 secure :-1 s=STATE_CONNECTION_ESTABLISHED l=1).mark_down
2023-11-15T05:54:30.463 INFO:teuthology.orchestra.run.smithi003.stderr:/usr/bin/ceph:
2023-11-15T05:54:30.459+0000 7f13d13c8700 1 --2- 172.21.15.3:0/3139162843 >> [v2:172.21.15.3:3300/0,v1:172.21.15.3:6789/0] conn(0x7f13cc0703b0 0x7f13cc10cc10 secure :-1 s=READY pgs=73 cs=0 l=1 rev1=1 rx=0x7f13bc00b190 tx=0x7f13bc006ee0).stop
2023-11-15T05:54:30.463 INFO:teuthology.orchestra.run.smithi003.stderr:/usr/bin/ceph:
2023-11-15T05:54:30.459+0000 7f13d13c8700 1 -- 172.21.15.3:0/3139162843 shutdown_connections
2023-11-15T05:54:30.464 INFO:teuthology.orchestra.run.smithi003.stderr:/usr/bin/ceph:
2023-11-15T05:54:30.459+0000 7f13d13c8700 1 --2- 172.21.15.3:0/3139162843 >> [v2:172.21.15.3:6800/2695659223,v1:172.21.15.3:6801/2695659223] conn(0x7f13b802feb0 0x7f13b8032370 unknown :-1 s=CLOSED pgs=0 cs=0 l=1 rev1=0 rx=0 tx=0).stop
2023-11-15T05:54:30.464 INFO:teuthology.orchestra.run.smithi003.stderr:/usr/bin/ceph:
2023-11-15T05:54:30.459+0000 7f13d13c8700 1 --2- 172.21.15.3:0/3139162843 >> [v2:172.21.15.3:3300/0,v1:172.21.15.3:6789/0] conn(0x7f13cc0703b0 0x7f13cc10cc10 unknown :-1 s=CLOSED pgs=73 cs=0 l=1 rev1=1 rx=0 tx=0).stop
2023-11-15T05:54:30.464 INFO:teuthology.orchestra.run.smithi003.stderr:/usr/bin/ceph:
2023-11-15T05:54:30.459+0000 7f13d13c8700 1 -- 172.21.15.3:0/3139162843 >> 172.21.15.3:0/3139162843 conn(0x7f13cc0f63c0 msgr2=0x7f13cc0f7ef0 unknown :-1 s=STATE_NONE l=0).mark_down
2023-11-15T05:54:30.464 INFO:teuthology.orchestra.run.smithi003.stderr:/usr/bin/ceph:
2023-11-15T05:54:30.460+0000 7f13d13c8700 1 -- 172.21.15.3:0/3139162843 shutdown_connections
2023-11-15T05:54:30.464 INFO:teuthology.orchestra.run.smithi003.stderr:/usr/bin/ceph:
2023-11-15T05:54:30.460+0000 7f13d13c8700 1 -- 172.21.15.3:0/3139162843 wait complete.
2023-11-15T05:54:30.491 INFO:journalctl@ceph.mon.smithi003.smithi003.stdout:Nov 15 05:54:30 smithi003 ceph-412cc4c0-837b-11ee-8dbe-212e2dc638e7-mon.smithi003[112385]: audit
2023-11-15T05:54:29.241521+0000 mon.smithi003 (mon.0) 86 : audit [INF] from='client.? 172.21.15.3:0/3601120564' entity='client.admin' cmd='[{"prefix": "mgr module enable", "module": "dashboard"}]': finished
2023-11-15T05:54:30.491 INFO:journalctl@ceph.mon.smithi003.smithi003.stdout:Nov 15 05:54:30 smithi003 ceph-412cc4c0-837b-11ee-8dbe-212e2dc638e7-mon.smithi003[112385]: cluster
2023-11-15T05:54:29.241597+0000 mon.smithi003 (mon.0) 87 : cluster [DBG] mgrmap e13: smithi003.cldzke(active, since 8s)
2023-11-15T05:54:30.867 INFO:teuthology.orchestra.run.smithi003.stderr:Waiting for the mgr to restart...
2023-11-15T05:54:30.867 INFO:teuthology.orchestra.run.smithi003.stderr:Waiting for mgr epoch 13...
2023-11-15T05:54:30.868 INFO:teuthology.orchestra.run.smithi003.stderr:Running command: /bin/podman run --rm --ipc=host --no-hosts --net=host --entrypoint /usr/bin/ceph --init -e CONTAINER_IMAGE=docker.io/ceph/ceph:v16.2.4 -e NODE_NAME=smithi003 -e CEPH_USE_RANDOM_NONCE=1 -v /var/log/ceph/412cc4c0-837b-11ee-8dbe-212e2dc638e7:/var/log/ceph:z -v /tmp/ceph-tmp9wfmy4xk:/etc/ceph/ceph.client.admin.keyring:z -v /tmp/ceph-tmp3x8hjniz:/etc/ceph/ceph.conf:z docker.io/ceph/ceph:v16.2.4 tell mgr mgr_status
2023-11-15T05:54:31.222 INFO:teuthology.orchestra.run.smithi003.stderr:/usr/bin/ceph:
2023-11-15T05:54:31.220+0000 7f04f5b9d700 1 Processor -- start
2023-11-15T05:54:31.223 INFO:teuthology.orchestra.run.smithi003.stderr:/usr/bin/ceph:
2023-11-15T05:54:31.220+0000 7f04f5b9d700 1 -- start start
2023-11-15T05:54:31.223 INFO:teuthology.orchestra.run.smithi003.stderr:/usr/bin/ceph:
2023-11-15T05:54:31.220+0000 7f04f5b9d700 1 --2- >> [v2:172.21.15.3:3300/0,v1:172.21.15.3:6789/0] conn(0x7f04f00fab80 0x7f04f00fafa0 unknown :-1 s=NONE pgs=0 cs=0 l=0 rev1=0 rx=0 tx=0).connect
2023-11-15T05:54:31.223 INFO:teuthology.orchestra.run.smithi003.stderr:/usr/bin/ceph:
2023-11-15T05:54:31.220+0000 7f04f5b9d700 1 -- --> [v2:172.21.15.3:3300/0,v1:172.21.15.3:6789/0] -- mon_getmap magic: 0 v1 -- 0x7f04f00fb490 con 0x7f04f00fab80
2023-11-15T05:54:31.225 INFO:teuthology.orchestra.run.smithi003.stderr:/usr/bin/ceph:
2023-11-15T05:54:31.220+0000 7f04ef7fe700 1 --2- >> [v2:172.21.15.3:3300/0,v1:172.21.15.3:6789/0] conn(0x7f04f00fab80 0x7f04f00fafa0 unknown :-1 s=BANNER_CONNECTING pgs=0 cs=0 l=0 rev1=0 rx=0 tx=0)._handle_peer_banner_payload supported=1 required=0
2023-11-15T05:54:31.225 INFO:teuthology.orchestra.run.smithi003.stderr:/usr/bin/ceph:
2023-11-15T05:54:31.220+0000 7f04ef7fe700 1 --2- >> [v2:172.21.15.3:3300/0,v1:172.21.15.3:6789/0] conn(0x7f04f00fab80 0x7f04f00fafa0 unknown :-1 s=HELLO_CONNECTING pgs=0 cs=0 l=0 rev1=1 rx=0 tx=0).handle_hello peer v2:172.21.15.3:3300/0 says I am v2:172.21.15.3:60750/0 (socket says 172.21.15.3:60750)
2023-11-15T05:54:31.225 INFO:teuthology.orchestra.run.smithi003.stderr:/usr/bin/ceph:
2023-11-15T05:54:31.220+0000 7f04ef7fe700 1 -- 172.21.15.3:0/176289360 learned_addr learned my addr 172.21.15.3:0/176289360 (peer_addr_for_me v2:172.21.15.3:0/0)
2023-11-15T05:54:31.226 INFO:teuthology.orchestra.run.smithi003.stderr:/usr/bin/ceph:
2023-11-15T05:54:31.221+0000 7f04ef7fe700 1 -- 172.21.15.3:0/176289360 --> [v2:172.21.15.3:3300/0,v1:172.21.15.3:6789/0] -- mon_subscribe({config=0+,monmap=0+}) v3 -- 0x7f04f00fb5d0 con 0x7f04f00fab80
2023-11-15T05:54:31.226 INFO:teuthology.orchestra.run.smithi003.stderr:/usr/bin/ceph:
2023-11-15T05:54:31.221+0000 7f04ef7fe700 1 --2- 172.21.15.3:0/176289360 >> [v2:172.21.15.3:3300/0,v1:172.21.15.3:6789/0] conn(0x7f04f00fab80 0x7f04f00fafa0 secure :-1 s=READY pgs=74 cs=0 l=1 rev1=1 rx=0x7f04e000b5f0 tx=0x7f04e0006ee0).ready entity=mon.0 client_cookie=ae4edcbbbdc280af server_cookie=0 in_seq=0 out_seq=0
2023-11-15T05:54:31.226 INFO:teuthology.orchestra.run.smithi003.stderr:/usr/bin/ceph:
2023-11-15T05:54:31.221+0000 7f04ee7fc700 1 -- 172.21.15.3:0/176289360 <== mon.0 v2:172.21.15.3:3300/0 1 ==== mon_map magic: 0 v1 ==== 229+0+0 (secure 0 0 0) 0x7f04e000d600 con 0x7f04f00fab80
2023-11-15T05:54:31.226 INFO:teuthology.orchestra.run.smithi003.stderr:/usr/bin/ceph:
2023-11-15T05:54:31.221+0000 7f04ee7fc700 1 -- 172.21.15.3:0/176289360 <== mon.0 v2:172.21.15.3:3300/0 2 ==== config(25 keys) v1 ==== 1010+0+0 (secure 0 0 0) 0x7f04e000dbd0 con 0x7f04f00fab80
2023-11-15T05:54:31.226 INFO:teuthology.orchestra.run.smithi003.stderr:/usr/bin/ceph:
2023-11-15T05:54:31.221+0000 7f04ee7fc700 1 -- 172.21.15.3:0/176289360 <== mon.0 v2:172.21.15.3:3300/0 3 ==== mon_map magic: 0 v1 ==== 229+0+0 (secure 0 0 0) 0x7f04e0011c00 con 0x7f04f00fab80
2023-11-15T05:54:31.227 INFO:teuthology.orchestra.run.smithi003.stderr:/usr/bin/ceph:
2023-11-15T05:54:31.222+0000 7f04f5b9d700 1 -- 172.21.15.3:0/176289360 >> [v2:172.21.15.3:3300/0,v1:172.21.15.3:6789/0] conn(0x7f04f00fab80 msgr2=0x7f04f00fafa0 secure :-1 s=STATE_CONNECTION_ESTABLISHED l=1).mark_down
2023-11-15T05:54:31.227 INFO:teuthology.orchestra.run.smithi003.stderr:/usr/bin/ceph:
2023-11-15T05:54:31.222+0000 7f04f5b9d700 1 --2- 172.21.15.3:0/176289360 >> [v2:172.21.15.3:3300/0,v1:172.21.15.3:6789/0] conn(0x7f04f00fab80 0x7f04f00fafa0 secure :-1 s=READY pgs=74 cs=0 l=1 rev1=1 rx=0x7f04e000b5f0 tx=0x7f04e0006ee0).stop
2023-11-15T05:54:31.227 INFO:teuthology.orchestra.run.smithi003.stderr:/usr/bin/ceph:
2023-11-15T05:54:31.222+0000 7f04f5b9d700 1 -- 172.21.15.3:0/176289360 shutdown_connections
2023-11-15T05:54:31.227 INFO:teuthology.orchestra.run.smithi003.stderr:/usr/bin/ceph:
2023-11-15T05:54:31.222+0000 7f04f5b9d700 1 --2- 172.21.15.3:0/176289360 >> [v2:172.21.15.3:3300/0,v1:172.21.15.3:6789/0] conn(0x7f04f00fab80 0x7f04f00fafa0 unknown :-1 s=CLOSED pgs=74 cs=0 l=1 rev1=1 rx=0 tx=0).stop
2023-11-15T05:54:31.227 INFO:teuthology.orchestra.run.smithi003.stderr:/usr/bin/ceph:
2023-11-15T05:54:31.222+0000 7f04f5b9d700 1 -- 172.21.15.3:0/176289360 >> 172.21.15.3:0/176289360 conn(0x7f04f00f63c0 msgr2=0x7f04f00f87e0 unknown :-1 s=STATE_NONE l=0).mark_down
2023-11-15T05:54:31.227 INFO:teuthology.orchestra.run.smithi003.stderr:/usr/bin/ceph:
2023-11-15T05:54:31.222+0000 7f04f5b9d700 1 -- 172.21.15.3:0/176289360 shutdown_connections
2023-11-15T05:54:31.228 INFO:teuthology.orchestra.run.smithi003.stderr:/usr/bin/ceph:
2023-11-15T05:54:31.222+0000 7f04f5b9d700 1 -- 172.21.15.3:0/176289360 wait complete.
2023-11-15T05:54:31.230 INFO:teuthology.orchestra.run.smithi003.stderr:/usr/bin/ceph:
2023-11-15T05:54:31.223+0000 7f04f5b9d700 1 Processor -- start
2023-11-15T05:54:31.230 INFO:teuthology.orchestra.run.smithi003.stderr:/usr/bin/ceph:
2023-11-15T05:54:31.223+0000 7f04f5b9d700 1 -- start start
2023-11-15T05:54:31.231 INFO:teuthology.orchestra.run.smithi003.stderr:/usr/bin/ceph:
2023-11-15T05:54:31.223+0000 7f04f5b9d700 1 --2- >> [v2:172.21.15.3:3300/0,v1:172.21.15.3:6789/0] conn(0x7f04f00fab80 0x7f04f010aa00 unknown :-1 s=NONE pgs=0 cs=0 l=1 rev1=0 rx=0 tx=0).connect
2023-11-15T05:54:31.231 INFO:teuthology.orchestra.run.smithi003.stderr:/usr/bin/ceph:
2023-11-15T05:54:31.223+0000 7f04f5b9d700 1 -- --> [v2:172.21.15.3:3300/0,v1:172.21.15.3:6789/0] -- mon_getmap magic: 0 v1 -- 0x7f04f010aef0 con 0x7f04f00fab80
2023-11-15T05:54:31.231 INFO:teuthology.orchestra.run.smithi003.stderr:/usr/bin/ceph:
2023-11-15T05:54:31.223+0000 7f04ef7fe700 1 --2- >> [v2:172.21.15.3:3300/0,v1:172.21.15.3:6789/0] conn(0x7f04f00fab80 0x7f04f010aa00 unknown :-1 s=BANNER_CONNECTING pgs=0 cs=0 l=1 rev1=0 rx=0 tx=0)._handle_peer_banner_payload supported=1 required=0
2023-11-15T05:54:31.231 INFO:teuthology.orchestra.run.smithi003.stderr:/usr/bin/ceph:
2023-11-15T05:54:31.223+0000 7f04ef7fe700 1 --2- >> [v2:172.21.15.3:3300/0,v1:172.21.15.3:6789/0] conn(0x7f04f00fab80 0x7f04f010aa00 unknown :-1 s=HELLO_CONNECTING pgs=0 cs=0 l=1 rev1=1 rx=0 tx=0).handle_hello peer v2:172.21.15.3:3300/0 says I am v2:172.21.15.3:60766/0 (socket says 172.21.15.3:60766)
2023-11-15T05:54:31.231 INFO:teuthology.orchestra.run.smithi003.stderr:/usr/bin/ceph:
2023-11-15T05:54:31.223+0000 7f04ef7fe700 1 -- 172.21.15.3:0/228283927 learned_addr learned my addr 172.21.15.3:0/228283927 (peer_addr_for_me v2:172.21.15.3:0/0)
2023-11-15T05:54:31.232 INFO:teuthology.orchestra.run.smithi003.stderr:/usr/bin/ceph:
2023-11-15T05:54:31.224+0000 7f04ef7fe700 1 -- 172.21.15.3:0/228283927 --> [v2:172.21.15.3:3300/0,v1:172.21.15.3:6789/0] -- mon_subscribe({config=0+,monmap=0+}) v3 -- 0x7f04e000b200 con 0x7f04f00fab80
2023-11-15T05:54:31.232 INFO:teuthology.orchestra.run.smithi003.stderr:/usr/bin/ceph:
2023-11-15T05:54:31.224+0000 7f04ef7fe700 1 --2- 172.21.15.3:0/228283927 >> [v2:172.21.15.3:3300/0,v1:172.21.15.3:6789/0] conn(0x7f04f00fab80 0x7f04f010aa00 secure :-1 s=READY pgs=75 cs=0 l=1 rev1=1 rx=0x7f04e000b1d0 tx=0x7f04e0006ee0).ready entity=mon.0 client_cookie=0 server_cookie=0 in_seq=0 out_seq=0
2023-11-15T05:54:31.232 INFO:teuthology.orchestra.run.smithi003.stderr:/usr/bin/ceph:
2023-11-15T05:54:31.224+0000 7f04d7fff700 1 -- 172.21.15.3:0/228283927 <== mon.0 v2:172.21.15.3:3300/0 1 ==== mon_map magic: 0 v1 ==== 229+0+0 (secure 0 0 0) 0x7f04e001b410 con 0x7f04f00fab80
2023-11-15T05:54:31.232 INFO:teuthology.orchestra.run.smithi003.stderr:/usr/bin/ceph:
2023-11-15T05:54:31.224+0000 7f04d7fff700 1 -- 172.21.15.3:0/228283927 <== mon.0 v2:172.21.15.3:3300/0 2 ==== config(25 keys) v1 ==== 1010+0+0 (secure 0 0 0) 0x7f04e001b9e0 con 0x7f04f00fab80
2023-11-15T05:54:31.232 INFO:teuthology.orchestra.run.smithi003.stderr:/usr/bin/ceph:
2023-11-15T05:54:31.224+0000 7f04f5b9d700 1 -- 172.21.15.3:0/228283927 --> [v2:172.21.15.3:3300/0,v1:172.21.15.3:6789/0] -- mon_subscribe({mgrmap=0+}) v3 -- 0x7f04f010b0f0 con 0x7f04f00fab80
2023-11-15T05:54:31.233 INFO:teuthology.orchestra.run.smithi003.stderr:/usr/bin/ceph:
2023-11-15T05:54:31.224+0000 7f04d7fff700 1 -- 172.21.15.3:0/228283927 <== mon.0 v2:172.21.15.3:3300/0 3 ==== mon_map magic: 0 v1 ==== 229+0+0 (secure 0 0 0) 0x7f04e001a840 con 0x7f04f00fab80
2023-11-15T05:54:31.233 INFO:teuthology.orchestra.run.smithi003.stderr:/usr/bin/ceph:
2023-11-15T05:54:31.224+0000 7f04f5b9d700 1 -- 172.21.15.3:0/228283927 --> [v2:172.21.15.3:3300/0,v1:172.21.15.3:6789/0] -- mon_subscribe({osdmap=0}) v3 -- 0x7f04f010b500 con 0x7f04f00fab80
2023-11-15T05:54:31.233 INFO:teuthology.orchestra.run.smithi003.stderr:/usr/bin/ceph:
2023-11-15T05:54:31.225+0000 7f04d7fff700 1 -- 172.21.15.3:0/228283927 <== mon.0 v2:172.21.15.3:3300/0 4 ==== mgrmap(e 13) v1 ==== 36208+0+0 (secure 0 0 0) 0x7f04e000f070 con 0x7f04f00fab80
2023-11-15T05:54:31.233 INFO:teuthology.orchestra.run.smithi003.stderr:/usr/bin/ceph:
2023-11-15T05:54:31.225+0000 7f04d7fff700 1 --2- 172.21.15.3:0/228283927 >> [v2:172.21.15.3:6800/2695659223,v1:172.21.15.3:6801/2695659223] conn(0x7f04dc02ff00 0x7f04dc0323c0 unknown :-1 s=NONE pgs=0 cs=0 l=1 rev1=0 rx=0 tx=0).connect
2023-11-15T05:54:31.233 INFO:teuthology.orchestra.run.smithi003.stderr:/usr/bin/ceph:
2023-11-15T05:54:31.225+0000 7f04d7fff700 1 -- 172.21.15.3:0/228283927 <== mon.0 v2:172.21.15.3:3300/0 5 ==== osd_map(3..3 src has 1..3) v4 ==== 1098+0+0 (secure 0 0 0) 0x7f04e0042260 con 0x7f04f00fab80
2023-11-15T05:54:31.233 INFO:teuthology.orchestra.run.smithi003.stderr:/usr/bin/ceph:
2023-11-15T05:54:31.225+0000 7f04f5b9d700 1 -- 172.21.15.3:0/228283927 --> [v2:172.21.15.3:6800/2695659223,v1:172.21.15.3:6801/2695659223] -- command(tid 0: {"prefix": "get_command_descriptions"}) v1 -- 0x7f04f0059100 con 0x7f04dc02ff00
2023-11-15T05:54:31.234 INFO:teuthology.orchestra.run.smithi003.stderr:/usr/bin/ceph:
2023-11-15T05:54:31.225+0000 7f04eeffd700 1 -- 172.21.15.3:0/228283927 >> [v2:172.21.15.3:6800/2695659223,v1:172.21.15.3:6801/2695659223] conn(0x7f04dc02ff00 msgr2=0x7f04dc0323c0 unknown :-1 s=STATE_CONNECTING_RE l=1).process reconnect failed to v2:172.21.15.3:6800/2695659223
2023-11-15T05:54:31.234 INFO:teuthology.orchestra.run.smithi003.stderr:/usr/bin/ceph:
2023-11-15T05:54:31.225+0000 7f04eeffd700 1 --2- 172.21.15.3:0/228283927 >> [v2:172.21.15.3:6800/2695659223,v1:172.21.15.3:6801/2695659223] conn(0x7f04dc02ff00 0x7f04dc0323c0 unknown :-1 s=START_CONNECT pgs=0 cs=0 l=1 rev1=0 rx=0 tx=0)._fault waiting 0.200000
2023-11-15T05:54:31.428 INFO:teuthology.orchestra.run.smithi003.stderr:/usr/bin/ceph:
2023-11-15T05:54:31.426+0000 7f04eeffd700 1 -- 172.21.15.3:0/228283927 >> [v2:172.21.15.3:6800/2695659223,v1:172.21.15.3:6801/2695659223] conn(0x7f04dc02ff00 msgr2=0x7f04dc0323c0 unknown :-1 s=STATE_CONNECTING_RE l=1).process reconnect failed to v2:172.21.15.3:6800/2695659223
2023-11-15T05:54:31.428 INFO:teuthology.orchestra.run.smithi003.stderr:/usr/bin/ceph:
2023-11-15T05:54:31.426+0000 7f04eeffd700 1 --2- 172.21.15.3:0/228283927 >> [v2:172.21.15.3:6800/2695659223,v1:172.21.15.3:6801/2695659223] conn(0x7f04dc02ff00 0x7f04dc0323c0 unknown :-1 s=START_CONNECT pgs=0 cs=0 l=1 rev1=0 rx=0 tx=0)._fault waiting 0.400000
2023-11-15T05:54:31.680 INFO:journalctl@ceph.mon.smithi003.smithi003.stdout:Nov 15 05:54:31 smithi003 ceph-412cc4c0-837b-11ee-8dbe-212e2dc638e7-mon.smithi003[112385]: audit
2023-11-15T05:54:30.458950+0000 mon.smithi003 (mon.0) 88 : audit [DBG] from='client.? 172.21.15.3:0/3139162843' entity='client.admin' cmd=[{"prefix": "mgr stat"}]: dispatch
2023-11-15T05:54:31.829 INFO:teuthology.orchestra.run.smithi003.stderr:/usr/bin/ceph:
2023-11-15T05:54:31.827+0000 7f04eeffd700 1 -- 172.21.15.3:0/228283927 >> [v2:172.21.15.3:6800/2695659223,v1:172.21.15.3:6801/2695659223] conn(0x7f04dc02ff00 msgr2=0x7f04dc0323c0 unknown :-1 s=STATE_CONNECTING_RE l=1).process reconnect failed to v2:172.21.15.3:6800/2695659223
2023-11-15T05:54:31.830 INFO:teuthology.orchestra.run.smithi003.stderr:/usr/bin/ceph:
2023-11-15T05:54:31.827+0000 7f04eeffd700 1 --2- 172.21.15.3:0/228283927 >> [v2:172.21.15.3:6800/2695659223,v1:172.21.15.3:6801/2695659223] conn(0x7f04dc02ff00 0x7f04dc0323c0 unknown :-1 s=START_CONNECT pgs=0 cs=0 l=1 rev1=0 rx=0 tx=0)._fault waiting 0.800000
2023-11-15T05:54:32.630 INFO:teuthology.orchestra.run.smithi003.stderr:/usr/bin/ceph:
2023-11-15T05:54:32.628+0000 7f04eeffd700 1 -- 172.21.15.3:0/228283927 >> [v2:172.21.15.3:6800/2695659223,v1:172.21.15.3:6801/2695659223] conn(0x7f04dc02ff00 msgr2=0x7f04dc0323c0 unknown :-1 s=STATE_CONNECTING_RE l=1).process reconnect failed to v2:172.21.15.3:6800/2695659223
2023-11-15T05:54:32.630 INFO:teuthology.orchestra.run.smithi003.stderr:/usr/bin/ceph:
2023-11-15T05:54:32.628+0000 7f04eeffd700 1 --2- 172.21.15.3:0/228283927 >> [v2:172.21.15.3:6800/2695659223,v1:172.21.15.3:6801/2695659223] conn(0x7f04dc02ff00 0x7f04dc0323c0 unknown :-1 s=START_CONNECT pgs=0 cs=0 l=1 rev1=0 rx=0 tx=0)._fault waiting 1.600000
2023-11-15T05:54:34.231 INFO:teuthology.orchestra.run.smithi003.stderr:/usr/bin/ceph:
2023-11-15T05:54:34.229+0000 7f04eeffd700 1 -- 172.21.15.3:0/228283927 >> [v2:172.21.15.3:6800/2695659223,v1:172.21.15.3:6801/2695659223] conn(0x7f04dc02ff00 msgr2=0x7f04dc0323c0 unknown :-1 s=STATE_CONNECTING_RE l=1).process reconnect failed to v2:172.21.15.3:6800/2695659223
2023-11-15T05:54:34.231 INFO:teuthology.orchestra.run.smithi003.stderr:/usr/bin/ceph:
2023-11-15T05:54:34.229+0000 7f04eeffd700 1 --2- 172.21.15.3:0/228283927 >> [v2:172.21.15.3:6800/2695659223,v1:172.21.15.3:6801/2695659223] conn(0x7f04dc02ff00 0x7f04dc0323c0 unknown :-1 s=START_CONNECT pgs=0 cs=0 l=1 rev1=0 rx=0 tx=0)._fault waiting 3.200000
2023-11-15T05:54:34.959 INFO:teuthology.orchestra.run.smithi003.stderr:/usr/bin/ceph:
2023-11-15T05:54:34.957+0000 7f04d7fff700 1 -- 172.21.15.3:0/228283927 <== mon.0 v2:172.21.15.3:3300/0 6 ==== mgrmap(e 14) v1 ==== 35997+0+0 (secure 0 0 0) 0x7f04e00257e0 con 0x7f04f00fab80
2023-11-15T05:54:34.960 INFO:teuthology.orchestra.run.smithi003.stderr:/usr/bin/ceph:
2023-11-15T05:54:34.957+0000 7f04d7fff700 1 -- 172.21.15.3:0/228283927 >> [v2:172.21.15.3:6800/2695659223,v1:172.21.15.3:6801/2695659223] conn(0x7f04dc02ff00 msgr2=0x7f04dc0323c0 unknown :-1 s=STATE_CONNECTING l=1).mark_down
2023-11-15T05:54:34.960 INFO:teuthology.orchestra.run.smithi003.stderr:/usr/bin/ceph:
2023-11-15T05:54:34.957+0000 7f04d7fff700 1 --2- 172.21.15.3:0/228283927 >> [v2:172.21.15.3:6800/2695659223,v1:172.21.15.3:6801/2695659223] conn(0x7f04dc02ff00 0x7f04dc0323c0 unknown :-1 s=START_CONNECT pgs=0 cs=0 l=1 rev1=0 rx=0 tx=0).stop
2023-11-15T05:54:35.963 INFO:teuthology.orchestra.run.smithi003.stderr:/usr/bin/ceph:
2023-11-15T05:54:35.959+0000 7f04d7fff700 1 -- 172.21.15.3:0/228283927 <== mon.0 v2:172.21.15.3:3300/0 7 ==== mgrmap(e 15) v1 ==== 36067+0+0 (secure 0 0 0) 0x7f04e0042710 con 0x7f04f00fab80
2023-11-15T05:54:35.964 INFO:teuthology.orchestra.run.smithi003.stderr:/usr/bin/ceph:
2023-11-15T05:54:35.960+0000 7f04d7fff700 1 --2- 172.21.15.3:0/228283927 >> [v2:172.21.15.3:6800/4263843884,v1:172.21.15.3:6801/4263843884] conn(0x7f04dc0339e0 0x7f04dc035dd0 unknown :-1 s=NONE pgs=0 cs=0 l=1 rev1=0 rx=0 tx=0).connect
2023-11-15T05:54:35.964 INFO:teuthology.orchestra.run.smithi003.stderr:/usr/bin/ceph:
2023-11-15T05:54:35.960+0000 7f04d7fff700 1 -- 172.21.15.3:0/228283927 --> [v2:172.21.15.3:6800/4263843884,v1:172.21.15.3:6801/4263843884] -- command(tid 0: {"prefix": "get_command_descriptions"}) v1 -- 0x7f04f0059100 con 0x7f04dc0339e0
2023-11-15T05:54:35.964 INFO:teuthology.orchestra.run.smithi003.stderr:/usr/bin/ceph:
2023-11-15T05:54:35.960+0000 7f04eeffd700 1 --2- 172.21.15.3:0/228283927 >> [v2:172.21.15.3:6800/4263843884,v1:172.21.15.3:6801/4263843884] conn(0x7f04dc0339e0 0x7f04dc035dd0 unknown :-1 s=BANNER_CONNECTING pgs=0 cs=0 l=1 rev1=0 rx=0 tx=0)._handle_peer_banner_payload supported=1 required=0
2023-11-15T05:54:35.964 INFO:teuthology.orchestra.run.smithi003.stderr:/usr/bin/ceph:
2023-11-15T05:54:35.961+0000 7f04eeffd700 1 --2- 172.21.15.3:0/228283927 >> [v2:172.21.15.3:6800/4263843884,v1:172.21.15.3:6801/4263843884] conn(0x7f04dc0339e0 0x7f04dc035dd0 secure :-1 s=READY pgs=2 cs=0 l=1 rev1=1 rx=0x7f04e4006fd0 tx=0x7f04e4006d70).ready entity=mgr.14164 client_cookie=0 server_cookie=0 in_seq=0 out_seq=0
2023-11-15T05:54:35.965 INFO:teuthology.orchestra.run.smithi003.stderr:/usr/bin/ceph:
2023-11-15T05:54:35.962+0000 7f04d7fff700 1 -- 172.21.15.3:0/228283927 <== mgr.14164 v2:172.21.15.3:6800/4263843884 1 ==== command_reply(tid 0: 0 ) v1 ==== 8+0+6438 (secure 0 0 0) 0x7f04f0059100 con 0x7f04dc0339e0
2023-11-15T05:54:35.970 INFO:teuthology.orchestra.run.smithi003.stderr:/usr/bin/ceph:
2023-11-15T05:54:35.968+0000 7f04f5b9d700 1 -- 172.21.15.3:0/228283927 --> [v2:172.21.15.3:6800/4263843884,v1:172.21.15.3:6801/4263843884] -- command(tid 1: {"prefix": "mgr_status"}) v1 -- 0x7f04f0045ad0 con 0x7f04dc0339e0
2023-11-15T05:54:35.971 INFO:teuthology.orchestra.run.smithi003.stderr:/usr/bin/ceph:
2023-11-15T05:54:35.969+0000 7f04d7fff700 1 -- 172.21.15.3:0/228283927 <== mgr.14164 v2:172.21.15.3:6800/4263843884 2 ==== command_reply(tid 1: 0 ) v1 ==== 8+0+52 (secure 0 0 0) 0x7f04f0045ad0 con 0x7f04dc0339e0
2023-11-15T05:54:35.974 INFO:teuthology.orchestra.run.smithi003.stderr:/usr/bin/ceph: {
2023-11-15T05:54:35.974 INFO:teuthology.orchestra.run.smithi003.stderr:/usr/bin/ceph: "mgrmap_epoch": 15,
2023-11-15T05:54:35.974 INFO:teuthology.orchestra.run.smithi003.stderr:/usr/bin/ceph: "initialized": true
2023-11-15T05:54:35.974 INFO:teuthology.orchestra.run.smithi003.stderr:/usr/bin/ceph: }
2023-11-15T05:54:35.975 INFO:teuthology.orchestra.run.smithi003.stderr:/usr/bin/ceph:
2023-11-15T05:54:35.969+0000 7f04f5b9d700 1 -- 172.21.15.3:0/228283927 >> [v2:172.21.15.3:6800/4263843884,v1:172.21.15.3:6801/4263843884] conn(0x7f04dc0339e0 msgr2=0x7f04dc035dd0 secure :-1 s=STATE_CONNECTION_ESTABLISHED l=1).mark_down
2023-11-15T05:54:35.976 INFO:teuthology.orchestra.run.smithi003.stderr:/usr/bin/ceph:
2023-11-15T05:54:35.969+0000 7f04f5b9d700 1 --2- 172.21.15.3:0/228283927 >> [v2:172.21.15.3:6800/4263843884,v1:172.21.15.3:6801/4263843884] conn(0x7f04dc0339e0 0x7f04dc035dd0 secure :-1 s=READY pgs=2 cs=0 l=1 rev1=1 rx=0x7f04e4006fd0 tx=0x7f04e4006d70).stop
2023-11-15T05:54:35.977 INFO:teuthology.orchestra.run.smithi003.stderr:/usr/bin/ceph:
2023-11-15T05:54:35.969+0000 7f04f5b9d700 1 -- 172.21.15.3:0/228283927 >> [v2:172.21.15.3:3300/0,v1:172.21.15.3:6789/0] conn(0x7f04f00fab80 msgr2=0x7f04f010aa00 secure :-1 s=STATE_CONNECTION_ESTABLISHED l=1).mark_down
2023-11-15T05:54:35.977 INFO:teuthology.orchestra.run.smithi003.stderr:/usr/bin/ceph:
2023-11-15T05:54:35.969+0000 7f04f5b9d700 1 --2- 172.21.15.3:0/228283927 >> [v2:172.21.15.3:3300/0,v1:172.21.15.3:6789/0] conn(0x7f04f00fab80 0x7f04f010aa00 secure :-1 s=READY pgs=75 cs=0 l=1 rev1=1 rx=0x7f04e000b1d0 tx=0x7f04e0006ee0).stop
2023-11-15T05:54:35.977 INFO:teuthology.orchestra.run.smithi003.stderr:/usr/bin/ceph:
2023-11-15T05:54:35.970+0000 7f04f5b9d700 1 -- 172.21.15.3:0/228283927 shutdown_connections
2023-11-15T05:54:35.977 INFO:teuthology.orchestra.run.smithi003.stderr:/usr/bin/ceph:
2023-11-15T05:54:35.970+0000 7f04f5b9d700 1 --2- 172.21.15.3:0/228283927 >> [v2:172.21.15.3:6800/4263843884,v1:172.21.15.3:6801/4263843884] conn(0x7f04dc0339e0 0x7f04dc035dd0 unknown :-1 s=CLOSED pgs=2 cs=0 l=1 rev1=1 rx=0 tx=0).stop
2023-11-15T05:54:35.978 INFO:teuthology.orchestra.run.smithi003.stderr:/usr/bin/ceph:
2023-11-15T05:54:35.970+0000 7f04f5b9d700 1 --2- 172.21.15.3:0/228283927 >> [v2:172.21.15.3:3300/0,v1:172.21.15.3:6789/0] conn(0x7f04f00fab80 0x7f04f010aa00 unknown :-1 s=CLOSED pgs=75 cs=0 l=1 rev1=1 rx=0 tx=0).stop
2023-11-15T05:54:35.978 INFO:teuthology.orchestra.run.smithi003.stderr:/usr/bin/ceph:
2023-11-15T05:54:35.970+0000 7f04f5b9d700 1 --2- 172.21.15.3:0/228283927 >> [v2:172.21.15.3:6800/2695659223,v1:172.21.15.3:6801/2695659223] conn(0x7f04dc02ff00 0x7f04dc0323c0 unknown :-1 s=CLOSED pgs=0 cs=0 l=1 rev1=0 rx=0 tx=0).stop
2023-11-15T05:54:35.978 INFO:teuthology.orchestra.run.smithi003.stderr:/usr/bin/ceph:
2023-11-15T05:54:35.970+0000 7f04f5b9d700 1 -- 172.21.15.3:0/228283927 >> 172.21.15.3:0/228283927 conn(0x7f04f00f63c0 msgr2=0x7f04f0070090 unknown :-1 s=STATE_NONE l=0).mark_down
2023-11-15T05:54:35.979 INFO:teuthology.orchestra.run.smithi003.stderr:/usr/bin/ceph:
2023-11-15T05:54:35.970+0000 7f04f5b9d700 1 -- 172.21.15.3:0/228283927 shutdown_connections
2023-11-15T05:54:35.979 INFO:teuthology.orchestra.run.smithi003.stderr:/usr/bin/ceph:
2023-11-15T05:54:35.970+0000 7f04f5b9d700 1 -- 172.21.15.3:0/228283927 wait complete.
2023-11-15T05:54:36.181 INFO:journalctl@ceph.mon.smithi003.smithi003.stdout:Nov 15 05:54:35 smithi003 ceph-412cc4c0-837b-11ee-8dbe-212e2dc638e7-mon.smithi003[112385]: cluster
2023-11-15T05:54:34.906709+0000 mon.smithi003 (mon.0) 89 : cluster [INF] Active manager daemon smithi003.cldzke restarted
2023-11-15T05:54:36.182 INFO:journalctl@ceph.mon.smithi003.smithi003.stdout:Nov 15 05:54:35 smithi003 ceph-412cc4c0-837b-11ee-8dbe-212e2dc638e7-mon.smithi003[112385]: cluster
2023-11-15T05:54:34.907159+0000 mon.smithi003 (mon.0) 90 : cluster [INF] Activating manager daemon smithi003.cldzke
2023-11-15T05:54:36.182 INFO:journalctl@ceph.mon.smithi003.smithi003.stdout:Nov 15 05:54:35 smithi003 ceph-412cc4c0-837b-11ee-8dbe-212e2dc638e7-mon.smithi003[112385]: cluster
2023-11-15T05:54:34.908933+0000 mon.smithi003 (mon.0) 91 : cluster [DBG] osdmap e4: 0 total, 0 up, 0 in
2023-11-15T05:54:36.182 INFO:journalctl@ceph.mon.smithi003.smithi003.stdout:Nov 15 05:54:35 smithi003 ceph-412cc4c0-837b-11ee-8dbe-212e2dc638e7-mon.smithi003[112385]: cluster
2023-11-15T05:54:34.960388+0000 mon.smithi003 (mon.0) 92 : cluster [DBG] mgrmap e14: smithi003.cldzke(active, starting, since 0.0533562s)
2023-11-15T05:54:36.183 INFO:journalctl@ceph.mon.smithi003.smithi003.stdout:Nov 15 05:54:35 smithi003 ceph-412cc4c0-837b-11ee-8dbe-212e2dc638e7-mon.smithi003[112385]: audit
2023-11-15T05:54:34.961492+0000 mon.smithi003 (mon.0) 93 : audit [DBG] from='mgr.14164 172.21.15.3:0/838558658' entity='mgr.smithi003.cldzke' cmd=[{"prefix": "mon metadata", "id": "smithi003"}]: dispatch
2023-11-15T05:54:36.183 INFO:journalctl@ceph.mon.smithi003.smithi003.stdout:Nov 15 05:54:35 smithi003 ceph-412cc4c0-837b-11ee-8dbe-212e2dc638e7-mon.smithi003[112385]: audit
2023-11-15T05:54:34.962163+0000 mon.smithi003 (mon.0) 94 : audit [DBG] from='mgr.14164 172.21.15.3:0/838558658' entity='mgr.smithi003.cldzke' cmd=[{"prefix": "mgr metadata", "who": "smithi003.cldzke", "id": "smithi003.cldzke"}]: dispatch
2023-11-15T05:54:36.183 INFO:journalctl@ceph.mon.smithi003.smithi003.stdout:Nov 15 05:54:35 smithi003 ceph-412cc4c0-837b-11ee-8dbe-212e2dc638e7-mon.smithi003[112385]: audit
2023-11-15T05:54:34.963252+0000 mon.smithi003 (mon.0) 95 : audit [DBG] from='mgr.14164 172.21.15.3:0/838558658' entity='mgr.smithi003.cldzke' cmd=[{"prefix": "mds metadata"}]: dispatch
2023-11-15T05:54:36.184 INFO:journalctl@ceph.mon.smithi003.smithi003.stdout:Nov 15 05:54:35 smithi003 ceph-412cc4c0-837b-11ee-8dbe-212e2dc638e7-mon.smithi003[112385]: audit
2023-11-15T05:54:34.963432+0000 mon.smithi003 (mon.0) 96 : audit [DBG] from='mgr.14164 172.21.15.3:0/838558658' entity='mgr.smithi003.cldzke' cmd=[{"prefix": "osd metadata"}]: dispatch
2023-11-15T05:54:36.184 INFO:journalctl@ceph.mon.smithi003.smithi003.stdout:Nov 15 05:54:35 smithi003 ceph-412cc4c0-837b-11ee-8dbe-212e2dc638e7-mon.smithi003[112385]: audit
2023-11-15T05:54:34.963593+0000 mon.smithi003 (mon.0) 97 : audit [DBG] from='mgr.14164 172.21.15.3:0/838558658' entity='mgr.smithi003.cldzke' cmd=[{"prefix": "mon metadata"}]: dispatch
2023-11-15T05:54:36.184 INFO:journalctl@ceph.mon.smithi003.smithi003.stdout:Nov 15 05:54:35 smithi003 ceph-412cc4c0-837b-11ee-8dbe-212e2dc638e7-mon.smithi003[112385]: cluster
2023-11-15T05:54:34.965969+0000 mon.smithi003 (mon.0) 98 : cluster [INF] Manager daemon smithi003.cldzke is now available
2023-11-15T05:54:36.185 INFO:journalctl@ceph.mon.smithi003.smithi003.stdout:Nov 15 05:54:35 smithi003 ceph-412cc4c0-837b-11ee-8dbe-212e2dc638e7-mon.smithi003[112385]: audit
2023-11-15T05:54:35.079236+0000 mon.smithi003 (mon.0) 99 : audit [DBG] from='mgr.14164 172.21.15.3:0/838558658' entity='mgr.smithi003.cldzke' cmd=[{"prefix": "config dump", "format": "json"}]: dispatch
2023-11-15T05:54:36.185 INFO:journalctl@ceph.mon.smithi003.smithi003.stdout:Nov 15 05:54:35 smithi003 ceph-412cc4c0-837b-11ee-8dbe-212e2dc638e7-mon.smithi003[112385]: audit
2023-11-15T05:54:35.081023+0000 mon.smithi003 (mon.0) 100 : audit [DBG] from='mgr.14164 172.21.15.3:0/838558658' entity='mgr.smithi003.cldzke' cmd=[{"prefix": "config dump", "format": "json"}]: dispatch
2023-11-15T05:54:36.186 INFO:journalctl@ceph.mon.smithi003.smithi003.stdout:Nov 15 05:54:35 smithi003 ceph-412cc4c0-837b-11ee-8dbe-212e2dc638e7-mon.smithi003[112385]: audit
2023-11-15T05:54:35.101463+0000 mon.smithi003 (mon.0) 101 : audit [INF] from='mgr.14164 172.21.15.3:0/838558658' entity='mgr.smithi003.cldzke' cmd=[{"prefix":"config rm","who":"mgr","name":"mgr/rbd_support/smithi003.cldzke/mirror_snapshot_schedule"}]: dispatch
2023-11-15T05:54:36.186 INFO:journalctl@ceph.mon.smithi003.smithi003.stdout:Nov 15 05:54:35 smithi003 ceph-412cc4c0-837b-11ee-8dbe-212e2dc638e7-mon.smithi003[112385]: audit
2023-11-15T05:54:35.111698+0000 mon.smithi003 (mon.0) 102 : audit [INF] from='mgr.14164 172.21.15.3:0/838558658' entity='mgr.smithi003.cldzke' cmd=[{"prefix":"config rm","who":"mgr","name":"mgr/rbd_support/smithi003.cldzke/trash_purge_schedule"}]: dispatch
2023-11-15T05:54:36.285 INFO:teuthology.orchestra.run.smithi003.stderr:mgr epoch 13 is available
2023-11-15T05:54:36.286 INFO:teuthology.orchestra.run.smithi003.stderr:Generating a dashboard self-signed certificate...
2023-11-15T05:54:36.286 INFO:teuthology.orchestra.run.smithi003.stderr:Running command: /bin/podman run --rm --ipc=host --no-hosts --net=host --entrypoint /usr/bin/ceph --init -e CONTAINER_IMAGE=docker.io/ceph/ceph:v16.2.4 -e NODE_NAME=smithi003 -e CEPH_USE_RANDOM_NONCE=1 -v /var/log/ceph/412cc4c0-837b-11ee-8dbe-212e2dc638e7:/var/log/ceph:z -v /tmp/ceph-tmp9wfmy4xk:/etc/ceph/ceph.client.admin.keyring:z -v /tmp/ceph-tmp3x8hjniz:/etc/ceph/ceph.conf:z docker.io/ceph/ceph:v16.2.4 dashboard create-self-signed-cert
2023-11-15T05:54:36.700 INFO:teuthology.orchestra.run.smithi003.stderr:/usr/bin/ceph:
2023-11-15T05:54:36.696+0000 7f1edaf41700 1 Processor -- start
2023-11-15T05:54:36.700 INFO:teuthology.orchestra.run.smithi003.stderr:/usr/bin/ceph:
2023-11-15T05:54:36.696+0000 7f1edaf41700 1 -- start start
2023-11-15T05:54:36.700 INFO:teuthology.orchestra.run.smithi003.stderr:/usr/bin/ceph:
2023-11-15T05:54:36.697+0000 7f1edaf41700 1 --2- >> [v2:172.21.15.3:3300/0,v1:172.21.15.3:6789/0] conn(0x7f1ed40703f0 0x7f1ed4100d20 unknown :-1 s=NONE pgs=0 cs=0 l=0 rev1=0 rx=0 tx=0).connect
2023-11-15T05:54:36.700 INFO:teuthology.orchestra.run.smithi003.stderr:/usr/bin/ceph:
2023-11-15T05:54:36.697+0000 7f1edaf41700 1 -- --> [v2:172.21.15.3:3300/0,v1:172.21.15.3:6789/0] -- mon_getmap magic: 0 v1 -- 0x7f1ed40fc710 con 0x7f1ed40703f0
2023-11-15T05:54:36.701 INFO:teuthology.orchestra.run.smithi003.stderr:/usr/bin/ceph:
2023-11-15T05:54:36.697+0000 7f1ed8cdd700 1 --2- >> [v2:172.21.15.3:3300/0,v1:172.21.15.3:6789/0] conn(0x7f1ed40703f0 0x7f1ed4100d20 unknown :-1 s=BANNER_CONNECTING pgs=0 cs=0 l=0 rev1=0 rx=0 tx=0)._handle_peer_banner_payload supported=1 required=0
2023-11-15T05:54:36.702 INFO:teuthology.orchestra.run.smithi003.stderr:/usr/bin/ceph:
2023-11-15T05:54:36.697+0000 7f1ed8cdd700 1 --2- >> [v2:172.21.15.3:3300/0,v1:172.21.15.3:6789/0] conn(0x7f1ed40703f0 0x7f1ed4100d20 unknown :-1 s=HELLO_CONNECTING pgs=0 cs=0 l=0 rev1=1 rx=0 tx=0).handle_hello peer v2:172.21.15.3:3300/0 says I am v2:172.21.15.3:38310/0 (socket says 172.21.15.3:38310)
2023-11-15T05:54:36.702 INFO:teuthology.orchestra.run.smithi003.stderr:/usr/bin/ceph:
2023-11-15T05:54:36.697+0000 7f1ed8cdd700 1 -- 172.21.15.3:0/3347939720 learned_addr learned my addr 172.21.15.3:0/3347939720 (peer_addr_for_me v2:172.21.15.3:0/0)
2023-11-15T05:54:36.702 INFO:teuthology.orchestra.run.smithi003.stderr:/usr/bin/ceph:
2023-11-15T05:54:36.697+0000 7f1ed8cdd700 1 -- 172.21.15.3:0/3347939720 --> [v2:172.21.15.3:3300/0,v1:172.21.15.3:6789/0] -- mon_subscribe({config=0+,monmap=0+}) v3 -- 0x7f1ed4101210 con 0x7f1ed40703f0
2023-11-15T05:54:36.703 INFO:teuthology.orchestra.run.smithi003.stderr:/usr/bin/ceph:
2023-11-15T05:54:36.697+0000 7f1ed8cdd700 1 --2- 172.21.15.3:0/3347939720 >> [v2:172.21.15.3:3300/0,v1:172.21.15.3:6789/0] conn(0x7f1ed40703f0 0x7f1ed4100d20 secure :-1 s=READY pgs=81 cs=0 l=1 rev1=1 rx=0x7f1ed000b5f0 tx=0x7f1ed0006ee0).ready entity=mon.0 client_cookie=f2b4cc0dacb1af7e server_cookie=0 in_seq=0 out_seq=0
2023-11-15T05:54:36.703 INFO:teuthology.orchestra.run.smithi003.stderr:/usr/bin/ceph:
2023-11-15T05:54:36.698+0000 7f1ecb7fe700 1 -- 172.21.15.3:0/3347939720 <== mon.0 v2:172.21.15.3:3300/0 1 ==== mon_map magic: 0 v1 ==== 229+0+0 (secure 0 0 0) 0x7f1ed000d600 con 0x7f1ed40703f0
2023-11-15T05:54:36.703 INFO:teuthology.orchestra.run.smithi003.stderr:/usr/bin/ceph:
2023-11-15T05:54:36.698+0000 7f1ecb7fe700 1 -- 172.21.15.3:0/3347939720 <== mon.0 v2:172.21.15.3:3300/0 2 ==== config(25 keys) v1 ==== 1010+0+0 (secure 0 0 0) 0x7f1ed000dbd0 con 0x7f1ed40703f0
2023-11-15T05:54:36.703 INFO:teuthology.orchestra.run.smithi003.stderr:/usr/bin/ceph:
2023-11-15T05:54:36.698+0000 7f1ecb7fe700 1 -- 172.21.15.3:0/3347939720 <== mon.0 v2:172.21.15.3:3300/0 3 ==== mon_map magic: 0 v1 ==== 229+0+0 (secure 0 0 0) 0x7f1ed0011c00 con 0x7f1ed40703f0
2023-11-15T05:54:36.703 INFO:teuthology.orchestra.run.smithi003.stderr:/usr/bin/ceph:
2023-11-15T05:54:36.698+0000 7f1edaf41700 1 -- 172.21.15.3:0/3347939720 >> [v2:172.21.15.3:3300/0,v1:172.21.15.3:6789/0] conn(0x7f1ed40703f0 msgr2=0x7f1ed4100d20 secure :-1 s=STATE_CONNECTION_ESTABLISHED l=1).mark_down
2023-11-15T05:54:36.704 INFO:teuthology.orchestra.run.smithi003.stderr:/usr/bin/ceph:
2023-11-15T05:54:36.698+0000 7f1edaf41700 1 --2- 172.21.15.3:0/3347939720 >> [v2:172.21.15.3:3300/0,v1:172.21.15.3:6789/0] conn(0x7f1ed40703f0 0x7f1ed4100d20 secure :-1 s=READY pgs=81 cs=0 l=1 rev1=1 rx=0x7f1ed000b5f0 tx=0x7f1ed0006ee0).stop
2023-11-15T05:54:36.704 INFO:teuthology.orchestra.run.smithi003.stderr:/usr/bin/ceph:
2023-11-15T05:54:36.699+0000 7f1edaf41700 1 -- 172.21.15.3:0/3347939720 shutdown_connections
2023-11-15T05:54:36.704 INFO:teuthology.orchestra.run.smithi003.stderr:/usr/bin/ceph:
2023-11-15T05:54:36.699+0000 7f1edaf41700 1 --2- 172.21.15.3:0/3347939720 >> [v2:172.21.15.3:3300/0,v1:172.21.15.3:6789/0] conn(0x7f1ed40703f0 0x7f1ed4100d20 unknown :-1 s=CLOSED pgs=81 cs=0 l=1 rev1=1 rx=0 tx=0).stop
2023-11-15T05:54:36.704 INFO:teuthology.orchestra.run.smithi003.stderr:/usr/bin/ceph:
2023-11-15T05:54:36.699+0000 7f1edaf41700 1 -- 172.21.15.3:0/3347939720 >> 172.21.15.3:0/3347939720 conn(0x7f1ed40f63c0 msgr2=0x7f1ed40f87e0 unknown :-1 s=STATE_NONE l=0).mark_down
2023-11-15T05:54:36.704 INFO:teuthology.orchestra.run.smithi003.stderr:/usr/bin/ceph:
2023-11-15T05:54:36.699+0000 7f1edaf41700 1 -- 172.21.15.3:0/3347939720 shutdown_connections
2023-11-15T05:54:36.705 INFO:teuthology.orchestra.run.smithi003.stderr:/usr/bin/ceph:
2023-11-15T05:54:36.699+0000 7f1edaf41700 1 -- 172.21.15.3:0/3347939720 wait complete.
2023-11-15T05:54:36.705 INFO:teuthology.orchestra.run.smithi003.stderr:/usr/bin/ceph:
2023-11-15T05:54:36.699+0000 7f1edaf41700 1 Processor -- start
2023-11-15T05:54:36.705 INFO:teuthology.orchestra.run.smithi003.stderr:/usr/bin/ceph:
2023-11-15T05:54:36.699+0000 7f1edaf41700 1 -- start start
2023-11-15T05:54:36.705 INFO:teuthology.orchestra.run.smithi003.stderr:/usr/bin/ceph:
2023-11-15T05:54:36.700+0000 7f1edaf41700 1 --2- >> [v2:172.21.15.3:3300/0,v1:172.21.15.3:6789/0] conn(0x7f1ed40703f0 0x7f1ed410ccf0 unknown :-1 s=NONE pgs=0 cs=0 l=1 rev1=0 rx=0 tx=0).connect
2023-11-15T05:54:36.705 INFO:teuthology.orchestra.run.smithi003.stderr:/usr/bin/ceph:
2023-11-15T05:54:36.700+0000 7f1edaf41700 1 -- --> [v2:172.21.15.3:3300/0,v1:172.21.15.3:6789/0] -- mon_getmap magic: 0 v1 -- 0x7f1ed410d1e0 con 0x7f1ed40703f0
2023-11-15T05:54:36.706 INFO:teuthology.orchestra.run.smithi003.stderr:/usr/bin/ceph:
2023-11-15T05:54:36.700+0000 7f1ed8cdd700 1 --2- >> [v2:172.21.15.3:3300/0,v1:172.21.15.3:6789/0] conn(0x7f1ed40703f0 0x7f1ed410ccf0 unknown :-1 s=BANNER_CONNECTING pgs=0 cs=0 l=1 rev1=0 rx=0 tx=0)._handle_peer_banner_payload supported=1 required=0
2023-11-15T05:54:36.707 INFO:teuthology.orchestra.run.smithi003.stderr:/usr/bin/ceph:
2023-11-15T05:54:36.700+0000 7f1ed8cdd700 1 --2- >> [v2:172.21.15.3:3300/0,v1:172.21.15.3:6789/0] conn(0x7f1ed40703f0 0x7f1ed410ccf0 unknown :-1 s=HELLO_CONNECTING pgs=0 cs=0 l=1 rev1=1 rx=0 tx=0).handle_hello peer v2:172.21.15.3:3300/0 says I am v2:172.21.15.3:38320/0 (socket says 172.21.15.3:38320)
2023-11-15T05:54:36.708 INFO:teuthology.orchestra.run.smithi003.stderr:/usr/bin/ceph:
2023-11-15T05:54:36.700+0000 7f1ed8cdd700 1 -- 172.21.15.3:0/3860591582 learned_addr learned my addr 172.21.15.3:0/3860591582 (peer_addr_for_me v2:172.21.15.3:0/0)
2023-11-15T05:54:36.708 INFO:teuthology.orchestra.run.smithi003.stderr:/usr/bin/ceph:
2023-11-15T05:54:36.700+0000 7f1ed8cdd700 1 -- 172.21.15.3:0/3860591582 --> [v2:172.21.15.3:3300/0,v1:172.21.15.3:6789/0] -- mon_subscribe({config=0+,monmap=0+}) v3 -- 0x7f1ed000b200 con 0x7f1ed40703f0
2023-11-15T05:54:36.708 INFO:teuthology.orchestra.run.smithi003.stderr:/usr/bin/ceph:
2023-11-15T05:54:36.700+0000 7f1ed8cdd700 1 --2- 172.21.15.3:0/3860591582 >> [v2:172.21.15.3:3300/0,v1:172.21.15.3:6789/0] conn(0x7f1ed40703f0 0x7f1ed410ccf0 secure :-1 s=READY pgs=82 cs=0 l=1 rev1=1 rx=0x7f1ed000e040 tx=0x7f1ed0006ee0).ready entity=mon.0 client_cookie=0 server_cookie=0 in_seq=0 out_seq=0
2023-11-15T05:54:36.708 INFO:teuthology.orchestra.run.smithi003.stderr:/usr/bin/ceph:
2023-11-15T05:54:36.700+0000 7f1ec97fa700 1 -- 172.21.15.3:0/3860591582 <== mon.0 v2:172.21.15.3:3300/0 1 ==== mon_map magic: 0 v1 ==== 229+0+0 (secure 0 0 0) 0x7f1ed000d9f0 con 0x7f1ed40703f0
2023-11-15T05:54:36.708 INFO:teuthology.orchestra.run.smithi003.stderr:/usr/bin/ceph:
2023-11-15T05:54:36.701+0000 7f1ec97fa700 1 -- 172.21.15.3:0/3860591582 <== mon.0 v2:172.21.15.3:3300/0 2 ==== config(25 keys) v1 ==== 1010+0+0 (secure 0 0 0) 0x7f1ed001a9f0 con 0x7f1ed40703f0
2023-11-15T05:54:36.709 INFO:teuthology.orchestra.run.smithi003.stderr:/usr/bin/ceph:
2023-11-15T05:54:36.701+0000 7f1edaf41700 1 -- 172.21.15.3:0/3860591582 --> [v2:172.21.15.3:3300/0,v1:172.21.15.3:6789/0] -- mon_subscribe({mgrmap=0+}) v3 -- 0x7f1ed410d3e0 con 0x7f1ed40703f0
2023-11-15T05:54:36.709 INFO:teuthology.orchestra.run.smithi003.stderr:/usr/bin/ceph:
2023-11-15T05:54:36.701+0000 7f1ec97fa700 1 -- 172.21.15.3:0/3860591582 <== mon.0 v2:172.21.15.3:3300/0 3 ==== mon_map magic: 0 v1 ==== 229+0+0 (secure 0 0 0) 0x7f1ed001b8c0 con 0x7f1ed40703f0
2023-11-15T05:54:36.709 INFO:teuthology.orchestra.run.smithi003.stderr:/usr/bin/ceph:
2023-11-15T05:54:36.701+0000 7f1edaf41700 1 -- 172.21.15.3:0/3860591582 --> [v2:172.21.15.3:3300/0,v1:172.21.15.3:6789/0] -- mon_subscribe({osdmap=0}) v3 -- 0x7f1ed410d7f0 con 0x7f1ed40703f0
2023-11-15T05:54:36.709 INFO:teuthology.orchestra.run.smithi003.stderr:/usr/bin/ceph:
2023-11-15T05:54:36.701+0000 7f1ec97fa700 1 -- 172.21.15.3:0/3860591582 <== mon.0 v2:172.21.15.3:3300/0 4 ==== mgrmap(e 15) v1 ==== 36067+0+0 (secure 0 0 0) 0x7f1ed000f070 con 0x7f1ed40703f0
2023-11-15T05:54:36.709 INFO:teuthology.orchestra.run.smithi003.stderr:/usr/bin/ceph:
2023-11-15T05:54:36.702+0000 7f1ec97fa700 1 --2- 172.21.15.3:0/3860591582 >> [v2:172.21.15.3:6800/4263843884,v1:172.21.15.3:6801/4263843884] conn(0x7f1ec002fdc0 0x7f1ec0032280 unknown :-1 s=NONE pgs=0 cs=0 l=1 rev1=0 rx=0 tx=0).connect
2023-11-15T05:54:36.709 INFO:teuthology.orchestra.run.smithi003.stderr:/usr/bin/ceph:
2023-11-15T05:54:36.702+0000 7f1ec97fa700 1 -- 172.21.15.3:0/3860591582 <== mon.0 v2:172.21.15.3:3300/0 5 ==== osd_map(4..4 src has 1..4) v4 ==== 1270+0+0 (secure 0 0 0) 0x7f1ed00413e0 con 0x7f1ed40703f0
2023-11-15T05:54:36.710 INFO:teuthology.orchestra.run.smithi003.stderr:/usr/bin/ceph:
2023-11-15T05:54:36.702+0000 7f1ecbfff700 1 --2- 172.21.15.3:0/3860591582 >> [v2:172.21.15.3:6800/4263843884,v1:172.21.15.3:6801/4263843884] conn(0x7f1ec002fdc0 0x7f1ec0032280 unknown :-1 s=BANNER_CONNECTING pgs=0 cs=0 l=1 rev1=0 rx=0 tx=0)._handle_peer_banner_payload supported=1 required=0
2023-11-15T05:54:36.710 INFO:teuthology.orchestra.run.smithi003.stderr:/usr/bin/ceph:
2023-11-15T05:54:36.702+0000 7f1edaf41700 1 -- 172.21.15.3:0/3860591582 --> [v2:172.21.15.3:3300/0,v1:172.21.15.3:6789/0] -- mon_command({"prefix": "get_command_descriptions"} v 0) v1 -- 0x7f1ed4101dd0 con 0x7f1ed40703f0
2023-11-15T05:54:36.710 INFO:teuthology.orchestra.run.smithi003.stderr:/usr/bin/ceph:
2023-11-15T05:54:36.702+0000 7f1ecbfff700 1 --2- 172.21.15.3:0/3860591582 >> [v2:172.21.15.3:6800/4263843884,v1:172.21.15.3:6801/4263843884] conn(0x7f1ec002fdc0 0x7f1ec0032280 secure :-1 s=READY pgs=6 cs=0 l=1 rev1=1 rx=0x7f1ec40096a0 tx=0x7f1ec4006b40).ready entity=mgr.14164 client_cookie=0 server_cookie=0 in_seq=0 out_seq=0
2023-11-15T05:54:36.711 INFO:teuthology.orchestra.run.smithi003.stderr:/usr/bin/ceph:
2023-11-15T05:54:36.707+0000 7f1ec97fa700 1 -- 172.21.15.3:0/3860591582 <== mon.0 v2:172.21.15.3:3300/0 6 ==== mon_command_ack([{"prefix": "get_command_descriptions"}]=0 v0) v1 ==== 72+0+152212 (secure 0 0 0) 0x7f1ed0016070 con 0x7f1ed40703f0
2023-11-15T05:54:36.880 INFO:teuthology.orchestra.run.smithi003.stderr:/usr/bin/ceph:
2023-11-15T05:54:36.878+0000 7f1edaf41700 1 -- 172.21.15.3:0/3860591582 --> [v2:172.21.15.3:6800/4263843884,v1:172.21.15.3:6801/4263843884] -- mgr_command(tid 0: {"prefix": "dashboard create-self-signed-cert", "target": ["mon-mgr", ""]}) v1 -- 0x7f1ed4101f90 con 0x7f1ec002fdc0
2023-11-15T05:54:36.966 INFO:teuthology.orchestra.run.smithi003.stderr:/usr/bin/ceph:
2023-11-15T05:54:36.963+0000 7f1ec97fa700 1 -- 172.21.15.3:0/3860591582 <== mon.0 v2:172.21.15.3:3300/0 7 ==== mgrmap(e 16) v1 ==== 36208+0+0 (secure 0 0 0) 0x7f1ed00257e0 con 0x7f1ed40703f0
2023-11-15T05:54:37.190 INFO:teuthology.orchestra.run.smithi003.stderr:/usr/bin/ceph:
2023-11-15T05:54:37.188+0000 7f1ec97fa700 1 -- 172.21.15.3:0/3860591582 <== mgr.14164 v2:172.21.15.3:6800/4263843884 1 ==== mgr_command_reply(tid 0: 0 ) v1 ==== 8+0+32 (secure 0 0 0) 0x7f1ed4101f90 con 0x7f1ec002fdc0
2023-11-15T05:54:37.190 INFO:teuthology.orchestra.run.smithi003.stderr:/usr/bin/ceph: Self-signed certificate created
2023-11-15T05:54:37.191 INFO:teuthology.orchestra.run.smithi003.stderr:/usr/bin/ceph:
2023-11-15T05:54:37.189+0000 7f1edaf41700 1 -- 172.21.15.3:0/3860591582 >> [v2:172.21.15.3:6800/4263843884,v1:172.21.15.3:6801/4263843884] conn(0x7f1ec002fdc0 msgr2=0x7f1ec0032280 secure :-1 s=STATE_CONNECTION_ESTABLISHED l=1).mark_down
2023-11-15T05:54:37.193 INFO:teuthology.orchestra.run.smithi003.stderr:/usr/bin/ceph:
2023-11-15T05:54:37.189+0000 7f1edaf41700 1 --2- 172.21.15.3:0/3860591582 >> [v2:172.21.15.3:6800/4263843884,v1:172.21.15.3:6801/4263843884] conn(0x7f1ec002fdc0 0x7f1ec0032280 secure :-1 s=READY pgs=6 cs=0 l=1 rev1=1 rx=0x7f1ec40096a0 tx=0x7f1ec4006b40).stop
2023-11-15T05:54:37.193 INFO:teuthology.orchestra.run.smithi003.stderr:/usr/bin/ceph:
2023-11-15T05:54:37.189+0000 7f1edaf41700 1 -- 172.21.15.3:0/3860591582 >> [v2:172.21.15.3:3300/0,v1:172.21.15.3:6789/0] conn(0x7f1ed40703f0 msgr2=0x7f1ed410ccf0 secure :-1 s=STATE_CONNECTION_ESTABLISHED l=1).mark_down
2023-11-15T05:54:37.193 INFO:teuthology.orchestra.run.smithi003.stderr:/usr/bin/ceph:
2023-11-15T05:54:37.189+0000 7f1edaf41700 1 --2- 172.21.15.3:0/3860591582 >> [v2:172.21.15.3:3300/0,v1:172.21.15.3:6789/0] conn(0x7f1ed40703f0 0x7f1ed410ccf0 secure :-1 s=READY pgs=82 cs=0 l=1 rev1=1 rx=0x7f1ed000e040 tx=0x7f1ed0006ee0).stop
2023-11-15T05:54:37.193 INFO:teuthology.orchestra.run.smithi003.stderr:/usr/bin/ceph:
2023-11-15T05:54:37.190+0000 7f1edaf41700 1 -- 172.21.15.3:0/3860591582 shutdown_connections
2023-11-15T05:54:37.193 INFO:teuthology.orchestra.run.smithi003.stderr:/usr/bin/ceph:
2023-11-15T05:54:37.190+0000 7f1edaf41700 1 --2- 172.21.15.3:0/3860591582 >> [v2:172.21.15.3:6800/4263843884,v1:172.21.15.3:6801/4263843884] conn(0x7f1ec002fdc0 0x7f1ec0032280 unknown :-1 s=CLOSED pgs=6 cs=0 l=1 rev1=1 rx=0 tx=0).stop
2023-11-15T05:54:37.194 INFO:teuthology.orchestra.run.smithi003.stderr:/usr/bin/ceph:
2023-11-15T05:54:37.190+0000 7f1edaf41700 1 --2- 172.21.15.3:0/3860591582 >> [v2:172.21.15.3:3300/0,v1:172.21.15.3:6789/0] conn(0x7f1ed40703f0 0x7f1ed410ccf0 unknown :-1 s=CLOSED pgs=82 cs=0 l=1 rev1=1 rx=0 tx=0).stop
2023-11-15T05:54:37.194 INFO:teuthology.orchestra.run.smithi003.stderr:/usr/bin/ceph:
2023-11-15T05:54:37.190+0000 7f1edaf41700 1 -- 172.21.15.3:0/3860591582 >> 172.21.15.3:0/3860591582 conn(0x7f1ed40f63c0 msgr2=0x7f1ed40f7ef0 unknown :-1 s=STATE_NONE l=0).mark_down
2023-11-15T05:54:37.194 INFO:teuthology.orchestra.run.smithi003.stderr:/usr/bin/ceph:
2023-11-15T05:54:37.190+0000 7f1edaf41700 1 -- 172.21.15.3:0/3860591582 shutdown_connections
2023-11-15T05:54:37.195 INFO:teuthology.orchestra.run.smithi003.stderr:/usr/bin/ceph:
2023-11-15T05:54:37.190+0000 7f1edaf41700 1 -- 172.21.15.3:0/3860591582 wait complete.
2023-11-15T05:54:37.218 INFO:journalctl@ceph.mon.smithi003.smithi003.stdout:Nov 15 05:54:36 smithi003 ceph-412cc4c0-837b-11ee-8dbe-212e2dc638e7-mon.smithi003[112385]: audit
