2023-11-15T05:53:56.064+0000 7f07efe33700 1 -- 172.21.15.3:0/2225101259 --> [v2:172.21.15.3:3300/0,v1:172.21.15.3:6789/0] -- mon_subscribe({osdmap=0}) v3 -- 0x7f07e80fad90 con 0x7f07e8070430
2023-11-15T05:53:56.079 INFO:teuthology.orchestra.run.smithi003.stderr:/usr/bin/ceph:
2023-11-15T05:53:56.064+0000 7f07d67fc700 1 -- 172.21.15.3:0/2225101259 <== mon.0 v2:172.21.15.3:3300/0 3 ==== mon_map magic: 0 v1 ==== 229+0+0 (secure 0 0 0) 0x7f07e401b8c0 con 0x7f07e8070430
2023-11-15T05:53:56.079 INFO:teuthology.orchestra.run.smithi003.stderr:/usr/bin/ceph:
2023-11-15T05:53:56.065+0000 7f07d67fc700 1 -- 172.21.15.3:0/2225101259 <== mon.0 v2:172.21.15.3:3300/0 4 ==== mgrmap(e 5) v1 ==== 36120+0+0 (secure 0 0 0) 0x7f07e400f070 con 0x7f07e8070430
2023-11-15T05:53:56.079 INFO:teuthology.orchestra.run.smithi003.stderr:/usr/bin/ceph:
2023-11-15T05:53:56.065+0000 7f07d67fc700 1 --2- 172.21.15.3:0/2225101259 >> [v2:172.21.15.3:6800/3717219179,v1:172.21.15.3:6801/3717219179] conn(0x7f07d002fd50 0x7f07d0032210 unknown :-1 s=NONE pgs=0 cs=0 l=1 rev1=0 rx=0 tx=0).connect
2023-11-15T05:53:56.080 INFO:teuthology.orchestra.run.smithi003.stderr:/usr/bin/ceph:
2023-11-15T05:53:56.065+0000 7f07d67fc700 1 -- 172.21.15.3:0/2225101259 --> [v2:172.21.15.3:6800/3717219179,v1:172.21.15.3:6801/3717219179] -- command(tid 0: {"prefix": "get_command_descriptions"}) v1 -- 0x7f07d00328d0 con 0x7f07d002fd50
2023-11-15T05:53:56.080 INFO:teuthology.orchestra.run.smithi003.stderr:/usr/bin/ceph:
2023-11-15T05:53:56.066+0000 7f07d67fc700 1 -- 172.21.15.3:0/2225101259 <== mon.0 v2:172.21.15.3:3300/0 5 ==== osd_map(1..1 src has 1..1) v4 ==== 754+0+0 (secure 0 0 0) 0x7f07e4042040 con 0x7f07e8070430
2023-11-15T05:53:56.080 INFO:teuthology.orchestra.run.smithi003.stderr:/usr/bin/ceph:
2023-11-15T05:53:56.066+0000 7f07ed3ce700 1 -- 172.21.15.3:0/2225101259 >> [v2:172.21.15.3:6800/3717219179,v1:172.21.15.3:6801/3717219179] conn(0x7f07d002fd50 msgr2=0x7f07d0032210 unknown :-1 s=STATE_CONNECTING_RE l=1).process reconnect failed to v2:172.21.15.3:6800/3717219179
2023-11-15T05:53:56.080 INFO:teuthology.orchestra.run.smithi003.stderr:/usr/bin/ceph:
2023-11-15T05:53:56.066+0000 7f07ed3ce700 1 --2- 172.21.15.3:0/2225101259 >> [v2:172.21.15.3:6800/3717219179,v1:172.21.15.3:6801/3717219179] conn(0x7f07d002fd50 0x7f07d0032210 unknown :-1 s=START_CONNECT pgs=0 cs=0 l=1 rev1=0 rx=0 tx=0)._fault waiting 0.200000
2023-11-15T05:53:56.268 INFO:teuthology.orchestra.run.smithi003.stderr:/usr/bin/ceph:
2023-11-15T05:53:56.267+0000 7f07ed3ce700 1 -- 172.21.15.3:0/2225101259 >> [v2:172.21.15.3:6800/3717219179,v1:172.21.15.3:6801/3717219179] conn(0x7f07d002fd50 msgr2=0x7f07d0032210 unknown :-1 s=STATE_CONNECTING_RE l=1).process reconnect failed to v2:172.21.15.3:6800/3717219179
2023-11-15T05:53:56.269 INFO:teuthology.orchestra.run.smithi003.stderr:/usr/bin/ceph:
2023-11-15T05:53:56.267+0000 7f07ed3ce700 1 --2- 172.21.15.3:0/2225101259 >> [v2:172.21.15.3:6800/3717219179,v1:172.21.15.3:6801/3717219179] conn(0x7f07d002fd50 0x7f07d0032210 unknown :-1 s=START_CONNECT pgs=0 cs=0 l=1 rev1=0 rx=0 tx=0)._fault waiting 0.400000
2023-11-15T05:53:56.669 INFO:teuthology.orchestra.run.smithi003.stderr:/usr/bin/ceph:
2023-11-15T05:53:56.668+0000 7f07ed3ce700 1 -- 172.21.15.3:0/2225101259 >> [v2:172.21.15.3:6800/3717219179,v1:172.21.15.3:6801/3717219179] conn(0x7f07d002fd50 msgr2=0x7f07d0032210 unknown :-1 s=STATE_CONNECTING_RE l=1).process reconnect failed to v2:172.21.15.3:6800/3717219179
2023-11-15T05:53:56.669 INFO:teuthology.orchestra.run.smithi003.stderr:/usr/bin/ceph:
2023-11-15T05:53:56.668+0000 7f07ed3ce700 1 --2- 172.21.15.3:0/2225101259 >> [v2:172.21.15.3:6800/3717219179,v1:172.21.15.3:6801/3717219179] conn(0x7f07d002fd50 0x7f07d0032210 unknown :-1 s=START_CONNECT pgs=0 cs=0 l=1 rev1=0 rx=0 tx=0)._fault waiting 0.800000
2023-11-15T05:53:57.470 INFO:teuthology.orchestra.run.smithi003.stderr:/usr/bin/ceph:
2023-11-15T05:53:57.469+0000 7f07ed3ce700 1 -- 172.21.15.3:0/2225101259 >> [v2:172.21.15.3:6800/3717219179,v1:172.21.15.3:6801/3717219179] conn(0x7f07d002fd50 msgr2=0x7f07d0032210 unknown :-1 s=STATE_CONNECTING_RE l=1).process reconnect failed to v2:172.21.15.3:6800/3717219179
2023-11-15T05:53:57.470 INFO:teuthology.orchestra.run.smithi003.stderr:/usr/bin/ceph:
2023-11-15T05:53:57.469+0000 7f07ed3ce700 1 --2- 172.21.15.3:0/2225101259 >> [v2:172.21.15.3:6800/3717219179,v1:172.21.15.3:6801/3717219179] conn(0x7f07d002fd50 0x7f07d0032210 unknown :-1 s=START_CONNECT pgs=0 cs=0 l=1 rev1=0 rx=0 tx=0)._fault waiting 1.600000
2023-11-15T05:53:58.309 INFO:teuthology.orchestra.run.smithi003.stderr:/usr/bin/ceph:
2023-11-15T05:53:58.308+0000 7f07d67fc700 1 -- 172.21.15.3:0/2225101259 <== mon.0 v2:172.21.15.3:3300/0 6 ==== mgrmap(e 6) v1 ==== 35970+0+0 (secure 0 0 0) 0x7f07e401ba20 con 0x7f07e8070430
2023-11-15T05:53:58.309 INFO:teuthology.orchestra.run.smithi003.stderr:/usr/bin/ceph:
2023-11-15T05:53:58.308+0000 7f07d67fc700 1 -- 172.21.15.3:0/2225101259 >> [v2:172.21.15.3:6800/3717219179,v1:172.21.15.3:6801/3717219179] conn(0x7f07d002fd50 msgr2=0x7f07d0032210 unknown :-1 s=STATE_CONNECTING l=1).mark_down
2023-11-15T05:53:58.310 INFO:teuthology.orchestra.run.smithi003.stderr:/usr/bin/ceph:
2023-11-15T05:53:58.308+0000 7f07d67fc700 1 --2- 172.21.15.3:0/2225101259 >> [v2:172.21.15.3:6800/3717219179,v1:172.21.15.3:6801/3717219179] conn(0x7f07d002fd50 0x7f07d0032210 unknown :-1 s=START_CONNECT pgs=0 cs=0 l=1 rev1=0 rx=0 tx=0).stop
2023-11-15T05:53:58.681 INFO:journalctl@ceph.mon.smithi003.smithi003.stdout:Nov 15 05:53:58 smithi003 ceph-412cc4c0-837b-11ee-8dbe-212e2dc638e7-mon.smithi003[112385]: cluster
2023-11-15T05:53:58.256652+0000 mon.smithi003 (mon.0) 30 : cluster [INF] Active manager daemon smithi003.cldzke restarted
2023-11-15T05:53:58.681 INFO:journalctl@ceph.mon.smithi003.smithi003.stdout:Nov 15 05:53:58 smithi003 ceph-412cc4c0-837b-11ee-8dbe-212e2dc638e7-mon.smithi003[112385]: cluster
2023-11-15T05:53:58.257092+0000 mon.smithi003 (mon.0) 31 : cluster [INF] Activating manager daemon smithi003.cldzke
2023-11-15T05:53:58.681 INFO:journalctl@ceph.mon.smithi003.smithi003.stdout:Nov 15 05:53:58 smithi003 ceph-412cc4c0-837b-11ee-8dbe-212e2dc638e7-mon.smithi003[112385]: cluster
2023-11-15T05:53:58.259552+0000 mon.smithi003 (mon.0) 32 : cluster [DBG] osdmap e2: 0 total, 0 up, 0 in
2023-11-15T05:53:59.316 INFO:teuthology.orchestra.run.smithi003.stderr:/usr/bin/ceph:
2023-11-15T05:53:59.315+0000 7f07d67fc700 1 -- 172.21.15.3:0/2225101259 <== mon.0 v2:172.21.15.3:3300/0 7 ==== mgrmap(e 7) v1 ==== 36040+0+0 (secure 0 0 0) 0x7f07e40224f0 con 0x7f07e8070430
2023-11-15T05:53:59.317 INFO:teuthology.orchestra.run.smithi003.stderr:/usr/bin/ceph:
2023-11-15T05:53:59.315+0000 7f07d67fc700 1 --2- 172.21.15.3:0/2225101259 >> [v2:172.21.15.3:6800/3770794718,v1:172.21.15.3:6801/3770794718] conn(0x7f07d0033870 0x7f07d0035c60 unknown :-1 s=NONE pgs=0 cs=0 l=1 rev1=0 rx=0 tx=0).connect
2023-11-15T05:53:59.318 INFO:teuthology.orchestra.run.smithi003.stderr:/usr/bin/ceph:
2023-11-15T05:53:59.315+0000 7f07d67fc700 1 -- 172.21.15.3:0/2225101259 --> [v2:172.21.15.3:6800/3770794718,v1:172.21.15.3:6801/3770794718] -- command(tid 0: {"prefix": "get_command_descriptions"}) v1 -- 0x7f07d00328d0 con 0x7f07d0033870
2023-11-15T05:53:59.318 INFO:teuthology.orchestra.run.smithi003.stderr:/usr/bin/ceph:
2023-11-15T05:53:59.316+0000 7f07ed3ce700 1 --2- 172.21.15.3:0/2225101259 >> [v2:172.21.15.3:6800/3770794718,v1:172.21.15.3:6801/3770794718] conn(0x7f07d0033870 0x7f07d0035c60 unknown :-1 s=BANNER_CONNECTING pgs=0 cs=0 l=1 rev1=0 rx=0 tx=0)._handle_peer_banner_payload supported=1 required=0
2023-11-15T05:53:59.319 INFO:teuthology.orchestra.run.smithi003.stderr:/usr/bin/ceph:
2023-11-15T05:53:59.317+0000 7f07ed3ce700 1 --2- 172.21.15.3:0/2225101259 >> [v2:172.21.15.3:6800/3770794718,v1:172.21.15.3:6801/3770794718] conn(0x7f07d0033870 0x7f07d0035c60 secure :-1 s=READY pgs=2 cs=0 l=1 rev1=1 rx=0x7f07d80036d0 tx=0x7f07d8006ca0).ready entity=mgr.14116 client_cookie=0 server_cookie=0 in_seq=0 out_seq=0
2023-11-15T05:53:59.319 INFO:teuthology.orchestra.run.smithi003.stderr:/usr/bin/ceph:
2023-11-15T05:53:59.318+0000 7f07d67fc700 1 -- 172.21.15.3:0/2225101259 <== mgr.14116 v2:172.21.15.3:6800/3770794718 1 ==== command_reply(tid 0: 0 ) v1 ==== 8+0+6438 (secure 0 0 0) 0x7f07d00328d0 con 0x7f07d0033870
2023-11-15T05:53:59.325 INFO:teuthology.orchestra.run.smithi003.stderr:/usr/bin/ceph:
2023-11-15T05:53:59.324+0000 7f07efe33700 1 -- 172.21.15.3:0/2225101259 --> [v2:172.21.15.3:6800/3770794718,v1:172.21.15.3:6801/3770794718] -- command(tid 1: {"prefix": "mgr_status"}) v1 -- 0x7f07e8059100 con 0x7f07d0033870
2023-11-15T05:53:59.326 INFO:teuthology.orchestra.run.smithi003.stderr:/usr/bin/ceph:
2023-11-15T05:53:59.325+0000 7f07d67fc700 1 -- 172.21.15.3:0/2225101259 <== mgr.14116 v2:172.21.15.3:6800/3770794718 2 ==== command_reply(tid 1: 0 ) v1 ==== 8+0+51 (secure 0 0 0) 0x7f07e8059100 con 0x7f07d0033870
2023-11-15T05:53:59.327 INFO:teuthology.orchestra.run.smithi003.stderr:/usr/bin/ceph: {
2023-11-15T05:53:59.328 INFO:teuthology.orchestra.run.smithi003.stderr:/usr/bin/ceph: "mgrmap_epoch": 7,
2023-11-15T05:53:59.328 INFO:teuthology.orchestra.run.smithi003.stderr:/usr/bin/ceph: "initialized": true
2023-11-15T05:53:59.328 INFO:teuthology.orchestra.run.smithi003.stderr:/usr/bin/ceph: }
2023-11-15T05:53:59.329 INFO:teuthology.orchestra.run.smithi003.stderr:/usr/bin/ceph:
2023-11-15T05:53:59.325+0000 7f07efe33700 1 -- 172.21.15.3:0/2225101259 >> [v2:172.21.15.3:6800/3770794718,v1:172.21.15.3:6801/3770794718] conn(0x7f07d0033870 msgr2=0x7f07d0035c60 secure :-1 s=STATE_CONNECTION_ESTABLISHED l=1).mark_down
2023-11-15T05:53:59.329 INFO:teuthology.orchestra.run.smithi003.stderr:/usr/bin/ceph:
2023-11-15T05:53:59.325+0000 7f07efe33700 1 --2- 172.21.15.3:0/2225101259 >> [v2:172.21.15.3:6800/3770794718,v1:172.21.15.3:6801/3770794718] conn(0x7f07d0033870 0x7f07d0035c60 secure :-1 s=READY pgs=2 cs=0 l=1 rev1=1 rx=0x7f07d80036d0 tx=0x7f07d8006ca0).stop
2023-11-15T05:53:59.330 INFO:teuthology.orchestra.run.smithi003.stderr:/usr/bin/ceph:
2023-11-15T05:53:59.325+0000 7f07efe33700 1 -- 172.21.15.3:0/2225101259 >> [v2:172.21.15.3:3300/0,v1:172.21.15.3:6789/0] conn(0x7f07e8070430 msgr2=0x7f07e80fc360 secure :-1 s=STATE_CONNECTION_ESTABLISHED l=1).mark_down
2023-11-15T05:53:59.331 INFO:teuthology.orchestra.run.smithi003.stderr:/usr/bin/ceph:
2023-11-15T05:53:59.325+0000 7f07efe33700 1 --2- 172.21.15.3:0/2225101259 >> [v2:172.21.15.3:3300/0,v1:172.21.15.3:6789/0] conn(0x7f07e8070430 0x7f07e80fc360 secure :-1 s=READY pgs=25 cs=0 l=1 rev1=1 rx=0x7f07e400e040 tx=0x7f07e4006ee0).stop
2023-11-15T05:53:59.331 INFO:teuthology.orchestra.run.smithi003.stderr:/usr/bin/ceph:
2023-11-15T05:53:59.325+0000 7f07efe33700 1 -- 172.21.15.3:0/2225101259 shutdown_connections
2023-11-15T05:53:59.331 INFO:teuthology.orchestra.run.smithi003.stderr:/usr/bin/ceph:
2023-11-15T05:53:59.325+0000 7f07efe33700 1 --2- 172.21.15.3:0/2225101259 >> [v2:172.21.15.3:6800/3770794718,v1:172.21.15.3:6801/3770794718] conn(0x7f07d0033870 0x7f07d0035c60 unknown :-1 s=CLOSED pgs=2 cs=0 l=1 rev1=1 rx=0 tx=0).stop
2023-11-15T05:53:59.332 INFO:teuthology.orchestra.run.smithi003.stderr:/usr/bin/ceph:
2023-11-15T05:53:59.325+0000 7f07efe33700 1 --2- 172.21.15.3:0/2225101259 >> [v2:172.21.15.3:3300/0,v1:172.21.15.3:6789/0] conn(0x7f07e8070430 0x7f07e80fc360 unknown :-1 s=CLOSED pgs=25 cs=0 l=1 rev1=1 rx=0 tx=0).stop
2023-11-15T05:53:59.332 INFO:teuthology.orchestra.run.smithi003.stderr:/usr/bin/ceph:
2023-11-15T05:53:59.325+0000 7f07efe33700 1 --2- 172.21.15.3:0/2225101259 >> [v2:172.21.15.3:6800/3717219179,v1:172.21.15.3:6801/3717219179] conn(0x7f07d002fd50 0x7f07d0032210 unknown :-1 s=CLOSED pgs=0 cs=0 l=1 rev1=0 rx=0 tx=0).stop
2023-11-15T05:53:59.333 INFO:teuthology.orchestra.run.smithi003.stderr:/usr/bin/ceph:
2023-11-15T05:53:59.325+0000 7f07efe33700 1 -- 172.21.15.3:0/2225101259 >> 172.21.15.3:0/2225101259 conn(0x7f07e80f63c0 msgr2=0x7f07e80f7f60 unknown :-1 s=STATE_NONE l=0).mark_down
2023-11-15T05:53:59.333 INFO:teuthology.orchestra.run.smithi003.stderr:/usr/bin/ceph:
2023-11-15T05:53:59.325+0000 7f07efe33700 1 -- 172.21.15.3:0/2225101259 shutdown_connections
2023-11-15T05:53:59.334 INFO:teuthology.orchestra.run.smithi003.stderr:/usr/bin/ceph:
2023-11-15T05:53:59.325+0000 7f07efe33700 1 -- 172.21.15.3:0/2225101259 wait complete.
2023-11-15T05:53:59.681 INFO:journalctl@ceph.mon.smithi003.smithi003.stdout:Nov 15 05:53:59 smithi003 ceph-412cc4c0-837b-11ee-8dbe-212e2dc638e7-mon.smithi003[112385]: cluster
2023-11-15T05:53:58.309723+0000 mon.smithi003 (mon.0) 33 : cluster [DBG] mgrmap e6: smithi003.cldzke(active, starting, since 0.0527124s)
2023-11-15T05:53:59.681 INFO:journalctl@ceph.mon.smithi003.smithi003.stdout:Nov 15 05:53:59 smithi003 ceph-412cc4c0-837b-11ee-8dbe-212e2dc638e7-mon.smithi003[112385]: audit
2023-11-15T05:53:58.312545+0000 mon.smithi003 (mon.0) 34 : audit [DBG] from='mgr.14116 172.21.15.3:0/3852119804' entity='mgr.smithi003.cldzke' cmd=[{"prefix": "mon metadata", "id": "smithi003"}]: dispatch
2023-11-15T05:53:59.681 INFO:journalctl@ceph.mon.smithi003.smithi003.stdout:Nov 15 05:53:59 smithi003 ceph-412cc4c0-837b-11ee-8dbe-212e2dc638e7-mon.smithi003[112385]: audit
2023-11-15T05:53:58.313494+0000 mon.smithi003 (mon.0) 35 : audit [DBG] from='mgr.14116 172.21.15.3:0/3852119804' entity='mgr.smithi003.cldzke' cmd=[{"prefix": "mgr metadata", "who": "smithi003.cldzke", "id": "smithi003.cldzke"}]: dispatch
2023-11-15T05:53:59.682 INFO:journalctl@ceph.mon.smithi003.smithi003.stdout:Nov 15 05:53:59 smithi003 ceph-412cc4c0-837b-11ee-8dbe-212e2dc638e7-mon.smithi003[112385]: audit
2023-11-15T05:53:58.314380+0000 mon.smithi003 (mon.0) 36 : audit [DBG] from='mgr.14116 172.21.15.3:0/3852119804' entity='mgr.smithi003.cldzke' cmd=[{"prefix": "mds metadata"}]: dispatch
2023-11-15T05:53:59.682 INFO:journalctl@ceph.mon.smithi003.smithi003.stdout:Nov 15 05:53:59 smithi003 ceph-412cc4c0-837b-11ee-8dbe-212e2dc638e7-mon.smithi003[112385]: audit
2023-11-15T05:53:58.314652+0000 mon.smithi003 (mon.0) 37 : audit [DBG] from='mgr.14116 172.21.15.3:0/3852119804' entity='mgr.smithi003.cldzke' cmd=[{"prefix": "osd metadata"}]: dispatch
2023-11-15T05:53:59.682 INFO:journalctl@ceph.mon.smithi003.smithi003.stdout:Nov 15 05:53:59 smithi003 ceph-412cc4c0-837b-11ee-8dbe-212e2dc638e7-mon.smithi003[112385]: audit
2023-11-15T05:53:58.314933+0000 mon.smithi003 (mon.0) 38 : audit [DBG] from='mgr.14116 172.21.15.3:0/3852119804' entity='mgr.smithi003.cldzke' cmd=[{"prefix": "mon metadata"}]: dispatch
2023-11-15T05:53:59.682 INFO:journalctl@ceph.mon.smithi003.smithi003.stdout:Nov 15 05:53:59 smithi003 ceph-412cc4c0-837b-11ee-8dbe-212e2dc638e7-mon.smithi003[112385]: cluster
2023-11-15T05:53:58.328492+0000 mon.smithi003 (mon.0) 39 : cluster [INF] Manager daemon smithi003.cldzke is now available
2023-11-15T05:53:59.682 INFO:journalctl@ceph.mon.smithi003.smithi003.stdout:Nov 15 05:53:59 smithi003 ceph-412cc4c0-837b-11ee-8dbe-212e2dc638e7-mon.smithi003[112385]: audit
2023-11-15T05:53:58.344209+0000 mon.smithi003 (mon.0) 40 : audit [INF] from='mgr.14116 172.21.15.3:0/3852119804' entity='mgr.smithi003.cldzke'
2023-11-15T05:53:59.683 INFO:journalctl@ceph.mon.smithi003.smithi003.stdout:Nov 15 05:53:59 smithi003 ceph-412cc4c0-837b-11ee-8dbe-212e2dc638e7-mon.smithi003[112385]: audit
2023-11-15T05:53:58.347226+0000 mon.smithi003 (mon.0) 41 : audit [INF] from='mgr.14116 172.21.15.3:0/3852119804' entity='mgr.smithi003.cldzke'
2023-11-15T05:53:59.683 INFO:journalctl@ceph.mon.smithi003.smithi003.stdout:Nov 15 05:53:59 smithi003 ceph-412cc4c0-837b-11ee-8dbe-212e2dc638e7-mon.smithi003[112385]: audit
2023-11-15T05:53:58.349986+0000 mon.smithi003 (mon.0) 42 : audit [INF] from='mgr.14116 172.21.15.3:0/3852119804' entity='mgr.smithi003.cldzke'
2023-11-15T05:53:59.683 INFO:journalctl@ceph.mon.smithi003.smithi003.stdout:Nov 15 05:53:59 smithi003 ceph-412cc4c0-837b-11ee-8dbe-212e2dc638e7-mon.smithi003[112385]: audit
2023-11-15T05:53:58.454066+0000 mon.smithi003 (mon.0) 43 : audit [INF] from='mgr.14116 172.21.15.3:0/3852119804' entity='mgr.smithi003.cldzke'
2023-11-15T05:53:59.683 INFO:journalctl@ceph.mon.smithi003.smithi003.stdout:Nov 15 05:53:59 smithi003 ceph-412cc4c0-837b-11ee-8dbe-212e2dc638e7-mon.smithi003[112385]: audit
2023-11-15T05:53:58.454820+0000 mon.smithi003 (mon.0) 44 : audit [DBG] from='mgr.14116 172.21.15.3:0/3852119804' entity='mgr.smithi003.cldzke' cmd=[{"prefix": "config dump", "format": "json"}]: dispatch
2023-11-15T05:53:59.683 INFO:journalctl@ceph.mon.smithi003.smithi003.stdout:Nov 15 05:53:59 smithi003 ceph-412cc4c0-837b-11ee-8dbe-212e2dc638e7-mon.smithi003[112385]: audit
2023-11-15T05:53:58.457551+0000 mon.smithi003 (mon.0) 45 : audit [DBG] from='mgr.14116 172.21.15.3:0/3852119804' entity='mgr.smithi003.cldzke' cmd=[{"prefix": "config dump", "format": "json"}]: dispatch
2023-11-15T05:53:59.683 INFO:journalctl@ceph.mon.smithi003.smithi003.stdout:Nov 15 05:53:59 smithi003 ceph-412cc4c0-837b-11ee-8dbe-212e2dc638e7-mon.smithi003[112385]: audit
2023-11-15T05:53:58.462386+0000 mon.smithi003 (mon.0) 46 : audit [DBG] from='mgr.14116 172.21.15.3:0/3852119804' entity='mgr.smithi003.cldzke' cmd=[{"prefix": "config dump", "format": "json"}]: dispatch
2023-11-15T05:53:59.684 INFO:journalctl@ceph.mon.smithi003.smithi003.stdout:Nov 15 05:53:59 smithi003 ceph-412cc4c0-837b-11ee-8dbe-212e2dc638e7-mon.smithi003[112385]: audit
2023-11-15T05:53:58.469694+0000 mon.smithi003 (mon.0) 47 : audit [INF] from='mgr.14116 172.21.15.3:0/3852119804' entity='mgr.smithi003.cldzke' cmd=[{"prefix":"config rm","who":"mgr","name":"mgr/rbd_support/smithi003.cldzke/mirror_snapshot_schedule"}]: dispatch
2023-11-15T05:53:59.684 INFO:journalctl@ceph.mon.smithi003.smithi003.stdout:Nov 15 05:53:59 smithi003 ceph-412cc4c0-837b-11ee-8dbe-212e2dc638e7-mon.smithi003[112385]: audit
2023-11-15T05:53:58.471064+0000 mon.smithi003 (mon.0) 48 : audit [INF] from='mgr.14116 172.21.15.3:0/3852119804' entity='mgr.smithi003.cldzke' cmd=[{"prefix":"config rm","who":"mgr","name":"mgr/rbd_support/smithi003.cldzke/trash_purge_schedule"}]: dispatch
2023-11-15T05:53:59.763 INFO:teuthology.orchestra.run.smithi003.stderr:mgr epoch 5 is available
2023-11-15T05:53:59.764 INFO:teuthology.orchestra.run.smithi003.stderr:Setting orchestrator backend to cephadm...
2023-11-15T05:53:59.764 INFO:teuthology.orchestra.run.smithi003.stderr:Running command: /bin/podman run --rm --ipc=host --no-hosts --net=host --entrypoint /usr/bin/ceph --init -e CONTAINER_IMAGE=docker.io/ceph/ceph:v16.2.4 -e NODE_NAME=smithi003 -e CEPH_USE_RANDOM_NONCE=1 -v /var/log/ceph/412cc4c0-837b-11ee-8dbe-212e2dc638e7:/var/log/ceph:z -v /tmp/ceph-tmp9wfmy4xk:/etc/ceph/ceph.client.admin.keyring:z -v /tmp/ceph-tmp3x8hjniz:/etc/ceph/ceph.conf:z docker.io/ceph/ceph:v16.2.4 orch set backend cephadm
2023-11-15T05:54:00.143 INFO:teuthology.orchestra.run.smithi003.stderr:/usr/bin/ceph:
2023-11-15T05:54:00.141+0000 7faf02199700 1 Processor -- start
2023-11-15T05:54:00.144 INFO:teuthology.orchestra.run.smithi003.stderr:/usr/bin/ceph:
2023-11-15T05:54:00.141+0000 7faf02199700 1 -- start start
2023-11-15T05:54:00.144 INFO:teuthology.orchestra.run.smithi003.stderr:/usr/bin/ceph:
2023-11-15T05:54:00.141+0000 7faf02199700 1 --2- >> [v2:172.21.15.3:3300/0,v1:172.21.15.3:6789/0] conn(0x7faefc0703d0 0x7faefc0fe790 unknown :-1 s=NONE pgs=0 cs=0 l=0 rev1=0 rx=0 tx=0).connect
2023-11-15T05:54:00.144 INFO:teuthology.orchestra.run.smithi003.stderr:/usr/bin/ceph:
2023-11-15T05:54:00.141+0000 7faf02199700 1 -- --> [v2:172.21.15.3:3300/0,v1:172.21.15.3:6789/0] -- mon_getmap magic: 0 v1 -- 0x7faefc0fec80 con 0x7faefc0703d0
2023-11-15T05:54:00.144 INFO:teuthology.orchestra.run.smithi003.stderr:/usr/bin/ceph:
2023-11-15T05:54:00.141+0000 7faf01197700 1 --2- >> [v2:172.21.15.3:3300/0,v1:172.21.15.3:6789/0] conn(0x7faefc0703d0 0x7faefc0fe790 unknown :-1 s=BANNER_CONNECTING pgs=0 cs=0 l=0 rev1=0 rx=0 tx=0)._handle_peer_banner_payload supported=1 required=0
2023-11-15T05:54:00.144 INFO:teuthology.orchestra.run.smithi003.stderr:/usr/bin/ceph:
2023-11-15T05:54:00.142+0000 7faf01197700 1 --2- >> [v2:172.21.15.3:3300/0,v1:172.21.15.3:6789/0] conn(0x7faefc0703d0 0x7faefc0fe790 unknown :-1 s=HELLO_CONNECTING pgs=0 cs=0 l=0 rev1=1 rx=0 tx=0).handle_hello peer v2:172.21.15.3:3300/0 says I am v2:172.21.15.3:38928/0 (socket says 172.21.15.3:38928)
2023-11-15T05:54:00.145 INFO:teuthology.orchestra.run.smithi003.stderr:/usr/bin/ceph:
2023-11-15T05:54:00.142+0000 7faf01197700 1 -- 172.21.15.3:0/4058345102 learned_addr learned my addr 172.21.15.3:0/4058345102 (peer_addr_for_me v2:172.21.15.3:0/0)
2023-11-15T05:54:00.145 INFO:teuthology.orchestra.run.smithi003.stderr:/usr/bin/ceph:
2023-11-15T05:54:00.142+0000 7faf01197700 1 -- 172.21.15.3:0/4058345102 --> [v2:172.21.15.3:3300/0,v1:172.21.15.3:6789/0] -- mon_subscribe({config=0+,monmap=0+}) v3 -- 0x7faefc0fedc0 con 0x7faefc0703d0
2023-11-15T05:54:00.145 INFO:teuthology.orchestra.run.smithi003.stderr:/usr/bin/ceph:
2023-11-15T05:54:00.142+0000 7faf01197700 1 --2- 172.21.15.3:0/4058345102 >> [v2:172.21.15.3:3300/0,v1:172.21.15.3:6789/0] conn(0x7faefc0703d0 0x7faefc0fe790 secure :-1 s=READY pgs=31 cs=0 l=1 rev1=1 rx=0x7faef800b5f0 tx=0x7faef8006ee0).ready entity=mon.0 client_cookie=2299878690bbe8e server_cookie=0 in_seq=0 out_seq=0
2023-11-15T05:54:00.145 INFO:teuthology.orchestra.run.smithi003.stderr:/usr/bin/ceph:
2023-11-15T05:54:00.142+0000 7faeebfff700 1 -- 172.21.15.3:0/4058345102 <== mon.0 v2:172.21.15.3:3300/0 1 ==== mon_map magic: 0 v1 ==== 229+0+0 (secure 0 0 0) 0x7faef800d600 con 0x7faefc0703d0
2023-11-15T05:54:00.145 INFO:teuthology.orchestra.run.smithi003.stderr:/usr/bin/ceph:
2023-11-15T05:54:00.142+0000 7faeebfff700 1 -- 172.21.15.3:0/4058345102 <== mon.0 v2:172.21.15.3:3300/0 2 ==== config(25 keys) v1 ==== 1010+0+0 (secure 0 0 0) 0x7faef800dbd0 con 0x7faefc0703d0
2023-11-15T05:54:00.150 INFO:teuthology.orchestra.run.smithi003.stderr:/usr/bin/ceph:
2023-11-15T05:54:00.142+0000 7faeebfff700 1 -- 172.21.15.3:0/4058345102 <== mon.0 v2:172.21.15.3:3300/0 3 ==== mon_map magic: 0 v1 ==== 229+0+0 (secure 0 0 0) 0x7faef8011c00 con 0x7faefc0703d0
2023-11-15T05:54:00.151 INFO:teuthology.orchestra.run.smithi003.stderr:/usr/bin/ceph:
2023-11-15T05:54:00.143+0000 7faf02199700 1 -- 172.21.15.3:0/4058345102 >> [v2:172.21.15.3:3300/0,v1:172.21.15.3:6789/0] conn(0x7faefc0703d0 msgr2=0x7faefc0fe790 secure :-1 s=STATE_CONNECTION_ESTABLISHED l=1).mark_down
2023-11-15T05:54:00.151 INFO:teuthology.orchestra.run.smithi003.stderr:/usr/bin/ceph:
2023-11-15T05:54:00.143+0000 7faf02199700 1 --2- 172.21.15.3:0/4058345102 >> [v2:172.21.15.3:3300/0,v1:172.21.15.3:6789/0] conn(0x7faefc0703d0 0x7faefc0fe790 secure :-1 s=READY pgs=31 cs=0 l=1 rev1=1 rx=0x7faef800b5f0 tx=0x7faef8006ee0).stop
2023-11-15T05:54:00.151 INFO:teuthology.orchestra.run.smithi003.stderr:/usr/bin/ceph:
2023-11-15T05:54:00.143+0000 7faf02199700 1 -- 172.21.15.3:0/4058345102 shutdown_connections
2023-11-15T05:54:00.151 INFO:teuthology.orchestra.run.smithi003.stderr:/usr/bin/ceph:
2023-11-15T05:54:00.143+0000 7faf02199700 1 --2- 172.21.15.3:0/4058345102 >> [v2:172.21.15.3:3300/0,v1:172.21.15.3:6789/0] conn(0x7faefc0703d0 0x7faefc0fe790 unknown :-1 s=CLOSED pgs=31 cs=0 l=1 rev1=1 rx=0 tx=0).stop
2023-11-15T05:54:00.152 INFO:teuthology.orchestra.run.smithi003.stderr:/usr/bin/ceph:
2023-11-15T05:54:00.143+0000 7faf02199700 1 -- 172.21.15.3:0/4058345102 >> 172.21.15.3:0/4058345102 conn(0x7faefc0f6210 msgr2=0x7faefc0f8630 unknown :-1 s=STATE_NONE l=0).mark_down
2023-11-15T05:54:00.152 INFO:teuthology.orchestra.run.smithi003.stderr:/usr/bin/ceph:
2023-11-15T05:54:00.144+0000 7faf02199700 1 -- 172.21.15.3:0/4058345102 shutdown_connections
2023-11-15T05:54:00.152 INFO:teuthology.orchestra.run.smithi003.stderr:/usr/bin/ceph:
2023-11-15T05:54:00.144+0000 7faf02199700 1 -- 172.21.15.3:0/4058345102 wait complete.
2023-11-15T05:54:00.152 INFO:teuthology.orchestra.run.smithi003.stderr:/usr/bin/ceph:
2023-11-15T05:54:00.144+0000 7faf02199700 1 Processor -- start
2023-11-15T05:54:00.153 INFO:teuthology.orchestra.run.smithi003.stderr:/usr/bin/ceph:
2023-11-15T05:54:00.144+0000 7faf02199700 1 -- start start
2023-11-15T05:54:00.153 INFO:teuthology.orchestra.run.smithi003.stderr:/usr/bin/ceph:
2023-11-15T05:54:00.145+0000 7faf02199700 1 --2- >> [v2:172.21.15.3:3300/0,v1:172.21.15.3:6789/0] conn(0x7faefc0703d0 0x7faefc0fc210 unknown :-1 s=NONE pgs=0 cs=0 l=1 rev1=0 rx=0 tx=0).connect
2023-11-15T05:54:00.153 INFO:teuthology.orchestra.run.smithi003.stderr:/usr/bin/ceph:
2023-11-15T05:54:00.145+0000 7faf02199700 1 -- --> [v2:172.21.15.3:3300/0,v1:172.21.15.3:6789/0] -- mon_getmap magic: 0 v1 -- 0x7faefc0fa690 con 0x7faefc0703d0
2023-11-15T05:54:00.153 INFO:teuthology.orchestra.run.smithi003.stderr:/usr/bin/ceph:
2023-11-15T05:54:00.145+0000 7faf01197700 1 --2- >> [v2:172.21.15.3:3300/0,v1:172.21.15.3:6789/0] conn(0x7faefc0703d0 0x7faefc0fc210 unknown :-1 s=BANNER_CONNECTING pgs=0 cs=0 l=1 rev1=0 rx=0 tx=0)._handle_peer_banner_payload supported=1 required=0
2023-11-15T05:54:00.153 INFO:teuthology.orchestra.run.smithi003.stderr:/usr/bin/ceph:
2023-11-15T05:54:00.145+0000 7faf01197700 1 --2- >> [v2:172.21.15.3:3300/0,v1:172.21.15.3:6789/0] conn(0x7faefc0703d0 0x7faefc0fc210 unknown :-1 s=HELLO_CONNECTING pgs=0 cs=0 l=1 rev1=1 rx=0 tx=0).handle_hello peer v2:172.21.15.3:3300/0 says I am v2:172.21.15.3:38944/0 (socket says 172.21.15.3:38944)
2023-11-15T05:54:00.154 INFO:teuthology.orchestra.run.smithi003.stderr:/usr/bin/ceph:
2023-11-15T05:54:00.145+0000 7faf01197700 1 -- 172.21.15.3:0/233064297 learned_addr learned my addr 172.21.15.3:0/233064297 (peer_addr_for_me v2:172.21.15.3:0/0)
2023-11-15T05:54:00.154 INFO:teuthology.orchestra.run.smithi003.stderr:/usr/bin/ceph:
2023-11-15T05:54:00.145+0000 7faf01197700 1 -- 172.21.15.3:0/233064297 --> [v2:172.21.15.3:3300/0,v1:172.21.15.3:6789/0] -- mon_subscribe({config=0+,monmap=0+}) v3 -- 0x7faef800b200 con 0x7faefc0703d0
2023-11-15T05:54:00.154 INFO:teuthology.orchestra.run.smithi003.stderr:/usr/bin/ceph:
2023-11-15T05:54:00.145+0000 7faf01197700 1 --2- 172.21.15.3:0/233064297 >> [v2:172.21.15.3:3300/0,v1:172.21.15.3:6789/0] conn(0x7faefc0703d0 0x7faefc0fc210 secure :-1 s=READY pgs=32 cs=0 l=1 rev1=1 rx=0x7faef800e040 tx=0x7faef8006ee0).ready entity=mon.0 client_cookie=0 server_cookie=0 in_seq=0 out_seq=0
2023-11-15T05:54:00.154 INFO:teuthology.orchestra.run.smithi003.stderr:/usr/bin/ceph:
2023-11-15T05:54:00.145+0000 7faee9ffb700 1 -- 172.21.15.3:0/233064297 <== mon.0 v2:172.21.15.3:3300/0 1 ==== mon_map magic: 0 v1 ==== 229+0+0 (secure 0 0 0) 0x7faef800d9f0 con 0x7faefc0703d0
2023-11-15T05:54:00.154 INFO:teuthology.orchestra.run.smithi003.stderr:/usr/bin/ceph:
2023-11-15T05:54:00.146+0000 7faee9ffb700 1 -- 172.21.15.3:0/233064297 <== mon.0 v2:172.21.15.3:3300/0 2 ==== config(25 keys) v1 ==== 1010+0+0 (secure 0 0 0) 0x7faef801a9f0 con 0x7faefc0703d0
2023-11-15T05:54:00.155 INFO:teuthology.orchestra.run.smithi003.stderr:/usr/bin/ceph:
2023-11-15T05:54:00.146+0000 7faf02199700 1 -- 172.21.15.3:0/233064297 --> [v2:172.21.15.3:3300/0,v1:172.21.15.3:6789/0] -- mon_subscribe({mgrmap=0+}) v3 -- 0x7faefc0fa830 con 0x7faefc0703d0
2023-11-15T05:54:00.155 INFO:teuthology.orchestra.run.smithi003.stderr:/usr/bin/ceph:
2023-11-15T05:54:00.146+0000 7faee9ffb700 1 -- 172.21.15.3:0/233064297 <== mon.0 v2:172.21.15.3:3300/0 3 ==== mon_map magic: 0 v1 ==== 229+0+0 (secure 0 0 0) 0x7faef801b8c0 con 0x7faefc0703d0
2023-11-15T05:54:00.155 INFO:teuthology.orchestra.run.smithi003.stderr:/usr/bin/ceph:
2023-11-15T05:54:00.146+0000 7faf02199700 1 -- 172.21.15.3:0/233064297 --> [v2:172.21.15.3:3300/0,v1:172.21.15.3:6789/0] -- mon_subscribe({osdmap=0}) v3 -- 0x7faefc0fac40 con 0x7faefc0703d0
2023-11-15T05:54:00.155 INFO:teuthology.orchestra.run.smithi003.stderr:/usr/bin/ceph:
2023-11-15T05:54:00.147+0000 7faee9ffb700 1 -- 172.21.15.3:0/233064297 <== mon.0 v2:172.21.15.3:3300/0 4 ==== mgrmap(e 7) v1 ==== 36040+0+0 (secure 0 0 0) 0x7faef800f070 con 0x7faefc0703d0
2023-11-15T05:54:00.155 INFO:teuthology.orchestra.run.smithi003.stderr:/usr/bin/ceph:
2023-11-15T05:54:00.147+0000 7faf02199700 1 -- 172.21.15.3:0/233064297 --> [v2:172.21.15.3:3300/0,v1:172.21.15.3:6789/0] -- mon_command({"prefix": "get_command_descriptions"} v 0) v1 -- 0x7faefc045ad0 con 0x7faefc0703d0
2023-11-15T05:54:00.156 INFO:teuthology.orchestra.run.smithi003.stderr:/usr/bin/ceph:
2023-11-15T05:54:00.147+0000 7faee9ffb700 1 --2- 172.21.15.3:0/233064297 >> [v2:172.21.15.3:6800/3770794718,v1:172.21.15.3:6801/3770794718] conn(0x7faee402fd10 0x7faee40321d0 unknown :-1 s=NONE pgs=0 cs=0 l=1 rev1=0 rx=0 tx=0).connect
2023-11-15T05:54:00.156 INFO:teuthology.orchestra.run.smithi003.stderr:/usr/bin/ceph:
2023-11-15T05:54:00.147+0000 7faee9ffb700 1 -- 172.21.15.3:0/233064297 <== mon.0 v2:172.21.15.3:3300/0 5 ==== osd_map(2..2 src has 1..2) v4 ==== 926+0+0 (secure 0 0 0) 0x7faef80411a0 con 0x7faefc0703d0
2023-11-15T05:54:00.156 INFO:teuthology.orchestra.run.smithi003.stderr:/usr/bin/ceph:
2023-11-15T05:54:00.147+0000 7faf00996700 1 --2- 172.21.15.3:0/233064297 >> [v2:172.21.15.3:6800/3770794718,v1:172.21.15.3:6801/3770794718] conn(0x7faee402fd10 0x7faee40321d0 unknown :-1 s=BANNER_CONNECTING pgs=0 cs=0 l=1 rev1=0 rx=0 tx=0)._handle_peer_banner_payload supported=1 required=0
2023-11-15T05:54:00.156 INFO:teuthology.orchestra.run.smithi003.stderr:/usr/bin/ceph:
2023-11-15T05:54:00.148+0000 7faf00996700 1 --2- 172.21.15.3:0/233064297 >> [v2:172.21.15.3:6800/3770794718,v1:172.21.15.3:6801/3770794718] conn(0x7faee402fd10 0x7faee40321d0 secure :-1 s=READY pgs=6 cs=0 l=1 rev1=1 rx=0x7faeec0096a0 tx=0x7faeec006b40).ready entity=mgr.14116 client_cookie=0 server_cookie=0 in_seq=0 out_seq=0
2023-11-15T05:54:00.157 INFO:teuthology.orchestra.run.smithi003.stderr:/usr/bin/ceph:
2023-11-15T05:54:00.152+0000 7faee9ffb700 1 -- 172.21.15.3:0/233064297 <== mon.0 v2:172.21.15.3:3300/0 6 ==== mon_command_ack([{"prefix": "get_command_descriptions"}]=0 v0) v1 ==== 72+0+152212 (secure 0 0 0) 0x7faef8022d20 con 0x7faefc0703d0
2023-11-15T05:54:00.320 INFO:teuthology.orchestra.run.smithi003.stderr:/usr/bin/ceph:
2023-11-15T05:54:00.318+0000 7faee9ffb700 1 -- 172.21.15.3:0/233064297 <== mon.0 v2:172.21.15.3:3300/0 7 ==== mgrmap(e 8) v1 ==== 36120+0+0 (secure 0 0 0) 0x7faef80257e0 con 0x7faefc0703d0
2023-11-15T05:54:00.354 INFO:teuthology.orchestra.run.smithi003.stderr:/usr/bin/ceph:
2023-11-15T05:54:00.354+0000 7faf02199700 1 -- 172.21.15.3:0/233064297 --> [v2:172.21.15.3:6800/3770794718,v1:172.21.15.3:6801/3770794718] -- mgr_command(tid 0: {"prefix": "orch set backend", "module_name": "cephadm", "target": ["mon-mgr", ""]}) v1 -- 0x7faefc0ffb60 con 0x7faee402fd10
2023-11-15T05:54:00.360 INFO:teuthology.orchestra.run.smithi003.stderr:/usr/bin/ceph:
2023-11-15T05:54:00.359+0000 7faee9ffb700 1 -- 172.21.15.3:0/233064297 <== mgr.14116 v2:172.21.15.3:6800/3770794718 1 ==== mgr_command_reply(tid 0: 0 ) v1 ==== 8+0+0 (secure 0 0 0) 0x7faefc0ffb60 con 0x7faee402fd10
2023-11-15T05:54:00.362 INFO:teuthology.orchestra.run.smithi003.stderr:/usr/bin/ceph:
2023-11-15T05:54:00.360+0000 7faf02199700 1 -- 172.21.15.3:0/233064297 >> [v2:172.21.15.3:6800/3770794718,v1:172.21.15.3:6801/3770794718] conn(0x7faee402fd10 msgr2=0x7faee40321d0 secure :-1 s=STATE_CONNECTION_ESTABLISHED l=1).mark_down
2023-11-15T05:54:00.362 INFO:teuthology.orchestra.run.smithi003.stderr:/usr/bin/ceph:
2023-11-15T05:54:00.360+0000 7faf02199700 1 --2- 172.21.15.3:0/233064297 >> [v2:172.21.15.3:6800/3770794718,v1:172.21.15.3:6801/3770794718] conn(0x7faee402fd10 0x7faee40321d0 secure :-1 s=READY pgs=6 cs=0 l=1 rev1=1 rx=0x7faeec0096a0 tx=0x7faeec006b40).stop
2023-11-15T05:54:00.362 INFO:teuthology.orchestra.run.smithi003.stderr:/usr/bin/ceph:
2023-11-15T05:54:00.360+0000 7faf02199700 1 -- 172.21.15.3:0/233064297 >> [v2:172.21.15.3:3300/0,v1:172.21.15.3:6789/0] conn(0x7faefc0703d0 msgr2=0x7faefc0fc210 secure :-1 s=STATE_CONNECTION_ESTABLISHED l=1).mark_down
2023-11-15T05:54:00.362 INFO:teuthology.orchestra.run.smithi003.stderr:/usr/bin/ceph:
2023-11-15T05:54:00.361+0000 7faf02199700 1 --2- 172.21.15.3:0/233064297 >> [v2:172.21.15.3:3300/0,v1:172.21.15.3:6789/0] conn(0x7faefc0703d0 0x7faefc0fc210 secure :-1 s=READY pgs=32 cs=0 l=1 rev1=1 rx=0x7faef800e040 tx=0x7faef8006ee0).stop
2023-11-15T05:54:00.363 INFO:teuthology.orchestra.run.smithi003.stderr:/usr/bin/ceph:
2023-11-15T05:54:00.361+0000 7faf02199700 1 -- 172.21.15.3:0/233064297 shutdown_connections
2023-11-15T05:54:00.364 INFO:teuthology.orchestra.run.smithi003.stderr:/usr/bin/ceph:
2023-11-15T05:54:00.361+0000 7faf02199700 1 --2- 172.21.15.3:0/233064297 >> [v2:172.21.15.3:6800/3770794718,v1:172.21.15.3:6801/3770794718] conn(0x7faee402fd10 0x7faee40321d0 unknown :-1 s=CLOSED pgs=6 cs=0 l=1 rev1=1 rx=0 tx=0).stop
2023-11-15T05:54:00.364 INFO:teuthology.orchestra.run.smithi003.stderr:/usr/bin/ceph:
2023-11-15T05:54:00.361+0000 7faf02199700 1 --2- 172.21.15.3:0/233064297 >> [v2:172.21.15.3:3300/0,v1:172.21.15.3:6789/0] conn(0x7faefc0703d0 0x7faefc0fc210 unknown :-1 s=CLOSED pgs=32 cs=0 l=1 rev1=1 rx=0 tx=0).stop
2023-11-15T05:54:00.364 INFO:teuthology.orchestra.run.smithi003.stderr:/usr/bin/ceph:
2023-11-15T05:54:00.361+0000 7faf02199700 1 -- 172.21.15.3:0/233064297 >> 172.21.15.3:0/233064297 conn(0x7faefc0f6210 msgr2=0x7faefc0f7d20 unknown :-1 s=STATE_NONE l=0).mark_down
2023-11-15T05:54:00.364 INFO:teuthology.orchestra.run.smithi003.stderr:/usr/bin/ceph:
2023-11-15T05:54:00.361+0000 7faf02199700 1 -- 172.21.15.3:0/233064297 shutdown_connections
2023-11-15T05:54:00.364 INFO:teuthology.orchestra.run.smithi003.stderr:/usr/bin/ceph:
2023-11-15T05:54:00.361+0000 7faf02199700 1 -- 172.21.15.3:0/233064297 wait complete.
2023-11-15T05:54:00.681 INFO:journalctl@ceph.mon.smithi003.smithi003.stdout:Nov 15 05:54:00 smithi003 ceph-412cc4c0-837b-11ee-8dbe-212e2dc638e7-mon.smithi003[112385]: audit
2023-11-15T05:53:59.318428+0000 mgr.smithi003.cldzke (mgr.14116) 1 : audit [DBG] from='client.14120 -' entity='client.admin' cmd=[{"prefix": "get_command_descriptions"}]: dispatch
2023-11-15T05:54:00.681 INFO:journalctl@ceph.mon.smithi003.smithi003.stdout:Nov 15 05:54:00 smithi003 ceph-412cc4c0-837b-11ee-8dbe-212e2dc638e7-mon.smithi003[112385]: cluster
2023-11-15T05:53:59.318827+0000 mon.smithi003 (mon.0) 49 : cluster [DBG] mgrmap e7: smithi003.cldzke(active, since 1.06181s)
2023-11-15T05:54:00.681 INFO:journalctl@ceph.mon.smithi003.smithi003.stdout:Nov 15 05:54:00 smithi003 ceph-412cc4c0-837b-11ee-8dbe-212e2dc638e7-mon.smithi003[112385]: audit
2023-11-15T05:53:59.325693+0000 mgr.smithi003.cldzke (mgr.14116) 2 : audit [DBG] from='client.14120 -' entity='client.admin' cmd=[{"prefix": "mgr_status"}]: dispatch
2023-11-15T05:54:01.672 INFO:journalctl@ceph.mon.smithi003.smithi003.stdout:Nov 15 05:54:01 smithi003 ceph-412cc4c0-837b-11ee-8dbe-212e2dc638e7-mon.smithi003[112385]: cluster
2023-11-15T05:54:00.320472+0000 mon.smithi003 (mon.0) 50 : cluster [DBG] mgrmap e8: smithi003.cldzke(active, since 2s)
2023-11-15T05:54:01.672 INFO:journalctl@ceph.mon.smithi003.smithi003.stdout:Nov 15 05:54:01 smithi003 ceph-412cc4c0-837b-11ee-8dbe-212e2dc638e7-mon.smithi003[112385]: audit
2023-11-15T05:54:00.355396+0000 mgr.smithi003.cldzke (mgr.14116) 3 : audit [DBG] from='client.14126 -' entity='client.admin' cmd=[{"prefix": "orch set backend", "module_name": "cephadm", "target": ["mon-mgr", ""]}]: dispatch
2023-11-15T05:54:01.672 INFO:journalctl@ceph.mon.smithi003.smithi003.stdout:Nov 15 05:54:01 smithi003 ceph-412cc4c0-837b-11ee-8dbe-212e2dc638e7-mon.smithi003[112385]: audit
2023-11-15T05:54:00.359446+0000 mon.smithi003 (mon.0) 51 : audit [INF] from='mgr.14116 172.21.15.3:0/3852119804' entity='mgr.smithi003.cldzke'
2023-11-15T05:54:01.672 INFO:journalctl@ceph.mon.smithi003.smithi003.stdout:Nov 15 05:54:01 smithi003 ceph-412cc4c0-837b-11ee-8dbe-212e2dc638e7-mon.smithi003[112385]: audit
2023-11-15T05:54:00.363140+0000 mon.smithi003 (mon.0) 52 : audit [DBG] from='mgr.14116 172.21.15.3:0/3852119804' entity='mgr.smithi003.cldzke' cmd=[{"prefix": "config dump", "format": "json"}]: dispatch
2023-11-15T05:54:02.173 INFO:teuthology.orchestra.run.smithi003.stderr:Running command: /bin/podman run --rm --ipc=host --no-hosts --net=host --entrypoint /usr/bin/ceph --init -e CONTAINER_IMAGE=docker.io/ceph/ceph:v16.2.4 -e NODE_NAME=smithi003 -e CEPH_USE_RANDOM_NONCE=1 -v /var/log/ceph/412cc4c0-837b-11ee-8dbe-212e2dc638e7:/var/log/ceph:z -v /tmp/ceph-tmp9wfmy4xk:/etc/ceph/ceph.client.admin.keyring:z -v /tmp/ceph-tmp3x8hjniz:/etc/ceph/ceph.conf:z docker.io/ceph/ceph:v16.2.4 cephadm set-user root
2023-11-15T05:54:03.541 INFO:teuthology.orchestra.run.smithi003.stderr:/usr/bin/ceph:
2023-11-15T05:54:03.333+0000 7f281a46c700 1 Processor -- start
2023-11-15T05:54:03.541 INFO:teuthology.orchestra.run.smithi003.stderr:/usr/bin/ceph:
2023-11-15T05:54:03.334+0000 7f281a46c700 1 -- start start
2023-11-15T05:54:03.541 INFO:teuthology.orchestra.run.smithi003.stderr:/usr/bin/ceph:
2023-11-15T05:54:03.334+0000 7f281a46c700 1 --2- >> [v2:172.21.15.3:3300/0,v1:172.21.15.3:6789/0] conn(0x7f28140703d0 0x7f28140fe940 unknown :-1 s=NONE pgs=0 cs=0 l=0 rev1=0 rx=0 tx=0).connect
2023-11-15T05:54:03.541 INFO:teuthology.orchestra.run.smithi003.stderr:/usr/bin/ceph:
2023-11-15T05:54:03.334+0000 7f281a46c700 1 -- --> [v2:172.21.15.3:3300/0,v1:172.21.15.3:6789/0] -- mon_getmap magic: 0 v1 -- 0x7f28140fee30 con 0x7f28140703d0
2023-11-15T05:54:03.542 INFO:teuthology.orchestra.run.smithi003.stderr:/usr/bin/ceph:
2023-11-15T05:54:03.334+0000 7f2813fff700 1 --2- >> [v2:172.21.15.3:3300/0,v1:172.21.15.3:6789/0] conn(0x7f28140703d0 0x7f28140fe940 unknown :-1 s=BANNER_CONNECTING pgs=0 cs=0 l=0 rev1=0 rx=0 tx=0)._handle_peer_banner_payload supported=1 required=0
2023-11-15T05:54:03.542 INFO:teuthology.orchestra.run.smithi003.stderr:/usr/bin/ceph:
2023-11-15T05:54:03.334+0000 7f2813fff700 1 --2- >> [v2:172.21.15.3:3300/0,v1:172.21.15.3:6789/0] conn(0x7f28140703d0 0x7f28140fe940 unknown :-1 s=HELLO_CONNECTING pgs=0 cs=0 l=0 rev1=1 rx=0 tx=0).handle_hello peer v2:172.21.15.3:3300/0 says I am v2:172.21.15.3:38956/0 (socket says 172.21.15.3:38956)
2023-11-15T05:54:03.542 INFO:teuthology.orchestra.run.smithi003.stderr:/usr/bin/ceph:
2023-11-15T05:54:03.334+0000 7f2813fff700 1 -- 172.21.15.3:0/3311188503 learned_addr learned my addr 172.21.15.3:0/3311188503 (peer_addr_for_me v2:172.21.15.3:0/0)
2023-11-15T05:54:03.542 INFO:teuthology.orchestra.run.smithi003.stderr:/usr/bin/ceph:
2023-11-15T05:54:03.334+0000 7f2813fff700 1 -- 172.21.15.3:0/3311188503 --> [v2:172.21.15.3:3300/0,v1:172.21.15.3:6789/0] -- mon_subscribe({config=0+,monmap=0+}) v3 -- 0x7f28140fef70 con 0x7f28140703d0
2023-11-15T05:54:03.542 INFO:teuthology.orchestra.run.smithi003.stderr:/usr/bin/ceph:
2023-11-15T05:54:03.334+0000 7f2813fff700 1 --2- 172.21.15.3:0/3311188503 >> [v2:172.21.15.3:3300/0,v1:172.21.15.3:6789/0] conn(0x7f28140703d0 0x7f28140fe940 secure :-1 s=READY pgs=33 cs=0 l=1 rev1=1 rx=0x7f280400b5f0 tx=0x7f2804006ee0).ready entity=mon.0 client_cookie=6d51c341f08eef75 server_cookie=0 in_seq=0 out_seq=0
2023-11-15T05:54:03.543 INFO:teuthology.orchestra.run.smithi003.stderr:/usr/bin/ceph:
2023-11-15T05:54:03.335+0000 7f2812ffd700 1 -- 172.21.15.3:0/3311188503 <== mon.0 v2:172.21.15.3:3300/0 1 ==== mon_map magic: 0 v1 ==== 229+0+0 (secure 0 0 0) 0x7f280400d600 con 0x7f28140703d0
2023-11-15T05:54:03.543 INFO:teuthology.orchestra.run.smithi003.stderr:/usr/bin/ceph:
2023-11-15T05:54:03.335+0000 7f2812ffd700 1 -- 172.21.15.3:0/3311188503 <== mon.0 v2:172.21.15.3:3300/0 2 ==== config(25 keys) v1 ==== 1010+0+0 (secure 0 0 0) 0x7f280400dbd0 con 0x7f28140703d0
2023-11-15T05:54:03.543 INFO:teuthology.orchestra.run.smithi003.stderr:/usr/bin/ceph:
2023-11-15T05:54:03.335+0000 7f2812ffd700 1 -- 172.21.15.3:0/3311188503 <== mon.0 v2:172.21.15.3:3300/0 3 ==== mon_map magic: 0 v1 ==== 229+0+0 (secure 0 0 0) 0x7f2804011c00 con 0x7f28140703d0
2023-11-15T05:54:03.543 INFO:teuthology.orchestra.run.smithi003.stderr:/usr/bin/ceph:
2023-11-15T05:54:03.335+0000 7f281a46c700 1 -- 172.21.15.3:0/3311188503 >> [v2:172.21.15.3:3300/0,v1:172.21.15.3:6789/0] conn(0x7f28140703d0 msgr2=0x7f28140fe940 secure :-1 s=STATE_CONNECTION_ESTABLISHED l=1).mark_down
2023-11-15T05:54:03.543 INFO:teuthology.orchestra.run.smithi003.stderr:/usr/bin/ceph:
2023-11-15T05:54:03.335+0000 7f281a46c700 1 --2- 172.21.15.3:0/3311188503 >> [v2:172.21.15.3:3300/0,v1:172.21.15.3:6789/0] conn(0x7f28140703d0 0x7f28140fe940 secure :-1 s=READY pgs=33 cs=0 l=1 rev1=1 rx=0x7f280400b5f0 tx=0x7f2804006ee0).stop
2023-11-15T05:54:03.544 INFO:teuthology.orchestra.run.smithi003.stderr:/usr/bin/ceph:
2023-11-15T05:54:03.335+0000 7f281a46c700 1 -- 172.21.15.3:0/3311188503 shutdown_connections
2023-11-15T05:54:03.544 INFO:teuthology.orchestra.run.smithi003.stderr:/usr/bin/ceph:
2023-11-15T05:54:03.335+0000 7f281a46c700 1 --2- 172.21.15.3:0/3311188503 >> [v2:172.21.15.3:3300/0,v1:172.21.15.3:6789/0] conn(0x7f28140703d0 0x7f28140fe940 unknown :-1 s=CLOSED pgs=33 cs=0 l=1 rev1=1 rx=0 tx=0).stop
2023-11-15T05:54:03.544 INFO:teuthology.orchestra.run.smithi003.stderr:/usr/bin/ceph:
2023-11-15T05:54:03.335+0000 7f281a46c700 1 -- 172.21.15.3:0/3311188503 >> 172.21.15.3:0/3311188503 conn(0x7f28140f63c0 msgr2=0x7f28140f87e0 unknown :-1 s=STATE_NONE l=0).mark_down
2023-11-15T05:54:03.544 INFO:teuthology.orchestra.run.smithi003.stderr:/usr/bin/ceph:
2023-11-15T05:54:03.335+0000 7f281a46c700 1 -- 172.21.15.3:0/3311188503 shutdown_connections
2023-11-15T05:54:03.544 INFO:teuthology.orchestra.run.smithi003.stderr:/usr/bin/ceph:
2023-11-15T05:54:03.335+0000 7f281a46c700 1 -- 172.21.15.3:0/3311188503 wait complete.
2023-11-15T05:54:03.545 INFO:teuthology.orchestra.run.smithi003.stderr:/usr/bin/ceph:
2023-11-15T05:54:03.336+0000 7f281a46c700 1 Processor -- start
2023-11-15T05:54:03.545 INFO:teuthology.orchestra.run.smithi003.stderr:/usr/bin/ceph:
2023-11-15T05:54:03.336+0000 7f281a46c700 1 -- start start
2023-11-15T05:54:03.545 INFO:teuthology.orchestra.run.smithi003.stderr:/usr/bin/ceph:
2023-11-15T05:54:03.336+0000 7f281a46c700 1 --2- >> [v2:172.21.15.3:3300/0,v1:172.21.15.3:6789/0] conn(0x7f28140703d0 0x7f28140fc3c0 unknown :-1 s=NONE pgs=0 cs=0 l=1 rev1=0 rx=0 tx=0).connect
2023-11-15T05:54:03.545 INFO:teuthology.orchestra.run.smithi003.stderr:/usr/bin/ceph:
2023-11-15T05:54:03.336+0000 7f281a46c700 1 -- --> [v2:172.21.15.3:3300/0,v1:172.21.15.3:6789/0] -- mon_getmap magic: 0 v1 -- 0x7f28140fa840 con 0x7f28140703d0
2023-11-15T05:54:03.546 INFO:teuthology.orchestra.run.smithi003.stderr:/usr/bin/ceph:
2023-11-15T05:54:03.336+0000 7f2813fff700 1 --2- >> [v2:172.21.15.3:3300/0,v1:172.21.15.3:6789/0] conn(0x7f28140703d0 0x7f28140fc3c0 unknown :-1 s=BANNER_CONNECTING pgs=0 cs=0 l=1 rev1=0 rx=0 tx=0)._handle_peer_banner_payload supported=1 required=0
2023-11-15T05:54:03.546 INFO:teuthology.orchestra.run.smithi003.stderr:/usr/bin/ceph:
2023-11-15T05:54:03.336+0000 7f2813fff700 1 --2- >> [v2:172.21.15.3:3300/0,v1:172.21.15.3:6789/0] conn(0x7f28140703d0 0x7f28140fc3c0 unknown :-1 s=HELLO_CONNECTING pgs=0 cs=0 l=1 rev1=1 rx=0 tx=0).handle_hello peer v2:172.21.15.3:3300/0 says I am v2:172.21.15.3:38964/0 (socket says 172.21.15.3:38964)
2023-11-15T05:54:03.546 INFO:teuthology.orchestra.run.smithi003.stderr:/usr/bin/ceph:
2023-11-15T05:54:03.336+0000 7f2813fff700 1 -- 172.21.15.3:0/3079076199 learned_addr learned my addr 172.21.15.3:0/3079076199 (peer_addr_for_me v2:172.21.15.3:0/0)
2023-11-15T05:54:03.546 INFO:teuthology.orchestra.run.smithi003.stderr:/usr/bin/ceph:
2023-11-15T05:54:03.337+0000 7f2813fff700 1 -- 172.21.15.3:0/3079076199 --> [v2:172.21.15.3:3300/0,v1:172.21.15.3:6789/0] -- mon_subscribe({config=0+,monmap=0+}) v3 -- 0x7f280400b200 con 0x7f28140703d0
2023-11-15T05:54:03.546 INFO:teuthology.orchestra.run.smithi003.stderr:/usr/bin/ceph:
2023-11-15T05:54:03.337+0000 7f2813fff700 1 --2- 172.21.15.3:0/3079076199 >> [v2:172.21.15.3:3300/0,v1:172.21.15.3:6789/0] conn(0x7f28140703d0 0x7f28140fc3c0 secure :-1 s=READY pgs=34 cs=0 l=1 rev1=1 rx=0x7f280400e040 tx=0x7f2804006ee0).ready entity=mon.0 client_cookie=0 server_cookie=0 in_seq=0 out_seq=0
2023-11-15T05:54:03.547 INFO:teuthology.orchestra.run.smithi003.stderr:/usr/bin/ceph:
2023-11-15T05:54:03.337+0000 7f2810ff9700 1 -- 172.21.15.3:0/3079076199 <== mon.0 v2:172.21.15.3:3300/0 1 ==== mon_map magic: 0 v1 ==== 229+0+0 (secure 0 0 0) 0x7f280400d9f0 con 0x7f28140703d0
2023-11-15T05:54:03.547 INFO:teuthology.orchestra.run.smithi003.stderr:/usr/bin/ceph:
2023-11-15T05:54:03.337+0000 7f2810ff9700 1 -- 172.21.15.3:0/3079076199 <== mon.0 v2:172.21.15.3:3300/0 2 ==== config(25 keys) v1 ==== 1010+0+0 (secure 0 0 0) 0x7f280401a9f0 con 0x7f28140703d0
2023-11-15T05:54:03.547 INFO:teuthology.orchestra.run.smithi003.stderr:/usr/bin/ceph:
2023-11-15T05:54:03.337+0000 7f281a46c700 1 -- 172.21.15.3:0/3079076199 --> [v2:172.21.15.3:3300/0,v1:172.21.15.3:6789/0] -- mon_subscribe({mgrmap=0+}) v3 -- 0x7f28140fa9e0 con 0x7f28140703d0
2023-11-15T05:54:03.547 INFO:teuthology.orchestra.run.smithi003.stderr:/usr/bin/ceph:
2023-11-15T05:54:03.337+0000 7f2810ff9700 1 -- 172.21.15.3:0/3079076199 <== mon.0 v2:172.21.15.3:3300/0 3 ==== mon_map magic: 0 v1 ==== 229+0+0 (secure 0 0 0) 0x7f280401b8c0 con 0x7f28140703d0
2023-11-15T05:54:03.547 INFO:teuthology.orchestra.run.smithi003.stderr:/usr/bin/ceph:
2023-11-15T05:54:03.337+0000 7f281a46c700 1 -- 172.21.15.3:0/3079076199 --> [v2:172.21.15.3:3300/0,v1:172.21.15.3:6789/0] -- mon_subscribe({osdmap=0}) v3 -- 0x7f28140fadf0 con 0x7f28140703d0
2023-11-15T05:54:03.548 INFO:teuthology.orchestra.run.smithi003.stderr:/usr/bin/ceph:
2023-11-15T05:54:03.338+0000 7f2810ff9700 1 -- 172.21.15.3:0/3079076199 <== mon.0 v2:172.21.15.3:3300/0 4 ==== mgrmap(e 8) v1 ==== 36120+0+0 (secure 0 0 0) 0x7f280400f070 con 0x7f28140703d0
2023-11-15T05:54:03.548 INFO:teuthology.orchestra.run.smithi003.stderr:/usr/bin/ceph:
2023-11-15T05:54:03.338+0000 7f281a46c700 1 -- 172.21.15.3:0/3079076199 --> [v2:172.21.15.3:3300/0,v1:172.21.15.3:6789/0] -- mon_command({"prefix": "get_command_descriptions"} v 0) v1 -- 0x7f2814045ad0 con 0x7f28140703d0
2023-11-15T05:54:03.548 INFO:teuthology.orchestra.run.smithi003.stderr:/usr/bin/ceph:
2023-11-15T05:54:03.338+0000 7f2810ff9700 1 --2- 172.21.15.3:0/3079076199 >> [v2:172.21.15.3:6800/3770794718,v1:172.21.15.3:6801/3770794718] conn(0x7f280002fd50 0x7f2800032210 unknown :-1 s=NONE pgs=0 cs=0 l=1 rev1=0 rx=0 tx=0).connect
2023-11-15T05:54:03.548 INFO:teuthology.orchestra.run.smithi003.stderr:/usr/bin/ceph:
2023-11-15T05:54:03.338+0000 7f2810ff9700 1 -- 172.21.15.3:0/3079076199 <== mon.0 v2:172.21.15.3:3300/0 5 ==== osd_map(2..2 src has 1..2) v4 ==== 926+0+0 (secure 0 0 0) 0x7f2804041320 con 0x7f28140703d0
2023-11-15T05:54:03.548 INFO:teuthology.orchestra.run.smithi003.stderr:/usr/bin/ceph:
2023-11-15T05:54:03.338+0000 7f28137fe700 1 --2- 172.21.15.3:0/3079076199 >> [v2:172.21.15.3:6800/3770794718,v1:172.21.15.3:6801/3770794718] conn(0x7f280002fd50 0x7f2800032210 unknown :-1 s=BANNER_CONNECTING pgs=0 cs=0 l=1 rev1=0 rx=0 tx=0)._handle_peer_banner_payload supported=1 required=0
2023-11-15T05:54:03.549 INFO:teuthology.orchestra.run.smithi003.stderr:/usr/bin/ceph:
2023-11-15T05:54:03.339+0000 7f28137fe700 1 --2- 172.21.15.3:0/3079076199 >> [v2:172.21.15.3:6800/3770794718,v1:172.21.15.3:6801/3770794718] conn(0x7f280002fd50 0x7f2800032210 secure :-1 s=READY pgs=7 cs=0 l=1 rev1=1 rx=0x7f28080096a0 tx=0x7f2808006b40).ready entity=mgr.14116 client_cookie=0 server_cookie=0 in_seq=0 out_seq=0
2023-11-15T05:54:03.549 INFO:teuthology.orchestra.run.smithi003.stderr:/usr/bin/ceph:
2023-11-15T05:54:03.343+0000 7f2810ff9700 1 -- 172.21.15.3:0/3079076199 <== mon.0 v2:172.21.15.3:3300/0 6 ==== mon_command_ack([{"prefix": "get_command_descriptions"}]=0 v0) v1 ==== 72+0+152212 (secure 0 0 0) 0x7f2804006a70 con 0x7f28140703d0
2023-11-15T05:54:03.549 INFO:teuthology.orchestra.run.smithi003.stderr:/usr/bin/ceph:
2023-11-15T05:54:03.512+0000 7f281a46c700 1 -- 172.21.15.3:0/3079076199 --> [v2:172.21.15.3:6800/3770794718,v1:172.21.15.3:6801/3770794718] -- mgr_command(tid 0: {"prefix": "cephadm set-user", "user": "root", "target": ["mon-mgr", ""]}) v1 -- 0x7f28140ffd10 con 0x7f280002fd50
2023-11-15T05:54:03.549 INFO:teuthology.orchestra.run.smithi003.stderr:/usr/bin/ceph:
2023-11-15T05:54:03.512+0000 7f2810ff9700 1 -- 172.21.15.3:0/3079076199 <== mgr.14116 v2:172.21.15.3:6800/3770794718 1 ==== mgr_command_reply(tid 0: 0 ) v1 ==== 8+0+16 (secure 0 0 0) 0x7f28140ffd10 con 0x7f280002fd50
2023-11-15T05:54:03.549 INFO:teuthology.orchestra.run.smithi003.stderr:/usr/bin/ceph:
2023-11-15T05:54:03.514+0000 7f281a46c700 1 -- 172.21.15.3:0/3079076199 >> [v2:172.21.15.3:6800/3770794718,v1:172.21.15.3:6801/3770794718] conn(0x7f280002fd50 msgr2=0x7f2800032210 secure :-1 s=STATE_CONNECTION_ESTABLISHED l=1).mark_down
2023-11-15T05:54:03.549 INFO:teuthology.orchestra.run.smithi003.stderr:/usr/bin/ceph:
2023-11-15T05:54:03.514+0000 7f281a46c700 1 --2- 172.21.15.3:0/3079076199 >> [v2:172.21.15.3:6800/3770794718,v1:172.21.15.3:6801/3770794718] conn(0x7f280002fd50 0x7f2800032210 secure :-1 s=READY pgs=7 cs=0 l=1 rev1=1 rx=0x7f28080096a0 tx=0x7f2808006b40).stop
2023-11-15T05:54:03.550 INFO:teuthology.orchestra.run.smithi003.stderr:/usr/bin/ceph:
2023-11-15T05:54:03.514+0000 7f281a46c700 1 -- 172.21.15.3:0/3079076199 >> [v2:172.21.15.3:3300/0,v1:172.21.15.3:6789/0] conn(0x7f28140703d0 msgr2=0x7f28140fc3c0 secure :-1 s=STATE_CONNECTION_ESTABLISHED l=1).mark_down
2023-11-15T05:54:03.550 INFO:teuthology.orchestra.run.smithi003.stderr:/usr/bin/ceph:
2023-11-15T05:54:03.514+0000 7f281a46c700 1 --2- 172.21.15.3:0/3079076199 >> [v2:172.21.15.3:3300/0,v1:172.21.15.3:6789/0] conn(0x7f28140703d0 0x7f28140fc3c0 secure :-1 s=READY pgs=34 cs=0 l=1 rev1=1 rx=0x7f280400e040 tx=0x7f2804006ee0).stop
2023-11-15T05:54:03.550 INFO:teuthology.orchestra.run.smithi003.stderr:/usr/bin/ceph:
2023-11-15T05:54:03.514+0000 7f281a46c700 1 -- 172.21.15.3:0/3079076199 shutdown_connections
