2023-11-15T06:13:14.907+0000 7f53f71f5700 1 -- 172.21.15.33:0/4294525457 --> [v2:172.21.15.33:3300/0,v1:172.21.15.33:6789/0] -- mon_subscribe({osdmap=0}) v3 -- 0x7f53f010b500 con 0x7f53f00fbca0
2023-11-15T06:13:14.913 INFO:teuthology.orchestra.run.smithi033.stderr:/usr/bin/ceph:
2023-11-15T06:13:14.907+0000 7f53ed7fa700 1 -- 172.21.15.33:0/4294525457 <== mon.0 v2:172.21.15.33:3300/0 4 ==== mgrmap(e 5) v1 ==== 36120+0+0 (secure 0 0 0) 0x7f53e400f070 con 0x7f53f00fbca0
2023-11-15T06:13:14.913 INFO:teuthology.orchestra.run.smithi033.stderr:/usr/bin/ceph:
2023-11-15T06:13:14.907+0000 7f53ed7fa700 1 --2- 172.21.15.33:0/4294525457 >> [v2:172.21.15.33:6800/980316896,v1:172.21.15.33:6801/980316896] conn(0x7f53d402fd50 0x7f53d4032210 unknown :-1 s=NONE pgs=0 cs=0 l=1 rev1=0 rx=0 tx=0).connect
2023-11-15T06:13:14.914 INFO:teuthology.orchestra.run.smithi033.stderr:/usr/bin/ceph:
2023-11-15T06:13:14.907+0000 7f53ed7fa700 1 -- 172.21.15.33:0/4294525457 <== mon.0 v2:172.21.15.33:3300/0 5 ==== osd_map(1..1 src has 1..1) v4 ==== 754+0+0 (secure 0 0 0) 0x7f53e40420d0 con 0x7f53f00fbca0
2023-11-15T06:13:14.914 INFO:teuthology.orchestra.run.smithi033.stderr:/usr/bin/ceph:
2023-11-15T06:13:14.907+0000 7f53f71f5700 1 -- 172.21.15.33:0/4294525457 --> [v2:172.21.15.33:6800/980316896,v1:172.21.15.33:6801/980316896] -- command(tid 0: {"prefix": "get_command_descriptions"}) v1 -- 0x7f53f0059100 con 0x7f53d402fd50
2023-11-15T06:13:14.914 INFO:teuthology.orchestra.run.smithi033.stderr:/usr/bin/ceph:
2023-11-15T06:13:14.908+0000 7f53effff700 1 -- 172.21.15.33:0/4294525457 >> [v2:172.21.15.33:6800/980316896,v1:172.21.15.33:6801/980316896] conn(0x7f53d402fd50 msgr2=0x7f53d4032210 unknown :-1 s=STATE_CONNECTING_RE l=1).process reconnect failed to v2:172.21.15.33:6800/980316896
2023-11-15T06:13:14.914 INFO:teuthology.orchestra.run.smithi033.stderr:/usr/bin/ceph:
2023-11-15T06:13:14.908+0000 7f53effff700 1 --2- 172.21.15.33:0/4294525457 >> [v2:172.21.15.33:6800/980316896,v1:172.21.15.33:6801/980316896] conn(0x7f53d402fd50 0x7f53d4032210 unknown :-1 s=START_CONNECT pgs=0 cs=0 l=1 rev1=0 rx=0 tx=0)._fault waiting 0.200000
2023-11-15T06:13:15.110 INFO:teuthology.orchestra.run.smithi033.stderr:/usr/bin/ceph:
2023-11-15T06:13:15.109+0000 7f53effff700 1 -- 172.21.15.33:0/4294525457 >> [v2:172.21.15.33:6800/980316896,v1:172.21.15.33:6801/980316896] conn(0x7f53d402fd50 msgr2=0x7f53d4032210 unknown :-1 s=STATE_CONNECTING_RE l=1).process reconnect failed to v2:172.21.15.33:6800/980316896
2023-11-15T06:13:15.111 INFO:teuthology.orchestra.run.smithi033.stderr:/usr/bin/ceph:
2023-11-15T06:13:15.109+0000 7f53effff700 1 --2- 172.21.15.33:0/4294525457 >> [v2:172.21.15.33:6800/980316896,v1:172.21.15.33:6801/980316896] conn(0x7f53d402fd50 0x7f53d4032210 unknown :-1 s=START_CONNECT pgs=0 cs=0 l=1 rev1=0 rx=0 tx=0)._fault waiting 0.400000
2023-11-15T06:13:15.511 INFO:teuthology.orchestra.run.smithi033.stderr:/usr/bin/ceph:
2023-11-15T06:13:15.510+0000 7f53effff700 1 -- 172.21.15.33:0/4294525457 >> [v2:172.21.15.33:6800/980316896,v1:172.21.15.33:6801/980316896] conn(0x7f53d402fd50 msgr2=0x7f53d4032210 unknown :-1 s=STATE_CONNECTING_RE l=1).process reconnect failed to v2:172.21.15.33:6800/980316896
2023-11-15T06:13:15.512 INFO:teuthology.orchestra.run.smithi033.stderr:/usr/bin/ceph:
2023-11-15T06:13:15.510+0000 7f53effff700 1 --2- 172.21.15.33:0/4294525457 >> [v2:172.21.15.33:6800/980316896,v1:172.21.15.33:6801/980316896] conn(0x7f53d402fd50 0x7f53d4032210 unknown :-1 s=START_CONNECT pgs=0 cs=0 l=1 rev1=0 rx=0 tx=0)._fault waiting 0.800000
2023-11-15T06:13:16.312 INFO:teuthology.orchestra.run.smithi033.stderr:/usr/bin/ceph:
2023-11-15T06:13:16.311+0000 7f53effff700 1 -- 172.21.15.33:0/4294525457 >> [v2:172.21.15.33:6800/980316896,v1:172.21.15.33:6801/980316896] conn(0x7f53d402fd50 msgr2=0x7f53d4032210 unknown :-1 s=STATE_CONNECTING_RE l=1).process reconnect failed to v2:172.21.15.33:6800/980316896
2023-11-15T06:13:16.313 INFO:teuthology.orchestra.run.smithi033.stderr:/usr/bin/ceph:
2023-11-15T06:13:16.311+0000 7f53effff700 1 --2- 172.21.15.33:0/4294525457 >> [v2:172.21.15.33:6800/980316896,v1:172.21.15.33:6801/980316896] conn(0x7f53d402fd50 0x7f53d4032210 unknown :-1 s=START_CONNECT pgs=0 cs=0 l=1 rev1=0 rx=0 tx=0)._fault waiting 1.600000
2023-11-15T06:13:17.166 INFO:teuthology.orchestra.run.smithi033.stderr:/usr/bin/ceph:
2023-11-15T06:13:17.165+0000 7f53ed7fa700 1 -- 172.21.15.33:0/4294525457 <== mon.0 v2:172.21.15.33:3300/0 6 ==== mgrmap(e 6) v1 ==== 35970+0+0 (secure 0 0 0) 0x7f53e40257e0 con 0x7f53f00fbca0
2023-11-15T06:13:17.167 INFO:teuthology.orchestra.run.smithi033.stderr:/usr/bin/ceph:
2023-11-15T06:13:17.165+0000 7f53ed7fa700 1 -- 172.21.15.33:0/4294525457 >> [v2:172.21.15.33:6800/980316896,v1:172.21.15.33:6801/980316896] conn(0x7f53d402fd50 msgr2=0x7f53d4032210 unknown :-1 s=STATE_CONNECTING l=1).mark_down
2023-11-15T06:13:17.167 INFO:teuthology.orchestra.run.smithi033.stderr:/usr/bin/ceph:
2023-11-15T06:13:17.165+0000 7f53ed7fa700 1 --2- 172.21.15.33:0/4294525457 >> [v2:172.21.15.33:6800/980316896,v1:172.21.15.33:6801/980316896] conn(0x7f53d402fd50 0x7f53d4032210 unknown :-1 s=START_CONNECT pgs=0 cs=0 l=1 rev1=0 rx=0 tx=0).stop
2023-11-15T06:13:17.478 INFO:journalctl@ceph.mon.smithi033.smithi033.stdout:Nov 15 06:13:17 smithi033 ceph-f3c64a1e-837d-11ee-8dbe-212e2dc638e7-mon.smithi033[112400]: cluster
2023-11-15T06:13:17.113538+0000 mon.smithi033 (mon.0) 30 : cluster [INF] Active manager daemon smithi033.rohlfg restarted
2023-11-15T06:13:17.478 INFO:journalctl@ceph.mon.smithi033.smithi033.stdout:Nov 15 06:13:17 smithi033 ceph-f3c64a1e-837d-11ee-8dbe-212e2dc638e7-mon.smithi033[112400]: cluster
2023-11-15T06:13:17.114028+0000 mon.smithi033 (mon.0) 31 : cluster [INF] Activating manager daemon smithi033.rohlfg
2023-11-15T06:13:17.478 INFO:journalctl@ceph.mon.smithi033.smithi033.stdout:Nov 15 06:13:17 smithi033 ceph-f3c64a1e-837d-11ee-8dbe-212e2dc638e7-mon.smithi033[112400]: cluster
2023-11-15T06:13:17.116254+0000 mon.smithi033 (mon.0) 32 : cluster [DBG] osdmap e2: 0 total, 0 up, 0 in
2023-11-15T06:13:18.174 INFO:teuthology.orchestra.run.smithi033.stderr:/usr/bin/ceph:
2023-11-15T06:13:18.172+0000 7f53ed7fa700 1 -- 172.21.15.33:0/4294525457 <== mon.0 v2:172.21.15.33:3300/0 7 ==== mgrmap(e 7) v1 ==== 36040+0+0 (secure 0 0 0) 0x7f53e4019d30 con 0x7f53f00fbca0
2023-11-15T06:13:18.174 INFO:teuthology.orchestra.run.smithi033.stderr:/usr/bin/ceph:
2023-11-15T06:13:18.172+0000 7f53ed7fa700 1 --2- 172.21.15.33:0/4294525457 >> [v2:172.21.15.33:6800/2954676345,v1:172.21.15.33:6801/2954676345] conn(0x7f53d4033670 0x7f53d4035a60 unknown :-1 s=NONE pgs=0 cs=0 l=1 rev1=0 rx=0 tx=0).connect
2023-11-15T06:13:18.175 INFO:teuthology.orchestra.run.smithi033.stderr:/usr/bin/ceph:
2023-11-15T06:13:18.172+0000 7f53ed7fa700 1 -- 172.21.15.33:0/4294525457 --> [v2:172.21.15.33:6800/2954676345,v1:172.21.15.33:6801/2954676345] -- command(tid 0: {"prefix": "get_command_descriptions"}) v1 -- 0x7f53f0059100 con 0x7f53d4033670
2023-11-15T06:13:18.175 INFO:teuthology.orchestra.run.smithi033.stderr:/usr/bin/ceph:
2023-11-15T06:13:18.173+0000 7f53effff700 1 --2- 172.21.15.33:0/4294525457 >> [v2:172.21.15.33:6800/2954676345,v1:172.21.15.33:6801/2954676345] conn(0x7f53d4033670 0x7f53d4035a60 unknown :-1 s=BANNER_CONNECTING pgs=0 cs=0 l=1 rev1=0 rx=0 tx=0)._handle_peer_banner_payload supported=1 required=0
2023-11-15T06:13:18.175 INFO:teuthology.orchestra.run.smithi033.stderr:/usr/bin/ceph:
2023-11-15T06:13:18.174+0000 7f53effff700 1 --2- 172.21.15.33:0/4294525457 >> [v2:172.21.15.33:6800/2954676345,v1:172.21.15.33:6801/2954676345] conn(0x7f53d4033670 0x7f53d4035a60 secure :-1 s=READY pgs=1 cs=0 l=1 rev1=1 rx=0x7f53dc0036d0 tx=0x7f53dc006ca0).ready entity=mgr.14116 client_cookie=0 server_cookie=0 in_seq=0 out_seq=0
2023-11-15T06:13:18.176 INFO:teuthology.orchestra.run.smithi033.stderr:/usr/bin/ceph:
2023-11-15T06:13:18.174+0000 7f53ed7fa700 1 -- 172.21.15.33:0/4294525457 <== mgr.14116 v2:172.21.15.33:6800/2954676345 1 ==== command_reply(tid 0: 0 ) v1 ==== 8+0+6438 (secure 0 0 0) 0x7f53f0059100 con 0x7f53d4033670
2023-11-15T06:13:18.182 INFO:teuthology.orchestra.run.smithi033.stderr:/usr/bin/ceph:
2023-11-15T06:13:18.181+0000 7f53f71f5700 1 -- 172.21.15.33:0/4294525457 --> [v2:172.21.15.33:6800/2954676345,v1:172.21.15.33:6801/2954676345] -- command(tid 1: {"prefix": "mgr_status"}) v1 -- 0x7f53f0045ad0 con 0x7f53d4033670
2023-11-15T06:13:18.183 INFO:teuthology.orchestra.run.smithi033.stderr:/usr/bin/ceph:
2023-11-15T06:13:18.181+0000 7f53ed7fa700 1 -- 172.21.15.33:0/4294525457 <== mgr.14116 v2:172.21.15.33:6800/2954676345 2 ==== command_reply(tid 1: 0 ) v1 ==== 8+0+51 (secure 0 0 0) 0x7f53f0045ad0 con 0x7f53d4033670
2023-11-15T06:13:18.185 INFO:teuthology.orchestra.run.smithi033.stderr:/usr/bin/ceph: {
2023-11-15T06:13:18.185 INFO:teuthology.orchestra.run.smithi033.stderr:/usr/bin/ceph: "mgrmap_epoch": 7,
2023-11-15T06:13:18.185 INFO:teuthology.orchestra.run.smithi033.stderr:/usr/bin/ceph: "initialized": true
2023-11-15T06:13:18.185 INFO:teuthology.orchestra.run.smithi033.stderr:/usr/bin/ceph: }
2023-11-15T06:13:18.185 INFO:teuthology.orchestra.run.smithi033.stderr:/usr/bin/ceph:
2023-11-15T06:13:18.182+0000 7f53f71f5700 1 -- 172.21.15.33:0/4294525457 >> [v2:172.21.15.33:6800/2954676345,v1:172.21.15.33:6801/2954676345] conn(0x7f53d4033670 msgr2=0x7f53d4035a60 secure :-1 s=STATE_CONNECTION_ESTABLISHED l=1).mark_down
2023-11-15T06:13:18.186 INFO:teuthology.orchestra.run.smithi033.stderr:/usr/bin/ceph:
2023-11-15T06:13:18.182+0000 7f53f71f5700 1 --2- 172.21.15.33:0/4294525457 >> [v2:172.21.15.33:6800/2954676345,v1:172.21.15.33:6801/2954676345] conn(0x7f53d4033670 0x7f53d4035a60 secure :-1 s=READY pgs=1 cs=0 l=1 rev1=1 rx=0x7f53dc0036d0 tx=0x7f53dc006ca0).stop
2023-11-15T06:13:18.186 INFO:teuthology.orchestra.run.smithi033.stderr:/usr/bin/ceph:
2023-11-15T06:13:18.182+0000 7f53f71f5700 1 -- 172.21.15.33:0/4294525457 >> [v2:172.21.15.33:3300/0,v1:172.21.15.33:6789/0] conn(0x7f53f00fbca0 msgr2=0x7f53f010aa00 secure :-1 s=STATE_CONNECTION_ESTABLISHED l=1).mark_down
2023-11-15T06:13:18.186 INFO:teuthology.orchestra.run.smithi033.stderr:/usr/bin/ceph:
2023-11-15T06:13:18.182+0000 7f53f71f5700 1 --2- 172.21.15.33:0/4294525457 >> [v2:172.21.15.33:3300/0,v1:172.21.15.33:6789/0] conn(0x7f53f00fbca0 0x7f53f010aa00 secure :-1 s=READY pgs=25 cs=0 l=1 rev1=1 rx=0x7f53e400b1d0 tx=0x7f53e4006ee0).stop
2023-11-15T06:13:18.186 INFO:teuthology.orchestra.run.smithi033.stderr:/usr/bin/ceph:
2023-11-15T06:13:18.182+0000 7f53f71f5700 1 -- 172.21.15.33:0/4294525457 shutdown_connections
2023-11-15T06:13:18.186 INFO:teuthology.orchestra.run.smithi033.stderr:/usr/bin/ceph:
2023-11-15T06:13:18.182+0000 7f53f71f5700 1 --2- 172.21.15.33:0/4294525457 >> [v2:172.21.15.33:6800/2954676345,v1:172.21.15.33:6801/2954676345] conn(0x7f53d4033670 0x7f53d4035a60 unknown :-1 s=CLOSED pgs=1 cs=0 l=1 rev1=1 rx=0 tx=0).stop
2023-11-15T06:13:18.187 INFO:teuthology.orchestra.run.smithi033.stderr:/usr/bin/ceph:
2023-11-15T06:13:18.182+0000 7f53f71f5700 1 --2- 172.21.15.33:0/4294525457 >> [v2:172.21.15.33:3300/0,v1:172.21.15.33:6789/0] conn(0x7f53f00fbca0 0x7f53f010aa00 unknown :-1 s=CLOSED pgs=25 cs=0 l=1 rev1=1 rx=0 tx=0).stop
2023-11-15T06:13:18.187 INFO:teuthology.orchestra.run.smithi033.stderr:/usr/bin/ceph:
2023-11-15T06:13:18.182+0000 7f53f71f5700 1 --2- 172.21.15.33:0/4294525457 >> [v2:172.21.15.33:6800/980316896,v1:172.21.15.33:6801/980316896] conn(0x7f53d402fd50 0x7f53d4032210 unknown :-1 s=CLOSED pgs=0 cs=0 l=1 rev1=0 rx=0 tx=0).stop
2023-11-15T06:13:18.187 INFO:teuthology.orchestra.run.smithi033.stderr:/usr/bin/ceph:
2023-11-15T06:13:18.182+0000 7f53f71f5700 1 -- 172.21.15.33:0/4294525457 >> 172.21.15.33:0/4294525457 conn(0x7f53f00f74c0 msgr2=0x7f53f00f8f80 unknown :-1 s=STATE_NONE l=0).mark_down
2023-11-15T06:13:18.187 INFO:teuthology.orchestra.run.smithi033.stderr:/usr/bin/ceph:
2023-11-15T06:13:18.182+0000 7f53f71f5700 1 -- 172.21.15.33:0/4294525457 shutdown_connections
2023-11-15T06:13:18.187 INFO:teuthology.orchestra.run.smithi033.stderr:/usr/bin/ceph:
2023-11-15T06:13:18.182+0000 7f53f71f5700 1 -- 172.21.15.33:0/4294525457 wait complete.
2023-11-15T06:13:18.478 INFO:journalctl@ceph.mon.smithi033.smithi033.stdout:Nov 15 06:13:18 smithi033 ceph-f3c64a1e-837d-11ee-8dbe-212e2dc638e7-mon.smithi033[112400]: cluster
2023-11-15T06:13:17.166794+0000 mon.smithi033 (mon.0) 33 : cluster [DBG] mgrmap e6: smithi033.rohlfg(active, starting, since 0.0528502s)
2023-11-15T06:13:18.478 INFO:journalctl@ceph.mon.smithi033.smithi033.stdout:Nov 15 06:13:18 smithi033 ceph-f3c64a1e-837d-11ee-8dbe-212e2dc638e7-mon.smithi033[112400]: audit
2023-11-15T06:13:17.169282+0000 mon.smithi033 (mon.0) 34 : audit [DBG] from='mgr.14116 172.21.15.33:0/3284266066' entity='mgr.smithi033.rohlfg' cmd=[{"prefix": "mon metadata", "id": "smithi033"}]: dispatch
2023-11-15T06:13:18.479 INFO:journalctl@ceph.mon.smithi033.smithi033.stdout:Nov 15 06:13:18 smithi033 ceph-f3c64a1e-837d-11ee-8dbe-212e2dc638e7-mon.smithi033[112400]: audit
2023-11-15T06:13:17.170008+0000 mon.smithi033 (mon.0) 35 : audit [DBG] from='mgr.14116 172.21.15.33:0/3284266066' entity='mgr.smithi033.rohlfg' cmd=[{"prefix": "mgr metadata", "who": "smithi033.rohlfg", "id": "smithi033.rohlfg"}]: dispatch
2023-11-15T06:13:18.479 INFO:journalctl@ceph.mon.smithi033.smithi033.stdout:Nov 15 06:13:18 smithi033 ceph-f3c64a1e-837d-11ee-8dbe-212e2dc638e7-mon.smithi033[112400]: audit
2023-11-15T06:13:17.170821+0000 mon.smithi033 (mon.0) 36 : audit [DBG] from='mgr.14116 172.21.15.33:0/3284266066' entity='mgr.smithi033.rohlfg' cmd=[{"prefix": "mds metadata"}]: dispatch
2023-11-15T06:13:18.479 INFO:journalctl@ceph.mon.smithi033.smithi033.stdout:Nov 15 06:13:18 smithi033 ceph-f3c64a1e-837d-11ee-8dbe-212e2dc638e7-mon.smithi033[112400]: audit
2023-11-15T06:13:17.171010+0000 mon.smithi033 (mon.0) 37 : audit [DBG] from='mgr.14116 172.21.15.33:0/3284266066' entity='mgr.smithi033.rohlfg' cmd=[{"prefix": "osd metadata"}]: dispatch
2023-11-15T06:13:18.479 INFO:journalctl@ceph.mon.smithi033.smithi033.stdout:Nov 15 06:13:18 smithi033 ceph-f3c64a1e-837d-11ee-8dbe-212e2dc638e7-mon.smithi033[112400]: audit
2023-11-15T06:13:17.171183+0000 mon.smithi033 (mon.0) 38 : audit [DBG] from='mgr.14116 172.21.15.33:0/3284266066' entity='mgr.smithi033.rohlfg' cmd=[{"prefix": "mon metadata"}]: dispatch
2023-11-15T06:13:18.479 INFO:journalctl@ceph.mon.smithi033.smithi033.stdout:Nov 15 06:13:18 smithi033 ceph-f3c64a1e-837d-11ee-8dbe-212e2dc638e7-mon.smithi033[112400]: cluster
2023-11-15T06:13:17.185273+0000 mon.smithi033 (mon.0) 39 : cluster [INF] Manager daemon smithi033.rohlfg is now available
2023-11-15T06:13:18.480 INFO:journalctl@ceph.mon.smithi033.smithi033.stdout:Nov 15 06:13:18 smithi033 ceph-f3c64a1e-837d-11ee-8dbe-212e2dc638e7-mon.smithi033[112400]: audit
2023-11-15T06:13:17.200744+0000 mon.smithi033 (mon.0) 40 : audit [INF] from='mgr.14116 172.21.15.33:0/3284266066' entity='mgr.smithi033.rohlfg'
2023-11-15T06:13:18.480 INFO:journalctl@ceph.mon.smithi033.smithi033.stdout:Nov 15 06:13:18 smithi033 ceph-f3c64a1e-837d-11ee-8dbe-212e2dc638e7-mon.smithi033[112400]: audit
2023-11-15T06:13:17.203737+0000 mon.smithi033 (mon.0) 41 : audit [INF] from='mgr.14116 172.21.15.33:0/3284266066' entity='mgr.smithi033.rohlfg'
2023-11-15T06:13:18.480 INFO:journalctl@ceph.mon.smithi033.smithi033.stdout:Nov 15 06:13:18 smithi033 ceph-f3c64a1e-837d-11ee-8dbe-212e2dc638e7-mon.smithi033[112400]: audit
2023-11-15T06:13:17.206497+0000 mon.smithi033 (mon.0) 42 : audit [INF] from='mgr.14116 172.21.15.33:0/3284266066' entity='mgr.smithi033.rohlfg'
2023-11-15T06:13:18.480 INFO:journalctl@ceph.mon.smithi033.smithi033.stdout:Nov 15 06:13:18 smithi033 ceph-f3c64a1e-837d-11ee-8dbe-212e2dc638e7-mon.smithi033[112400]: audit
2023-11-15T06:13:17.308587+0000 mon.smithi033 (mon.0) 43 : audit [INF] from='mgr.14116 172.21.15.33:0/3284266066' entity='mgr.smithi033.rohlfg'
2023-11-15T06:13:18.480 INFO:journalctl@ceph.mon.smithi033.smithi033.stdout:Nov 15 06:13:18 smithi033 ceph-f3c64a1e-837d-11ee-8dbe-212e2dc638e7-mon.smithi033[112400]: audit
2023-11-15T06:13:17.309319+0000 mon.smithi033 (mon.0) 44 : audit [DBG] from='mgr.14116 172.21.15.33:0/3284266066' entity='mgr.smithi033.rohlfg' cmd=[{"prefix": "config dump", "format": "json"}]: dispatch
2023-11-15T06:13:18.481 INFO:journalctl@ceph.mon.smithi033.smithi033.stdout:Nov 15 06:13:18 smithi033 ceph-f3c64a1e-837d-11ee-8dbe-212e2dc638e7-mon.smithi033[112400]: audit
2023-11-15T06:13:17.311001+0000 mon.smithi033 (mon.0) 45 : audit [DBG] from='mgr.14116 172.21.15.33:0/3284266066' entity='mgr.smithi033.rohlfg' cmd=[{"prefix": "config dump", "format": "json"}]: dispatch
2023-11-15T06:13:18.481 INFO:journalctl@ceph.mon.smithi033.smithi033.stdout:Nov 15 06:13:18 smithi033 ceph-f3c64a1e-837d-11ee-8dbe-212e2dc638e7-mon.smithi033[112400]: audit
2023-11-15T06:13:17.313281+0000 mon.smithi033 (mon.0) 46 : audit [DBG] from='mgr.14116 172.21.15.33:0/3284266066' entity='mgr.smithi033.rohlfg' cmd=[{"prefix": "config dump", "format": "json"}]: dispatch
2023-11-15T06:13:18.481 INFO:journalctl@ceph.mon.smithi033.smithi033.stdout:Nov 15 06:13:18 smithi033 ceph-f3c64a1e-837d-11ee-8dbe-212e2dc638e7-mon.smithi033[112400]: audit
2023-11-15T06:13:17.324510+0000 mon.smithi033 (mon.0) 47 : audit [INF] from='mgr.14116 172.21.15.33:0/3284266066' entity='mgr.smithi033.rohlfg' cmd=[{"prefix":"config rm","who":"mgr","name":"mgr/rbd_support/smithi033.rohlfg/mirror_snapshot_schedule"}]: dispatch
2023-11-15T06:13:18.481 INFO:journalctl@ceph.mon.smithi033.smithi033.stdout:Nov 15 06:13:18 smithi033 ceph-f3c64a1e-837d-11ee-8dbe-212e2dc638e7-mon.smithi033[112400]: audit
2023-11-15T06:13:17.325830+0000 mon.smithi033 (mon.0) 48 : audit [INF] from='mgr.14116 172.21.15.33:0/3284266066' entity='mgr.smithi033.rohlfg' cmd=[{"prefix":"config rm","who":"mgr","name":"mgr/rbd_support/smithi033.rohlfg/trash_purge_schedule"}]: dispatch
2023-11-15T06:13:18.538 INFO:teuthology.orchestra.run.smithi033.stderr:mgr epoch 5 is available
2023-11-15T06:13:18.538 INFO:teuthology.orchestra.run.smithi033.stderr:Setting orchestrator backend to cephadm...
2023-11-15T06:13:18.538 INFO:teuthology.orchestra.run.smithi033.stderr:Running command: /bin/podman run --rm --ipc=host --no-hosts --net=host --entrypoint /usr/bin/ceph --init -e CONTAINER_IMAGE=docker.io/ceph/ceph:v16.2.4 -e NODE_NAME=smithi033 -e CEPH_USE_RANDOM_NONCE=1 -v /var/log/ceph/f3c64a1e-837d-11ee-8dbe-212e2dc638e7:/var/log/ceph:z -v /tmp/ceph-tmp4v9urkxz:/etc/ceph/ceph.client.admin.keyring:z -v /tmp/ceph-tmpc7vdk3yj:/etc/ceph/ceph.conf:z docker.io/ceph/ceph:v16.2.4 orch set backend cephadm
2023-11-15T06:13:18.913 INFO:teuthology.orchestra.run.smithi033.stderr:/usr/bin/ceph:
2023-11-15T06:13:18.911+0000 7f9825f52700 1 Processor -- start
2023-11-15T06:13:18.913 INFO:teuthology.orchestra.run.smithi033.stderr:/usr/bin/ceph:
2023-11-15T06:13:18.911+0000 7f9825f52700 1 -- start start
2023-11-15T06:13:18.913 INFO:teuthology.orchestra.run.smithi033.stderr:/usr/bin/ceph:
2023-11-15T06:13:18.911+0000 7f9825f52700 1 --2- >> [v2:172.21.15.33:3300/0,v1:172.21.15.33:6789/0] conn(0x7f98200724b0 0x7f9820070a50 unknown :-1 s=NONE pgs=0 cs=0 l=0 rev1=0 rx=0 tx=0).connect
2023-11-15T06:13:18.914 INFO:teuthology.orchestra.run.smithi033.stderr:/usr/bin/ceph:
2023-11-15T06:13:18.911+0000 7f9825f52700 1 -- --> [v2:172.21.15.33:3300/0,v1:172.21.15.33:6789/0] -- mon_getmap magic: 0 v1 -- 0x7f98200728d0 con 0x7f98200724b0
2023-11-15T06:13:18.918 INFO:teuthology.orchestra.run.smithi033.stderr:/usr/bin/ceph:
2023-11-15T06:13:18.911+0000 7f981f7fe700 1 --2- >> [v2:172.21.15.33:3300/0,v1:172.21.15.33:6789/0] conn(0x7f98200724b0 0x7f9820070a50 unknown :-1 s=BANNER_CONNECTING pgs=0 cs=0 l=0 rev1=0 rx=0 tx=0)._handle_peer_banner_payload supported=1 required=0
2023-11-15T06:13:18.919 INFO:teuthology.orchestra.run.smithi033.stderr:/usr/bin/ceph:
2023-11-15T06:13:18.911+0000 7f981f7fe700 1 --2- >> [v2:172.21.15.33:3300/0,v1:172.21.15.33:6789/0] conn(0x7f98200724b0 0x7f9820070a50 unknown :-1 s=HELLO_CONNECTING pgs=0 cs=0 l=0 rev1=1 rx=0 tx=0).handle_hello peer v2:172.21.15.33:3300/0 says I am v2:172.21.15.33:56634/0 (socket says 172.21.15.33:56634)
2023-11-15T06:13:18.919 INFO:teuthology.orchestra.run.smithi033.stderr:/usr/bin/ceph:
2023-11-15T06:13:18.911+0000 7f981f7fe700 1 -- 172.21.15.33:0/1302510866 learned_addr learned my addr 172.21.15.33:0/1302510866 (peer_addr_for_me v2:172.21.15.33:0/0)
2023-11-15T06:13:18.919 INFO:teuthology.orchestra.run.smithi033.stderr:/usr/bin/ceph:
2023-11-15T06:13:18.912+0000 7f981f7fe700 1 -- 172.21.15.33:0/1302510866 --> [v2:172.21.15.33:3300/0,v1:172.21.15.33:6789/0] -- mon_subscribe({config=0+,monmap=0+}) v3 -- 0x7f9820070f40 con 0x7f98200724b0
2023-11-15T06:13:18.919 INFO:teuthology.orchestra.run.smithi033.stderr:/usr/bin/ceph:
2023-11-15T06:13:18.912+0000 7f981f7fe700 1 --2- 172.21.15.33:0/1302510866 >> [v2:172.21.15.33:3300/0,v1:172.21.15.33:6789/0] conn(0x7f98200724b0 0x7f9820070a50 secure :-1 s=READY pgs=31 cs=0 l=1 rev1=1 rx=0x7f981000b5f0 tx=0x7f9810006ee0).ready entity=mon.0 client_cookie=2d89560ff0bdc2a2 server_cookie=0 in_seq=0 out_seq=0
2023-11-15T06:13:18.920 INFO:teuthology.orchestra.run.smithi033.stderr:/usr/bin/ceph:
2023-11-15T06:13:18.912+0000 7f981e7fc700 1 -- 172.21.15.33:0/1302510866 <== mon.0 v2:172.21.15.33:3300/0 1 ==== mon_map magic: 0 v1 ==== 229+0+0 (secure 0 0 0) 0x7f981000d600 con 0x7f98200724b0
2023-11-15T06:13:18.920 INFO:teuthology.orchestra.run.smithi033.stderr:/usr/bin/ceph:
2023-11-15T06:13:18.912+0000 7f981e7fc700 1 -- 172.21.15.33:0/1302510866 <== mon.0 v2:172.21.15.33:3300/0 2 ==== config(25 keys) v1 ==== 1010+0+0 (secure 0 0 0) 0x7f981000dbd0 con 0x7f98200724b0
2023-11-15T06:13:18.920 INFO:teuthology.orchestra.run.smithi033.stderr:/usr/bin/ceph:
2023-11-15T06:13:18.912+0000 7f981e7fc700 1 -- 172.21.15.33:0/1302510866 <== mon.0 v2:172.21.15.33:3300/0 3 ==== mon_map magic: 0 v1 ==== 229+0+0 (secure 0 0 0) 0x7f9810011c00 con 0x7f98200724b0
2023-11-15T06:13:18.920 INFO:teuthology.orchestra.run.smithi033.stderr:/usr/bin/ceph:
2023-11-15T06:13:18.913+0000 7f9825f52700 1 -- 172.21.15.33:0/1302510866 >> [v2:172.21.15.33:3300/0,v1:172.21.15.33:6789/0] conn(0x7f98200724b0 msgr2=0x7f9820070a50 secure :-1 s=STATE_CONNECTION_ESTABLISHED l=1).mark_down
2023-11-15T06:13:18.921 INFO:teuthology.orchestra.run.smithi033.stderr:/usr/bin/ceph:
2023-11-15T06:13:18.913+0000 7f9825f52700 1 --2- 172.21.15.33:0/1302510866 >> [v2:172.21.15.33:3300/0,v1:172.21.15.33:6789/0] conn(0x7f98200724b0 0x7f9820070a50 secure :-1 s=READY pgs=31 cs=0 l=1 rev1=1 rx=0x7f981000b5f0 tx=0x7f9810006ee0).stop
2023-11-15T06:13:18.921 INFO:teuthology.orchestra.run.smithi033.stderr:/usr/bin/ceph:
2023-11-15T06:13:18.913+0000 7f9825f52700 1 -- 172.21.15.33:0/1302510866 shutdown_connections
2023-11-15T06:13:18.921 INFO:teuthology.orchestra.run.smithi033.stderr:/usr/bin/ceph:
2023-11-15T06:13:18.913+0000 7f9825f52700 1 --2- 172.21.15.33:0/1302510866 >> [v2:172.21.15.33:3300/0,v1:172.21.15.33:6789/0] conn(0x7f98200724b0 0x7f9820070a50 unknown :-1 s=CLOSED pgs=31 cs=0 l=1 rev1=1 rx=0 tx=0).stop
2023-11-15T06:13:18.922 INFO:teuthology.orchestra.run.smithi033.stderr:/usr/bin/ceph:
2023-11-15T06:13:18.913+0000 7f9825f52700 1 -- 172.21.15.33:0/1302510866 >> 172.21.15.33:0/1302510866 conn(0x7f98200f74c0 msgr2=0x7f98200f98e0 unknown :-1 s=STATE_NONE l=0).mark_down
2023-11-15T06:13:18.922 INFO:teuthology.orchestra.run.smithi033.stderr:/usr/bin/ceph:
2023-11-15T06:13:18.913+0000 7f9825f52700 1 -- 172.21.15.33:0/1302510866 shutdown_connections
2023-11-15T06:13:18.922 INFO:teuthology.orchestra.run.smithi033.stderr:/usr/bin/ceph:
2023-11-15T06:13:18.913+0000 7f9825f52700 1 -- 172.21.15.33:0/1302510866 wait complete.
2023-11-15T06:13:18.922 INFO:teuthology.orchestra.run.smithi033.stderr:/usr/bin/ceph:
2023-11-15T06:13:18.914+0000 7f9825f52700 1 Processor -- start
2023-11-15T06:13:18.923 INFO:teuthology.orchestra.run.smithi033.stderr:/usr/bin/ceph:
2023-11-15T06:13:18.914+0000 7f9825f52700 1 -- start start
2023-11-15T06:13:18.923 INFO:teuthology.orchestra.run.smithi033.stderr:/usr/bin/ceph:
2023-11-15T06:13:18.914+0000 7f9825f52700 1 --2- >> [v2:172.21.15.33:3300/0,v1:172.21.15.33:6789/0] conn(0x7f98200724b0 0x7f982010cd00 unknown :-1 s=NONE pgs=0 cs=0 l=1 rev1=0 rx=0 tx=0).connect
2023-11-15T06:13:18.923 INFO:teuthology.orchestra.run.smithi033.stderr:/usr/bin/ceph:
2023-11-15T06:13:18.914+0000 7f9825f52700 1 -- --> [v2:172.21.15.33:3300/0,v1:172.21.15.33:6789/0] -- mon_getmap magic: 0 v1 -- 0x7f982010d1f0 con 0x7f98200724b0
2023-11-15T06:13:18.923 INFO:teuthology.orchestra.run.smithi033.stderr:/usr/bin/ceph:
2023-11-15T06:13:18.914+0000 7f981f7fe700 1 --2- >> [v2:172.21.15.33:3300/0,v1:172.21.15.33:6789/0] conn(0x7f98200724b0 0x7f982010cd00 unknown :-1 s=BANNER_CONNECTING pgs=0 cs=0 l=1 rev1=0 rx=0 tx=0)._handle_peer_banner_payload supported=1 required=0
2023-11-15T06:13:18.923 INFO:teuthology.orchestra.run.smithi033.stderr:/usr/bin/ceph:
2023-11-15T06:13:18.914+0000 7f981f7fe700 1 --2- >> [v2:172.21.15.33:3300/0,v1:172.21.15.33:6789/0] conn(0x7f98200724b0 0x7f982010cd00 unknown :-1 s=HELLO_CONNECTING pgs=0 cs=0 l=1 rev1=1 rx=0 tx=0).handle_hello peer v2:172.21.15.33:3300/0 says I am v2:172.21.15.33:56638/0 (socket says 172.21.15.33:56638)
2023-11-15T06:13:18.924 INFO:teuthology.orchestra.run.smithi033.stderr:/usr/bin/ceph:
2023-11-15T06:13:18.914+0000 7f981f7fe700 1 -- 172.21.15.33:0/1693151578 learned_addr learned my addr 172.21.15.33:0/1693151578 (peer_addr_for_me v2:172.21.15.33:0/0)
2023-11-15T06:13:18.924 INFO:teuthology.orchestra.run.smithi033.stderr:/usr/bin/ceph:
2023-11-15T06:13:18.914+0000 7f981f7fe700 1 -- 172.21.15.33:0/1693151578 --> [v2:172.21.15.33:3300/0,v1:172.21.15.33:6789/0] -- mon_subscribe({config=0+,monmap=0+}) v3 -- 0x7f981000b200 con 0x7f98200724b0
2023-11-15T06:13:18.924 INFO:teuthology.orchestra.run.smithi033.stderr:/usr/bin/ceph:
2023-11-15T06:13:18.915+0000 7f981f7fe700 1 --2- 172.21.15.33:0/1693151578 >> [v2:172.21.15.33:3300/0,v1:172.21.15.33:6789/0] conn(0x7f98200724b0 0x7f982010cd00 secure :-1 s=READY pgs=32 cs=0 l=1 rev1=1 rx=0x7f981000e040 tx=0x7f9810006ee0).ready entity=mon.0 client_cookie=0 server_cookie=0 in_seq=0 out_seq=0
2023-11-15T06:13:18.924 INFO:teuthology.orchestra.run.smithi033.stderr:/usr/bin/ceph:
2023-11-15T06:13:18.915+0000 7f9807fff700 1 -- 172.21.15.33:0/1693151578 <== mon.0 v2:172.21.15.33:3300/0 1 ==== mon_map magic: 0 v1 ==== 229+0+0 (secure 0 0 0) 0x7f981000d9f0 con 0x7f98200724b0
2023-11-15T06:13:18.925 INFO:teuthology.orchestra.run.smithi033.stderr:/usr/bin/ceph:
2023-11-15T06:13:18.915+0000 7f9807fff700 1 -- 172.21.15.33:0/1693151578 <== mon.0 v2:172.21.15.33:3300/0 2 ==== config(25 keys) v1 ==== 1010+0+0 (secure 0 0 0) 0x7f981001a9f0 con 0x7f98200724b0
2023-11-15T06:13:18.925 INFO:teuthology.orchestra.run.smithi033.stderr:/usr/bin/ceph:
2023-11-15T06:13:18.915+0000 7f9825f52700 1 -- 172.21.15.33:0/1693151578 --> [v2:172.21.15.33:3300/0,v1:172.21.15.33:6789/0] -- mon_subscribe({mgrmap=0+}) v3 -- 0x7f982010d3f0 con 0x7f98200724b0
2023-11-15T06:13:18.925 INFO:teuthology.orchestra.run.smithi033.stderr:/usr/bin/ceph:
2023-11-15T06:13:18.915+0000 7f9807fff700 1 -- 172.21.15.33:0/1693151578 <== mon.0 v2:172.21.15.33:3300/0 3 ==== mon_map magic: 0 v1 ==== 229+0+0 (secure 0 0 0) 0x7f981001b8c0 con 0x7f98200724b0
2023-11-15T06:13:18.925 INFO:teuthology.orchestra.run.smithi033.stderr:/usr/bin/ceph:
2023-11-15T06:13:18.915+0000 7f9825f52700 1 -- 172.21.15.33:0/1693151578 --> [v2:172.21.15.33:3300/0,v1:172.21.15.33:6789/0] -- mon_subscribe({osdmap=0}) v3 -- 0x7f982010d800 con 0x7f98200724b0
2023-11-15T06:13:18.925 INFO:teuthology.orchestra.run.smithi033.stderr:/usr/bin/ceph:
2023-11-15T06:13:18.916+0000 7f9807fff700 1 -- 172.21.15.33:0/1693151578 <== mon.0 v2:172.21.15.33:3300/0 4 ==== mgrmap(e 7) v1 ==== 36040+0+0 (secure 0 0 0) 0x7f981000f070 con 0x7f98200724b0
2023-11-15T06:13:18.926 INFO:teuthology.orchestra.run.smithi033.stderr:/usr/bin/ceph:
2023-11-15T06:13:18.916+0000 7f9807fff700 1 --2- 172.21.15.33:0/1693151578 >> [v2:172.21.15.33:6800/2954676345,v1:172.21.15.33:6801/2954676345] conn(0x7f980c02fd10 0x7f980c0321d0 unknown :-1 s=NONE pgs=0 cs=0 l=1 rev1=0 rx=0 tx=0).connect
2023-11-15T06:13:18.926 INFO:teuthology.orchestra.run.smithi033.stderr:/usr/bin/ceph:
2023-11-15T06:13:18.916+0000 7f9825f52700 1 -- 172.21.15.33:0/1693151578 --> [v2:172.21.15.33:3300/0,v1:172.21.15.33:6789/0] -- mon_command({"prefix": "get_command_descriptions"} v 0) v1 -- 0x7f9820045ad0 con 0x7f98200724b0
2023-11-15T06:13:18.926 INFO:teuthology.orchestra.run.smithi033.stderr:/usr/bin/ceph:
2023-11-15T06:13:18.916+0000 7f9807fff700 1 -- 172.21.15.33:0/1693151578 <== mon.0 v2:172.21.15.33:3300/0 5 ==== osd_map(2..2 src has 1..2) v4 ==== 926+0+0 (secure 0 0 0) 0x7f98100412b0 con 0x7f98200724b0
2023-11-15T06:13:18.926 INFO:teuthology.orchestra.run.smithi033.stderr:/usr/bin/ceph:
2023-11-15T06:13:18.916+0000 7f981effd700 1 --2- 172.21.15.33:0/1693151578 >> [v2:172.21.15.33:6800/2954676345,v1:172.21.15.33:6801/2954676345] conn(0x7f980c02fd10 0x7f980c0321d0 unknown :-1 s=BANNER_CONNECTING pgs=0 cs=0 l=1 rev1=0 rx=0 tx=0)._handle_peer_banner_payload supported=1 required=0
2023-11-15T06:13:18.927 INFO:teuthology.orchestra.run.smithi033.stderr:/usr/bin/ceph:
2023-11-15T06:13:18.916+0000 7f981effd700 1 --2- 172.21.15.33:0/1693151578 >> [v2:172.21.15.33:6800/2954676345,v1:172.21.15.33:6801/2954676345] conn(0x7f980c02fd10 0x7f980c0321d0 secure :-1 s=READY pgs=6 cs=0 l=1 rev1=1 rx=0x7f98140096a0 tx=0x7f9814006b40).ready entity=mgr.14116 client_cookie=0 server_cookie=0 in_seq=0 out_seq=0
2023-11-15T06:13:18.927 INFO:teuthology.orchestra.run.smithi033.stderr:/usr/bin/ceph:
2023-11-15T06:13:18.921+0000 7f9807fff700 1 -- 172.21.15.33:0/1693151578 <== mon.0 v2:172.21.15.33:3300/0 6 ==== mon_command_ack([{"prefix": "get_command_descriptions"}]=0 v0) v1 ==== 72+0+152212 (secure 0 0 0) 0x7f9810016070 con 0x7f98200724b0
2023-11-15T06:13:19.120 INFO:teuthology.orchestra.run.smithi033.stderr:/usr/bin/ceph:
2023-11-15T06:13:19.119+0000 7f9825f52700 1 -- 172.21.15.33:0/1693151578 --> [v2:172.21.15.33:6800/2954676345,v1:172.21.15.33:6801/2954676345] -- mgr_command(tid 0: {"prefix": "orch set backend", "module_name": "cephadm", "target": ["mon-mgr", ""]}) v1 -- 0x7f982010df30 con 0x7f980c02fd10
2023-11-15T06:13:19.126 INFO:teuthology.orchestra.run.smithi033.stderr:/usr/bin/ceph:
2023-11-15T06:13:19.125+0000 7f9807fff700 1 -- 172.21.15.33:0/1693151578 <== mgr.14116 v2:172.21.15.33:6800/2954676345 1 ==== mgr_command_reply(tid 0: 0 ) v1 ==== 8+0+0 (secure 0 0 0) 0x7f982010df30 con 0x7f980c02fd10
2023-11-15T06:13:19.130 INFO:teuthology.orchestra.run.smithi033.stderr:/usr/bin/ceph:
2023-11-15T06:13:19.128+0000 7f9825f52700 1 -- 172.21.15.33:0/1693151578 >> [v2:172.21.15.33:6800/2954676345,v1:172.21.15.33:6801/2954676345] conn(0x7f980c02fd10 msgr2=0x7f980c0321d0 secure :-1 s=STATE_CONNECTION_ESTABLISHED l=1).mark_down
2023-11-15T06:13:19.130 INFO:teuthology.orchestra.run.smithi033.stderr:/usr/bin/ceph:
2023-11-15T06:13:19.128+0000 7f9825f52700 1 --2- 172.21.15.33:0/1693151578 >> [v2:172.21.15.33:6800/2954676345,v1:172.21.15.33:6801/2954676345] conn(0x7f980c02fd10 0x7f980c0321d0 secure :-1 s=READY pgs=6 cs=0 l=1 rev1=1 rx=0x7f98140096a0 tx=0x7f9814006b40).stop
2023-11-15T06:13:19.131 INFO:teuthology.orchestra.run.smithi033.stderr:/usr/bin/ceph:
2023-11-15T06:13:19.128+0000 7f9825f52700 1 -- 172.21.15.33:0/1693151578 >> [v2:172.21.15.33:3300/0,v1:172.21.15.33:6789/0] conn(0x7f98200724b0 msgr2=0x7f982010cd00 secure :-1 s=STATE_CONNECTION_ESTABLISHED l=1).mark_down
2023-11-15T06:13:19.131 INFO:teuthology.orchestra.run.smithi033.stderr:/usr/bin/ceph:
2023-11-15T06:13:19.128+0000 7f9825f52700 1 --2- 172.21.15.33:0/1693151578 >> [v2:172.21.15.33:3300/0,v1:172.21.15.33:6789/0] conn(0x7f98200724b0 0x7f982010cd00 secure :-1 s=READY pgs=32 cs=0 l=1 rev1=1 rx=0x7f981000e040 tx=0x7f9810006ee0).stop
2023-11-15T06:13:19.131 INFO:teuthology.orchestra.run.smithi033.stderr:/usr/bin/ceph:
2023-11-15T06:13:19.128+0000 7f9825f52700 1 -- 172.21.15.33:0/1693151578 shutdown_connections
2023-11-15T06:13:19.131 INFO:teuthology.orchestra.run.smithi033.stderr:/usr/bin/ceph:
2023-11-15T06:13:19.128+0000 7f9825f52700 1 --2- 172.21.15.33:0/1693151578 >> [v2:172.21.15.33:6800/2954676345,v1:172.21.15.33:6801/2954676345] conn(0x7f980c02fd10 0x7f980c0321d0 unknown :-1 s=CLOSED pgs=6 cs=0 l=1 rev1=1 rx=0 tx=0).stop
2023-11-15T06:13:19.131 INFO:teuthology.orchestra.run.smithi033.stderr:/usr/bin/ceph:
2023-11-15T06:13:19.128+0000 7f9825f52700 1 --2- 172.21.15.33:0/1693151578 >> [v2:172.21.15.33:3300/0,v1:172.21.15.33:6789/0] conn(0x7f98200724b0 0x7f982010cd00 unknown :-1 s=CLOSED pgs=32 cs=0 l=1 rev1=1 rx=0 tx=0).stop
2023-11-15T06:13:19.132 INFO:teuthology.orchestra.run.smithi033.stderr:/usr/bin/ceph:
2023-11-15T06:13:19.128+0000 7f9825f52700 1 -- 172.21.15.33:0/1693151578 >> 172.21.15.33:0/1693151578 conn(0x7f98200f74c0 msgr2=0x7f98200f9000 unknown :-1 s=STATE_NONE l=0).mark_down
2023-11-15T06:13:19.132 INFO:teuthology.orchestra.run.smithi033.stderr:/usr/bin/ceph:
2023-11-15T06:13:19.128+0000 7f9825f52700 1 -- 172.21.15.33:0/1693151578 shutdown_connections
2023-11-15T06:13:19.132 INFO:teuthology.orchestra.run.smithi033.stderr:/usr/bin/ceph:
2023-11-15T06:13:19.128+0000 7f9825f52700 1 -- 172.21.15.33:0/1693151578 wait complete.
2023-11-15T06:13:19.478 INFO:journalctl@ceph.mon.smithi033.smithi033.stdout:Nov 15 06:13:19 smithi033 ceph-f3c64a1e-837d-11ee-8dbe-212e2dc638e7-mon.smithi033[112400]: audit
2023-11-15T06:13:18.174937+0000 mgr.smithi033.rohlfg (mgr.14116) 1 : audit [DBG] from='client.14120 -' entity='client.admin' cmd=[{"prefix": "get_command_descriptions"}]: dispatch
2023-11-15T06:13:19.478 INFO:journalctl@ceph.mon.smithi033.smithi033.stdout:Nov 15 06:13:19 smithi033 ceph-f3c64a1e-837d-11ee-8dbe-212e2dc638e7-mon.smithi033[112400]: cluster
2023-11-15T06:13:18.175443+0000 mon.smithi033 (mon.0) 49 : cluster [DBG] mgrmap e7: smithi033.rohlfg(active, since 1.06149s)
2023-11-15T06:13:19.478 INFO:journalctl@ceph.mon.smithi033.smithi033.stdout:Nov 15 06:13:19 smithi033 ceph-f3c64a1e-837d-11ee-8dbe-212e2dc638e7-mon.smithi033[112400]: audit
2023-11-15T06:13:18.182376+0000 mgr.smithi033.rohlfg (mgr.14116) 2 : audit [DBG] from='client.14120 -' entity='client.admin' cmd=[{"prefix": "mgr_status"}]: dispatch
2023-11-15T06:13:19.479 INFO:journalctl@ceph.mon.smithi033.smithi033.stdout:Nov 15 06:13:19 smithi033 ceph-f3c64a1e-837d-11ee-8dbe-212e2dc638e7-mon.smithi033[112400]: audit
2023-11-15T06:13:19.125149+0000 mon.smithi033 (mon.0) 50 : audit [INF] from='mgr.14116 172.21.15.33:0/3284266066' entity='mgr.smithi033.rohlfg'
2023-11-15T06:13:19.479 INFO:journalctl@ceph.mon.smithi033.smithi033.stdout:Nov 15 06:13:19 smithi033 ceph-f3c64a1e-837d-11ee-8dbe-212e2dc638e7-mon.smithi033[112400]: audit
2023-11-15T06:13:19.129394+0000 mon.smithi033 (mon.0) 51 : audit [DBG] from='mgr.14116 172.21.15.33:0/3284266066' entity='mgr.smithi033.rohlfg' cmd=[{"prefix": "config dump", "format": "json"}]: dispatch
2023-11-15T06:13:20.728 INFO:journalctl@ceph.mon.smithi033.smithi033.stdout:Nov 15 06:13:20 smithi033 ceph-f3c64a1e-837d-11ee-8dbe-212e2dc638e7-mon.smithi033[112400]: audit
2023-11-15T06:13:19.120657+0000 mgr.smithi033.rohlfg (mgr.14116) 3 : audit [DBG] from='client.14126 -' entity='client.admin' cmd=[{"prefix": "orch set backend", "module_name": "cephadm", "target": ["mon-mgr", ""]}]: dispatch
2023-11-15T06:13:20.728 INFO:journalctl@ceph.mon.smithi033.smithi033.stdout:Nov 15 06:13:20 smithi033 ceph-f3c64a1e-837d-11ee-8dbe-212e2dc638e7-mon.smithi033[112400]: cluster
2023-11-15T06:13:20.126415+0000 mon.smithi033 (mon.0) 52 : cluster [DBG] mgrmap e8: smithi033.rohlfg(active, since 3s)
2023-11-15T06:13:20.944 INFO:teuthology.orchestra.run.smithi033.stderr:Running command: /bin/podman run --rm --ipc=host --no-hosts --net=host --entrypoint /usr/bin/ceph --init -e CONTAINER_IMAGE=docker.io/ceph/ceph:v16.2.4 -e NODE_NAME=smithi033 -e CEPH_USE_RANDOM_NONCE=1 -v /var/log/ceph/f3c64a1e-837d-11ee-8dbe-212e2dc638e7:/var/log/ceph:z -v /tmp/ceph-tmp4v9urkxz:/etc/ceph/ceph.client.admin.keyring:z -v /tmp/ceph-tmpc7vdk3yj:/etc/ceph/ceph.conf:z docker.io/ceph/ceph:v16.2.4 cephadm set-user root
2023-11-15T06:13:21.913 INFO:teuthology.orchestra.run.smithi033.stderr:/usr/bin/ceph:
2023-11-15T06:13:21.877+0000 7f722f59e700 1 Processor -- start
2023-11-15T06:13:21.913 INFO:teuthology.orchestra.run.smithi033.stderr:/usr/bin/ceph:
2023-11-15T06:13:21.877+0000 7f722f59e700 1 -- start start
2023-11-15T06:13:21.913 INFO:teuthology.orchestra.run.smithi033.stderr:/usr/bin/ceph:
2023-11-15T06:13:21.877+0000 7f722f59e700 1 --2- >> [v2:172.21.15.33:3300/0,v1:172.21.15.33:6789/0] conn(0x7f72300fa9d0 0x7f72300fadf0 unknown :-1 s=NONE pgs=0 cs=0 l=0 rev1=0 rx=0 tx=0).connect
2023-11-15T06:13:21.914 INFO:teuthology.orchestra.run.smithi033.stderr:/usr/bin/ceph:
2023-11-15T06:13:21.877+0000 7f722f59e700 1 -- --> [v2:172.21.15.33:3300/0,v1:172.21.15.33:6789/0] -- mon_getmap magic: 0 v1 -- 0x7f72300fb2e0 con 0x7f72300fa9d0
2023-11-15T06:13:21.914 INFO:teuthology.orchestra.run.smithi033.stderr:/usr/bin/ceph:
2023-11-15T06:13:21.877+0000 7f722e59c700 1 --2- >> [v2:172.21.15.33:3300/0,v1:172.21.15.33:6789/0] conn(0x7f72300fa9d0 0x7f72300fadf0 unknown :-1 s=BANNER_CONNECTING pgs=0 cs=0 l=0 rev1=0 rx=0 tx=0)._handle_peer_banner_payload supported=1 required=0
2023-11-15T06:13:21.914 INFO:teuthology.orchestra.run.smithi033.stderr:/usr/bin/ceph:
2023-11-15T06:13:21.877+0000 7f722e59c700 1 --2- >> [v2:172.21.15.33:3300/0,v1:172.21.15.33:6789/0] conn(0x7f72300fa9d0 0x7f72300fadf0 unknown :-1 s=HELLO_CONNECTING pgs=0 cs=0 l=0 rev1=1 rx=0 tx=0).handle_hello peer v2:172.21.15.33:3300/0 says I am v2:172.21.15.33:56652/0 (socket says 172.21.15.33:56652)
2023-11-15T06:13:21.914 INFO:teuthology.orchestra.run.smithi033.stderr:/usr/bin/ceph:
2023-11-15T06:13:21.877+0000 7f722e59c700 1 -- 172.21.15.33:0/4070257048 learned_addr learned my addr 172.21.15.33:0/4070257048 (peer_addr_for_me v2:172.21.15.33:0/0)
2023-11-15T06:13:21.915 INFO:teuthology.orchestra.run.smithi033.stderr:/usr/bin/ceph:
2023-11-15T06:13:21.878+0000 7f722e59c700 1 -- 172.21.15.33:0/4070257048 --> [v2:172.21.15.33:3300/0,v1:172.21.15.33:6789/0] -- mon_subscribe({config=0+,monmap=0+}) v3 -- 0x7f72300fb420 con 0x7f72300fa9d0
2023-11-15T06:13:21.915 INFO:teuthology.orchestra.run.smithi033.stderr:/usr/bin/ceph:
2023-11-15T06:13:21.878+0000 7f722e59c700 1 --2- 172.21.15.33:0/4070257048 >> [v2:172.21.15.33:3300/0,v1:172.21.15.33:6789/0] conn(0x7f72300fa9d0 0x7f72300fadf0 secure :-1 s=READY pgs=33 cs=0 l=1 rev1=1 rx=0x7f722000b5f0 tx=0x7f7220006ee0).ready entity=mon.0 client_cookie=6373ee211261b5b server_cookie=0 in_seq=0 out_seq=0
2023-11-15T06:13:21.915 INFO:teuthology.orchestra.run.smithi033.stderr:/usr/bin/ceph:
2023-11-15T06:13:21.878+0000 7f722d59a700 1 -- 172.21.15.33:0/4070257048 <== mon.0 v2:172.21.15.33:3300/0 1 ==== mon_map magic: 0 v1 ==== 229+0+0 (secure 0 0 0) 0x7f722000d600 con 0x7f72300fa9d0
2023-11-15T06:13:21.915 INFO:teuthology.orchestra.run.smithi033.stderr:/usr/bin/ceph:
2023-11-15T06:13:21.878+0000 7f722d59a700 1 -- 172.21.15.33:0/4070257048 <== mon.0 v2:172.21.15.33:3300/0 2 ==== config(25 keys) v1 ==== 1010+0+0 (secure 0 0 0) 0x7f722000dbd0 con 0x7f72300fa9d0
2023-11-15T06:13:21.915 INFO:teuthology.orchestra.run.smithi033.stderr:/usr/bin/ceph:
2023-11-15T06:13:21.878+0000 7f722d59a700 1 -- 172.21.15.33:0/4070257048 <== mon.0 v2:172.21.15.33:3300/0 3 ==== mon_map magic: 0 v1 ==== 229+0+0 (secure 0 0 0) 0x7f7220011c00 con 0x7f72300fa9d0
2023-11-15T06:13:21.915 INFO:teuthology.orchestra.run.smithi033.stderr:/usr/bin/ceph:
2023-11-15T06:13:21.878+0000 7f722f59e700 1 -- 172.21.15.33:0/4070257048 >> [v2:172.21.15.33:3300/0,v1:172.21.15.33:6789/0] conn(0x7f72300fa9d0 msgr2=0x7f72300fadf0 secure :-1 s=STATE_CONNECTION_ESTABLISHED l=1).mark_down
2023-11-15T06:13:21.916 INFO:teuthology.orchestra.run.smithi033.stderr:/usr/bin/ceph:
2023-11-15T06:13:21.878+0000 7f722f59e700 1 --2- 172.21.15.33:0/4070257048 >> [v2:172.21.15.33:3300/0,v1:172.21.15.33:6789/0] conn(0x7f72300fa9d0 0x7f72300fadf0 secure :-1 s=READY pgs=33 cs=0 l=1 rev1=1 rx=0x7f722000b5f0 tx=0x7f7220006ee0).stop
2023-11-15T06:13:21.916 INFO:teuthology.orchestra.run.smithi033.stderr:/usr/bin/ceph:
2023-11-15T06:13:21.879+0000 7f722f59e700 1 -- 172.21.15.33:0/4070257048 shutdown_connections
2023-11-15T06:13:21.916 INFO:teuthology.orchestra.run.smithi033.stderr:/usr/bin/ceph:
2023-11-15T06:13:21.879+0000 7f722f59e700 1 --2- 172.21.15.33:0/4070257048 >> [v2:172.21.15.33:3300/0,v1:172.21.15.33:6789/0] conn(0x7f72300fa9d0 0x7f72300fadf0 unknown :-1 s=CLOSED pgs=33 cs=0 l=1 rev1=1 rx=0 tx=0).stop
2023-11-15T06:13:21.916 INFO:teuthology.orchestra.run.smithi033.stderr:/usr/bin/ceph:
2023-11-15T06:13:21.879+0000 7f722f59e700 1 -- 172.21.15.33:0/4070257048 >> 172.21.15.33:0/4070257048 conn(0x7f72300f6210 msgr2=0x7f72300f8630 unknown :-1 s=STATE_NONE l=0).mark_down
2023-11-15T06:13:21.916 INFO:teuthology.orchestra.run.smithi033.stderr:/usr/bin/ceph:
2023-11-15T06:13:21.879+0000 7f722f59e700 1 -- 172.21.15.33:0/4070257048 shutdown_connections
2023-11-15T06:13:21.917 INFO:teuthology.orchestra.run.smithi033.stderr:/usr/bin/ceph:
2023-11-15T06:13:21.879+0000 7f722f59e700 1 -- 172.21.15.33:0/4070257048 wait complete.
2023-11-15T06:13:21.917 INFO:teuthology.orchestra.run.smithi033.stderr:/usr/bin/ceph:
2023-11-15T06:13:21.879+0000 7f722f59e700 1 Processor -- start
2023-11-15T06:13:21.917 INFO:teuthology.orchestra.run.smithi033.stderr:/usr/bin/ceph:
2023-11-15T06:13:21.879+0000 7f722f59e700 1 -- start start
2023-11-15T06:13:21.917 INFO:teuthology.orchestra.run.smithi033.stderr:/usr/bin/ceph:
2023-11-15T06:13:21.879+0000 7f722f59e700 1 --2- >> [v2:172.21.15.33:3300/0,v1:172.21.15.33:6789/0] conn(0x7f72300fa9d0 0x7f723010ca00 unknown :-1 s=NONE pgs=0 cs=0 l=1 rev1=0 rx=0 tx=0).connect
2023-11-15T06:13:21.917 INFO:teuthology.orchestra.run.smithi033.stderr:/usr/bin/ceph:
2023-11-15T06:13:21.879+0000 7f722f59e700 1 -- --> [v2:172.21.15.33:3300/0,v1:172.21.15.33:6789/0] -- mon_getmap magic: 0 v1 -- 0x7f723010cef0 con 0x7f72300fa9d0
2023-11-15T06:13:21.918 INFO:teuthology.orchestra.run.smithi033.stderr:/usr/bin/ceph:
2023-11-15T06:13:21.879+0000 7f722e59c700 1 --2- >> [v2:172.21.15.33:3300/0,v1:172.21.15.33:6789/0] conn(0x7f72300fa9d0 0x7f723010ca00 unknown :-1 s=BANNER_CONNECTING pgs=0 cs=0 l=1 rev1=0 rx=0 tx=0)._handle_peer_banner_payload supported=1 required=0
2023-11-15T06:13:21.918 INFO:teuthology.orchestra.run.smithi033.stderr:/usr/bin/ceph:
2023-11-15T06:13:21.880+0000 7f722e59c700 1 --2- >> [v2:172.21.15.33:3300/0,v1:172.21.15.33:6789/0] conn(0x7f72300fa9d0 0x7f723010ca00 unknown :-1 s=HELLO_CONNECTING pgs=0 cs=0 l=1 rev1=1 rx=0 tx=0).handle_hello peer v2:172.21.15.33:3300/0 says I am v2:172.21.15.33:56658/0 (socket says 172.21.15.33:56658)
2023-11-15T06:13:21.918 INFO:teuthology.orchestra.run.smithi033.stderr:/usr/bin/ceph:
2023-11-15T06:13:21.880+0000 7f722e59c700 1 -- 172.21.15.33:0/2321343221 learned_addr learned my addr 172.21.15.33:0/2321343221 (peer_addr_for_me v2:172.21.15.33:0/0)
2023-11-15T06:13:21.918 INFO:teuthology.orchestra.run.smithi033.stderr:/usr/bin/ceph:
2023-11-15T06:13:21.880+0000 7f722e59c700 1 -- 172.21.15.33:0/2321343221 --> [v2:172.21.15.33:3300/0,v1:172.21.15.33:6789/0] -- mon_subscribe({config=0+,monmap=0+}) v3 -- 0x7f722000b200 con 0x7f72300fa9d0
2023-11-15T06:13:21.919 INFO:teuthology.orchestra.run.smithi033.stderr:/usr/bin/ceph:
2023-11-15T06:13:21.880+0000 7f722e59c700 1 --2- 172.21.15.33:0/2321343221 >> [v2:172.21.15.33:3300/0,v1:172.21.15.33:6789/0] conn(0x7f72300fa9d0 0x7f723010ca00 secure :-1 s=READY pgs=34 cs=0 l=1 rev1=1 rx=0x7f722000b1d0 tx=0x7f7220006ee0).ready entity=mon.0 client_cookie=0 server_cookie=0 in_seq=0 out_seq=0
2023-11-15T06:13:21.919 INFO:teuthology.orchestra.run.smithi033.stderr:/usr/bin/ceph:
2023-11-15T06:13:21.880+0000 7f721effd700 1 -- 172.21.15.33:0/2321343221 <== mon.0 v2:172.21.15.33:3300/0 1 ==== mon_map magic: 0 v1 ==== 229+0+0 (secure 0 0 0) 0x7f722001b410 con 0x7f72300fa9d0
2023-11-15T06:13:21.919 INFO:teuthology.orchestra.run.smithi033.stderr:/usr/bin/ceph:
2023-11-15T06:13:21.880+0000 7f722f59e700 1 -- 172.21.15.33:0/2321343221 --> [v2:172.21.15.33:3300/0,v1:172.21.15.33:6789/0] -- mon_subscribe({mgrmap=0+}) v3 -- 0x7f723010d0f0 con 0x7f72300fa9d0
2023-11-15T06:13:21.919 INFO:teuthology.orchestra.run.smithi033.stderr:/usr/bin/ceph:
2023-11-15T06:13:21.880+0000 7f721effd700 1 -- 172.21.15.33:0/2321343221 <== mon.0 v2:172.21.15.33:3300/0 2 ==== config(25 keys) v1 ==== 1010+0+0 (secure 0 0 0) 0x7f722001b9e0 con 0x7f72300fa9d0
2023-11-15T06:13:21.919 INFO:teuthology.orchestra.run.smithi033.stderr:/usr/bin/ceph:
2023-11-15T06:13:21.880+0000 7f721effd700 1 -- 172.21.15.33:0/2321343221 <== mon.0 v2:172.21.15.33:3300/0 3 ==== mon_map magic: 0 v1 ==== 229+0+0 (secure 0 0 0) 0x7f722001a840 con 0x7f72300fa9d0
2023-11-15T06:13:21.920 INFO:teuthology.orchestra.run.smithi033.stderr:/usr/bin/ceph:
2023-11-15T06:13:21.880+0000 7f722f59e700 1 -- 172.21.15.33:0/2321343221 --> [v2:172.21.15.33:3300/0,v1:172.21.15.33:6789/0] -- mon_subscribe({osdmap=0}) v3 -- 0x7f723010d500 con 0x7f72300fa9d0
2023-11-15T06:13:21.920 INFO:teuthology.orchestra.run.smithi033.stderr:/usr/bin/ceph:
2023-11-15T06:13:21.881+0000 7f721effd700 1 -- 172.21.15.33:0/2321343221 <== mon.0 v2:172.21.15.33:3300/0 4 ==== mgrmap(e 8) v1 ==== 36120+0+0 (secure 0 0 0) 0x7f722000f070 con 0x7f72300fa9d0
2023-11-15T06:13:21.920 INFO:teuthology.orchestra.run.smithi033.stderr:/usr/bin/ceph:
2023-11-15T06:13:21.881+0000 7f721effd700 1 --2- 172.21.15.33:0/2321343221 >> [v2:172.21.15.33:6800/2954676345,v1:172.21.15.33:6801/2954676345] conn(0x7f721402fd40 0x7f7214032200 unknown :-1 s=NONE pgs=0 cs=0 l=1 rev1=0 rx=0 tx=0).connect
2023-11-15T06:13:21.920 INFO:teuthology.orchestra.run.smithi033.stderr:/usr/bin/ceph:
2023-11-15T06:13:21.881+0000 7f722f59e700 1 -- 172.21.15.33:0/2321343221 --> [v2:172.21.15.33:3300/0,v1:172.21.15.33:6789/0] -- mon_command({"prefix": "get_command_descriptions"} v 0) v1 -- 0x7f7230045ad0 con 0x7f72300fa9d0
2023-11-15T06:13:21.920 INFO:teuthology.orchestra.run.smithi033.stderr:/usr/bin/ceph:
2023-11-15T06:13:21.881+0000 7f721effd700 1 -- 172.21.15.33:0/2321343221 <== mon.0 v2:172.21.15.33:3300/0 5 ==== osd_map(2..2 src has 1..2) v4 ==== 926+0+0 (secure 0 0 0) 0x7f7220041240 con 0x7f72300fa9d0
2023-11-15T06:13:21.920 INFO:teuthology.orchestra.run.smithi033.stderr:/usr/bin/ceph:
2023-11-15T06:13:21.881+0000 7f722dd9b700 1 --2- 172.21.15.33:0/2321343221 >> [v2:172.21.15.33:6800/2954676345,v1:172.21.15.33:6801/2954676345] conn(0x7f721402fd40 0x7f7214032200 unknown :-1 s=BANNER_CONNECTING pgs=0 cs=0 l=1 rev1=0 rx=0 tx=0)._handle_peer_banner_payload supported=1 required=0
2023-11-15T06:13:21.921 INFO:teuthology.orchestra.run.smithi033.stderr:/usr/bin/ceph:
2023-11-15T06:13:21.882+0000 7f722dd9b700 1 --2- 172.21.15.33:0/2321343221 >> [v2:172.21.15.33:6800/2954676345,v1:172.21.15.33:6801/2954676345] conn(0x7f721402fd40 0x7f7214032200 secure :-1 s=READY pgs=7 cs=0 l=1 rev1=1 rx=0x7f72240096a0 tx=0x7f7224006b40).ready entity=mgr.14116 client_cookie=0 server_cookie=0 in_seq=0 out_seq=0
2023-11-15T06:13:21.921 INFO:teuthology.orchestra.run.smithi033.stderr:/usr/bin/ceph:
2023-11-15T06:13:21.886+0000 7f721effd700 1 -- 172.21.15.33:0/2321343221 <== mon.0 v2:172.21.15.33:3300/0 6 ==== mon_command_ack([{"prefix": "get_command_descriptions"}]=0 v0) v1 ==== 72+0+152212 (secure 0 0 0) 0x7f7220016070 con 0x7f72300fa9d0
2023-11-15T06:13:22.057 INFO:teuthology.orchestra.run.smithi033.stderr:/usr/bin/ceph:
2023-11-15T06:13:22.055+0000 7f722f59e700 1 -- 172.21.15.33:0/2321343221 --> [v2:172.21.15.33:6800/2954676345,v1:172.21.15.33:6801/2954676345] -- mgr_command(tid 0: {"prefix": "cephadm set-user", "user": "root", "target": ["mon-mgr", ""]}) v1 -- 0x7f723010de40 con 0x7f721402fd40
2023-11-15T06:13:22.057 INFO:teuthology.orchestra.run.smithi033.stderr:/usr/bin/ceph:
2023-11-15T06:13:22.056+0000 7f721effd700 1 -- 172.21.15.33:0/2321343221 <== mgr.14116 v2:172.21.15.33:6800/2954676345 1 ==== mgr_command_reply(tid 0: 0 ) v1 ==== 8+0+16 (secure 0 0 0) 0x7f723010de40 con 0x7f721402fd40
2023-11-15T06:13:22.058 INFO:teuthology.orchestra.run.smithi033.stderr:/usr/bin/ceph: value unchanged
2023-11-15T06:13:22.060 INFO:teuthology.orchestra.run.smithi033.stderr:/usr/bin/ceph:
2023-11-15T06:13:22.058+0000 7f722f59e700 1 -- 172.21.15.33:0/2321343221 >> [v2:172.21.15.33:6800/2954676345,v1:172.21.15.33:6801/2954676345] conn(0x7f721402fd40 msgr2=0x7f7214032200 secure :-1 s=STATE_CONNECTION_ESTABLISHED l=1).mark_down
2023-11-15T06:13:22.060 INFO:teuthology.orchestra.run.smithi033.stderr:/usr/bin/ceph:
2023-11-15T06:13:22.058+0000 7f722f59e700 1 --2- 172.21.15.33:0/2321343221 >> [v2:172.21.15.33:6800/2954676345,v1:172.21.15.33:6801/2954676345] conn(0x7f721402fd40 0x7f7214032200 secure :-1 s=READY pgs=7 cs=0 l=1 rev1=1 rx=0x7f72240096a0 tx=0x7f7224006b40).stop
2023-11-15T06:13:22.060 INFO:teuthology.orchestra.run.smithi033.stderr:/usr/bin/ceph:
2023-11-15T06:13:22.058+0000 7f722f59e700 1 -- 172.21.15.33:0/2321343221 >> [v2:172.21.15.33:3300/0,v1:172.21.15.33:6789/0] conn(0x7f72300fa9d0 msgr2=0x7f723010ca00 secure :-1 s=STATE_CONNECTION_ESTABLISHED l=1).mark_down
2023-11-15T06:13:22.060 INFO:teuthology.orchestra.run.smithi033.stderr:/usr/bin/ceph:
2023-11-15T06:13:22.058+0000 7f722f59e700 1 --2- 172.21.15.33:0/2321343221 >> [v2:172.21.15.33:3300/0,v1:172.21.15.33:6789/0] conn(0x7f72300fa9d0 0x7f723010ca00 secure :-1 s=READY pgs=34 cs=0 l=1 rev1=1 rx=0x7f722000b1d0 tx=0x7f7220006ee0).stop
2023-11-15T06:13:22.061 INFO:teuthology.orchestra.run.smithi033.stderr:/usr/bin/ceph:
2023-11-15T06:13:22.058+0000 7f722f59e700 1 -- 172.21.15.33:0/2321343221 shutdown_connections
2023-11-15T06:13:22.061 INFO:teuthology.orchestra.run.smithi033.stderr:/usr/bin/ceph:
