2023-11-15T06:25:31.861+0000 7fe29a7ba700 1 -- 172.21.15.62:0/1309042871 shutdown_connections
2023-11-15T06:25:31.865 INFO:teuthology.orchestra.run.smithi062.stderr:/usr/bin/ceph:
2023-11-15T06:25:31.861+0000 7fe29a7ba700 1 --2- 172.21.15.62:0/1309042871 >> [v2:172.21.15.62:6800/3280254567,v1:172.21.15.62:6801/3280254567] conn(0x7fe274031fa0 0x7fe274034460 unknown :-1 s=CLOSED pgs=10 cs=0 l=1 rev1=1 rx=0 tx=0).stop
2023-11-15T06:25:31.865 INFO:teuthology.orchestra.run.smithi062.stderr:/usr/bin/ceph:
2023-11-15T06:25:31.861+0000 7fe29a7ba700 1 --2- 172.21.15.62:0/1309042871 >> [v2:172.21.15.62:3300/0,v1:172.21.15.62:6789/0] conn(0x7fe2940fab80 0x7fe2941087d0 unknown :-1 s=CLOSED pgs=40 cs=0 l=1 rev1=1 rx=0 tx=0).stop
2023-11-15T06:25:31.866 INFO:teuthology.orchestra.run.smithi062.stderr:/usr/bin/ceph:
2023-11-15T06:25:31.861+0000 7fe29a7ba700 1 -- 172.21.15.62:0/1309042871 >> 172.21.15.62:0/1309042871 conn(0x7fe2940f63c0 msgr2=0x7fe2940ff910 unknown :-1 s=STATE_NONE l=0).mark_down
2023-11-15T06:25:31.866 INFO:teuthology.orchestra.run.smithi062.stderr:/usr/bin/ceph:
2023-11-15T06:25:31.861+0000 7fe29a7ba700 1 -- 172.21.15.62:0/1309042871 shutdown_connections
2023-11-15T06:25:31.866 INFO:teuthology.orchestra.run.smithi062.stderr:/usr/bin/ceph:
2023-11-15T06:25:31.861+0000 7fe29a7ba700 1 -- 172.21.15.62:0/1309042871 wait complete.
2023-11-15T06:25:32.057 INFO:journalctl@ceph.mon.smithi062.smithi062.stdout:Nov 15 06:25:31 smithi062 ceph-a3c2da76-837f-11ee-8dbe-212e2dc638e7-mon.smithi062[112362]: audit
2023-11-15T06:25:31.248736+0000 mgr.smithi062.rwurtk (mgr.14116) 8 : audit [DBG] from='client.14134 -' entity='client.admin' cmd=[{"prefix": "orch host add", "hostname": "smithi062", "addr": "172.21.15.62", "target": ["mon-mgr", ""]}]: dispatch
2023-11-15T06:25:32.182 INFO:teuthology.orchestra.run.smithi062.stderr:Deploying mon service with default placement...
2023-11-15T06:25:32.183 INFO:teuthology.orchestra.run.smithi062.stderr:Running command: /bin/podman run --rm --ipc=host --no-hosts --net=host --entrypoint /usr/bin/ceph --init -e CONTAINER_IMAGE=docker.io/ceph/ceph:v16.2.4 -e NODE_NAME=smithi062 -e CEPH_USE_RANDOM_NONCE=1 -v /var/log/ceph/a3c2da76-837f-11ee-8dbe-212e2dc638e7:/var/log/ceph:z -v /tmp/ceph-tmptvq9ksio:/etc/ceph/ceph.client.admin.keyring:z -v /tmp/ceph-tmpf12kfgcg:/etc/ceph/ceph.conf:z docker.io/ceph/ceph:v16.2.4 orch apply mon
2023-11-15T06:25:32.516 INFO:teuthology.orchestra.run.smithi062.stderr:/usr/bin/ceph:
2023-11-15T06:25:32.512+0000 7f29ee98a700 1 Processor -- start
2023-11-15T06:25:32.516 INFO:teuthology.orchestra.run.smithi062.stderr:/usr/bin/ceph:
2023-11-15T06:25:32.512+0000 7f29ee98a700 1 -- start start
2023-11-15T06:25:32.516 INFO:teuthology.orchestra.run.smithi062.stderr:/usr/bin/ceph:
2023-11-15T06:25:32.513+0000 7f29ee98a700 1 --2- >> [v2:172.21.15.62:3300/0,v1:172.21.15.62:6789/0] conn(0x7f29e80fab80 0x7f29e80fafa0 unknown :-1 s=NONE pgs=0 cs=0 l=0 rev1=0 rx=0 tx=0).connect
2023-11-15T06:25:32.517 INFO:teuthology.orchestra.run.smithi062.stderr:/usr/bin/ceph:
2023-11-15T06:25:32.513+0000 7f29ee98a700 1 -- --> [v2:172.21.15.62:3300/0,v1:172.21.15.62:6789/0] -- mon_getmap magic: 0 v1 -- 0x7f29e80fb490 con 0x7f29e80fab80
2023-11-15T06:25:32.517 INFO:teuthology.orchestra.run.smithi062.stderr:/usr/bin/ceph:
2023-11-15T06:25:32.513+0000 7f29e7fff700 1 --2- >> [v2:172.21.15.62:3300/0,v1:172.21.15.62:6789/0] conn(0x7f29e80fab80 0x7f29e80fafa0 unknown :-1 s=BANNER_CONNECTING pgs=0 cs=0 l=0 rev1=0 rx=0 tx=0)._handle_peer_banner_payload supported=1 required=0
2023-11-15T06:25:32.517 INFO:teuthology.orchestra.run.smithi062.stderr:/usr/bin/ceph:
2023-11-15T06:25:32.513+0000 7f29e7fff700 1 --2- >> [v2:172.21.15.62:3300/0,v1:172.21.15.62:6789/0] conn(0x7f29e80fab80 0x7f29e80fafa0 unknown :-1 s=HELLO_CONNECTING pgs=0 cs=0 l=0 rev1=1 rx=0 tx=0).handle_hello peer v2:172.21.15.62:3300/0 says I am v2:172.21.15.62:42794/0 (socket says 172.21.15.62:42794)
2023-11-15T06:25:32.517 INFO:teuthology.orchestra.run.smithi062.stderr:/usr/bin/ceph:
2023-11-15T06:25:32.513+0000 7f29e7fff700 1 -- 172.21.15.62:0/1180043719 learned_addr learned my addr 172.21.15.62:0/1180043719 (peer_addr_for_me v2:172.21.15.62:0/0)
2023-11-15T06:25:32.518 INFO:teuthology.orchestra.run.smithi062.stderr:/usr/bin/ceph:
2023-11-15T06:25:32.513+0000 7f29e7fff700 1 -- 172.21.15.62:0/1180043719 --> [v2:172.21.15.62:3300/0,v1:172.21.15.62:6789/0] -- mon_subscribe({config=0+,monmap=0+}) v3 -- 0x7f29e80fb5d0 con 0x7f29e80fab80
2023-11-15T06:25:32.519 INFO:teuthology.orchestra.run.smithi062.stderr:/usr/bin/ceph:
2023-11-15T06:25:32.513+0000 7f29e7fff700 1 --2- 172.21.15.62:0/1180043719 >> [v2:172.21.15.62:3300/0,v1:172.21.15.62:6789/0] conn(0x7f29e80fab80 0x7f29e80fafa0 secure :-1 s=READY pgs=41 cs=0 l=1 rev1=1 rx=0x7f29d800b5f0 tx=0x7f29d8006ee0).ready entity=mon.0 client_cookie=90d700ea63a0a366 server_cookie=0 in_seq=0 out_seq=0
2023-11-15T06:25:32.519 INFO:teuthology.orchestra.run.smithi062.stderr:/usr/bin/ceph:
2023-11-15T06:25:32.513+0000 7f29e6ffd700 1 -- 172.21.15.62:0/1180043719 <== mon.0 v2:172.21.15.62:3300/0 1 ==== mon_map magic: 0 v1 ==== 229+0+0 (secure 0 0 0) 0x7f29d800d600 con 0x7f29e80fab80
2023-11-15T06:25:32.519 INFO:teuthology.orchestra.run.smithi062.stderr:/usr/bin/ceph:
2023-11-15T06:25:32.513+0000 7f29e6ffd700 1 -- 172.21.15.62:0/1180043719 <== mon.0 v2:172.21.15.62:3300/0 2 ==== config(25 keys) v1 ==== 1010+0+0 (secure 0 0 0) 0x7f29d800dbd0 con 0x7f29e80fab80
2023-11-15T06:25:32.519 INFO:teuthology.orchestra.run.smithi062.stderr:/usr/bin/ceph:
2023-11-15T06:25:32.513+0000 7f29e6ffd700 1 -- 172.21.15.62:0/1180043719 <== mon.0 v2:172.21.15.62:3300/0 3 ==== mon_map magic: 0 v1 ==== 229+0+0 (secure 0 0 0) 0x7f29d8011c00 con 0x7f29e80fab80
2023-11-15T06:25:32.520 INFO:teuthology.orchestra.run.smithi062.stderr:/usr/bin/ceph:
2023-11-15T06:25:32.514+0000 7f29ee98a700 1 -- 172.21.15.62:0/1180043719 >> [v2:172.21.15.62:3300/0,v1:172.21.15.62:6789/0] conn(0x7f29e80fab80 msgr2=0x7f29e80fafa0 secure :-1 s=STATE_CONNECTION_ESTABLISHED l=1).mark_down
2023-11-15T06:25:32.520 INFO:teuthology.orchestra.run.smithi062.stderr:/usr/bin/ceph:
2023-11-15T06:25:32.514+0000 7f29ee98a700 1 --2- 172.21.15.62:0/1180043719 >> [v2:172.21.15.62:3300/0,v1:172.21.15.62:6789/0] conn(0x7f29e80fab80 0x7f29e80fafa0 secure :-1 s=READY pgs=41 cs=0 l=1 rev1=1 rx=0x7f29d800b5f0 tx=0x7f29d8006ee0).stop
2023-11-15T06:25:32.520 INFO:teuthology.orchestra.run.smithi062.stderr:/usr/bin/ceph:
2023-11-15T06:25:32.514+0000 7f29ee98a700 1 -- 172.21.15.62:0/1180043719 shutdown_connections
2023-11-15T06:25:32.520 INFO:teuthology.orchestra.run.smithi062.stderr:/usr/bin/ceph:
2023-11-15T06:25:32.514+0000 7f29ee98a700 1 --2- 172.21.15.62:0/1180043719 >> [v2:172.21.15.62:3300/0,v1:172.21.15.62:6789/0] conn(0x7f29e80fab80 0x7f29e80fafa0 unknown :-1 s=CLOSED pgs=41 cs=0 l=1 rev1=1 rx=0 tx=0).stop
2023-11-15T06:25:32.520 INFO:teuthology.orchestra.run.smithi062.stderr:/usr/bin/ceph:
2023-11-15T06:25:32.514+0000 7f29ee98a700 1 -- 172.21.15.62:0/1180043719 >> 172.21.15.62:0/1180043719 conn(0x7f29e80f63c0 msgr2=0x7f29e80f87e0 unknown :-1 s=STATE_NONE l=0).mark_down
2023-11-15T06:25:32.520 INFO:teuthology.orchestra.run.smithi062.stderr:/usr/bin/ceph:
2023-11-15T06:25:32.514+0000 7f29ee98a700 1 -- 172.21.15.62:0/1180043719 shutdown_connections
2023-11-15T06:25:32.521 INFO:teuthology.orchestra.run.smithi062.stderr:/usr/bin/ceph:
2023-11-15T06:25:32.514+0000 7f29ee98a700 1 -- 172.21.15.62:0/1180043719 wait complete.
2023-11-15T06:25:32.521 INFO:teuthology.orchestra.run.smithi062.stderr:/usr/bin/ceph:
2023-11-15T06:25:32.514+0000 7f29ee98a700 1 Processor -- start
2023-11-15T06:25:32.521 INFO:teuthology.orchestra.run.smithi062.stderr:/usr/bin/ceph:
2023-11-15T06:25:32.515+0000 7f29ee98a700 1 -- start start
2023-11-15T06:25:32.521 INFO:teuthology.orchestra.run.smithi062.stderr:/usr/bin/ceph:
2023-11-15T06:25:32.515+0000 7f29ee98a700 1 --2- >> [v2:172.21.15.62:3300/0,v1:172.21.15.62:6789/0] conn(0x7f29e80fab80 0x7f29e810ccc0 unknown :-1 s=NONE pgs=0 cs=0 l=1 rev1=0 rx=0 tx=0).connect
2023-11-15T06:25:32.521 INFO:teuthology.orchestra.run.smithi062.stderr:/usr/bin/ceph:
2023-11-15T06:25:32.515+0000 7f29ee98a700 1 -- --> [v2:172.21.15.62:3300/0,v1:172.21.15.62:6789/0] -- mon_getmap magic: 0 v1 -- 0x7f29e810d1b0 con 0x7f29e80fab80
2023-11-15T06:25:32.522 INFO:teuthology.orchestra.run.smithi062.stderr:/usr/bin/ceph:
2023-11-15T06:25:32.515+0000 7f29e7fff700 1 --2- >> [v2:172.21.15.62:3300/0,v1:172.21.15.62:6789/0] conn(0x7f29e80fab80 0x7f29e810ccc0 unknown :-1 s=BANNER_CONNECTING pgs=0 cs=0 l=1 rev1=0 rx=0 tx=0)._handle_peer_banner_payload supported=1 required=0
2023-11-15T06:25:32.522 INFO:teuthology.orchestra.run.smithi062.stderr:/usr/bin/ceph:
2023-11-15T06:25:32.515+0000 7f29e7fff700 1 --2- >> [v2:172.21.15.62:3300/0,v1:172.21.15.62:6789/0] conn(0x7f29e80fab80 0x7f29e810ccc0 unknown :-1 s=HELLO_CONNECTING pgs=0 cs=0 l=1 rev1=1 rx=0 tx=0).handle_hello peer v2:172.21.15.62:3300/0 says I am v2:172.21.15.62:42800/0 (socket says 172.21.15.62:42800)
2023-11-15T06:25:32.522 INFO:teuthology.orchestra.run.smithi062.stderr:/usr/bin/ceph:
2023-11-15T06:25:32.515+0000 7f29e7fff700 1 -- 172.21.15.62:0/4269218136 learned_addr learned my addr 172.21.15.62:0/4269218136 (peer_addr_for_me v2:172.21.15.62:0/0)
2023-11-15T06:25:32.522 INFO:teuthology.orchestra.run.smithi062.stderr:/usr/bin/ceph:
2023-11-15T06:25:32.515+0000 7f29e7fff700 1 -- 172.21.15.62:0/4269218136 --> [v2:172.21.15.62:3300/0,v1:172.21.15.62:6789/0] -- mon_subscribe({config=0+,monmap=0+}) v3 -- 0x7f29d800b200 con 0x7f29e80fab80
2023-11-15T06:25:32.522 INFO:teuthology.orchestra.run.smithi062.stderr:/usr/bin/ceph:
2023-11-15T06:25:32.515+0000 7f29e7fff700 1 --2- 172.21.15.62:0/4269218136 >> [v2:172.21.15.62:3300/0,v1:172.21.15.62:6789/0] conn(0x7f29e80fab80 0x7f29e810ccc0 secure :-1 s=READY pgs=42 cs=0 l=1 rev1=1 rx=0x7f29d800b1d0 tx=0x7f29d8006ee0).ready entity=mon.0 client_cookie=0 server_cookie=0 in_seq=0 out_seq=0
2023-11-15T06:25:32.523 INFO:teuthology.orchestra.run.smithi062.stderr:/usr/bin/ceph:
2023-11-15T06:25:32.516+0000 7f29e4ff9700 1 -- 172.21.15.62:0/4269218136 <== mon.0 v2:172.21.15.62:3300/0 1 ==== mon_map magic: 0 v1 ==== 229+0+0 (secure 0 0 0) 0x7f29d801b410 con 0x7f29e80fab80
2023-11-15T06:25:32.523 INFO:teuthology.orchestra.run.smithi062.stderr:/usr/bin/ceph:
2023-11-15T06:25:32.516+0000 7f29e4ff9700 1 -- 172.21.15.62:0/4269218136 <== mon.0 v2:172.21.15.62:3300/0 2 ==== config(25 keys) v1 ==== 1010+0+0 (secure 0 0 0) 0x7f29d801b9e0 con 0x7f29e80fab80
2023-11-15T06:25:32.523 INFO:teuthology.orchestra.run.smithi062.stderr:/usr/bin/ceph:
2023-11-15T06:25:32.516+0000 7f29ee98a700 1 -- 172.21.15.62:0/4269218136 --> [v2:172.21.15.62:3300/0,v1:172.21.15.62:6789/0] -- mon_subscribe({mgrmap=0+}) v3 -- 0x7f29e810d3b0 con 0x7f29e80fab80
2023-11-15T06:25:32.523 INFO:teuthology.orchestra.run.smithi062.stderr:/usr/bin/ceph:
2023-11-15T06:25:32.516+0000 7f29e4ff9700 1 -- 172.21.15.62:0/4269218136 <== mon.0 v2:172.21.15.62:3300/0 3 ==== mon_map magic: 0 v1 ==== 229+0+0 (secure 0 0 0) 0x7f29d801a840 con 0x7f29e80fab80
2023-11-15T06:25:32.523 INFO:teuthology.orchestra.run.smithi062.stderr:/usr/bin/ceph:
2023-11-15T06:25:32.516+0000 7f29ee98a700 1 -- 172.21.15.62:0/4269218136 --> [v2:172.21.15.62:3300/0,v1:172.21.15.62:6789/0] -- mon_subscribe({osdmap=0}) v3 -- 0x7f29e810d7c0 con 0x7f29e80fab80
2023-11-15T06:25:32.524 INFO:teuthology.orchestra.run.smithi062.stderr:/usr/bin/ceph:
2023-11-15T06:25:32.517+0000 7f29e4ff9700 1 -- 172.21.15.62:0/4269218136 <== mon.0 v2:172.21.15.62:3300/0 4 ==== mgrmap(e 8) v1 ==== 36120+0+0 (secure 0 0 0) 0x7f29d800f070 con 0x7f29e80fab80
2023-11-15T06:25:32.525 INFO:teuthology.orchestra.run.smithi062.stderr:/usr/bin/ceph:
2023-11-15T06:25:32.517+0000 7f29e4ff9700 1 --2- 172.21.15.62:0/4269218136 >> [v2:172.21.15.62:6800/3280254567,v1:172.21.15.62:6801/3280254567] conn(0x7f29c802fdb0 0x7f29c8032270 unknown :-1 s=NONE pgs=0 cs=0 l=1 rev1=0 rx=0 tx=0).connect
2023-11-15T06:25:32.525 INFO:teuthology.orchestra.run.smithi062.stderr:/usr/bin/ceph:
2023-11-15T06:25:32.517+0000 7f29ee98a700 1 -- 172.21.15.62:0/4269218136 --> [v2:172.21.15.62:3300/0,v1:172.21.15.62:6789/0] -- mon_command({"prefix": "get_command_descriptions"} v 0) v1 -- 0x7f29e8045ad0 con 0x7f29e80fab80
2023-11-15T06:25:32.525 INFO:teuthology.orchestra.run.smithi062.stderr:/usr/bin/ceph:
2023-11-15T06:25:32.517+0000 7f29e4ff9700 1 -- 172.21.15.62:0/4269218136 <== mon.0 v2:172.21.15.62:3300/0 5 ==== osd_map(2..2 src has 1..2) v4 ==== 926+0+0 (secure 0 0 0) 0x7f29d8041200 con 0x7f29e80fab80
2023-11-15T06:25:32.525 INFO:teuthology.orchestra.run.smithi062.stderr:/usr/bin/ceph:
2023-11-15T06:25:32.517+0000 7f29e77fe700 1 --2- 172.21.15.62:0/4269218136 >> [v2:172.21.15.62:6800/3280254567,v1:172.21.15.62:6801/3280254567] conn(0x7f29c802fdb0 0x7f29c8032270 unknown :-1 s=BANNER_CONNECTING pgs=0 cs=0 l=1 rev1=0 rx=0 tx=0)._handle_peer_banner_payload supported=1 required=0
2023-11-15T06:25:32.525 INFO:teuthology.orchestra.run.smithi062.stderr:/usr/bin/ceph:
2023-11-15T06:25:32.517+0000 7f29e77fe700 1 --2- 172.21.15.62:0/4269218136 >> [v2:172.21.15.62:6800/3280254567,v1:172.21.15.62:6801/3280254567] conn(0x7f29c802fdb0 0x7f29c8032270 secure :-1 s=READY pgs=11 cs=0 l=1 rev1=1 rx=0x7f29d00096a0 tx=0x7f29d0006b40).ready entity=mgr.14116 client_cookie=0 server_cookie=0 in_seq=0 out_seq=0
2023-11-15T06:25:32.526 INFO:teuthology.orchestra.run.smithi062.stderr:/usr/bin/ceph:
2023-11-15T06:25:32.521+0000 7f29e4ff9700 1 -- 172.21.15.62:0/4269218136 <== mon.0 v2:172.21.15.62:3300/0 6 ==== mon_command_ack([{"prefix": "get_command_descriptions"}]=0 v0) v1 ==== 72+0+152212 (secure 0 0 0) 0x7f29d8025460 con 0x7f29e80fab80
2023-11-15T06:25:32.710 INFO:teuthology.orchestra.run.smithi062.stderr:/usr/bin/ceph:
2023-11-15T06:25:32.707+0000 7f29ee98a700 1 -- 172.21.15.62:0/4269218136 --> [v2:172.21.15.62:6800/3280254567,v1:172.21.15.62:6801/3280254567] -- mgr_command(tid 0: {"prefix": "orch apply", "service_type": "mon", "target": ["mon-mgr", ""]}) v1 -- 0x7f29e810e020 con 0x7f29c802fdb0
2023-11-15T06:25:32.714 INFO:teuthology.orchestra.run.smithi062.stderr:/usr/bin/ceph:
2023-11-15T06:25:32.712+0000 7f29e4ff9700 1 -- 172.21.15.62:0/4269218136 <== mgr.14116 v2:172.21.15.62:6800/3280254567 1 ==== mgr_command_reply(tid 0: 0 ) v1 ==== 8+0+24 (secure 0 0 0) 0x7f29e810e020 con 0x7f29c802fdb0
2023-11-15T06:25:32.714 INFO:teuthology.orchestra.run.smithi062.stderr:/usr/bin/ceph: Scheduled mon update...
2023-11-15T06:25:32.717 INFO:teuthology.orchestra.run.smithi062.stderr:/usr/bin/ceph:
2023-11-15T06:25:32.714+0000 7f29ee98a700 1 -- 172.21.15.62:0/4269218136 >> [v2:172.21.15.62:6800/3280254567,v1:172.21.15.62:6801/3280254567] conn(0x7f29c802fdb0 msgr2=0x7f29c8032270 secure :-1 s=STATE_CONNECTION_ESTABLISHED l=1).mark_down
2023-11-15T06:25:32.717 INFO:teuthology.orchestra.run.smithi062.stderr:/usr/bin/ceph:
2023-11-15T06:25:32.714+0000 7f29ee98a700 1 --2- 172.21.15.62:0/4269218136 >> [v2:172.21.15.62:6800/3280254567,v1:172.21.15.62:6801/3280254567] conn(0x7f29c802fdb0 0x7f29c8032270 secure :-1 s=READY pgs=11 cs=0 l=1 rev1=1 rx=0x7f29d00096a0 tx=0x7f29d0006b40).stop
2023-11-15T06:25:32.717 INFO:teuthology.orchestra.run.smithi062.stderr:/usr/bin/ceph:
2023-11-15T06:25:32.714+0000 7f29ee98a700 1 -- 172.21.15.62:0/4269218136 >> [v2:172.21.15.62:3300/0,v1:172.21.15.62:6789/0] conn(0x7f29e80fab80 msgr2=0x7f29e810ccc0 secure :-1 s=STATE_CONNECTION_ESTABLISHED l=1).mark_down
2023-11-15T06:25:32.718 INFO:teuthology.orchestra.run.smithi062.stderr:/usr/bin/ceph:
2023-11-15T06:25:32.714+0000 7f29ee98a700 1 --2- 172.21.15.62:0/4269218136 >> [v2:172.21.15.62:3300/0,v1:172.21.15.62:6789/0] conn(0x7f29e80fab80 0x7f29e810ccc0 secure :-1 s=READY pgs=42 cs=0 l=1 rev1=1 rx=0x7f29d800b1d0 tx=0x7f29d8006ee0).stop
2023-11-15T06:25:32.718 INFO:teuthology.orchestra.run.smithi062.stderr:/usr/bin/ceph:
2023-11-15T06:25:32.714+0000 7f29ee98a700 1 -- 172.21.15.62:0/4269218136 shutdown_connections
2023-11-15T06:25:32.718 INFO:teuthology.orchestra.run.smithi062.stderr:/usr/bin/ceph:
2023-11-15T06:25:32.714+0000 7f29ee98a700 1 --2- 172.21.15.62:0/4269218136 >> [v2:172.21.15.62:6800/3280254567,v1:172.21.15.62:6801/3280254567] conn(0x7f29c802fdb0 0x7f29c8032270 unknown :-1 s=CLOSED pgs=11 cs=0 l=1 rev1=1 rx=0 tx=0).stop
2023-11-15T06:25:32.718 INFO:teuthology.orchestra.run.smithi062.stderr:/usr/bin/ceph:
2023-11-15T06:25:32.714+0000 7f29ee98a700 1 --2- 172.21.15.62:0/4269218136 >> [v2:172.21.15.62:3300/0,v1:172.21.15.62:6789/0] conn(0x7f29e80fab80 0x7f29e810ccc0 unknown :-1 s=CLOSED pgs=42 cs=0 l=1 rev1=1 rx=0 tx=0).stop
2023-11-15T06:25:32.719 INFO:teuthology.orchestra.run.smithi062.stderr:/usr/bin/ceph:
2023-11-15T06:25:32.714+0000 7f29ee98a700 1 -- 172.21.15.62:0/4269218136 >> 172.21.15.62:0/4269218136 conn(0x7f29e80f63c0 msgr2=0x7f29e8070090 unknown :-1 s=STATE_NONE l=0).mark_down
2023-11-15T06:25:32.719 INFO:teuthology.orchestra.run.smithi062.stderr:/usr/bin/ceph:
2023-11-15T06:25:32.714+0000 7f29ee98a700 1 -- 172.21.15.62:0/4269218136 shutdown_connections
2023-11-15T06:25:32.719 INFO:teuthology.orchestra.run.smithi062.stderr:/usr/bin/ceph:
2023-11-15T06:25:32.714+0000 7f29ee98a700 1 -- 172.21.15.62:0/4269218136 wait complete.
2023-11-15T06:25:33.016 INFO:teuthology.orchestra.run.smithi062.stderr:Deploying mgr service with default placement...
2023-11-15T06:25:33.016 INFO:teuthology.orchestra.run.smithi062.stderr:Running command: /bin/podman run --rm --ipc=host --no-hosts --net=host --entrypoint /usr/bin/ceph --init -e CONTAINER_IMAGE=docker.io/ceph/ceph:v16.2.4 -e NODE_NAME=smithi062 -e CEPH_USE_RANDOM_NONCE=1 -v /var/log/ceph/a3c2da76-837f-11ee-8dbe-212e2dc638e7:/var/log/ceph:z -v /tmp/ceph-tmptvq9ksio:/etc/ceph/ceph.client.admin.keyring:z -v /tmp/ceph-tmpf12kfgcg:/etc/ceph/ceph.conf:z docker.io/ceph/ceph:v16.2.4 orch apply mgr
2023-11-15T06:25:33.018 INFO:journalctl@ceph.mon.smithi062.smithi062.stdout:Nov 15 06:25:32 smithi062 ceph-a3c2da76-837f-11ee-8dbe-212e2dc638e7-mon.smithi062[112362]: audit
2023-11-15T06:25:31.856297+0000 mon.smithi062 (mon.0) 55 : audit [INF] from='mgr.14116 172.21.15.62:0/1148526200' entity='mgr.smithi062.rwurtk'
2023-11-15T06:25:33.018 INFO:journalctl@ceph.mon.smithi062.smithi062.stdout:Nov 15 06:25:32 smithi062 ceph-a3c2da76-837f-11ee-8dbe-212e2dc638e7-mon.smithi062[112362]: cephadm
2023-11-15T06:25:31.859954+0000 mgr.smithi062.rwurtk (mgr.14116) 9 : cephadm [INF] Added host smithi062
2023-11-15T06:25:33.018 INFO:journalctl@ceph.mon.smithi062.smithi062.stdout:Nov 15 06:25:32 smithi062 ceph-a3c2da76-837f-11ee-8dbe-212e2dc638e7-mon.smithi062[112362]: audit
2023-11-15T06:25:31.860291+0000 mon.smithi062 (mon.0) 56 : audit [DBG] from='mgr.14116 172.21.15.62:0/1148526200' entity='mgr.smithi062.rwurtk' cmd=[{"prefix": "config dump", "format": "json"}]: dispatch
2023-11-15T06:25:33.019 INFO:journalctl@ceph.mon.smithi062.smithi062.stdout:Nov 15 06:25:32 smithi062 ceph-a3c2da76-837f-11ee-8dbe-212e2dc638e7-mon.smithi062[112362]: audit
2023-11-15T06:25:32.713471+0000 mon.smithi062 (mon.0) 57 : audit [INF] from='mgr.14116 172.21.15.62:0/1148526200' entity='mgr.smithi062.rwurtk'
2023-11-15T06:25:33.355 INFO:teuthology.orchestra.run.smithi062.stderr:/usr/bin/ceph:
2023-11-15T06:25:33.346+0000 7fb396590700 1 Processor -- start
2023-11-15T06:25:33.356 INFO:teuthology.orchestra.run.smithi062.stderr:/usr/bin/ceph:
2023-11-15T06:25:33.347+0000 7fb396590700 1 -- start start
2023-11-15T06:25:33.356 INFO:teuthology.orchestra.run.smithi062.stderr:/usr/bin/ceph:
2023-11-15T06:25:33.347+0000 7fb396590700 1 --2- >> [v2:172.21.15.62:3300/0,v1:172.21.15.62:6789/0] conn(0x7fb3900fab90 0x7fb3900fafb0 unknown :-1 s=NONE pgs=0 cs=0 l=0 rev1=0 rx=0 tx=0).connect
2023-11-15T06:25:33.356 INFO:teuthology.orchestra.run.smithi062.stderr:/usr/bin/ceph:
2023-11-15T06:25:33.347+0000 7fb396590700 1 -- --> [v2:172.21.15.62:3300/0,v1:172.21.15.62:6789/0] -- mon_getmap magic: 0 v1 -- 0x7fb3900fb4a0 con 0x7fb3900fab90
2023-11-15T06:25:33.357 INFO:teuthology.orchestra.run.smithi062.stderr:/usr/bin/ceph:
2023-11-15T06:25:33.347+0000 7fb38ffff700 1 --2- >> [v2:172.21.15.62:3300/0,v1:172.21.15.62:6789/0] conn(0x7fb3900fab90 0x7fb3900fafb0 unknown :-1 s=BANNER_CONNECTING pgs=0 cs=0 l=0 rev1=0 rx=0 tx=0)._handle_peer_banner_payload supported=1 required=0
2023-11-15T06:25:33.357 INFO:teuthology.orchestra.run.smithi062.stderr:/usr/bin/ceph:
2023-11-15T06:25:33.347+0000 7fb38ffff700 1 --2- >> [v2:172.21.15.62:3300/0,v1:172.21.15.62:6789/0] conn(0x7fb3900fab90 0x7fb3900fafb0 unknown :-1 s=HELLO_CONNECTING pgs=0 cs=0 l=0 rev1=1 rx=0 tx=0).handle_hello peer v2:172.21.15.62:3300/0 says I am v2:172.21.15.62:42806/0 (socket says 172.21.15.62:42806)
2023-11-15T06:25:33.358 INFO:teuthology.orchestra.run.smithi062.stderr:/usr/bin/ceph:
2023-11-15T06:25:33.347+0000 7fb38ffff700 1 -- 172.21.15.62:0/2773166130 learned_addr learned my addr 172.21.15.62:0/2773166130 (peer_addr_for_me v2:172.21.15.62:0/0)
2023-11-15T06:25:33.358 INFO:teuthology.orchestra.run.smithi062.stderr:/usr/bin/ceph:
2023-11-15T06:25:33.347+0000 7fb38ffff700 1 -- 172.21.15.62:0/2773166130 --> [v2:172.21.15.62:3300/0,v1:172.21.15.62:6789/0] -- mon_subscribe({config=0+,monmap=0+}) v3 -- 0x7fb3900fb5e0 con 0x7fb3900fab90
2023-11-15T06:25:33.358 INFO:teuthology.orchestra.run.smithi062.stderr:/usr/bin/ceph:
2023-11-15T06:25:33.348+0000 7fb38ffff700 1 --2- 172.21.15.62:0/2773166130 >> [v2:172.21.15.62:3300/0,v1:172.21.15.62:6789/0] conn(0x7fb3900fab90 0x7fb3900fafb0 secure :-1 s=READY pgs=43 cs=0 l=1 rev1=1 rx=0x7fb37800b5f0 tx=0x7fb378006ee0).ready entity=mon.0 client_cookie=aa225c50432e5ad4 server_cookie=0 in_seq=0 out_seq=0
2023-11-15T06:25:33.359 INFO:teuthology.orchestra.run.smithi062.stderr:/usr/bin/ceph:
2023-11-15T06:25:33.348+0000 7fb38effd700 1 -- 172.21.15.62:0/2773166130 <== mon.0 v2:172.21.15.62:3300/0 1 ==== mon_map magic: 0 v1 ==== 229+0+0 (secure 0 0 0) 0x7fb37800d600 con 0x7fb3900fab90
2023-11-15T06:25:33.359 INFO:teuthology.orchestra.run.smithi062.stderr:/usr/bin/ceph:
2023-11-15T06:25:33.348+0000 7fb38effd700 1 -- 172.21.15.62:0/2773166130 <== mon.0 v2:172.21.15.62:3300/0 2 ==== config(25 keys) v1 ==== 1010+0+0 (secure 0 0 0) 0x7fb37800dbd0 con 0x7fb3900fab90
2023-11-15T06:25:33.359 INFO:teuthology.orchestra.run.smithi062.stderr:/usr/bin/ceph:
2023-11-15T06:25:33.348+0000 7fb38effd700 1 -- 172.21.15.62:0/2773166130 <== mon.0 v2:172.21.15.62:3300/0 3 ==== mon_map magic: 0 v1 ==== 229+0+0 (secure 0 0 0) 0x7fb378011c00 con 0x7fb3900fab90
2023-11-15T06:25:33.360 INFO:teuthology.orchestra.run.smithi062.stderr:/usr/bin/ceph:
2023-11-15T06:25:33.348+0000 7fb396590700 1 -- 172.21.15.62:0/2773166130 >> [v2:172.21.15.62:3300/0,v1:172.21.15.62:6789/0] conn(0x7fb3900fab90 msgr2=0x7fb3900fafb0 secure :-1 s=STATE_CONNECTION_ESTABLISHED l=1).mark_down
2023-11-15T06:25:33.360 INFO:teuthology.orchestra.run.smithi062.stderr:/usr/bin/ceph:
2023-11-15T06:25:33.348+0000 7fb396590700 1 --2- 172.21.15.62:0/2773166130 >> [v2:172.21.15.62:3300/0,v1:172.21.15.62:6789/0] conn(0x7fb3900fab90 0x7fb3900fafb0 secure :-1 s=READY pgs=43 cs=0 l=1 rev1=1 rx=0x7fb37800b5f0 tx=0x7fb378006ee0).stop
2023-11-15T06:25:33.361 INFO:teuthology.orchestra.run.smithi062.stderr:/usr/bin/ceph:
2023-11-15T06:25:33.348+0000 7fb396590700 1 -- 172.21.15.62:0/2773166130 shutdown_connections
2023-11-15T06:25:33.361 INFO:teuthology.orchestra.run.smithi062.stderr:/usr/bin/ceph:
2023-11-15T06:25:33.348+0000 7fb396590700 1 --2- 172.21.15.62:0/2773166130 >> [v2:172.21.15.62:3300/0,v1:172.21.15.62:6789/0] conn(0x7fb3900fab90 0x7fb3900fafb0 unknown :-1 s=CLOSED pgs=43 cs=0 l=1 rev1=1 rx=0 tx=0).stop
2023-11-15T06:25:33.361 INFO:teuthology.orchestra.run.smithi062.stderr:/usr/bin/ceph:
2023-11-15T06:25:33.348+0000 7fb396590700 1 -- 172.21.15.62:0/2773166130 >> 172.21.15.62:0/2773166130 conn(0x7fb3900f63b0 msgr2=0x7fb3900f87d0 unknown :-1 s=STATE_NONE l=0).mark_down
2023-11-15T06:25:33.362 INFO:teuthology.orchestra.run.smithi062.stderr:/usr/bin/ceph:
2023-11-15T06:25:33.348+0000 7fb396590700 1 -- 172.21.15.62:0/2773166130 shutdown_connections
2023-11-15T06:25:33.362 INFO:teuthology.orchestra.run.smithi062.stderr:/usr/bin/ceph:
2023-11-15T06:25:33.348+0000 7fb396590700 1 -- 172.21.15.62:0/2773166130 wait complete.
2023-11-15T06:25:33.363 INFO:teuthology.orchestra.run.smithi062.stderr:/usr/bin/ceph:
2023-11-15T06:25:33.349+0000 7fb396590700 1 Processor -- start
2023-11-15T06:25:33.363 INFO:teuthology.orchestra.run.smithi062.stderr:/usr/bin/ceph:
2023-11-15T06:25:33.349+0000 7fb396590700 1 -- start start
2023-11-15T06:25:33.363 INFO:teuthology.orchestra.run.smithi062.stderr:/usr/bin/ceph:
2023-11-15T06:25:33.349+0000 7fb396590700 1 --2- >> [v2:172.21.15.62:3300/0,v1:172.21.15.62:6789/0] conn(0x7fb3900fab90 0x7fb39010a9f0 unknown :-1 s=NONE pgs=0 cs=0 l=1 rev1=0 rx=0 tx=0).connect
2023-11-15T06:25:33.364 INFO:teuthology.orchestra.run.smithi062.stderr:/usr/bin/ceph:
2023-11-15T06:25:33.349+0000 7fb396590700 1 -- --> [v2:172.21.15.62:3300/0,v1:172.21.15.62:6789/0] -- mon_getmap magic: 0 v1 -- 0x7fb39010aee0 con 0x7fb3900fab90
2023-11-15T06:25:33.364 INFO:teuthology.orchestra.run.smithi062.stderr:/usr/bin/ceph:
2023-11-15T06:25:33.349+0000 7fb38ffff700 1 --2- >> [v2:172.21.15.62:3300/0,v1:172.21.15.62:6789/0] conn(0x7fb3900fab90 0x7fb39010a9f0 unknown :-1 s=BANNER_CONNECTING pgs=0 cs=0 l=1 rev1=0 rx=0 tx=0)._handle_peer_banner_payload supported=1 required=0
2023-11-15T06:25:33.364 INFO:teuthology.orchestra.run.smithi062.stderr:/usr/bin/ceph:
2023-11-15T06:25:33.349+0000 7fb38ffff700 1 --2- >> [v2:172.21.15.62:3300/0,v1:172.21.15.62:6789/0] conn(0x7fb3900fab90 0x7fb39010a9f0 unknown :-1 s=HELLO_CONNECTING pgs=0 cs=0 l=1 rev1=1 rx=0 tx=0).handle_hello peer v2:172.21.15.62:3300/0 says I am v2:172.21.15.62:42814/0 (socket says 172.21.15.62:42814)
2023-11-15T06:25:33.365 INFO:teuthology.orchestra.run.smithi062.stderr:/usr/bin/ceph:
2023-11-15T06:25:33.349+0000 7fb38ffff700 1 -- 172.21.15.62:0/3967142875 learned_addr learned my addr 172.21.15.62:0/3967142875 (peer_addr_for_me v2:172.21.15.62:0/0)
2023-11-15T06:25:33.365 INFO:teuthology.orchestra.run.smithi062.stderr:/usr/bin/ceph:
2023-11-15T06:25:33.350+0000 7fb38ffff700 1 -- 172.21.15.62:0/3967142875 --> [v2:172.21.15.62:3300/0,v1:172.21.15.62:6789/0] -- mon_subscribe({config=0+,monmap=0+}) v3 -- 0x7fb37800b200 con 0x7fb3900fab90
2023-11-15T06:25:33.365 INFO:teuthology.orchestra.run.smithi062.stderr:/usr/bin/ceph:
2023-11-15T06:25:33.350+0000 7fb38ffff700 1 --2- 172.21.15.62:0/3967142875 >> [v2:172.21.15.62:3300/0,v1:172.21.15.62:6789/0] conn(0x7fb3900fab90 0x7fb39010a9f0 secure :-1 s=READY pgs=44 cs=0 l=1 rev1=1 rx=0x7fb37800b1d0 tx=0x7fb378006ee0).ready entity=mon.0 client_cookie=0 server_cookie=0 in_seq=0 out_seq=0
2023-11-15T06:25:33.366 INFO:teuthology.orchestra.run.smithi062.stderr:/usr/bin/ceph:
2023-11-15T06:25:33.350+0000 7fb38cff9700 1 -- 172.21.15.62:0/3967142875 <== mon.0 v2:172.21.15.62:3300/0 1 ==== mon_map magic: 0 v1 ==== 229+0+0 (secure 0 0 0) 0x7fb37801b410 con 0x7fb3900fab90
2023-11-15T06:25:33.366 INFO:teuthology.orchestra.run.smithi062.stderr:/usr/bin/ceph:
2023-11-15T06:25:33.350+0000 7fb396590700 1 -- 172.21.15.62:0/3967142875 --> [v2:172.21.15.62:3300/0,v1:172.21.15.62:6789/0] -- mon_subscribe({mgrmap=0+}) v3 -- 0x7fb39010b0e0 con 0x7fb3900fab90
2023-11-15T06:25:33.366 INFO:teuthology.orchestra.run.smithi062.stderr:/usr/bin/ceph:
2023-11-15T06:25:33.350+0000 7fb38cff9700 1 -- 172.21.15.62:0/3967142875 <== mon.0 v2:172.21.15.62:3300/0 2 ==== config(25 keys) v1 ==== 1010+0+0 (secure 0 0 0) 0x7fb37801b9e0 con 0x7fb3900fab90
2023-11-15T06:25:33.367 INFO:teuthology.orchestra.run.smithi062.stderr:/usr/bin/ceph:
2023-11-15T06:25:33.350+0000 7fb38cff9700 1 -- 172.21.15.62:0/3967142875 <== mon.0 v2:172.21.15.62:3300/0 3 ==== mon_map magic: 0 v1 ==== 229+0+0 (secure 0 0 0) 0x7fb37801a840 con 0x7fb3900fab90
2023-11-15T06:25:33.367 INFO:teuthology.orchestra.run.smithi062.stderr:/usr/bin/ceph:
2023-11-15T06:25:33.350+0000 7fb396590700 1 -- 172.21.15.62:0/3967142875 --> [v2:172.21.15.62:3300/0,v1:172.21.15.62:6789/0] -- mon_subscribe({osdmap=0}) v3 -- 0x7fb39010b4f0 con 0x7fb3900fab90
2023-11-15T06:25:33.367 INFO:teuthology.orchestra.run.smithi062.stderr:/usr/bin/ceph:
2023-11-15T06:25:33.351+0000 7fb38cff9700 1 -- 172.21.15.62:0/3967142875 <== mon.0 v2:172.21.15.62:3300/0 4 ==== mgrmap(e 8) v1 ==== 36120+0+0 (secure 0 0 0) 0x7fb37800f070 con 0x7fb3900fab90
2023-11-15T06:25:33.368 INFO:teuthology.orchestra.run.smithi062.stderr:/usr/bin/ceph:
2023-11-15T06:25:33.351+0000 7fb38cff9700 1 --2- 172.21.15.62:0/3967142875 >> [v2:172.21.15.62:6800/3280254567,v1:172.21.15.62:6801/3280254567] conn(0x7fb37002fd50 0x7fb370032210 unknown :-1 s=NONE pgs=0 cs=0 l=1 rev1=0 rx=0 tx=0).connect
2023-11-15T06:25:33.368 INFO:teuthology.orchestra.run.smithi062.stderr:/usr/bin/ceph:
2023-11-15T06:25:33.351+0000 7fb38cff9700 1 -- 172.21.15.62:0/3967142875 <== mon.0 v2:172.21.15.62:3300/0 5 ==== osd_map(2..2 src has 1..2) v4 ==== 926+0+0 (secure 0 0 0) 0x7fb378041290 con 0x7fb3900fab90
2023-11-15T06:25:33.368 INFO:teuthology.orchestra.run.smithi062.stderr:/usr/bin/ceph:
2023-11-15T06:25:33.351+0000 7fb38f7fe700 1 --2- 172.21.15.62:0/3967142875 >> [v2:172.21.15.62:6800/3280254567,v1:172.21.15.62:6801/3280254567] conn(0x7fb37002fd50 0x7fb370032210 unknown :-1 s=BANNER_CONNECTING pgs=0 cs=0 l=1 rev1=0 rx=0 tx=0)._handle_peer_banner_payload supported=1 required=0
2023-11-15T06:25:33.369 INFO:teuthology.orchestra.run.smithi062.stderr:/usr/bin/ceph:
2023-11-15T06:25:33.351+0000 7fb396590700 1 -- 172.21.15.62:0/3967142875 --> [v2:172.21.15.62:3300/0,v1:172.21.15.62:6789/0] -- mon_command({"prefix": "get_command_descriptions"} v 0) v1 -- 0x7fb390059100 con 0x7fb3900fab90
2023-11-15T06:25:33.369 INFO:teuthology.orchestra.run.smithi062.stderr:/usr/bin/ceph:
2023-11-15T06:25:33.351+0000 7fb38f7fe700 1 --2- 172.21.15.62:0/3967142875 >> [v2:172.21.15.62:6800/3280254567,v1:172.21.15.62:6801/3280254567] conn(0x7fb37002fd50 0x7fb370032210 secure :-1 s=READY pgs=12 cs=0 l=1 rev1=1 rx=0x7fb3800096a0 tx=0x7fb380006b40).ready entity=mgr.14116 client_cookie=0 server_cookie=0 in_seq=0 out_seq=0
2023-11-15T06:25:33.370 INFO:teuthology.orchestra.run.smithi062.stderr:/usr/bin/ceph:
2023-11-15T06:25:33.356+0000 7fb38cff9700 1 -- 172.21.15.62:0/3967142875 <== mon.0 v2:172.21.15.62:3300/0 6 ==== mon_command_ack([{"prefix": "get_command_descriptions"}]=0 v0) v1 ==== 72+0+152212 (secure 0 0 0) 0x7fb378025460 con 0x7fb3900fab90
2023-11-15T06:25:33.544 INFO:teuthology.orchestra.run.smithi062.stderr:/usr/bin/ceph:
2023-11-15T06:25:33.542+0000 7fb396590700 1 -- 172.21.15.62:0/3967142875 --> [v2:172.21.15.62:6800/3280254567,v1:172.21.15.62:6801/3280254567] -- mgr_command(tid 0: {"prefix": "orch apply", "service_type": "mgr", "target": ["mon-mgr", ""]}) v1 -- 0x7fb390104a40 con 0x7fb37002fd50
2023-11-15T06:25:33.548 INFO:teuthology.orchestra.run.smithi062.stderr:/usr/bin/ceph:
2023-11-15T06:25:33.546+0000 7fb38cff9700 1 -- 172.21.15.62:0/3967142875 <== mgr.14116 v2:172.21.15.62:6800/3280254567 1 ==== mgr_command_reply(tid 0: 0 ) v1 ==== 8+0+24 (secure 0 0 0) 0x7fb390104a40 con 0x7fb37002fd50
2023-11-15T06:25:33.549 INFO:teuthology.orchestra.run.smithi062.stderr:/usr/bin/ceph: Scheduled mgr update...
2023-11-15T06:25:33.551 INFO:teuthology.orchestra.run.smithi062.stderr:/usr/bin/ceph:
2023-11-15T06:25:33.547+0000 7fb396590700 1 -- 172.21.15.62:0/3967142875 >> [v2:172.21.15.62:6800/3280254567,v1:172.21.15.62:6801/3280254567] conn(0x7fb37002fd50 msgr2=0x7fb370032210 secure :-1 s=STATE_CONNECTION_ESTABLISHED l=1).mark_down
2023-11-15T06:25:33.552 INFO:teuthology.orchestra.run.smithi062.stderr:/usr/bin/ceph:
2023-11-15T06:25:33.547+0000 7fb396590700 1 --2- 172.21.15.62:0/3967142875 >> [v2:172.21.15.62:6800/3280254567,v1:172.21.15.62:6801/3280254567] conn(0x7fb37002fd50 0x7fb370032210 secure :-1 s=READY pgs=12 cs=0 l=1 rev1=1 rx=0x7fb3800096a0 tx=0x7fb380006b40).stop
2023-11-15T06:25:33.553 INFO:teuthology.orchestra.run.smithi062.stderr:/usr/bin/ceph:
2023-11-15T06:25:33.547+0000 7fb396590700 1 -- 172.21.15.62:0/3967142875 >> [v2:172.21.15.62:3300/0,v1:172.21.15.62:6789/0] conn(0x7fb3900fab90 msgr2=0x7fb39010a9f0 secure :-1 s=STATE_CONNECTION_ESTABLISHED l=1).mark_down
2023-11-15T06:25:33.553 INFO:teuthology.orchestra.run.smithi062.stderr:/usr/bin/ceph:
2023-11-15T06:25:33.547+0000 7fb396590700 1 --2- 172.21.15.62:0/3967142875 >> [v2:172.21.15.62:3300/0,v1:172.21.15.62:6789/0] conn(0x7fb3900fab90 0x7fb39010a9f0 secure :-1 s=READY pgs=44 cs=0 l=1 rev1=1 rx=0x7fb37800b1d0 tx=0x7fb378006ee0).stop
2023-11-15T06:25:33.553 INFO:teuthology.orchestra.run.smithi062.stderr:/usr/bin/ceph:
2023-11-15T06:25:33.547+0000 7fb396590700 1 -- 172.21.15.62:0/3967142875 shutdown_connections
2023-11-15T06:25:33.554 INFO:teuthology.orchestra.run.smithi062.stderr:/usr/bin/ceph:
2023-11-15T06:25:33.547+0000 7fb396590700 1 --2- 172.21.15.62:0/3967142875 >> [v2:172.21.15.62:6800/3280254567,v1:172.21.15.62:6801/3280254567] conn(0x7fb37002fd50 0x7fb370032210 unknown :-1 s=CLOSED pgs=12 cs=0 l=1 rev1=1 rx=0 tx=0).stop
2023-11-15T06:25:33.554 INFO:teuthology.orchestra.run.smithi062.stderr:/usr/bin/ceph:
2023-11-15T06:25:33.547+0000 7fb396590700 1 --2- 172.21.15.62:0/3967142875 >> [v2:172.21.15.62:3300/0,v1:172.21.15.62:6789/0] conn(0x7fb3900fab90 0x7fb39010a9f0 unknown :-1 s=CLOSED pgs=44 cs=0 l=1 rev1=1 rx=0 tx=0).stop
2023-11-15T06:25:33.554 INFO:teuthology.orchestra.run.smithi062.stderr:/usr/bin/ceph:
2023-11-15T06:25:33.547+0000 7fb396590700 1 -- 172.21.15.62:0/3967142875 >> 172.21.15.62:0/3967142875 conn(0x7fb3900f63b0 msgr2=0x7fb3900f7e70 unknown :-1 s=STATE_NONE l=0).mark_down
2023-11-15T06:25:33.555 INFO:teuthology.orchestra.run.smithi062.stderr:/usr/bin/ceph:
2023-11-15T06:25:33.547+0000 7fb396590700 1 -- 172.21.15.62:0/3967142875 shutdown_connections
2023-11-15T06:25:33.555 INFO:teuthology.orchestra.run.smithi062.stderr:/usr/bin/ceph:
2023-11-15T06:25:33.547+0000 7fb396590700 1 -- 172.21.15.62:0/3967142875 wait complete.
2023-11-15T06:25:33.924 INFO:teuthology.orchestra.run.smithi062.stderr:Deploying crash service with default placement...
2023-11-15T06:25:33.925 INFO:teuthology.orchestra.run.smithi062.stderr:Running command: /bin/podman run --rm --ipc=host --no-hosts --net=host --entrypoint /usr/bin/ceph --init -e CONTAINER_IMAGE=docker.io/ceph/ceph:v16.2.4 -e NODE_NAME=smithi062 -e CEPH_USE_RANDOM_NONCE=1 -v /var/log/ceph/a3c2da76-837f-11ee-8dbe-212e2dc638e7:/var/log/ceph:z -v /tmp/ceph-tmptvq9ksio:/etc/ceph/ceph.client.admin.keyring:z -v /tmp/ceph-tmpf12kfgcg:/etc/ceph/ceph.conf:z docker.io/ceph/ceph:v16.2.4 orch apply crash
2023-11-15T06:25:34.305 INFO:teuthology.orchestra.run.smithi062.stderr:/usr/bin/ceph:
2023-11-15T06:25:34.302+0000 7f23e2845700 1 Processor -- start
2023-11-15T06:25:34.305 INFO:teuthology.orchestra.run.smithi062.stderr:/usr/bin/ceph:
2023-11-15T06:25:34.302+0000 7f23e2845700 1 -- start start
2023-11-15T06:25:34.305 INFO:teuthology.orchestra.run.smithi062.stderr:/usr/bin/ceph:
2023-11-15T06:25:34.302+0000 7f23e2845700 1 --2- >> [v2:172.21.15.62:3300/0,v1:172.21.15.62:6789/0] conn(0x7f23dc0703d0 0x7f23dc100b90 unknown :-1 s=NONE pgs=0 cs=0 l=0 rev1=0 rx=0 tx=0).connect
2023-11-15T06:25:34.306 INFO:teuthology.orchestra.run.smithi062.stderr:/usr/bin/ceph:
2023-11-15T06:25:34.302+0000 7f23e2845700 1 -- --> [v2:172.21.15.62:3300/0,v1:172.21.15.62:6789/0] -- mon_getmap magic: 0 v1 -- 0x7f23dc0fc580 con 0x7f23dc0703d0
2023-11-15T06:25:34.306 INFO:teuthology.orchestra.run.smithi062.stderr:/usr/bin/ceph:
2023-11-15T06:25:34.302+0000 7f23e1843700 1 --2- >> [v2:172.21.15.62:3300/0,v1:172.21.15.62:6789/0] conn(0x7f23dc0703d0 0x7f23dc100b90 unknown :-1 s=BANNER_CONNECTING pgs=0 cs=0 l=0 rev1=0 rx=0 tx=0)._handle_peer_banner_payload supported=1 required=0
2023-11-15T06:25:34.306 INFO:teuthology.orchestra.run.smithi062.stderr:/usr/bin/ceph:
2023-11-15T06:25:34.302+0000 7f23e1843700 1 --2- >> [v2:172.21.15.62:3300/0,v1:172.21.15.62:6789/0] conn(0x7f23dc0703d0 0x7f23dc100b90 unknown :-1 s=HELLO_CONNECTING pgs=0 cs=0 l=0 rev1=1 rx=0 tx=0).handle_hello peer v2:172.21.15.62:3300/0 says I am v2:172.21.15.62:42822/0 (socket says 172.21.15.62:42822)
2023-11-15T06:25:34.306 INFO:teuthology.orchestra.run.smithi062.stderr:/usr/bin/ceph:
2023-11-15T06:25:34.302+0000 7f23e1843700 1 -- 172.21.15.62:0/3898967374 learned_addr learned my addr 172.21.15.62:0/3898967374 (peer_addr_for_me v2:172.21.15.62:0/0)
2023-11-15T06:25:34.309 INFO:teuthology.orchestra.run.smithi062.stderr:/usr/bin/ceph:
2023-11-15T06:25:34.302+0000 7f23e1843700 1 -- 172.21.15.62:0/3898967374 --> [v2:172.21.15.62:3300/0,v1:172.21.15.62:6789/0] -- mon_subscribe({config=0+,monmap=0+}) v3 -- 0x7f23dc101080 con 0x7f23dc0703d0
2023-11-15T06:25:34.310 INFO:teuthology.orchestra.run.smithi062.stderr:/usr/bin/ceph:
2023-11-15T06:25:34.303+0000 7f23e1843700 1 --2- 172.21.15.62:0/3898967374 >> [v2:172.21.15.62:3300/0,v1:172.21.15.62:6789/0] conn(0x7f23dc0703d0 0x7f23dc100b90 secure :-1 s=READY pgs=45 cs=0 l=1 rev1=1 rx=0x7f23d800b5f0 tx=0x7f23d8006ee0).ready entity=mon.0 client_cookie=6f9b825856a8b1cf server_cookie=0 in_seq=0 out_seq=0
2023-11-15T06:25:34.310 INFO:teuthology.orchestra.run.smithi062.stderr:/usr/bin/ceph:
2023-11-15T06:25:34.303+0000 7f23e0841700 1 -- 172.21.15.62:0/3898967374 <== mon.0 v2:172.21.15.62:3300/0 1 ==== mon_map magic: 0 v1 ==== 229+0+0 (secure 0 0 0) 0x7f23d800d600 con 0x7f23dc0703d0
2023-11-15T06:25:34.310 INFO:teuthology.orchestra.run.smithi062.stderr:/usr/bin/ceph:
2023-11-15T06:25:34.303+0000 7f23e0841700 1 -- 172.21.15.62:0/3898967374 <== mon.0 v2:172.21.15.62:3300/0 2 ==== config(25 keys) v1 ==== 1010+0+0 (secure 0 0 0) 0x7f23d800dbd0 con 0x7f23dc0703d0
2023-11-15T06:25:34.310 INFO:teuthology.orchestra.run.smithi062.stderr:/usr/bin/ceph:
2023-11-15T06:25:34.303+0000 7f23e0841700 1 -- 172.21.15.62:0/3898967374 <== mon.0 v2:172.21.15.62:3300/0 3 ==== mon_map magic: 0 v1 ==== 229+0+0 (secure 0 0 0) 0x7f23d8011c00 con 0x7f23dc0703d0
2023-11-15T06:25:34.310 INFO:teuthology.orchestra.run.smithi062.stderr:/usr/bin/ceph:
2023-11-15T06:25:34.304+0000 7f23e2845700 1 -- 172.21.15.62:0/3898967374 >> [v2:172.21.15.62:3300/0,v1:172.21.15.62:6789/0] conn(0x7f23dc0703d0 msgr2=0x7f23dc100b90 secure :-1 s=STATE_CONNECTION_ESTABLISHED l=1).mark_down
2023-11-15T06:25:34.311 INFO:teuthology.orchestra.run.smithi062.stderr:/usr/bin/ceph:
2023-11-15T06:25:34.304+0000 7f23e2845700 1 --2- 172.21.15.62:0/3898967374 >> [v2:172.21.15.62:3300/0,v1:172.21.15.62:6789/0] conn(0x7f23dc0703d0 0x7f23dc100b90 secure :-1 s=READY pgs=45 cs=0 l=1 rev1=1 rx=0x7f23d800b5f0 tx=0x7f23d8006ee0).stop
2023-11-15T06:25:34.311 INFO:teuthology.orchestra.run.smithi062.stderr:/usr/bin/ceph:
2023-11-15T06:25:34.304+0000 7f23e2845700 1 -- 172.21.15.62:0/3898967374 shutdown_connections
2023-11-15T06:25:34.311 INFO:teuthology.orchestra.run.smithi062.stderr:/usr/bin/ceph:
2023-11-15T06:25:34.304+0000 7f23e2845700 1 --2- 172.21.15.62:0/3898967374 >> [v2:172.21.15.62:3300/0,v1:172.21.15.62:6789/0] conn(0x7f23dc0703d0 0x7f23dc100b90 unknown :-1 s=CLOSED pgs=45 cs=0 l=1 rev1=1 rx=0 tx=0).stop
2023-11-15T06:25:34.311 INFO:teuthology.orchestra.run.smithi062.stderr:/usr/bin/ceph:
2023-11-15T06:25:34.304+0000 7f23e2845700 1 -- 172.21.15.62:0/3898967374 >> 172.21.15.62:0/3898967374 conn(0x7f23dc0f6210 msgr2=0x7f23dc0f8630 unknown :-1 s=STATE_NONE l=0).mark_down
2023-11-15T06:25:34.311 INFO:teuthology.orchestra.run.smithi062.stderr:/usr/bin/ceph:
2023-11-15T06:25:34.304+0000 7f23e2845700 1 -- 172.21.15.62:0/3898967374 shutdown_connections
2023-11-15T06:25:34.311 INFO:teuthology.orchestra.run.smithi062.stderr:/usr/bin/ceph:
2023-11-15T06:25:34.304+0000 7f23e2845700 1 -- 172.21.15.62:0/3898967374 wait complete.
2023-11-15T06:25:34.312 INFO:teuthology.orchestra.run.smithi062.stderr:/usr/bin/ceph:
2023-11-15T06:25:34.304+0000 7f23e2845700 1 Processor -- start
2023-11-15T06:25:34.312 INFO:teuthology.orchestra.run.smithi062.stderr:/usr/bin/ceph:
2023-11-15T06:25:34.304+0000 7f23e2845700 1 -- start start
2023-11-15T06:25:34.312 INFO:teuthology.orchestra.run.smithi062.stderr:/usr/bin/ceph:
2023-11-15T06:25:34.304+0000 7f23e2845700 1 --2- >> [v2:172.21.15.62:3300/0,v1:172.21.15.62:6789/0] conn(0x7f23dc0703d0 0x7f23dc10ca70 unknown :-1 s=NONE pgs=0 cs=0 l=1 rev1=0 rx=0 tx=0).connect
2023-11-15T06:25:34.312 INFO:teuthology.orchestra.run.smithi062.stderr:/usr/bin/ceph:
2023-11-15T06:25:34.304+0000 7f23e2845700 1 -- --> [v2:172.21.15.62:3300/0,v1:172.21.15.62:6789/0] -- mon_getmap magic: 0 v1 -- 0x7f23dc10cf60 con 0x7f23dc0703d0
2023-11-15T06:25:34.312 INFO:teuthology.orchestra.run.smithi062.stderr:/usr/bin/ceph:
2023-11-15T06:25:34.305+0000 7f23e1843700 1 --2- >> [v2:172.21.15.62:3300/0,v1:172.21.15.62:6789/0] conn(0x7f23dc0703d0 0x7f23dc10ca70 unknown :-1 s=BANNER_CONNECTING pgs=0 cs=0 l=1 rev1=0 rx=0 tx=0)._handle_peer_banner_payload supported=1 required=0
2023-11-15T06:25:34.313 INFO:teuthology.orchestra.run.smithi062.stderr:/usr/bin/ceph:
2023-11-15T06:25:34.305+0000 7f23e1843700 1 --2- >> [v2:172.21.15.62:3300/0,v1:172.21.15.62:6789/0] conn(0x7f23dc0703d0 0x7f23dc10ca70 unknown :-1 s=HELLO_CONNECTING pgs=0 cs=0 l=1 rev1=1 rx=0 tx=0).handle_hello peer v2:172.21.15.62:3300/0 says I am v2:172.21.15.62:42838/0 (socket says 172.21.15.62:42838)
2023-11-15T06:25:34.313 INFO:teuthology.orchestra.run.smithi062.stderr:/usr/bin/ceph:
2023-11-15T06:25:34.305+0000 7f23e1843700 1 -- 172.21.15.62:0/3323304118 learned_addr learned my addr 172.21.15.62:0/3323304118 (peer_addr_for_me v2:172.21.15.62:0/0)
2023-11-15T06:25:34.313 INFO:teuthology.orchestra.run.smithi062.stderr:/usr/bin/ceph:
2023-11-15T06:25:34.305+0000 7f23e1843700 1 -- 172.21.15.62:0/3323304118 --> [v2:172.21.15.62:3300/0,v1:172.21.15.62:6789/0] -- mon_subscribe({config=0+,monmap=0+}) v3 -- 0x7f23d800b200 con 0x7f23dc0703d0
2023-11-15T06:25:34.313 INFO:teuthology.orchestra.run.smithi062.stderr:/usr/bin/ceph:
2023-11-15T06:25:34.305+0000 7f23e1843700 1 --2- 172.21.15.62:0/3323304118 >> [v2:172.21.15.62:3300/0,v1:172.21.15.62:6789/0] conn(0x7f23dc0703d0 0x7f23dc10ca70 secure :-1 s=READY pgs=46 cs=0 l=1 rev1=1 rx=0x7f23d800b190 tx=0x7f23d8006ee0).ready entity=mon.0 client_cookie=0 server_cookie=0 in_seq=0 out_seq=0
2023-11-15T06:25:34.313 INFO:teuthology.orchestra.run.smithi062.stderr:/usr/bin/ceph:
2023-11-15T06:25:34.305+0000 7f23ca7fc700 1 -- 172.21.15.62:0/3323304118 <== mon.0 v2:172.21.15.62:3300/0 1 ==== mon_map magic: 0 v1 ==== 229+0+0 (secure 0 0 0) 0x7f23d801b410 con 0x7f23dc0703d0
2023-11-15T06:25:34.314 INFO:teuthology.orchestra.run.smithi062.stderr:/usr/bin/ceph:
2023-11-15T06:25:34.305+0000 7f23ca7fc700 1 -- 172.21.15.62:0/3323304118 <== mon.0 v2:172.21.15.62:3300/0 2 ==== config(25 keys) v1 ==== 1010+0+0 (secure 0 0 0) 0x7f23d801b9e0 con 0x7f23dc0703d0
2023-11-15T06:25:34.314 INFO:teuthology.orchestra.run.smithi062.stderr:/usr/bin/ceph:
2023-11-15T06:25:34.305+0000 7f23e2845700 1 -- 172.21.15.62:0/3323304118 --> [v2:172.21.15.62:3300/0,v1:172.21.15.62:6789/0] -- mon_subscribe({mgrmap=0+}) v3 -- 0x7f23dc10d160 con 0x7f23dc0703d0
2023-11-15T06:25:34.314 INFO:teuthology.orchestra.run.smithi062.stderr:/usr/bin/ceph:
2023-11-15T06:25:34.305+0000 7f23ca7fc700 1 -- 172.21.15.62:0/3323304118 <== mon.0 v2:172.21.15.62:3300/0 3 ==== mon_map magic: 0 v1 ==== 229+0+0 (secure 0 0 0) 0x7f23d801a880 con 0x7f23dc0703d0
2023-11-15T06:25:34.314 INFO:teuthology.orchestra.run.smithi062.stderr:/usr/bin/ceph:
2023-11-15T06:25:34.305+0000 7f23e2845700 1 -- 172.21.15.62:0/3323304118 --> [v2:172.21.15.62:3300/0,v1:172.21.15.62:6789/0] -- mon_subscribe({osdmap=0}) v3 -- 0x7f23dc10d570 con 0x7f23dc0703d0
2023-11-15T06:25:34.314 INFO:teuthology.orchestra.run.smithi062.stderr:/usr/bin/ceph:
2023-11-15T06:25:34.306+0000 7f23ca7fc700 1 -- 172.21.15.62:0/3323304118 <== mon.0 v2:172.21.15.62:3300/0 4 ==== mgrmap(e 8) v1 ==== 36120+0+0 (secure 0 0 0) 0x7f23d800f070 con 0x7f23dc0703d0
2023-11-15T06:25:34.314 INFO:teuthology.orchestra.run.smithi062.stderr:/usr/bin/ceph:
2023-11-15T06:25:34.306+0000 7f23ca7fc700 1 --2- 172.21.15.62:0/3323304118 >> [v2:172.21.15.62:6800/3280254567,v1:172.21.15.62:6801/3280254567] conn(0x7f23c402fd50 0x7f23c4032210 unknown :-1 s=NONE pgs=0 cs=0 l=1 rev1=0 rx=0 tx=0).connect
2023-11-15T06:25:34.315 INFO:teuthology.orchestra.run.smithi062.stderr:/usr/bin/ceph:
2023-11-15T06:25:34.306+0000 7f23ca7fc700 1 -- 172.21.15.62:0/3323304118 <== mon.0 v2:172.21.15.62:3300/0 5 ==== osd_map(2..2 src has 1..2) v4 ==== 926+0+0 (secure 0 0 0) 0x7f23d8041340 con 0x7f23dc0703d0
2023-11-15T06:25:34.315 INFO:teuthology.orchestra.run.smithi062.stderr:/usr/bin/ceph:
2023-11-15T06:25:34.306+0000 7f23e2845700 1 -- 172.21.15.62:0/3323304118 --> [v2:172.21.15.62:3300/0,v1:172.21.15.62:6789/0] -- mon_command({"prefix": "get_command_descriptions"} v 0) v1 -- 0x7f23dc045ad0 con 0x7f23dc0703d0
2023-11-15T06:25:34.315 INFO:teuthology.orchestra.run.smithi062.stderr:/usr/bin/ceph:
2023-11-15T06:25:34.306+0000 7f23e1042700 1 --2- 172.21.15.62:0/3323304118 >> [v2:172.21.15.62:6800/3280254567,v1:172.21.15.62:6801/3280254567] conn(0x7f23c402fd50 0x7f23c4032210 unknown :-1 s=BANNER_CONNECTING pgs=0 cs=0 l=1 rev1=0 rx=0 tx=0)._handle_peer_banner_payload supported=1 required=0
2023-11-15T06:25:34.315 INFO:teuthology.orchestra.run.smithi062.stderr:/usr/bin/ceph:
2023-11-15T06:25:34.307+0000 7f23e1042700 1 --2- 172.21.15.62:0/3323304118 >> [v2:172.21.15.62:6800/3280254567,v1:172.21.15.62:6801/3280254567] conn(0x7f23c402fd50 0x7f23c4032210 secure :-1 s=READY pgs=13 cs=0 l=1 rev1=1 rx=0x7f23cc0096a0 tx=0x7f23cc006b40).ready entity=mgr.14116 client_cookie=0 server_cookie=0 in_seq=0 out_seq=0
2023-11-15T06:25:34.316 INFO:teuthology.orchestra.run.smithi062.stderr:/usr/bin/ceph:
2023-11-15T06:25:34.311+0000 7f23ca7fc700 1 -- 172.21.15.62:0/3323304118 <== mon.0 v2:172.21.15.62:3300/0 6 ==== mon_command_ack([{"prefix": "get_command_descriptions"}]=0 v0) v1 ==== 72+0+152212 (secure 0 0 0) 0x7f23d8010360 con 0x7f23dc0703d0
2023-11-15T06:25:34.500 INFO:teuthology.orchestra.run.smithi062.stderr:/usr/bin/ceph:
2023-11-15T06:25:34.498+0000 7f23e2845700 1 -- 172.21.15.62:0/3323304118 --> [v2:172.21.15.62:6800/3280254567,v1:172.21.15.62:6801/3280254567] -- mgr_command(tid 0: {"prefix": "orch apply", "service_type": "crash", "target": ["mon-mgr", ""]}) v1 -- 0x7f23dc106950 con 0x7f23c402fd50
2023-11-15T06:25:34.504 INFO:teuthology.orchestra.run.smithi062.stderr:/usr/bin/ceph:
2023-11-15T06:25:34.501+0000 7f23ca7fc700 1 -- 172.21.15.62:0/3323304118 <== mgr.14116 v2:172.21.15.62:6800/3280254567 1 ==== mgr_command_reply(tid 0: 0 ) v1 ==== 8+0+26 (secure 0 0 0) 0x7f23dc106950 con 0x7f23c402fd50
2023-11-15T06:25:34.504 INFO:teuthology.orchestra.run.smithi062.stderr:/usr/bin/ceph: Scheduled crash update...
2023-11-15T06:25:34.506 INFO:teuthology.orchestra.run.smithi062.stderr:/usr/bin/ceph:
2023-11-15T06:25:34.503+0000 7f23e2845700 1 -- 172.21.15.62:0/3323304118 >> [v2:172.21.15.62:6800/3280254567,v1:172.21.15.62:6801/3280254567] conn(0x7f23c402fd50 msgr2=0x7f23c4032210 secure :-1 s=STATE_CONNECTION_ESTABLISHED l=1).mark_down
2023-11-15T06:25:34.506 INFO:teuthology.orchestra.run.smithi062.stderr:/usr/bin/ceph:
2023-11-15T06:25:34.503+0000 7f23e2845700 1 --2- 172.21.15.62:0/3323304118 >> [v2:172.21.15.62:6800/3280254567,v1:172.21.15.62:6801/3280254567] conn(0x7f23c402fd50 0x7f23c4032210 secure :-1 s=READY pgs=13 cs=0 l=1 rev1=1 rx=0x7f23cc0096a0 tx=0x7f23cc006b40).stop
2023-11-15T06:25:34.506 INFO:teuthology.orchestra.run.smithi062.stderr:/usr/bin/ceph:
2023-11-15T06:25:34.503+0000 7f23e2845700 1 -- 172.21.15.62:0/3323304118 >> [v2:172.21.15.62:3300/0,v1:172.21.15.62:6789/0] conn(0x7f23dc0703d0 msgr2=0x7f23dc10ca70 secure :-1 s=STATE_CONNECTION_ESTABLISHED l=1).mark_down
2023-11-15T06:25:34.507 INFO:teuthology.orchestra.run.smithi062.stderr:/usr/bin/ceph:
2023-11-15T06:25:34.503+0000 7f23e2845700 1 --2- 172.21.15.62:0/3323304118 >> [v2:172.21.15.62:3300/0,v1:172.21.15.62:6789/0] conn(0x7f23dc0703d0 0x7f23dc10ca70 secure :-1 s=READY pgs=46 cs=0 l=1 rev1=1 rx=0x7f23d800b190 tx=0x7f23d8006ee0).stop
2023-11-15T06:25:34.507 INFO:teuthology.orchestra.run.smithi062.stderr:/usr/bin/ceph:
2023-11-15T06:25:34.503+0000 7f23e2845700 1 -- 172.21.15.62:0/3323304118 shutdown_connections
2023-11-15T06:25:34.507 INFO:teuthology.orchestra.run.smithi062.stderr:/usr/bin/ceph:
2023-11-15T06:25:34.503+0000 7f23e2845700 1 --2- 172.21.15.62:0/3323304118 >> [v2:172.21.15.62:6800/3280254567,v1:172.21.15.62:6801/3280254567] conn(0x7f23c402fd50 0x7f23c4032210 unknown :-1 s=CLOSED pgs=13 cs=0 l=1 rev1=1 rx=0 tx=0).stop
2023-11-15T06:25:34.507 INFO:teuthology.orchestra.run.smithi062.stderr:/usr/bin/ceph:
2023-11-15T06:25:34.503+0000 7f23e2845700 1 --2- 172.21.15.62:0/3323304118 >> [v2:172.21.15.62:3300/0,v1:172.21.15.62:6789/0] conn(0x7f23dc0703d0 0x7f23dc10ca70 unknown :-1 s=CLOSED pgs=46 cs=0 l=1 rev1=1 rx=0 tx=0).stop
2023-11-15T06:25:34.507 INFO:teuthology.orchestra.run.smithi062.stderr:/usr/bin/ceph:
2023-11-15T06:25:34.503+0000 7f23e2845700 1 -- 172.21.15.62:0/3323304118 >> 172.21.15.62:0/3323304118 conn(0x7f23dc0f6210 msgr2=0x7f23dc0f7ca0 unknown :-1 s=STATE_NONE l=0).mark_down
2023-11-15T06:25:34.508 INFO:teuthology.orchestra.run.smithi062.stderr:/usr/bin/ceph:
2023-11-15T06:25:34.503+0000 7f23e2845700 1 -- 172.21.15.62:0/3323304118 shutdown_connections
2023-11-15T06:25:34.508 INFO:teuthology.orchestra.run.smithi062.stderr:/usr/bin/ceph:
2023-11-15T06:25:34.503+0000 7f23e2845700 1 -- 172.21.15.62:0/3323304118 wait complete.
2023-11-15T06:25:34.793 INFO:journalctl@ceph.mon.smithi062.smithi062.stdout:Nov 15 06:25:34 smithi062 ceph-a3c2da76-837f-11ee-8dbe-212e2dc638e7-mon.smithi062[112362]: audit
2023-11-15T06:25:32.709746+0000 mgr.smithi062.rwurtk (mgr.14116) 10 : audit [DBG] from='client.14136 -' entity='client.admin' cmd=[{"prefix": "orch apply", "service_type": "mon", "target": ["mon-mgr", ""]}]: dispatch
