2023-11-15T06:25:22.642+0000 7f4248471700 1 -- 172.21.15.62:0/3279740268 >> [v2:172.21.15.62:3300/0,v1:172.21.15.62:6789/0] conn(0x7f42400703b0 msgr2=0x7f424010cc10 secure :-1 s=STATE_CONNECTION_ESTABLISHED l=1).mark_down
2023-11-15T06:25:22.645 INFO:teuthology.orchestra.run.smithi062.stderr:/usr/bin/ceph:
2023-11-15T06:25:22.642+0000 7f4248471700 1 --2- 172.21.15.62:0/3279740268 >> [v2:172.21.15.62:3300/0,v1:172.21.15.62:6789/0] conn(0x7f42400703b0 0x7f424010cc10 secure :-1 s=READY pgs=34 cs=0 l=1 rev1=1 rx=0x7f423000b190 tx=0x7f4230006ee0).stop
2023-11-15T06:25:22.646 INFO:teuthology.orchestra.run.smithi062.stderr:/usr/bin/ceph:
2023-11-15T06:25:22.642+0000 7f4248471700 1 -- 172.21.15.62:0/3279740268 shutdown_connections
2023-11-15T06:25:22.646 INFO:teuthology.orchestra.run.smithi062.stderr:/usr/bin/ceph:
2023-11-15T06:25:22.642+0000 7f4248471700 1 --2- 172.21.15.62:0/3279740268 >> [v2:172.21.15.62:6800/3280254567,v1:172.21.15.62:6801/3280254567] conn(0x7f422802fcf0 0x7f42280321b0 unknown :-1 s=CLOSED pgs=7 cs=0 l=1 rev1=1 rx=0 tx=0).stop
2023-11-15T06:25:22.646 INFO:teuthology.orchestra.run.smithi062.stderr:/usr/bin/ceph:
2023-11-15T06:25:22.642+0000 7f4248471700 1 --2- 172.21.15.62:0/3279740268 >> [v2:172.21.15.62:3300/0,v1:172.21.15.62:6789/0] conn(0x7f42400703b0 0x7f424010cc10 unknown :-1 s=CLOSED pgs=34 cs=0 l=1 rev1=1 rx=0 tx=0).stop
2023-11-15T06:25:22.646 INFO:teuthology.orchestra.run.smithi062.stderr:/usr/bin/ceph:
2023-11-15T06:25:22.642+0000 7f4248471700 1 -- 172.21.15.62:0/3279740268 >> 172.21.15.62:0/3279740268 conn(0x7f42400f63c0 msgr2=0x7f42400f7ef0 unknown :-1 s=STATE_NONE l=0).mark_down
2023-11-15T06:25:22.647 INFO:teuthology.orchestra.run.smithi062.stderr:/usr/bin/ceph:
2023-11-15T06:25:22.642+0000 7f4248471700 1 -- 172.21.15.62:0/3279740268 shutdown_connections
2023-11-15T06:25:22.647 INFO:teuthology.orchestra.run.smithi062.stderr:/usr/bin/ceph:
2023-11-15T06:25:22.642+0000 7f4248471700 1 -- 172.21.15.62:0/3279740268 wait complete.
2023-11-15T06:25:23.016 INFO:teuthology.orchestra.run.smithi062.stderr:Generating ssh key...
2023-11-15T06:25:23.017 INFO:teuthology.orchestra.run.smithi062.stderr:Running command: /bin/podman run --rm --ipc=host --no-hosts --net=host --entrypoint /usr/bin/ceph --init -e CONTAINER_IMAGE=docker.io/ceph/ceph:v16.2.4 -e NODE_NAME=smithi062 -e CEPH_USE_RANDOM_NONCE=1 -v /var/log/ceph/a3c2da76-837f-11ee-8dbe-212e2dc638e7:/var/log/ceph:z -v /tmp/ceph-tmptvq9ksio:/etc/ceph/ceph.client.admin.keyring:z -v /tmp/ceph-tmpf12kfgcg:/etc/ceph/ceph.conf:z docker.io/ceph/ceph:v16.2.4 cephadm generate-key
2023-11-15T06:25:23.866 INFO:journalctl@ceph.mon.smithi062.smithi062.stdout:Nov 15 06:25:23 smithi062 ceph-a3c2da76-837f-11ee-8dbe-212e2dc638e7-mon.smithi062[112362]: audit
2023-11-15T06:25:21.759141+0000 mgr.smithi062.rwurtk (mgr.14116) 3 : audit [DBG] from='client.14126 -' entity='client.admin' cmd=[{"prefix": "orch set backend", "module_name": "cephadm", "target": ["mon-mgr", ""]}]: dispatch
2023-11-15T06:25:23.866 INFO:journalctl@ceph.mon.smithi062.smithi062.stdout:Nov 15 06:25:23 smithi062 ceph-a3c2da76-837f-11ee-8dbe-212e2dc638e7-mon.smithi062[112362]: cluster
2023-11-15T06:25:22.763943+0000 mon.smithi062 (mon.0) 52 : cluster [DBG] mgrmap e8: smithi062.rwurtk(active, since 2s)
2023-11-15T06:25:24.478 INFO:teuthology.orchestra.run.smithi062.stderr:/usr/bin/ceph:
2023-11-15T06:25:24.475+0000 7f3964f19700 1 Processor -- start
2023-11-15T06:25:24.479 INFO:teuthology.orchestra.run.smithi062.stderr:/usr/bin/ceph:
2023-11-15T06:25:24.475+0000 7f3964f19700 1 -- start start
2023-11-15T06:25:24.479 INFO:teuthology.orchestra.run.smithi062.stderr:/usr/bin/ceph:
2023-11-15T06:25:24.476+0000 7f3964f19700 1 --2- >> [v2:172.21.15.62:3300/0,v1:172.21.15.62:6789/0] conn(0x7f3960070430 0x7f39600fe8e0 unknown :-1 s=NONE pgs=0 cs=0 l=0 rev1=0 rx=0 tx=0).connect
2023-11-15T06:25:24.479 INFO:teuthology.orchestra.run.smithi062.stderr:/usr/bin/ceph:
2023-11-15T06:25:24.476+0000 7f3964f19700 1 -- --> [v2:172.21.15.62:3300/0,v1:172.21.15.62:6789/0] -- mon_getmap magic: 0 v1 -- 0x7f39600fedd0 con 0x7f3960070430
2023-11-15T06:25:24.479 INFO:teuthology.orchestra.run.smithi062.stderr:/usr/bin/ceph:
2023-11-15T06:25:24.476+0000 7f395e59c700 1 --2- >> [v2:172.21.15.62:3300/0,v1:172.21.15.62:6789/0] conn(0x7f3960070430 0x7f39600fe8e0 unknown :-1 s=BANNER_CONNECTING pgs=0 cs=0 l=0 rev1=0 rx=0 tx=0)._handle_peer_banner_payload supported=1 required=0
2023-11-15T06:25:24.479 INFO:teuthology.orchestra.run.smithi062.stderr:/usr/bin/ceph:
2023-11-15T06:25:24.476+0000 7f395e59c700 1 --2- >> [v2:172.21.15.62:3300/0,v1:172.21.15.62:6789/0] conn(0x7f3960070430 0x7f39600fe8e0 unknown :-1 s=HELLO_CONNECTING pgs=0 cs=0 l=0 rev1=1 rx=0 tx=0).handle_hello peer v2:172.21.15.62:3300/0 says I am v2:172.21.15.62:56498/0 (socket says 172.21.15.62:56498)
2023-11-15T06:25:24.480 INFO:teuthology.orchestra.run.smithi062.stderr:/usr/bin/ceph:
2023-11-15T06:25:24.476+0000 7f395e59c700 1 -- 172.21.15.62:0/395595889 learned_addr learned my addr 172.21.15.62:0/395595889 (peer_addr_for_me v2:172.21.15.62:0/0)
2023-11-15T06:25:24.482 INFO:teuthology.orchestra.run.smithi062.stderr:/usr/bin/ceph:
2023-11-15T06:25:24.476+0000 7f395e59c700 1 -- 172.21.15.62:0/395595889 --> [v2:172.21.15.62:3300/0,v1:172.21.15.62:6789/0] -- mon_subscribe({config=0+,monmap=0+}) v3 -- 0x7f39600fef10 con 0x7f3960070430
2023-11-15T06:25:24.483 INFO:teuthology.orchestra.run.smithi062.stderr:/usr/bin/ceph:
2023-11-15T06:25:24.476+0000 7f395e59c700 1 --2- 172.21.15.62:0/395595889 >> [v2:172.21.15.62:3300/0,v1:172.21.15.62:6789/0] conn(0x7f3960070430 0x7f39600fe8e0 secure :-1 s=READY pgs=35 cs=0 l=1 rev1=1 rx=0x7f395000b5f0 tx=0x7f3950006ee0).ready entity=mon.0 client_cookie=31f106adc617aed3 server_cookie=0 in_seq=0 out_seq=0
2023-11-15T06:25:24.483 INFO:teuthology.orchestra.run.smithi062.stderr:/usr/bin/ceph:
2023-11-15T06:25:24.476+0000 7f395d59a700 1 -- 172.21.15.62:0/395595889 <== mon.0 v2:172.21.15.62:3300/0 1 ==== mon_map magic: 0 v1 ==== 229+0+0 (secure 0 0 0) 0x7f395000d600 con 0x7f3960070430
2023-11-15T06:25:24.483 INFO:teuthology.orchestra.run.smithi062.stderr:/usr/bin/ceph:
2023-11-15T06:25:24.476+0000 7f395d59a700 1 -- 172.21.15.62:0/395595889 <== mon.0 v2:172.21.15.62:3300/0 2 ==== config(25 keys) v1 ==== 1010+0+0 (secure 0 0 0) 0x7f395000dbd0 con 0x7f3960070430
2023-11-15T06:25:24.483 INFO:teuthology.orchestra.run.smithi062.stderr:/usr/bin/ceph:
2023-11-15T06:25:24.476+0000 7f395d59a700 1 -- 172.21.15.62:0/395595889 <== mon.0 v2:172.21.15.62:3300/0 3 ==== mon_map magic: 0 v1 ==== 229+0+0 (secure 0 0 0) 0x7f3950011c00 con 0x7f3960070430
2023-11-15T06:25:24.483 INFO:teuthology.orchestra.run.smithi062.stderr:/usr/bin/ceph:
2023-11-15T06:25:24.477+0000 7f3964f19700 1 -- 172.21.15.62:0/395595889 >> [v2:172.21.15.62:3300/0,v1:172.21.15.62:6789/0] conn(0x7f3960070430 msgr2=0x7f39600fe8e0 secure :-1 s=STATE_CONNECTION_ESTABLISHED l=1).mark_down
2023-11-15T06:25:24.484 INFO:teuthology.orchestra.run.smithi062.stderr:/usr/bin/ceph:
2023-11-15T06:25:24.477+0000 7f3964f19700 1 --2- 172.21.15.62:0/395595889 >> [v2:172.21.15.62:3300/0,v1:172.21.15.62:6789/0] conn(0x7f3960070430 0x7f39600fe8e0 secure :-1 s=READY pgs=35 cs=0 l=1 rev1=1 rx=0x7f395000b5f0 tx=0x7f3950006ee0).stop
2023-11-15T06:25:24.484 INFO:teuthology.orchestra.run.smithi062.stderr:/usr/bin/ceph:
2023-11-15T06:25:24.477+0000 7f3964f19700 1 -- 172.21.15.62:0/395595889 shutdown_connections
2023-11-15T06:25:24.484 INFO:teuthology.orchestra.run.smithi062.stderr:/usr/bin/ceph:
2023-11-15T06:25:24.477+0000 7f3964f19700 1 --2- 172.21.15.62:0/395595889 >> [v2:172.21.15.62:3300/0,v1:172.21.15.62:6789/0] conn(0x7f3960070430 0x7f39600fe8e0 unknown :-1 s=CLOSED pgs=35 cs=0 l=1 rev1=1 rx=0 tx=0).stop
2023-11-15T06:25:24.484 INFO:teuthology.orchestra.run.smithi062.stderr:/usr/bin/ceph:
2023-11-15T06:25:24.477+0000 7f3964f19700 1 -- 172.21.15.62:0/395595889 >> 172.21.15.62:0/395595889 conn(0x7f39600f63c0 msgr2=0x7f39600f87e0 unknown :-1 s=STATE_NONE l=0).mark_down
2023-11-15T06:25:24.484 INFO:teuthology.orchestra.run.smithi062.stderr:/usr/bin/ceph:
2023-11-15T06:25:24.477+0000 7f3964f19700 1 -- 172.21.15.62:0/395595889 shutdown_connections
2023-11-15T06:25:24.485 INFO:teuthology.orchestra.run.smithi062.stderr:/usr/bin/ceph:
2023-11-15T06:25:24.477+0000 7f3964f19700 1 -- 172.21.15.62:0/395595889 wait complete.
2023-11-15T06:25:24.485 INFO:teuthology.orchestra.run.smithi062.stderr:/usr/bin/ceph:
2023-11-15T06:25:24.478+0000 7f3964f19700 1 Processor -- start
2023-11-15T06:25:24.485 INFO:teuthology.orchestra.run.smithi062.stderr:/usr/bin/ceph:
2023-11-15T06:25:24.478+0000 7f3964f19700 1 -- start start
2023-11-15T06:25:24.485 INFO:teuthology.orchestra.run.smithi062.stderr:/usr/bin/ceph:
2023-11-15T06:25:24.478+0000 7f3964f19700 1 --2- >> [v2:172.21.15.62:3300/0,v1:172.21.15.62:6789/0] conn(0x7f3960070430 0x7f396010aa00 unknown :-1 s=NONE pgs=0 cs=0 l=1 rev1=0 rx=0 tx=0).connect
2023-11-15T06:25:24.485 INFO:teuthology.orchestra.run.smithi062.stderr:/usr/bin/ceph:
2023-11-15T06:25:24.478+0000 7f3964f19700 1 -- --> [v2:172.21.15.62:3300/0,v1:172.21.15.62:6789/0] -- mon_getmap magic: 0 v1 -- 0x7f396010aef0 con 0x7f3960070430
2023-11-15T06:25:24.485 INFO:teuthology.orchestra.run.smithi062.stderr:/usr/bin/ceph:
2023-11-15T06:25:24.479+0000 7f395e59c700 1 --2- >> [v2:172.21.15.62:3300/0,v1:172.21.15.62:6789/0] conn(0x7f3960070430 0x7f396010aa00 unknown :-1 s=BANNER_CONNECTING pgs=0 cs=0 l=1 rev1=0 rx=0 tx=0)._handle_peer_banner_payload supported=1 required=0
2023-11-15T06:25:24.486 INFO:teuthology.orchestra.run.smithi062.stderr:/usr/bin/ceph:
2023-11-15T06:25:24.479+0000 7f395e59c700 1 --2- >> [v2:172.21.15.62:3300/0,v1:172.21.15.62:6789/0] conn(0x7f3960070430 0x7f396010aa00 unknown :-1 s=HELLO_CONNECTING pgs=0 cs=0 l=1 rev1=1 rx=0 tx=0).handle_hello peer v2:172.21.15.62:3300/0 says I am v2:172.21.15.62:56508/0 (socket says 172.21.15.62:56508)
2023-11-15T06:25:24.486 INFO:teuthology.orchestra.run.smithi062.stderr:/usr/bin/ceph:
2023-11-15T06:25:24.479+0000 7f395e59c700 1 -- 172.21.15.62:0/3555513422 learned_addr learned my addr 172.21.15.62:0/3555513422 (peer_addr_for_me v2:172.21.15.62:0/0)
2023-11-15T06:25:24.486 INFO:teuthology.orchestra.run.smithi062.stderr:/usr/bin/ceph:
2023-11-15T06:25:24.479+0000 7f395e59c700 1 -- 172.21.15.62:0/3555513422 --> [v2:172.21.15.62:3300/0,v1:172.21.15.62:6789/0] -- mon_subscribe({config=0+,monmap=0+}) v3 -- 0x7f395000b200 con 0x7f3960070430
2023-11-15T06:25:24.486 INFO:teuthology.orchestra.run.smithi062.stderr:/usr/bin/ceph:
2023-11-15T06:25:24.479+0000 7f395e59c700 1 --2- 172.21.15.62:0/3555513422 >> [v2:172.21.15.62:3300/0,v1:172.21.15.62:6789/0] conn(0x7f3960070430 0x7f396010aa00 secure :-1 s=READY pgs=36 cs=0 l=1 rev1=1 rx=0x7f395000b190 tx=0x7f3950006ee0).ready entity=mon.0 client_cookie=0 server_cookie=0 in_seq=0 out_seq=0
2023-11-15T06:25:24.486 INFO:teuthology.orchestra.run.smithi062.stderr:/usr/bin/ceph:
2023-11-15T06:25:24.479+0000 7f394effd700 1 -- 172.21.15.62:0/3555513422 <== mon.0 v2:172.21.15.62:3300/0 1 ==== mon_map magic: 0 v1 ==== 229+0+0 (secure 0 0 0) 0x7f395001b410 con 0x7f3960070430
2023-11-15T06:25:24.487 INFO:teuthology.orchestra.run.smithi062.stderr:/usr/bin/ceph:
2023-11-15T06:25:24.479+0000 7f394effd700 1 -- 172.21.15.62:0/3555513422 <== mon.0 v2:172.21.15.62:3300/0 2 ==== config(25 keys) v1 ==== 1010+0+0 (secure 0 0 0) 0x7f395001b9e0 con 0x7f3960070430
2023-11-15T06:25:24.487 INFO:teuthology.orchestra.run.smithi062.stderr:/usr/bin/ceph:
2023-11-15T06:25:24.479+0000 7f394effd700 1 -- 172.21.15.62:0/3555513422 <== mon.0 v2:172.21.15.62:3300/0 3 ==== mon_map magic: 0 v1 ==== 229+0+0 (secure 0 0 0) 0x7f395001a880 con 0x7f3960070430
2023-11-15T06:25:24.487 INFO:teuthology.orchestra.run.smithi062.stderr:/usr/bin/ceph:
2023-11-15T06:25:24.479+0000 7f3964f19700 1 -- 172.21.15.62:0/3555513422 --> [v2:172.21.15.62:3300/0,v1:172.21.15.62:6789/0] -- mon_subscribe({mgrmap=0+}) v3 -- 0x7f396010b0f0 con 0x7f3960070430
2023-11-15T06:25:24.487 INFO:teuthology.orchestra.run.smithi062.stderr:/usr/bin/ceph:
2023-11-15T06:25:24.479+0000 7f3964f19700 1 -- 172.21.15.62:0/3555513422 --> [v2:172.21.15.62:3300/0,v1:172.21.15.62:6789/0] -- mon_subscribe({osdmap=0}) v3 -- 0x7f396010b500 con 0x7f3960070430
2023-11-15T06:25:24.487 INFO:teuthology.orchestra.run.smithi062.stderr:/usr/bin/ceph:
2023-11-15T06:25:24.480+0000 7f394effd700 1 -- 172.21.15.62:0/3555513422 <== mon.0 v2:172.21.15.62:3300/0 4 ==== mgrmap(e 8) v1 ==== 36120+0+0 (secure 0 0 0) 0x7f395000f070 con 0x7f3960070430
2023-11-15T06:25:24.488 INFO:teuthology.orchestra.run.smithi062.stderr:/usr/bin/ceph:
2023-11-15T06:25:24.480+0000 7f394effd700 1 --2- 172.21.15.62:0/3555513422 >> [v2:172.21.15.62:6800/3280254567,v1:172.21.15.62:6801/3280254567] conn(0x7f394402fdb0 0x7f3944032270 unknown :-1 s=NONE pgs=0 cs=0 l=1 rev1=0 rx=0 tx=0).connect
2023-11-15T06:25:24.488 INFO:teuthology.orchestra.run.smithi062.stderr:/usr/bin/ceph:
2023-11-15T06:25:24.480+0000 7f394effd700 1 -- 172.21.15.62:0/3555513422 <== mon.0 v2:172.21.15.62:3300/0 5 ==== osd_map(2..2 src has 1..2) v4 ==== 926+0+0 (secure 0 0 0) 0x7f39500411a0 con 0x7f3960070430
2023-11-15T06:25:24.488 INFO:teuthology.orchestra.run.smithi062.stderr:/usr/bin/ceph:
2023-11-15T06:25:24.480+0000 7f3964f19700 1 -- 172.21.15.62:0/3555513422 --> [v2:172.21.15.62:3300/0,v1:172.21.15.62:6789/0] -- mon_command({"prefix": "get_command_descriptions"} v 0) v1 -- 0x7f3960045ad0 con 0x7f3960070430
2023-11-15T06:25:24.488 INFO:teuthology.orchestra.run.smithi062.stderr:/usr/bin/ceph:
2023-11-15T06:25:24.480+0000 7f395dd9b700 1 --2- 172.21.15.62:0/3555513422 >> [v2:172.21.15.62:6800/3280254567,v1:172.21.15.62:6801/3280254567] conn(0x7f394402fdb0 0x7f3944032270 unknown :-1 s=BANNER_CONNECTING pgs=0 cs=0 l=1 rev1=0 rx=0 tx=0)._handle_peer_banner_payload supported=1 required=0
2023-11-15T06:25:24.489 INFO:teuthology.orchestra.run.smithi062.stderr:/usr/bin/ceph:
2023-11-15T06:25:24.481+0000 7f395dd9b700 1 --2- 172.21.15.62:0/3555513422 >> [v2:172.21.15.62:6800/3280254567,v1:172.21.15.62:6801/3280254567] conn(0x7f394402fdb0 0x7f3944032270 secure :-1 s=READY pgs=8 cs=0 l=1 rev1=1 rx=0x7f39540096a0 tx=0x7f3954006b40).ready entity=mgr.14116 client_cookie=0 server_cookie=0 in_seq=0 out_seq=0
2023-11-15T06:25:24.489 INFO:teuthology.orchestra.run.smithi062.stderr:/usr/bin/ceph:
2023-11-15T06:25:24.485+0000 7f394effd700 1 -- 172.21.15.62:0/3555513422 <== mon.0 v2:172.21.15.62:3300/0 6 ==== mon_command_ack([{"prefix": "get_command_descriptions"}]=0 v0) v1 ==== 72+0+152212 (secure 0 0 0) 0x7f3950016070 con 0x7f3960070430
2023-11-15T06:25:24.647 INFO:teuthology.orchestra.run.smithi062.stderr:/usr/bin/ceph:
2023-11-15T06:25:24.645+0000 7f3964f19700 1 -- 172.21.15.62:0/3555513422 --> [v2:172.21.15.62:6800/3280254567,v1:172.21.15.62:6801/3280254567] -- mgr_command(tid 0: {"prefix": "cephadm generate-key", "target": ["mon-mgr", ""]}) v1 -- 0x7f3960104960 con 0x7f394402fdb0
2023-11-15T06:25:24.864 INFO:journalctl@ceph.mon.smithi062.smithi062.stdout:Nov 15 06:25:24 smithi062 ceph-a3c2da76-837f-11ee-8dbe-212e2dc638e7-mon.smithi062[112362]: audit
2023-11-15T06:25:22.641890+0000 mgr.smithi062.rwurtk (mgr.14116) 4 : audit [DBG] from='client.14128 -' entity='client.admin' cmd=[{"prefix": "cephadm set-user", "user": "root", "target": ["mon-mgr", ""]}]: dispatch
2023-11-15T06:25:24.870 INFO:teuthology.orchestra.run.smithi062.stderr:/usr/bin/ceph:
2023-11-15T06:25:24.868+0000 7f394effd700 1 -- 172.21.15.62:0/3555513422 <== mgr.14116 v2:172.21.15.62:6800/3280254567 1 ==== mgr_command_reply(tid 0: 0 ) v1 ==== 8+0+0 (secure 0 0 0) 0x7f3960104960 con 0x7f394402fdb0
2023-11-15T06:25:24.878 INFO:teuthology.orchestra.run.smithi062.stderr:/usr/bin/ceph:
2023-11-15T06:25:24.870+0000 7f3964f19700 1 -- 172.21.15.62:0/3555513422 >> [v2:172.21.15.62:6800/3280254567,v1:172.21.15.62:6801/3280254567] conn(0x7f394402fdb0 msgr2=0x7f3944032270 secure :-1 s=STATE_CONNECTION_ESTABLISHED l=1).mark_down
2023-11-15T06:25:24.878 INFO:teuthology.orchestra.run.smithi062.stderr:/usr/bin/ceph:
2023-11-15T06:25:24.870+0000 7f3964f19700 1 --2- 172.21.15.62:0/3555513422 >> [v2:172.21.15.62:6800/3280254567,v1:172.21.15.62:6801/3280254567] conn(0x7f394402fdb0 0x7f3944032270 secure :-1 s=READY pgs=8 cs=0 l=1 rev1=1 rx=0x7f39540096a0 tx=0x7f3954006b40).stop
2023-11-15T06:25:24.878 INFO:teuthology.orchestra.run.smithi062.stderr:/usr/bin/ceph:
2023-11-15T06:25:24.870+0000 7f3964f19700 1 -- 172.21.15.62:0/3555513422 >> [v2:172.21.15.62:3300/0,v1:172.21.15.62:6789/0] conn(0x7f3960070430 msgr2=0x7f396010aa00 secure :-1 s=STATE_CONNECTION_ESTABLISHED l=1).mark_down
2023-11-15T06:25:24.879 INFO:teuthology.orchestra.run.smithi062.stderr:/usr/bin/ceph:
2023-11-15T06:25:24.870+0000 7f3964f19700 1 --2- 172.21.15.62:0/3555513422 >> [v2:172.21.15.62:3300/0,v1:172.21.15.62:6789/0] conn(0x7f3960070430 0x7f396010aa00 secure :-1 s=READY pgs=36 cs=0 l=1 rev1=1 rx=0x7f395000b190 tx=0x7f3950006ee0).stop
2023-11-15T06:25:24.879 INFO:teuthology.orchestra.run.smithi062.stderr:/usr/bin/ceph:
2023-11-15T06:25:24.870+0000 7f3964f19700 1 -- 172.21.15.62:0/3555513422 shutdown_connections
2023-11-15T06:25:24.879 INFO:teuthology.orchestra.run.smithi062.stderr:/usr/bin/ceph:
2023-11-15T06:25:24.870+0000 7f3964f19700 1 --2- 172.21.15.62:0/3555513422 >> [v2:172.21.15.62:6800/3280254567,v1:172.21.15.62:6801/3280254567] conn(0x7f394402fdb0 0x7f3944032270 unknown :-1 s=CLOSED pgs=8 cs=0 l=1 rev1=1 rx=0 tx=0).stop
2023-11-15T06:25:24.880 INFO:teuthology.orchestra.run.smithi062.stderr:/usr/bin/ceph:
2023-11-15T06:25:24.870+0000 7f3964f19700 1 --2- 172.21.15.62:0/3555513422 >> [v2:172.21.15.62:3300/0,v1:172.21.15.62:6789/0] conn(0x7f3960070430 0x7f396010aa00 unknown :-1 s=CLOSED pgs=36 cs=0 l=1 rev1=1 rx=0 tx=0).stop
2023-11-15T06:25:24.880 INFO:teuthology.orchestra.run.smithi062.stderr:/usr/bin/ceph:
2023-11-15T06:25:24.870+0000 7f3964f19700 1 -- 172.21.15.62:0/3555513422 >> 172.21.15.62:0/3555513422 conn(0x7f39600f63c0 msgr2=0x7f39600f7f20 unknown :-1 s=STATE_NONE l=0).mark_down
2023-11-15T06:25:24.881 INFO:teuthology.orchestra.run.smithi062.stderr:/usr/bin/ceph:
2023-11-15T06:25:24.870+0000 7f3964f19700 1 -- 172.21.15.62:0/3555513422 shutdown_connections
2023-11-15T06:25:24.881 INFO:teuthology.orchestra.run.smithi062.stderr:/usr/bin/ceph:
2023-11-15T06:25:24.870+0000 7f3964f19700 1 -- 172.21.15.62:0/3555513422 wait complete.
2023-11-15T06:25:26.168 INFO:journalctl@ceph.mon.smithi062.smithi062.stdout:Nov 15 06:25:25 smithi062 ceph-a3c2da76-837f-11ee-8dbe-212e2dc638e7-mon.smithi062[112362]: cephadm
2023-11-15T06:25:24.647586+0000 mgr.smithi062.rwurtk (mgr.14116) 6 : cephadm [INF] Generating ssh key...
2023-11-15T06:25:26.168 INFO:journalctl@ceph.mon.smithi062.smithi062.stdout:Nov 15 06:25:25 smithi062 ceph-a3c2da76-837f-11ee-8dbe-212e2dc638e7-mon.smithi062[112362]: audit
2023-11-15T06:25:24.866736+0000 mon.smithi062 (mon.0) 53 : audit [INF] from='mgr.14116 172.21.15.62:0/1148526200' entity='mgr.smithi062.rwurtk'
2023-11-15T06:25:26.168 INFO:journalctl@ceph.mon.smithi062.smithi062.stdout:Nov 15 06:25:25 smithi062 ceph-a3c2da76-837f-11ee-8dbe-212e2dc638e7-mon.smithi062[112362]: audit
2023-11-15T06:25:24.869158+0000 mon.smithi062 (mon.0) 54 : audit [INF] from='mgr.14116 172.21.15.62:0/1148526200' entity='mgr.smithi062.rwurtk'
2023-11-15T06:25:26.875 INFO:teuthology.orchestra.run.smithi062.stderr:Running command: /bin/podman run --rm --ipc=host --no-hosts --net=host --entrypoint /usr/bin/ceph --init -e CONTAINER_IMAGE=docker.io/ceph/ceph:v16.2.4 -e NODE_NAME=smithi062 -e CEPH_USE_RANDOM_NONCE=1 -v /var/log/ceph/a3c2da76-837f-11ee-8dbe-212e2dc638e7:/var/log/ceph:z -v /tmp/ceph-tmptvq9ksio:/etc/ceph/ceph.client.admin.keyring:z -v /tmp/ceph-tmpf12kfgcg:/etc/ceph/ceph.conf:z docker.io/ceph/ceph:v16.2.4 cephadm get-pub-key
2023-11-15T06:25:28.404 INFO:teuthology.orchestra.run.smithi062.stderr:/usr/bin/ceph:
2023-11-15T06:25:28.291+0000 7fc996fcd700 1 Processor -- start
2023-11-15T06:25:28.404 INFO:teuthology.orchestra.run.smithi062.stderr:/usr/bin/ceph:
2023-11-15T06:25:28.291+0000 7fc996fcd700 1 -- start start
2023-11-15T06:25:28.405 INFO:teuthology.orchestra.run.smithi062.stderr:/usr/bin/ceph:
2023-11-15T06:25:28.292+0000 7fc996fcd700 1 --2- >> [v2:172.21.15.62:3300/0,v1:172.21.15.62:6789/0] conn(0x7fc9900fbca0 0x7fc9900fc0c0 unknown :-1 s=NONE pgs=0 cs=0 l=0 rev1=0 rx=0 tx=0).connect
2023-11-15T06:25:28.405 INFO:teuthology.orchestra.run.smithi062.stderr:/usr/bin/ceph:
2023-11-15T06:25:28.292+0000 7fc996fcd700 1 -- --> [v2:172.21.15.62:3300/0,v1:172.21.15.62:6789/0] -- mon_getmap magic: 0 v1 -- 0x7fc9900fc5b0 con 0x7fc9900fbca0
2023-11-15T06:25:28.405 INFO:teuthology.orchestra.run.smithi062.stderr:/usr/bin/ceph:
2023-11-15T06:25:28.292+0000 7fc994d69700 1 --2- >> [v2:172.21.15.62:3300/0,v1:172.21.15.62:6789/0] conn(0x7fc9900fbca0 0x7fc9900fc0c0 unknown :-1 s=BANNER_CONNECTING pgs=0 cs=0 l=0 rev1=0 rx=0 tx=0)._handle_peer_banner_payload supported=1 required=0
2023-11-15T06:25:28.405 INFO:teuthology.orchestra.run.smithi062.stderr:/usr/bin/ceph:
2023-11-15T06:25:28.292+0000 7fc994d69700 1 --2- >> [v2:172.21.15.62:3300/0,v1:172.21.15.62:6789/0] conn(0x7fc9900fbca0 0x7fc9900fc0c0 unknown :-1 s=HELLO_CONNECTING pgs=0 cs=0 l=0 rev1=1 rx=0 tx=0).handle_hello peer v2:172.21.15.62:3300/0 says I am v2:172.21.15.62:56520/0 (socket says 172.21.15.62:56520)
2023-11-15T06:25:28.406 INFO:teuthology.orchestra.run.smithi062.stderr:/usr/bin/ceph:
2023-11-15T06:25:28.292+0000 7fc994d69700 1 -- 172.21.15.62:0/3525495827 learned_addr learned my addr 172.21.15.62:0/3525495827 (peer_addr_for_me v2:172.21.15.62:0/0)
2023-11-15T06:25:28.406 INFO:teuthology.orchestra.run.smithi062.stderr:/usr/bin/ceph:
2023-11-15T06:25:28.292+0000 7fc994d69700 1 -- 172.21.15.62:0/3525495827 --> [v2:172.21.15.62:3300/0,v1:172.21.15.62:6789/0] -- mon_subscribe({config=0+,monmap=0+}) v3 -- 0x7fc9900fc6f0 con 0x7fc9900fbca0
2023-11-15T06:25:28.406 INFO:teuthology.orchestra.run.smithi062.stderr:/usr/bin/ceph:
2023-11-15T06:25:28.292+0000 7fc994d69700 1 --2- 172.21.15.62:0/3525495827 >> [v2:172.21.15.62:3300/0,v1:172.21.15.62:6789/0] conn(0x7fc9900fbca0 0x7fc9900fc0c0 secure :-1 s=READY pgs=37 cs=0 l=1 rev1=1 rx=0x7fc98400b5f0 tx=0x7fc984006ee0).ready entity=mon.0 client_cookie=f41bac20b9187112 server_cookie=0 in_seq=0 out_seq=0
2023-11-15T06:25:28.406 INFO:teuthology.orchestra.run.smithi062.stderr:/usr/bin/ceph:
2023-11-15T06:25:28.292+0000 7fc98f7fe700 1 -- 172.21.15.62:0/3525495827 <== mon.0 v2:172.21.15.62:3300/0 1 ==== mon_map magic: 0 v1 ==== 229+0+0 (secure 0 0 0) 0x7fc98400d600 con 0x7fc9900fbca0
2023-11-15T06:25:28.407 INFO:teuthology.orchestra.run.smithi062.stderr:/usr/bin/ceph:
2023-11-15T06:25:28.292+0000 7fc98f7fe700 1 -- 172.21.15.62:0/3525495827 <== mon.0 v2:172.21.15.62:3300/0 2 ==== config(25 keys) v1 ==== 1010+0+0 (secure 0 0 0) 0x7fc98400dbd0 con 0x7fc9900fbca0
2023-11-15T06:25:28.407 INFO:teuthology.orchestra.run.smithi062.stderr:/usr/bin/ceph:
2023-11-15T06:25:28.292+0000 7fc98f7fe700 1 -- 172.21.15.62:0/3525495827 <== mon.0 v2:172.21.15.62:3300/0 3 ==== mon_map magic: 0 v1 ==== 229+0+0 (secure 0 0 0) 0x7fc984011c00 con 0x7fc9900fbca0
2023-11-15T06:25:28.407 INFO:teuthology.orchestra.run.smithi062.stderr:/usr/bin/ceph:
2023-11-15T06:25:28.293+0000 7fc996fcd700 1 -- 172.21.15.62:0/3525495827 >> [v2:172.21.15.62:3300/0,v1:172.21.15.62:6789/0] conn(0x7fc9900fbca0 msgr2=0x7fc9900fc0c0 secure :-1 s=STATE_CONNECTION_ESTABLISHED l=1).mark_down
2023-11-15T06:25:28.407 INFO:teuthology.orchestra.run.smithi062.stderr:/usr/bin/ceph:
2023-11-15T06:25:28.293+0000 7fc996fcd700 1 --2- 172.21.15.62:0/3525495827 >> [v2:172.21.15.62:3300/0,v1:172.21.15.62:6789/0] conn(0x7fc9900fbca0 0x7fc9900fc0c0 secure :-1 s=READY pgs=37 cs=0 l=1 rev1=1 rx=0x7fc98400b5f0 tx=0x7fc984006ee0).stop
2023-11-15T06:25:28.407 INFO:teuthology.orchestra.run.smithi062.stderr:/usr/bin/ceph:
2023-11-15T06:25:28.293+0000 7fc996fcd700 1 -- 172.21.15.62:0/3525495827 shutdown_connections
2023-11-15T06:25:28.408 INFO:teuthology.orchestra.run.smithi062.stderr:/usr/bin/ceph:
2023-11-15T06:25:28.293+0000 7fc996fcd700 1 --2- 172.21.15.62:0/3525495827 >> [v2:172.21.15.62:3300/0,v1:172.21.15.62:6789/0] conn(0x7fc9900fbca0 0x7fc9900fc0c0 unknown :-1 s=CLOSED pgs=37 cs=0 l=1 rev1=1 rx=0 tx=0).stop
2023-11-15T06:25:28.408 INFO:teuthology.orchestra.run.smithi062.stderr:/usr/bin/ceph:
2023-11-15T06:25:28.293+0000 7fc996fcd700 1 -- 172.21.15.62:0/3525495827 >> 172.21.15.62:0/3525495827 conn(0x7fc9900f74c0 msgr2=0x7fc9900f98e0 unknown :-1 s=STATE_NONE l=0).mark_down
2023-11-15T06:25:28.408 INFO:teuthology.orchestra.run.smithi062.stderr:/usr/bin/ceph:
2023-11-15T06:25:28.293+0000 7fc996fcd700 1 -- 172.21.15.62:0/3525495827 shutdown_connections
2023-11-15T06:25:28.408 INFO:teuthology.orchestra.run.smithi062.stderr:/usr/bin/ceph:
2023-11-15T06:25:28.293+0000 7fc996fcd700 1 -- 172.21.15.62:0/3525495827 wait complete.
2023-11-15T06:25:28.408 INFO:teuthology.orchestra.run.smithi062.stderr:/usr/bin/ceph:
2023-11-15T06:25:28.294+0000 7fc996fcd700 1 Processor -- start
2023-11-15T06:25:28.409 INFO:teuthology.orchestra.run.smithi062.stderr:/usr/bin/ceph:
2023-11-15T06:25:28.294+0000 7fc996fcd700 1 -- start start
2023-11-15T06:25:28.409 INFO:teuthology.orchestra.run.smithi062.stderr:/usr/bin/ceph:
2023-11-15T06:25:28.294+0000 7fc996fcd700 1 --2- >> [v2:172.21.15.62:3300/0,v1:172.21.15.62:6789/0] conn(0x7fc99010aae0 0x7fc99010af00 unknown :-1 s=NONE pgs=0 cs=0 l=1 rev1=0 rx=0 tx=0).connect
2023-11-15T06:25:28.409 INFO:teuthology.orchestra.run.smithi062.stderr:/usr/bin/ceph:
2023-11-15T06:25:28.294+0000 7fc996fcd700 1 -- --> [v2:172.21.15.62:3300/0,v1:172.21.15.62:6789/0] -- mon_getmap magic: 0 v1 -- 0x7fc99010b3f0 con 0x7fc99010aae0
2023-11-15T06:25:28.410 INFO:teuthology.orchestra.run.smithi062.stderr:/usr/bin/ceph:
2023-11-15T06:25:28.294+0000 7fc994d69700 1 --2- >> [v2:172.21.15.62:3300/0,v1:172.21.15.62:6789/0] conn(0x7fc99010aae0 0x7fc99010af00 unknown :-1 s=BANNER_CONNECTING pgs=0 cs=0 l=1 rev1=0 rx=0 tx=0)._handle_peer_banner_payload supported=1 required=0
2023-11-15T06:25:28.410 INFO:teuthology.orchestra.run.smithi062.stderr:/usr/bin/ceph:
2023-11-15T06:25:28.294+0000 7fc994d69700 1 --2- >> [v2:172.21.15.62:3300/0,v1:172.21.15.62:6789/0] conn(0x7fc99010aae0 0x7fc99010af00 unknown :-1 s=HELLO_CONNECTING pgs=0 cs=0 l=1 rev1=1 rx=0 tx=0).handle_hello peer v2:172.21.15.62:3300/0 says I am v2:172.21.15.62:56522/0 (socket says 172.21.15.62:56522)
2023-11-15T06:25:28.410 INFO:teuthology.orchestra.run.smithi062.stderr:/usr/bin/ceph:
2023-11-15T06:25:28.294+0000 7fc994d69700 1 -- 172.21.15.62:0/1418668841 learned_addr learned my addr 172.21.15.62:0/1418668841 (peer_addr_for_me v2:172.21.15.62:0/0)
2023-11-15T06:25:28.410 INFO:teuthology.orchestra.run.smithi062.stderr:/usr/bin/ceph:
2023-11-15T06:25:28.294+0000 7fc994d69700 1 -- 172.21.15.62:0/1418668841 --> [v2:172.21.15.62:3300/0,v1:172.21.15.62:6789/0] -- mon_subscribe({config=0+,monmap=0+}) v3 -- 0x7fc98400b200 con 0x7fc99010aae0
2023-11-15T06:25:28.411 INFO:teuthology.orchestra.run.smithi062.stderr:/usr/bin/ceph:
2023-11-15T06:25:28.294+0000 7fc994d69700 1 --2- 172.21.15.62:0/1418668841 >> [v2:172.21.15.62:3300/0,v1:172.21.15.62:6789/0] conn(0x7fc99010aae0 0x7fc99010af00 secure :-1 s=READY pgs=38 cs=0 l=1 rev1=1 rx=0x7fc984011820 tx=0x7fc984006ee0).ready entity=mon.0 client_cookie=0 server_cookie=0 in_seq=0 out_seq=0
2023-11-15T06:25:28.411 INFO:teuthology.orchestra.run.smithi062.stderr:/usr/bin/ceph:
2023-11-15T06:25:28.295+0000 7fc98d7fa700 1 -- 172.21.15.62:0/1418668841 <== mon.0 v2:172.21.15.62:3300/0 1 ==== mon_map magic: 0 v1 ==== 229+0+0 (secure 0 0 0) 0x7fc98401b410 con 0x7fc99010aae0
2023-11-15T06:25:28.411 INFO:teuthology.orchestra.run.smithi062.stderr:/usr/bin/ceph:
2023-11-15T06:25:28.295+0000 7fc98d7fa700 1 -- 172.21.15.62:0/1418668841 <== mon.0 v2:172.21.15.62:3300/0 2 ==== config(25 keys) v1 ==== 1010+0+0 (secure 0 0 0) 0x7fc98401b9e0 con 0x7fc99010aae0
2023-11-15T06:25:28.411 INFO:teuthology.orchestra.run.smithi062.stderr:/usr/bin/ceph:
2023-11-15T06:25:28.295+0000 7fc996fcd700 1 -- 172.21.15.62:0/1418668841 --> [v2:172.21.15.62:3300/0,v1:172.21.15.62:6789/0] -- mon_subscribe({mgrmap=0+}) v3 -- 0x7fc99010b5f0 con 0x7fc99010aae0
2023-11-15T06:25:28.412 INFO:teuthology.orchestra.run.smithi062.stderr:/usr/bin/ceph:
2023-11-15T06:25:28.295+0000 7fc98d7fa700 1 -- 172.21.15.62:0/1418668841 <== mon.0 v2:172.21.15.62:3300/0 3 ==== mon_map magic: 0 v1 ==== 229+0+0 (secure 0 0 0) 0x7fc98401a920 con 0x7fc99010aae0
2023-11-15T06:25:28.412 INFO:teuthology.orchestra.run.smithi062.stderr:/usr/bin/ceph:
2023-11-15T06:25:28.295+0000 7fc996fcd700 1 -- 172.21.15.62:0/1418668841 --> [v2:172.21.15.62:3300/0,v1:172.21.15.62:6789/0] -- mon_subscribe({osdmap=0}) v3 -- 0x7fc99010c0c0 con 0x7fc99010aae0
2023-11-15T06:25:28.412 INFO:teuthology.orchestra.run.smithi062.stderr:/usr/bin/ceph:
2023-11-15T06:25:28.295+0000 7fc98d7fa700 1 -- 172.21.15.62:0/1418668841 <== mon.0 v2:172.21.15.62:3300/0 4 ==== mgrmap(e 8) v1 ==== 36120+0+0 (secure 0 0 0) 0x7fc98400f070 con 0x7fc99010aae0
2023-11-15T06:25:28.412 INFO:teuthology.orchestra.run.smithi062.stderr:/usr/bin/ceph:
2023-11-15T06:25:28.296+0000 7fc98d7fa700 1 --2- 172.21.15.62:0/1418668841 >> [v2:172.21.15.62:6800/3280254567,v1:172.21.15.62:6801/3280254567] conn(0x7fc97402fdb0 0x7fc974032270 unknown :-1 s=NONE pgs=0 cs=0 l=1 rev1=0 rx=0 tx=0).connect
2023-11-15T06:25:28.412 INFO:teuthology.orchestra.run.smithi062.stderr:/usr/bin/ceph:
2023-11-15T06:25:28.296+0000 7fc98d7fa700 1 -- 172.21.15.62:0/1418668841 <== mon.0 v2:172.21.15.62:3300/0 5 ==== osd_map(2..2 src has 1..2) v4 ==== 926+0+0 (secure 0 0 0) 0x7fc984040fa0 con 0x7fc99010aae0
2023-11-15T06:25:28.413 INFO:teuthology.orchestra.run.smithi062.stderr:/usr/bin/ceph:
2023-11-15T06:25:28.296+0000 7fc996fcd700 1 -- 172.21.15.62:0/1418668841 --> [v2:172.21.15.62:3300/0,v1:172.21.15.62:6789/0] -- mon_command({"prefix": "get_command_descriptions"} v 0) v1 -- 0x7fc990059100 con 0x7fc99010aae0
2023-11-15T06:25:28.413 INFO:teuthology.orchestra.run.smithi062.stderr:/usr/bin/ceph:
2023-11-15T06:25:28.296+0000 7fc98ffff700 1 --2- 172.21.15.62:0/1418668841 >> [v2:172.21.15.62:6800/3280254567,v1:172.21.15.62:6801/3280254567] conn(0x7fc97402fdb0 0x7fc974032270 unknown :-1 s=BANNER_CONNECTING pgs=0 cs=0 l=1 rev1=0 rx=0 tx=0)._handle_peer_banner_payload supported=1 required=0
2023-11-15T06:25:28.413 INFO:teuthology.orchestra.run.smithi062.stderr:/usr/bin/ceph:
2023-11-15T06:25:28.296+0000 7fc98ffff700 1 --2- 172.21.15.62:0/1418668841 >> [v2:172.21.15.62:6800/3280254567,v1:172.21.15.62:6801/3280254567] conn(0x7fc97402fdb0 0x7fc974032270 secure :-1 s=READY pgs=9 cs=0 l=1 rev1=1 rx=0x7fc97c0096a0 tx=0x7fc97c006b40).ready entity=mgr.14116 client_cookie=0 server_cookie=0 in_seq=0 out_seq=0
2023-11-15T06:25:28.413 INFO:teuthology.orchestra.run.smithi062.stderr:/usr/bin/ceph:
2023-11-15T06:25:28.300+0000 7fc98d7fa700 1 -- 172.21.15.62:0/1418668841 <== mon.0 v2:172.21.15.62:3300/0 6 ==== mon_command_ack([{"prefix": "get_command_descriptions"}]=0 v0) v1 ==== 72+0+152212 (secure 0 0 0) 0x7fc984016070 con 0x7fc99010aae0
2023-11-15T06:25:28.462 INFO:teuthology.orchestra.run.smithi062.stderr:/usr/bin/ceph:
2023-11-15T06:25:28.460+0000 7fc996fcd700 1 -- 172.21.15.62:0/1418668841 --> [v2:172.21.15.62:6800/3280254567,v1:172.21.15.62:6801/3280254567] -- mgr_command(tid 0: {"prefix": "cephadm get-pub-key", "target": ["mon-mgr", ""]}) v1 -- 0x7fc990104540 con 0x7fc97402fdb0
2023-11-15T06:25:28.463 INFO:teuthology.orchestra.run.smithi062.stderr:/usr/bin/ceph:
2023-11-15T06:25:28.460+0000 7fc98d7fa700 1 -- 172.21.15.62:0/1418668841 <== mgr.14116 v2:172.21.15.62:6800/3280254567 1 ==== mgr_command_reply(tid 0: 0 ) v1 ==== 8+0+595 (secure 0 0 0) 0x7fc990104540 con 0x7fc97402fdb0
2023-11-15T06:25:28.463 INFO:teuthology.orchestra.run.smithi062.stderr:/usr/bin/ceph: ssh-rsa AAAAB3NzaC1yc2EAAAADAQABAAABgQC5+aqffi9x3Pq9kjlnQYPUXA/1lo4stG9BltXRno7qEJ/+OWtYt5Wmb9jCJ33mRCfVPPj1QKZDTHse1niDh1wX7rkYZocmeUMS5P7xr5YA/DP5sqqP87WsOjWBMiRDK5yUWlD2T7bVUO8QhLGHJFYfhrARhnqUxnhFwF2jkKao9Z1pB+PG8bTmv+S8nio8EfDEwOzLtuSjo8Q9ZLekPhc4UpWuUIqB0xLQxwSIVst/0EE2sYME+DfXCZMiYSEZuvf1Fs0cEOXdfR6JpR10YR3HIhvQ2h7P8csIq842USQCOsWhIXRh8/L8S2wiprO0vb9tnZ96tiX7sj1YrKLoMlgnLc7BbHlBOwceF999ljHiHPGG1Xhd8X9Gp6kMoXIpcBzcN3kkeW/EeLsDp+v3YJlU4JcObznE7Xf7g+9XgIAbTKse5lP6k9rr8dhjByeW9zLxTVxtcKWX6uhKDGPjEdbbL1QDVPhNhlPWhGZhS8+WxZwp7sPgN1yYNJRP9+cwOeU= ceph-a3c2da76-837f-11ee-8dbe-212e2dc638e7
2023-11-15T06:25:28.465 INFO:teuthology.orchestra.run.smithi062.stderr:/usr/bin/ceph:
2023-11-15T06:25:28.462+0000 7fc996fcd700 1 -- 172.21.15.62:0/1418668841 >> [v2:172.21.15.62:6800/3280254567,v1:172.21.15.62:6801/3280254567] conn(0x7fc97402fdb0 msgr2=0x7fc974032270 secure :-1 s=STATE_CONNECTION_ESTABLISHED l=1).mark_down
2023-11-15T06:25:28.465 INFO:teuthology.orchestra.run.smithi062.stderr:/usr/bin/ceph:
2023-11-15T06:25:28.462+0000 7fc996fcd700 1 --2- 172.21.15.62:0/1418668841 >> [v2:172.21.15.62:6800/3280254567,v1:172.21.15.62:6801/3280254567] conn(0x7fc97402fdb0 0x7fc974032270 secure :-1 s=READY pgs=9 cs=0 l=1 rev1=1 rx=0x7fc97c0096a0 tx=0x7fc97c006b40).stop
2023-11-15T06:25:28.465 INFO:teuthology.orchestra.run.smithi062.stderr:/usr/bin/ceph:
2023-11-15T06:25:28.462+0000 7fc996fcd700 1 -- 172.21.15.62:0/1418668841 >> [v2:172.21.15.62:3300/0,v1:172.21.15.62:6789/0] conn(0x7fc99010aae0 msgr2=0x7fc99010af00 secure :-1 s=STATE_CONNECTION_ESTABLISHED l=1).mark_down
2023-11-15T06:25:28.466 INFO:teuthology.orchestra.run.smithi062.stderr:/usr/bin/ceph:
2023-11-15T06:25:28.462+0000 7fc996fcd700 1 --2- 172.21.15.62:0/1418668841 >> [v2:172.21.15.62:3300/0,v1:172.21.15.62:6789/0] conn(0x7fc99010aae0 0x7fc99010af00 secure :-1 s=READY pgs=38 cs=0 l=1 rev1=1 rx=0x7fc984011820 tx=0x7fc984006ee0).stop
2023-11-15T06:25:28.466 INFO:teuthology.orchestra.run.smithi062.stderr:/usr/bin/ceph:
2023-11-15T06:25:28.462+0000 7fc996fcd700 1 -- 172.21.15.62:0/1418668841 shutdown_connections
2023-11-15T06:25:28.466 INFO:teuthology.orchestra.run.smithi062.stderr:/usr/bin/ceph:
2023-11-15T06:25:28.462+0000 7fc996fcd700 1 --2- 172.21.15.62:0/1418668841 >> [v2:172.21.15.62:6800/3280254567,v1:172.21.15.62:6801/3280254567] conn(0x7fc97402fdb0 0x7fc974032270 unknown :-1 s=CLOSED pgs=9 cs=0 l=1 rev1=1 rx=0 tx=0).stop
2023-11-15T06:25:28.466 INFO:teuthology.orchestra.run.smithi062.stderr:/usr/bin/ceph:
2023-11-15T06:25:28.462+0000 7fc996fcd700 1 --2- 172.21.15.62:0/1418668841 >> [v2:172.21.15.62:3300/0,v1:172.21.15.62:6789/0] conn(0x7fc99010aae0 0x7fc99010af00 unknown :-1 s=CLOSED pgs=38 cs=0 l=1 rev1=1 rx=0 tx=0).stop
2023-11-15T06:25:28.467 INFO:teuthology.orchestra.run.smithi062.stderr:/usr/bin/ceph:
2023-11-15T06:25:28.462+0000 7fc996fcd700 1 -- 172.21.15.62:0/1418668841 >> 172.21.15.62:0/1418668841 conn(0x7fc9900f74c0 msgr2=0x7fc9900f9040 unknown :-1 s=STATE_NONE l=0).mark_down
2023-11-15T06:25:28.467 INFO:teuthology.orchestra.run.smithi062.stderr:/usr/bin/ceph:
2023-11-15T06:25:28.462+0000 7fc996fcd700 1 -- 172.21.15.62:0/1418668841 shutdown_connections
2023-11-15T06:25:28.467 INFO:teuthology.orchestra.run.smithi062.stderr:/usr/bin/ceph:
2023-11-15T06:25:28.462+0000 7fc996fcd700 1 -- 172.21.15.62:0/1418668841 wait complete.
2023-11-15T06:25:28.918 INFO:journalctl@ceph.mon.smithi062.smithi062.stdout:Nov 15 06:25:28 smithi062 ceph-a3c2da76-837f-11ee-8dbe-212e2dc638e7-mon.smithi062[112362]: audit
2023-11-15T06:25:28.462188+0000 mgr.smithi062.rwurtk (mgr.14116) 7 : audit [DBG] from='client.14132 -' entity='client.admin' cmd=[{"prefix": "cephadm get-pub-key", "target": ["mon-mgr", ""]}]: dispatch
2023-11-15T06:25:29.987 INFO:teuthology.orchestra.run.smithi062.stderr:Wrote public SSH key to /home/ubuntu/cephtest/ceph.pub
2023-11-15T06:25:29.988 INFO:teuthology.orchestra.run.smithi062.stderr:Adding key to root@localhost authorized_keys...
2023-11-15T06:25:29.989 INFO:teuthology.orchestra.run.smithi062.stderr:Adding host smithi062...
2023-11-15T06:25:29.989 INFO:teuthology.orchestra.run.smithi062.stderr:Running command: /bin/podman run --rm --ipc=host --no-hosts --net=host --entrypoint /usr/bin/ceph --init -e CONTAINER_IMAGE=docker.io/ceph/ceph:v16.2.4 -e NODE_NAME=smithi062 -e CEPH_USE_RANDOM_NONCE=1 -v /var/log/ceph/a3c2da76-837f-11ee-8dbe-212e2dc638e7:/var/log/ceph:z -v /tmp/ceph-tmptvq9ksio:/etc/ceph/ceph.client.admin.keyring:z -v /tmp/ceph-tmpf12kfgcg:/etc/ceph/ceph.conf:z docker.io/ceph/ceph:v16.2.4 orch host add smithi062 172.21.15.62
2023-11-15T06:25:31.060 INFO:teuthology.orchestra.run.smithi062.stderr:/usr/bin/ceph:
2023-11-15T06:25:31.055+0000 7fe29a7ba700 1 Processor -- start
2023-11-15T06:25:31.060 INFO:teuthology.orchestra.run.smithi062.stderr:/usr/bin/ceph:
2023-11-15T06:25:31.055+0000 7fe29a7ba700 1 -- start start
2023-11-15T06:25:31.061 INFO:teuthology.orchestra.run.smithi062.stderr:/usr/bin/ceph:
2023-11-15T06:25:31.056+0000 7fe29a7ba700 1 --2- >> [v2:172.21.15.62:3300/0,v1:172.21.15.62:6789/0] conn(0x7fe2940fab80 0x7fe2940fafa0 unknown :-1 s=NONE pgs=0 cs=0 l=0 rev1=0 rx=0 tx=0).connect
2023-11-15T06:25:31.061 INFO:teuthology.orchestra.run.smithi062.stderr:/usr/bin/ceph:
2023-11-15T06:25:31.056+0000 7fe29a7ba700 1 -- --> [v2:172.21.15.62:3300/0,v1:172.21.15.62:6789/0] -- mon_getmap magic: 0 v1 -- 0x7fe2940fb490 con 0x7fe2940fab80
2023-11-15T06:25:31.061 INFO:teuthology.orchestra.run.smithi062.stderr:/usr/bin/ceph:
2023-11-15T06:25:31.056+0000 7fe293fff700 1 --2- >> [v2:172.21.15.62:3300/0,v1:172.21.15.62:6789/0] conn(0x7fe2940fab80 0x7fe2940fafa0 unknown :-1 s=BANNER_CONNECTING pgs=0 cs=0 l=0 rev1=0 rx=0 tx=0)._handle_peer_banner_payload supported=1 required=0
2023-11-15T06:25:31.061 INFO:teuthology.orchestra.run.smithi062.stderr:/usr/bin/ceph:
2023-11-15T06:25:31.056+0000 7fe293fff700 1 --2- >> [v2:172.21.15.62:3300/0,v1:172.21.15.62:6789/0] conn(0x7fe2940fab80 0x7fe2940fafa0 unknown :-1 s=HELLO_CONNECTING pgs=0 cs=0 l=0 rev1=1 rx=0 tx=0).handle_hello peer v2:172.21.15.62:3300/0 says I am v2:172.21.15.62:42776/0 (socket says 172.21.15.62:42776)
2023-11-15T06:25:31.062 INFO:teuthology.orchestra.run.smithi062.stderr:/usr/bin/ceph:
2023-11-15T06:25:31.056+0000 7fe293fff700 1 -- 172.21.15.62:0/123004057 learned_addr learned my addr 172.21.15.62:0/123004057 (peer_addr_for_me v2:172.21.15.62:0/0)
2023-11-15T06:25:31.062 INFO:teuthology.orchestra.run.smithi062.stderr:/usr/bin/ceph:
2023-11-15T06:25:31.056+0000 7fe293fff700 1 -- 172.21.15.62:0/123004057 --> [v2:172.21.15.62:3300/0,v1:172.21.15.62:6789/0] -- mon_subscribe({config=0+,monmap=0+}) v3 -- 0x7fe2940fb5d0 con 0x7fe2940fab80
2023-11-15T06:25:31.062 INFO:teuthology.orchestra.run.smithi062.stderr:/usr/bin/ceph:
2023-11-15T06:25:31.056+0000 7fe293fff700 1 --2- 172.21.15.62:0/123004057 >> [v2:172.21.15.62:3300/0,v1:172.21.15.62:6789/0] conn(0x7fe2940fab80 0x7fe2940fafa0 secure :-1 s=READY pgs=39 cs=0 l=1 rev1=1 rx=0x7fe28400b5f0 tx=0x7fe284006ee0).ready entity=mon.0 client_cookie=a6e4de54dbf03a4e server_cookie=0 in_seq=0 out_seq=0
2023-11-15T06:25:31.062 INFO:teuthology.orchestra.run.smithi062.stderr:/usr/bin/ceph:
2023-11-15T06:25:31.057+0000 7fe292ffd700 1 -- 172.21.15.62:0/123004057 <== mon.0 v2:172.21.15.62:3300/0 1 ==== mon_map magic: 0 v1 ==== 229+0+0 (secure 0 0 0) 0x7fe28400d600 con 0x7fe2940fab80
2023-11-15T06:25:31.062 INFO:teuthology.orchestra.run.smithi062.stderr:/usr/bin/ceph:
2023-11-15T06:25:31.057+0000 7fe292ffd700 1 -- 172.21.15.62:0/123004057 <== mon.0 v2:172.21.15.62:3300/0 2 ==== config(25 keys) v1 ==== 1010+0+0 (secure 0 0 0) 0x7fe28400dbd0 con 0x7fe2940fab80
2023-11-15T06:25:31.063 INFO:teuthology.orchestra.run.smithi062.stderr:/usr/bin/ceph:
2023-11-15T06:25:31.057+0000 7fe292ffd700 1 -- 172.21.15.62:0/123004057 <== mon.0 v2:172.21.15.62:3300/0 3 ==== mon_map magic: 0 v1 ==== 229+0+0 (secure 0 0 0) 0x7fe284011c00 con 0x7fe2940fab80
2023-11-15T06:25:31.063 INFO:teuthology.orchestra.run.smithi062.stderr:/usr/bin/ceph:
2023-11-15T06:25:31.057+0000 7fe29a7ba700 1 -- 172.21.15.62:0/123004057 >> [v2:172.21.15.62:3300/0,v1:172.21.15.62:6789/0] conn(0x7fe2940fab80 msgr2=0x7fe2940fafa0 secure :-1 s=STATE_CONNECTION_ESTABLISHED l=1).mark_down
2023-11-15T06:25:31.063 INFO:teuthology.orchestra.run.smithi062.stderr:/usr/bin/ceph:
2023-11-15T06:25:31.057+0000 7fe29a7ba700 1 --2- 172.21.15.62:0/123004057 >> [v2:172.21.15.62:3300/0,v1:172.21.15.62:6789/0] conn(0x7fe2940fab80 0x7fe2940fafa0 secure :-1 s=READY pgs=39 cs=0 l=1 rev1=1 rx=0x7fe28400b5f0 tx=0x7fe284006ee0).stop
2023-11-15T06:25:31.063 INFO:teuthology.orchestra.run.smithi062.stderr:/usr/bin/ceph:
2023-11-15T06:25:31.057+0000 7fe29a7ba700 1 -- 172.21.15.62:0/123004057 shutdown_connections
2023-11-15T06:25:31.063 INFO:teuthology.orchestra.run.smithi062.stderr:/usr/bin/ceph:
2023-11-15T06:25:31.057+0000 7fe29a7ba700 1 --2- 172.21.15.62:0/123004057 >> [v2:172.21.15.62:3300/0,v1:172.21.15.62:6789/0] conn(0x7fe2940fab80 0x7fe2940fafa0 unknown :-1 s=CLOSED pgs=39 cs=0 l=1 rev1=1 rx=0 tx=0).stop
2023-11-15T06:25:31.064 INFO:teuthology.orchestra.run.smithi062.stderr:/usr/bin/ceph:
2023-11-15T06:25:31.057+0000 7fe29a7ba700 1 -- 172.21.15.62:0/123004057 >> 172.21.15.62:0/123004057 conn(0x7fe2940f63c0 msgr2=0x7fe2940f87e0 unknown :-1 s=STATE_NONE l=0).mark_down
2023-11-15T06:25:31.066 INFO:teuthology.orchestra.run.smithi062.stderr:/usr/bin/ceph:
2023-11-15T06:25:31.057+0000 7fe29a7ba700 1 -- 172.21.15.62:0/123004057 shutdown_connections
2023-11-15T06:25:31.066 INFO:teuthology.orchestra.run.smithi062.stderr:/usr/bin/ceph:
2023-11-15T06:25:31.057+0000 7fe29a7ba700 1 -- 172.21.15.62:0/123004057 wait complete.
2023-11-15T06:25:31.066 INFO:teuthology.orchestra.run.smithi062.stderr:/usr/bin/ceph:
2023-11-15T06:25:31.058+0000 7fe29a7ba700 1 Processor -- start
2023-11-15T06:25:31.071 INFO:teuthology.orchestra.run.smithi062.stderr:/usr/bin/ceph:
2023-11-15T06:25:31.058+0000 7fe29a7ba700 1 -- start start
2023-11-15T06:25:31.071 INFO:teuthology.orchestra.run.smithi062.stderr:/usr/bin/ceph:
2023-11-15T06:25:31.058+0000 7fe29a7ba700 1 --2- >> [v2:172.21.15.62:3300/0,v1:172.21.15.62:6789/0] conn(0x7fe2940fab80 0x7fe2941087d0 unknown :-1 s=NONE pgs=0 cs=0 l=1 rev1=0 rx=0 tx=0).connect
2023-11-15T06:25:31.071 INFO:teuthology.orchestra.run.smithi062.stderr:/usr/bin/ceph:
2023-11-15T06:25:31.058+0000 7fe29a7ba700 1 -- --> [v2:172.21.15.62:3300/0,v1:172.21.15.62:6789/0] -- mon_getmap magic: 0 v1 -- 0x7fe294108cc0 con 0x7fe2940fab80
2023-11-15T06:25:31.071 INFO:teuthology.orchestra.run.smithi062.stderr:/usr/bin/ceph:
2023-11-15T06:25:31.058+0000 7fe293fff700 1 --2- >> [v2:172.21.15.62:3300/0,v1:172.21.15.62:6789/0] conn(0x7fe2940fab80 0x7fe2941087d0 unknown :-1 s=BANNER_CONNECTING pgs=0 cs=0 l=1 rev1=0 rx=0 tx=0)._handle_peer_banner_payload supported=1 required=0
2023-11-15T06:25:31.072 INFO:teuthology.orchestra.run.smithi062.stderr:/usr/bin/ceph:
2023-11-15T06:25:31.058+0000 7fe293fff700 1 --2- >> [v2:172.21.15.62:3300/0,v1:172.21.15.62:6789/0] conn(0x7fe2940fab80 0x7fe2941087d0 unknown :-1 s=HELLO_CONNECTING pgs=0 cs=0 l=1 rev1=1 rx=0 tx=0).handle_hello peer v2:172.21.15.62:3300/0 says I am v2:172.21.15.62:42782/0 (socket says 172.21.15.62:42782)
2023-11-15T06:25:31.072 INFO:teuthology.orchestra.run.smithi062.stderr:/usr/bin/ceph:
2023-11-15T06:25:31.058+0000 7fe293fff700 1 -- 172.21.15.62:0/1309042871 learned_addr learned my addr 172.21.15.62:0/1309042871 (peer_addr_for_me v2:172.21.15.62:0/0)
2023-11-15T06:25:31.072 INFO:teuthology.orchestra.run.smithi062.stderr:/usr/bin/ceph:
2023-11-15T06:25:31.059+0000 7fe293fff700 1 -- 172.21.15.62:0/1309042871 --> [v2:172.21.15.62:3300/0,v1:172.21.15.62:6789/0] -- mon_subscribe({config=0+,monmap=0+}) v3 -- 0x7fe28400b200 con 0x7fe2940fab80
2023-11-15T06:25:31.072 INFO:teuthology.orchestra.run.smithi062.stderr:/usr/bin/ceph:
2023-11-15T06:25:31.059+0000 7fe293fff700 1 --2- 172.21.15.62:0/1309042871 >> [v2:172.21.15.62:3300/0,v1:172.21.15.62:6789/0] conn(0x7fe2940fab80 0x7fe2941087d0 secure :-1 s=READY pgs=40 cs=0 l=1 rev1=1 rx=0x7fe28400b1d0 tx=0x7fe284006ee0).ready entity=mon.0 client_cookie=0 server_cookie=0 in_seq=0 out_seq=0
2023-11-15T06:25:31.072 INFO:teuthology.orchestra.run.smithi062.stderr:/usr/bin/ceph:
2023-11-15T06:25:31.059+0000 7fe290ff9700 1 -- 172.21.15.62:0/1309042871 <== mon.0 v2:172.21.15.62:3300/0 1 ==== mon_map magic: 0 v1 ==== 229+0+0 (secure 0 0 0) 0x7fe28401b410 con 0x7fe2940fab80
2023-11-15T06:25:31.072 INFO:teuthology.orchestra.run.smithi062.stderr:/usr/bin/ceph:
2023-11-15T06:25:31.059+0000 7fe290ff9700 1 -- 172.21.15.62:0/1309042871 <== mon.0 v2:172.21.15.62:3300/0 2 ==== config(25 keys) v1 ==== 1010+0+0 (secure 0 0 0) 0x7fe28401b9e0 con 0x7fe2940fab80
2023-11-15T06:25:31.073 INFO:teuthology.orchestra.run.smithi062.stderr:/usr/bin/ceph:
2023-11-15T06:25:31.059+0000 7fe29a7ba700 1 -- 172.21.15.62:0/1309042871 --> [v2:172.21.15.62:3300/0,v1:172.21.15.62:6789/0] -- mon_subscribe({mgrmap=0+}) v3 -- 0x7fe294108ec0 con 0x7fe2940fab80
2023-11-15T06:25:31.073 INFO:teuthology.orchestra.run.smithi062.stderr:/usr/bin/ceph:
2023-11-15T06:25:31.059+0000 7fe290ff9700 1 -- 172.21.15.62:0/1309042871 <== mon.0 v2:172.21.15.62:3300/0 3 ==== mon_map magic: 0 v1 ==== 229+0+0 (secure 0 0 0) 0x7fe28401a840 con 0x7fe2940fab80
2023-11-15T06:25:31.073 INFO:teuthology.orchestra.run.smithi062.stderr:/usr/bin/ceph:
2023-11-15T06:25:31.059+0000 7fe29a7ba700 1 -- 172.21.15.62:0/1309042871 --> [v2:172.21.15.62:3300/0,v1:172.21.15.62:6789/0] -- mon_subscribe({osdmap=0}) v3 -- 0x7fe2941092d0 con 0x7fe2940fab80
2023-11-15T06:25:31.073 INFO:teuthology.orchestra.run.smithi062.stderr:/usr/bin/ceph:
2023-11-15T06:25:31.060+0000 7fe290ff9700 1 -- 172.21.15.62:0/1309042871 <== mon.0 v2:172.21.15.62:3300/0 4 ==== mgrmap(e 8) v1 ==== 36120+0+0 (secure 0 0 0) 0x7fe28400f070 con 0x7fe2940fab80
2023-11-15T06:25:31.073 INFO:teuthology.orchestra.run.smithi062.stderr:/usr/bin/ceph:
2023-11-15T06:25:31.060+0000 7fe290ff9700 1 --2- 172.21.15.62:0/1309042871 >> [v2:172.21.15.62:6800/3280254567,v1:172.21.15.62:6801/3280254567] conn(0x7fe274031fa0 0x7fe274034460 unknown :-1 s=NONE pgs=0 cs=0 l=1 rev1=0 rx=0 tx=0).connect
2023-11-15T06:25:31.074 INFO:teuthology.orchestra.run.smithi062.stderr:/usr/bin/ceph:
2023-11-15T06:25:31.060+0000 7fe290ff9700 1 -- 172.21.15.62:0/1309042871 <== mon.0 v2:172.21.15.62:3300/0 5 ==== osd_map(2..2 src has 1..2) v4 ==== 926+0+0 (secure 0 0 0) 0x7fe284042150 con 0x7fe2940fab80
2023-11-15T06:25:31.074 INFO:teuthology.orchestra.run.smithi062.stderr:/usr/bin/ceph:
2023-11-15T06:25:31.060+0000 7fe2937fe700 1 --2- 172.21.15.62:0/1309042871 >> [v2:172.21.15.62:6800/3280254567,v1:172.21.15.62:6801/3280254567] conn(0x7fe274031fa0 0x7fe274034460 unknown :-1 s=BANNER_CONNECTING pgs=0 cs=0 l=1 rev1=0 rx=0 tx=0)._handle_peer_banner_payload supported=1 required=0
2023-11-15T06:25:31.074 INFO:teuthology.orchestra.run.smithi062.stderr:/usr/bin/ceph:
2023-11-15T06:25:31.060+0000 7fe29a7ba700 1 -- 172.21.15.62:0/1309042871 --> [v2:172.21.15.62:3300/0,v1:172.21.15.62:6789/0] -- mon_command({"prefix": "get_command_descriptions"} v 0) v1 -- 0x7fe294059100 con 0x7fe2940fab80
2023-11-15T06:25:31.074 INFO:teuthology.orchestra.run.smithi062.stderr:/usr/bin/ceph:
2023-11-15T06:25:31.061+0000 7fe2937fe700 1 --2- 172.21.15.62:0/1309042871 >> [v2:172.21.15.62:6800/3280254567,v1:172.21.15.62:6801/3280254567] conn(0x7fe274031fa0 0x7fe274034460 secure :-1 s=READY pgs=10 cs=0 l=1 rev1=1 rx=0x7fe27c0096a0 tx=0x7fe27c006b40).ready entity=mgr.14116 client_cookie=0 server_cookie=0 in_seq=0 out_seq=0
2023-11-15T06:25:31.075 INFO:teuthology.orchestra.run.smithi062.stderr:/usr/bin/ceph:
2023-11-15T06:25:31.065+0000 7fe290ff9700 1 -- 172.21.15.62:0/1309042871 <== mon.0 v2:172.21.15.62:3300/0 6 ==== mon_command_ack([{"prefix": "get_command_descriptions"}]=0 v0) v1 ==== 72+0+152212 (secure 0 0 0) 0x7fe284016070 con 0x7fe2940fab80
2023-11-15T06:25:31.249 INFO:teuthology.orchestra.run.smithi062.stderr:/usr/bin/ceph:
2023-11-15T06:25:31.246+0000 7fe29a7ba700 1 -- 172.21.15.62:0/1309042871 --> [v2:172.21.15.62:6800/3280254567,v1:172.21.15.62:6801/3280254567] -- mgr_command(tid 0: {"prefix": "orch host add", "hostname": "smithi062", "addr": "172.21.15.62", "target": ["mon-mgr", ""]}) v1 -- 0x7fe2941026d0 con 0x7fe274031fa0
2023-11-15T06:25:31.862 INFO:teuthology.orchestra.run.smithi062.stderr:/usr/bin/ceph:
2023-11-15T06:25:31.859+0000 7fe290ff9700 1 -- 172.21.15.62:0/1309042871 <== mgr.14116 v2:172.21.15.62:6800/3280254567 1 ==== mgr_command_reply(tid 0: 0 ) v1 ==== 8+0+23 (secure 0 0 0) 0x7fe2941026d0 con 0x7fe274031fa0
2023-11-15T06:25:31.863 INFO:teuthology.orchestra.run.smithi062.stderr:/usr/bin/ceph: Added host 'smithi062'
2023-11-15T06:25:31.864 INFO:teuthology.orchestra.run.smithi062.stderr:/usr/bin/ceph:
2023-11-15T06:25:31.861+0000 7fe29a7ba700 1 -- 172.21.15.62:0/1309042871 >> [v2:172.21.15.62:6800/3280254567,v1:172.21.15.62:6801/3280254567] conn(0x7fe274031fa0 msgr2=0x7fe274034460 secure :-1 s=STATE_CONNECTION_ESTABLISHED l=1).mark_down
2023-11-15T06:25:31.864 INFO:teuthology.orchestra.run.smithi062.stderr:/usr/bin/ceph:
2023-11-15T06:25:31.861+0000 7fe29a7ba700 1 --2- 172.21.15.62:0/1309042871 >> [v2:172.21.15.62:6800/3280254567,v1:172.21.15.62:6801/3280254567] conn(0x7fe274031fa0 0x7fe274034460 secure :-1 s=READY pgs=10 cs=0 l=1 rev1=1 rx=0x7fe27c0096a0 tx=0x7fe27c006b40).stop
2023-11-15T06:25:31.864 INFO:teuthology.orchestra.run.smithi062.stderr:/usr/bin/ceph:
2023-11-15T06:25:31.861+0000 7fe29a7ba700 1 -- 172.21.15.62:0/1309042871 >> [v2:172.21.15.62:3300/0,v1:172.21.15.62:6789/0] conn(0x7fe2940fab80 msgr2=0x7fe2941087d0 secure :-1 s=STATE_CONNECTION_ESTABLISHED l=1).mark_down
2023-11-15T06:25:31.865 INFO:teuthology.orchestra.run.smithi062.stderr:/usr/bin/ceph:
2023-11-15T06:25:31.861+0000 7fe29a7ba700 1 --2- 172.21.15.62:0/1309042871 >> [v2:172.21.15.62:3300/0,v1:172.21.15.62:6789/0] conn(0x7fe2940fab80 0x7fe2941087d0 secure :-1 s=READY pgs=40 cs=0 l=1 rev1=1 rx=0x7fe28400b1d0 tx=0x7fe284006ee0).stop
2023-11-15T06:25:31.865 INFO:teuthology.orchestra.run.smithi062.stderr:/usr/bin/ceph:
