2023-11-15T06:25:49.237+0000 7fbde2f0b700 1 Processor -- start
2023-11-15T06:25:49.243 INFO:teuthology.orchestra.run.smithi062.stderr:/usr/bin/ceph:
2023-11-15T06:25:49.237+0000 7fbde2f0b700 1 -- start start
2023-11-15T06:25:49.243 INFO:teuthology.orchestra.run.smithi062.stderr:/usr/bin/ceph:
2023-11-15T06:25:49.237+0000 7fbde2f0b700 1 --2- >> [v2:172.21.15.62:3300/0,v1:172.21.15.62:6789/0] conn(0x7fbddc0fd2a0 0x7fbddc10aa30 unknown :-1 s=NONE pgs=0 cs=0 l=1 rev1=0 rx=0 tx=0).connect
2023-11-15T06:25:49.243 INFO:teuthology.orchestra.run.smithi062.stderr:/usr/bin/ceph:
2023-11-15T06:25:49.237+0000 7fbde2f0b700 1 -- --> [v2:172.21.15.62:3300/0,v1:172.21.15.62:6789/0] -- mon_getmap magic: 0 v1 -- 0x7fbddc10af20 con 0x7fbddc0fd2a0
2023-11-15T06:25:49.243 INFO:teuthology.orchestra.run.smithi062.stderr:/usr/bin/ceph:
2023-11-15T06:25:49.237+0000 7fbde0ca7700 1 --2- >> [v2:172.21.15.62:3300/0,v1:172.21.15.62:6789/0] conn(0x7fbddc0fd2a0 0x7fbddc10aa30 unknown :-1 s=BANNER_CONNECTING pgs=0 cs=0 l=1 rev1=0 rx=0 tx=0)._handle_peer_banner_payload supported=1 required=0
2023-11-15T06:25:49.244 INFO:teuthology.orchestra.run.smithi062.stderr:/usr/bin/ceph:
2023-11-15T06:25:49.237+0000 7fbde0ca7700 1 --2- >> [v2:172.21.15.62:3300/0,v1:172.21.15.62:6789/0] conn(0x7fbddc0fd2a0 0x7fbddc10aa30 unknown :-1 s=HELLO_CONNECTING pgs=0 cs=0 l=1 rev1=1 rx=0 tx=0).handle_hello peer v2:172.21.15.62:3300/0 says I am v2:172.21.15.62:57492/0 (socket says 172.21.15.62:57492)
2023-11-15T06:25:49.244 INFO:teuthology.orchestra.run.smithi062.stderr:/usr/bin/ceph:
2023-11-15T06:25:49.237+0000 7fbde0ca7700 1 -- 172.21.15.62:0/4226370220 learned_addr learned my addr 172.21.15.62:0/4226370220 (peer_addr_for_me v2:172.21.15.62:0/0)
2023-11-15T06:25:49.244 INFO:teuthology.orchestra.run.smithi062.stderr:/usr/bin/ceph:
2023-11-15T06:25:49.238+0000 7fbde0ca7700 1 -- 172.21.15.62:0/4226370220 --> [v2:172.21.15.62:3300/0,v1:172.21.15.62:6789/0] -- mon_subscribe({config=0+,monmap=0+}) v3 -- 0x7fbdd000b200 con 0x7fbddc0fd2a0
2023-11-15T06:25:49.244 INFO:teuthology.orchestra.run.smithi062.stderr:/usr/bin/ceph:
2023-11-15T06:25:49.238+0000 7fbde0ca7700 1 --2- 172.21.15.62:0/4226370220 >> [v2:172.21.15.62:3300/0,v1:172.21.15.62:6789/0] conn(0x7fbddc0fd2a0 0x7fbddc10aa30 secure :-1 s=READY pgs=73 cs=0 l=1 rev1=1 rx=0x7fbdd000e040 tx=0x7fbdd0006ee0).ready entity=mon.0 client_cookie=0 server_cookie=0 in_seq=0 out_seq=0
2023-11-15T06:25:49.244 INFO:teuthology.orchestra.run.smithi062.stderr:/usr/bin/ceph:
2023-11-15T06:25:49.238+0000 7fbdd97fa700 1 -- 172.21.15.62:0/4226370220 <== mon.0 v2:172.21.15.62:3300/0 1 ==== mon_map magic: 0 v1 ==== 229+0+0 (secure 0 0 0) 0x7fbdd001b410 con 0x7fbddc0fd2a0
2023-11-15T06:25:49.245 INFO:teuthology.orchestra.run.smithi062.stderr:/usr/bin/ceph:
2023-11-15T06:25:49.238+0000 7fbdd97fa700 1 -- 172.21.15.62:0/4226370220 <== mon.0 v2:172.21.15.62:3300/0 2 ==== config(25 keys) v1 ==== 1074+0+0 (secure 0 0 0) 0x7fbdd001ba20 con 0x7fbddc0fd2a0
2023-11-15T06:25:49.245 INFO:teuthology.orchestra.run.smithi062.stderr:/usr/bin/ceph:
2023-11-15T06:25:49.238+0000 7fbdd97fa700 1 -- 172.21.15.62:0/4226370220 <== mon.0 v2:172.21.15.62:3300/0 3 ==== mon_map magic: 0 v1 ==== 229+0+0 (secure 0 0 0) 0x7fbdd001a910 con 0x7fbddc0fd2a0
2023-11-15T06:25:49.245 INFO:teuthology.orchestra.run.smithi062.stderr:/usr/bin/ceph:
2023-11-15T06:25:49.238+0000 7fbde2f0b700 1 -- 172.21.15.62:0/4226370220 --> [v2:172.21.15.62:3300/0,v1:172.21.15.62:6789/0] -- mon_subscribe({mgrmap=0+}) v3 -- 0x7fbddc10b120 con 0x7fbddc0fd2a0
2023-11-15T06:25:49.245 INFO:teuthology.orchestra.run.smithi062.stderr:/usr/bin/ceph:
2023-11-15T06:25:49.238+0000 7fbde2f0b700 1 -- 172.21.15.62:0/4226370220 --> [v2:172.21.15.62:3300/0,v1:172.21.15.62:6789/0] -- mon_subscribe({osdmap=0}) v3 -- 0x7fbddc10b530 con 0x7fbddc0fd2a0
2023-11-15T06:25:49.246 INFO:teuthology.orchestra.run.smithi062.stderr:/usr/bin/ceph:
2023-11-15T06:25:49.239+0000 7fbdd97fa700 1 -- 172.21.15.62:0/4226370220 <== mon.0 v2:172.21.15.62:3300/0 4 ==== mgrmap(e 13) v1 ==== 36208+0+0 (secure 0 0 0) 0x7fbdd000f070 con 0x7fbddc0fd2a0
2023-11-15T06:25:49.246 INFO:teuthology.orchestra.run.smithi062.stderr:/usr/bin/ceph:
2023-11-15T06:25:49.239+0000 7fbde2f0b700 1 -- 172.21.15.62:0/4226370220 --> [v2:172.21.15.62:3300/0,v1:172.21.15.62:6789/0] -- mon_command({"prefix": "get_command_descriptions"} v 0) v1 -- 0x7fbddc045ad0 con 0x7fbddc0fd2a0
2023-11-15T06:25:49.247 INFO:teuthology.orchestra.run.smithi062.stderr:/usr/bin/ceph:
2023-11-15T06:25:49.239+0000 7fbdd97fa700 1 --2- 172.21.15.62:0/4226370220 >> [v2:172.21.15.62:6800/1948381890,v1:172.21.15.62:6801/1948381890] conn(0x7fbdc002feb0 0x7fbdc0032370 unknown :-1 s=NONE pgs=0 cs=0 l=1 rev1=0 rx=0 tx=0).connect
2023-11-15T06:25:49.247 INFO:teuthology.orchestra.run.smithi062.stderr:/usr/bin/ceph:
2023-11-15T06:25:49.239+0000 7fbdd97fa700 1 -- 172.21.15.62:0/4226370220 <== mon.0 v2:172.21.15.62:3300/0 5 ==== osd_map(3..3 src has 1..3) v4 ==== 1098+0+0 (secure 0 0 0) 0x7fbdd0041220 con 0x7fbddc0fd2a0
2023-11-15T06:25:49.247 INFO:teuthology.orchestra.run.smithi062.stderr:/usr/bin/ceph:
2023-11-15T06:25:49.239+0000 7fbddbfff700 1 -- 172.21.15.62:0/4226370220 >> [v2:172.21.15.62:6800/1948381890,v1:172.21.15.62:6801/1948381890] conn(0x7fbdc002feb0 msgr2=0x7fbdc0032370 unknown :-1 s=STATE_CONNECTING_RE l=1).process reconnect failed to v2:172.21.15.62:6800/1948381890
2023-11-15T06:25:49.247 INFO:teuthology.orchestra.run.smithi062.stderr:/usr/bin/ceph:
2023-11-15T06:25:49.239+0000 7fbddbfff700 1 --2- 172.21.15.62:0/4226370220 >> [v2:172.21.15.62:6800/1948381890,v1:172.21.15.62:6801/1948381890] conn(0x7fbdc002feb0 0x7fbdc0032370 unknown :-1 s=START_CONNECT pgs=0 cs=0 l=1 rev1=0 rx=0 tx=0)._fault waiting 0.200000
2023-11-15T06:25:49.248 INFO:teuthology.orchestra.run.smithi062.stderr:/usr/bin/ceph:
2023-11-15T06:25:49.243+0000 7fbdd97fa700 1 -- 172.21.15.62:0/4226370220 <== mon.0 v2:172.21.15.62:3300/0 6 ==== mon_command_ack([{"prefix": "get_command_descriptions"}]=0 v0) v1 ==== 72+0+152212 (secure 0 0 0) 0x7fbdd0019c90 con 0x7fbddc0fd2a0
2023-11-15T06:25:49.442 INFO:teuthology.orchestra.run.smithi062.stderr:/usr/bin/ceph:
2023-11-15T06:25:49.440+0000 7fbddbfff700 1 -- 172.21.15.62:0/4226370220 >> [v2:172.21.15.62:6800/1948381890,v1:172.21.15.62:6801/1948381890] conn(0x7fbdc002feb0 msgr2=0x7fbdc0032370 unknown :-1 s=STATE_CONNECTING_RE l=1).process reconnect failed to v2:172.21.15.62:6800/1948381890
2023-11-15T06:25:49.443 INFO:teuthology.orchestra.run.smithi062.stderr:/usr/bin/ceph:
2023-11-15T06:25:49.440+0000 7fbddbfff700 1 --2- 172.21.15.62:0/4226370220 >> [v2:172.21.15.62:6800/1948381890,v1:172.21.15.62:6801/1948381890] conn(0x7fbdc002feb0 0x7fbdc0032370 unknown :-1 s=START_CONNECT pgs=0 cs=0 l=1 rev1=0 rx=0 tx=0)._fault waiting 0.400000
2023-11-15T06:25:49.444 INFO:teuthology.orchestra.run.smithi062.stderr:/usr/bin/ceph:
2023-11-15T06:25:49.441+0000 7fbde2f0b700 1 -- 172.21.15.62:0/4226370220 --> [v2:172.21.15.62:3300/0,v1:172.21.15.62:6789/0] -- mon_command({"prefix": "mgr stat"} v 0) v1 -- 0x7fbddc10c5e0 con 0x7fbddc0fd2a0
2023-11-15T06:25:49.445 INFO:teuthology.orchestra.run.smithi062.stderr:/usr/bin/ceph:
2023-11-15T06:25:49.442+0000 7fbdd97fa700 1 -- 172.21.15.62:0/4226370220 <== mon.0 v2:172.21.15.62:3300/0 7 ==== mon_command_ack([{"prefix": "mgr stat"}]=0 v13) v1 ==== 56+0+104 (secure 0 0 0) 0x7fbdd0016070 con 0x7fbddc0fd2a0
2023-11-15T06:25:49.445 INFO:teuthology.orchestra.run.smithi062.stderr:/usr/bin/ceph: {
2023-11-15T06:25:49.445 INFO:teuthology.orchestra.run.smithi062.stderr:/usr/bin/ceph: "epoch": 13,
2023-11-15T06:25:49.445 INFO:teuthology.orchestra.run.smithi062.stderr:/usr/bin/ceph: "available": true,
2023-11-15T06:25:49.446 INFO:teuthology.orchestra.run.smithi062.stderr:/usr/bin/ceph: "active_name": "smithi062.rwurtk",
2023-11-15T06:25:49.446 INFO:teuthology.orchestra.run.smithi062.stderr:/usr/bin/ceph: "num_standby": 0
2023-11-15T06:25:49.446 INFO:teuthology.orchestra.run.smithi062.stderr:/usr/bin/ceph: }
2023-11-15T06:25:49.448 INFO:teuthology.orchestra.run.smithi062.stderr:/usr/bin/ceph:
2023-11-15T06:25:49.444+0000 7fbde2f0b700 1 -- 172.21.15.62:0/4226370220 >> [v2:172.21.15.62:6800/1948381890,v1:172.21.15.62:6801/1948381890] conn(0x7fbdc002feb0 msgr2=0x7fbdc0032370 unknown :-1 s=STATE_CONNECTING l=1).mark_down
2023-11-15T06:25:49.448 INFO:teuthology.orchestra.run.smithi062.stderr:/usr/bin/ceph:
2023-11-15T06:25:49.444+0000 7fbde2f0b700 1 --2- 172.21.15.62:0/4226370220 >> [v2:172.21.15.62:6800/1948381890,v1:172.21.15.62:6801/1948381890] conn(0x7fbdc002feb0 0x7fbdc0032370 unknown :-1 s=START_CONNECT pgs=0 cs=0 l=1 rev1=0 rx=0 tx=0).stop
2023-11-15T06:25:49.448 INFO:teuthology.orchestra.run.smithi062.stderr:/usr/bin/ceph:
2023-11-15T06:25:49.444+0000 7fbde2f0b700 1 -- 172.21.15.62:0/4226370220 >> [v2:172.21.15.62:3300/0,v1:172.21.15.62:6789/0] conn(0x7fbddc0fd2a0 msgr2=0x7fbddc10aa30 secure :-1 s=STATE_CONNECTION_ESTABLISHED l=1).mark_down
2023-11-15T06:25:49.448 INFO:teuthology.orchestra.run.smithi062.stderr:/usr/bin/ceph:
2023-11-15T06:25:49.444+0000 7fbde2f0b700 1 --2- 172.21.15.62:0/4226370220 >> [v2:172.21.15.62:3300/0,v1:172.21.15.62:6789/0] conn(0x7fbddc0fd2a0 0x7fbddc10aa30 secure :-1 s=READY pgs=73 cs=0 l=1 rev1=1 rx=0x7fbdd000e040 tx=0x7fbdd0006ee0).stop
2023-11-15T06:25:49.449 INFO:teuthology.orchestra.run.smithi062.stderr:/usr/bin/ceph:
2023-11-15T06:25:49.444+0000 7fbde2f0b700 1 -- 172.21.15.62:0/4226370220 shutdown_connections
2023-11-15T06:25:49.449 INFO:teuthology.orchestra.run.smithi062.stderr:/usr/bin/ceph:
2023-11-15T06:25:49.444+0000 7fbde2f0b700 1 --2- 172.21.15.62:0/4226370220 >> [v2:172.21.15.62:6800/1948381890,v1:172.21.15.62:6801/1948381890] conn(0x7fbdc002feb0 0x7fbdc0032370 unknown :-1 s=CLOSED pgs=0 cs=0 l=1 rev1=0 rx=0 tx=0).stop
2023-11-15T06:25:49.449 INFO:teuthology.orchestra.run.smithi062.stderr:/usr/bin/ceph:
2023-11-15T06:25:49.444+0000 7fbde2f0b700 1 --2- 172.21.15.62:0/4226370220 >> [v2:172.21.15.62:3300/0,v1:172.21.15.62:6789/0] conn(0x7fbddc0fd2a0 0x7fbddc10aa30 unknown :-1 s=CLOSED pgs=73 cs=0 l=1 rev1=1 rx=0 tx=0).stop
2023-11-15T06:25:49.449 INFO:teuthology.orchestra.run.smithi062.stderr:/usr/bin/ceph:
2023-11-15T06:25:49.444+0000 7fbde2f0b700 1 -- 172.21.15.62:0/4226370220 >> 172.21.15.62:0/4226370220 conn(0x7fbddc0f5b40 msgr2=0x7fbddc0ff240 unknown :-1 s=STATE_NONE l=0).mark_down
2023-11-15T06:25:49.449 INFO:teuthology.orchestra.run.smithi062.stderr:/usr/bin/ceph:
2023-11-15T06:25:49.444+0000 7fbde2f0b700 1 -- 172.21.15.62:0/4226370220 shutdown_connections
2023-11-15T06:25:49.450 INFO:teuthology.orchestra.run.smithi062.stderr:/usr/bin/ceph:
2023-11-15T06:25:49.444+0000 7fbde2f0b700 1 -- 172.21.15.62:0/4226370220 wait complete.
2023-11-15T06:25:49.733 INFO:journalctl@ceph.mon.smithi062.smithi062.stdout:Nov 15 06:25:49 smithi062 ceph-a3c2da76-837f-11ee-8dbe-212e2dc638e7-mon.smithi062[112362]: audit
2023-11-15T06:25:48.518097+0000 mon.smithi062 (mon.0) 89 : audit [INF] from='client.? 172.21.15.62:0/2538985105' entity='client.admin' cmd='[{"prefix": "mgr module enable", "module": "dashboard"}]': finished
2023-11-15T06:25:49.733 INFO:journalctl@ceph.mon.smithi062.smithi062.stdout:Nov 15 06:25:49 smithi062 ceph-a3c2da76-837f-11ee-8dbe-212e2dc638e7-mon.smithi062[112362]: cluster
2023-11-15T06:25:48.518155+0000 mon.smithi062 (mon.0) 90 : cluster [DBG] mgrmap e13: smithi062.rwurtk(active, since 7s)
2023-11-15T06:25:49.733 INFO:journalctl@ceph.mon.smithi062.smithi062.stdout:Nov 15 06:25:49 smithi062 ceph-a3c2da76-837f-11ee-8dbe-212e2dc638e7-mon.smithi062[112362]: audit
2023-11-15T06:25:49.443653+0000 mon.smithi062 (mon.0) 91 : audit [DBG] from='client.? 172.21.15.62:0/4226370220' entity='client.admin' cmd=[{"prefix": "mgr stat"}]: dispatch
2023-11-15T06:25:49.755 INFO:teuthology.orchestra.run.smithi062.stderr:Waiting for the mgr to restart...
2023-11-15T06:25:49.756 INFO:teuthology.orchestra.run.smithi062.stderr:Waiting for mgr epoch 13...
2023-11-15T06:25:49.756 INFO:teuthology.orchestra.run.smithi062.stderr:Running command: /bin/podman run --rm --ipc=host --no-hosts --net=host --entrypoint /usr/bin/ceph --init -e CONTAINER_IMAGE=docker.io/ceph/ceph:v16.2.4 -e NODE_NAME=smithi062 -e CEPH_USE_RANDOM_NONCE=1 -v /var/log/ceph/a3c2da76-837f-11ee-8dbe-212e2dc638e7:/var/log/ceph:z -v /tmp/ceph-tmptvq9ksio:/etc/ceph/ceph.client.admin.keyring:z -v /tmp/ceph-tmpf12kfgcg:/etc/ceph/ceph.conf:z docker.io/ceph/ceph:v16.2.4 tell mgr mgr_status
2023-11-15T06:25:50.123 INFO:teuthology.orchestra.run.smithi062.stderr:/usr/bin/ceph:
2023-11-15T06:25:50.120+0000 7f8339d3e700 1 Processor -- start
2023-11-15T06:25:50.123 INFO:teuthology.orchestra.run.smithi062.stderr:/usr/bin/ceph:
2023-11-15T06:25:50.120+0000 7f8339d3e700 1 -- start start
2023-11-15T06:25:50.123 INFO:teuthology.orchestra.run.smithi062.stderr:/usr/bin/ceph:
2023-11-15T06:25:50.120+0000 7f8339d3e700 1 --2- >> [v2:172.21.15.62:3300/0,v1:172.21.15.62:6789/0] conn(0x7f83340703b0 0x7f83340fe960 unknown :-1 s=NONE pgs=0 cs=0 l=0 rev1=0 rx=0 tx=0).connect
2023-11-15T06:25:50.124 INFO:teuthology.orchestra.run.smithi062.stderr:/usr/bin/ceph:
2023-11-15T06:25:50.120+0000 7f8339d3e700 1 -- --> [v2:172.21.15.62:3300/0,v1:172.21.15.62:6789/0] -- mon_getmap magic: 0 v1 -- 0x7f83340fee50 con 0x7f83340703b0
2023-11-15T06:25:50.124 INFO:teuthology.orchestra.run.smithi062.stderr:/usr/bin/ceph:
2023-11-15T06:25:50.120+0000 7f83337fe700 1 --2- >> [v2:172.21.15.62:3300/0,v1:172.21.15.62:6789/0] conn(0x7f83340703b0 0x7f83340fe960 unknown :-1 s=BANNER_CONNECTING pgs=0 cs=0 l=0 rev1=0 rx=0 tx=0)._handle_peer_banner_payload supported=1 required=0
2023-11-15T06:25:50.124 INFO:teuthology.orchestra.run.smithi062.stderr:/usr/bin/ceph:
2023-11-15T06:25:50.120+0000 7f83337fe700 1 --2- >> [v2:172.21.15.62:3300/0,v1:172.21.15.62:6789/0] conn(0x7f83340703b0 0x7f83340fe960 unknown :-1 s=HELLO_CONNECTING pgs=0 cs=0 l=0 rev1=1 rx=0 tx=0).handle_hello peer v2:172.21.15.62:3300/0 says I am v2:172.21.15.62:33432/0 (socket says 172.21.15.62:33432)
2023-11-15T06:25:50.124 INFO:teuthology.orchestra.run.smithi062.stderr:/usr/bin/ceph:
2023-11-15T06:25:50.120+0000 7f83337fe700 1 -- 172.21.15.62:0/323943808 learned_addr learned my addr 172.21.15.62:0/323943808 (peer_addr_for_me v2:172.21.15.62:0/0)
2023-11-15T06:25:50.124 INFO:teuthology.orchestra.run.smithi062.stderr:/usr/bin/ceph:
2023-11-15T06:25:50.120+0000 7f83337fe700 1 -- 172.21.15.62:0/323943808 --> [v2:172.21.15.62:3300/0,v1:172.21.15.62:6789/0] -- mon_subscribe({config=0+,monmap=0+}) v3 -- 0x7f83340fef90 con 0x7f83340703b0
2023-11-15T06:25:50.127 INFO:teuthology.orchestra.run.smithi062.stderr:/usr/bin/ceph:
2023-11-15T06:25:50.121+0000 7f83337fe700 1 --2- 172.21.15.62:0/323943808 >> [v2:172.21.15.62:3300/0,v1:172.21.15.62:6789/0] conn(0x7f83340703b0 0x7f83340fe960 secure :-1 s=READY pgs=74 cs=0 l=1 rev1=1 rx=0x7f832400b5f0 tx=0x7f8324006ee0).ready entity=mon.0 client_cookie=3f321f146a653d8c server_cookie=0 in_seq=0 out_seq=0
2023-11-15T06:25:50.128 INFO:teuthology.orchestra.run.smithi062.stderr:/usr/bin/ceph:
2023-11-15T06:25:50.121+0000 7f83327fc700 1 -- 172.21.15.62:0/323943808 <== mon.0 v2:172.21.15.62:3300/0 1 ==== mon_map magic: 0 v1 ==== 229+0+0 (secure 0 0 0) 0x7f832400d600 con 0x7f83340703b0
2023-11-15T06:25:50.128 INFO:teuthology.orchestra.run.smithi062.stderr:/usr/bin/ceph:
2023-11-15T06:25:50.121+0000 7f83327fc700 1 -- 172.21.15.62:0/323943808 <== mon.0 v2:172.21.15.62:3300/0 2 ==== config(25 keys) v1 ==== 1074+0+0 (secure 0 0 0) 0x7f832400dc10 con 0x7f83340703b0
2023-11-15T06:25:50.128 INFO:teuthology.orchestra.run.smithi062.stderr:/usr/bin/ceph:
2023-11-15T06:25:50.121+0000 7f83327fc700 1 -- 172.21.15.62:0/323943808 <== mon.0 v2:172.21.15.62:3300/0 3 ==== mon_map magic: 0 v1 ==== 229+0+0 (secure 0 0 0) 0x7f8324011cd0 con 0x7f83340703b0
2023-11-15T06:25:50.128 INFO:teuthology.orchestra.run.smithi062.stderr:/usr/bin/ceph:
2023-11-15T06:25:50.121+0000 7f8339d3e700 1 -- 172.21.15.62:0/323943808 >> [v2:172.21.15.62:3300/0,v1:172.21.15.62:6789/0] conn(0x7f83340703b0 msgr2=0x7f83340fe960 secure :-1 s=STATE_CONNECTION_ESTABLISHED l=1).mark_down
2023-11-15T06:25:50.129 INFO:teuthology.orchestra.run.smithi062.stderr:/usr/bin/ceph:
2023-11-15T06:25:50.121+0000 7f8339d3e700 1 --2- 172.21.15.62:0/323943808 >> [v2:172.21.15.62:3300/0,v1:172.21.15.62:6789/0] conn(0x7f83340703b0 0x7f83340fe960 secure :-1 s=READY pgs=74 cs=0 l=1 rev1=1 rx=0x7f832400b5f0 tx=0x7f8324006ee0).stop
2023-11-15T06:25:50.129 INFO:teuthology.orchestra.run.smithi062.stderr:/usr/bin/ceph:
2023-11-15T06:25:50.121+0000 7f8339d3e700 1 -- 172.21.15.62:0/323943808 shutdown_connections
2023-11-15T06:25:50.129 INFO:teuthology.orchestra.run.smithi062.stderr:/usr/bin/ceph:
2023-11-15T06:25:50.121+0000 7f8339d3e700 1 --2- 172.21.15.62:0/323943808 >> [v2:172.21.15.62:3300/0,v1:172.21.15.62:6789/0] conn(0x7f83340703b0 0x7f83340fe960 unknown :-1 s=CLOSED pgs=74 cs=0 l=1 rev1=1 rx=0 tx=0).stop
2023-11-15T06:25:50.129 INFO:teuthology.orchestra.run.smithi062.stderr:/usr/bin/ceph:
2023-11-15T06:25:50.121+0000 7f8339d3e700 1 -- 172.21.15.62:0/323943808 >> 172.21.15.62:0/323943808 conn(0x7f83340f63c0 msgr2=0x7f83340f87e0 unknown :-1 s=STATE_NONE l=0).mark_down
2023-11-15T06:25:50.129 INFO:teuthology.orchestra.run.smithi062.stderr:/usr/bin/ceph:
2023-11-15T06:25:50.121+0000 7f8339d3e700 1 -- 172.21.15.62:0/323943808 shutdown_connections
2023-11-15T06:25:50.129 INFO:teuthology.orchestra.run.smithi062.stderr:/usr/bin/ceph:
2023-11-15T06:25:50.121+0000 7f8339d3e700 1 -- 172.21.15.62:0/323943808 wait complete.
2023-11-15T06:25:50.130 INFO:teuthology.orchestra.run.smithi062.stderr:/usr/bin/ceph:
2023-11-15T06:25:50.122+0000 7f8339d3e700 1 Processor -- start
2023-11-15T06:25:50.130 INFO:teuthology.orchestra.run.smithi062.stderr:/usr/bin/ceph:
2023-11-15T06:25:50.122+0000 7f8339d3e700 1 -- start start
2023-11-15T06:25:50.130 INFO:teuthology.orchestra.run.smithi062.stderr:/usr/bin/ceph:
2023-11-15T06:25:50.123+0000 7f8339d3e700 1 --2- >> [v2:172.21.15.62:3300/0,v1:172.21.15.62:6789/0] conn(0x7f83340703b0 0x7f833410a9c0 unknown :-1 s=NONE pgs=0 cs=0 l=1 rev1=0 rx=0 tx=0).connect
2023-11-15T06:25:50.130 INFO:teuthology.orchestra.run.smithi062.stderr:/usr/bin/ceph:
2023-11-15T06:25:50.123+0000 7f8339d3e700 1 -- --> [v2:172.21.15.62:3300/0,v1:172.21.15.62:6789/0] -- mon_getmap magic: 0 v1 -- 0x7f833410aeb0 con 0x7f83340703b0
2023-11-15T06:25:50.130 INFO:teuthology.orchestra.run.smithi062.stderr:/usr/bin/ceph:
2023-11-15T06:25:50.123+0000 7f83337fe700 1 --2- >> [v2:172.21.15.62:3300/0,v1:172.21.15.62:6789/0] conn(0x7f83340703b0 0x7f833410a9c0 unknown :-1 s=BANNER_CONNECTING pgs=0 cs=0 l=1 rev1=0 rx=0 tx=0)._handle_peer_banner_payload supported=1 required=0
2023-11-15T06:25:50.131 INFO:teuthology.orchestra.run.smithi062.stderr:/usr/bin/ceph:
2023-11-15T06:25:50.123+0000 7f83337fe700 1 --2- >> [v2:172.21.15.62:3300/0,v1:172.21.15.62:6789/0] conn(0x7f83340703b0 0x7f833410a9c0 unknown :-1 s=HELLO_CONNECTING pgs=0 cs=0 l=1 rev1=1 rx=0 tx=0).handle_hello peer v2:172.21.15.62:3300/0 says I am v2:172.21.15.62:33444/0 (socket says 172.21.15.62:33444)
2023-11-15T06:25:50.131 INFO:teuthology.orchestra.run.smithi062.stderr:/usr/bin/ceph:
2023-11-15T06:25:50.123+0000 7f83337fe700 1 -- 172.21.15.62:0/274209466 learned_addr learned my addr 172.21.15.62:0/274209466 (peer_addr_for_me v2:172.21.15.62:0/0)
2023-11-15T06:25:50.131 INFO:teuthology.orchestra.run.smithi062.stderr:/usr/bin/ceph:
2023-11-15T06:25:50.123+0000 7f83337fe700 1 -- 172.21.15.62:0/274209466 --> [v2:172.21.15.62:3300/0,v1:172.21.15.62:6789/0] -- mon_subscribe({config=0+,monmap=0+}) v3 -- 0x7f832400b200 con 0x7f83340703b0
2023-11-15T06:25:50.131 INFO:teuthology.orchestra.run.smithi062.stderr:/usr/bin/ceph:
2023-11-15T06:25:50.123+0000 7f83337fe700 1 --2- 172.21.15.62:0/274209466 >> [v2:172.21.15.62:3300/0,v1:172.21.15.62:6789/0] conn(0x7f83340703b0 0x7f833410a9c0 secure :-1 s=READY pgs=75 cs=0 l=1 rev1=1 rx=0x7f832400b1d0 tx=0x7f8324006ee0).ready entity=mon.0 client_cookie=0 server_cookie=0 in_seq=0 out_seq=0
2023-11-15T06:25:50.131 INFO:teuthology.orchestra.run.smithi062.stderr:/usr/bin/ceph:
2023-11-15T06:25:50.123+0000 7f831bfff700 1 -- 172.21.15.62:0/274209466 <== mon.0 v2:172.21.15.62:3300/0 1 ==== mon_map magic: 0 v1 ==== 229+0+0 (secure 0 0 0) 0x7f8324011df0 con 0x7f83340703b0
2023-11-15T06:25:50.132 INFO:teuthology.orchestra.run.smithi062.stderr:/usr/bin/ceph:
2023-11-15T06:25:50.123+0000 7f8339d3e700 1 -- 172.21.15.62:0/274209466 --> [v2:172.21.15.62:3300/0,v1:172.21.15.62:6789/0] -- mon_subscribe({mgrmap=0+}) v3 -- 0x7f833410b0b0 con 0x7f83340703b0
2023-11-15T06:25:50.132 INFO:teuthology.orchestra.run.smithi062.stderr:/usr/bin/ceph:
2023-11-15T06:25:50.123+0000 7f831bfff700 1 -- 172.21.15.62:0/274209466 <== mon.0 v2:172.21.15.62:3300/0 2 ==== config(25 keys) v1 ==== 1074+0+0 (secure 0 0 0) 0x7f832401b8c0 con 0x7f83340703b0
2023-11-15T06:25:50.132 INFO:teuthology.orchestra.run.smithi062.stderr:/usr/bin/ceph:
2023-11-15T06:25:50.123+0000 7f831bfff700 1 -- 172.21.15.62:0/274209466 <== mon.0 v2:172.21.15.62:3300/0 3 ==== mon_map magic: 0 v1 ==== 229+0+0 (secure 0 0 0) 0x7f832401a8a0 con 0x7f83340703b0
2023-11-15T06:25:50.132 INFO:teuthology.orchestra.run.smithi062.stderr:/usr/bin/ceph:
2023-11-15T06:25:50.124+0000 7f8339d3e700 1 -- 172.21.15.62:0/274209466 --> [v2:172.21.15.62:3300/0,v1:172.21.15.62:6789/0] -- mon_subscribe({osdmap=0}) v3 -- 0x7f833410b4c0 con 0x7f83340703b0
2023-11-15T06:25:50.132 INFO:teuthology.orchestra.run.smithi062.stderr:/usr/bin/ceph:
2023-11-15T06:25:50.125+0000 7f831bfff700 1 -- 172.21.15.62:0/274209466 <== mon.0 v2:172.21.15.62:3300/0 4 ==== mgrmap(e 13) v1 ==== 36208+0+0 (secure 0 0 0) 0x7f832400f070 con 0x7f83340703b0
2023-11-15T06:25:50.133 INFO:teuthology.orchestra.run.smithi062.stderr:/usr/bin/ceph:
2023-11-15T06:25:50.125+0000 7f831bfff700 1 --2- 172.21.15.62:0/274209466 >> [v2:172.21.15.62:6800/1948381890,v1:172.21.15.62:6801/1948381890] conn(0x7f832002feb0 0x7f8320032370 unknown :-1 s=NONE pgs=0 cs=0 l=1 rev1=0 rx=0 tx=0).connect
2023-11-15T06:25:50.133 INFO:teuthology.orchestra.run.smithi062.stderr:/usr/bin/ceph:
2023-11-15T06:25:50.125+0000 7f8339d3e700 1 -- 172.21.15.62:0/274209466 --> [v2:172.21.15.62:6800/1948381890,v1:172.21.15.62:6801/1948381890] -- command(tid 0: {"prefix": "get_command_descriptions"}) v1 -- 0x7f8334059100 con 0x7f832002feb0
2023-11-15T06:25:50.133 INFO:teuthology.orchestra.run.smithi062.stderr:/usr/bin/ceph:
2023-11-15T06:25:50.125+0000 7f831bfff700 1 -- 172.21.15.62:0/274209466 <== mon.0 v2:172.21.15.62:3300/0 5 ==== osd_map(3..3 src has 1..3) v4 ==== 1098+0+0 (secure 0 0 0) 0x7f8324040c00 con 0x7f83340703b0
2023-11-15T06:25:50.133 INFO:teuthology.orchestra.run.smithi062.stderr:/usr/bin/ceph:
2023-11-15T06:25:50.125+0000 7f8332ffd700 1 -- 172.21.15.62:0/274209466 >> [v2:172.21.15.62:6800/1948381890,v1:172.21.15.62:6801/1948381890] conn(0x7f832002feb0 msgr2=0x7f8320032370 unknown :-1 s=STATE_CONNECTING_RE l=1).process reconnect failed to v2:172.21.15.62:6800/1948381890
2023-11-15T06:25:50.133 INFO:teuthology.orchestra.run.smithi062.stderr:/usr/bin/ceph:
2023-11-15T06:25:50.125+0000 7f8332ffd700 1 --2- 172.21.15.62:0/274209466 >> [v2:172.21.15.62:6800/1948381890,v1:172.21.15.62:6801/1948381890] conn(0x7f832002feb0 0x7f8320032370 unknown :-1 s=START_CONNECT pgs=0 cs=0 l=1 rev1=0 rx=0 tx=0)._fault waiting 0.200000
2023-11-15T06:25:50.328 INFO:teuthology.orchestra.run.smithi062.stderr:/usr/bin/ceph:
2023-11-15T06:25:50.326+0000 7f8332ffd700 1 -- 172.21.15.62:0/274209466 >> [v2:172.21.15.62:6800/1948381890,v1:172.21.15.62:6801/1948381890] conn(0x7f832002feb0 msgr2=0x7f8320032370 unknown :-1 s=STATE_CONNECTING_RE l=1).process reconnect failed to v2:172.21.15.62:6800/1948381890
2023-11-15T06:25:50.329 INFO:teuthology.orchestra.run.smithi062.stderr:/usr/bin/ceph:
2023-11-15T06:25:50.326+0000 7f8332ffd700 1 --2- 172.21.15.62:0/274209466 >> [v2:172.21.15.62:6800/1948381890,v1:172.21.15.62:6801/1948381890] conn(0x7f832002feb0 0x7f8320032370 unknown :-1 s=START_CONNECT pgs=0 cs=0 l=1 rev1=0 rx=0 tx=0)._fault waiting 0.400000
2023-11-15T06:25:50.729 INFO:teuthology.orchestra.run.smithi062.stderr:/usr/bin/ceph:
2023-11-15T06:25:50.727+0000 7f8332ffd700 1 -- 172.21.15.62:0/274209466 >> [v2:172.21.15.62:6800/1948381890,v1:172.21.15.62:6801/1948381890] conn(0x7f832002feb0 msgr2=0x7f8320032370 unknown :-1 s=STATE_CONNECTING_RE l=1).process reconnect failed to v2:172.21.15.62:6800/1948381890
2023-11-15T06:25:50.730 INFO:teuthology.orchestra.run.smithi062.stderr:/usr/bin/ceph:
2023-11-15T06:25:50.727+0000 7f8332ffd700 1 --2- 172.21.15.62:0/274209466 >> [v2:172.21.15.62:6800/1948381890,v1:172.21.15.62:6801/1948381890] conn(0x7f832002feb0 0x7f8320032370 unknown :-1 s=START_CONNECT pgs=0 cs=0 l=1 rev1=0 rx=0 tx=0)._fault waiting 0.800000
2023-11-15T06:25:51.530 INFO:teuthology.orchestra.run.smithi062.stderr:/usr/bin/ceph:
2023-11-15T06:25:51.528+0000 7f8332ffd700 1 -- 172.21.15.62:0/274209466 >> [v2:172.21.15.62:6800/1948381890,v1:172.21.15.62:6801/1948381890] conn(0x7f832002feb0 msgr2=0x7f8320032370 unknown :-1 s=STATE_CONNECTING_RE l=1).process reconnect failed to v2:172.21.15.62:6800/1948381890
2023-11-15T06:25:51.531 INFO:teuthology.orchestra.run.smithi062.stderr:/usr/bin/ceph:
2023-11-15T06:25:51.528+0000 7f8332ffd700 1 --2- 172.21.15.62:0/274209466 >> [v2:172.21.15.62:6800/1948381890,v1:172.21.15.62:6801/1948381890] conn(0x7f832002feb0 0x7f8320032370 unknown :-1 s=START_CONNECT pgs=0 cs=0 l=1 rev1=0 rx=0 tx=0)._fault waiting 1.600000
2023-11-15T06:25:53.132 INFO:teuthology.orchestra.run.smithi062.stderr:/usr/bin/ceph:
2023-11-15T06:25:53.129+0000 7f8332ffd700 1 -- 172.21.15.62:0/274209466 >> [v2:172.21.15.62:6800/1948381890,v1:172.21.15.62:6801/1948381890] conn(0x7f832002feb0 msgr2=0x7f8320032370 unknown :-1 s=STATE_CONNECTING_RE l=1).process reconnect failed to v2:172.21.15.62:6800/1948381890
2023-11-15T06:25:53.132 INFO:teuthology.orchestra.run.smithi062.stderr:/usr/bin/ceph:
2023-11-15T06:25:53.129+0000 7f8332ffd700 1 --2- 172.21.15.62:0/274209466 >> [v2:172.21.15.62:6800/1948381890,v1:172.21.15.62:6801/1948381890] conn(0x7f832002feb0 0x7f8320032370 unknown :-1 s=START_CONNECT pgs=0 cs=0 l=1 rev1=0 rx=0 tx=0)._fault waiting 3.200000
2023-11-15T06:25:53.776 INFO:teuthology.orchestra.run.smithi062.stderr:/usr/bin/ceph:
2023-11-15T06:25:53.773+0000 7f831bfff700 1 -- 172.21.15.62:0/274209466 <== mon.0 v2:172.21.15.62:3300/0 6 ==== mgrmap(e 14) v1 ==== 35997+0+0 (secure 0 0 0) 0x7f832401ab60 con 0x7f83340703b0
2023-11-15T06:25:53.777 INFO:teuthology.orchestra.run.smithi062.stderr:/usr/bin/ceph:
2023-11-15T06:25:53.773+0000 7f831bfff700 1 -- 172.21.15.62:0/274209466 >> [v2:172.21.15.62:6800/1948381890,v1:172.21.15.62:6801/1948381890] conn(0x7f832002feb0 msgr2=0x7f8320032370 unknown :-1 s=STATE_CONNECTING l=1).mark_down
2023-11-15T06:25:53.777 INFO:teuthology.orchestra.run.smithi062.stderr:/usr/bin/ceph:
2023-11-15T06:25:53.773+0000 7f831bfff700 1 --2- 172.21.15.62:0/274209466 >> [v2:172.21.15.62:6800/1948381890,v1:172.21.15.62:6801/1948381890] conn(0x7f832002feb0 0x7f8320032370 unknown :-1 s=START_CONNECT pgs=0 cs=0 l=1 rev1=0 rx=0 tx=0).stop
2023-11-15T06:25:53.915 INFO:journalctl@ceph.mon.smithi062.smithi062.stdout:Nov 15 06:25:53 smithi062 ceph-a3c2da76-837f-11ee-8dbe-212e2dc638e7-mon.smithi062[112362]: cluster
2023-11-15T06:25:53.722418+0000 mon.smithi062 (mon.0) 92 : cluster [INF] Active manager daemon smithi062.rwurtk restarted
2023-11-15T06:25:53.916 INFO:journalctl@ceph.mon.smithi062.smithi062.stdout:Nov 15 06:25:53 smithi062 ceph-a3c2da76-837f-11ee-8dbe-212e2dc638e7-mon.smithi062[112362]: cluster
2023-11-15T06:25:53.722799+0000 mon.smithi062 (mon.0) 93 : cluster [INF] Activating manager daemon smithi062.rwurtk
2023-11-15T06:25:53.916 INFO:journalctl@ceph.mon.smithi062.smithi062.stdout:Nov 15 06:25:53 smithi062 ceph-a3c2da76-837f-11ee-8dbe-212e2dc638e7-mon.smithi062[112362]: cluster
2023-11-15T06:25:53.724963+0000 mon.smithi062 (mon.0) 94 : cluster [DBG] osdmap e4: 0 total, 0 up, 0 in
2023-11-15T06:25:54.780 INFO:teuthology.orchestra.run.smithi062.stderr:/usr/bin/ceph:
2023-11-15T06:25:54.779+0000 7f831bfff700 1 -- 172.21.15.62:0/274209466 <== mon.0 v2:172.21.15.62:3300/0 7 ==== mgrmap(e 15) v1 ==== 36067+0+0 (secure 0 0 0) 0x7f8324041f00 con 0x7f83340703b0
2023-11-15T06:25:54.781 INFO:teuthology.orchestra.run.smithi062.stderr:/usr/bin/ceph:
2023-11-15T06:25:54.779+0000 7f831bfff700 1 --2- 172.21.15.62:0/274209466 >> [v2:172.21.15.62:6800/2759863993,v1:172.21.15.62:6801/2759863993] conn(0x7f8320033990 0x7f8320035d80 unknown :-1 s=NONE pgs=0 cs=0 l=1 rev1=0 rx=0 tx=0).connect
2023-11-15T06:25:54.781 INFO:teuthology.orchestra.run.smithi062.stderr:/usr/bin/ceph:
2023-11-15T06:25:54.779+0000 7f831bfff700 1 -- 172.21.15.62:0/274209466 --> [v2:172.21.15.62:6800/2759863993,v1:172.21.15.62:6801/2759863993] -- command(tid 0: {"prefix": "get_command_descriptions"}) v1 -- 0x7f8334059100 con 0x7f8320033990
2023-11-15T06:25:54.781 INFO:teuthology.orchestra.run.smithi062.stderr:/usr/bin/ceph:
2023-11-15T06:25:54.779+0000 7f8332ffd700 1 --2- 172.21.15.62:0/274209466 >> [v2:172.21.15.62:6800/2759863993,v1:172.21.15.62:6801/2759863993] conn(0x7f8320033990 0x7f8320035d80 unknown :-1 s=BANNER_CONNECTING pgs=0 cs=0 l=1 rev1=0 rx=0 tx=0)._handle_peer_banner_payload supported=1 required=0
2023-11-15T06:25:54.781 INFO:teuthology.orchestra.run.smithi062.stderr:/usr/bin/ceph:
2023-11-15T06:25:54.780+0000 7f8332ffd700 1 --2- 172.21.15.62:0/274209466 >> [v2:172.21.15.62:6800/2759863993,v1:172.21.15.62:6801/2759863993] conn(0x7f8320033990 0x7f8320035d80 secure :-1 s=READY pgs=1 cs=0 l=1 rev1=1 rx=0x7f8328006fd0 tx=0x7f8328006cf0).ready entity=mgr.14164 client_cookie=0 server_cookie=0 in_seq=0 out_seq=0
2023-11-15T06:25:54.782 INFO:teuthology.orchestra.run.smithi062.stderr:/usr/bin/ceph:
2023-11-15T06:25:54.780+0000 7f831bfff700 1 -- 172.21.15.62:0/274209466 <== mgr.14164 v2:172.21.15.62:6800/2759863993 1 ==== command_reply(tid 0: 0 ) v1 ==== 8+0+6438 (secure 0 0 0) 0x7f8334059100 con 0x7f8320033990
2023-11-15T06:25:54.790 INFO:teuthology.orchestra.run.smithi062.stderr:/usr/bin/ceph:
2023-11-15T06:25:54.787+0000 7f8339d3e700 1 -- 172.21.15.62:0/274209466 --> [v2:172.21.15.62:6800/2759863993,v1:172.21.15.62:6801/2759863993] -- command(tid 1: {"prefix": "mgr_status"}) v1 -- 0x7f8334045ad0 con 0x7f8320033990
2023-11-15T06:25:54.790 INFO:teuthology.orchestra.run.smithi062.stderr:/usr/bin/ceph:
2023-11-15T06:25:54.787+0000 7f831bfff700 1 -- 172.21.15.62:0/274209466 <== mgr.14164 v2:172.21.15.62:6800/2759863993 2 ==== command_reply(tid 1: 0 ) v1 ==== 8+0+52 (secure 0 0 0) 0x7f8334045ad0 con 0x7f8320033990
2023-11-15T06:25:54.790 INFO:teuthology.orchestra.run.smithi062.stderr:/usr/bin/ceph: {
2023-11-15T06:25:54.791 INFO:teuthology.orchestra.run.smithi062.stderr:/usr/bin/ceph: "mgrmap_epoch": 15,
2023-11-15T06:25:54.791 INFO:teuthology.orchestra.run.smithi062.stderr:/usr/bin/ceph: "initialized": true
2023-11-15T06:25:54.791 INFO:teuthology.orchestra.run.smithi062.stderr:/usr/bin/ceph: }
2023-11-15T06:25:54.791 INFO:teuthology.orchestra.run.smithi062.stderr:/usr/bin/ceph:
2023-11-15T06:25:54.788+0000 7f8339d3e700 1 -- 172.21.15.62:0/274209466 >> [v2:172.21.15.62:6800/2759863993,v1:172.21.15.62:6801/2759863993] conn(0x7f8320033990 msgr2=0x7f8320035d80 secure :-1 s=STATE_CONNECTION_ESTABLISHED l=1).mark_down
2023-11-15T06:25:54.791 INFO:teuthology.orchestra.run.smithi062.stderr:/usr/bin/ceph:
2023-11-15T06:25:54.788+0000 7f8339d3e700 1 --2- 172.21.15.62:0/274209466 >> [v2:172.21.15.62:6800/2759863993,v1:172.21.15.62:6801/2759863993] conn(0x7f8320033990 0x7f8320035d80 secure :-1 s=READY pgs=1 cs=0 l=1 rev1=1 rx=0x7f8328006fd0 tx=0x7f8328006cf0).stop
2023-11-15T06:25:54.792 INFO:teuthology.orchestra.run.smithi062.stderr:/usr/bin/ceph:
2023-11-15T06:25:54.788+0000 7f8339d3e700 1 -- 172.21.15.62:0/274209466 >> [v2:172.21.15.62:3300/0,v1:172.21.15.62:6789/0] conn(0x7f83340703b0 msgr2=0x7f833410a9c0 secure :-1 s=STATE_CONNECTION_ESTABLISHED l=1).mark_down
2023-11-15T06:25:54.792 INFO:teuthology.orchestra.run.smithi062.stderr:/usr/bin/ceph:
2023-11-15T06:25:54.788+0000 7f8339d3e700 1 --2- 172.21.15.62:0/274209466 >> [v2:172.21.15.62:3300/0,v1:172.21.15.62:6789/0] conn(0x7f83340703b0 0x7f833410a9c0 secure :-1 s=READY pgs=75 cs=0 l=1 rev1=1 rx=0x7f832400b1d0 tx=0x7f8324006ee0).stop
2023-11-15T06:25:54.792 INFO:teuthology.orchestra.run.smithi062.stderr:/usr/bin/ceph:
2023-11-15T06:25:54.788+0000 7f8339d3e700 1 -- 172.21.15.62:0/274209466 shutdown_connections
2023-11-15T06:25:54.792 INFO:teuthology.orchestra.run.smithi062.stderr:/usr/bin/ceph:
2023-11-15T06:25:54.788+0000 7f8339d3e700 1 --2- 172.21.15.62:0/274209466 >> [v2:172.21.15.62:6800/2759863993,v1:172.21.15.62:6801/2759863993] conn(0x7f8320033990 0x7f8320035d80 unknown :-1 s=CLOSED pgs=1 cs=0 l=1 rev1=1 rx=0 tx=0).stop
2023-11-15T06:25:54.793 INFO:teuthology.orchestra.run.smithi062.stderr:/usr/bin/ceph:
2023-11-15T06:25:54.788+0000 7f8339d3e700 1 --2- 172.21.15.62:0/274209466 >> [v2:172.21.15.62:3300/0,v1:172.21.15.62:6789/0] conn(0x7f83340703b0 0x7f833410a9c0 unknown :-1 s=CLOSED pgs=75 cs=0 l=1 rev1=1 rx=0 tx=0).stop
2023-11-15T06:25:54.793 INFO:teuthology.orchestra.run.smithi062.stderr:/usr/bin/ceph:
2023-11-15T06:25:54.788+0000 7f8339d3e700 1 --2- 172.21.15.62:0/274209466 >> [v2:172.21.15.62:6800/1948381890,v1:172.21.15.62:6801/1948381890] conn(0x7f832002feb0 0x7f8320032370 unknown :-1 s=CLOSED pgs=0 cs=0 l=1 rev1=0 rx=0 tx=0).stop
2023-11-15T06:25:54.793 INFO:teuthology.orchestra.run.smithi062.stderr:/usr/bin/ceph:
2023-11-15T06:25:54.788+0000 7f8339d3e700 1 -- 172.21.15.62:0/274209466 >> 172.21.15.62:0/274209466 conn(0x7f83340f63c0 msgr2=0x7f83340f7ed0 unknown :-1 s=STATE_NONE l=0).mark_down
2023-11-15T06:25:54.794 INFO:teuthology.orchestra.run.smithi062.stderr:/usr/bin/ceph:
2023-11-15T06:25:54.788+0000 7f8339d3e700 1 -- 172.21.15.62:0/274209466 shutdown_connections
2023-11-15T06:25:54.794 INFO:teuthology.orchestra.run.smithi062.stderr:/usr/bin/ceph:
2023-11-15T06:25:54.788+0000 7f8339d3e700 1 -- 172.21.15.62:0/274209466 wait complete.
2023-11-15T06:25:54.918 INFO:journalctl@ceph.mon.smithi062.smithi062.stdout:Nov 15 06:25:54 smithi062 ceph-a3c2da76-837f-11ee-8dbe-212e2dc638e7-mon.smithi062[112362]: cluster
2023-11-15T06:25:53.775634+0000 mon.smithi062 (mon.0) 95 : cluster [DBG] mgrmap e14: smithi062.rwurtk(active, starting, since 0.0529241s)
2023-11-15T06:25:54.918 INFO:journalctl@ceph.mon.smithi062.smithi062.stdout:Nov 15 06:25:54 smithi062 ceph-a3c2da76-837f-11ee-8dbe-212e2dc638e7-mon.smithi062[112362]: audit
2023-11-15T06:25:53.779108+0000 mon.smithi062 (mon.0) 96 : audit [DBG] from='mgr.14164 172.21.15.62:0/147479783' entity='mgr.smithi062.rwurtk' cmd=[{"prefix": "mon metadata", "id": "smithi062"}]: dispatch
2023-11-15T06:25:54.918 INFO:journalctl@ceph.mon.smithi062.smithi062.stdout:Nov 15 06:25:54 smithi062 ceph-a3c2da76-837f-11ee-8dbe-212e2dc638e7-mon.smithi062[112362]: audit
2023-11-15T06:25:53.779312+0000 mon.smithi062 (mon.0) 97 : audit [DBG] from='mgr.14164 172.21.15.62:0/147479783' entity='mgr.smithi062.rwurtk' cmd=[{"prefix": "mgr metadata", "who": "smithi062.rwurtk", "id": "smithi062.rwurtk"}]: dispatch
2023-11-15T06:25:54.919 INFO:journalctl@ceph.mon.smithi062.smithi062.stdout:Nov 15 06:25:54 smithi062 ceph-a3c2da76-837f-11ee-8dbe-212e2dc638e7-mon.smithi062[112362]: audit
2023-11-15T06:25:53.779496+0000 mon.smithi062 (mon.0) 98 : audit [DBG] from='mgr.14164 172.21.15.62:0/147479783' entity='mgr.smithi062.rwurtk' cmd=[{"prefix": "mds metadata"}]: dispatch
2023-11-15T06:25:54.919 INFO:journalctl@ceph.mon.smithi062.smithi062.stdout:Nov 15 06:25:54 smithi062 ceph-a3c2da76-837f-11ee-8dbe-212e2dc638e7-mon.smithi062[112362]: audit
2023-11-15T06:25:53.779641+0000 mon.smithi062 (mon.0) 99 : audit [DBG] from='mgr.14164 172.21.15.62:0/147479783' entity='mgr.smithi062.rwurtk' cmd=[{"prefix": "osd metadata"}]: dispatch
2023-11-15T06:25:54.919 INFO:journalctl@ceph.mon.smithi062.smithi062.stdout:Nov 15 06:25:54 smithi062 ceph-a3c2da76-837f-11ee-8dbe-212e2dc638e7-mon.smithi062[112362]: audit
2023-11-15T06:25:53.779760+0000 mon.smithi062 (mon.0) 100 : audit [DBG] from='mgr.14164 172.21.15.62:0/147479783' entity='mgr.smithi062.rwurtk' cmd=[{"prefix": "mon metadata"}]: dispatch
2023-11-15T06:25:54.919 INFO:journalctl@ceph.mon.smithi062.smithi062.stdout:Nov 15 06:25:54 smithi062 ceph-a3c2da76-837f-11ee-8dbe-212e2dc638e7-mon.smithi062[112362]: cluster
2023-11-15T06:25:53.781626+0000 mon.smithi062 (mon.0) 101 : cluster [INF] Manager daemon smithi062.rwurtk is now available
2023-11-15T06:25:54.919 INFO:journalctl@ceph.mon.smithi062.smithi062.stdout:Nov 15 06:25:54 smithi062 ceph-a3c2da76-837f-11ee-8dbe-212e2dc638e7-mon.smithi062[112362]: audit
2023-11-15T06:25:53.885934+0000 mon.smithi062 (mon.0) 102 : audit [DBG] from='mgr.14164 172.21.15.62:0/147479783' entity='mgr.smithi062.rwurtk' cmd=[{"prefix": "config dump", "format": "json"}]: dispatch
2023-11-15T06:25:54.920 INFO:journalctl@ceph.mon.smithi062.smithi062.stdout:Nov 15 06:25:54 smithi062 ceph-a3c2da76-837f-11ee-8dbe-212e2dc638e7-mon.smithi062[112362]: audit
2023-11-15T06:25:53.887491+0000 mon.smithi062 (mon.0) 103 : audit [DBG] from='mgr.14164 172.21.15.62:0/147479783' entity='mgr.smithi062.rwurtk' cmd=[{"prefix": "config dump", "format": "json"}]: dispatch
2023-11-15T06:25:54.920 INFO:journalctl@ceph.mon.smithi062.smithi062.stdout:Nov 15 06:25:54 smithi062 ceph-a3c2da76-837f-11ee-8dbe-212e2dc638e7-mon.smithi062[112362]: audit
2023-11-15T06:25:53.911980+0000 mon.smithi062 (mon.0) 104 : audit [INF] from='mgr.14164 172.21.15.62:0/147479783' entity='mgr.smithi062.rwurtk' cmd=[{"prefix":"config rm","who":"mgr","name":"mgr/rbd_support/smithi062.rwurtk/mirror_snapshot_schedule"}]: dispatch
2023-11-15T06:25:54.920 INFO:journalctl@ceph.mon.smithi062.smithi062.stdout:Nov 15 06:25:54 smithi062 ceph-a3c2da76-837f-11ee-8dbe-212e2dc638e7-mon.smithi062[112362]: audit
2023-11-15T06:25:53.915185+0000 mon.smithi062 (mon.0) 105 : audit [INF] from='mgr.14164 172.21.15.62:0/147479783' entity='mgr.smithi062.rwurtk' cmd=[{"prefix":"config rm","who":"mgr","name":"mgr/rbd_support/smithi062.rwurtk/trash_purge_schedule"}]: dispatch
2023-11-15T06:25:54.920 INFO:journalctl@ceph.mon.smithi062.smithi062.stdout:Nov 15 06:25:54 smithi062 ceph-a3c2da76-837f-11ee-8dbe-212e2dc638e7-mon.smithi062[112362]: audit
2023-11-15T06:25:54.727037+0000 mon.smithi062 (mon.0) 106 : audit [INF] from='mgr.14164 172.21.15.62:0/147479783' entity='mgr.smithi062.rwurtk'
2023-11-15T06:25:55.181 INFO:teuthology.orchestra.run.smithi062.stderr:mgr epoch 13 is available
2023-11-15T06:25:55.181 INFO:teuthology.orchestra.run.smithi062.stderr:Generating a dashboard self-signed certificate...
2023-11-15T06:25:55.182 INFO:teuthology.orchestra.run.smithi062.stderr:Running command: /bin/podman run --rm --ipc=host --no-hosts --net=host --entrypoint /usr/bin/ceph --init -e CONTAINER_IMAGE=docker.io/ceph/ceph:v16.2.4 -e NODE_NAME=smithi062 -e CEPH_USE_RANDOM_NONCE=1 -v /var/log/ceph/a3c2da76-837f-11ee-8dbe-212e2dc638e7:/var/log/ceph:z -v /tmp/ceph-tmptvq9ksio:/etc/ceph/ceph.client.admin.keyring:z -v /tmp/ceph-tmpf12kfgcg:/etc/ceph/ceph.conf:z docker.io/ceph/ceph:v16.2.4 dashboard create-self-signed-cert
2023-11-15T06:25:55.690 INFO:teuthology.orchestra.run.smithi062.stderr:/usr/bin/ceph:
2023-11-15T06:25:55.687+0000 7f33cf59e700 1 Processor -- start
2023-11-15T06:25:55.690 INFO:teuthology.orchestra.run.smithi062.stderr:/usr/bin/ceph:
2023-11-15T06:25:55.687+0000 7f33cf59e700 1 -- start start
2023-11-15T06:25:55.690 INFO:teuthology.orchestra.run.smithi062.stderr:/usr/bin/ceph:
2023-11-15T06:25:55.687+0000 7f33cf59e700 1 --2- >> [v2:172.21.15.62:3300/0,v1:172.21.15.62:6789/0] conn(0x7f33d0070420 0x7f33d0100bd0 unknown :-1 s=NONE pgs=0 cs=0 l=0 rev1=0 rx=0 tx=0).connect
2023-11-15T06:25:55.691 INFO:teuthology.orchestra.run.smithi062.stderr:/usr/bin/ceph:
2023-11-15T06:25:55.687+0000 7f33cf59e700 1 -- --> [v2:172.21.15.62:3300/0,v1:172.21.15.62:6789/0] -- mon_getmap magic: 0 v1 -- 0x7f33d00fc5c0 con 0x7f33d0070420
2023-11-15T06:25:55.691 INFO:teuthology.orchestra.run.smithi062.stderr:/usr/bin/ceph:
2023-11-15T06:25:55.688+0000 7f33ce59c700 1 --2- >> [v2:172.21.15.62:3300/0,v1:172.21.15.62:6789/0] conn(0x7f33d0070420 0x7f33d0100bd0 unknown :-1 s=BANNER_CONNECTING pgs=0 cs=0 l=0 rev1=0 rx=0 tx=0)._handle_peer_banner_payload supported=1 required=0
2023-11-15T06:25:55.691 INFO:teuthology.orchestra.run.smithi062.stderr:/usr/bin/ceph:
2023-11-15T06:25:55.688+0000 7f33ce59c700 1 --2- >> [v2:172.21.15.62:3300/0,v1:172.21.15.62:6789/0] conn(0x7f33d0070420 0x7f33d0100bd0 unknown :-1 s=HELLO_CONNECTING pgs=0 cs=0 l=0 rev1=1 rx=0 tx=0).handle_hello peer v2:172.21.15.62:3300/0 says I am v2:172.21.15.62:33484/0 (socket says 172.21.15.62:33484)
2023-11-15T06:25:55.691 INFO:teuthology.orchestra.run.smithi062.stderr:/usr/bin/ceph:
2023-11-15T06:25:55.688+0000 7f33ce59c700 1 -- 172.21.15.62:0/2524631524 learned_addr learned my addr 172.21.15.62:0/2524631524 (peer_addr_for_me v2:172.21.15.62:0/0)
2023-11-15T06:25:55.691 INFO:teuthology.orchestra.run.smithi062.stderr:/usr/bin/ceph:
2023-11-15T06:25:55.688+0000 7f33ce59c700 1 -- 172.21.15.62:0/2524631524 --> [v2:172.21.15.62:3300/0,v1:172.21.15.62:6789/0] -- mon_subscribe({config=0+,monmap=0+}) v3 -- 0x7f33d01010c0 con 0x7f33d0070420
2023-11-15T06:25:55.692 INFO:teuthology.orchestra.run.smithi062.stderr:/usr/bin/ceph:
2023-11-15T06:25:55.688+0000 7f33ce59c700 1 --2- 172.21.15.62:0/2524631524 >> [v2:172.21.15.62:3300/0,v1:172.21.15.62:6789/0] conn(0x7f33d0070420 0x7f33d0100bd0 secure :-1 s=READY pgs=81 cs=0 l=1 rev1=1 rx=0x7f33c0009960 tx=0x7f33c00092d0).ready entity=mon.0 client_cookie=3db15c1a1766f1be server_cookie=0 in_seq=0 out_seq=0
2023-11-15T06:25:55.692 INFO:teuthology.orchestra.run.smithi062.stderr:/usr/bin/ceph:
2023-11-15T06:25:55.688+0000 7f33cd59a700 1 -- 172.21.15.62:0/2524631524 <== mon.0 v2:172.21.15.62:3300/0 1 ==== mon_map magic: 0 v1 ==== 229+0+0 (secure 0 0 0) 0x7f33c000b9c0 con 0x7f33d0070420
2023-11-15T06:25:55.692 INFO:teuthology.orchestra.run.smithi062.stderr:/usr/bin/ceph:
2023-11-15T06:25:55.688+0000 7f33cd59a700 1 -- 172.21.15.62:0/2524631524 <== mon.0 v2:172.21.15.62:3300/0 2 ==== config(25 keys) v1 ==== 1074+0+0 (secure 0 0 0) 0x7f33c0011400 con 0x7f33d0070420
2023-11-15T06:25:55.692 INFO:teuthology.orchestra.run.smithi062.stderr:/usr/bin/ceph:
2023-11-15T06:25:55.688+0000 7f33cd59a700 1 -- 172.21.15.62:0/2524631524 <== mon.0 v2:172.21.15.62:3300/0 3 ==== mon_map magic: 0 v1 ==== 229+0+0 (secure 0 0 0) 0x7f33c0010580 con 0x7f33d0070420
2023-11-15T06:25:55.692 INFO:teuthology.orchestra.run.smithi062.stderr:/usr/bin/ceph:
2023-11-15T06:25:55.689+0000 7f33cf59e700 1 -- 172.21.15.62:0/2524631524 >> [v2:172.21.15.62:3300/0,v1:172.21.15.62:6789/0] conn(0x7f33d0070420 msgr2=0x7f33d0100bd0 secure :-1 s=STATE_CONNECTION_ESTABLISHED l=1).mark_down
2023-11-15T06:25:55.693 INFO:teuthology.orchestra.run.smithi062.stderr:/usr/bin/ceph:
2023-11-15T06:25:55.689+0000 7f33cf59e700 1 --2- 172.21.15.62:0/2524631524 >> [v2:172.21.15.62:3300/0,v1:172.21.15.62:6789/0] conn(0x7f33d0070420 0x7f33d0100bd0 secure :-1 s=READY pgs=81 cs=0 l=1 rev1=1 rx=0x7f33c0009960 tx=0x7f33c00092d0).stop
2023-11-15T06:25:55.695 INFO:teuthology.orchestra.run.smithi062.stderr:/usr/bin/ceph:
2023-11-15T06:25:55.689+0000 7f33cf59e700 1 -- 172.21.15.62:0/2524631524 shutdown_connections
2023-11-15T06:25:55.695 INFO:teuthology.orchestra.run.smithi062.stderr:/usr/bin/ceph:
2023-11-15T06:25:55.689+0000 7f33cf59e700 1 --2- 172.21.15.62:0/2524631524 >> [v2:172.21.15.62:3300/0,v1:172.21.15.62:6789/0] conn(0x7f33d0070420 0x7f33d0100bd0 unknown :-1 s=CLOSED pgs=81 cs=0 l=1 rev1=1 rx=0 tx=0).stop
2023-11-15T06:25:55.695 INFO:teuthology.orchestra.run.smithi062.stderr:/usr/bin/ceph:
2023-11-15T06:25:55.689+0000 7f33cf59e700 1 -- 172.21.15.62:0/2524631524 >> 172.21.15.62:0/2524631524 conn(0x7f33d00f6250 msgr2=0x7f33d00f8670 unknown :-1 s=STATE_NONE l=0).mark_down
2023-11-15T06:25:55.695 INFO:teuthology.orchestra.run.smithi062.stderr:/usr/bin/ceph:
2023-11-15T06:25:55.689+0000 7f33cf59e700 1 -- 172.21.15.62:0/2524631524 shutdown_connections
2023-11-15T06:25:55.696 INFO:teuthology.orchestra.run.smithi062.stderr:/usr/bin/ceph:
2023-11-15T06:25:55.689+0000 7f33cf59e700 1 -- 172.21.15.62:0/2524631524 wait complete.
2023-11-15T06:25:55.696 INFO:teuthology.orchestra.run.smithi062.stderr:/usr/bin/ceph:
2023-11-15T06:25:55.689+0000 7f33cf59e700 1 Processor -- start
2023-11-15T06:25:55.696 INFO:teuthology.orchestra.run.smithi062.stderr:/usr/bin/ceph:
2023-11-15T06:25:55.690+0000 7f33cf59e700 1 -- start start
2023-11-15T06:25:55.696 INFO:teuthology.orchestra.run.smithi062.stderr:/usr/bin/ceph:
2023-11-15T06:25:55.690+0000 7f33cf59e700 1 --2- >> [v2:172.21.15.62:3300/0,v1:172.21.15.62:6789/0] conn(0x7f33d0070420 0x7f33d010caf0 unknown :-1 s=NONE pgs=0 cs=0 l=1 rev1=0 rx=0 tx=0).connect
2023-11-15T06:25:55.696 INFO:teuthology.orchestra.run.smithi062.stderr:/usr/bin/ceph:
2023-11-15T06:25:55.690+0000 7f33cf59e700 1 -- --> [v2:172.21.15.62:3300/0,v1:172.21.15.62:6789/0] -- mon_getmap magic: 0 v1 -- 0x7f33d010cfe0 con 0x7f33d0070420
2023-11-15T06:25:55.697 INFO:teuthology.orchestra.run.smithi062.stderr:/usr/bin/ceph:
2023-11-15T06:25:55.690+0000 7f33ce59c700 1 --2- >> [v2:172.21.15.62:3300/0,v1:172.21.15.62:6789/0] conn(0x7f33d0070420 0x7f33d010caf0 unknown :-1 s=BANNER_CONNECTING pgs=0 cs=0 l=1 rev1=0 rx=0 tx=0)._handle_peer_banner_payload supported=1 required=0
2023-11-15T06:25:55.697 INFO:teuthology.orchestra.run.smithi062.stderr:/usr/bin/ceph:
2023-11-15T06:25:55.690+0000 7f33ce59c700 1 --2- >> [v2:172.21.15.62:3300/0,v1:172.21.15.62:6789/0] conn(0x7f33d0070420 0x7f33d010caf0 unknown :-1 s=HELLO_CONNECTING pgs=0 cs=0 l=1 rev1=1 rx=0 tx=0).handle_hello peer v2:172.21.15.62:3300/0 says I am v2:172.21.15.62:33486/0 (socket says 172.21.15.62:33486)
2023-11-15T06:25:55.697 INFO:teuthology.orchestra.run.smithi062.stderr:/usr/bin/ceph:
2023-11-15T06:25:55.690+0000 7f33ce59c700 1 -- 172.21.15.62:0/1823088629 learned_addr learned my addr 172.21.15.62:0/1823088629 (peer_addr_for_me v2:172.21.15.62:0/0)
2023-11-15T06:25:55.697 INFO:teuthology.orchestra.run.smithi062.stderr:/usr/bin/ceph:
2023-11-15T06:25:55.690+0000 7f33ce59c700 1 -- 172.21.15.62:0/1823088629 --> [v2:172.21.15.62:3300/0,v1:172.21.15.62:6789/0] -- mon_subscribe({config=0+,monmap=0+}) v3 -- 0x7f33c0009570 con 0x7f33d0070420
2023-11-15T06:25:55.697 INFO:teuthology.orchestra.run.smithi062.stderr:/usr/bin/ceph:
2023-11-15T06:25:55.690+0000 7f33ce59c700 1 --2- 172.21.15.62:0/1823088629 >> [v2:172.21.15.62:3300/0,v1:172.21.15.62:6789/0] conn(0x7f33d0070420 0x7f33d010caf0 secure :-1 s=READY pgs=82 cs=0 l=1 rev1=1 rx=0x7f33c000ba90 tx=0x7f33c00092d0).ready entity=mon.0 client_cookie=0 server_cookie=0 in_seq=0 out_seq=0
2023-11-15T06:25:55.698 INFO:teuthology.orchestra.run.smithi062.stderr:/usr/bin/ceph:
2023-11-15T06:25:55.690+0000 7f33c6ffd700 1 -- 172.21.15.62:0/1823088629 <== mon.0 v2:172.21.15.62:3300/0 1 ==== mon_map magic: 0 v1 ==== 229+0+0 (secure 0 0 0) 0x7f33c00103a0 con 0x7f33d0070420
2023-11-15T06:25:55.698 INFO:teuthology.orchestra.run.smithi062.stderr:/usr/bin/ceph:
2023-11-15T06:25:55.690+0000 7f33c6ffd700 1 -- 172.21.15.62:0/1823088629 <== mon.0 v2:172.21.15.62:3300/0 2 ==== config(25 keys) v1 ==== 1074+0+0 (secure 0 0 0) 0x7f33c0010eb0 con 0x7f33d0070420
2023-11-15T06:25:55.698 INFO:teuthology.orchestra.run.smithi062.stderr:/usr/bin/ceph:
2023-11-15T06:25:55.690+0000 7f33cf59e700 1 -- 172.21.15.62:0/1823088629 --> [v2:172.21.15.62:3300/0,v1:172.21.15.62:6789/0] -- mon_subscribe({mgrmap=0+}) v3 -- 0x7f33d010d1e0 con 0x7f33d0070420
2023-11-15T06:25:55.698 INFO:teuthology.orchestra.run.smithi062.stderr:/usr/bin/ceph:
2023-11-15T06:25:55.690+0000 7f33c6ffd700 1 -- 172.21.15.62:0/1823088629 <== mon.0 v2:172.21.15.62:3300/0 3 ==== mon_map magic: 0 v1 ==== 229+0+0 (secure 0 0 0) 0x7f33c001bc30 con 0x7f33d0070420
2023-11-15T06:25:55.698 INFO:teuthology.orchestra.run.smithi062.stderr:/usr/bin/ceph:
2023-11-15T06:25:55.690+0000 7f33cf59e700 1 -- 172.21.15.62:0/1823088629 --> [v2:172.21.15.62:3300/0,v1:172.21.15.62:6789/0] -- mon_subscribe({osdmap=0}) v3 -- 0x7f33d010d5f0 con 0x7f33d0070420
2023-11-15T06:25:55.698 INFO:teuthology.orchestra.run.smithi062.stderr:/usr/bin/ceph:
2023-11-15T06:25:55.691+0000 7f33c6ffd700 1 -- 172.21.15.62:0/1823088629 <== mon.0 v2:172.21.15.62:3300/0 4 ==== mgrmap(e 15) v1 ==== 36067+0+0 (secure 0 0 0) 0x7f33c000f070 con 0x7f33d0070420
2023-11-15T06:25:55.699 INFO:teuthology.orchestra.run.smithi062.stderr:/usr/bin/ceph:
2023-11-15T06:25:55.691+0000 7f33c6ffd700 1 --2- 172.21.15.62:0/1823088629 >> [v2:172.21.15.62:6800/2759863993,v1:172.21.15.62:6801/2759863993] conn(0x7f33b002fdc0 0x7f33b0032280 unknown :-1 s=NONE pgs=0 cs=0 l=1 rev1=0 rx=0 tx=0).connect
2023-11-15T06:25:55.699 INFO:teuthology.orchestra.run.smithi062.stderr:/usr/bin/ceph:
2023-11-15T06:25:55.691+0000 7f33c6ffd700 1 -- 172.21.15.62:0/1823088629 <== mon.0 v2:172.21.15.62:3300/0 5 ==== osd_map(4..4 src has 1..4) v4 ==== 1270+0+0 (secure 0 0 0) 0x7f33c0041c50 con 0x7f33d0070420
2023-11-15T06:25:55.699 INFO:teuthology.orchestra.run.smithi062.stderr:/usr/bin/ceph:
2023-11-15T06:25:55.691+0000 7f33cf59e700 1 -- 172.21.15.62:0/1823088629 --> [v2:172.21.15.62:3300/0,v1:172.21.15.62:6789/0] -- mon_command({"prefix": "get_command_descriptions"} v 0) v1 -- 0x7f33d0045ad0 con 0x7f33d0070420
2023-11-15T06:25:55.699 INFO:teuthology.orchestra.run.smithi062.stderr:/usr/bin/ceph:
2023-11-15T06:25:55.691+0000 7f33cdd9b700 1 --2- 172.21.15.62:0/1823088629 >> [v2:172.21.15.62:6800/2759863993,v1:172.21.15.62:6801/2759863993] conn(0x7f33b002fdc0 0x7f33b0032280 unknown :-1 s=BANNER_CONNECTING pgs=0 cs=0 l=1 rev1=0 rx=0 tx=0)._handle_peer_banner_payload supported=1 required=0
2023-11-15T06:25:55.699 INFO:teuthology.orchestra.run.smithi062.stderr:/usr/bin/ceph:
