2023-11-15T06:37:32.397630+0000 mgr.smithi123.razjtn (mgr.14142) 7 : audit [DBG] from='client.14154 -' entity='client.admin' cmd=[{"prefix": "orch apply", "service_type": "alertmanager", "target": ["mon-mgr", ""]}]: dispatch
2023-11-15T06:37:33.578 INFO:journalctl@ceph.mon.smithi123.smithi123.stdout:Nov 15 06:37:33 smithi123 ceph-4a6dbac0-8381-11ee-8dbe-212e2dc638e7-mon.smithi123[112306]: cephadm
2023-11-15T06:37:32.398142+0000 mgr.smithi123.razjtn (mgr.14142) 8 : cephadm [INF] Saving service alertmanager spec with placement count:1
2023-11-15T06:37:33.579 INFO:journalctl@ceph.mon.smithi123.smithi123.stdout:Nov 15 06:37:33 smithi123 ceph-4a6dbac0-8381-11ee-8dbe-212e2dc638e7-mon.smithi123[112306]: audit
2023-11-15T06:37:33.292477+0000 mon.smithi123 (mon.0) 85 : audit [INF] from='client.? 172.21.15.123:0/2025570319' entity='client.admin'
2023-11-15T06:37:33.643 INFO:teuthology.orchestra.run.smithi123.stderr:Running command: /bin/podman run --rm --ipc=host --no-hosts --net=host --entrypoint /usr/bin/ceph --init -e CONTAINER_IMAGE=docker.io/ceph/ceph:v16.2.4 -e NODE_NAME=smithi123 -e CEPH_USE_RANDOM_NONCE=1 -v /var/log/ceph/4a6dbac0-8381-11ee-8dbe-212e2dc638e7:/var/log/ceph:z -v /tmp/ceph-tmpd9up4_f8:/etc/ceph/ceph.client.admin.keyring:z -v /tmp/ceph-tmph_8r8dvu:/etc/ceph/ceph.conf:z docker.io/ceph/ceph:v16.2.4 config set mgr mgr/dashboard/ssl_server_port 8443
2023-11-15T06:37:33.992 INFO:teuthology.orchestra.run.smithi123.stderr:/usr/bin/ceph:
2023-11-15T06:37:33.988+0000 7fcc18e0a700 1 Processor -- start
2023-11-15T06:37:33.993 INFO:teuthology.orchestra.run.smithi123.stderr:/usr/bin/ceph:
2023-11-15T06:37:33.988+0000 7fcc18e0a700 1 -- start start
2023-11-15T06:37:33.993 INFO:teuthology.orchestra.run.smithi123.stderr:/usr/bin/ceph:
2023-11-15T06:37:33.988+0000 7fcc18e0a700 1 --2- >> [v2:172.21.15.123:3300/0,v1:172.21.15.123:6789/0] conn(0x7fcc14070430 0x7fcc140fe8e0 unknown :-1 s=NONE pgs=0 cs=0 l=0 rev1=0 rx=0 tx=0).connect
2023-11-15T06:37:33.993 INFO:teuthology.orchestra.run.smithi123.stderr:/usr/bin/ceph:
2023-11-15T06:37:33.988+0000 7fcc18e0a700 1 -- --> [v2:172.21.15.123:3300/0,v1:172.21.15.123:6789/0] -- mon_getmap magic: 0 v1 -- 0x7fcc140fedd0 con 0x7fcc14070430
2023-11-15T06:37:33.993 INFO:teuthology.orchestra.run.smithi123.stderr:/usr/bin/ceph:
2023-11-15T06:37:33.989+0000 7fcc1259c700 1 --2- >> [v2:172.21.15.123:3300/0,v1:172.21.15.123:6789/0] conn(0x7fcc14070430 0x7fcc140fe8e0 unknown :-1 s=BANNER_CONNECTING pgs=0 cs=0 l=0 rev1=0 rx=0 tx=0)._handle_peer_banner_payload supported=1 required=0
2023-11-15T06:37:33.993 INFO:teuthology.orchestra.run.smithi123.stderr:/usr/bin/ceph:
2023-11-15T06:37:33.989+0000 7fcc1259c700 1 --2- >> [v2:172.21.15.123:3300/0,v1:172.21.15.123:6789/0] conn(0x7fcc14070430 0x7fcc140fe8e0 unknown :-1 s=HELLO_CONNECTING pgs=0 cs=0 l=0 rev1=1 rx=0 tx=0).handle_hello peer v2:172.21.15.123:3300/0 says I am v2:172.21.15.123:38056/0 (socket says 172.21.15.123:38056)
2023-11-15T06:37:33.994 INFO:teuthology.orchestra.run.smithi123.stderr:/usr/bin/ceph:
2023-11-15T06:37:33.989+0000 7fcc1259c700 1 -- 172.21.15.123:0/3343392848 learned_addr learned my addr 172.21.15.123:0/3343392848 (peer_addr_for_me v2:172.21.15.123:0/0)
2023-11-15T06:37:33.994 INFO:teuthology.orchestra.run.smithi123.stderr:/usr/bin/ceph:
2023-11-15T06:37:33.989+0000 7fcc1259c700 1 -- 172.21.15.123:0/3343392848 --> [v2:172.21.15.123:3300/0,v1:172.21.15.123:6789/0] -- mon_subscribe({config=0+,monmap=0+}) v3 -- 0x7fcc140fef10 con 0x7fcc14070430
2023-11-15T06:37:33.994 INFO:teuthology.orchestra.run.smithi123.stderr:/usr/bin/ceph:
2023-11-15T06:37:33.989+0000 7fcc1259c700 1 --2- 172.21.15.123:0/3343392848 >> [v2:172.21.15.123:3300/0,v1:172.21.15.123:6789/0] conn(0x7fcc14070430 0x7fcc140fe8e0 secure :-1 s=READY pgs=64 cs=0 l=1 rev1=1 rx=0x7fcc0800b5f0 tx=0x7fcc08006ee0).ready entity=mon.0 client_cookie=5cbe6dc9c13b801f server_cookie=0 in_seq=0 out_seq=0
2023-11-15T06:37:33.994 INFO:teuthology.orchestra.run.smithi123.stderr:/usr/bin/ceph:
2023-11-15T06:37:33.989+0000 7fcc1159a700 1 -- 172.21.15.123:0/3343392848 <== mon.0 v2:172.21.15.123:3300/0 1 ==== mon_map magic: 0 v1 ==== 229+0+0 (secure 0 0 0) 0x7fcc0800d600 con 0x7fcc14070430
2023-11-15T06:37:33.994 INFO:teuthology.orchestra.run.smithi123.stderr:/usr/bin/ceph:
2023-11-15T06:37:33.989+0000 7fcc1159a700 1 -- 172.21.15.123:0/3343392848 <== mon.0 v2:172.21.15.123:3300/0 2 ==== config(25 keys) v1 ==== 1074+0+0 (secure 0 0 0) 0x7fcc0800dc10 con 0x7fcc14070430
2023-11-15T06:37:33.995 INFO:teuthology.orchestra.run.smithi123.stderr:/usr/bin/ceph:
2023-11-15T06:37:33.989+0000 7fcc1159a700 1 -- 172.21.15.123:0/3343392848 <== mon.0 v2:172.21.15.123:3300/0 3 ==== mon_map magic: 0 v1 ==== 229+0+0 (secure 0 0 0) 0x7fcc08011cd0 con 0x7fcc14070430
2023-11-15T06:37:33.995 INFO:teuthology.orchestra.run.smithi123.stderr:/usr/bin/ceph:
2023-11-15T06:37:33.990+0000 7fcc18e0a700 1 -- 172.21.15.123:0/3343392848 >> [v2:172.21.15.123:3300/0,v1:172.21.15.123:6789/0] conn(0x7fcc14070430 msgr2=0x7fcc140fe8e0 secure :-1 s=STATE_CONNECTION_ESTABLISHED l=1).mark_down
2023-11-15T06:37:33.995 INFO:teuthology.orchestra.run.smithi123.stderr:/usr/bin/ceph:
2023-11-15T06:37:33.990+0000 7fcc18e0a700 1 --2- 172.21.15.123:0/3343392848 >> [v2:172.21.15.123:3300/0,v1:172.21.15.123:6789/0] conn(0x7fcc14070430 0x7fcc140fe8e0 secure :-1 s=READY pgs=64 cs=0 l=1 rev1=1 rx=0x7fcc0800b5f0 tx=0x7fcc08006ee0).stop
2023-11-15T06:37:33.995 INFO:teuthology.orchestra.run.smithi123.stderr:/usr/bin/ceph:
2023-11-15T06:37:33.990+0000 7fcc18e0a700 1 -- 172.21.15.123:0/3343392848 shutdown_connections
2023-11-15T06:37:33.995 INFO:teuthology.orchestra.run.smithi123.stderr:/usr/bin/ceph:
2023-11-15T06:37:33.990+0000 7fcc18e0a700 1 --2- 172.21.15.123:0/3343392848 >> [v2:172.21.15.123:3300/0,v1:172.21.15.123:6789/0] conn(0x7fcc14070430 0x7fcc140fe8e0 unknown :-1 s=CLOSED pgs=64 cs=0 l=1 rev1=1 rx=0 tx=0).stop
2023-11-15T06:37:33.996 INFO:teuthology.orchestra.run.smithi123.stderr:/usr/bin/ceph:
2023-11-15T06:37:33.990+0000 7fcc18e0a700 1 -- 172.21.15.123:0/3343392848 >> 172.21.15.123:0/3343392848 conn(0x7fcc140f63c0 msgr2=0x7fcc140f87e0 unknown :-1 s=STATE_NONE l=0).mark_down
2023-11-15T06:37:33.996 INFO:teuthology.orchestra.run.smithi123.stderr:/usr/bin/ceph:
2023-11-15T06:37:33.990+0000 7fcc18e0a700 1 -- 172.21.15.123:0/3343392848 shutdown_connections
2023-11-15T06:37:33.997 INFO:teuthology.orchestra.run.smithi123.stderr:/usr/bin/ceph:
2023-11-15T06:37:33.990+0000 7fcc18e0a700 1 -- 172.21.15.123:0/3343392848 wait complete.
2023-11-15T06:37:33.997 INFO:teuthology.orchestra.run.smithi123.stderr:/usr/bin/ceph:
2023-11-15T06:37:33.990+0000 7fcc18e0a700 1 Processor -- start
2023-11-15T06:37:33.997 INFO:teuthology.orchestra.run.smithi123.stderr:/usr/bin/ceph:
2023-11-15T06:37:33.990+0000 7fcc18e0a700 1 -- start start
2023-11-15T06:37:33.997 INFO:teuthology.orchestra.run.smithi123.stderr:/usr/bin/ceph:
2023-11-15T06:37:33.990+0000 7fcc18e0a700 1 --2- >> [v2:172.21.15.123:3300/0,v1:172.21.15.123:6789/0] conn(0x7fcc14070430 0x7fcc140fc360 unknown :-1 s=NONE pgs=0 cs=0 l=1 rev1=0 rx=0 tx=0).connect
2023-11-15T06:37:33.997 INFO:teuthology.orchestra.run.smithi123.stderr:/usr/bin/ceph:
2023-11-15T06:37:33.990+0000 7fcc18e0a700 1 -- --> [v2:172.21.15.123:3300/0,v1:172.21.15.123:6789/0] -- mon_getmap magic: 0 v1 -- 0x7fcc140fa7e0 con 0x7fcc14070430
2023-11-15T06:37:33.998 INFO:teuthology.orchestra.run.smithi123.stderr:/usr/bin/ceph:
2023-11-15T06:37:33.990+0000 7fcc1259c700 1 --2- >> [v2:172.21.15.123:3300/0,v1:172.21.15.123:6789/0] conn(0x7fcc14070430 0x7fcc140fc360 unknown :-1 s=BANNER_CONNECTING pgs=0 cs=0 l=1 rev1=0 rx=0 tx=0)._handle_peer_banner_payload supported=1 required=0
2023-11-15T06:37:33.998 INFO:teuthology.orchestra.run.smithi123.stderr:/usr/bin/ceph:
2023-11-15T06:37:33.990+0000 7fcc1259c700 1 --2- >> [v2:172.21.15.123:3300/0,v1:172.21.15.123:6789/0] conn(0x7fcc14070430 0x7fcc140fc360 unknown :-1 s=HELLO_CONNECTING pgs=0 cs=0 l=1 rev1=1 rx=0 tx=0).handle_hello peer v2:172.21.15.123:3300/0 says I am v2:172.21.15.123:38064/0 (socket says 172.21.15.123:38064)
2023-11-15T06:37:33.998 INFO:teuthology.orchestra.run.smithi123.stderr:/usr/bin/ceph:
2023-11-15T06:37:33.990+0000 7fcc1259c700 1 -- 172.21.15.123:0/3921200373 learned_addr learned my addr 172.21.15.123:0/3921200373 (peer_addr_for_me v2:172.21.15.123:0/0)
2023-11-15T06:37:33.998 INFO:teuthology.orchestra.run.smithi123.stderr:/usr/bin/ceph:
2023-11-15T06:37:33.991+0000 7fcc1259c700 1 -- 172.21.15.123:0/3921200373 --> [v2:172.21.15.123:3300/0,v1:172.21.15.123:6789/0] -- mon_subscribe({config=0+,monmap=0+}) v3 -- 0x7fcc0800b200 con 0x7fcc14070430
2023-11-15T06:37:33.998 INFO:teuthology.orchestra.run.smithi123.stderr:/usr/bin/ceph:
2023-11-15T06:37:33.991+0000 7fcc1259c700 1 --2- 172.21.15.123:0/3921200373 >> [v2:172.21.15.123:3300/0,v1:172.21.15.123:6789/0] conn(0x7fcc14070430 0x7fcc140fc360 secure :-1 s=READY pgs=65 cs=0 l=1 rev1=1 rx=0x7fcc08006800 tx=0x7fcc08006ee0).ready entity=mon.0 client_cookie=0 server_cookie=0 in_seq=0 out_seq=0
2023-11-15T06:37:33.999 INFO:teuthology.orchestra.run.smithi123.stderr:/usr/bin/ceph:
2023-11-15T06:37:33.991+0000 7fcc02ffd700 1 -- 172.21.15.123:0/3921200373 <== mon.0 v2:172.21.15.123:3300/0 1 ==== mon_map magic: 0 v1 ==== 229+0+0 (secure 0 0 0) 0x7fcc08011df0 con 0x7fcc14070430
2023-11-15T06:37:33.999 INFO:teuthology.orchestra.run.smithi123.stderr:/usr/bin/ceph:
2023-11-15T06:37:33.991+0000 7fcc02ffd700 1 -- 172.21.15.123:0/3921200373 <== mon.0 v2:172.21.15.123:3300/0 2 ==== config(25 keys) v1 ==== 1074+0+0 (secure 0 0 0) 0x7fcc0801b8c0 con 0x7fcc14070430
2023-11-15T06:37:33.999 INFO:teuthology.orchestra.run.smithi123.stderr:/usr/bin/ceph:
2023-11-15T06:37:33.991+0000 7fcc18e0a700 1 -- 172.21.15.123:0/3921200373 --> [v2:172.21.15.123:3300/0,v1:172.21.15.123:6789/0] -- mon_subscribe({mgrmap=0+}) v3 -- 0x7fcc140fa980 con 0x7fcc14070430
2023-11-15T06:37:33.999 INFO:teuthology.orchestra.run.smithi123.stderr:/usr/bin/ceph:
2023-11-15T06:37:33.991+0000 7fcc02ffd700 1 -- 172.21.15.123:0/3921200373 <== mon.0 v2:172.21.15.123:3300/0 3 ==== mon_map magic: 0 v1 ==== 229+0+0 (secure 0 0 0) 0x7fcc0801a830 con 0x7fcc14070430
2023-11-15T06:37:33.999 INFO:teuthology.orchestra.run.smithi123.stderr:/usr/bin/ceph:
2023-11-15T06:37:33.991+0000 7fcc18e0a700 1 -- 172.21.15.123:0/3921200373 --> [v2:172.21.15.123:3300/0,v1:172.21.15.123:6789/0] -- mon_subscribe({osdmap=0}) v3 -- 0x7fcc140fad90 con 0x7fcc14070430
2023-11-15T06:37:34.000 INFO:teuthology.orchestra.run.smithi123.stderr:/usr/bin/ceph:
2023-11-15T06:37:33.992+0000 7fcc02ffd700 1 -- 172.21.15.123:0/3921200373 <== mon.0 v2:172.21.15.123:3300/0 4 ==== mgrmap(e 12) v1 ==== 36195+0+0 (secure 0 0 0) 0x7fcc0800f070 con 0x7fcc14070430
2023-11-15T06:37:34.000 INFO:teuthology.orchestra.run.smithi123.stderr:/usr/bin/ceph:
2023-11-15T06:37:33.992+0000 7fcc18e0a700 1 -- 172.21.15.123:0/3921200373 --> [v2:172.21.15.123:3300/0,v1:172.21.15.123:6789/0] -- mon_command({"prefix": "get_command_descriptions"} v 0) v1 -- 0x7fcc14045ad0 con 0x7fcc14070430
2023-11-15T06:37:34.000 INFO:teuthology.orchestra.run.smithi123.stderr:/usr/bin/ceph:
2023-11-15T06:37:33.992+0000 7fcc02ffd700 1 --2- 172.21.15.123:0/3921200373 >> [v2:172.21.15.123:6800/1692115469,v1:172.21.15.123:6801/1692115469] conn(0x7fcbf802fe60 0x7fcbf8032320 unknown :-1 s=NONE pgs=0 cs=0 l=1 rev1=0 rx=0 tx=0).connect
2023-11-15T06:37:34.000 INFO:teuthology.orchestra.run.smithi123.stderr:/usr/bin/ceph:
2023-11-15T06:37:33.992+0000 7fcc02ffd700 1 -- 172.21.15.123:0/3921200373 <== mon.0 v2:172.21.15.123:3300/0 5 ==== osd_map(3..3 src has 1..3) v4 ==== 1098+0+0 (secure 0 0 0) 0x7fcc08041000 con 0x7fcc14070430
2023-11-15T06:37:34.000 INFO:teuthology.orchestra.run.smithi123.stderr:/usr/bin/ceph:
2023-11-15T06:37:33.992+0000 7fcc11d9b700 1 --2- 172.21.15.123:0/3921200373 >> [v2:172.21.15.123:6800/1692115469,v1:172.21.15.123:6801/1692115469] conn(0x7fcbf802fe60 0x7fcbf8032320 unknown :-1 s=BANNER_CONNECTING pgs=0 cs=0 l=1 rev1=0 rx=0 tx=0)._handle_peer_banner_payload supported=1 required=0
2023-11-15T06:37:34.001 INFO:teuthology.orchestra.run.smithi123.stderr:/usr/bin/ceph:
2023-11-15T06:37:33.992+0000 7fcc11d9b700 1 --2- 172.21.15.123:0/3921200373 >> [v2:172.21.15.123:6800/1692115469,v1:172.21.15.123:6801/1692115469] conn(0x7fcbf802fe60 0x7fcbf8032320 secure :-1 s=READY pgs=10 cs=0 l=1 rev1=1 rx=0x7fcc040096a0 tx=0x7fcc04006b40).ready entity=mgr.14142 client_cookie=0 server_cookie=0 in_seq=0 out_seq=0
2023-11-15T06:37:34.001 INFO:teuthology.orchestra.run.smithi123.stderr:/usr/bin/ceph:
2023-11-15T06:37:33.996+0000 7fcc02ffd700 1 -- 172.21.15.123:0/3921200373 <== mon.0 v2:172.21.15.123:3300/0 6 ==== mon_command_ack([{"prefix": "get_command_descriptions"}]=0 v0) v1 ==== 72+0+152212 (secure 0 0 0) 0x7fcc08010be0 con 0x7fcc14070430
2023-11-15T06:37:34.147 INFO:teuthology.orchestra.run.smithi123.stderr:/usr/bin/ceph:
2023-11-15T06:37:34.145+0000 7fcc18e0a700 1 -- 172.21.15.123:0/3921200373 --> [v2:172.21.15.123:3300/0,v1:172.21.15.123:6789/0] -- mon_command([{prefix=config set, name=mgr/dashboard/ssl_server_port}] v 0) v1 -- 0x7fcc140ffc00 con 0x7fcc14070430
2023-11-15T06:37:34.150 INFO:teuthology.orchestra.run.smithi123.stderr:/usr/bin/ceph:
2023-11-15T06:37:34.148+0000 7fcc02ffd700 1 -- 172.21.15.123:0/3921200373 <== mon.0 v2:172.21.15.123:3300/0 7 ==== mon_command_ack([{prefix=config set, name=mgr/dashboard/ssl_server_port}]=0 v10)=0 v10) v1 ==== 130+0+0 (secure 0 0 0) 0x7fcc08016070 con 0x7fcc14070430
2023-11-15T06:37:34.152 INFO:teuthology.orchestra.run.smithi123.stderr:/usr/bin/ceph:
2023-11-15T06:37:34.149+0000 7fcc18e0a700 1 -- 172.21.15.123:0/3921200373 >> [v2:172.21.15.123:6800/1692115469,v1:172.21.15.123:6801/1692115469] conn(0x7fcbf802fe60 msgr2=0x7fcbf8032320 secure :-1 s=STATE_CONNECTION_ESTABLISHED l=1).mark_down
2023-11-15T06:37:34.153 INFO:teuthology.orchestra.run.smithi123.stderr:/usr/bin/ceph:
2023-11-15T06:37:34.149+0000 7fcc18e0a700 1 --2- 172.21.15.123:0/3921200373 >> [v2:172.21.15.123:6800/1692115469,v1:172.21.15.123:6801/1692115469] conn(0x7fcbf802fe60 0x7fcbf8032320 secure :-1 s=READY pgs=10 cs=0 l=1 rev1=1 rx=0x7fcc040096a0 tx=0x7fcc04006b40).stop
2023-11-15T06:37:34.153 INFO:teuthology.orchestra.run.smithi123.stderr:/usr/bin/ceph:
2023-11-15T06:37:34.149+0000 7fcc18e0a700 1 -- 172.21.15.123:0/3921200373 >> [v2:172.21.15.123:3300/0,v1:172.21.15.123:6789/0] conn(0x7fcc14070430 msgr2=0x7fcc140fc360 secure :-1 s=STATE_CONNECTION_ESTABLISHED l=1).mark_down
2023-11-15T06:37:34.153 INFO:teuthology.orchestra.run.smithi123.stderr:/usr/bin/ceph:
2023-11-15T06:37:34.149+0000 7fcc18e0a700 1 --2- 172.21.15.123:0/3921200373 >> [v2:172.21.15.123:3300/0,v1:172.21.15.123:6789/0] conn(0x7fcc14070430 0x7fcc140fc360 secure :-1 s=READY pgs=65 cs=0 l=1 rev1=1 rx=0x7fcc08006800 tx=0x7fcc08006ee0).stop
2023-11-15T06:37:34.153 INFO:teuthology.orchestra.run.smithi123.stderr:/usr/bin/ceph:
2023-11-15T06:37:34.149+0000 7fcc18e0a700 1 -- 172.21.15.123:0/3921200373 shutdown_connections
2023-11-15T06:37:34.153 INFO:teuthology.orchestra.run.smithi123.stderr:/usr/bin/ceph:
2023-11-15T06:37:34.149+0000 7fcc18e0a700 1 --2- 172.21.15.123:0/3921200373 >> [v2:172.21.15.123:6800/1692115469,v1:172.21.15.123:6801/1692115469] conn(0x7fcbf802fe60 0x7fcbf8032320 unknown :-1 s=CLOSED pgs=10 cs=0 l=1 rev1=1 rx=0 tx=0).stop
2023-11-15T06:37:34.154 INFO:teuthology.orchestra.run.smithi123.stderr:/usr/bin/ceph:
2023-11-15T06:37:34.149+0000 7fcc18e0a700 1 --2- 172.21.15.123:0/3921200373 >> [v2:172.21.15.123:3300/0,v1:172.21.15.123:6789/0] conn(0x7fcc14070430 0x7fcc140fc360 unknown :-1 s=CLOSED pgs=65 cs=0 l=1 rev1=1 rx=0 tx=0).stop
2023-11-15T06:37:34.154 INFO:teuthology.orchestra.run.smithi123.stderr:/usr/bin/ceph:
2023-11-15T06:37:34.149+0000 7fcc18e0a700 1 -- 172.21.15.123:0/3921200373 >> 172.21.15.123:0/3921200373 conn(0x7fcc140f63c0 msgr2=0x7fcc140f7f60 unknown :-1 s=STATE_NONE l=0).mark_down
2023-11-15T06:37:34.154 INFO:teuthology.orchestra.run.smithi123.stderr:/usr/bin/ceph:
2023-11-15T06:37:34.149+0000 7fcc18e0a700 1 -- 172.21.15.123:0/3921200373 shutdown_connections
2023-11-15T06:37:34.154 INFO:teuthology.orchestra.run.smithi123.stderr:/usr/bin/ceph:
2023-11-15T06:37:34.150+0000 7fcc18e0a700 1 -- 172.21.15.123:0/3921200373 wait complete.
2023-11-15T06:37:34.509 INFO:teuthology.orchestra.run.smithi123.stderr:Enabling the dashboard module...
2023-11-15T06:37:34.510 INFO:teuthology.orchestra.run.smithi123.stderr:Running command: /bin/podman run --rm --ipc=host --no-hosts --net=host --entrypoint /usr/bin/ceph --init -e CONTAINER_IMAGE=docker.io/ceph/ceph:v16.2.4 -e NODE_NAME=smithi123 -e CEPH_USE_RANDOM_NONCE=1 -v /var/log/ceph/4a6dbac0-8381-11ee-8dbe-212e2dc638e7:/var/log/ceph:z -v /tmp/ceph-tmpd9up4_f8:/etc/ceph/ceph.client.admin.keyring:z -v /tmp/ceph-tmph_8r8dvu:/etc/ceph/ceph.conf:z docker.io/ceph/ceph:v16.2.4 mgr module enable dashboard
2023-11-15T06:37:34.858 INFO:teuthology.orchestra.run.smithi123.stderr:/usr/bin/ceph:
2023-11-15T06:37:34.854+0000 7f5885984700 1 Processor -- start
2023-11-15T06:37:34.858 INFO:teuthology.orchestra.run.smithi123.stderr:/usr/bin/ceph:
2023-11-15T06:37:34.854+0000 7f5885984700 1 -- start start
2023-11-15T06:37:34.858 INFO:teuthology.orchestra.run.smithi123.stderr:/usr/bin/ceph:
2023-11-15T06:37:34.854+0000 7f5885984700 1 --2- >> [v2:172.21.15.123:3300/0,v1:172.21.15.123:6789/0] conn(0x7f58800704a0 0x7f58800fe8f0 unknown :-1 s=NONE pgs=0 cs=0 l=0 rev1=0 rx=0 tx=0).connect
2023-11-15T06:37:34.859 INFO:teuthology.orchestra.run.smithi123.stderr:/usr/bin/ceph:
2023-11-15T06:37:34.854+0000 7f5885984700 1 -- --> [v2:172.21.15.123:3300/0,v1:172.21.15.123:6789/0] -- mon_getmap magic: 0 v1 -- 0x7f58800fede0 con 0x7f58800704a0
2023-11-15T06:37:34.859 INFO:teuthology.orchestra.run.smithi123.stderr:/usr/bin/ceph:
2023-11-15T06:37:34.855+0000 7f587effd700 1 --2- >> [v2:172.21.15.123:3300/0,v1:172.21.15.123:6789/0] conn(0x7f58800704a0 0x7f58800fe8f0 unknown :-1 s=BANNER_CONNECTING pgs=0 cs=0 l=0 rev1=0 rx=0 tx=0)._handle_peer_banner_payload supported=1 required=0
2023-11-15T06:37:34.859 INFO:teuthology.orchestra.run.smithi123.stderr:/usr/bin/ceph:
2023-11-15T06:37:34.855+0000 7f587effd700 1 --2- >> [v2:172.21.15.123:3300/0,v1:172.21.15.123:6789/0] conn(0x7f58800704a0 0x7f58800fe8f0 unknown :-1 s=HELLO_CONNECTING pgs=0 cs=0 l=0 rev1=1 rx=0 tx=0).handle_hello peer v2:172.21.15.123:3300/0 says I am v2:172.21.15.123:38080/0 (socket says 172.21.15.123:38080)
2023-11-15T06:37:34.859 INFO:teuthology.orchestra.run.smithi123.stderr:/usr/bin/ceph:
2023-11-15T06:37:34.855+0000 7f587effd700 1 -- 172.21.15.123:0/466143148 learned_addr learned my addr 172.21.15.123:0/466143148 (peer_addr_for_me v2:172.21.15.123:0/0)
2023-11-15T06:37:34.859 INFO:teuthology.orchestra.run.smithi123.stderr:/usr/bin/ceph:
2023-11-15T06:37:34.855+0000 7f587effd700 1 -- 172.21.15.123:0/466143148 --> [v2:172.21.15.123:3300/0,v1:172.21.15.123:6789/0] -- mon_subscribe({config=0+,monmap=0+}) v3 -- 0x7f58800fef20 con 0x7f58800704a0
2023-11-15T06:37:34.860 INFO:teuthology.orchestra.run.smithi123.stderr:/usr/bin/ceph:
2023-11-15T06:37:34.855+0000 7f587effd700 1 --2- 172.21.15.123:0/466143148 >> [v2:172.21.15.123:3300/0,v1:172.21.15.123:6789/0] conn(0x7f58800704a0 0x7f58800fe8f0 secure :-1 s=READY pgs=66 cs=0 l=1 rev1=1 rx=0x7f587400b5f0 tx=0x7f5874006ee0).ready entity=mon.0 client_cookie=c124e3ba3535585f server_cookie=0 in_seq=0 out_seq=0
2023-11-15T06:37:34.860 INFO:teuthology.orchestra.run.smithi123.stderr:/usr/bin/ceph:
2023-11-15T06:37:34.855+0000 7f587dffb700 1 -- 172.21.15.123:0/466143148 <== mon.0 v2:172.21.15.123:3300/0 1 ==== mon_map magic: 0 v1 ==== 229+0+0 (secure 0 0 0) 0x7f587400d600 con 0x7f58800704a0
2023-11-15T06:37:34.860 INFO:teuthology.orchestra.run.smithi123.stderr:/usr/bin/ceph:
2023-11-15T06:37:34.855+0000 7f587dffb700 1 -- 172.21.15.123:0/466143148 <== mon.0 v2:172.21.15.123:3300/0 2 ==== config(25 keys) v1 ==== 1074+0+0 (secure 0 0 0) 0x7f587400dc10 con 0x7f58800704a0
2023-11-15T06:37:34.860 INFO:teuthology.orchestra.run.smithi123.stderr:/usr/bin/ceph:
2023-11-15T06:37:34.855+0000 7f587dffb700 1 -- 172.21.15.123:0/466143148 <== mon.0 v2:172.21.15.123:3300/0 3 ==== mon_map magic: 0 v1 ==== 229+0+0 (secure 0 0 0) 0x7f5874011cd0 con 0x7f58800704a0
2023-11-15T06:37:34.863 INFO:teuthology.orchestra.run.smithi123.stderr:/usr/bin/ceph:
2023-11-15T06:37:34.856+0000 7f5885984700 1 -- 172.21.15.123:0/466143148 >> [v2:172.21.15.123:3300/0,v1:172.21.15.123:6789/0] conn(0x7f58800704a0 msgr2=0x7f58800fe8f0 secure :-1 s=STATE_CONNECTION_ESTABLISHED l=1).mark_down
2023-11-15T06:37:34.863 INFO:teuthology.orchestra.run.smithi123.stderr:/usr/bin/ceph:
2023-11-15T06:37:34.856+0000 7f5885984700 1 --2- 172.21.15.123:0/466143148 >> [v2:172.21.15.123:3300/0,v1:172.21.15.123:6789/0] conn(0x7f58800704a0 0x7f58800fe8f0 secure :-1 s=READY pgs=66 cs=0 l=1 rev1=1 rx=0x7f587400b5f0 tx=0x7f5874006ee0).stop
2023-11-15T06:37:34.864 INFO:teuthology.orchestra.run.smithi123.stderr:/usr/bin/ceph:
2023-11-15T06:37:34.856+0000 7f5885984700 1 -- 172.21.15.123:0/466143148 shutdown_connections
2023-11-15T06:37:34.864 INFO:teuthology.orchestra.run.smithi123.stderr:/usr/bin/ceph:
2023-11-15T06:37:34.856+0000 7f5885984700 1 --2- 172.21.15.123:0/466143148 >> [v2:172.21.15.123:3300/0,v1:172.21.15.123:6789/0] conn(0x7f58800704a0 0x7f58800fe8f0 unknown :-1 s=CLOSED pgs=66 cs=0 l=1 rev1=1 rx=0 tx=0).stop
2023-11-15T06:37:34.864 INFO:teuthology.orchestra.run.smithi123.stderr:/usr/bin/ceph:
2023-11-15T06:37:34.856+0000 7f5885984700 1 -- 172.21.15.123:0/466143148 >> 172.21.15.123:0/466143148 conn(0x7f58800f63b0 msgr2=0x7f58800f87d0 unknown :-1 s=STATE_NONE l=0).mark_down
2023-11-15T06:37:34.864 INFO:teuthology.orchestra.run.smithi123.stderr:/usr/bin/ceph:
2023-11-15T06:37:34.856+0000 7f5885984700 1 -- 172.21.15.123:0/466143148 shutdown_connections
2023-11-15T06:37:34.864 INFO:teuthology.orchestra.run.smithi123.stderr:/usr/bin/ceph:
2023-11-15T06:37:34.856+0000 7f5885984700 1 -- 172.21.15.123:0/466143148 wait complete.
2023-11-15T06:37:34.865 INFO:teuthology.orchestra.run.smithi123.stderr:/usr/bin/ceph:
2023-11-15T06:37:34.856+0000 7f5885984700 1 Processor -- start
2023-11-15T06:37:34.865 INFO:teuthology.orchestra.run.smithi123.stderr:/usr/bin/ceph:
2023-11-15T06:37:34.856+0000 7f5885984700 1 -- start start
2023-11-15T06:37:34.865 INFO:teuthology.orchestra.run.smithi123.stderr:/usr/bin/ceph:
2023-11-15T06:37:34.857+0000 7f5885984700 1 --2- >> [v2:172.21.15.123:3300/0,v1:172.21.15.123:6789/0] conn(0x7f58800704a0 0x7f588010aa40 unknown :-1 s=NONE pgs=0 cs=0 l=1 rev1=0 rx=0 tx=0).connect
2023-11-15T06:37:34.865 INFO:teuthology.orchestra.run.smithi123.stderr:/usr/bin/ceph:
2023-11-15T06:37:34.857+0000 7f5885984700 1 -- --> [v2:172.21.15.123:3300/0,v1:172.21.15.123:6789/0] -- mon_getmap magic: 0 v1 -- 0x7f588010af30 con 0x7f58800704a0
2023-11-15T06:37:34.866 INFO:teuthology.orchestra.run.smithi123.stderr:/usr/bin/ceph:
2023-11-15T06:37:34.857+0000 7f587effd700 1 --2- >> [v2:172.21.15.123:3300/0,v1:172.21.15.123:6789/0] conn(0x7f58800704a0 0x7f588010aa40 unknown :-1 s=BANNER_CONNECTING pgs=0 cs=0 l=1 rev1=0 rx=0 tx=0)._handle_peer_banner_payload supported=1 required=0
2023-11-15T06:37:34.866 INFO:teuthology.orchestra.run.smithi123.stderr:/usr/bin/ceph:
2023-11-15T06:37:34.857+0000 7f587effd700 1 --2- >> [v2:172.21.15.123:3300/0,v1:172.21.15.123:6789/0] conn(0x7f58800704a0 0x7f588010aa40 unknown :-1 s=HELLO_CONNECTING pgs=0 cs=0 l=1 rev1=1 rx=0 tx=0).handle_hello peer v2:172.21.15.123:3300/0 says I am v2:172.21.15.123:38084/0 (socket says 172.21.15.123:38084)
2023-11-15T06:37:34.866 INFO:teuthology.orchestra.run.smithi123.stderr:/usr/bin/ceph:
2023-11-15T06:37:34.857+0000 7f587effd700 1 -- 172.21.15.123:0/2575836258 learned_addr learned my addr 172.21.15.123:0/2575836258 (peer_addr_for_me v2:172.21.15.123:0/0)
2023-11-15T06:37:34.866 INFO:teuthology.orchestra.run.smithi123.stderr:/usr/bin/ceph:
2023-11-15T06:37:34.857+0000 7f587effd700 1 -- 172.21.15.123:0/2575836258 --> [v2:172.21.15.123:3300/0,v1:172.21.15.123:6789/0] -- mon_subscribe({config=0+,monmap=0+}) v3 -- 0x7f587400b200 con 0x7f58800704a0
2023-11-15T06:37:34.866 INFO:teuthology.orchestra.run.smithi123.stderr:/usr/bin/ceph:
2023-11-15T06:37:34.857+0000 7f587effd700 1 --2- 172.21.15.123:0/2575836258 >> [v2:172.21.15.123:3300/0,v1:172.21.15.123:6789/0] conn(0x7f58800704a0 0x7f588010aa40 secure :-1 s=READY pgs=67 cs=0 l=1 rev1=1 rx=0x7f5874006a40 tx=0x7f5874006ee0).ready entity=mon.0 client_cookie=0 server_cookie=0 in_seq=0 out_seq=0
2023-11-15T06:37:34.867 INFO:teuthology.orchestra.run.smithi123.stderr:/usr/bin/ceph:
2023-11-15T06:37:34.857+0000 7f58677fe700 1 -- 172.21.15.123:0/2575836258 <== mon.0 v2:172.21.15.123:3300/0 1 ==== mon_map magic: 0 v1 ==== 229+0+0 (secure 0 0 0) 0x7f5874011c90 con 0x7f58800704a0
2023-11-15T06:37:34.867 INFO:teuthology.orchestra.run.smithi123.stderr:/usr/bin/ceph:
2023-11-15T06:37:34.857+0000 7f5885984700 1 -- 172.21.15.123:0/2575836258 --> [v2:172.21.15.123:3300/0,v1:172.21.15.123:6789/0] -- mon_subscribe({mgrmap=0+}) v3 -- 0x7f588010b130 con 0x7f58800704a0
2023-11-15T06:37:34.867 INFO:teuthology.orchestra.run.smithi123.stderr:/usr/bin/ceph:
2023-11-15T06:37:34.857+0000 7f58677fe700 1 -- 172.21.15.123:0/2575836258 <== mon.0 v2:172.21.15.123:3300/0 2 ==== config(25 keys) v1 ==== 1074+0+0 (secure 0 0 0) 0x7f587401b8c0 con 0x7f58800704a0
2023-11-15T06:37:34.867 INFO:teuthology.orchestra.run.smithi123.stderr:/usr/bin/ceph:
2023-11-15T06:37:34.857+0000 7f58677fe700 1 -- 172.21.15.123:0/2575836258 <== mon.0 v2:172.21.15.123:3300/0 3 ==== mon_map magic: 0 v1 ==== 229+0+0 (secure 0 0 0) 0x7f587401a8c0 con 0x7f58800704a0
2023-11-15T06:37:34.867 INFO:teuthology.orchestra.run.smithi123.stderr:/usr/bin/ceph:
2023-11-15T06:37:34.857+0000 7f5885984700 1 -- 172.21.15.123:0/2575836258 --> [v2:172.21.15.123:3300/0,v1:172.21.15.123:6789/0] -- mon_subscribe({osdmap=0}) v3 -- 0x7f588010b540 con 0x7f58800704a0
2023-11-15T06:37:34.868 INFO:teuthology.orchestra.run.smithi123.stderr:/usr/bin/ceph:
2023-11-15T06:37:34.858+0000 7f58677fe700 1 -- 172.21.15.123:0/2575836258 <== mon.0 v2:172.21.15.123:3300/0 4 ==== mgrmap(e 12) v1 ==== 36195+0+0 (secure 0 0 0) 0x7f587400f070 con 0x7f58800704a0
2023-11-15T06:37:34.868 INFO:teuthology.orchestra.run.smithi123.stderr:/usr/bin/ceph:
2023-11-15T06:37:34.858+0000 7f5885984700 1 -- 172.21.15.123:0/2575836258 --> [v2:172.21.15.123:3300/0,v1:172.21.15.123:6789/0] -- mon_command({"prefix": "get_command_descriptions"} v 0) v1 -- 0x7f5880045ad0 con 0x7f58800704a0
2023-11-15T06:37:34.868 INFO:teuthology.orchestra.run.smithi123.stderr:/usr/bin/ceph:
2023-11-15T06:37:34.858+0000 7f58677fe700 1 --2- 172.21.15.123:0/2575836258 >> [v2:172.21.15.123:6800/1692115469,v1:172.21.15.123:6801/1692115469] conn(0x7f586c02fe60 0x7f586c032320 unknown :-1 s=NONE pgs=0 cs=0 l=1 rev1=0 rx=0 tx=0).connect
2023-11-15T06:37:34.868 INFO:teuthology.orchestra.run.smithi123.stderr:/usr/bin/ceph:
2023-11-15T06:37:34.858+0000 7f58677fe700 1 -- 172.21.15.123:0/2575836258 <== mon.0 v2:172.21.15.123:3300/0 5 ==== osd_map(3..3 src has 1..3) v4 ==== 1098+0+0 (secure 0 0 0) 0x7f5874040a10 con 0x7f58800704a0
2023-11-15T06:37:34.868 INFO:teuthology.orchestra.run.smithi123.stderr:/usr/bin/ceph:
2023-11-15T06:37:34.859+0000 7f587e7fc700 1 --2- 172.21.15.123:0/2575836258 >> [v2:172.21.15.123:6800/1692115469,v1:172.21.15.123:6801/1692115469] conn(0x7f586c02fe60 0x7f586c032320 unknown :-1 s=BANNER_CONNECTING pgs=0 cs=0 l=1 rev1=0 rx=0 tx=0)._handle_peer_banner_payload supported=1 required=0
2023-11-15T06:37:34.869 INFO:teuthology.orchestra.run.smithi123.stderr:/usr/bin/ceph:
2023-11-15T06:37:34.859+0000 7f587e7fc700 1 --2- 172.21.15.123:0/2575836258 >> [v2:172.21.15.123:6800/1692115469,v1:172.21.15.123:6801/1692115469] conn(0x7f586c02fe60 0x7f586c032320 secure :-1 s=READY pgs=11 cs=0 l=1 rev1=1 rx=0x7f58700096a0 tx=0x7f5870006b40).ready entity=mgr.14142 client_cookie=0 server_cookie=0 in_seq=0 out_seq=0
2023-11-15T06:37:34.869 INFO:teuthology.orchestra.run.smithi123.stderr:/usr/bin/ceph:
2023-11-15T06:37:34.863+0000 7f58677fe700 1 -- 172.21.15.123:0/2575836258 <== mon.0 v2:172.21.15.123:3300/0 6 ==== mon_command_ack([{"prefix": "get_command_descriptions"}]=0 v0) v1 ==== 72+0+152212 (secure 0 0 0) 0x7f5874010930 con 0x7f58800704a0
2023-11-15T06:37:35.051 INFO:teuthology.orchestra.run.smithi123.stderr:/usr/bin/ceph:
2023-11-15T06:37:35.048+0000 7f5885984700 1 -- 172.21.15.123:0/2575836258 --> [v2:172.21.15.123:3300/0,v1:172.21.15.123:6789/0] -- mon_command({"prefix": "mgr module enable", "module": "dashboard"} v 0) v1 -- 0x7f58800ffc10 con 0x7f58800704a0
2023-11-15T06:37:35.152 INFO:teuthology.orchestra.run.smithi123.stderr:/usr/bin/ceph:
2023-11-15T06:37:35.149+0000 7f58677fe700 1 -- 172.21.15.123:0/2575836258 <== mon.0 v2:172.21.15.123:3300/0 7 ==== mgrmap(e 13) v1 ==== 36208+0+0 (secure 0 0 0) 0x7f5874024550 con 0x7f58800704a0
2023-11-15T06:37:35.153 INFO:teuthology.orchestra.run.smithi123.stderr:/usr/bin/ceph:
2023-11-15T06:37:35.150+0000 7f58677fe700 1 -- 172.21.15.123:0/2575836258 <== mon.0 v2:172.21.15.123:3300/0 8 ==== mon_command_ack([{"prefix": "mgr module enable", "module": "dashboard"}]=0 v13) v1 ==== 88+0+0 (secure 0 0 0) 0x7f5874022ce0 con 0x7f58800704a0
2023-11-15T06:37:35.155 INFO:teuthology.orchestra.run.smithi123.stderr:/usr/bin/ceph:
2023-11-15T06:37:35.152+0000 7f5885984700 1 -- 172.21.15.123:0/2575836258 >> [v2:172.21.15.123:6800/1692115469,v1:172.21.15.123:6801/1692115469] conn(0x7f586c02fe60 msgr2=0x7f586c032320 secure :-1 s=STATE_CONNECTION_ESTABLISHED l=1).mark_down
2023-11-15T06:37:35.156 INFO:teuthology.orchestra.run.smithi123.stderr:/usr/bin/ceph:
2023-11-15T06:37:35.152+0000 7f5885984700 1 --2- 172.21.15.123:0/2575836258 >> [v2:172.21.15.123:6800/1692115469,v1:172.21.15.123:6801/1692115469] conn(0x7f586c02fe60 0x7f586c032320 secure :-1 s=READY pgs=11 cs=0 l=1 rev1=1 rx=0x7f58700096a0 tx=0x7f5870006b40).stop
2023-11-15T06:37:35.156 INFO:teuthology.orchestra.run.smithi123.stderr:/usr/bin/ceph:
2023-11-15T06:37:35.152+0000 7f5885984700 1 -- 172.21.15.123:0/2575836258 >> [v2:172.21.15.123:3300/0,v1:172.21.15.123:6789/0] conn(0x7f58800704a0 msgr2=0x7f588010aa40 secure :-1 s=STATE_CONNECTION_ESTABLISHED l=1).mark_down
2023-11-15T06:37:35.156 INFO:teuthology.orchestra.run.smithi123.stderr:/usr/bin/ceph:
2023-11-15T06:37:35.152+0000 7f5885984700 1 --2- 172.21.15.123:0/2575836258 >> [v2:172.21.15.123:3300/0,v1:172.21.15.123:6789/0] conn(0x7f58800704a0 0x7f588010aa40 secure :-1 s=READY pgs=67 cs=0 l=1 rev1=1 rx=0x7f5874006a40 tx=0x7f5874006ee0).stop
2023-11-15T06:37:35.156 INFO:teuthology.orchestra.run.smithi123.stderr:/usr/bin/ceph:
2023-11-15T06:37:35.152+0000 7f5885984700 1 -- 172.21.15.123:0/2575836258 shutdown_connections
2023-11-15T06:37:35.156 INFO:teuthology.orchestra.run.smithi123.stderr:/usr/bin/ceph:
2023-11-15T06:37:35.152+0000 7f5885984700 1 --2- 172.21.15.123:0/2575836258 >> [v2:172.21.15.123:6800/1692115469,v1:172.21.15.123:6801/1692115469] conn(0x7f586c02fe60 0x7f586c032320 unknown :-1 s=CLOSED pgs=11 cs=0 l=1 rev1=1 rx=0 tx=0).stop
2023-11-15T06:37:35.157 INFO:teuthology.orchestra.run.smithi123.stderr:/usr/bin/ceph:
2023-11-15T06:37:35.152+0000 7f5885984700 1 --2- 172.21.15.123:0/2575836258 >> [v2:172.21.15.123:3300/0,v1:172.21.15.123:6789/0] conn(0x7f58800704a0 0x7f588010aa40 unknown :-1 s=CLOSED pgs=67 cs=0 l=1 rev1=1 rx=0 tx=0).stop
2023-11-15T06:37:35.157 INFO:teuthology.orchestra.run.smithi123.stderr:/usr/bin/ceph:
2023-11-15T06:37:35.152+0000 7f5885984700 1 -- 172.21.15.123:0/2575836258 >> 172.21.15.123:0/2575836258 conn(0x7f58800f63b0 msgr2=0x7f58800f7e60 unknown :-1 s=STATE_NONE l=0).mark_down
2023-11-15T06:37:35.157 INFO:teuthology.orchestra.run.smithi123.stderr:/usr/bin/ceph:
2023-11-15T06:37:35.152+0000 7f5885984700 1 -- 172.21.15.123:0/2575836258 shutdown_connections
2023-11-15T06:37:35.157 INFO:teuthology.orchestra.run.smithi123.stderr:/usr/bin/ceph:
2023-11-15T06:37:35.153+0000 7f5885984700 1 -- 172.21.15.123:0/2575836258 wait complete.
2023-11-15T06:37:35.406 INFO:journalctl@ceph.mon.smithi123.smithi123.stdout:Nov 15 06:37:35 smithi123 ceph-4a6dbac0-8381-11ee-8dbe-212e2dc638e7-mon.smithi123[112306]: audit
2023-11-15T06:37:34.148732+0000 mon.smithi123 (mon.0) 86 : audit [INF] from='client.? 172.21.15.123:0/3921200373' entity='client.admin'
2023-11-15T06:37:35.406 INFO:journalctl@ceph.mon.smithi123.smithi123.stdout:Nov 15 06:37:35 smithi123 ceph-4a6dbac0-8381-11ee-8dbe-212e2dc638e7-mon.smithi123[112306]: audit
2023-11-15T06:37:35.049934+0000 mon.smithi123 (mon.0) 87 : audit [INF] from='client.? 172.21.15.123:0/2575836258' entity='client.admin' cmd=[{"prefix": "mgr module enable", "module": "dashboard"}]: dispatch
2023-11-15T06:37:35.509 INFO:teuthology.orchestra.run.smithi123.stderr:Running command: /bin/podman run --rm --ipc=host --no-hosts --net=host --entrypoint /usr/bin/ceph --init -e CONTAINER_IMAGE=docker.io/ceph/ceph:v16.2.4 -e NODE_NAME=smithi123 -e CEPH_USE_RANDOM_NONCE=1 -v /var/log/ceph/4a6dbac0-8381-11ee-8dbe-212e2dc638e7:/var/log/ceph:z -v /tmp/ceph-tmpd9up4_f8:/etc/ceph/ceph.client.admin.keyring:z -v /tmp/ceph-tmph_8r8dvu:/etc/ceph/ceph.conf:z docker.io/ceph/ceph:v16.2.4 mgr stat
2023-11-15T06:37:35.882 INFO:teuthology.orchestra.run.smithi123.stderr:/usr/bin/ceph:
2023-11-15T06:37:35.878+0000 7f224110c700 1 Processor -- start
2023-11-15T06:37:35.883 INFO:teuthology.orchestra.run.smithi123.stderr:/usr/bin/ceph:
2023-11-15T06:37:35.879+0000 7f224110c700 1 -- start start
2023-11-15T06:37:35.883 INFO:teuthology.orchestra.run.smithi123.stderr:/usr/bin/ceph:
2023-11-15T06:37:35.879+0000 7f224110c700 1 --2- >> [v2:172.21.15.123:3300/0,v1:172.21.15.123:6789/0] conn(0x7f223c0703d0 0x7f223c100d40 unknown :-1 s=NONE pgs=0 cs=0 l=0 rev1=0 rx=0 tx=0).connect
2023-11-15T06:37:35.883 INFO:teuthology.orchestra.run.smithi123.stderr:/usr/bin/ceph:
2023-11-15T06:37:35.879+0000 7f224110c700 1 -- --> [v2:172.21.15.123:3300/0,v1:172.21.15.123:6789/0] -- mon_getmap magic: 0 v1 -- 0x7f223c0fc730 con 0x7f223c0703d0
2023-11-15T06:37:35.883 INFO:teuthology.orchestra.run.smithi123.stderr:/usr/bin/ceph:
2023-11-15T06:37:35.879+0000 7f223ad9d700 1 --2- >> [v2:172.21.15.123:3300/0,v1:172.21.15.123:6789/0] conn(0x7f223c0703d0 0x7f223c100d40 unknown :-1 s=BANNER_CONNECTING pgs=0 cs=0 l=0 rev1=0 rx=0 tx=0)._handle_peer_banner_payload supported=1 required=0
2023-11-15T06:37:35.884 INFO:teuthology.orchestra.run.smithi123.stderr:/usr/bin/ceph:
2023-11-15T06:37:35.879+0000 7f223ad9d700 1 --2- >> [v2:172.21.15.123:3300/0,v1:172.21.15.123:6789/0] conn(0x7f223c0703d0 0x7f223c100d40 unknown :-1 s=HELLO_CONNECTING pgs=0 cs=0 l=0 rev1=1 rx=0 tx=0).handle_hello peer v2:172.21.15.123:3300/0 says I am v2:172.21.15.123:38112/0 (socket says 172.21.15.123:38112)
2023-11-15T06:37:35.884 INFO:teuthology.orchestra.run.smithi123.stderr:/usr/bin/ceph:
2023-11-15T06:37:35.879+0000 7f223ad9d700 1 -- 172.21.15.123:0/312015296 learned_addr learned my addr 172.21.15.123:0/312015296 (peer_addr_for_me v2:172.21.15.123:0/0)
2023-11-15T06:37:35.884 INFO:teuthology.orchestra.run.smithi123.stderr:/usr/bin/ceph:
2023-11-15T06:37:35.879+0000 7f223ad9d700 1 -- 172.21.15.123:0/312015296 --> [v2:172.21.15.123:3300/0,v1:172.21.15.123:6789/0] -- mon_subscribe({config=0+,monmap=0+}) v3 -- 0x7f223c101230 con 0x7f223c0703d0
2023-11-15T06:37:35.884 INFO:teuthology.orchestra.run.smithi123.stderr:/usr/bin/ceph:
2023-11-15T06:37:35.879+0000 7f223ad9d700 1 --2- 172.21.15.123:0/312015296 >> [v2:172.21.15.123:3300/0,v1:172.21.15.123:6789/0] conn(0x7f223c0703d0 0x7f223c100d40 secure :-1 s=READY pgs=70 cs=0 l=1 rev1=1 rx=0x7f222c00b5f0 tx=0x7f222c006ee0).ready entity=mon.0 client_cookie=eb29877b3a58dde8 server_cookie=0 in_seq=0 out_seq=0
2023-11-15T06:37:35.884 INFO:teuthology.orchestra.run.smithi123.stderr:/usr/bin/ceph:
2023-11-15T06:37:35.879+0000 7f2239d9b700 1 -- 172.21.15.123:0/312015296 <== mon.0 v2:172.21.15.123:3300/0 1 ==== mon_map magic: 0 v1 ==== 229+0+0 (secure 0 0 0) 0x7f222c00d600 con 0x7f223c0703d0
2023-11-15T06:37:35.885 INFO:teuthology.orchestra.run.smithi123.stderr:/usr/bin/ceph:
2023-11-15T06:37:35.879+0000 7f2239d9b700 1 -- 172.21.15.123:0/312015296 <== mon.0 v2:172.21.15.123:3300/0 2 ==== config(25 keys) v1 ==== 1074+0+0 (secure 0 0 0) 0x7f222c00dc10 con 0x7f223c0703d0
2023-11-15T06:37:35.885 INFO:teuthology.orchestra.run.smithi123.stderr:/usr/bin/ceph:
2023-11-15T06:37:35.880+0000 7f2239d9b700 1 -- 172.21.15.123:0/312015296 <== mon.0 v2:172.21.15.123:3300/0 3 ==== mon_map magic: 0 v1 ==== 229+0+0 (secure 0 0 0) 0x7f222c011cd0 con 0x7f223c0703d0
2023-11-15T06:37:35.885 INFO:teuthology.orchestra.run.smithi123.stderr:/usr/bin/ceph:
2023-11-15T06:37:35.880+0000 7f224110c700 1 -- 172.21.15.123:0/312015296 >> [v2:172.21.15.123:3300/0,v1:172.21.15.123:6789/0] conn(0x7f223c0703d0 msgr2=0x7f223c100d40 secure :-1 s=STATE_CONNECTION_ESTABLISHED l=1).mark_down
2023-11-15T06:37:35.885 INFO:teuthology.orchestra.run.smithi123.stderr:/usr/bin/ceph:
2023-11-15T06:37:35.880+0000 7f224110c700 1 --2- 172.21.15.123:0/312015296 >> [v2:172.21.15.123:3300/0,v1:172.21.15.123:6789/0] conn(0x7f223c0703d0 0x7f223c100d40 secure :-1 s=READY pgs=70 cs=0 l=1 rev1=1 rx=0x7f222c00b5f0 tx=0x7f222c006ee0).stop
2023-11-15T06:37:35.889 INFO:teuthology.orchestra.run.smithi123.stderr:/usr/bin/ceph:
2023-11-15T06:37:35.880+0000 7f224110c700 1 -- 172.21.15.123:0/312015296 shutdown_connections
2023-11-15T06:37:35.889 INFO:teuthology.orchestra.run.smithi123.stderr:/usr/bin/ceph:
2023-11-15T06:37:35.880+0000 7f224110c700 1 --2- 172.21.15.123:0/312015296 >> [v2:172.21.15.123:3300/0,v1:172.21.15.123:6789/0] conn(0x7f223c0703d0 0x7f223c100d40 unknown :-1 s=CLOSED pgs=70 cs=0 l=1 rev1=1 rx=0 tx=0).stop
2023-11-15T06:37:35.889 INFO:teuthology.orchestra.run.smithi123.stderr:/usr/bin/ceph:
2023-11-15T06:37:35.880+0000 7f224110c700 1 -- 172.21.15.123:0/312015296 >> 172.21.15.123:0/312015296 conn(0x7f223c0f63c0 msgr2=0x7f223c0f87e0 unknown :-1 s=STATE_NONE l=0).mark_down
2023-11-15T06:37:35.889 INFO:teuthology.orchestra.run.smithi123.stderr:/usr/bin/ceph:
2023-11-15T06:37:35.880+0000 7f224110c700 1 -- 172.21.15.123:0/312015296 shutdown_connections
2023-11-15T06:37:35.890 INFO:teuthology.orchestra.run.smithi123.stderr:/usr/bin/ceph:
2023-11-15T06:37:35.880+0000 7f224110c700 1 -- 172.21.15.123:0/312015296 wait complete.
2023-11-15T06:37:35.890 INFO:teuthology.orchestra.run.smithi123.stderr:/usr/bin/ceph:
2023-11-15T06:37:35.881+0000 7f224110c700 1 Processor -- start
2023-11-15T06:37:35.890 INFO:teuthology.orchestra.run.smithi123.stderr:/usr/bin/ceph:
2023-11-15T06:37:35.881+0000 7f224110c700 1 -- start start
2023-11-15T06:37:35.890 INFO:teuthology.orchestra.run.smithi123.stderr:/usr/bin/ceph:
2023-11-15T06:37:35.881+0000 7f224110c700 1 --2- >> [v2:172.21.15.123:3300/0,v1:172.21.15.123:6789/0] conn(0x7f223c0703d0 0x7f223c10cd00 unknown :-1 s=NONE pgs=0 cs=0 l=1 rev1=0 rx=0 tx=0).connect
2023-11-15T06:37:35.891 INFO:teuthology.orchestra.run.smithi123.stderr:/usr/bin/ceph:
2023-11-15T06:37:35.881+0000 7f224110c700 1 -- --> [v2:172.21.15.123:3300/0,v1:172.21.15.123:6789/0] -- mon_getmap magic: 0 v1 -- 0x7f223c10d1f0 con 0x7f223c0703d0
2023-11-15T06:37:35.891 INFO:teuthology.orchestra.run.smithi123.stderr:/usr/bin/ceph:
2023-11-15T06:37:35.882+0000 7f223ad9d700 1 --2- >> [v2:172.21.15.123:3300/0,v1:172.21.15.123:6789/0] conn(0x7f223c0703d0 0x7f223c10cd00 unknown :-1 s=BANNER_CONNECTING pgs=0 cs=0 l=1 rev1=0 rx=0 tx=0)._handle_peer_banner_payload supported=1 required=0
2023-11-15T06:37:35.891 INFO:teuthology.orchestra.run.smithi123.stderr:/usr/bin/ceph:
2023-11-15T06:37:35.882+0000 7f223ad9d700 1 --2- >> [v2:172.21.15.123:3300/0,v1:172.21.15.123:6789/0] conn(0x7f223c0703d0 0x7f223c10cd00 unknown :-1 s=HELLO_CONNECTING pgs=0 cs=0 l=1 rev1=1 rx=0 tx=0).handle_hello peer v2:172.21.15.123:3300/0 says I am v2:172.21.15.123:38128/0 (socket says 172.21.15.123:38128)
2023-11-15T06:37:35.891 INFO:teuthology.orchestra.run.smithi123.stderr:/usr/bin/ceph:
2023-11-15T06:37:35.882+0000 7f223ad9d700 1 -- 172.21.15.123:0/2044834185 learned_addr learned my addr 172.21.15.123:0/2044834185 (peer_addr_for_me v2:172.21.15.123:0/0)
2023-11-15T06:37:35.891 INFO:teuthology.orchestra.run.smithi123.stderr:/usr/bin/ceph:
2023-11-15T06:37:35.882+0000 7f223ad9d700 1 -- 172.21.15.123:0/2044834185 --> [v2:172.21.15.123:3300/0,v1:172.21.15.123:6789/0] -- mon_subscribe({config=0+,monmap=0+}) v3 -- 0x7f222c00b200 con 0x7f223c0703d0
2023-11-15T06:37:35.892 INFO:teuthology.orchestra.run.smithi123.stderr:/usr/bin/ceph:
2023-11-15T06:37:35.882+0000 7f223ad9d700 1 --2- 172.21.15.123:0/2044834185 >> [v2:172.21.15.123:3300/0,v1:172.21.15.123:6789/0] conn(0x7f223c0703d0 0x7f223c10cd00 secure :-1 s=READY pgs=71 cs=0 l=1 rev1=1 rx=0x7f222c006a40 tx=0x7f222c006ee0).ready entity=mon.0 client_cookie=0 server_cookie=0 in_seq=0 out_seq=0
2023-11-15T06:37:35.892 INFO:teuthology.orchestra.run.smithi123.stderr:/usr/bin/ceph:
2023-11-15T06:37:35.882+0000 7f22237fe700 1 -- 172.21.15.123:0/2044834185 <== mon.0 v2:172.21.15.123:3300/0 1 ==== mon_map magic: 0 v1 ==== 229+0+0 (secure 0 0 0) 0x7f222c011c90 con 0x7f223c0703d0
2023-11-15T06:37:35.892 INFO:teuthology.orchestra.run.smithi123.stderr:/usr/bin/ceph:
2023-11-15T06:37:35.882+0000 7f22237fe700 1 -- 172.21.15.123:0/2044834185 <== mon.0 v2:172.21.15.123:3300/0 2 ==== config(25 keys) v1 ==== 1074+0+0 (secure 0 0 0) 0x7f222c01b8c0 con 0x7f223c0703d0
2023-11-15T06:37:35.892 INFO:teuthology.orchestra.run.smithi123.stderr:/usr/bin/ceph:
2023-11-15T06:37:35.882+0000 7f224110c700 1 -- 172.21.15.123:0/2044834185 --> [v2:172.21.15.123:3300/0,v1:172.21.15.123:6789/0] -- mon_subscribe({mgrmap=0+}) v3 -- 0x7f223c10d3f0 con 0x7f223c0703d0
2023-11-15T06:37:35.892 INFO:teuthology.orchestra.run.smithi123.stderr:/usr/bin/ceph:
2023-11-15T06:37:35.882+0000 7f22237fe700 1 -- 172.21.15.123:0/2044834185 <== mon.0 v2:172.21.15.123:3300/0 3 ==== mon_map magic: 0 v1 ==== 229+0+0 (secure 0 0 0) 0x7f222c01a8c0 con 0x7f223c0703d0
2023-11-15T06:37:35.892 INFO:teuthology.orchestra.run.smithi123.stderr:/usr/bin/ceph:
2023-11-15T06:37:35.882+0000 7f224110c700 1 -- 172.21.15.123:0/2044834185 --> [v2:172.21.15.123:3300/0,v1:172.21.15.123:6789/0] -- mon_subscribe({osdmap=0}) v3 -- 0x7f223c10d800 con 0x7f223c0703d0
2023-11-15T06:37:35.893 INFO:teuthology.orchestra.run.smithi123.stderr:/usr/bin/ceph:
2023-11-15T06:37:35.883+0000 7f22237fe700 1 -- 172.21.15.123:0/2044834185 <== mon.0 v2:172.21.15.123:3300/0 4 ==== mgrmap(e 13) v1 ==== 36208+0+0 (secure 0 0 0) 0x7f222c00f070 con 0x7f223c0703d0
2023-11-15T06:37:35.893 INFO:teuthology.orchestra.run.smithi123.stderr:/usr/bin/ceph:
2023-11-15T06:37:35.883+0000 7f224110c700 1 -- 172.21.15.123:0/2044834185 --> [v2:172.21.15.123:3300/0,v1:172.21.15.123:6789/0] -- mon_command({"prefix": "get_command_descriptions"} v 0) v1 -- 0x7f223c045ad0 con 0x7f223c0703d0
2023-11-15T06:37:35.893 INFO:teuthology.orchestra.run.smithi123.stderr:/usr/bin/ceph:
2023-11-15T06:37:35.883+0000 7f22237fe700 1 --2- 172.21.15.123:0/2044834185 >> [v2:172.21.15.123:6800/1692115469,v1:172.21.15.123:6801/1692115469] conn(0x7f222802feb0 0x7f2228032370 unknown :-1 s=NONE pgs=0 cs=0 l=1 rev1=0 rx=0 tx=0).connect
2023-11-15T06:37:35.893 INFO:teuthology.orchestra.run.smithi123.stderr:/usr/bin/ceph:
2023-11-15T06:37:35.883+0000 7f22237fe700 1 -- 172.21.15.123:0/2044834185 <== mon.0 v2:172.21.15.123:3300/0 5 ==== osd_map(3..3 src has 1..3) v4 ==== 1098+0+0 (secure 0 0 0) 0x7f222c040b90 con 0x7f223c0703d0
2023-11-15T06:37:35.893 INFO:teuthology.orchestra.run.smithi123.stderr:/usr/bin/ceph:
2023-11-15T06:37:35.883+0000 7f223a59c700 1 -- 172.21.15.123:0/2044834185 >> [v2:172.21.15.123:6800/1692115469,v1:172.21.15.123:6801/1692115469] conn(0x7f222802feb0 msgr2=0x7f2228032370 unknown :-1 s=STATE_CONNECTING_RE l=1).process reconnect failed to v2:172.21.15.123:6800/1692115469
2023-11-15T06:37:35.894 INFO:teuthology.orchestra.run.smithi123.stderr:/usr/bin/ceph:
2023-11-15T06:37:35.883+0000 7f223a59c700 1 --2- 172.21.15.123:0/2044834185 >> [v2:172.21.15.123:6800/1692115469,v1:172.21.15.123:6801/1692115469] conn(0x7f222802feb0 0x7f2228032370 unknown :-1 s=START_CONNECT pgs=0 cs=0 l=1 rev1=0 rx=0 tx=0)._fault waiting 0.200000
2023-11-15T06:37:35.894 INFO:teuthology.orchestra.run.smithi123.stderr:/usr/bin/ceph:
2023-11-15T06:37:35.888+0000 7f22237fe700 1 -- 172.21.15.123:0/2044834185 <== mon.0 v2:172.21.15.123:3300/0 6 ==== mon_command_ack([{"prefix": "get_command_descriptions"}]=0 v0) v1 ==== 72+0+152212 (secure 0 0 0) 0x7f222c010540 con 0x7f223c0703d0
2023-11-15T06:37:36.084 INFO:teuthology.orchestra.run.smithi123.stderr:/usr/bin/ceph:
2023-11-15T06:37:36.081+0000 7f224110c700 1 -- 172.21.15.123:0/2044834185 --> [v2:172.21.15.123:3300/0,v1:172.21.15.123:6789/0] -- mon_command({"prefix": "mgr stat"} v 0) v1 -- 0x7f223c10e6a0 con 0x7f223c0703d0
2023-11-15T06:37:36.085 INFO:teuthology.orchestra.run.smithi123.stderr:/usr/bin/ceph:
2023-11-15T06:37:36.082+0000 7f22237fe700 1 -- 172.21.15.123:0/2044834185 <== mon.0 v2:172.21.15.123:3300/0 7 ==== mon_command_ack([{"prefix": "mgr stat"}]=0 v13) v1 ==== 56+0+104 (secure 0 0 0) 0x7f222c016070 con 0x7f223c0703d0
2023-11-15T06:37:36.085 INFO:teuthology.orchestra.run.smithi123.stderr:/usr/bin/ceph: {
2023-11-15T06:37:36.085 INFO:teuthology.orchestra.run.smithi123.stderr:/usr/bin/ceph: "epoch": 13,
2023-11-15T06:37:36.085 INFO:teuthology.orchestra.run.smithi123.stderr:/usr/bin/ceph: "available": true,
2023-11-15T06:37:36.086 INFO:teuthology.orchestra.run.smithi123.stderr:/usr/bin/ceph: "active_name": "smithi123.razjtn",
2023-11-15T06:37:36.086 INFO:teuthology.orchestra.run.smithi123.stderr:/usr/bin/ceph: "num_standby": 0
2023-11-15T06:37:36.087 INFO:teuthology.orchestra.run.smithi123.stderr:/usr/bin/ceph: }
2023-11-15T06:37:36.087 INFO:teuthology.orchestra.run.smithi123.stderr:/usr/bin/ceph:
2023-11-15T06:37:36.083+0000 7f224110c700 1 -- 172.21.15.123:0/2044834185 >> [v2:172.21.15.123:6800/1692115469,v1:172.21.15.123:6801/1692115469] conn(0x7f222802feb0 msgr2=0x7f2228032370 unknown :-1 s=STATE_CONNECTING l=1).mark_down
2023-11-15T06:37:36.088 INFO:teuthology.orchestra.run.smithi123.stderr:/usr/bin/ceph:
2023-11-15T06:37:36.083+0000 7f224110c700 1 --2- 172.21.15.123:0/2044834185 >> [v2:172.21.15.123:6800/1692115469,v1:172.21.15.123:6801/1692115469] conn(0x7f222802feb0 0x7f2228032370 unknown :-1 s=START_CONNECT pgs=0 cs=0 l=1 rev1=0 rx=0 tx=0).stop
2023-11-15T06:37:36.088 INFO:teuthology.orchestra.run.smithi123.stderr:/usr/bin/ceph:
2023-11-15T06:37:36.083+0000 7f224110c700 1 -- 172.21.15.123:0/2044834185 >> [v2:172.21.15.123:3300/0,v1:172.21.15.123:6789/0] conn(0x7f223c0703d0 msgr2=0x7f223c10cd00 secure :-1 s=STATE_CONNECTION_ESTABLISHED l=1).mark_down
2023-11-15T06:37:36.088 INFO:teuthology.orchestra.run.smithi123.stderr:/usr/bin/ceph:
2023-11-15T06:37:36.083+0000 7f224110c700 1 --2- 172.21.15.123:0/2044834185 >> [v2:172.21.15.123:3300/0,v1:172.21.15.123:6789/0] conn(0x7f223c0703d0 0x7f223c10cd00 secure :-1 s=READY pgs=71 cs=0 l=1 rev1=1 rx=0x7f222c006a40 tx=0x7f222c006ee0).stop
2023-11-15T06:37:36.088 INFO:teuthology.orchestra.run.smithi123.stderr:/usr/bin/ceph:
2023-11-15T06:37:36.083+0000 7f224110c700 1 -- 172.21.15.123:0/2044834185 shutdown_connections
2023-11-15T06:37:36.088 INFO:teuthology.orchestra.run.smithi123.stderr:/usr/bin/ceph:
2023-11-15T06:37:36.083+0000 7f224110c700 1 --2- 172.21.15.123:0/2044834185 >> [v2:172.21.15.123:6800/1692115469,v1:172.21.15.123:6801/1692115469] conn(0x7f222802feb0 0x7f2228032370 unknown :-1 s=CLOSED pgs=0 cs=0 l=1 rev1=0 rx=0 tx=0).stop
2023-11-15T06:37:36.089 INFO:teuthology.orchestra.run.smithi123.stderr:/usr/bin/ceph:
2023-11-15T06:37:36.083+0000 7f224110c700 1 --2- 172.21.15.123:0/2044834185 >> [v2:172.21.15.123:3300/0,v1:172.21.15.123:6789/0] conn(0x7f223c0703d0 0x7f223c10cd00 unknown :-1 s=CLOSED pgs=71 cs=0 l=1 rev1=1 rx=0 tx=0).stop
2023-11-15T06:37:36.089 INFO:teuthology.orchestra.run.smithi123.stderr:/usr/bin/ceph:
2023-11-15T06:37:36.083+0000 7f224110c700 1 -- 172.21.15.123:0/2044834185 >> 172.21.15.123:0/2044834185 conn(0x7f223c0f63c0 msgr2=0x7f223c0f7ed0 unknown :-1 s=STATE_NONE l=0).mark_down
2023-11-15T06:37:36.089 INFO:teuthology.orchestra.run.smithi123.stderr:/usr/bin/ceph:
2023-11-15T06:37:36.083+0000 7f224110c700 1 -- 172.21.15.123:0/2044834185 shutdown_connections
2023-11-15T06:37:36.089 INFO:teuthology.orchestra.run.smithi123.stderr:/usr/bin/ceph:
2023-11-15T06:37:36.083+0000 7f224110c700 1 -- 172.21.15.123:0/2044834185 wait complete.
2023-11-15T06:37:36.369 INFO:journalctl@ceph.mon.smithi123.smithi123.stdout:Nov 15 06:37:36 smithi123 ceph-4a6dbac0-8381-11ee-8dbe-212e2dc638e7-mon.smithi123[112306]: audit
2023-11-15T06:37:35.151386+0000 mon.smithi123 (mon.0) 88 : audit [INF] from='client.? 172.21.15.123:0/2575836258' entity='client.admin' cmd='[{"prefix": "mgr module enable", "module": "dashboard"}]': finished
2023-11-15T06:37:36.370 INFO:journalctl@ceph.mon.smithi123.smithi123.stdout:Nov 15 06:37:36 smithi123 ceph-4a6dbac0-8381-11ee-8dbe-212e2dc638e7-mon.smithi123[112306]: cluster
2023-11-15T06:37:35.151437+0000 mon.smithi123 (mon.0) 89 : cluster [DBG] mgrmap e13: smithi123.razjtn(active, since 7s)
2023-11-15T06:37:36.370 INFO:journalctl@ceph.mon.smithi123.smithi123.stdout:Nov 15 06:37:36 smithi123 ceph-4a6dbac0-8381-11ee-8dbe-212e2dc638e7-mon.smithi123[112306]: audit
2023-11-15T06:37:36.082616+0000 mon.smithi123 (mon.0) 90 : audit [DBG] from='client.? 172.21.15.123:0/2044834185' entity='client.admin' cmd=[{"prefix": "mgr stat"}]: dispatch
2023-11-15T06:37:36.436 INFO:teuthology.orchestra.run.smithi123.stderr:Waiting for the mgr to restart...
2023-11-15T06:37:36.436 INFO:teuthology.orchestra.run.smithi123.stderr:Waiting for mgr epoch 13...
