2023-11-15T06:57:58.726+0000 7f08eaffd700 1 -- 172.21.15.93:0/2572384982 <== mon.0 v2:172.21.15.93:3300/0 1 ==== mon_map magic: 0 v1 ==== 229+0+0 (secure 0 0 0) 0x7f08dc00d600 con 0x7f08ec0703d0
2023-11-15T06:57:58.731 INFO:teuthology.orchestra.run.smithi093.stderr:/usr/bin/ceph:
2023-11-15T06:57:58.726+0000 7f08eaffd700 1 -- 172.21.15.93:0/2572384982 <== mon.0 v2:172.21.15.93:3300/0 2 ==== config(25 keys) v1 ==== 1074+0+0 (secure 0 0 0) 0x7f08dc00dc10 con 0x7f08ec0703d0
2023-11-15T06:57:58.732 INFO:teuthology.orchestra.run.smithi093.stderr:/usr/bin/ceph:
2023-11-15T06:57:58.726+0000 7f08eaffd700 1 -- 172.21.15.93:0/2572384982 <== mon.0 v2:172.21.15.93:3300/0 3 ==== mon_map magic: 0 v1 ==== 229+0+0 (secure 0 0 0) 0x7f08dc011cd0 con 0x7f08ec0703d0
2023-11-15T06:57:58.732 INFO:teuthology.orchestra.run.smithi093.stderr:/usr/bin/ceph:
2023-11-15T06:57:58.727+0000 7f08f2844700 1 -- 172.21.15.93:0/2572384982 >> [v2:172.21.15.93:3300/0,v1:172.21.15.93:6789/0] conn(0x7f08ec0703d0 msgr2=0x7f08ec100d40 secure :-1 s=STATE_CONNECTION_ESTABLISHED l=1).mark_down
2023-11-15T06:57:58.732 INFO:teuthology.orchestra.run.smithi093.stderr:/usr/bin/ceph:
2023-11-15T06:57:58.727+0000 7f08f2844700 1 --2- 172.21.15.93:0/2572384982 >> [v2:172.21.15.93:3300/0,v1:172.21.15.93:6789/0] conn(0x7f08ec0703d0 0x7f08ec100d40 secure :-1 s=READY pgs=72 cs=0 l=1 rev1=1 rx=0x7f08dc00b5f0 tx=0x7f08dc006ee0).stop
2023-11-15T06:57:58.736 INFO:teuthology.orchestra.run.smithi093.stderr:/usr/bin/ceph:
2023-11-15T06:57:58.727+0000 7f08f2844700 1 -- 172.21.15.93:0/2572384982 shutdown_connections
2023-11-15T06:57:58.736 INFO:teuthology.orchestra.run.smithi093.stderr:/usr/bin/ceph:
2023-11-15T06:57:58.727+0000 7f08f2844700 1 --2- 172.21.15.93:0/2572384982 >> [v2:172.21.15.93:3300/0,v1:172.21.15.93:6789/0] conn(0x7f08ec0703d0 0x7f08ec100d40 unknown :-1 s=CLOSED pgs=72 cs=0 l=1 rev1=1 rx=0 tx=0).stop
2023-11-15T06:57:58.736 INFO:teuthology.orchestra.run.smithi093.stderr:/usr/bin/ceph:
2023-11-15T06:57:58.727+0000 7f08f2844700 1 -- 172.21.15.93:0/2572384982 >> 172.21.15.93:0/2572384982 conn(0x7f08ec0f63c0 msgr2=0x7f08ec0f87e0 unknown :-1 s=STATE_NONE l=0).mark_down
2023-11-15T06:57:58.736 INFO:teuthology.orchestra.run.smithi093.stderr:/usr/bin/ceph:
2023-11-15T06:57:58.727+0000 7f08f2844700 1 -- 172.21.15.93:0/2572384982 shutdown_connections
2023-11-15T06:57:58.737 INFO:teuthology.orchestra.run.smithi093.stderr:/usr/bin/ceph:
2023-11-15T06:57:58.727+0000 7f08f2844700 1 -- 172.21.15.93:0/2572384982 wait complete.
2023-11-15T06:57:58.737 INFO:teuthology.orchestra.run.smithi093.stderr:/usr/bin/ceph:
2023-11-15T06:57:58.728+0000 7f08f2844700 1 Processor -- start
2023-11-15T06:57:58.737 INFO:teuthology.orchestra.run.smithi093.stderr:/usr/bin/ceph:
2023-11-15T06:57:58.728+0000 7f08f2844700 1 -- start start
2023-11-15T06:57:58.737 INFO:teuthology.orchestra.run.smithi093.stderr:/usr/bin/ceph:
2023-11-15T06:57:58.728+0000 7f08f2844700 1 --2- >> [v2:172.21.15.93:3300/0,v1:172.21.15.93:6789/0] conn(0x7f08ec0703d0 0x7f08ec10cd00 unknown :-1 s=NONE pgs=0 cs=0 l=1 rev1=0 rx=0 tx=0).connect
2023-11-15T06:57:58.737 INFO:teuthology.orchestra.run.smithi093.stderr:/usr/bin/ceph:
2023-11-15T06:57:58.728+0000 7f08f2844700 1 -- --> [v2:172.21.15.93:3300/0,v1:172.21.15.93:6789/0] -- mon_getmap magic: 0 v1 -- 0x7f08ec10d1f0 con 0x7f08ec0703d0
2023-11-15T06:57:58.737 INFO:teuthology.orchestra.run.smithi093.stderr:/usr/bin/ceph:
2023-11-15T06:57:58.728+0000 7f08ebfff700 1 --2- >> [v2:172.21.15.93:3300/0,v1:172.21.15.93:6789/0] conn(0x7f08ec0703d0 0x7f08ec10cd00 unknown :-1 s=BANNER_CONNECTING pgs=0 cs=0 l=1 rev1=0 rx=0 tx=0)._handle_peer_banner_payload supported=1 required=0
2023-11-15T06:57:58.738 INFO:teuthology.orchestra.run.smithi093.stderr:/usr/bin/ceph:
2023-11-15T06:57:58.728+0000 7f08ebfff700 1 --2- >> [v2:172.21.15.93:3300/0,v1:172.21.15.93:6789/0] conn(0x7f08ec0703d0 0x7f08ec10cd00 unknown :-1 s=HELLO_CONNECTING pgs=0 cs=0 l=1 rev1=1 rx=0 tx=0).handle_hello peer v2:172.21.15.93:3300/0 says I am v2:172.21.15.93:60904/0 (socket says 172.21.15.93:60904)
2023-11-15T06:57:58.738 INFO:teuthology.orchestra.run.smithi093.stderr:/usr/bin/ceph:
2023-11-15T06:57:58.728+0000 7f08ebfff700 1 -- 172.21.15.93:0/3864815403 learned_addr learned my addr 172.21.15.93:0/3864815403 (peer_addr_for_me v2:172.21.15.93:0/0)
2023-11-15T06:57:58.738 INFO:teuthology.orchestra.run.smithi093.stderr:/usr/bin/ceph:
2023-11-15T06:57:58.729+0000 7f08ebfff700 1 -- 172.21.15.93:0/3864815403 --> [v2:172.21.15.93:3300/0,v1:172.21.15.93:6789/0] -- mon_subscribe({config=0+,monmap=0+}) v3 -- 0x7f08dc00b200 con 0x7f08ec0703d0
2023-11-15T06:57:58.738 INFO:teuthology.orchestra.run.smithi093.stderr:/usr/bin/ceph:
2023-11-15T06:57:58.729+0000 7f08ebfff700 1 --2- 172.21.15.93:0/3864815403 >> [v2:172.21.15.93:3300/0,v1:172.21.15.93:6789/0] conn(0x7f08ec0703d0 0x7f08ec10cd00 secure :-1 s=READY pgs=73 cs=0 l=1 rev1=1 rx=0x7f08dc006a40 tx=0x7f08dc006ee0).ready entity=mon.0 client_cookie=0 server_cookie=0 in_seq=0 out_seq=0
2023-11-15T06:57:58.738 INFO:teuthology.orchestra.run.smithi093.stderr:/usr/bin/ceph:
2023-11-15T06:57:58.729+0000 7f08e8ff9700 1 -- 172.21.15.93:0/3864815403 <== mon.0 v2:172.21.15.93:3300/0 1 ==== mon_map magic: 0 v1 ==== 229+0+0 (secure 0 0 0) 0x7f08dc011c90 con 0x7f08ec0703d0
2023-11-15T06:57:58.739 INFO:teuthology.orchestra.run.smithi093.stderr:/usr/bin/ceph:
2023-11-15T06:57:58.729+0000 7f08f2844700 1 -- 172.21.15.93:0/3864815403 --> [v2:172.21.15.93:3300/0,v1:172.21.15.93:6789/0] -- mon_subscribe({mgrmap=0+}) v3 -- 0x7f08ec10d3f0 con 0x7f08ec0703d0
2023-11-15T06:57:58.739 INFO:teuthology.orchestra.run.smithi093.stderr:/usr/bin/ceph:
2023-11-15T06:57:58.729+0000 7f08f2844700 1 -- 172.21.15.93:0/3864815403 --> [v2:172.21.15.93:3300/0,v1:172.21.15.93:6789/0] -- mon_subscribe({osdmap=0}) v3 -- 0x7f08ec10d800 con 0x7f08ec0703d0
2023-11-15T06:57:58.739 INFO:teuthology.orchestra.run.smithi093.stderr:/usr/bin/ceph:
2023-11-15T06:57:58.729+0000 7f08e8ff9700 1 -- 172.21.15.93:0/3864815403 <== mon.0 v2:172.21.15.93:3300/0 2 ==== config(25 keys) v1 ==== 1074+0+0 (secure 0 0 0) 0x7f08dc01b8c0 con 0x7f08ec0703d0
2023-11-15T06:57:58.739 INFO:teuthology.orchestra.run.smithi093.stderr:/usr/bin/ceph:
2023-11-15T06:57:58.729+0000 7f08e8ff9700 1 -- 172.21.15.93:0/3864815403 <== mon.0 v2:172.21.15.93:3300/0 3 ==== mon_map magic: 0 v1 ==== 229+0+0 (secure 0 0 0) 0x7f08dc01a8c0 con 0x7f08ec0703d0
2023-11-15T06:57:58.739 INFO:teuthology.orchestra.run.smithi093.stderr:/usr/bin/ceph:
2023-11-15T06:57:58.730+0000 7f08e8ff9700 1 -- 172.21.15.93:0/3864815403 <== mon.0 v2:172.21.15.93:3300/0 4 ==== mgrmap(e 12) v1 ==== 36208+0+0 (secure 0 0 0) 0x7f08dc00f070 con 0x7f08ec0703d0
2023-11-15T06:57:58.740 INFO:teuthology.orchestra.run.smithi093.stderr:/usr/bin/ceph:
2023-11-15T06:57:58.730+0000 7f08e8ff9700 1 --2- 172.21.15.93:0/3864815403 >> [v2:172.21.15.93:6800/1497847733,v1:172.21.15.93:6801/1497847733] conn(0x7f08d802ff00 0x7f08d80323c0 unknown :-1 s=NONE pgs=0 cs=0 l=1 rev1=0 rx=0 tx=0).connect
2023-11-15T06:57:58.740 INFO:teuthology.orchestra.run.smithi093.stderr:/usr/bin/ceph:
2023-11-15T06:57:58.730+0000 7f08e8ff9700 1 -- 172.21.15.93:0/3864815403 --> [v2:172.21.15.93:6800/1497847733,v1:172.21.15.93:6801/1497847733] -- command(tid 0: {"prefix": "get_command_descriptions"}) v1 -- 0x7f08d8032a80 con 0x7f08d802ff00
2023-11-15T06:57:58.740 INFO:teuthology.orchestra.run.smithi093.stderr:/usr/bin/ceph:
2023-11-15T06:57:58.730+0000 7f08e8ff9700 1 -- 172.21.15.93:0/3864815403 <== mon.0 v2:172.21.15.93:3300/0 5 ==== osd_map(3..3 src has 1..3) v4 ==== 1098+0+0 (secure 0 0 0) 0x7f08dc0409e0 con 0x7f08ec0703d0
2023-11-15T06:57:58.740 INFO:teuthology.orchestra.run.smithi093.stderr:/usr/bin/ceph:
2023-11-15T06:57:58.730+0000 7f08eb7fe700 1 -- 172.21.15.93:0/3864815403 >> [v2:172.21.15.93:6800/1497847733,v1:172.21.15.93:6801/1497847733] conn(0x7f08d802ff00 msgr2=0x7f08d80323c0 unknown :-1 s=STATE_CONNECTING_RE l=1).process reconnect failed to v2:172.21.15.93:6800/1497847733
2023-11-15T06:57:58.740 INFO:teuthology.orchestra.run.smithi093.stderr:/usr/bin/ceph:
2023-11-15T06:57:58.730+0000 7f08eb7fe700 1 --2- 172.21.15.93:0/3864815403 >> [v2:172.21.15.93:6800/1497847733,v1:172.21.15.93:6801/1497847733] conn(0x7f08d802ff00 0x7f08d80323c0 unknown :-1 s=START_CONNECT pgs=0 cs=0 l=1 rev1=0 rx=0 tx=0)._fault waiting 0.200000
2023-11-15T06:57:58.934 INFO:teuthology.orchestra.run.smithi093.stderr:/usr/bin/ceph:
2023-11-15T06:57:58.931+0000 7f08eb7fe700 1 -- 172.21.15.93:0/3864815403 >> [v2:172.21.15.93:6800/1497847733,v1:172.21.15.93:6801/1497847733] conn(0x7f08d802ff00 msgr2=0x7f08d80323c0 unknown :-1 s=STATE_CONNECTING_RE l=1).process reconnect failed to v2:172.21.15.93:6800/1497847733
2023-11-15T06:57:58.934 INFO:teuthology.orchestra.run.smithi093.stderr:/usr/bin/ceph:
2023-11-15T06:57:58.931+0000 7f08eb7fe700 1 --2- 172.21.15.93:0/3864815403 >> [v2:172.21.15.93:6800/1497847733,v1:172.21.15.93:6801/1497847733] conn(0x7f08d802ff00 0x7f08d80323c0 unknown :-1 s=START_CONNECT pgs=0 cs=0 l=1 rev1=0 rx=0 tx=0)._fault waiting 0.400000
2023-11-15T06:57:59.335 INFO:teuthology.orchestra.run.smithi093.stderr:/usr/bin/ceph:
2023-11-15T06:57:59.332+0000 7f08eb7fe700 1 -- 172.21.15.93:0/3864815403 >> [v2:172.21.15.93:6800/1497847733,v1:172.21.15.93:6801/1497847733] conn(0x7f08d802ff00 msgr2=0x7f08d80323c0 unknown :-1 s=STATE_CONNECTING_RE l=1).process reconnect failed to v2:172.21.15.93:6800/1497847733
2023-11-15T06:57:59.335 INFO:teuthology.orchestra.run.smithi093.stderr:/usr/bin/ceph:
2023-11-15T06:57:59.332+0000 7f08eb7fe700 1 --2- 172.21.15.93:0/3864815403 >> [v2:172.21.15.93:6800/1497847733,v1:172.21.15.93:6801/1497847733] conn(0x7f08d802ff00 0x7f08d80323c0 unknown :-1 s=START_CONNECT pgs=0 cs=0 l=1 rev1=0 rx=0 tx=0)._fault waiting 0.800000
2023-11-15T06:58:00.136 INFO:teuthology.orchestra.run.smithi093.stderr:/usr/bin/ceph:
2023-11-15T06:58:00.133+0000 7f08eb7fe700 1 -- 172.21.15.93:0/3864815403 >> [v2:172.21.15.93:6800/1497847733,v1:172.21.15.93:6801/1497847733] conn(0x7f08d802ff00 msgr2=0x7f08d80323c0 unknown :-1 s=STATE_CONNECTING_RE l=1).process reconnect failed to v2:172.21.15.93:6800/1497847733
2023-11-15T06:58:00.136 INFO:teuthology.orchestra.run.smithi093.stderr:/usr/bin/ceph:
2023-11-15T06:58:00.133+0000 7f08eb7fe700 1 --2- 172.21.15.93:0/3864815403 >> [v2:172.21.15.93:6800/1497847733,v1:172.21.15.93:6801/1497847733] conn(0x7f08d802ff00 0x7f08d80323c0 unknown :-1 s=START_CONNECT pgs=0 cs=0 l=1 rev1=0 rx=0 tx=0)._fault waiting 1.600000
2023-11-15T06:58:01.737 INFO:teuthology.orchestra.run.smithi093.stderr:/usr/bin/ceph:
2023-11-15T06:58:01.734+0000 7f08eb7fe700 1 -- 172.21.15.93:0/3864815403 >> [v2:172.21.15.93:6800/1497847733,v1:172.21.15.93:6801/1497847733] conn(0x7f08d802ff00 msgr2=0x7f08d80323c0 unknown :-1 s=STATE_CONNECTING_RE l=1).process reconnect failed to v2:172.21.15.93:6800/1497847733
2023-11-15T06:58:01.737 INFO:teuthology.orchestra.run.smithi093.stderr:/usr/bin/ceph:
2023-11-15T06:58:01.734+0000 7f08eb7fe700 1 --2- 172.21.15.93:0/3864815403 >> [v2:172.21.15.93:6800/1497847733,v1:172.21.15.93:6801/1497847733] conn(0x7f08d802ff00 0x7f08d80323c0 unknown :-1 s=START_CONNECT pgs=0 cs=0 l=1 rev1=0 rx=0 tx=0)._fault waiting 3.200000
2023-11-15T06:58:02.035 INFO:teuthology.orchestra.run.smithi093.stderr:/usr/bin/ceph:
2023-11-15T06:58:02.032+0000 7f08e8ff9700 1 -- 172.21.15.93:0/3864815403 <== mon.0 v2:172.21.15.93:3300/0 6 ==== mgrmap(e 13) v1 ==== 35997+0+0 (secure 0 0 0) 0x7f08dc024500 con 0x7f08ec0703d0
2023-11-15T06:58:02.035 INFO:teuthology.orchestra.run.smithi093.stderr:/usr/bin/ceph:
2023-11-15T06:58:02.032+0000 7f08e8ff9700 1 -- 172.21.15.93:0/3864815403 >> [v2:172.21.15.93:6800/1497847733,v1:172.21.15.93:6801/1497847733] conn(0x7f08d802ff00 msgr2=0x7f08d80323c0 unknown :-1 s=STATE_CONNECTING l=1).mark_down
2023-11-15T06:58:02.036 INFO:teuthology.orchestra.run.smithi093.stderr:/usr/bin/ceph:
2023-11-15T06:58:02.032+0000 7f08e8ff9700 1 --2- 172.21.15.93:0/3864815403 >> [v2:172.21.15.93:6800/1497847733,v1:172.21.15.93:6801/1497847733] conn(0x7f08d802ff00 0x7f08d80323c0 unknown :-1 s=START_CONNECT pgs=0 cs=0 l=1 rev1=0 rx=0 tx=0).stop
2023-11-15T06:58:02.257 INFO:journalctl@ceph.mon.smithi093.smithi093.stdout:Nov 15 06:58:02 smithi093 ceph-22f61b9c-8384-11ee-8dbe-212e2dc638e7-mon.smithi093[112339]: cluster
2023-11-15T06:58:01.980487+0000 mon.smithi093 (mon.0) 90 : cluster [INF] Active manager daemon smithi093.ghktbf restarted
2023-11-15T06:58:02.258 INFO:journalctl@ceph.mon.smithi093.smithi093.stdout:Nov 15 06:58:02 smithi093 ceph-22f61b9c-8384-11ee-8dbe-212e2dc638e7-mon.smithi093[112339]: cluster
2023-11-15T06:58:01.980874+0000 mon.smithi093 (mon.0) 91 : cluster [INF] Activating manager daemon smithi093.ghktbf
2023-11-15T06:58:02.258 INFO:journalctl@ceph.mon.smithi093.smithi093.stdout:Nov 15 06:58:02 smithi093 ceph-22f61b9c-8384-11ee-8dbe-212e2dc638e7-mon.smithi093[112339]: cluster
2023-11-15T06:58:01.982560+0000 mon.smithi093 (mon.0) 92 : cluster [DBG] osdmap e4: 0 total, 0 up, 0 in
2023-11-15T06:58:03.044 INFO:teuthology.orchestra.run.smithi093.stderr:/usr/bin/ceph:
2023-11-15T06:58:03.040+0000 7f08e8ff9700 1 -- 172.21.15.93:0/3864815403 <== mon.0 v2:172.21.15.93:3300/0 7 ==== mgrmap(e 14) v1 ==== 36067+0+0 (secure 0 0 0) 0x7f08dc01abb0 con 0x7f08ec0703d0
2023-11-15T06:58:03.044 INFO:teuthology.orchestra.run.smithi093.stderr:/usr/bin/ceph:
2023-11-15T06:58:03.040+0000 7f08e8ff9700 1 --2- 172.21.15.93:0/3864815403 >> [v2:172.21.15.93:6800/4095954564,v1:172.21.15.93:6801/4095954564] conn(0x7f08d8033b90 0x7f08d8035f80 unknown :-1 s=NONE pgs=0 cs=0 l=1 rev1=0 rx=0 tx=0).connect
2023-11-15T06:58:03.044 INFO:teuthology.orchestra.run.smithi093.stderr:/usr/bin/ceph:
2023-11-15T06:58:03.040+0000 7f08e8ff9700 1 -- 172.21.15.93:0/3864815403 --> [v2:172.21.15.93:6800/4095954564,v1:172.21.15.93:6801/4095954564] -- command(tid 0: {"prefix": "get_command_descriptions"}) v1 -- 0x7f08d8032a80 con 0x7f08d8033b90
2023-11-15T06:58:03.045 INFO:teuthology.orchestra.run.smithi093.stderr:/usr/bin/ceph:
2023-11-15T06:58:03.040+0000 7f08eb7fe700 1 --2- 172.21.15.93:0/3864815403 >> [v2:172.21.15.93:6800/4095954564,v1:172.21.15.93:6801/4095954564] conn(0x7f08d8033b90 0x7f08d8035f80 unknown :-1 s=BANNER_CONNECTING pgs=0 cs=0 l=1 rev1=0 rx=0 tx=0)._handle_peer_banner_payload supported=1 required=0
2023-11-15T06:58:03.045 INFO:teuthology.orchestra.run.smithi093.stderr:/usr/bin/ceph:
2023-11-15T06:58:03.041+0000 7f08eb7fe700 1 --2- 172.21.15.93:0/3864815403 >> [v2:172.21.15.93:6800/4095954564,v1:172.21.15.93:6801/4095954564] conn(0x7f08d8033b90 0x7f08d8035f80 secure :-1 s=READY pgs=3 cs=0 l=1 rev1=1 rx=0x7f08e0006fd0 tx=0x7f08e0006d70).ready entity=mgr.14162 client_cookie=0 server_cookie=0 in_seq=0 out_seq=0
2023-11-15T06:58:03.045 INFO:teuthology.orchestra.run.smithi093.stderr:/usr/bin/ceph:
2023-11-15T06:58:03.041+0000 7f08e8ff9700 1 -- 172.21.15.93:0/3864815403 <== mgr.14162 v2:172.21.15.93:6800/4095954564 1 ==== command_reply(tid 0: 0 ) v1 ==== 8+0+6438 (secure 0 0 0) 0x7f08d8032a80 con 0x7f08d8033b90
2023-11-15T06:58:03.054 INFO:teuthology.orchestra.run.smithi093.stderr:/usr/bin/ceph:
2023-11-15T06:58:03.049+0000 7f08f2844700 1 -- 172.21.15.93:0/3864815403 --> [v2:172.21.15.93:6800/4095954564,v1:172.21.15.93:6801/4095954564] -- command(tid 1: {"prefix": "mgr_status"}) v1 -- 0x7f08ec059100 con 0x7f08d8033b90
2023-11-15T06:58:03.055 INFO:teuthology.orchestra.run.smithi093.stderr:/usr/bin/ceph:
2023-11-15T06:58:03.049+0000 7f08e8ff9700 1 -- 172.21.15.93:0/3864815403 <== mgr.14162 v2:172.21.15.93:6800/4095954564 2 ==== command_reply(tid 1: 0 ) v1 ==== 8+0+52 (secure 0 0 0) 0x7f08ec059100 con 0x7f08d8033b90
2023-11-15T06:58:03.055 INFO:teuthology.orchestra.run.smithi093.stderr:/usr/bin/ceph: {
2023-11-15T06:58:03.055 INFO:teuthology.orchestra.run.smithi093.stderr:/usr/bin/ceph: "mgrmap_epoch": 14,
2023-11-15T06:58:03.055 INFO:teuthology.orchestra.run.smithi093.stderr:/usr/bin/ceph: "initialized": true
2023-11-15T06:58:03.056 INFO:teuthology.orchestra.run.smithi093.stderr:/usr/bin/ceph: }
2023-11-15T06:58:03.056 INFO:teuthology.orchestra.run.smithi093.stderr:/usr/bin/ceph:
2023-11-15T06:58:03.049+0000 7f08f2844700 1 -- 172.21.15.93:0/3864815403 >> [v2:172.21.15.93:6800/4095954564,v1:172.21.15.93:6801/4095954564] conn(0x7f08d8033b90 msgr2=0x7f08d8035f80 secure :-1 s=STATE_CONNECTION_ESTABLISHED l=1).mark_down
2023-11-15T06:58:03.056 INFO:teuthology.orchestra.run.smithi093.stderr:/usr/bin/ceph:
2023-11-15T06:58:03.050+0000 7f08f2844700 1 --2- 172.21.15.93:0/3864815403 >> [v2:172.21.15.93:6800/4095954564,v1:172.21.15.93:6801/4095954564] conn(0x7f08d8033b90 0x7f08d8035f80 secure :-1 s=READY pgs=3 cs=0 l=1 rev1=1 rx=0x7f08e0006fd0 tx=0x7f08e0006d70).stop
2023-11-15T06:58:03.056 INFO:teuthology.orchestra.run.smithi093.stderr:/usr/bin/ceph:
2023-11-15T06:58:03.050+0000 7f08f2844700 1 -- 172.21.15.93:0/3864815403 >> [v2:172.21.15.93:3300/0,v1:172.21.15.93:6789/0] conn(0x7f08ec0703d0 msgr2=0x7f08ec10cd00 secure :-1 s=STATE_CONNECTION_ESTABLISHED l=1).mark_down
2023-11-15T06:58:03.057 INFO:teuthology.orchestra.run.smithi093.stderr:/usr/bin/ceph:
2023-11-15T06:58:03.050+0000 7f08f2844700 1 --2- 172.21.15.93:0/3864815403 >> [v2:172.21.15.93:3300/0,v1:172.21.15.93:6789/0] conn(0x7f08ec0703d0 0x7f08ec10cd00 secure :-1 s=READY pgs=73 cs=0 l=1 rev1=1 rx=0x7f08dc006a40 tx=0x7f08dc006ee0).stop
2023-11-15T06:58:03.057 INFO:teuthology.orchestra.run.smithi093.stderr:/usr/bin/ceph:
2023-11-15T06:58:03.050+0000 7f08f2844700 1 -- 172.21.15.93:0/3864815403 shutdown_connections
2023-11-15T06:58:03.057 INFO:teuthology.orchestra.run.smithi093.stderr:/usr/bin/ceph:
2023-11-15T06:58:03.050+0000 7f08f2844700 1 --2- 172.21.15.93:0/3864815403 >> [v2:172.21.15.93:6800/4095954564,v1:172.21.15.93:6801/4095954564] conn(0x7f08d8033b90 0x7f08d8035f80 unknown :-1 s=CLOSED pgs=3 cs=0 l=1 rev1=1 rx=0 tx=0).stop
2023-11-15T06:58:03.057 INFO:teuthology.orchestra.run.smithi093.stderr:/usr/bin/ceph:
2023-11-15T06:58:03.050+0000 7f08f2844700 1 --2- 172.21.15.93:0/3864815403 >> [v2:172.21.15.93:3300/0,v1:172.21.15.93:6789/0] conn(0x7f08ec0703d0 0x7f08ec10cd00 unknown :-1 s=CLOSED pgs=73 cs=0 l=1 rev1=1 rx=0 tx=0).stop
2023-11-15T06:58:03.057 INFO:teuthology.orchestra.run.smithi093.stderr:/usr/bin/ceph:
2023-11-15T06:58:03.050+0000 7f08f2844700 1 --2- 172.21.15.93:0/3864815403 >> [v2:172.21.15.93:6800/1497847733,v1:172.21.15.93:6801/1497847733] conn(0x7f08d802ff00 0x7f08d80323c0 unknown :-1 s=CLOSED pgs=0 cs=0 l=1 rev1=0 rx=0 tx=0).stop
2023-11-15T06:58:03.058 INFO:teuthology.orchestra.run.smithi093.stderr:/usr/bin/ceph:
2023-11-15T06:58:03.050+0000 7f08f2844700 1 -- 172.21.15.93:0/3864815403 >> 172.21.15.93:0/3864815403 conn(0x7f08ec0f63c0 msgr2=0x7f08ec0f7ef0 unknown :-1 s=STATE_NONE l=0).mark_down
2023-11-15T06:58:03.058 INFO:teuthology.orchestra.run.smithi093.stderr:/usr/bin/ceph:
2023-11-15T06:58:03.050+0000 7f08f2844700 1 -- 172.21.15.93:0/3864815403 shutdown_connections
2023-11-15T06:58:03.058 INFO:teuthology.orchestra.run.smithi093.stderr:/usr/bin/ceph:
2023-11-15T06:58:03.050+0000 7f08f2844700 1 -- 172.21.15.93:0/3864815403 wait complete.
2023-11-15T06:58:03.088 INFO:journalctl@ceph.mon.smithi093.smithi093.stdout:Nov 15 06:58:03 smithi093 ceph-22f61b9c-8384-11ee-8dbe-212e2dc638e7-mon.smithi093[112339]: cluster
2023-11-15T06:58:02.033939+0000 mon.smithi093 (mon.0) 93 : cluster [DBG] mgrmap e13: smithi093.ghktbf(active, starting, since 0.0531486s)
2023-11-15T06:58:03.089 INFO:journalctl@ceph.mon.smithi093.smithi093.stdout:Nov 15 06:58:03 smithi093 ceph-22f61b9c-8384-11ee-8dbe-212e2dc638e7-mon.smithi093[112339]: audit
2023-11-15T06:58:02.035038+0000 mon.smithi093 (mon.0) 94 : audit [DBG] from='mgr.14162 172.21.15.93:0/4138984399' entity='mgr.smithi093.ghktbf' cmd=[{"prefix": "mon metadata", "id": "smithi093"}]: dispatch
2023-11-15T06:58:03.089 INFO:journalctl@ceph.mon.smithi093.smithi093.stdout:Nov 15 06:58:03 smithi093 ceph-22f61b9c-8384-11ee-8dbe-212e2dc638e7-mon.smithi093[112339]: audit
2023-11-15T06:58:02.035629+0000 mon.smithi093 (mon.0) 95 : audit [DBG] from='mgr.14162 172.21.15.93:0/4138984399' entity='mgr.smithi093.ghktbf' cmd=[{"prefix": "mgr metadata", "who": "smithi093.ghktbf", "id": "smithi093.ghktbf"}]: dispatch
2023-11-15T06:58:03.089 INFO:journalctl@ceph.mon.smithi093.smithi093.stdout:Nov 15 06:58:03 smithi093 ceph-22f61b9c-8384-11ee-8dbe-212e2dc638e7-mon.smithi093[112339]: audit
2023-11-15T06:58:02.036433+0000 mon.smithi093 (mon.0) 96 : audit [DBG] from='mgr.14162 172.21.15.93:0/4138984399' entity='mgr.smithi093.ghktbf' cmd=[{"prefix": "mds metadata"}]: dispatch
2023-11-15T06:58:03.089 INFO:journalctl@ceph.mon.smithi093.smithi093.stdout:Nov 15 06:58:03 smithi093 ceph-22f61b9c-8384-11ee-8dbe-212e2dc638e7-mon.smithi093[112339]: audit
2023-11-15T06:58:02.036613+0000 mon.smithi093 (mon.0) 97 : audit [DBG] from='mgr.14162 172.21.15.93:0/4138984399' entity='mgr.smithi093.ghktbf' cmd=[{"prefix": "osd metadata"}]: dispatch
2023-11-15T06:58:03.089 INFO:journalctl@ceph.mon.smithi093.smithi093.stdout:Nov 15 06:58:03 smithi093 ceph-22f61b9c-8384-11ee-8dbe-212e2dc638e7-mon.smithi093[112339]: audit
2023-11-15T06:58:02.036776+0000 mon.smithi093 (mon.0) 98 : audit [DBG] from='mgr.14162 172.21.15.93:0/4138984399' entity='mgr.smithi093.ghktbf' cmd=[{"prefix": "mon metadata"}]: dispatch
2023-11-15T06:58:03.090 INFO:journalctl@ceph.mon.smithi093.smithi093.stdout:Nov 15 06:58:03 smithi093 ceph-22f61b9c-8384-11ee-8dbe-212e2dc638e7-mon.smithi093[112339]: cluster
2023-11-15T06:58:02.050771+0000 mon.smithi093 (mon.0) 99 : cluster [INF] Manager daemon smithi093.ghktbf is now available
2023-11-15T06:58:03.090 INFO:journalctl@ceph.mon.smithi093.smithi093.stdout:Nov 15 06:58:03 smithi093 ceph-22f61b9c-8384-11ee-8dbe-212e2dc638e7-mon.smithi093[112339]: audit
2023-11-15T06:58:02.147624+0000 mon.smithi093 (mon.0) 100 : audit [DBG] from='mgr.14162 172.21.15.93:0/4138984399' entity='mgr.smithi093.ghktbf' cmd=[{"prefix": "config dump", "format": "json"}]: dispatch
2023-11-15T06:58:03.090 INFO:journalctl@ceph.mon.smithi093.smithi093.stdout:Nov 15 06:58:03 smithi093 ceph-22f61b9c-8384-11ee-8dbe-212e2dc638e7-mon.smithi093[112339]: audit
2023-11-15T06:58:02.149732+0000 mon.smithi093 (mon.0) 101 : audit [DBG] from='mgr.14162 172.21.15.93:0/4138984399' entity='mgr.smithi093.ghktbf' cmd=[{"prefix": "config dump", "format": "json"}]: dispatch
2023-11-15T06:58:03.090 INFO:journalctl@ceph.mon.smithi093.smithi093.stdout:Nov 15 06:58:03 smithi093 ceph-22f61b9c-8384-11ee-8dbe-212e2dc638e7-mon.smithi093[112339]: audit
2023-11-15T06:58:02.165860+0000 mon.smithi093 (mon.0) 102 : audit [INF] from='mgr.14162 172.21.15.93:0/4138984399' entity='mgr.smithi093.ghktbf' cmd=[{"prefix":"config rm","who":"mgr","name":"mgr/rbd_support/smithi093.ghktbf/mirror_snapshot_schedule"}]: dispatch
2023-11-15T06:58:03.090 INFO:journalctl@ceph.mon.smithi093.smithi093.stdout:Nov 15 06:58:03 smithi093 ceph-22f61b9c-8384-11ee-8dbe-212e2dc638e7-mon.smithi093[112339]: audit
2023-11-15T06:58:02.173159+0000 mon.smithi093 (mon.0) 103 : audit [INF] from='mgr.14162 172.21.15.93:0/4138984399' entity='mgr.smithi093.ghktbf' cmd=[{"prefix":"config rm","who":"mgr","name":"mgr/rbd_support/smithi093.ghktbf/trash_purge_schedule"}]: dispatch
2023-11-15T06:58:03.091 INFO:journalctl@ceph.mon.smithi093.smithi093.stdout:Nov 15 06:58:03 smithi093 ceph-22f61b9c-8384-11ee-8dbe-212e2dc638e7-mon.smithi093[112339]: audit
2023-11-15T06:58:03.029630+0000 mon.smithi093 (mon.0) 104 : audit [INF] from='mgr.14162 172.21.15.93:0/4138984399' entity='mgr.smithi093.ghktbf'
2023-11-15T06:58:03.816 INFO:teuthology.orchestra.run.smithi093.stderr:mgr epoch 12 is available
2023-11-15T06:58:03.816 INFO:teuthology.orchestra.run.smithi093.stderr:Generating a dashboard self-signed certificate...
2023-11-15T06:58:03.816 INFO:teuthology.orchestra.run.smithi093.stderr:Running command: /bin/podman run --rm --ipc=host --no-hosts --net=host --entrypoint /usr/bin/ceph --init -e CONTAINER_IMAGE=docker.io/ceph/ceph:v16.2.4 -e NODE_NAME=smithi093 -e CEPH_USE_RANDOM_NONCE=1 -v /var/log/ceph/22f61b9c-8384-11ee-8dbe-212e2dc638e7:/var/log/ceph:z -v /tmp/ceph-tmp125uwjk3:/etc/ceph/ceph.client.admin.keyring:z -v /tmp/ceph-tmppfmqg_1h:/etc/ceph/ceph.conf:z docker.io/ceph/ceph:v16.2.4 dashboard create-self-signed-cert
2023-11-15T06:58:04.088 INFO:journalctl@ceph.mon.smithi093.smithi093.stdout:Nov 15 06:58:04 smithi093 ceph-22f61b9c-8384-11ee-8dbe-212e2dc638e7-mon.smithi093[112339]: audit
2023-11-15T06:58:03.042631+0000 mgr.smithi093.ghktbf (mgr.14162) 1 : audit [DBG] from='client.14166 -' entity='client.admin' cmd=[{"prefix": "get_command_descriptions"}]: dispatch
2023-11-15T06:58:04.088 INFO:journalctl@ceph.mon.smithi093.smithi093.stdout:Nov 15 06:58:04 smithi093 ceph-22f61b9c-8384-11ee-8dbe-212e2dc638e7-mon.smithi093[112339]: cluster
2023-11-15T06:58:03.043115+0000 mon.smithi093 (mon.0) 105 : cluster [DBG] mgrmap e14: smithi093.ghktbf(active, since 1.06232s)
2023-11-15T06:58:04.089 INFO:journalctl@ceph.mon.smithi093.smithi093.stdout:Nov 15 06:58:04 smithi093 ceph-22f61b9c-8384-11ee-8dbe-212e2dc638e7-mon.smithi093[112339]: audit
2023-11-15T06:58:03.050799+0000 mgr.smithi093.ghktbf (mgr.14162) 2 : audit [DBG] from='client.14166 -' entity='client.admin' cmd=[{"prefix": "mgr_status"}]: dispatch
2023-11-15T06:58:04.545 INFO:teuthology.orchestra.run.smithi093.stderr:/usr/bin/ceph:
2023-11-15T06:58:04.538+0000 7f6b54c13700 1 Processor -- start
2023-11-15T06:58:04.545 INFO:teuthology.orchestra.run.smithi093.stderr:/usr/bin/ceph:
2023-11-15T06:58:04.538+0000 7f6b54c13700 1 -- start start
2023-11-15T06:58:04.546 INFO:teuthology.orchestra.run.smithi093.stderr:/usr/bin/ceph:
2023-11-15T06:58:04.538+0000 7f6b54c13700 1 --2- >> [v2:172.21.15.93:3300/0,v1:172.21.15.93:6789/0] conn(0x7f6b500724b0 0x7f6b50070a50 unknown :-1 s=NONE pgs=0 cs=0 l=0 rev1=0 rx=0 tx=0).connect
2023-11-15T06:58:04.546 INFO:teuthology.orchestra.run.smithi093.stderr:/usr/bin/ceph:
2023-11-15T06:58:04.538+0000 7f6b54c13700 1 -- --> [v2:172.21.15.93:3300/0,v1:172.21.15.93:6789/0] -- mon_getmap magic: 0 v1 -- 0x7f6b500728d0 con 0x7f6b500724b0
2023-11-15T06:58:04.546 INFO:teuthology.orchestra.run.smithi093.stderr:/usr/bin/ceph:
2023-11-15T06:58:04.538+0000 7f6b4e59c700 1 --2- >> [v2:172.21.15.93:3300/0,v1:172.21.15.93:6789/0] conn(0x7f6b500724b0 0x7f6b50070a50 unknown :-1 s=BANNER_CONNECTING pgs=0 cs=0 l=0 rev1=0 rx=0 tx=0)._handle_peer_banner_payload supported=1 required=0
2023-11-15T06:58:04.546 INFO:teuthology.orchestra.run.smithi093.stderr:/usr/bin/ceph:
2023-11-15T06:58:04.539+0000 7f6b4e59c700 1 --2- >> [v2:172.21.15.93:3300/0,v1:172.21.15.93:6789/0] conn(0x7f6b500724b0 0x7f6b50070a50 unknown :-1 s=HELLO_CONNECTING pgs=0 cs=0 l=0 rev1=1 rx=0 tx=0).handle_hello peer v2:172.21.15.93:3300/0 says I am v2:172.21.15.93:60982/0 (socket says 172.21.15.93:60982)
2023-11-15T06:58:04.547 INFO:teuthology.orchestra.run.smithi093.stderr:/usr/bin/ceph:
2023-11-15T06:58:04.539+0000 7f6b4e59c700 1 -- 172.21.15.93:0/3966978116 learned_addr learned my addr 172.21.15.93:0/3966978116 (peer_addr_for_me v2:172.21.15.93:0/0)
2023-11-15T06:58:04.547 INFO:teuthology.orchestra.run.smithi093.stderr:/usr/bin/ceph:
2023-11-15T06:58:04.539+0000 7f6b4e59c700 1 -- 172.21.15.93:0/3966978116 --> [v2:172.21.15.93:3300/0,v1:172.21.15.93:6789/0] -- mon_subscribe({config=0+,monmap=0+}) v3 -- 0x7f6b50070f40 con 0x7f6b500724b0
2023-11-15T06:58:04.547 INFO:teuthology.orchestra.run.smithi093.stderr:/usr/bin/ceph:
2023-11-15T06:58:04.539+0000 7f6b4e59c700 1 --2- 172.21.15.93:0/3966978116 >> [v2:172.21.15.93:3300/0,v1:172.21.15.93:6789/0] conn(0x7f6b500724b0 0x7f6b50070a50 secure :-1 s=READY pgs=79 cs=0 l=1 rev1=1 rx=0x7f6b4400b5f0 tx=0x7f6b44006ee0).ready entity=mon.0 client_cookie=2434a19ee5eb7bc0 server_cookie=0 in_seq=0 out_seq=0
2023-11-15T06:58:04.547 INFO:teuthology.orchestra.run.smithi093.stderr:/usr/bin/ceph:
2023-11-15T06:58:04.539+0000 7f6b4d59a700 1 -- 172.21.15.93:0/3966978116 <== mon.0 v2:172.21.15.93:3300/0 1 ==== mon_map magic: 0 v1 ==== 229+0+0 (secure 0 0 0) 0x7f6b4400d600 con 0x7f6b500724b0
2023-11-15T06:58:04.547 INFO:teuthology.orchestra.run.smithi093.stderr:/usr/bin/ceph:
2023-11-15T06:58:04.539+0000 7f6b4d59a700 1 -- 172.21.15.93:0/3966978116 <== mon.0 v2:172.21.15.93:3300/0 2 ==== config(25 keys) v1 ==== 1074+0+0 (secure 0 0 0) 0x7f6b4400dc10 con 0x7f6b500724b0
2023-11-15T06:58:04.547 INFO:teuthology.orchestra.run.smithi093.stderr:/usr/bin/ceph:
2023-11-15T06:58:04.539+0000 7f6b4d59a700 1 -- 172.21.15.93:0/3966978116 <== mon.0 v2:172.21.15.93:3300/0 3 ==== mon_map magic: 0 v1 ==== 229+0+0 (secure 0 0 0) 0x7f6b44011cd0 con 0x7f6b500724b0
2023-11-15T06:58:04.548 INFO:teuthology.orchestra.run.smithi093.stderr:/usr/bin/ceph:
2023-11-15T06:58:04.540+0000 7f6b54c13700 1 -- 172.21.15.93:0/3966978116 >> [v2:172.21.15.93:3300/0,v1:172.21.15.93:6789/0] conn(0x7f6b500724b0 msgr2=0x7f6b50070a50 secure :-1 s=STATE_CONNECTION_ESTABLISHED l=1).mark_down
2023-11-15T06:58:04.548 INFO:teuthology.orchestra.run.smithi093.stderr:/usr/bin/ceph:
2023-11-15T06:58:04.540+0000 7f6b54c13700 1 --2- 172.21.15.93:0/3966978116 >> [v2:172.21.15.93:3300/0,v1:172.21.15.93:6789/0] conn(0x7f6b500724b0 0x7f6b50070a50 secure :-1 s=READY pgs=79 cs=0 l=1 rev1=1 rx=0x7f6b4400b5f0 tx=0x7f6b44006ee0).stop
2023-11-15T06:58:04.548 INFO:teuthology.orchestra.run.smithi093.stderr:/usr/bin/ceph:
2023-11-15T06:58:04.540+0000 7f6b54c13700 1 -- 172.21.15.93:0/3966978116 shutdown_connections
2023-11-15T06:58:04.548 INFO:teuthology.orchestra.run.smithi093.stderr:/usr/bin/ceph:
2023-11-15T06:58:04.540+0000 7f6b54c13700 1 --2- 172.21.15.93:0/3966978116 >> [v2:172.21.15.93:3300/0,v1:172.21.15.93:6789/0] conn(0x7f6b500724b0 0x7f6b50070a50 unknown :-1 s=CLOSED pgs=79 cs=0 l=1 rev1=1 rx=0 tx=0).stop
2023-11-15T06:58:04.548 INFO:teuthology.orchestra.run.smithi093.stderr:/usr/bin/ceph:
2023-11-15T06:58:04.540+0000 7f6b54c13700 1 -- 172.21.15.93:0/3966978116 >> 172.21.15.93:0/3966978116 conn(0x7f6b500f74c0 msgr2=0x7f6b500f98e0 unknown :-1 s=STATE_NONE l=0).mark_down
2023-11-15T06:58:04.549 INFO:teuthology.orchestra.run.smithi093.stderr:/usr/bin/ceph:
2023-11-15T06:58:04.540+0000 7f6b54c13700 1 -- 172.21.15.93:0/3966978116 shutdown_connections
2023-11-15T06:58:04.549 INFO:teuthology.orchestra.run.smithi093.stderr:/usr/bin/ceph:
2023-11-15T06:58:04.540+0000 7f6b54c13700 1 -- 172.21.15.93:0/3966978116 wait complete.
2023-11-15T06:58:04.549 INFO:teuthology.orchestra.run.smithi093.stderr:/usr/bin/ceph:
2023-11-15T06:58:04.540+0000 7f6b54c13700 1 Processor -- start
2023-11-15T06:58:04.549 INFO:teuthology.orchestra.run.smithi093.stderr:/usr/bin/ceph:
2023-11-15T06:58:04.540+0000 7f6b54c13700 1 -- start start
2023-11-15T06:58:04.549 INFO:teuthology.orchestra.run.smithi093.stderr:/usr/bin/ceph:
2023-11-15T06:58:04.541+0000 7f6b54c13700 1 --2- >> [v2:172.21.15.93:3300/0,v1:172.21.15.93:6789/0] conn(0x7f6b500724b0 0x7f6b5010cd00 unknown :-1 s=NONE pgs=0 cs=0 l=1 rev1=0 rx=0 tx=0).connect
2023-11-15T06:58:04.550 INFO:teuthology.orchestra.run.smithi093.stderr:/usr/bin/ceph:
2023-11-15T06:58:04.541+0000 7f6b54c13700 1 -- --> [v2:172.21.15.93:3300/0,v1:172.21.15.93:6789/0] -- mon_getmap magic: 0 v1 -- 0x7f6b5010d1f0 con 0x7f6b500724b0
2023-11-15T06:58:04.550 INFO:teuthology.orchestra.run.smithi093.stderr:/usr/bin/ceph:
2023-11-15T06:58:04.541+0000 7f6b4e59c700 1 --2- >> [v2:172.21.15.93:3300/0,v1:172.21.15.93:6789/0] conn(0x7f6b500724b0 0x7f6b5010cd00 unknown :-1 s=BANNER_CONNECTING pgs=0 cs=0 l=1 rev1=0 rx=0 tx=0)._handle_peer_banner_payload supported=1 required=0
2023-11-15T06:58:04.550 INFO:teuthology.orchestra.run.smithi093.stderr:/usr/bin/ceph:
2023-11-15T06:58:04.541+0000 7f6b4e59c700 1 --2- >> [v2:172.21.15.93:3300/0,v1:172.21.15.93:6789/0] conn(0x7f6b500724b0 0x7f6b5010cd00 unknown :-1 s=HELLO_CONNECTING pgs=0 cs=0 l=1 rev1=1 rx=0 tx=0).handle_hello peer v2:172.21.15.93:3300/0 says I am v2:172.21.15.93:60994/0 (socket says 172.21.15.93:60994)
2023-11-15T06:58:04.550 INFO:teuthology.orchestra.run.smithi093.stderr:/usr/bin/ceph:
2023-11-15T06:58:04.541+0000 7f6b4e59c700 1 -- 172.21.15.93:0/2558917130 learned_addr learned my addr 172.21.15.93:0/2558917130 (peer_addr_for_me v2:172.21.15.93:0/0)
2023-11-15T06:58:04.550 INFO:teuthology.orchestra.run.smithi093.stderr:/usr/bin/ceph:
2023-11-15T06:58:04.541+0000 7f6b4e59c700 1 -- 172.21.15.93:0/2558917130 --> [v2:172.21.15.93:3300/0,v1:172.21.15.93:6789/0] -- mon_subscribe({config=0+,monmap=0+}) v3 -- 0x7f6b4400b200 con 0x7f6b500724b0
2023-11-15T06:58:04.551 INFO:teuthology.orchestra.run.smithi093.stderr:/usr/bin/ceph:
2023-11-15T06:58:04.541+0000 7f6b4e59c700 1 --2- 172.21.15.93:0/2558917130 >> [v2:172.21.15.93:3300/0,v1:172.21.15.93:6789/0] conn(0x7f6b500724b0 0x7f6b5010cd00 secure :-1 s=READY pgs=80 cs=0 l=1 rev1=1 rx=0x7f6b4400dfb0 tx=0x7f6b44006ee0).ready entity=mon.0 client_cookie=0 server_cookie=0 in_seq=0 out_seq=0
2023-11-15T06:58:04.551 INFO:teuthology.orchestra.run.smithi093.stderr:/usr/bin/ceph:
2023-11-15T06:58:04.541+0000 7f6b3effd700 1 -- 172.21.15.93:0/2558917130 <== mon.0 v2:172.21.15.93:3300/0 1 ==== mon_map magic: 0 v1 ==== 229+0+0 (secure 0 0 0) 0x7f6b4401b410 con 0x7f6b500724b0
2023-11-15T06:58:04.551 INFO:teuthology.orchestra.run.smithi093.stderr:/usr/bin/ceph:
2023-11-15T06:58:04.541+0000 7f6b54c13700 1 -- 172.21.15.93:0/2558917130 --> [v2:172.21.15.93:3300/0,v1:172.21.15.93:6789/0] -- mon_subscribe({mgrmap=0+}) v3 -- 0x7f6b5010d3f0 con 0x7f6b500724b0
2023-11-15T06:58:04.551 INFO:teuthology.orchestra.run.smithi093.stderr:/usr/bin/ceph:
2023-11-15T06:58:04.541+0000 7f6b3effd700 1 -- 172.21.15.93:0/2558917130 <== mon.0 v2:172.21.15.93:3300/0 2 ==== config(25 keys) v1 ==== 1074+0+0 (secure 0 0 0) 0x7f6b4401ba20 con 0x7f6b500724b0
2023-11-15T06:58:04.551 INFO:teuthology.orchestra.run.smithi093.stderr:/usr/bin/ceph:
2023-11-15T06:58:04.541+0000 7f6b3effd700 1 -- 172.21.15.93:0/2558917130 <== mon.0 v2:172.21.15.93:3300/0 3 ==== mon_map magic: 0 v1 ==== 229+0+0 (secure 0 0 0) 0x7f6b4401a970 con 0x7f6b500724b0
2023-11-15T06:58:04.552 INFO:teuthology.orchestra.run.smithi093.stderr:/usr/bin/ceph:
2023-11-15T06:58:04.541+0000 7f6b54c13700 1 -- 172.21.15.93:0/2558917130 --> [v2:172.21.15.93:3300/0,v1:172.21.15.93:6789/0] -- mon_subscribe({osdmap=0}) v3 -- 0x7f6b5010d800 con 0x7f6b500724b0
2023-11-15T06:58:04.553 INFO:teuthology.orchestra.run.smithi093.stderr:/usr/bin/ceph:
2023-11-15T06:58:04.542+0000 7f6b3effd700 1 -- 172.21.15.93:0/2558917130 <== mon.0 v2:172.21.15.93:3300/0 4 ==== mgrmap(e 15) v1 ==== 36208+0+0 (secure 0 0 0) 0x7f6b4400f070 con 0x7f6b500724b0
2023-11-15T06:58:04.553 INFO:teuthology.orchestra.run.smithi093.stderr:/usr/bin/ceph:
2023-11-15T06:58:04.542+0000 7f6b3effd700 1 --2- 172.21.15.93:0/2558917130 >> [v2:172.21.15.93:6800/4095954564,v1:172.21.15.93:6801/4095954564] conn(0x7f6b3402feb0 0x7f6b34032370 unknown :-1 s=NONE pgs=0 cs=0 l=1 rev1=0 rx=0 tx=0).connect
2023-11-15T06:58:04.553 INFO:teuthology.orchestra.run.smithi093.stderr:/usr/bin/ceph:
2023-11-15T06:58:04.542+0000 7f6b3effd700 1 -- 172.21.15.93:0/2558917130 <== mon.0 v2:172.21.15.93:3300/0 5 ==== osd_map(4..4 src has 1..4) v4 ==== 1270+0+0 (secure 0 0 0) 0x7f6b440412c0 con 0x7f6b500724b0
2023-11-15T06:58:04.553 INFO:teuthology.orchestra.run.smithi093.stderr:/usr/bin/ceph:
2023-11-15T06:58:04.542+0000 7f6b54c13700 1 -- 172.21.15.93:0/2558917130 --> [v2:172.21.15.93:3300/0,v1:172.21.15.93:6789/0] -- mon_command({"prefix": "get_command_descriptions"} v 0) v1 -- 0x7f6b50045ad0 con 0x7f6b500724b0
2023-11-15T06:58:04.553 INFO:teuthology.orchestra.run.smithi093.stderr:/usr/bin/ceph:
2023-11-15T06:58:04.542+0000 7f6b4dd9b700 1 --2- 172.21.15.93:0/2558917130 >> [v2:172.21.15.93:6800/4095954564,v1:172.21.15.93:6801/4095954564] conn(0x7f6b3402feb0 0x7f6b34032370 unknown :-1 s=BANNER_CONNECTING pgs=0 cs=0 l=1 rev1=0 rx=0 tx=0)._handle_peer_banner_payload supported=1 required=0
2023-11-15T06:58:04.554 INFO:teuthology.orchestra.run.smithi093.stderr:/usr/bin/ceph:
2023-11-15T06:58:04.543+0000 7f6b4dd9b700 1 --2- 172.21.15.93:0/2558917130 >> [v2:172.21.15.93:6800/4095954564,v1:172.21.15.93:6801/4095954564] conn(0x7f6b3402feb0 0x7f6b34032370 secure :-1 s=READY pgs=6 cs=0 l=1 rev1=1 rx=0x7f6b400096a0 tx=0x7f6b40006b40).ready entity=mgr.14162 client_cookie=0 server_cookie=0 in_seq=0 out_seq=0
2023-11-15T06:58:04.554 INFO:teuthology.orchestra.run.smithi093.stderr:/usr/bin/ceph:
2023-11-15T06:58:04.547+0000 7f6b3effd700 1 -- 172.21.15.93:0/2558917130 <== mon.0 v2:172.21.15.93:3300/0 6 ==== mon_command_ack([{"prefix": "get_command_descriptions"}]=0 v0) v1 ==== 72+0+152212 (secure 0 0 0) 0x7f6b44016070 con 0x7f6b500724b0
2023-11-15T06:58:04.711 INFO:teuthology.orchestra.run.smithi093.stderr:/usr/bin/ceph:
2023-11-15T06:58:04.706+0000 7f6b54c13700 1 -- 172.21.15.93:0/2558917130 --> [v2:172.21.15.93:6800/4095954564,v1:172.21.15.93:6801/4095954564] -- mgr_command(tid 0: {"prefix": "dashboard create-self-signed-cert", "target": ["mon-mgr", ""]}) v1 -- 0x7f6b5010df30 con 0x7f6b3402feb0
2023-11-15T06:58:04.757 INFO:teuthology.orchestra.run.smithi093.stderr:/usr/bin/ceph:
2023-11-15T06:58:04.753+0000 7f6b3effd700 1 -- 172.21.15.93:0/2558917130 <== mgr.14162 v2:172.21.15.93:6800/4095954564 1 ==== mgr_command_reply(tid 0: 0 ) v1 ==== 8+0+32 (secure 0 0 0) 0x7f6b5010df30 con 0x7f6b3402feb0
2023-11-15T06:58:04.758 INFO:teuthology.orchestra.run.smithi093.stderr:/usr/bin/ceph: Self-signed certificate created
2023-11-15T06:58:04.760 INFO:teuthology.orchestra.run.smithi093.stderr:/usr/bin/ceph:
2023-11-15T06:58:04.755+0000 7f6b54c13700 1 -- 172.21.15.93:0/2558917130 >> [v2:172.21.15.93:6800/4095954564,v1:172.21.15.93:6801/4095954564] conn(0x7f6b3402feb0 msgr2=0x7f6b34032370 secure :-1 s=STATE_CONNECTION_ESTABLISHED l=1).mark_down
2023-11-15T06:58:04.760 INFO:teuthology.orchestra.run.smithi093.stderr:/usr/bin/ceph:
2023-11-15T06:58:04.755+0000 7f6b54c13700 1 --2- 172.21.15.93:0/2558917130 >> [v2:172.21.15.93:6800/4095954564,v1:172.21.15.93:6801/4095954564] conn(0x7f6b3402feb0 0x7f6b34032370 secure :-1 s=READY pgs=6 cs=0 l=1 rev1=1 rx=0x7f6b400096a0 tx=0x7f6b40006b40).stop
2023-11-15T06:58:04.760 INFO:teuthology.orchestra.run.smithi093.stderr:/usr/bin/ceph:
2023-11-15T06:58:04.755+0000 7f6b54c13700 1 -- 172.21.15.93:0/2558917130 >> [v2:172.21.15.93:3300/0,v1:172.21.15.93:6789/0] conn(0x7f6b500724b0 msgr2=0x7f6b5010cd00 secure :-1 s=STATE_CONNECTION_ESTABLISHED l=1).mark_down
2023-11-15T06:58:04.760 INFO:teuthology.orchestra.run.smithi093.stderr:/usr/bin/ceph:
2023-11-15T06:58:04.755+0000 7f6b54c13700 1 --2- 172.21.15.93:0/2558917130 >> [v2:172.21.15.93:3300/0,v1:172.21.15.93:6789/0] conn(0x7f6b500724b0 0x7f6b5010cd00 secure :-1 s=READY pgs=80 cs=0 l=1 rev1=1 rx=0x7f6b4400dfb0 tx=0x7f6b44006ee0).stop
2023-11-15T06:58:04.760 INFO:teuthology.orchestra.run.smithi093.stderr:/usr/bin/ceph:
2023-11-15T06:58:04.755+0000 7f6b54c13700 1 -- 172.21.15.93:0/2558917130 shutdown_connections
2023-11-15T06:58:04.761 INFO:teuthology.orchestra.run.smithi093.stderr:/usr/bin/ceph:
2023-11-15T06:58:04.755+0000 7f6b54c13700 1 --2- 172.21.15.93:0/2558917130 >> [v2:172.21.15.93:6800/4095954564,v1:172.21.15.93:6801/4095954564] conn(0x7f6b3402feb0 0x7f6b34032370 unknown :-1 s=CLOSED pgs=6 cs=0 l=1 rev1=1 rx=0 tx=0).stop
2023-11-15T06:58:04.761 INFO:teuthology.orchestra.run.smithi093.stderr:/usr/bin/ceph:
2023-11-15T06:58:04.755+0000 7f6b54c13700 1 --2- 172.21.15.93:0/2558917130 >> [v2:172.21.15.93:3300/0,v1:172.21.15.93:6789/0] conn(0x7f6b500724b0 0x7f6b5010cd00 unknown :-1 s=CLOSED pgs=80 cs=0 l=1 rev1=1 rx=0 tx=0).stop
2023-11-15T06:58:04.761 INFO:teuthology.orchestra.run.smithi093.stderr:/usr/bin/ceph:
2023-11-15T06:58:04.755+0000 7f6b54c13700 1 -- 172.21.15.93:0/2558917130 >> 172.21.15.93:0/2558917130 conn(0x7f6b500f74c0 msgr2=0x7f6b500f8fb0 unknown :-1 s=STATE_NONE l=0).mark_down
2023-11-15T06:58:04.761 INFO:teuthology.orchestra.run.smithi093.stderr:/usr/bin/ceph:
2023-11-15T06:58:04.756+0000 7f6b54c13700 1 -- 172.21.15.93:0/2558917130 shutdown_connections
2023-11-15T06:58:04.761 INFO:teuthology.orchestra.run.smithi093.stderr:/usr/bin/ceph:
2023-11-15T06:58:04.756+0000 7f6b54c13700 1 -- 172.21.15.93:0/2558917130 wait complete.
2023-11-15T06:58:05.121 INFO:teuthology.orchestra.run.smithi093.stderr:Creating initial admin user...
2023-11-15T06:58:05.121 INFO:teuthology.orchestra.run.smithi093.stderr:Running command: /bin/podman run --rm --ipc=host --no-hosts --net=host --entrypoint /usr/bin/ceph --init -e CONTAINER_IMAGE=docker.io/ceph/ceph:v16.2.4 -e NODE_NAME=smithi093 -e CEPH_USE_RANDOM_NONCE=1 -v /var/log/ceph/22f61b9c-8384-11ee-8dbe-212e2dc638e7:/var/log/ceph:z -v /tmp/ceph-tmp125uwjk3:/etc/ceph/ceph.client.admin.keyring:z -v /tmp/ceph-tmppfmqg_1h:/etc/ceph/ceph.conf:z -v /tmp/ceph-tmpxf01dz5k:/tmp/dashboard.pw:z docker.io/ceph/ceph:v16.2.4 dashboard ac-user-create admin -i /tmp/dashboard.pw administrator --force-password --pwd-update-required
2023-11-15T06:58:05.488 INFO:teuthology.orchestra.run.smithi093.stderr:/usr/bin/ceph:
2023-11-15T06:58:05.483+0000 7f57f4ce2700 1 Processor -- start
2023-11-15T06:58:05.488 INFO:teuthology.orchestra.run.smithi093.stderr:/usr/bin/ceph:
2023-11-15T06:58:05.483+0000 7f57f4ce2700 1 -- start start
2023-11-15T06:58:05.489 INFO:teuthology.orchestra.run.smithi093.stderr:/usr/bin/ceph:
2023-11-15T06:58:05.483+0000 7f57f4ce2700 1 --2- >> [v2:172.21.15.93:3300/0,v1:172.21.15.93:6789/0] conn(0x7f57f0070430 0x7f57f00fe8e0 unknown :-1 s=NONE pgs=0 cs=0 l=0 rev1=0 rx=0 tx=0).connect
2023-11-15T06:58:05.489 INFO:teuthology.orchestra.run.smithi093.stderr:/usr/bin/ceph:
2023-11-15T06:58:05.483+0000 7f57f4ce2700 1 -- --> [v2:172.21.15.93:3300/0,v1:172.21.15.93:6789/0] -- mon_getmap magic: 0 v1 -- 0x7f57f00fedd0 con 0x7f57f0070430
2023-11-15T06:58:05.489 INFO:teuthology.orchestra.run.smithi093.stderr:/usr/bin/ceph:
2023-11-15T06:58:05.484+0000 7f57ee59c700 1 --2- >> [v2:172.21.15.93:3300/0,v1:172.21.15.93:6789/0] conn(0x7f57f0070430 0x7f57f00fe8e0 unknown :-1 s=BANNER_CONNECTING pgs=0 cs=0 l=0 rev1=0 rx=0 tx=0)._handle_peer_banner_payload supported=1 required=0
2023-11-15T06:58:05.489 INFO:teuthology.orchestra.run.smithi093.stderr:/usr/bin/ceph:
2023-11-15T06:58:05.484+0000 7f57ee59c700 1 --2- >> [v2:172.21.15.93:3300/0,v1:172.21.15.93:6789/0] conn(0x7f57f0070430 0x7f57f00fe8e0 unknown :-1 s=HELLO_CONNECTING pgs=0 cs=0 l=0 rev1=1 rx=0 tx=0).handle_hello peer v2:172.21.15.93:3300/0 says I am v2:172.21.15.93:40170/0 (socket says 172.21.15.93:40170)
2023-11-15T06:58:05.489 INFO:teuthology.orchestra.run.smithi093.stderr:/usr/bin/ceph:
2023-11-15T06:58:05.484+0000 7f57ee59c700 1 -- 172.21.15.93:0/151655052 learned_addr learned my addr 172.21.15.93:0/151655052 (peer_addr_for_me v2:172.21.15.93:0/0)
2023-11-15T06:58:05.490 INFO:teuthology.orchestra.run.smithi093.stderr:/usr/bin/ceph:
2023-11-15T06:58:05.484+0000 7f57ee59c700 1 -- 172.21.15.93:0/151655052 --> [v2:172.21.15.93:3300/0,v1:172.21.15.93:6789/0] -- mon_subscribe({config=0+,monmap=0+}) v3 -- 0x7f57f00fef10 con 0x7f57f0070430
2023-11-15T06:58:05.490 INFO:teuthology.orchestra.run.smithi093.stderr:/usr/bin/ceph:
2023-11-15T06:58:05.484+0000 7f57ee59c700 1 --2- 172.21.15.93:0/151655052 >> [v2:172.21.15.93:3300/0,v1:172.21.15.93:6789/0] conn(0x7f57f0070430 0x7f57f00fe8e0 secure :-1 s=READY pgs=81 cs=0 l=1 rev1=1 rx=0x7f57e400b5f0 tx=0x7f57e4006ee0).ready entity=mon.0 client_cookie=980af4c10e6bea4a server_cookie=0 in_seq=0 out_seq=0
2023-11-15T06:58:05.490 INFO:teuthology.orchestra.run.smithi093.stderr:/usr/bin/ceph:
2023-11-15T06:58:05.484+0000 7f57ed59a700 1 -- 172.21.15.93:0/151655052 <== mon.0 v2:172.21.15.93:3300/0 1 ==== mon_map magic: 0 v1 ==== 229+0+0 (secure 0 0 0) 0x7f57e400d600 con 0x7f57f0070430
2023-11-15T06:58:05.490 INFO:teuthology.orchestra.run.smithi093.stderr:/usr/bin/ceph:
2023-11-15T06:58:05.484+0000 7f57ed59a700 1 -- 172.21.15.93:0/151655052 <== mon.0 v2:172.21.15.93:3300/0 2 ==== config(25 keys) v1 ==== 1074+0+0 (secure 0 0 0) 0x7f57e400dc10 con 0x7f57f0070430
2023-11-15T06:58:05.490 INFO:teuthology.orchestra.run.smithi093.stderr:/usr/bin/ceph:
2023-11-15T06:58:05.484+0000 7f57ed59a700 1 -- 172.21.15.93:0/151655052 <== mon.0 v2:172.21.15.93:3300/0 3 ==== mon_map magic: 0 v1 ==== 229+0+0 (secure 0 0 0) 0x7f57e4011cd0 con 0x7f57f0070430
2023-11-15T06:58:05.491 INFO:teuthology.orchestra.run.smithi093.stderr:/usr/bin/ceph:
2023-11-15T06:58:05.485+0000 7f57f4ce2700 1 -- 172.21.15.93:0/151655052 >> [v2:172.21.15.93:3300/0,v1:172.21.15.93:6789/0] conn(0x7f57f0070430 msgr2=0x7f57f00fe8e0 secure :-1 s=STATE_CONNECTION_ESTABLISHED l=1).mark_down
2023-11-15T06:58:05.491 INFO:teuthology.orchestra.run.smithi093.stderr:/usr/bin/ceph:
2023-11-15T06:58:05.485+0000 7f57f4ce2700 1 --2- 172.21.15.93:0/151655052 >> [v2:172.21.15.93:3300/0,v1:172.21.15.93:6789/0] conn(0x7f57f0070430 0x7f57f00fe8e0 secure :-1 s=READY pgs=81 cs=0 l=1 rev1=1 rx=0x7f57e400b5f0 tx=0x7f57e4006ee0).stop
2023-11-15T06:58:05.493 INFO:teuthology.orchestra.run.smithi093.stderr:/usr/bin/ceph:
2023-11-15T06:58:05.485+0000 7f57f4ce2700 1 -- 172.21.15.93:0/151655052 shutdown_connections
2023-11-15T06:58:05.494 INFO:teuthology.orchestra.run.smithi093.stderr:/usr/bin/ceph:
2023-11-15T06:58:05.485+0000 7f57f4ce2700 1 --2- 172.21.15.93:0/151655052 >> [v2:172.21.15.93:3300/0,v1:172.21.15.93:6789/0] conn(0x7f57f0070430 0x7f57f00fe8e0 unknown :-1 s=CLOSED pgs=81 cs=0 l=1 rev1=1 rx=0 tx=0).stop
2023-11-15T06:58:05.494 INFO:teuthology.orchestra.run.smithi093.stderr:/usr/bin/ceph:
2023-11-15T06:58:05.485+0000 7f57f4ce2700 1 -- 172.21.15.93:0/151655052 >> 172.21.15.93:0/151655052 conn(0x7f57f00f63c0 msgr2=0x7f57f00f87e0 unknown :-1 s=STATE_NONE l=0).mark_down
2023-11-15T06:58:05.494 INFO:teuthology.orchestra.run.smithi093.stderr:/usr/bin/ceph:
2023-11-15T06:58:05.485+0000 7f57f4ce2700 1 -- 172.21.15.93:0/151655052 shutdown_connections
2023-11-15T06:58:05.494 INFO:teuthology.orchestra.run.smithi093.stderr:/usr/bin/ceph:
2023-11-15T06:58:05.485+0000 7f57f4ce2700 1 -- 172.21.15.93:0/151655052 wait complete.
2023-11-15T06:58:05.494 INFO:teuthology.orchestra.run.smithi093.stderr:/usr/bin/ceph:
2023-11-15T06:58:05.485+0000 7f57f4ce2700 1 Processor -- start
2023-11-15T06:58:05.495 INFO:teuthology.orchestra.run.smithi093.stderr:/usr/bin/ceph:
2023-11-15T06:58:05.485+0000 7f57f4ce2700 1 -- start start
2023-11-15T06:58:05.495 INFO:teuthology.orchestra.run.smithi093.stderr:/usr/bin/ceph:
2023-11-15T06:58:05.486+0000 7f57f4ce2700 1 --2- >> [v2:172.21.15.93:3300/0,v1:172.21.15.93:6789/0] conn(0x7f57f0070430 0x7f57f010aa70 unknown :-1 s=NONE pgs=0 cs=0 l=1 rev1=0 rx=0 tx=0).connect
2023-11-15T06:58:05.495 INFO:teuthology.orchestra.run.smithi093.stderr:/usr/bin/ceph:
2023-11-15T06:58:05.486+0000 7f57f4ce2700 1 -- --> [v2:172.21.15.93:3300/0,v1:172.21.15.93:6789/0] -- mon_getmap magic: 0 v1 -- 0x7f57f010af60 con 0x7f57f0070430
2023-11-15T06:58:05.495 INFO:teuthology.orchestra.run.smithi093.stderr:/usr/bin/ceph:
2023-11-15T06:58:05.486+0000 7f57ee59c700 1 --2- >> [v2:172.21.15.93:3300/0,v1:172.21.15.93:6789/0] conn(0x7f57f0070430 0x7f57f010aa70 unknown :-1 s=BANNER_CONNECTING pgs=0 cs=0 l=1 rev1=0 rx=0 tx=0)._handle_peer_banner_payload supported=1 required=0
2023-11-15T06:58:05.495 INFO:teuthology.orchestra.run.smithi093.stderr:/usr/bin/ceph:
2023-11-15T06:58:05.486+0000 7f57ee59c700 1 --2- >> [v2:172.21.15.93:3300/0,v1:172.21.15.93:6789/0] conn(0x7f57f0070430 0x7f57f010aa70 unknown :-1 s=HELLO_CONNECTING pgs=0 cs=0 l=1 rev1=1 rx=0 tx=0).handle_hello peer v2:172.21.15.93:3300/0 says I am v2:172.21.15.93:40176/0 (socket says 172.21.15.93:40176)
2023-11-15T06:58:05.496 INFO:teuthology.orchestra.run.smithi093.stderr:/usr/bin/ceph:
2023-11-15T06:58:05.486+0000 7f57ee59c700 1 -- 172.21.15.93:0/3497212819 learned_addr learned my addr 172.21.15.93:0/3497212819 (peer_addr_for_me v2:172.21.15.93:0/0)
2023-11-15T06:58:05.496 INFO:teuthology.orchestra.run.smithi093.stderr:/usr/bin/ceph:
2023-11-15T06:58:05.486+0000 7f57ee59c700 1 -- 172.21.15.93:0/3497212819 --> [v2:172.21.15.93:3300/0,v1:172.21.15.93:6789/0] -- mon_subscribe({config=0+,monmap=0+}) v3 -- 0x7f57e400b200 con 0x7f57f0070430
2023-11-15T06:58:05.496 INFO:teuthology.orchestra.run.smithi093.stderr:/usr/bin/ceph:
2023-11-15T06:58:05.486+0000 7f57ee59c700 1 --2- 172.21.15.93:0/3497212819 >> [v2:172.21.15.93:3300/0,v1:172.21.15.93:6789/0] conn(0x7f57f0070430 0x7f57f010aa70 secure :-1 s=READY pgs=82 cs=0 l=1 rev1=1 rx=0x7f57e4006a40 tx=0x7f57e4006ee0).ready entity=mon.0 client_cookie=0 server_cookie=0 in_seq=0 out_seq=0
2023-11-15T06:58:05.496 INFO:teuthology.orchestra.run.smithi093.stderr:/usr/bin/ceph:
2023-11-15T06:58:05.486+0000 7f57deffd700 1 -- 172.21.15.93:0/3497212819 <== mon.0 v2:172.21.15.93:3300/0 1 ==== mon_map magic: 0 v1 ==== 229+0+0 (secure 0 0 0) 0x7f57e4011c90 con 0x7f57f0070430
2023-11-15T06:58:05.496 INFO:teuthology.orchestra.run.smithi093.stderr:/usr/bin/ceph:
2023-11-15T06:58:05.486+0000 7f57deffd700 1 -- 172.21.15.93:0/3497212819 <== mon.0 v2:172.21.15.93:3300/0 2 ==== config(25 keys) v1 ==== 1074+0+0 (secure 0 0 0) 0x7f57e401b8c0 con 0x7f57f0070430
2023-11-15T06:58:05.497 INFO:teuthology.orchestra.run.smithi093.stderr:/usr/bin/ceph:
2023-11-15T06:58:05.486+0000 7f57f4ce2700 1 -- 172.21.15.93:0/3497212819 --> [v2:172.21.15.93:3300/0,v1:172.21.15.93:6789/0] -- mon_subscribe({mgrmap=0+}) v3 -- 0x7f57f010b160 con 0x7f57f0070430
2023-11-15T06:58:05.497 INFO:teuthology.orchestra.run.smithi093.stderr:/usr/bin/ceph:
2023-11-15T06:58:05.486+0000 7f57deffd700 1 -- 172.21.15.93:0/3497212819 <== mon.0 v2:172.21.15.93:3300/0 3 ==== mon_map magic: 0 v1 ==== 229+0+0 (secure 0 0 0) 0x7f57e401a8c0 con 0x7f57f0070430
2023-11-15T06:58:05.497 INFO:teuthology.orchestra.run.smithi093.stderr:/usr/bin/ceph:
2023-11-15T06:58:05.486+0000 7f57f4ce2700 1 -- 172.21.15.93:0/3497212819 --> [v2:172.21.15.93:3300/0,v1:172.21.15.93:6789/0] -- mon_subscribe({osdmap=0}) v3 -- 0x7f57f010b570 con 0x7f57f0070430
2023-11-15T06:58:05.497 INFO:teuthology.orchestra.run.smithi093.stderr:/usr/bin/ceph:
