2023-11-17T05:21:19.746490+0000 mon.smithi040 (mon.0) 111 : audit [INF] from='mgr.14164 172.21.15.40:0/2203032451' entity='mgr.smithi040.ogcprl'
2023-11-17T05:21:26.258 INFO:journalctl@ceph.mon.smithi040.smithi040.stdout:Nov 17 05:21:20 smithi040 ceph-ed6470e2-8508-11ee-8dbe-212e2dc638e7-mon.smithi040[111758]: audit
2023-11-17T05:21:20.422875+0000 mon.smithi040 (mon.0) 112 : audit [INF] from='mgr.14164 172.21.15.40:0/2203032451' entity='mgr.smithi040.ogcprl'
2023-11-17T05:21:26.258 INFO:journalctl@ceph.mon.smithi040.smithi040.stdout:Nov 17 05:21:23 smithi040 ceph-ed6470e2-8508-11ee-8dbe-212e2dc638e7-mon.smithi040[111758]: audit
2023-11-17T05:21:22.840630+0000 mon.smithi040 (mon.0) 113 : audit [INF] from='mgr.14164 172.21.15.40:0/2203032451' entity='mgr.smithi040.ogcprl'
2023-11-17T05:21:26.258 INFO:journalctl@ceph.mon.smithi040.smithi040.stdout:Nov 17 05:21:23 smithi040 ceph-ed6470e2-8508-11ee-8dbe-212e2dc638e7-mon.smithi040[111758]: audit
2023-11-17T05:21:23.136220+0000 mon.smithi040 (mon.0) 114 : audit [INF] from='mgr.14164 172.21.15.40:0/2203032451' entity='mgr.smithi040.ogcprl'
2023-11-17T05:21:26.258 INFO:journalctl@ceph.mon.smithi040.smithi040.stdout:Nov 17 05:21:23 smithi040 ceph-ed6470e2-8508-11ee-8dbe-212e2dc638e7-mon.smithi040[111758]: audit
2023-11-17T05:21:23.139347+0000 mon.smithi040 (mon.0) 115 : audit [INF] from='mgr.14164 172.21.15.40:0/2203032451' entity='mgr.smithi040.ogcprl'
2023-11-17T05:21:26.259 INFO:journalctl@ceph.mon.smithi040.smithi040.stdout:Nov 17 05:21:23 smithi040 ceph-ed6470e2-8508-11ee-8dbe-212e2dc638e7-mon.smithi040[111758]: cephadm
2023-11-17T05:21:23.146341+0000 mgr.smithi040.ogcprl (mgr.14164) 5 : cephadm [INF] Deploying daemon alertmanager.smithi040 on smithi040
2023-11-17T05:21:26.261 INFO:teuthology.orchestra.run.smithi040.stderr:mgr epoch 5 is available
2023-11-17T05:21:26.261 INFO:teuthology.orchestra.run.smithi040.stderr:Setting orchestrator backend to cephadm...
2023-11-17T05:21:26.261 INFO:teuthology.orchestra.run.smithi040.stderr:Running command: /bin/podman run --rm --ipc=host --no-hosts --net=host --entrypoint /usr/bin/ceph --init -e CONTAINER_IMAGE=docker.io/ceph/ceph:v16.2.4 -e NODE_NAME=smithi040 -e CEPH_USE_RANDOM_NONCE=1 -v /var/log/ceph/ed6470e2-8508-11ee-8dbe-212e2dc638e7:/var/log/ceph:z -v /tmp/ceph-tmpzx79_7_h:/etc/ceph/ceph.client.admin.keyring:z -v /tmp/ceph-tmpru9tjirw:/etc/ceph/ceph.conf:z docker.io/ceph/ceph:v16.2.4 orch set backend cephadm
2023-11-17T05:21:26.261 INFO:teuthology.orchestra.run.smithi040.stderr:/usr/bin/ceph:
2023-11-17T05:20:38.916+0000 7f785783f700 1 Processor -- start
2023-11-17T05:21:26.261 INFO:teuthology.orchestra.run.smithi040.stderr:/usr/bin/ceph:
2023-11-17T05:20:38.916+0000 7f785783f700 1 -- start start
2023-11-17T05:21:26.262 INFO:teuthology.orchestra.run.smithi040.stderr:/usr/bin/ceph:
2023-11-17T05:20:38.916+0000 7f785783f700 1 --2- >> [v2:172.21.15.40:3300/0,v1:172.21.15.40:6789/0] conn(0x7f785006fc90 0x7f7850100be0 unknown :-1 s=NONE pgs=0 cs=0 l=0 rev1=0 rx=0 tx=0).connect
2023-11-17T05:21:26.262 INFO:teuthology.orchestra.run.smithi040.stderr:/usr/bin/ceph:
2023-11-17T05:20:38.916+0000 7f785783f700 1 -- --> [v2:172.21.15.40:3300/0,v1:172.21.15.40:6789/0] -- mon_getmap magic: 0 v1 -- 0x7f78500fc660 con 0x7f785006fc90
2023-11-17T05:21:26.262 INFO:teuthology.orchestra.run.smithi040.stderr:/usr/bin/ceph:
2023-11-17T05:20:38.917+0000 7f78555db700 1 --2- >> [v2:172.21.15.40:3300/0,v1:172.21.15.40:6789/0] conn(0x7f785006fc90 0x7f7850100be0 unknown :-1 s=BANNER_CONNECTING pgs=0 cs=0 l=0 rev1=0 rx=0 tx=0)._handle_peer_banner_payload supported=1 required=0
2023-11-17T05:21:26.262 INFO:teuthology.orchestra.run.smithi040.stderr:/usr/bin/ceph:
2023-11-17T05:20:38.917+0000 7f78555db700 1 --2- >> [v2:172.21.15.40:3300/0,v1:172.21.15.40:6789/0] conn(0x7f785006fc90 0x7f7850100be0 unknown :-1 s=HELLO_CONNECTING pgs=0 cs=0 l=0 rev1=1 rx=0 tx=0).handle_hello peer v2:172.21.15.40:3300/0 says I am v2:172.21.15.40:51080/0 (socket says 172.21.15.40:51080)
2023-11-17T05:21:26.262 INFO:teuthology.orchestra.run.smithi040.stderr:/usr/bin/ceph:
2023-11-17T05:20:38.917+0000 7f78555db700 1 -- 172.21.15.40:0/963036069 learned_addr learned my addr 172.21.15.40:0/963036069 (peer_addr_for_me v2:172.21.15.40:0/0)
2023-11-17T05:21:26.262 INFO:teuthology.orchestra.run.smithi040.stderr:/usr/bin/ceph:
2023-11-17T05:20:38.917+0000 7f78555db700 1 -- 172.21.15.40:0/963036069 --> [v2:172.21.15.40:3300/0,v1:172.21.15.40:6789/0] -- mon_subscribe({config=0+,monmap=0+}) v3 -- 0x7f78501010d0 con 0x7f785006fc90
2023-11-17T05:21:26.262 INFO:teuthology.orchestra.run.smithi040.stderr:/usr/bin/ceph:
2023-11-17T05:20:38.917+0000 7f78555db700 1 --2- 172.21.15.40:0/963036069 >> [v2:172.21.15.40:3300/0,v1:172.21.15.40:6789/0] conn(0x7f785006fc90 0x7f7850100be0 secure :-1 s=READY pgs=31 cs=0 l=1 rev1=1 rx=0x7f784c00b5f0 tx=0x7f784c006ee0).ready entity=mon.0 client_cookie=a091880962b09f7e server_cookie=0 in_seq=0 out_seq=0
2023-11-17T05:21:26.262 INFO:teuthology.orchestra.run.smithi040.stderr:/usr/bin/ceph:
2023-11-17T05:20:38.917+0000 7f783ffff700 1 -- 172.21.15.40:0/963036069 <== mon.0 v2:172.21.15.40:3300/0 1 ==== mon_map magic: 0 v1 ==== 229+0+0 (secure 0 0 0) 0x7f784c00d600 con 0x7f785006fc90
2023-11-17T05:21:26.262 INFO:teuthology.orchestra.run.smithi040.stderr:/usr/bin/ceph:
2023-11-17T05:20:38.918+0000 7f783ffff700 1 -- 172.21.15.40:0/963036069 <== mon.0 v2:172.21.15.40:3300/0 2 ==== config(25 keys) v1 ==== 1010+0+0 (secure 0 0 0) 0x7f784c00dbd0 con 0x7f785006fc90
2023-11-17T05:21:26.262 INFO:teuthology.orchestra.run.smithi040.stderr:/usr/bin/ceph:
2023-11-17T05:20:38.918+0000 7f783ffff700 1 -- 172.21.15.40:0/963036069 <== mon.0 v2:172.21.15.40:3300/0 3 ==== mon_map magic: 0 v1 ==== 229+0+0 (secure 0 0 0) 0x7f784c011c00 con 0x7f785006fc90
2023-11-17T05:21:26.262 INFO:teuthology.orchestra.run.smithi040.stderr:/usr/bin/ceph:
2023-11-17T05:20:38.918+0000 7f785783f700 1 -- 172.21.15.40:0/963036069 >> [v2:172.21.15.40:3300/0,v1:172.21.15.40:6789/0] conn(0x7f785006fc90 msgr2=0x7f7850100be0 secure :-1 s=STATE_CONNECTION_ESTABLISHED l=1).mark_down
2023-11-17T05:21:26.262 INFO:teuthology.orchestra.run.smithi040.stderr:/usr/bin/ceph:
2023-11-17T05:20:38.918+0000 7f785783f700 1 --2- 172.21.15.40:0/963036069 >> [v2:172.21.15.40:3300/0,v1:172.21.15.40:6789/0] conn(0x7f785006fc90 0x7f7850100be0 secure :-1 s=READY pgs=31 cs=0 l=1 rev1=1 rx=0x7f784c00b5f0 tx=0x7f784c006ee0).stop
2023-11-17T05:21:26.263 INFO:teuthology.orchestra.run.smithi040.stderr:/usr/bin/ceph:
2023-11-17T05:20:38.918+0000 7f785783f700 1 -- 172.21.15.40:0/963036069 shutdown_connections
2023-11-17T05:21:26.263 INFO:teuthology.orchestra.run.smithi040.stderr:/usr/bin/ceph:
2023-11-17T05:20:38.918+0000 7f785783f700 1 --2- 172.21.15.40:0/963036069 >> [v2:172.21.15.40:3300/0,v1:172.21.15.40:6789/0] conn(0x7f785006fc90 0x7f7850100be0 unknown :-1 s=CLOSED pgs=31 cs=0 l=1 rev1=1 rx=0 tx=0).stop
2023-11-17T05:21:26.263 INFO:teuthology.orchestra.run.smithi040.stderr:/usr/bin/ceph:
2023-11-17T05:20:38.918+0000 7f785783f700 1 -- 172.21.15.40:0/963036069 >> 172.21.15.40:0/963036069 conn(0x7f78500f6280 msgr2=0x7f78500f86a0 unknown :-1 s=STATE_NONE l=0).mark_down
2023-11-17T05:21:26.263 INFO:teuthology.orchestra.run.smithi040.stderr:/usr/bin/ceph:
2023-11-17T05:20:38.918+0000 7f785783f700 1 -- 172.21.15.40:0/963036069 shutdown_connections
2023-11-17T05:21:26.263 INFO:teuthology.orchestra.run.smithi040.stderr:/usr/bin/ceph:
2023-11-17T05:20:38.918+0000 7f785783f700 1 -- 172.21.15.40:0/963036069 wait complete.
2023-11-17T05:21:26.263 INFO:teuthology.orchestra.run.smithi040.stderr:/usr/bin/ceph:
2023-11-17T05:20:38.919+0000 7f785783f700 1 Processor -- start
2023-11-17T05:21:26.263 INFO:teuthology.orchestra.run.smithi040.stderr:/usr/bin/ceph:
2023-11-17T05:20:38.919+0000 7f785783f700 1 -- start start
2023-11-17T05:21:26.263 INFO:teuthology.orchestra.run.smithi040.stderr:/usr/bin/ceph:
2023-11-17T05:20:38.920+0000 7f785783f700 1 --2- >> [v2:172.21.15.40:3300/0,v1:172.21.15.40:6789/0] conn(0x7f785006fc90 0x7f7850110fb0 unknown :-1 s=NONE pgs=0 cs=0 l=1 rev1=0 rx=0 tx=0).connect
2023-11-17T05:21:26.263 INFO:teuthology.orchestra.run.smithi040.stderr:/usr/bin/ceph:
2023-11-17T05:20:38.920+0000 7f785783f700 1 -- --> [v2:172.21.15.40:3300/0,v1:172.21.15.40:6789/0] -- mon_getmap magic: 0 v1 -- 0x7f78501114a0 con 0x7f785006fc90
2023-11-17T05:21:26.263 INFO:teuthology.orchestra.run.smithi040.stderr:/usr/bin/ceph:
2023-11-17T05:20:38.920+0000 7f78555db700 1 --2- >> [v2:172.21.15.40:3300/0,v1:172.21.15.40:6789/0] conn(0x7f785006fc90 0x7f7850110fb0 unknown :-1 s=BANNER_CONNECTING pgs=0 cs=0 l=1 rev1=0 rx=0 tx=0)._handle_peer_banner_payload supported=1 required=0
2023-11-17T05:21:26.263 INFO:teuthology.orchestra.run.smithi040.stderr:/usr/bin/ceph:
2023-11-17T05:20:38.920+0000 7f78555db700 1 --2- >> [v2:172.21.15.40:3300/0,v1:172.21.15.40:6789/0] conn(0x7f785006fc90 0x7f7850110fb0 unknown :-1 s=HELLO_CONNECTING pgs=0 cs=0 l=1 rev1=1 rx=0 tx=0).handle_hello peer v2:172.21.15.40:3300/0 says I am v2:172.21.15.40:51084/0 (socket says 172.21.15.40:51084)
2023-11-17T05:21:26.263 INFO:teuthology.orchestra.run.smithi040.stderr:/usr/bin/ceph:
2023-11-17T05:20:38.920+0000 7f78555db700 1 -- 172.21.15.40:0/3486887982 learned_addr learned my addr 172.21.15.40:0/3486887982 (peer_addr_for_me v2:172.21.15.40:0/0)
2023-11-17T05:21:26.263 INFO:teuthology.orchestra.run.smithi040.stderr:/usr/bin/ceph:
2023-11-17T05:20:38.920+0000 7f78555db700 1 -- 172.21.15.40:0/3486887982 --> [v2:172.21.15.40:3300/0,v1:172.21.15.40:6789/0] -- mon_subscribe({config=0+,monmap=0+}) v3 -- 0x7f784c00b200 con 0x7f785006fc90
2023-11-17T05:21:26.264 INFO:teuthology.orchestra.run.smithi040.stderr:/usr/bin/ceph:
2023-11-17T05:20:38.920+0000 7f78555db700 1 --2- 172.21.15.40:0/3486887982 >> [v2:172.21.15.40:3300/0,v1:172.21.15.40:6789/0] conn(0x7f785006fc90 0x7f7850110fb0 secure :-1 s=READY pgs=32 cs=0 l=1 rev1=1 rx=0x7f784c00e040 tx=0x7f784c006ee0).ready entity=mon.0 client_cookie=0 server_cookie=0 in_seq=0 out_seq=0
2023-11-17T05:21:26.264 INFO:teuthology.orchestra.run.smithi040.stderr:/usr/bin/ceph:
2023-11-17T05:20:38.920+0000 7f783dffb700 1 -- 172.21.15.40:0/3486887982 <== mon.0 v2:172.21.15.40:3300/0 1 ==== mon_map magic: 0 v1 ==== 229+0+0 (secure 0 0 0) 0x7f784c01b410 con 0x7f785006fc90
2023-11-17T05:21:26.264 INFO:teuthology.orchestra.run.smithi040.stderr:/usr/bin/ceph:
2023-11-17T05:20:38.920+0000 7f783dffb700 1 -- 172.21.15.40:0/3486887982 <== mon.0 v2:172.21.15.40:3300/0 2 ==== config(25 keys) v1 ==== 1010+0+0 (secure 0 0 0) 0x7f784c01b9e0 con 0x7f785006fc90
2023-11-17T05:21:26.264 INFO:teuthology.orchestra.run.smithi040.stderr:/usr/bin/ceph:
2023-11-17T05:20:38.920+0000 7f785783f700 1 -- 172.21.15.40:0/3486887982 --> [v2:172.21.15.40:3300/0,v1:172.21.15.40:6789/0] -- mon_subscribe({mgrmap=0+}) v3 -- 0x7f78501116a0 con 0x7f785006fc90
2023-11-17T05:21:26.264 INFO:teuthology.orchestra.run.smithi040.stderr:/usr/bin/ceph:
2023-11-17T05:20:38.920+0000 7f783dffb700 1 -- 172.21.15.40:0/3486887982 <== mon.0 v2:172.21.15.40:3300/0 3 ==== mon_map magic: 0 v1 ==== 229+0+0 (secure 0 0 0) 0x7f784c01a770 con 0x7f785006fc90
2023-11-17T05:21:26.264 INFO:teuthology.orchestra.run.smithi040.stderr:/usr/bin/ceph:
2023-11-17T05:20:38.921+0000 7f785783f700 1 -- 172.21.15.40:0/3486887982 --> [v2:172.21.15.40:3300/0,v1:172.21.15.40:6789/0] -- mon_subscribe({osdmap=0}) v3 -- 0x7f7850111ab0 con 0x7f785006fc90
2023-11-17T05:21:26.264 INFO:teuthology.orchestra.run.smithi040.stderr:/usr/bin/ceph:
2023-11-17T05:20:38.921+0000 7f783dffb700 1 -- 172.21.15.40:0/3486887982 <== mon.0 v2:172.21.15.40:3300/0 4 ==== mgrmap(e 7) v1 ==== 36040+0+0 (secure 0 0 0) 0x7f784c00f070 con 0x7f785006fc90
2023-11-17T05:21:26.264 INFO:teuthology.orchestra.run.smithi040.stderr:/usr/bin/ceph:
2023-11-17T05:20:38.922+0000 7f783dffb700 1 --2- 172.21.15.40:0/3486887982 >> [v2:172.21.15.40:6800/929662169,v1:172.21.15.40:6801/929662169] conn(0x7f783802fcf0 0x7f78380321b0 unknown :-1 s=NONE pgs=0 cs=0 l=1 rev1=0 rx=0 tx=0).connect
2023-11-17T05:21:26.264 INFO:teuthology.orchestra.run.smithi040.stderr:/usr/bin/ceph:
2023-11-17T05:20:38.922+0000 7f783dffb700 1 -- 172.21.15.40:0/3486887982 <== mon.0 v2:172.21.15.40:3300/0 5 ==== osd_map(2..2 src has 1..2) v4 ==== 926+0+0 (secure 0 0 0) 0x7f784c040f90 con 0x7f785006fc90
2023-11-17T05:21:26.264 INFO:teuthology.orchestra.run.smithi040.stderr:/usr/bin/ceph:
2023-11-17T05:20:38.922+0000 7f7854dda700 1 --2- 172.21.15.40:0/3486887982 >> [v2:172.21.15.40:6800/929662169,v1:172.21.15.40:6801/929662169] conn(0x7f783802fcf0 0x7f78380321b0 unknown :-1 s=BANNER_CONNECTING pgs=0 cs=0 l=1 rev1=0 rx=0 tx=0)._handle_peer_banner_payload supported=1 required=0
2023-11-17T05:21:26.264 INFO:teuthology.orchestra.run.smithi040.stderr:/usr/bin/ceph:
2023-11-17T05:20:38.922+0000 7f785783f700 1 -- 172.21.15.40:0/3486887982 --> [v2:172.21.15.40:3300/0,v1:172.21.15.40:6789/0] -- mon_command({"prefix": "get_command_descriptions"} v 0) v1 -- 0x7f7850059100 con 0x7f785006fc90
2023-11-17T05:21:26.264 INFO:teuthology.orchestra.run.smithi040.stderr:/usr/bin/ceph:
2023-11-17T05:20:38.922+0000 7f7854dda700 1 --2- 172.21.15.40:0/3486887982 >> [v2:172.21.15.40:6800/929662169,v1:172.21.15.40:6801/929662169] conn(0x7f783802fcf0 0x7f78380321b0 secure :-1 s=READY pgs=6 cs=0 l=1 rev1=1 rx=0x7f78400096a0 tx=0x7f7840006b40).ready entity=mgr.14116 client_cookie=0 server_cookie=0 in_seq=0 out_seq=0
2023-11-17T05:21:26.264 INFO:teuthology.orchestra.run.smithi040.stderr:/usr/bin/ceph:
2023-11-17T05:20:38.927+0000 7f783dffb700 1 -- 172.21.15.40:0/3486887982 <== mon.0 v2:172.21.15.40:3300/0 6 ==== mon_command_ack([{"prefix": "get_command_descriptions"}]=0 v0) v1 ==== 72+0+152212 (secure 0 0 0) 0x7f784c016030 con 0x7f785006fc90
2023-11-17T05:21:26.265 INFO:teuthology.orchestra.run.smithi040.stderr:/usr/bin/ceph:
2023-11-17T05:20:39.125+0000 7f785783f700 1 -- 172.21.15.40:0/3486887982 --> [v2:172.21.15.40:6800/929662169,v1:172.21.15.40:6801/929662169] -- mgr_command(tid 0: {"prefix": "orch set backend", "module_name": "cephadm", "target": ["mon-mgr", ""]}) v1 -- 0x7f78500ff7f0 con 0x7f783802fcf0
2023-11-17T05:21:26.265 INFO:teuthology.orchestra.run.smithi040.stderr:/usr/bin/ceph:
2023-11-17T05:20:39.131+0000 7f783dffb700 1 -- 172.21.15.40:0/3486887982 <== mgr.14116 v2:172.21.15.40:6800/929662169 1 ==== mgr_command_reply(tid 0: 0 ) v1 ==== 8+0+0 (secure 0 0 0) 0x7f78500ff7f0 con 0x7f783802fcf0
2023-11-17T05:21:26.265 INFO:teuthology.orchestra.run.smithi040.stderr:/usr/bin/ceph:
2023-11-17T05:20:39.133+0000 7f785783f700 1 -- 172.21.15.40:0/3486887982 >> [v2:172.21.15.40:6800/929662169,v1:172.21.15.40:6801/929662169] conn(0x7f783802fcf0 msgr2=0x7f78380321b0 secure :-1 s=STATE_CONNECTION_ESTABLISHED l=1).mark_down
2023-11-17T05:21:26.275 INFO:teuthology.orchestra.run.smithi040.stderr:/usr/bin/ceph:
2023-11-17T05:20:39.133+0000 7f785783f700 1 --2- 172.21.15.40:0/3486887982 >> [v2:172.21.15.40:6800/929662169,v1:172.21.15.40:6801/929662169] conn(0x7f783802fcf0 0x7f78380321b0 secure :-1 s=READY pgs=6 cs=0 l=1 rev1=1 rx=0x7f78400096a0 tx=0x7f7840006b40).stop
2023-11-17T05:21:26.275 INFO:teuthology.orchestra.run.smithi040.stderr:/usr/bin/ceph:
2023-11-17T05:20:39.133+0000 7f785783f700 1 -- 172.21.15.40:0/3486887982 >> [v2:172.21.15.40:3300/0,v1:172.21.15.40:6789/0] conn(0x7f785006fc90 msgr2=0x7f7850110fb0 secure :-1 s=STATE_CONNECTION_ESTABLISHED l=1).mark_down
2023-11-17T05:21:26.276 INFO:teuthology.orchestra.run.smithi040.stderr:/usr/bin/ceph:
2023-11-17T05:20:39.133+0000 7f785783f700 1 --2- 172.21.15.40:0/3486887982 >> [v2:172.21.15.40:3300/0,v1:172.21.15.40:6789/0] conn(0x7f785006fc90 0x7f7850110fb0 secure :-1 s=READY pgs=32 cs=0 l=1 rev1=1 rx=0x7f784c00e040 tx=0x7f784c006ee0).stop
2023-11-17T05:21:26.276 INFO:teuthology.orchestra.run.smithi040.stderr:/usr/bin/ceph:
2023-11-17T05:20:39.133+0000 7f785783f700 1 -- 172.21.15.40:0/3486887982 shutdown_connections
2023-11-17T05:21:26.276 INFO:teuthology.orchestra.run.smithi040.stderr:/usr/bin/ceph:
2023-11-17T05:20:39.133+0000 7f785783f700 1 --2- 172.21.15.40:0/3486887982 >> [v2:172.21.15.40:6800/929662169,v1:172.21.15.40:6801/929662169] conn(0x7f783802fcf0 0x7f78380321b0 unknown :-1 s=CLOSED pgs=6 cs=0 l=1 rev1=1 rx=0 tx=0).stop
2023-11-17T05:21:26.276 INFO:teuthology.orchestra.run.smithi040.stderr:/usr/bin/ceph:
2023-11-17T05:20:39.133+0000 7f785783f700 1 --2- 172.21.15.40:0/3486887982 >> [v2:172.21.15.40:3300/0,v1:172.21.15.40:6789/0] conn(0x7f785006fc90 0x7f7850110fb0 unknown :-1 s=CLOSED pgs=32 cs=0 l=1 rev1=1 rx=0 tx=0).stop
2023-11-17T05:21:26.276 INFO:teuthology.orchestra.run.smithi040.stderr:/usr/bin/ceph:
2023-11-17T05:20:39.133+0000 7f785783f700 1 -- 172.21.15.40:0/3486887982 >> 172.21.15.40:0/3486887982 conn(0x7f78500f6280 msgr2=0x7f78500f7e40 unknown :-1 s=STATE_NONE l=0).mark_down
2023-11-17T05:21:26.276 INFO:teuthology.orchestra.run.smithi040.stderr:/usr/bin/ceph:
2023-11-17T05:20:39.133+0000 7f785783f700 1 -- 172.21.15.40:0/3486887982 shutdown_connections
2023-11-17T05:21:26.276 INFO:teuthology.orchestra.run.smithi040.stderr:/usr/bin/ceph:
2023-11-17T05:20:39.133+0000 7f785783f700 1 -- 172.21.15.40:0/3486887982 wait complete.
2023-11-17T05:21:26.276 INFO:teuthology.orchestra.run.smithi040.stderr:Running command: /bin/podman run --rm --ipc=host --no-hosts --net=host --entrypoint /usr/bin/ceph --init -e CONTAINER_IMAGE=docker.io/ceph/ceph:v16.2.4 -e NODE_NAME=smithi040 -e CEPH_USE_RANDOM_NONCE=1 -v /var/log/ceph/ed6470e2-8508-11ee-8dbe-212e2dc638e7:/var/log/ceph:z -v /tmp/ceph-tmpzx79_7_h:/etc/ceph/ceph.client.admin.keyring:z -v /tmp/ceph-tmpru9tjirw:/etc/ceph/ceph.conf:z docker.io/ceph/ceph:v16.2.4 cephadm set-user root
2023-11-17T05:21:26.276 INFO:teuthology.orchestra.run.smithi040.stderr:/usr/bin/ceph:
2023-11-17T05:20:39.889+0000 7f14ef59e700 1 Processor -- start
2023-11-17T05:21:26.276 INFO:teuthology.orchestra.run.smithi040.stderr:/usr/bin/ceph:
2023-11-17T05:20:39.889+0000 7f14ef59e700 1 -- start start
2023-11-17T05:21:26.276 INFO:teuthology.orchestra.run.smithi040.stderr:/usr/bin/ceph:
2023-11-17T05:20:39.890+0000 7f14ef59e700 1 --2- >> [v2:172.21.15.40:3300/0,v1:172.21.15.40:6789/0] conn(0x7f14f00fa8f0 0x7f14f00fad10 unknown :-1 s=NONE pgs=0 cs=0 l=0 rev1=0 rx=0 tx=0).connect
2023-11-17T05:21:26.276 INFO:teuthology.orchestra.run.smithi040.stderr:/usr/bin/ceph:
2023-11-17T05:20:39.890+0000 7f14ef59e700 1 -- --> [v2:172.21.15.40:3300/0,v1:172.21.15.40:6789/0] -- mon_getmap magic: 0 v1 -- 0x7f14f00fb200 con 0x7f14f00fa8f0
2023-11-17T05:21:26.276 INFO:teuthology.orchestra.run.smithi040.stderr:/usr/bin/ceph:
2023-11-17T05:20:39.890+0000 7f14ee59c700 1 --2- >> [v2:172.21.15.40:3300/0,v1:172.21.15.40:6789/0] conn(0x7f14f00fa8f0 0x7f14f00fad10 unknown :-1 s=BANNER_CONNECTING pgs=0 cs=0 l=0 rev1=0 rx=0 tx=0)._handle_peer_banner_payload supported=1 required=0
2023-11-17T05:21:26.277 INFO:teuthology.orchestra.run.smithi040.stderr:/usr/bin/ceph:
2023-11-17T05:20:39.890+0000 7f14ee59c700 1 --2- >> [v2:172.21.15.40:3300/0,v1:172.21.15.40:6789/0] conn(0x7f14f00fa8f0 0x7f14f00fad10 unknown :-1 s=HELLO_CONNECTING pgs=0 cs=0 l=0 rev1=1 rx=0 tx=0).handle_hello peer v2:172.21.15.40:3300/0 says I am v2:172.21.15.40:51086/0 (socket says 172.21.15.40:51086)
2023-11-17T05:21:26.277 INFO:teuthology.orchestra.run.smithi040.stderr:/usr/bin/ceph:
2023-11-17T05:20:39.890+0000 7f14ee59c700 1 -- 172.21.15.40:0/3758823852 learned_addr learned my addr 172.21.15.40:0/3758823852 (peer_addr_for_me v2:172.21.15.40:0/0)
2023-11-17T05:21:26.277 INFO:teuthology.orchestra.run.smithi040.stderr:/usr/bin/ceph:
2023-11-17T05:20:39.891+0000 7f14ee59c700 1 -- 172.21.15.40:0/3758823852 --> [v2:172.21.15.40:3300/0,v1:172.21.15.40:6789/0] -- mon_subscribe({config=0+,monmap=0+}) v3 -- 0x7f14f00fb340 con 0x7f14f00fa8f0
2023-11-17T05:21:26.277 INFO:teuthology.orchestra.run.smithi040.stderr:/usr/bin/ceph:
2023-11-17T05:20:39.891+0000 7f14ee59c700 1 --2- 172.21.15.40:0/3758823852 >> [v2:172.21.15.40:3300/0,v1:172.21.15.40:6789/0] conn(0x7f14f00fa8f0 0x7f14f00fad10 secure :-1 s=READY pgs=33 cs=0 l=1 rev1=1 rx=0x7f14e000b870 tx=0x7f14e0006f70).ready entity=mon.0 client_cookie=192f83fa9845b165 server_cookie=0 in_seq=0 out_seq=0
2023-11-17T05:21:26.277 INFO:teuthology.orchestra.run.smithi040.stderr:/usr/bin/ceph:
2023-11-17T05:20:39.891+0000 7f14ed59a700 1 -- 172.21.15.40:0/3758823852 <== mon.0 v2:172.21.15.40:3300/0 1 ==== mon_map magic: 0 v1 ==== 229+0+0 (secure 0 0 0) 0x7f14e000da20 con 0x7f14f00fa8f0
2023-11-17T05:21:26.277 INFO:teuthology.orchestra.run.smithi040.stderr:/usr/bin/ceph:
2023-11-17T05:20:39.891+0000 7f14ed59a700 1 -- 172.21.15.40:0/3758823852 <== mon.0 v2:172.21.15.40:3300/0 2 ==== config(25 keys) v1 ==== 1010+0+0 (secure 0 0 0) 0x7f14e0010470 con 0x7f14f00fa8f0
2023-11-17T05:21:26.277 INFO:teuthology.orchestra.run.smithi040.stderr:/usr/bin/ceph:
2023-11-17T05:20:39.891+0000 7f14ed59a700 1 -- 172.21.15.40:0/3758823852 <== mon.0 v2:172.21.15.40:3300/0 3 ==== mon_map magic: 0 v1 ==== 229+0+0 (secure 0 0 0) 0x7f14e000f5b0 con 0x7f14f00fa8f0
2023-11-17T05:21:26.277 INFO:teuthology.orchestra.run.smithi040.stderr:/usr/bin/ceph:
2023-11-17T05:20:39.892+0000 7f14ef59e700 1 -- 172.21.15.40:0/3758823852 >> [v2:172.21.15.40:3300/0,v1:172.21.15.40:6789/0] conn(0x7f14f00fa8f0 msgr2=0x7f14f00fad10 secure :-1 s=STATE_CONNECTION_ESTABLISHED l=1).mark_down
2023-11-17T05:21:26.277 INFO:teuthology.orchestra.run.smithi040.stderr:/usr/bin/ceph:
2023-11-17T05:20:39.892+0000 7f14ef59e700 1 --2- 172.21.15.40:0/3758823852 >> [v2:172.21.15.40:3300/0,v1:172.21.15.40:6789/0] conn(0x7f14f00fa8f0 0x7f14f00fad10 secure :-1 s=READY pgs=33 cs=0 l=1 rev1=1 rx=0x7f14e000b870 tx=0x7f14e0006f70).stop
2023-11-17T05:21:26.277 INFO:teuthology.orchestra.run.smithi040.stderr:/usr/bin/ceph:
2023-11-17T05:20:39.892+0000 7f14ef59e700 1 -- 172.21.15.40:0/3758823852 shutdown_connections
2023-11-17T05:21:26.277 INFO:teuthology.orchestra.run.smithi040.stderr:/usr/bin/ceph:
2023-11-17T05:20:39.892+0000 7f14ef59e700 1 --2- 172.21.15.40:0/3758823852 >> [v2:172.21.15.40:3300/0,v1:172.21.15.40:6789/0] conn(0x7f14f00fa8f0 0x7f14f00fad10 unknown :-1 s=CLOSED pgs=33 cs=0 l=1 rev1=1 rx=0 tx=0).stop
2023-11-17T05:21:26.277 INFO:teuthology.orchestra.run.smithi040.stderr:/usr/bin/ceph:
2023-11-17T05:20:39.892+0000 7f14ef59e700 1 -- 172.21.15.40:0/3758823852 >> 172.21.15.40:0/3758823852 conn(0x7f14f00f6130 msgr2=0x7f14f00f8550 unknown :-1 s=STATE_NONE l=0).mark_down
2023-11-17T05:21:26.277 INFO:teuthology.orchestra.run.smithi040.stderr:/usr/bin/ceph:
2023-11-17T05:20:39.892+0000 7f14ef59e700 1 -- 172.21.15.40:0/3758823852 shutdown_connections
2023-11-17T05:21:26.277 INFO:teuthology.orchestra.run.smithi040.stderr:/usr/bin/ceph:
2023-11-17T05:20:39.892+0000 7f14ef59e700 1 -- 172.21.15.40:0/3758823852 wait complete.
2023-11-17T05:21:26.278 INFO:teuthology.orchestra.run.smithi040.stderr:/usr/bin/ceph:
2023-11-17T05:20:39.892+0000 7f14ef59e700 1 Processor -- start
2023-11-17T05:21:26.278 INFO:teuthology.orchestra.run.smithi040.stderr:/usr/bin/ceph:
2023-11-17T05:20:39.893+0000 7f14ef59e700 1 -- start start
2023-11-17T05:21:26.278 INFO:teuthology.orchestra.run.smithi040.stderr:/usr/bin/ceph:
2023-11-17T05:20:39.893+0000 7f14ef59e700 1 --2- >> [v2:172.21.15.40:3300/0,v1:172.21.15.40:6789/0] conn(0x7f14f00fa8f0 0x7f14f01084d0 unknown :-1 s=NONE pgs=0 cs=0 l=1 rev1=0 rx=0 tx=0).connect
2023-11-17T05:21:26.278 INFO:teuthology.orchestra.run.smithi040.stderr:/usr/bin/ceph:
2023-11-17T05:20:39.893+0000 7f14ef59e700 1 -- --> [v2:172.21.15.40:3300/0,v1:172.21.15.40:6789/0] -- mon_getmap magic: 0 v1 -- 0x7f14f01089c0 con 0x7f14f00fa8f0
2023-11-17T05:21:26.278 INFO:teuthology.orchestra.run.smithi040.stderr:/usr/bin/ceph:
2023-11-17T05:20:39.893+0000 7f14ee59c700 1 --2- >> [v2:172.21.15.40:3300/0,v1:172.21.15.40:6789/0] conn(0x7f14f00fa8f0 0x7f14f01084d0 unknown :-1 s=BANNER_CONNECTING pgs=0 cs=0 l=1 rev1=0 rx=0 tx=0)._handle_peer_banner_payload supported=1 required=0
2023-11-17T05:21:26.278 INFO:teuthology.orchestra.run.smithi040.stderr:/usr/bin/ceph:
2023-11-17T05:20:39.893+0000 7f14ee59c700 1 --2- >> [v2:172.21.15.40:3300/0,v1:172.21.15.40:6789/0] conn(0x7f14f00fa8f0 0x7f14f01084d0 unknown :-1 s=HELLO_CONNECTING pgs=0 cs=0 l=1 rev1=1 rx=0 tx=0).handle_hello peer v2:172.21.15.40:3300/0 says I am v2:172.21.15.40:51102/0 (socket says 172.21.15.40:51102)
2023-11-17T05:21:26.278 INFO:teuthology.orchestra.run.smithi040.stderr:/usr/bin/ceph:
2023-11-17T05:20:39.893+0000 7f14ee59c700 1 -- 172.21.15.40:0/1069489644 learned_addr learned my addr 172.21.15.40:0/1069489644 (peer_addr_for_me v2:172.21.15.40:0/0)
2023-11-17T05:21:26.278 INFO:teuthology.orchestra.run.smithi040.stderr:/usr/bin/ceph:
2023-11-17T05:20:39.893+0000 7f14ee59c700 1 -- 172.21.15.40:0/1069489644 --> [v2:172.21.15.40:3300/0,v1:172.21.15.40:6789/0] -- mon_subscribe({config=0+,monmap=0+}) v3 -- 0x7f14e000b480 con 0x7f14f00fa8f0
2023-11-17T05:21:26.278 INFO:teuthology.orchestra.run.smithi040.stderr:/usr/bin/ceph:
2023-11-17T05:20:39.893+0000 7f14ee59c700 1 --2- 172.21.15.40:0/1069489644 >> [v2:172.21.15.40:3300/0,v1:172.21.15.40:6789/0] conn(0x7f14f00fa8f0 0x7f14f01084d0 secure :-1 s=READY pgs=34 cs=0 l=1 rev1=1 rx=0x7f14e0006a40 tx=0x7f14e0006f70).ready entity=mon.0 client_cookie=0 server_cookie=0 in_seq=0 out_seq=0
2023-11-17T05:21:26.278 INFO:teuthology.orchestra.run.smithi040.stderr:/usr/bin/ceph:
2023-11-17T05:20:39.893+0000 7f14deffd700 1 -- 172.21.15.40:0/1069489644 <== mon.0 v2:172.21.15.40:3300/0 1 ==== mon_map magic: 0 v1 ==== 229+0+0 (secure 0 0 0) 0x7f14e000f3d0 con 0x7f14f00fa8f0
2023-11-17T05:21:26.278 INFO:teuthology.orchestra.run.smithi040.stderr:/usr/bin/ceph:
2023-11-17T05:20:39.894+0000 7f14deffd700 1 -- 172.21.15.40:0/1069489644 <== mon.0 v2:172.21.15.40:3300/0 2 ==== config(25 keys) v1 ==== 1010+0+0 (secure 0 0 0) 0x7f14e000fef0 con 0x7f14f00fa8f0
2023-11-17T05:21:26.278 INFO:teuthology.orchestra.run.smithi040.stderr:/usr/bin/ceph:
2023-11-17T05:20:39.894+0000 7f14ef59e700 1 -- 172.21.15.40:0/1069489644 --> [v2:172.21.15.40:3300/0,v1:172.21.15.40:6789/0] -- mon_subscribe({mgrmap=0+}) v3 -- 0x7f14f0108bc0 con 0x7f14f00fa8f0
2023-11-17T05:21:26.279 INFO:teuthology.orchestra.run.smithi040.stderr:/usr/bin/ceph:
2023-11-17T05:20:39.894+0000 7f14deffd700 1 -- 172.21.15.40:0/1069489644 <== mon.0 v2:172.21.15.40:3300/0 3 ==== mon_map magic: 0 v1 ==== 229+0+0 (secure 0 0 0) 0x7f14e0019d40 con 0x7f14f00fa8f0
2023-11-17T05:21:26.279 INFO:teuthology.orchestra.run.smithi040.stderr:/usr/bin/ceph:
2023-11-17T05:20:39.894+0000 7f14ef59e700 1 -- 172.21.15.40:0/1069489644 --> [v2:172.21.15.40:3300/0,v1:172.21.15.40:6789/0] -- mon_subscribe({osdmap=0}) v3 -- 0x7f14f0108fd0 con 0x7f14f00fa8f0
2023-11-17T05:21:26.279 INFO:teuthology.orchestra.run.smithi040.stderr:/usr/bin/ceph:
2023-11-17T05:20:39.894+0000 7f14deffd700 1 -- 172.21.15.40:0/1069489644 <== mon.0 v2:172.21.15.40:3300/0 4 ==== mgrmap(e 8) v1 ==== 36120+0+0 (secure 0 0 0) 0x7f14e002b060 con 0x7f14f00fa8f0
2023-11-17T05:21:26.279 INFO:teuthology.orchestra.run.smithi040.stderr:/usr/bin/ceph:
2023-11-17T05:20:39.895+0000 7f14deffd700 1 --2- 172.21.15.40:0/1069489644 >> [v2:172.21.15.40:6800/929662169,v1:172.21.15.40:6801/929662169] conn(0x7f14d402fd50 0x7f14d4032210 unknown :-1 s=NONE pgs=0 cs=0 l=1 rev1=0 rx=0 tx=0).connect
2023-11-17T05:21:26.279 INFO:teuthology.orchestra.run.smithi040.stderr:/usr/bin/ceph:
2023-11-17T05:20:39.895+0000 7f14deffd700 1 -- 172.21.15.40:0/1069489644 <== mon.0 v2:172.21.15.40:3300/0 5 ==== osd_map(2..2 src has 1..2) v4 ==== 926+0+0 (secure 0 0 0) 0x7f14e0044120 con 0x7f14f00fa8f0
2023-11-17T05:21:26.279 INFO:teuthology.orchestra.run.smithi040.stderr:/usr/bin/ceph:
2023-11-17T05:20:39.895+0000 7f14edd9b700 1 --2- 172.21.15.40:0/1069489644 >> [v2:172.21.15.40:6800/929662169,v1:172.21.15.40:6801/929662169] conn(0x7f14d402fd50 0x7f14d4032210 unknown :-1 s=BANNER_CONNECTING pgs=0 cs=0 l=1 rev1=0 rx=0 tx=0)._handle_peer_banner_payload supported=1 required=0
2023-11-17T05:21:26.279 INFO:teuthology.orchestra.run.smithi040.stderr:/usr/bin/ceph:
2023-11-17T05:20:39.895+0000 7f14ef59e700 1 -- 172.21.15.40:0/1069489644 --> [v2:172.21.15.40:3300/0,v1:172.21.15.40:6789/0] -- mon_command({"prefix": "get_command_descriptions"} v 0) v1 -- 0x7f14f0059100 con 0x7f14f00fa8f0
2023-11-17T05:21:26.279 INFO:teuthology.orchestra.run.smithi040.stderr:/usr/bin/ceph:
2023-11-17T05:20:39.895+0000 7f14edd9b700 1 --2- 172.21.15.40:0/1069489644 >> [v2:172.21.15.40:6800/929662169,v1:172.21.15.40:6801/929662169] conn(0x7f14d402fd50 0x7f14d4032210 secure :-1 s=READY pgs=7 cs=0 l=1 rev1=1 rx=0x7f14e40096a0 tx=0x7f14e4006b40).ready entity=mgr.14116 client_cookie=0 server_cookie=0 in_seq=0 out_seq=0
2023-11-17T05:21:26.279 INFO:teuthology.orchestra.run.smithi040.stderr:/usr/bin/ceph:
2023-11-17T05:20:39.900+0000 7f14deffd700 1 -- 172.21.15.40:0/1069489644 <== mon.0 v2:172.21.15.40:3300/0 6 ==== mon_command_ack([{"prefix": "get_command_descriptions"}]=0 v0) v1 ==== 72+0+152212 (secure 0 0 0) 0x7f14e0014020 con 0x7f14f00fa8f0
2023-11-17T05:21:26.279 INFO:teuthology.orchestra.run.smithi040.stderr:/usr/bin/ceph:
2023-11-17T05:20:40.068+0000 7f14ef59e700 1 -- 172.21.15.40:0/1069489644 --> [v2:172.21.15.40:6800/929662169,v1:172.21.15.40:6801/929662169] -- mgr_command(tid 0: {"prefix": "cephadm set-user", "user": "root", "target": ["mon-mgr", ""]}) v1 -- 0x7f14f01023b0 con 0x7f14d402fd50
2023-11-17T05:21:26.279 INFO:teuthology.orchestra.run.smithi040.stderr:/usr/bin/ceph:
2023-11-17T05:20:40.069+0000 7f14deffd700 1 -- 172.21.15.40:0/1069489644 <== mgr.14116 v2:172.21.15.40:6800/929662169 1 ==== mgr_command_reply(tid 0: 0 ) v1 ==== 8+0+16 (secure 0 0 0) 0x7f14f01023b0 con 0x7f14d402fd50
2023-11-17T05:21:26.279 INFO:teuthology.orchestra.run.smithi040.stderr:/usr/bin/ceph: value unchanged
2023-11-17T05:21:26.279 INFO:teuthology.orchestra.run.smithi040.stderr:/usr/bin/ceph:
2023-11-17T05:20:40.071+0000 7f14ef59e700 1 -- 172.21.15.40:0/1069489644 >> [v2:172.21.15.40:6800/929662169,v1:172.21.15.40:6801/929662169] conn(0x7f14d402fd50 msgr2=0x7f14d4032210 secure :-1 s=STATE_CONNECTION_ESTABLISHED l=1).mark_down
2023-11-17T05:21:26.279 INFO:teuthology.orchestra.run.smithi040.stderr:/usr/bin/ceph:
2023-11-17T05:20:40.071+0000 7f14ef59e700 1 --2- 172.21.15.40:0/1069489644 >> [v2:172.21.15.40:6800/929662169,v1:172.21.15.40:6801/929662169] conn(0x7f14d402fd50 0x7f14d4032210 secure :-1 s=READY pgs=7 cs=0 l=1 rev1=1 rx=0x7f14e40096a0 tx=0x7f14e4006b40).stop
2023-11-17T05:21:26.280 INFO:teuthology.orchestra.run.smithi040.stderr:/usr/bin/ceph:
2023-11-17T05:20:40.071+0000 7f14ef59e700 1 -- 172.21.15.40:0/1069489644 >> [v2:172.21.15.40:3300/0,v1:172.21.15.40:6789/0] conn(0x7f14f00fa8f0 msgr2=0x7f14f01084d0 secure :-1 s=STATE_CONNECTION_ESTABLISHED l=1).mark_down
2023-11-17T05:21:26.280 INFO:teuthology.orchestra.run.smithi040.stderr:/usr/bin/ceph:
2023-11-17T05:20:40.071+0000 7f14ef59e700 1 --2- 172.21.15.40:0/1069489644 >> [v2:172.21.15.40:3300/0,v1:172.21.15.40:6789/0] conn(0x7f14f00fa8f0 0x7f14f01084d0 secure :-1 s=READY pgs=34 cs=0 l=1 rev1=1 rx=0x7f14e0006a40 tx=0x7f14e0006f70).stop
2023-11-17T05:21:26.280 INFO:teuthology.orchestra.run.smithi040.stderr:/usr/bin/ceph:
2023-11-17T05:20:40.071+0000 7f14ef59e700 1 -- 172.21.15.40:0/1069489644 shutdown_connections
2023-11-17T05:21:26.280 INFO:teuthology.orchestra.run.smithi040.stderr:/usr/bin/ceph:
2023-11-17T05:20:40.071+0000 7f14ef59e700 1 --2- 172.21.15.40:0/1069489644 >> [v2:172.21.15.40:6800/929662169,v1:172.21.15.40:6801/929662169] conn(0x7f14d402fd50 0x7f14d4032210 unknown :-1 s=CLOSED pgs=7 cs=0 l=1 rev1=1 rx=0 tx=0).stop
2023-11-17T05:21:26.280 INFO:teuthology.orchestra.run.smithi040.stderr:/usr/bin/ceph:
2023-11-17T05:20:40.071+0000 7f14ef59e700 1 --2- 172.21.15.40:0/1069489644 >> [v2:172.21.15.40:3300/0,v1:172.21.15.40:6789/0] conn(0x7f14f00fa8f0 0x7f14f01084d0 unknown :-1 s=CLOSED pgs=34 cs=0 l=1 rev1=1 rx=0 tx=0).stop
2023-11-17T05:21:26.280 INFO:teuthology.orchestra.run.smithi040.stderr:/usr/bin/ceph:
2023-11-17T05:20:40.071+0000 7f14ef59e700 1 -- 172.21.15.40:0/1069489644 >> 172.21.15.40:0/1069489644 conn(0x7f14f00f6130 msgr2=0x7f14f00ff680 unknown :-1 s=STATE_NONE l=0).mark_down
2023-11-17T05:21:26.280 INFO:teuthology.orchestra.run.smithi040.stderr:/usr/bin/ceph:
2023-11-17T05:20:40.071+0000 7f14ef59e700 1 -- 172.21.15.40:0/1069489644 shutdown_connections
2023-11-17T05:21:26.280 INFO:teuthology.orchestra.run.smithi040.stderr:/usr/bin/ceph:
2023-11-17T05:20:40.071+0000 7f14ef59e700 1 -- 172.21.15.40:0/1069489644 wait complete.
2023-11-17T05:21:26.280 INFO:teuthology.orchestra.run.smithi040.stderr:Generating ssh key...
2023-11-17T05:21:26.280 INFO:teuthology.orchestra.run.smithi040.stderr:Running command: /bin/podman run --rm --ipc=host --no-hosts --net=host --entrypoint /usr/bin/ceph --init -e CONTAINER_IMAGE=docker.io/ceph/ceph:v16.2.4 -e NODE_NAME=smithi040 -e CEPH_USE_RANDOM_NONCE=1 -v /var/log/ceph/ed6470e2-8508-11ee-8dbe-212e2dc638e7:/var/log/ceph:z -v /tmp/ceph-tmpzx79_7_h:/etc/ceph/ceph.client.admin.keyring:z -v /tmp/ceph-tmpru9tjirw:/etc/ceph/ceph.conf:z docker.io/ceph/ceph:v16.2.4 cephadm generate-key
2023-11-17T05:21:26.280 INFO:teuthology.orchestra.run.smithi040.stderr:/usr/bin/ceph:
2023-11-17T05:20:40.787+0000 7f9df3256700 1 Processor -- start
2023-11-17T05:21:26.280 INFO:teuthology.orchestra.run.smithi040.stderr:/usr/bin/ceph:
2023-11-17T05:20:40.787+0000 7f9df3256700 1 -- start start
2023-11-17T05:21:26.280 INFO:teuthology.orchestra.run.smithi040.stderr:/usr/bin/ceph:
2023-11-17T05:20:40.788+0000 7f9df3256700 1 --2- >> [v2:172.21.15.40:3300/0,v1:172.21.15.40:6789/0] conn(0x7f9dec06fcd0 0x7f9dec0fe7a0 unknown :-1 s=NONE pgs=0 cs=0 l=0 rev1=0 rx=0 tx=0).connect
2023-11-17T05:21:26.281 INFO:teuthology.orchestra.run.smithi040.stderr:/usr/bin/ceph:
2023-11-17T05:20:40.788+0000 7f9df3256700 1 -- --> [v2:172.21.15.40:3300/0,v1:172.21.15.40:6789/0] -- mon_getmap magic: 0 v1 -- 0x7f9dec0fed20 con 0x7f9dec06fcd0
2023-11-17T05:21:26.281 INFO:teuthology.orchestra.run.smithi040.stderr:/usr/bin/ceph:
2023-11-17T05:20:40.788+0000 7f9df0ff2700 1 --2- >> [v2:172.21.15.40:3300/0,v1:172.21.15.40:6789/0] conn(0x7f9dec06fcd0 0x7f9dec0fe7a0 unknown :-1 s=BANNER_CONNECTING pgs=0 cs=0 l=0 rev1=0 rx=0 tx=0)._handle_peer_banner_payload supported=1 required=0
2023-11-17T05:21:26.281 INFO:teuthology.orchestra.run.smithi040.stderr:/usr/bin/ceph:
2023-11-17T05:20:40.788+0000 7f9df0ff2700 1 --2- >> [v2:172.21.15.40:3300/0,v1:172.21.15.40:6789/0] conn(0x7f9dec06fcd0 0x7f9dec0fe7a0 unknown :-1 s=HELLO_CONNECTING pgs=0 cs=0 l=0 rev1=1 rx=0 tx=0).handle_hello peer v2:172.21.15.40:3300/0 says I am v2:172.21.15.40:51116/0 (socket says 172.21.15.40:51116)
2023-11-17T05:21:26.281 INFO:teuthology.orchestra.run.smithi040.stderr:/usr/bin/ceph:
2023-11-17T05:20:40.788+0000 7f9df0ff2700 1 -- 172.21.15.40:0/2094553338 learned_addr learned my addr 172.21.15.40:0/2094553338 (peer_addr_for_me v2:172.21.15.40:0/0)
2023-11-17T05:21:26.281 INFO:teuthology.orchestra.run.smithi040.stderr:/usr/bin/ceph:
2023-11-17T05:20:40.788+0000 7f9df0ff2700 1 -- 172.21.15.40:0/2094553338 --> [v2:172.21.15.40:3300/0,v1:172.21.15.40:6789/0] -- mon_subscribe({config=0+,monmap=0+}) v3 -- 0x7f9dec0fee60 con 0x7f9dec06fcd0
2023-11-17T05:21:26.281 INFO:teuthology.orchestra.run.smithi040.stderr:/usr/bin/ceph:
2023-11-17T05:20:40.788+0000 7f9df0ff2700 1 --2- 172.21.15.40:0/2094553338 >> [v2:172.21.15.40:3300/0,v1:172.21.15.40:6789/0] conn(0x7f9dec06fcd0 0x7f9dec0fe7a0 secure :-1 s=READY pgs=35 cs=0 l=1 rev1=1 rx=0x7f9de000b5f0 tx=0x7f9de0006ee0).ready entity=mon.0 client_cookie=50ea6c8bd9505e11 server_cookie=0 in_seq=0 out_seq=0
2023-11-17T05:21:26.281 INFO:teuthology.orchestra.run.smithi040.stderr:/usr/bin/ceph:
2023-11-17T05:20:40.789+0000 7f9deb7fe700 1 -- 172.21.15.40:0/2094553338 <== mon.0 v2:172.21.15.40:3300/0 1 ==== mon_map magic: 0 v1 ==== 229+0+0 (secure 0 0 0) 0x7f9de000d600 con 0x7f9dec06fcd0
2023-11-17T05:21:26.281 INFO:teuthology.orchestra.run.smithi040.stderr:/usr/bin/ceph:
2023-11-17T05:20:40.789+0000 7f9deb7fe700 1 -- 172.21.15.40:0/2094553338 <== mon.0 v2:172.21.15.40:3300/0 2 ==== config(25 keys) v1 ==== 1010+0+0 (secure 0 0 0) 0x7f9de000dbd0 con 0x7f9dec06fcd0
2023-11-17T05:21:26.281 INFO:teuthology.orchestra.run.smithi040.stderr:/usr/bin/ceph:
2023-11-17T05:20:40.789+0000 7f9deb7fe700 1 -- 172.21.15.40:0/2094553338 <== mon.0 v2:172.21.15.40:3300/0 3 ==== mon_map magic: 0 v1 ==== 229+0+0 (secure 0 0 0) 0x7f9de0011c00 con 0x7f9dec06fcd0
2023-11-17T05:21:26.281 INFO:teuthology.orchestra.run.smithi040.stderr:/usr/bin/ceph:
2023-11-17T05:20:40.789+0000 7f9df3256700 1 -- 172.21.15.40:0/2094553338 >> [v2:172.21.15.40:3300/0,v1:172.21.15.40:6789/0] conn(0x7f9dec06fcd0 msgr2=0x7f9dec0fe7a0 secure :-1 s=STATE_CONNECTION_ESTABLISHED l=1).mark_down
2023-11-17T05:21:26.281 INFO:teuthology.orchestra.run.smithi040.stderr:/usr/bin/ceph:
2023-11-17T05:20:40.789+0000 7f9df3256700 1 --2- 172.21.15.40:0/2094553338 >> [v2:172.21.15.40:3300/0,v1:172.21.15.40:6789/0] conn(0x7f9dec06fcd0 0x7f9dec0fe7a0 secure :-1 s=READY pgs=35 cs=0 l=1 rev1=1 rx=0x7f9de000b5f0 tx=0x7f9de0006ee0).stop
2023-11-17T05:21:26.281 INFO:teuthology.orchestra.run.smithi040.stderr:/usr/bin/ceph:
2023-11-17T05:20:40.789+0000 7f9df3256700 1 -- 172.21.15.40:0/2094553338 shutdown_connections
2023-11-17T05:21:26.281 INFO:teuthology.orchestra.run.smithi040.stderr:/usr/bin/ceph:
2023-11-17T05:20:40.789+0000 7f9df3256700 1 --2- 172.21.15.40:0/2094553338 >> [v2:172.21.15.40:3300/0,v1:172.21.15.40:6789/0] conn(0x7f9dec06fcd0 0x7f9dec0fe7a0 unknown :-1 s=CLOSED pgs=35 cs=0 l=1 rev1=1 rx=0 tx=0).stop
2023-11-17T05:21:26.282 INFO:teuthology.orchestra.run.smithi040.stderr:/usr/bin/ceph:
2023-11-17T05:20:40.789+0000 7f9df3256700 1 -- 172.21.15.40:0/2094553338 >> 172.21.15.40:0/2094553338 conn(0x7f9dec0f6280 msgr2=0x7f9dec0f86a0 unknown :-1 s=STATE_NONE l=0).mark_down
2023-11-17T05:21:26.282 INFO:teuthology.orchestra.run.smithi040.stderr:/usr/bin/ceph:
2023-11-17T05:20:40.790+0000 7f9df3256700 1 -- 172.21.15.40:0/2094553338 shutdown_connections
2023-11-17T05:21:26.282 INFO:teuthology.orchestra.run.smithi040.stderr:/usr/bin/ceph:
2023-11-17T05:20:40.790+0000 7f9df3256700 1 -- 172.21.15.40:0/2094553338 wait complete.
2023-11-17T05:21:26.282 INFO:teuthology.orchestra.run.smithi040.stderr:/usr/bin/ceph:
2023-11-17T05:20:40.790+0000 7f9df3256700 1 Processor -- start
2023-11-17T05:21:26.282 INFO:teuthology.orchestra.run.smithi040.stderr:/usr/bin/ceph:
2023-11-17T05:20:40.790+0000 7f9df3256700 1 -- start start
2023-11-17T05:21:26.282 INFO:teuthology.orchestra.run.smithi040.stderr:/usr/bin/ceph:
2023-11-17T05:20:40.791+0000 7f9df3256700 1 --2- >> [v2:172.21.15.40:3300/0,v1:172.21.15.40:6789/0] conn(0x7f9dec06fcd0 0x7f9dec0fc220 unknown :-1 s=NONE pgs=0 cs=0 l=1 rev1=0 rx=0 tx=0).connect
2023-11-17T05:21:26.282 INFO:teuthology.orchestra.run.smithi040.stderr:/usr/bin/ceph:
2023-11-17T05:20:40.791+0000 7f9df3256700 1 -- --> [v2:172.21.15.40:3300/0,v1:172.21.15.40:6789/0] -- mon_getmap magic: 0 v1 -- 0x7f9dec0fa6a0 con 0x7f9dec06fcd0
2023-11-17T05:21:26.282 INFO:teuthology.orchestra.run.smithi040.stderr:/usr/bin/ceph:
2023-11-17T05:20:40.791+0000 7f9df0ff2700 1 --2- >> [v2:172.21.15.40:3300/0,v1:172.21.15.40:6789/0] conn(0x7f9dec06fcd0 0x7f9dec0fc220 unknown :-1 s=BANNER_CONNECTING pgs=0 cs=0 l=1 rev1=0 rx=0 tx=0)._handle_peer_banner_payload supported=1 required=0
2023-11-17T05:21:26.282 INFO:teuthology.orchestra.run.smithi040.stderr:/usr/bin/ceph:
2023-11-17T05:20:40.791+0000 7f9df0ff2700 1 --2- >> [v2:172.21.15.40:3300/0,v1:172.21.15.40:6789/0] conn(0x7f9dec06fcd0 0x7f9dec0fc220 unknown :-1 s=HELLO_CONNECTING pgs=0 cs=0 l=1 rev1=1 rx=0 tx=0).handle_hello peer v2:172.21.15.40:3300/0 says I am v2:172.21.15.40:51120/0 (socket says 172.21.15.40:51120)
2023-11-17T05:21:26.282 INFO:teuthology.orchestra.run.smithi040.stderr:/usr/bin/ceph:
2023-11-17T05:20:40.791+0000 7f9df0ff2700 1 -- 172.21.15.40:0/2653640869 learned_addr learned my addr 172.21.15.40:0/2653640869 (peer_addr_for_me v2:172.21.15.40:0/0)
2023-11-17T05:21:26.282 INFO:teuthology.orchestra.run.smithi040.stderr:/usr/bin/ceph:
2023-11-17T05:20:40.791+0000 7f9df0ff2700 1 -- 172.21.15.40:0/2653640869 --> [v2:172.21.15.40:3300/0,v1:172.21.15.40:6789/0] -- mon_subscribe({config=0+,monmap=0+}) v3 -- 0x7f9de000b200 con 0x7f9dec06fcd0
2023-11-17T05:21:26.282 INFO:teuthology.orchestra.run.smithi040.stderr:/usr/bin/ceph:
2023-11-17T05:20:40.791+0000 7f9df0ff2700 1 --2- 172.21.15.40:0/2653640869 >> [v2:172.21.15.40:3300/0,v1:172.21.15.40:6789/0] conn(0x7f9dec06fcd0 0x7f9dec0fc220 secure :-1 s=READY pgs=36 cs=0 l=1 rev1=1 rx=0x7f9de000e040 tx=0x7f9de0006ee0).ready entity=mon.0 client_cookie=0 server_cookie=0 in_seq=0 out_seq=0
2023-11-17T05:21:26.282 INFO:teuthology.orchestra.run.smithi040.stderr:/usr/bin/ceph:
2023-11-17T05:20:40.791+0000 7f9de97fa700 1 -- 172.21.15.40:0/2653640869 <== mon.0 v2:172.21.15.40:3300/0 1 ==== mon_map magic: 0 v1 ==== 229+0+0 (secure 0 0 0) 0x7f9de001b410 con 0x7f9dec06fcd0
2023-11-17T05:21:26.283 INFO:teuthology.orchestra.run.smithi040.stderr:/usr/bin/ceph:
2023-11-17T05:20:40.791+0000 7f9de97fa700 1 -- 172.21.15.40:0/2653640869 <== mon.0 v2:172.21.15.40:3300/0 2 ==== config(25 keys) v1 ==== 1010+0+0 (secure 0 0 0) 0x7f9de001b9e0 con 0x7f9dec06fcd0
2023-11-17T05:21:26.283 INFO:teuthology.orchestra.run.smithi040.stderr:/usr/bin/ceph:
2023-11-17T05:20:40.791+0000 7f9df3256700 1 -- 172.21.15.40:0/2653640869 --> [v2:172.21.15.40:3300/0,v1:172.21.15.40:6789/0] -- mon_subscribe({mgrmap=0+}) v3 -- 0x7f9dec0fa840 con 0x7f9dec06fcd0
2023-11-17T05:21:26.283 INFO:teuthology.orchestra.run.smithi040.stderr:/usr/bin/ceph:
2023-11-17T05:20:40.791+0000 7f9de97fa700 1 -- 172.21.15.40:0/2653640869 <== mon.0 v2:172.21.15.40:3300/0 3 ==== mon_map magic: 0 v1 ==== 229+0+0 (secure 0 0 0) 0x7f9de001a770 con 0x7f9dec06fcd0
2023-11-17T05:21:26.283 INFO:teuthology.orchestra.run.smithi040.stderr:/usr/bin/ceph:
2023-11-17T05:20:40.791+0000 7f9df3256700 1 -- 172.21.15.40:0/2653640869 --> [v2:172.21.15.40:3300/0,v1:172.21.15.40:6789/0] -- mon_subscribe({osdmap=0}) v3 -- 0x7f9dec0fac50 con 0x7f9dec06fcd0
2023-11-17T05:21:26.283 INFO:teuthology.orchestra.run.smithi040.stderr:/usr/bin/ceph:
2023-11-17T05:20:40.792+0000 7f9de97fa700 1 -- 172.21.15.40:0/2653640869 <== mon.0 v2:172.21.15.40:3300/0 4 ==== mgrmap(e 8) v1 ==== 36120+0+0 (secure 0 0 0) 0x7f9de000f070 con 0x7f9dec06fcd0
2023-11-17T05:21:26.283 INFO:teuthology.orchestra.run.smithi040.stderr:/usr/bin/ceph:
2023-11-17T05:20:40.792+0000 7f9de97fa700 1 --2- 172.21.15.40:0/2653640869 >> [v2:172.21.15.40:6800/929662169,v1:172.21.15.40:6801/929662169] conn(0x7f9dd002fdb0 0x7f9dd0032270 unknown :-1 s=NONE pgs=0 cs=0 l=1 rev1=0 rx=0 tx=0).connect
2023-11-17T05:21:26.283 INFO:teuthology.orchestra.run.smithi040.stderr:/usr/bin/ceph:
2023-11-17T05:20:40.792+0000 7f9df3256700 1 -- 172.21.15.40:0/2653640869 --> [v2:172.21.15.40:3300/0,v1:172.21.15.40:6789/0] -- mon_command({"prefix": "get_command_descriptions"} v 0) v1 -- 0x7f9dec045ad0 con 0x7f9dec06fcd0
2023-11-17T05:21:26.283 INFO:teuthology.orchestra.run.smithi040.stderr:/usr/bin/ceph:
2023-11-17T05:20:40.793+0000 7f9de97fa700 1 -- 172.21.15.40:0/2653640869 <== mon.0 v2:172.21.15.40:3300/0 5 ==== osd_map(2..2 src has 1..2) v4 ==== 926+0+0 (secure 0 0 0) 0x7f9de00410c0 con 0x7f9dec06fcd0
2023-11-17T05:21:26.283 INFO:teuthology.orchestra.run.smithi040.stderr:/usr/bin/ceph:
2023-11-17T05:20:40.793+0000 7f9debfff700 1 --2- 172.21.15.40:0/2653640869 >> [v2:172.21.15.40:6800/929662169,v1:172.21.15.40:6801/929662169] conn(0x7f9dd002fdb0 0x7f9dd0032270 unknown :-1 s=BANNER_CONNECTING pgs=0 cs=0 l=1 rev1=0 rx=0 tx=0)._handle_peer_banner_payload supported=1 required=0
2023-11-17T05:21:26.283 INFO:teuthology.orchestra.run.smithi040.stderr:/usr/bin/ceph:
2023-11-17T05:20:40.793+0000 7f9debfff700 1 --2- 172.21.15.40:0/2653640869 >> [v2:172.21.15.40:6800/929662169,v1:172.21.15.40:6801/929662169] conn(0x7f9dd002fdb0 0x7f9dd0032270 secure :-1 s=READY pgs=8 cs=0 l=1 rev1=1 rx=0x7f9dd80096a0 tx=0x7f9dd8006b40).ready entity=mgr.14116 client_cookie=0 server_cookie=0 in_seq=0 out_seq=0
2023-11-17T05:21:26.283 INFO:teuthology.orchestra.run.smithi040.stderr:/usr/bin/ceph:
2023-11-17T05:20:40.797+0000 7f9de97fa700 1 -- 172.21.15.40:0/2653640869 <== mon.0 v2:172.21.15.40:3300/0 6 ==== mon_command_ack([{"prefix": "get_command_descriptions"}]=0 v0) v1 ==== 72+0+152212 (secure 0 0 0) 0x7f9de0016020 con 0x7f9dec06fcd0
2023-11-17T05:21:26.283 INFO:teuthology.orchestra.run.smithi040.stderr:/usr/bin/ceph:
2023-11-17T05:20:40.963+0000 7f9df3256700 1 -- 172.21.15.40:0/2653640869 --> [v2:172.21.15.40:6800/929662169,v1:172.21.15.40:6801/929662169] -- mgr_command(tid 0: {"prefix": "cephadm generate-key", "target": ["mon-mgr", ""]}) v1 -- 0x7f9dec104960 con 0x7f9dd002fdb0
2023-11-17T05:21:26.283 INFO:teuthology.orchestra.run.smithi040.stderr:/usr/bin/ceph:
2023-11-17T05:20:41.825+0000 7f9de97fa700 1 -- 172.21.15.40:0/2653640869 <== mgr.14116 v2:172.21.15.40:6800/929662169 1 ==== mgr_command_reply(tid 0: 0 ) v1 ==== 8+0+0 (secure 0 0 0) 0x7f9dec104960 con 0x7f9dd002fdb0
2023-11-17T05:21:26.284 INFO:teuthology.orchestra.run.smithi040.stderr:/usr/bin/ceph:
2023-11-17T05:20:41.827+0000 7f9df3256700 1 -- 172.21.15.40:0/2653640869 >> [v2:172.21.15.40:6800/929662169,v1:172.21.15.40:6801/929662169] conn(0x7f9dd002fdb0 msgr2=0x7f9dd0032270 secure :-1 s=STATE_CONNECTION_ESTABLISHED l=1).mark_down
2023-11-17T05:21:26.284 INFO:teuthology.orchestra.run.smithi040.stderr:/usr/bin/ceph:
2023-11-17T05:20:41.827+0000 7f9df3256700 1 --2- 172.21.15.40:0/2653640869 >> [v2:172.21.15.40:6800/929662169,v1:172.21.15.40:6801/929662169] conn(0x7f9dd002fdb0 0x7f9dd0032270 secure :-1 s=READY pgs=8 cs=0 l=1 rev1=1 rx=0x7f9dd80096a0 tx=0x7f9dd8006b40).stop
2023-11-17T05:21:26.284 INFO:teuthology.orchestra.run.smithi040.stderr:/usr/bin/ceph:
2023-11-17T05:20:41.827+0000 7f9df3256700 1 -- 172.21.15.40:0/2653640869 >> [v2:172.21.15.40:3300/0,v1:172.21.15.40:6789/0] conn(0x7f9dec06fcd0 msgr2=0x7f9dec0fc220 secure :-1 s=STATE_CONNECTION_ESTABLISHED l=1).mark_down
2023-11-17T05:21:26.284 INFO:teuthology.orchestra.run.smithi040.stderr:/usr/bin/ceph:
2023-11-17T05:20:41.827+0000 7f9df3256700 1 --2- 172.21.15.40:0/2653640869 >> [v2:172.21.15.40:3300/0,v1:172.21.15.40:6789/0] conn(0x7f9dec06fcd0 0x7f9dec0fc220 secure :-1 s=READY pgs=36 cs=0 l=1 rev1=1 rx=0x7f9de000e040 tx=0x7f9de0006ee0).stop
2023-11-17T05:21:26.284 INFO:teuthology.orchestra.run.smithi040.stderr:/usr/bin/ceph:
2023-11-17T05:20:41.827+0000 7f9df3256700 1 -- 172.21.15.40:0/2653640869 shutdown_connections
2023-11-17T05:21:26.285 INFO:teuthology.orchestra.run.smithi040.stderr:/usr/bin/ceph:
2023-11-17T05:20:41.827+0000 7f9df3256700 1 --2- 172.21.15.40:0/2653640869 >> [v2:172.21.15.40:6800/929662169,v1:172.21.15.40:6801/929662169] conn(0x7f9dd002fdb0 0x7f9dd0032270 unknown :-1 s=CLOSED pgs=8 cs=0 l=1 rev1=1 rx=0 tx=0).stop
2023-11-17T05:21:26.285 INFO:teuthology.orchestra.run.smithi040.stderr:/usr/bin/ceph:
2023-11-17T05:20:41.827+0000 7f9df3256700 1 --2- 172.21.15.40:0/2653640869 >> [v2:172.21.15.40:3300/0,v1:172.21.15.40:6789/0] conn(0x7f9dec06fcd0 0x7f9dec0fc220 unknown :-1 s=CLOSED pgs=36 cs=0 l=1 rev1=1 rx=0 tx=0).stop
2023-11-17T05:21:26.285 INFO:teuthology.orchestra.run.smithi040.stderr:/usr/bin/ceph:
2023-11-17T05:20:41.827+0000 7f9df3256700 1 -- 172.21.15.40:0/2653640869 >> 172.21.15.40:0/2653640869 conn(0x7f9dec0f6280 msgr2=0x7f9dec0f7e20 unknown :-1 s=STATE_NONE l=0).mark_down
2023-11-17T05:21:26.285 INFO:teuthology.orchestra.run.smithi040.stderr:/usr/bin/ceph:
2023-11-17T05:20:41.827+0000 7f9df3256700 1 -- 172.21.15.40:0/2653640869 shutdown_connections
2023-11-17T05:21:26.286 INFO:teuthology.orchestra.run.smithi040.stderr:/usr/bin/ceph:
2023-11-17T05:20:41.827+0000 7f9df3256700 1 -- 172.21.15.40:0/2653640869 wait complete.
2023-11-17T05:21:26.286 INFO:teuthology.orchestra.run.smithi040.stderr:Running command: /bin/podman run --rm --ipc=host --no-hosts --net=host --entrypoint /usr/bin/ceph --init -e CONTAINER_IMAGE=docker.io/ceph/ceph:v16.2.4 -e NODE_NAME=smithi040 -e CEPH_USE_RANDOM_NONCE=1 -v /var/log/ceph/ed6470e2-8508-11ee-8dbe-212e2dc638e7:/var/log/ceph:z -v /tmp/ceph-tmpzx79_7_h:/etc/ceph/ceph.client.admin.keyring:z -v /tmp/ceph-tmpru9tjirw:/etc/ceph/ceph.conf:z docker.io/ceph/ceph:v16.2.4 cephadm get-pub-key
2023-11-17T05:21:26.286 INFO:teuthology.orchestra.run.smithi040.stderr:/usr/bin/ceph:
2023-11-17T05:20:45.471+0000 7f62b117d700 1 Processor -- start
2023-11-17T05:21:26.286 INFO:teuthology.orchestra.run.smithi040.stderr:/usr/bin/ceph:
2023-11-17T05:20:45.471+0000 7f62b117d700 1 -- start start
2023-11-17T05:21:26.286 INFO:teuthology.orchestra.run.smithi040.stderr:/usr/bin/ceph:
2023-11-17T05:20:45.471+0000 7f62b117d700 1 --2- >> [v2:172.21.15.40:3300/0,v1:172.21.15.40:6789/0] conn(0x7f62ac06fc50 0x7f62ac100c20 unknown :-1 s=NONE pgs=0 cs=0 l=0 rev1=0 rx=0 tx=0).connect
2023-11-17T05:21:26.286 INFO:teuthology.orchestra.run.smithi040.stderr:/usr/bin/ceph:
2023-11-17T05:20:45.471+0000 7f62b117d700 1 -- --> [v2:172.21.15.40:3300/0,v1:172.21.15.40:6789/0] -- mon_getmap magic: 0 v1 -- 0x7f62ac0fc6a0 con 0x7f62ac06fc50
2023-11-17T05:21:26.286 INFO:teuthology.orchestra.run.smithi040.stderr:/usr/bin/ceph:
2023-11-17T05:20:45.471+0000 7f62aad9d700 1 --2- >> [v2:172.21.15.40:3300/0,v1:172.21.15.40:6789/0] conn(0x7f62ac06fc50 0x7f62ac100c20 unknown :-1 s=BANNER_CONNECTING pgs=0 cs=0 l=0 rev1=0 rx=0 tx=0)._handle_peer_banner_payload supported=1 required=0
2023-11-17T05:21:26.286 INFO:teuthology.orchestra.run.smithi040.stderr:/usr/bin/ceph:
2023-11-17T05:20:45.471+0000 7f62aad9d700 1 --2- >> [v2:172.21.15.40:3300/0,v1:172.21.15.40:6789/0] conn(0x7f62ac06fc50 0x7f62ac100c20 unknown :-1 s=HELLO_CONNECTING pgs=0 cs=0 l=0 rev1=1 rx=0 tx=0).handle_hello peer v2:172.21.15.40:3300/0 says I am v2:172.21.15.40:38314/0 (socket says 172.21.15.40:38314)
2023-11-17T05:21:26.286 INFO:teuthology.orchestra.run.smithi040.stderr:/usr/bin/ceph:
