2023-11-17T05:21:12.966+0000 7f0bd79ca700 1 --2- >> [v2:172.21.15.40:3300/0,v1:172.21.15.40:6789/0] conn(0x7f0bd006fc90 0x7f0bd010a9a0 unknown :-1 s=NONE pgs=0 cs=0 l=1 rev1=0 rx=0 tx=0).connect
2023-11-17T05:21:26.403 INFO:teuthology.orchestra.run.smithi040.stderr:/usr/bin/ceph:
2023-11-17T05:21:12.966+0000 7f0bd79ca700 1 -- --> [v2:172.21.15.40:3300/0,v1:172.21.15.40:6789/0] -- mon_getmap magic: 0 v1 -- 0x7f0bd010ae90 con 0x7f0bd006fc90
2023-11-17T05:21:26.403 INFO:teuthology.orchestra.run.smithi040.stderr:/usr/bin/ceph:
2023-11-17T05:21:12.967+0000 7f0bd5766700 1 --2- >> [v2:172.21.15.40:3300/0,v1:172.21.15.40:6789/0] conn(0x7f0bd006fc90 0x7f0bd010a9a0 unknown :-1 s=BANNER_CONNECTING pgs=0 cs=0 l=1 rev1=0 rx=0 tx=0)._handle_peer_banner_payload supported=1 required=0
2023-11-17T05:21:26.403 INFO:teuthology.orchestra.run.smithi040.stderr:/usr/bin/ceph:
2023-11-17T05:21:12.967+0000 7f0bd5766700 1 --2- >> [v2:172.21.15.40:3300/0,v1:172.21.15.40:6789/0] conn(0x7f0bd006fc90 0x7f0bd010a9a0 unknown :-1 s=HELLO_CONNECTING pgs=0 cs=0 l=1 rev1=1 rx=0 tx=0).handle_hello peer v2:172.21.15.40:3300/0 says I am v2:172.21.15.40:45732/0 (socket says 172.21.15.40:45732)
2023-11-17T05:21:26.404 INFO:teuthology.orchestra.run.smithi040.stderr:/usr/bin/ceph:
2023-11-17T05:21:12.967+0000 7f0bd5766700 1 -- 172.21.15.40:0/2903078684 learned_addr learned my addr 172.21.15.40:0/2903078684 (peer_addr_for_me v2:172.21.15.40:0/0)
2023-11-17T05:21:26.404 INFO:teuthology.orchestra.run.smithi040.stderr:/usr/bin/ceph:
2023-11-17T05:21:12.967+0000 7f0bd5766700 1 -- 172.21.15.40:0/2903078684 --> [v2:172.21.15.40:3300/0,v1:172.21.15.40:6789/0] -- mon_subscribe({config=0+,monmap=0+}) v3 -- 0x7f0bcc00b200 con 0x7f0bd006fc90
2023-11-17T05:21:26.404 INFO:teuthology.orchestra.run.smithi040.stderr:/usr/bin/ceph:
2023-11-17T05:21:12.967+0000 7f0bd5766700 1 --2- 172.21.15.40:0/2903078684 >> [v2:172.21.15.40:3300/0,v1:172.21.15.40:6789/0] conn(0x7f0bd006fc90 0x7f0bd010a9a0 secure :-1 s=READY pgs=82 cs=0 l=1 rev1=1 rx=0x7f0bcc00e040 tx=0x7f0bcc006ee0).ready entity=mon.0 client_cookie=0 server_cookie=0 in_seq=0 out_seq=0
2023-11-17T05:21:26.404 INFO:teuthology.orchestra.run.smithi040.stderr:/usr/bin/ceph:
2023-11-17T05:21:12.967+0000 7f0bbdffb700 1 -- 172.21.15.40:0/2903078684 <== mon.0 v2:172.21.15.40:3300/0 1 ==== mon_map magic: 0 v1 ==== 229+0+0 (secure 0 0 0) 0x7f0bcc01b410 con 0x7f0bd006fc90
2023-11-17T05:21:26.404 INFO:teuthology.orchestra.run.smithi040.stderr:/usr/bin/ceph:
2023-11-17T05:21:12.967+0000 7f0bbdffb700 1 -- 172.21.15.40:0/2903078684 <== mon.0 v2:172.21.15.40:3300/0 2 ==== config(25 keys) v1 ==== 1010+0+0 (secure 0 0 0) 0x7f0bcc01b9e0 con 0x7f0bd006fc90
2023-11-17T05:21:26.404 INFO:teuthology.orchestra.run.smithi040.stderr:/usr/bin/ceph:
2023-11-17T05:21:12.967+0000 7f0bd79ca700 1 -- 172.21.15.40:0/2903078684 --> [v2:172.21.15.40:3300/0,v1:172.21.15.40:6789/0] -- mon_subscribe({mgrmap=0+}) v3 -- 0x7f0bd010b090 con 0x7f0bd006fc90
2023-11-17T05:21:26.404 INFO:teuthology.orchestra.run.smithi040.stderr:/usr/bin/ceph:
2023-11-17T05:21:12.967+0000 7f0bd79ca700 1 -- 172.21.15.40:0/2903078684 --> [v2:172.21.15.40:3300/0,v1:172.21.15.40:6789/0] -- mon_subscribe({osdmap=0}) v3 -- 0x7f0bd010b4a0 con 0x7f0bd006fc90
2023-11-17T05:21:26.404 INFO:teuthology.orchestra.run.smithi040.stderr:/usr/bin/ceph:
2023-11-17T05:21:12.968+0000 7f0bbdffb700 1 -- 172.21.15.40:0/2903078684 <== mon.0 v2:172.21.15.40:3300/0 3 ==== mon_map magic: 0 v1 ==== 229+0+0 (secure 0 0 0) 0x7f0bcc01a770 con 0x7f0bd006fc90
2023-11-17T05:21:26.404 INFO:teuthology.orchestra.run.smithi040.stderr:/usr/bin/ceph:
2023-11-17T05:21:12.968+0000 7f0bbdffb700 1 -- 172.21.15.40:0/2903078684 <== mon.0 v2:172.21.15.40:3300/0 4 ==== mgrmap(e 15) v1 ==== 36067+0+0 (secure 0 0 0) 0x7f0bcc00f070 con 0x7f0bd006fc90
2023-11-17T05:21:26.404 INFO:teuthology.orchestra.run.smithi040.stderr:/usr/bin/ceph:
2023-11-17T05:21:12.969+0000 7f0bbdffb700 1 --2- 172.21.15.40:0/2903078684 >> [v2:172.21.15.40:6800/1119389001,v1:172.21.15.40:6801/1119389001] conn(0x7f0bb802fdf0 0x7f0bb80322b0 unknown :-1 s=NONE pgs=0 cs=0 l=1 rev1=0 rx=0 tx=0).connect
2023-11-17T05:21:26.404 INFO:teuthology.orchestra.run.smithi040.stderr:/usr/bin/ceph:
2023-11-17T05:21:12.969+0000 7f0bbdffb700 1 -- 172.21.15.40:0/2903078684 <== mon.0 v2:172.21.15.40:3300/0 5 ==== osd_map(4..4 src has 1..4) v4 ==== 1270+0+0 (secure 0 0 0) 0x7f0bcc041f60 con 0x7f0bd006fc90
2023-11-17T05:21:26.404 INFO:teuthology.orchestra.run.smithi040.stderr:/usr/bin/ceph:
2023-11-17T05:21:12.969+0000 7f0bd4f65700 1 --2- 172.21.15.40:0/2903078684 >> [v2:172.21.15.40:6800/1119389001,v1:172.21.15.40:6801/1119389001] conn(0x7f0bb802fdf0 0x7f0bb80322b0 unknown :-1 s=BANNER_CONNECTING pgs=0 cs=0 l=1 rev1=0 rx=0 tx=0)._handle_peer_banner_payload supported=1 required=0
2023-11-17T05:21:26.405 INFO:teuthology.orchestra.run.smithi040.stderr:/usr/bin/ceph:
2023-11-17T05:21:12.969+0000 7f0bd79ca700 1 -- 172.21.15.40:0/2903078684 --> [v2:172.21.15.40:3300/0,v1:172.21.15.40:6789/0] -- mon_command({"prefix": "get_command_descriptions"} v 0) v1 -- 0x7f0bd0045ad0 con 0x7f0bd006fc90
2023-11-17T05:21:26.405 INFO:teuthology.orchestra.run.smithi040.stderr:/usr/bin/ceph:
2023-11-17T05:21:12.970+0000 7f0bd4f65700 1 --2- 172.21.15.40:0/2903078684 >> [v2:172.21.15.40:6800/1119389001,v1:172.21.15.40:6801/1119389001] conn(0x7f0bb802fdf0 0x7f0bb80322b0 secure :-1 s=READY pgs=6 cs=0 l=1 rev1=1 rx=0x7f0bc00096a0 tx=0x7f0bc0006b40).ready entity=mgr.14164 client_cookie=0 server_cookie=0 in_seq=0 out_seq=0
2023-11-17T05:21:26.405 INFO:teuthology.orchestra.run.smithi040.stderr:/usr/bin/ceph:
2023-11-17T05:21:12.974+0000 7f0bbdffb700 1 -- 172.21.15.40:0/2903078684 <== mon.0 v2:172.21.15.40:3300/0 6 ==== mon_command_ack([{"prefix": "get_command_descriptions"}]=0 v0) v1 ==== 72+0+152212 (secure 0 0 0) 0x7f0bcc0682b0 con 0x7f0bd006fc90
2023-11-17T05:21:26.405 INFO:teuthology.orchestra.run.smithi040.stderr:/usr/bin/ceph:
2023-11-17T05:21:13.143+0000 7f0bd79ca700 1 -- 172.21.15.40:0/2903078684 --> [v2:172.21.15.40:6800/1119389001,v1:172.21.15.40:6801/1119389001] -- mgr_command(tid 0: {"prefix": "dashboard create-self-signed-cert", "target": ["mon-mgr", ""]}) v1 -- 0x7f0bd01048d0 con 0x7f0bb802fdf0
2023-11-17T05:21:26.405 INFO:teuthology.orchestra.run.smithi040.stderr:/usr/bin/ceph:
2023-11-17T05:21:13.162+0000 7f0bbdffb700 1 -- 172.21.15.40:0/2903078684 <== mon.0 v2:172.21.15.40:3300/0 7 ==== mgrmap(e 16) v1 ==== 36208+0+0 (secure 0 0 0) 0x7f0bcc024790 con 0x7f0bd006fc90
2023-11-17T05:21:26.405 INFO:teuthology.orchestra.run.smithi040.stderr:/usr/bin/ceph:
2023-11-17T05:21:13.181+0000 7f0bbdffb700 1 -- 172.21.15.40:0/2903078684 <== mgr.14164 v2:172.21.15.40:6800/1119389001 1 ==== mgr_command_reply(tid 0: 0 ) v1 ==== 8+0+32 (secure 0 0 0) 0x7f0bd01048d0 con 0x7f0bb802fdf0
2023-11-17T05:21:26.405 INFO:teuthology.orchestra.run.smithi040.stderr:/usr/bin/ceph: Self-signed certificate created
2023-11-17T05:21:26.405 INFO:teuthology.orchestra.run.smithi040.stderr:/usr/bin/ceph:
2023-11-17T05:21:13.183+0000 7f0bd79ca700 1 -- 172.21.15.40:0/2903078684 >> [v2:172.21.15.40:6800/1119389001,v1:172.21.15.40:6801/1119389001] conn(0x7f0bb802fdf0 msgr2=0x7f0bb80322b0 secure :-1 s=STATE_CONNECTION_ESTABLISHED l=1).mark_down
2023-11-17T05:21:26.405 INFO:teuthology.orchestra.run.smithi040.stderr:/usr/bin/ceph:
2023-11-17T05:21:13.183+0000 7f0bd79ca700 1 --2- 172.21.15.40:0/2903078684 >> [v2:172.21.15.40:6800/1119389001,v1:172.21.15.40:6801/1119389001] conn(0x7f0bb802fdf0 0x7f0bb80322b0 secure :-1 s=READY pgs=6 cs=0 l=1 rev1=1 rx=0x7f0bc00096a0 tx=0x7f0bc0006b40).stop
2023-11-17T05:21:26.405 INFO:teuthology.orchestra.run.smithi040.stderr:/usr/bin/ceph:
2023-11-17T05:21:13.183+0000 7f0bd79ca700 1 -- 172.21.15.40:0/2903078684 >> [v2:172.21.15.40:3300/0,v1:172.21.15.40:6789/0] conn(0x7f0bd006fc90 msgr2=0x7f0bd010a9a0 secure :-1 s=STATE_CONNECTION_ESTABLISHED l=1).mark_down
2023-11-17T05:21:26.405 INFO:teuthology.orchestra.run.smithi040.stderr:/usr/bin/ceph:
2023-11-17T05:21:13.183+0000 7f0bd79ca700 1 --2- 172.21.15.40:0/2903078684 >> [v2:172.21.15.40:3300/0,v1:172.21.15.40:6789/0] conn(0x7f0bd006fc90 0x7f0bd010a9a0 secure :-1 s=READY pgs=82 cs=0 l=1 rev1=1 rx=0x7f0bcc00e040 tx=0x7f0bcc006ee0).stop
2023-11-17T05:21:26.405 INFO:teuthology.orchestra.run.smithi040.stderr:/usr/bin/ceph:
2023-11-17T05:21:13.183+0000 7f0bd79ca700 1 -- 172.21.15.40:0/2903078684 shutdown_connections
2023-11-17T05:21:26.406 INFO:teuthology.orchestra.run.smithi040.stderr:/usr/bin/ceph:
2023-11-17T05:21:13.183+0000 7f0bd79ca700 1 --2- 172.21.15.40:0/2903078684 >> [v2:172.21.15.40:6800/1119389001,v1:172.21.15.40:6801/1119389001] conn(0x7f0bb802fdf0 0x7f0bb80322b0 unknown :-1 s=CLOSED pgs=6 cs=0 l=1 rev1=1 rx=0 tx=0).stop
2023-11-17T05:21:26.406 INFO:teuthology.orchestra.run.smithi040.stderr:/usr/bin/ceph:
2023-11-17T05:21:13.183+0000 7f0bd79ca700 1 --2- 172.21.15.40:0/2903078684 >> [v2:172.21.15.40:3300/0,v1:172.21.15.40:6789/0] conn(0x7f0bd006fc90 0x7f0bd010a9a0 unknown :-1 s=CLOSED pgs=82 cs=0 l=1 rev1=1 rx=0 tx=0).stop
2023-11-17T05:21:26.406 INFO:teuthology.orchestra.run.smithi040.stderr:/usr/bin/ceph:
2023-11-17T05:21:13.184+0000 7f0bd79ca700 1 -- 172.21.15.40:0/2903078684 >> 172.21.15.40:0/2903078684 conn(0x7f0bd00f6280 msgr2=0x7f0bd00f7e50 unknown :-1 s=STATE_NONE l=0).mark_down
2023-11-17T05:21:26.406 INFO:teuthology.orchestra.run.smithi040.stderr:/usr/bin/ceph:
2023-11-17T05:21:13.185+0000 7f0bd79ca700 1 -- 172.21.15.40:0/2903078684 shutdown_connections
2023-11-17T05:21:26.406 INFO:teuthology.orchestra.run.smithi040.stderr:/usr/bin/ceph:
2023-11-17T05:21:13.185+0000 7f0bd79ca700 1 -- 172.21.15.40:0/2903078684 wait complete.
2023-11-17T05:21:26.406 INFO:teuthology.orchestra.run.smithi040.stderr:Creating initial admin user...
2023-11-17T05:21:26.406 INFO:teuthology.orchestra.run.smithi040.stderr:Running command: /bin/podman run --rm --ipc=host --no-hosts --net=host --entrypoint /usr/bin/ceph --init -e CONTAINER_IMAGE=docker.io/ceph/ceph:v16.2.4 -e NODE_NAME=smithi040 -e CEPH_USE_RANDOM_NONCE=1 -v /var/log/ceph/ed6470e2-8508-11ee-8dbe-212e2dc638e7:/var/log/ceph:z -v /tmp/ceph-tmpzx79_7_h:/etc/ceph/ceph.client.admin.keyring:z -v /tmp/ceph-tmpru9tjirw:/etc/ceph/ceph.conf:z -v /tmp/ceph-tmpzyup_tl3:/tmp/dashboard.pw:z docker.io/ceph/ceph:v16.2.4 dashboard ac-user-create admin -i /tmp/dashboard.pw administrator --force-password --pwd-update-required
2023-11-17T05:21:26.406 INFO:teuthology.orchestra.run.smithi040.stderr:/usr/bin/ceph:
2023-11-17T05:21:13.988+0000 7f7e873d9700 1 Processor -- start
2023-11-17T05:21:26.406 INFO:teuthology.orchestra.run.smithi040.stderr:/usr/bin/ceph:
2023-11-17T05:21:13.988+0000 7f7e873d9700 1 -- start start
2023-11-17T05:21:26.406 INFO:teuthology.orchestra.run.smithi040.stderr:/usr/bin/ceph:
2023-11-17T05:21:13.988+0000 7f7e873d9700 1 --2- >> [v2:172.21.15.40:3300/0,v1:172.21.15.40:6789/0] conn(0x7f7e8006fcd0 0x7f7e800fe7a0 unknown :-1 s=NONE pgs=0 cs=0 l=0 rev1=0 rx=0 tx=0).connect
2023-11-17T05:21:26.406 INFO:teuthology.orchestra.run.smithi040.stderr:/usr/bin/ceph:
2023-11-17T05:21:13.988+0000 7f7e873d9700 1 -- --> [v2:172.21.15.40:3300/0,v1:172.21.15.40:6789/0] -- mon_getmap magic: 0 v1 -- 0x7f7e800fed20 con 0x7f7e8006fcd0
2023-11-17T05:21:26.406 INFO:teuthology.orchestra.run.smithi040.stderr:/usr/bin/ceph:
2023-11-17T05:21:13.988+0000 7f7e85175700 1 --2- >> [v2:172.21.15.40:3300/0,v1:172.21.15.40:6789/0] conn(0x7f7e8006fcd0 0x7f7e800fe7a0 unknown :-1 s=BANNER_CONNECTING pgs=0 cs=0 l=0 rev1=0 rx=0 tx=0)._handle_peer_banner_payload supported=1 required=0
2023-11-17T05:21:26.407 INFO:teuthology.orchestra.run.smithi040.stderr:/usr/bin/ceph:
2023-11-17T05:21:13.989+0000 7f7e85175700 1 --2- >> [v2:172.21.15.40:3300/0,v1:172.21.15.40:6789/0] conn(0x7f7e8006fcd0 0x7f7e800fe7a0 unknown :-1 s=HELLO_CONNECTING pgs=0 cs=0 l=0 rev1=1 rx=0 tx=0).handle_hello peer v2:172.21.15.40:3300/0 says I am v2:172.21.15.40:45748/0 (socket says 172.21.15.40:45748)
2023-11-17T05:21:26.407 INFO:teuthology.orchestra.run.smithi040.stderr:/usr/bin/ceph:
2023-11-17T05:21:13.989+0000 7f7e85175700 1 -- 172.21.15.40:0/1573259514 learned_addr learned my addr 172.21.15.40:0/1573259514 (peer_addr_for_me v2:172.21.15.40:0/0)
2023-11-17T05:21:26.407 INFO:teuthology.orchestra.run.smithi040.stderr:/usr/bin/ceph:
2023-11-17T05:21:13.989+0000 7f7e85175700 1 -- 172.21.15.40:0/1573259514 --> [v2:172.21.15.40:3300/0,v1:172.21.15.40:6789/0] -- mon_subscribe({config=0+,monmap=0+}) v3 -- 0x7f7e800fee60 con 0x7f7e8006fcd0
2023-11-17T05:21:26.407 INFO:teuthology.orchestra.run.smithi040.stderr:/usr/bin/ceph:
2023-11-17T05:21:13.989+0000 7f7e85175700 1 --2- 172.21.15.40:0/1573259514 >> [v2:172.21.15.40:3300/0,v1:172.21.15.40:6789/0] conn(0x7f7e8006fcd0 0x7f7e800fe7a0 secure :-1 s=READY pgs=83 cs=0 l=1 rev1=1 rx=0x7f7e7000b5f0 tx=0x7f7e70006ee0).ready entity=mon.0 client_cookie=e20dc9dbe64b65f5 server_cookie=0 in_seq=0 out_seq=0
2023-11-17T05:21:26.407 INFO:teuthology.orchestra.run.smithi040.stderr:/usr/bin/ceph:
2023-11-17T05:21:13.989+0000 7f7e6ffff700 1 -- 172.21.15.40:0/1573259514 <== mon.0 v2:172.21.15.40:3300/0 1 ==== mon_map magic: 0 v1 ==== 229+0+0 (secure 0 0 0) 0x7f7e7000d600 con 0x7f7e8006fcd0
2023-11-17T05:21:26.407 INFO:teuthology.orchestra.run.smithi040.stderr:/usr/bin/ceph:
2023-11-17T05:21:13.989+0000 7f7e6ffff700 1 -- 172.21.15.40:0/1573259514 <== mon.0 v2:172.21.15.40:3300/0 2 ==== config(25 keys) v1 ==== 1010+0+0 (secure 0 0 0) 0x7f7e7000dbd0 con 0x7f7e8006fcd0
2023-11-17T05:21:26.407 INFO:teuthology.orchestra.run.smithi040.stderr:/usr/bin/ceph:
2023-11-17T05:21:13.989+0000 7f7e6ffff700 1 -- 172.21.15.40:0/1573259514 <== mon.0 v2:172.21.15.40:3300/0 3 ==== mon_map magic: 0 v1 ==== 229+0+0 (secure 0 0 0) 0x7f7e70011c00 con 0x7f7e8006fcd0
2023-11-17T05:21:26.407 INFO:teuthology.orchestra.run.smithi040.stderr:/usr/bin/ceph:
2023-11-17T05:21:13.990+0000 7f7e873d9700 1 -- 172.21.15.40:0/1573259514 >> [v2:172.21.15.40:3300/0,v1:172.21.15.40:6789/0] conn(0x7f7e8006fcd0 msgr2=0x7f7e800fe7a0 secure :-1 s=STATE_CONNECTION_ESTABLISHED l=1).mark_down
2023-11-17T05:21:26.407 INFO:teuthology.orchestra.run.smithi040.stderr:/usr/bin/ceph:
2023-11-17T05:21:13.990+0000 7f7e873d9700 1 --2- 172.21.15.40:0/1573259514 >> [v2:172.21.15.40:3300/0,v1:172.21.15.40:6789/0] conn(0x7f7e8006fcd0 0x7f7e800fe7a0 secure :-1 s=READY pgs=83 cs=0 l=1 rev1=1 rx=0x7f7e7000b5f0 tx=0x7f7e70006ee0).stop
2023-11-17T05:21:26.407 INFO:teuthology.orchestra.run.smithi040.stderr:/usr/bin/ceph:
2023-11-17T05:21:13.990+0000 7f7e873d9700 1 -- 172.21.15.40:0/1573259514 shutdown_connections
2023-11-17T05:21:26.407 INFO:teuthology.orchestra.run.smithi040.stderr:/usr/bin/ceph:
2023-11-17T05:21:13.990+0000 7f7e873d9700 1 --2- 172.21.15.40:0/1573259514 >> [v2:172.21.15.40:3300/0,v1:172.21.15.40:6789/0] conn(0x7f7e8006fcd0 0x7f7e800fe7a0 unknown :-1 s=CLOSED pgs=83 cs=0 l=1 rev1=1 rx=0 tx=0).stop
2023-11-17T05:21:26.408 INFO:teuthology.orchestra.run.smithi040.stderr:/usr/bin/ceph:
2023-11-17T05:21:13.990+0000 7f7e873d9700 1 -- 172.21.15.40:0/1573259514 >> 172.21.15.40:0/1573259514 conn(0x7f7e800f6280 msgr2=0x7f7e800f86a0 unknown :-1 s=STATE_NONE l=0).mark_down
2023-11-17T05:21:26.408 INFO:teuthology.orchestra.run.smithi040.stderr:/usr/bin/ceph:
2023-11-17T05:21:13.990+0000 7f7e873d9700 1 -- 172.21.15.40:0/1573259514 shutdown_connections
2023-11-17T05:21:26.408 INFO:teuthology.orchestra.run.smithi040.stderr:/usr/bin/ceph:
2023-11-17T05:21:13.990+0000 7f7e873d9700 1 -- 172.21.15.40:0/1573259514 wait complete.
2023-11-17T05:21:26.408 INFO:teuthology.orchestra.run.smithi040.stderr:/usr/bin/ceph:
2023-11-17T05:21:13.991+0000 7f7e873d9700 1 Processor -- start
2023-11-17T05:21:26.408 INFO:teuthology.orchestra.run.smithi040.stderr:/usr/bin/ceph:
2023-11-17T05:21:13.991+0000 7f7e873d9700 1 -- start start
2023-11-17T05:21:26.409 INFO:teuthology.orchestra.run.smithi040.stderr:/usr/bin/ceph:
2023-11-17T05:21:13.991+0000 7f7e873d9700 1 --2- >> [v2:172.21.15.40:3300/0,v1:172.21.15.40:6789/0] conn(0x7f7e8006fcd0 0x7f7e8010a9b0 unknown :-1 s=NONE pgs=0 cs=0 l=1 rev1=0 rx=0 tx=0).connect
2023-11-17T05:21:26.409 INFO:teuthology.orchestra.run.smithi040.stderr:/usr/bin/ceph:
2023-11-17T05:21:13.991+0000 7f7e873d9700 1 -- --> [v2:172.21.15.40:3300/0,v1:172.21.15.40:6789/0] -- mon_getmap magic: 0 v1 -- 0x7f7e8010aea0 con 0x7f7e8006fcd0
2023-11-17T05:21:26.409 INFO:teuthology.orchestra.run.smithi040.stderr:/usr/bin/ceph:
2023-11-17T05:21:13.991+0000 7f7e85175700 1 --2- >> [v2:172.21.15.40:3300/0,v1:172.21.15.40:6789/0] conn(0x7f7e8006fcd0 0x7f7e8010a9b0 unknown :-1 s=BANNER_CONNECTING pgs=0 cs=0 l=1 rev1=0 rx=0 tx=0)._handle_peer_banner_payload supported=1 required=0
2023-11-17T05:21:26.410 INFO:teuthology.orchestra.run.smithi040.stderr:/usr/bin/ceph:
2023-11-17T05:21:13.991+0000 7f7e85175700 1 --2- >> [v2:172.21.15.40:3300/0,v1:172.21.15.40:6789/0] conn(0x7f7e8006fcd0 0x7f7e8010a9b0 unknown :-1 s=HELLO_CONNECTING pgs=0 cs=0 l=1 rev1=1 rx=0 tx=0).handle_hello peer v2:172.21.15.40:3300/0 says I am v2:172.21.15.40:45760/0 (socket says 172.21.15.40:45760)
2023-11-17T05:21:26.410 INFO:teuthology.orchestra.run.smithi040.stderr:/usr/bin/ceph:
2023-11-17T05:21:13.991+0000 7f7e85175700 1 -- 172.21.15.40:0/369202895 learned_addr learned my addr 172.21.15.40:0/369202895 (peer_addr_for_me v2:172.21.15.40:0/0)
2023-11-17T05:21:26.410 INFO:teuthology.orchestra.run.smithi040.stderr:/usr/bin/ceph:
2023-11-17T05:21:13.992+0000 7f7e85175700 1 -- 172.21.15.40:0/369202895 --> [v2:172.21.15.40:3300/0,v1:172.21.15.40:6789/0] -- mon_subscribe({config=0+,monmap=0+}) v3 -- 0x7f7e7000b200 con 0x7f7e8006fcd0
2023-11-17T05:21:26.410 INFO:teuthology.orchestra.run.smithi040.stderr:/usr/bin/ceph:
2023-11-17T05:21:13.992+0000 7f7e85175700 1 --2- 172.21.15.40:0/369202895 >> [v2:172.21.15.40:3300/0,v1:172.21.15.40:6789/0] conn(0x7f7e8006fcd0 0x7f7e8010a9b0 secure :-1 s=READY pgs=84 cs=0 l=1 rev1=1 rx=0x7f7e7000e040 tx=0x7f7e70006ee0).ready entity=mon.0 client_cookie=0 server_cookie=0 in_seq=0 out_seq=0
2023-11-17T05:21:26.410 INFO:teuthology.orchestra.run.smithi040.stderr:/usr/bin/ceph:
2023-11-17T05:21:13.992+0000 7f7e6dffb700 1 -- 172.21.15.40:0/369202895 <== mon.0 v2:172.21.15.40:3300/0 1 ==== mon_map magic: 0 v1 ==== 229+0+0 (secure 0 0 0) 0x7f7e7001b410 con 0x7f7e8006fcd0
2023-11-17T05:21:26.410 INFO:teuthology.orchestra.run.smithi040.stderr:/usr/bin/ceph:
2023-11-17T05:21:13.992+0000 7f7e6dffb700 1 -- 172.21.15.40:0/369202895 <== mon.0 v2:172.21.15.40:3300/0 2 ==== config(25 keys) v1 ==== 1010+0+0 (secure 0 0 0) 0x7f7e7001b9e0 con 0x7f7e8006fcd0
2023-11-17T05:21:26.410 INFO:teuthology.orchestra.run.smithi040.stderr:/usr/bin/ceph:
2023-11-17T05:21:13.992+0000 7f7e873d9700 1 -- 172.21.15.40:0/369202895 --> [v2:172.21.15.40:3300/0,v1:172.21.15.40:6789/0] -- mon_subscribe({mgrmap=0+}) v3 -- 0x7f7e8010b0a0 con 0x7f7e8006fcd0
2023-11-17T05:21:26.410 INFO:teuthology.orchestra.run.smithi040.stderr:/usr/bin/ceph:
2023-11-17T05:21:13.992+0000 7f7e6dffb700 1 -- 172.21.15.40:0/369202895 <== mon.0 v2:172.21.15.40:3300/0 3 ==== mon_map magic: 0 v1 ==== 229+0+0 (secure 0 0 0) 0x7f7e7001a770 con 0x7f7e8006fcd0
2023-11-17T05:21:26.410 INFO:teuthology.orchestra.run.smithi040.stderr:/usr/bin/ceph:
2023-11-17T05:21:13.992+0000 7f7e873d9700 1 -- 172.21.15.40:0/369202895 --> [v2:172.21.15.40:3300/0,v1:172.21.15.40:6789/0] -- mon_subscribe({osdmap=0}) v3 -- 0x7f7e8010b4b0 con 0x7f7e8006fcd0
2023-11-17T05:21:26.410 INFO:teuthology.orchestra.run.smithi040.stderr:/usr/bin/ceph:
2023-11-17T05:21:13.993+0000 7f7e873d9700 1 -- 172.21.15.40:0/369202895 --> [v2:172.21.15.40:3300/0,v1:172.21.15.40:6789/0] -- mon_command({"prefix": "get_command_descriptions"} v 0) v1 -- 0x7f7e80045ad0 con 0x7f7e8006fcd0
2023-11-17T05:21:26.410 INFO:teuthology.orchestra.run.smithi040.stderr:/usr/bin/ceph:
2023-11-17T05:21:13.994+0000 7f7e6dffb700 1 -- 172.21.15.40:0/369202895 <== mon.0 v2:172.21.15.40:3300/0 4 ==== mgrmap(e 16) v1 ==== 36208+0+0 (secure 0 0 0) 0x7f7e7000f070 con 0x7f7e8006fcd0
2023-11-17T05:21:26.411 INFO:teuthology.orchestra.run.smithi040.stderr:/usr/bin/ceph:
2023-11-17T05:21:13.994+0000 7f7e6dffb700 1 --2- 172.21.15.40:0/369202895 >> [v2:172.21.15.40:6800/1119389001,v1:172.21.15.40:6801/1119389001] conn(0x7f7e6802ff00 0x7f7e680323c0 unknown :-1 s=NONE pgs=0 cs=0 l=1 rev1=0 rx=0 tx=0).connect
2023-11-17T05:21:26.411 INFO:teuthology.orchestra.run.smithi040.stderr:/usr/bin/ceph:
2023-11-17T05:21:13.994+0000 7f7e6dffb700 1 -- 172.21.15.40:0/369202895 <== mon.0 v2:172.21.15.40:3300/0 5 ==== osd_map(4..4 src has 1..4) v4 ==== 1270+0+0 (secure 0 0 0) 0x7f7e700418e0 con 0x7f7e8006fcd0
2023-11-17T05:21:26.411 INFO:teuthology.orchestra.run.smithi040.stderr:/usr/bin/ceph:
2023-11-17T05:21:13.994+0000 7f7e84974700 1 --2- 172.21.15.40:0/369202895 >> [v2:172.21.15.40:6800/1119389001,v1:172.21.15.40:6801/1119389001] conn(0x7f7e6802ff00 0x7f7e680323c0 unknown :-1 s=BANNER_CONNECTING pgs=0 cs=0 l=1 rev1=0 rx=0 tx=0)._handle_peer_banner_payload supported=1 required=0
2023-11-17T05:21:26.412 INFO:teuthology.orchestra.run.smithi040.stderr:/usr/bin/ceph:
2023-11-17T05:21:13.995+0000 7f7e84974700 1 --2- 172.21.15.40:0/369202895 >> [v2:172.21.15.40:6800/1119389001,v1:172.21.15.40:6801/1119389001] conn(0x7f7e6802ff00 0x7f7e680323c0 secure :-1 s=READY pgs=7 cs=0 l=1 rev1=1 rx=0x7f7e7c0096a0 tx=0x7f7e7c006b40).ready entity=mgr.14164 client_cookie=0 server_cookie=0 in_seq=0 out_seq=0
2023-11-17T05:21:26.412 INFO:teuthology.orchestra.run.smithi040.stderr:/usr/bin/ceph:
2023-11-17T05:21:13.998+0000 7f7e6dffb700 1 -- 172.21.15.40:0/369202895 <== mon.0 v2:172.21.15.40:3300/0 6 ==== mon_command_ack([{"prefix": "get_command_descriptions"}]=0 v0) v1 ==== 72+0+152212 (secure 0 0 0) 0x7f7e70022b30 con 0x7f7e8006fcd0
2023-11-17T05:21:26.412 INFO:teuthology.orchestra.run.smithi040.stderr:/usr/bin/ceph:
2023-11-17T05:21:14.180+0000 7f7e873d9700 1 -- 172.21.15.40:0/369202895 --> [v2:172.21.15.40:6800/1119389001,v1:172.21.15.40:6801/1119389001] -- mgr_command(tid 0: {"prefix": "dashboard ac-user-create", "username": "admin", "rolename": "administrator", "force_password": true, "pwd_update_required": true, "target": ["mon-mgr", ""]}) v1 -- 0x7f7e80104a30 con 0x7f7e6802ff00
2023-11-17T05:21:26.412 INFO:teuthology.orchestra.run.smithi040.stderr:/usr/bin/ceph:
2023-11-17T05:21:14.432+0000 7f7e6dffb700 1 -- 172.21.15.40:0/369202895 <== mgr.14164 v2:172.21.15.40:6800/1119389001 1 ==== mgr_command_reply(tid 0: 0 ) v1 ==== 8+0+252 (secure 0 0 0) 0x7f7e80104a30 con 0x7f7e6802ff00
2023-11-17T05:21:26.412 INFO:teuthology.orchestra.run.smithi040.stderr:/usr/bin/ceph: {"username": "admin", "password": "$2b$12$sMBm6kJ2m0OrXMIzSs2YsuHWU4XuCKMIQMjvLY71oNyoIFXbHXFF6", "roles": ["administrator"], "name": null, "email": null, "lastUpdate": 1700198474, "enabled": true, "pwdExpirationDate": null, "pwdUpdateRequired": true}
2023-11-17T05:21:26.412 INFO:teuthology.orchestra.run.smithi040.stderr:/usr/bin/ceph:
2023-11-17T05:21:14.434+0000 7f7e873d9700 1 -- 172.21.15.40:0/369202895 >> [v2:172.21.15.40:6800/1119389001,v1:172.21.15.40:6801/1119389001] conn(0x7f7e6802ff00 msgr2=0x7f7e680323c0 secure :-1 s=STATE_CONNECTION_ESTABLISHED l=1).mark_down
2023-11-17T05:21:26.412 INFO:teuthology.orchestra.run.smithi040.stderr:/usr/bin/ceph:
2023-11-17T05:21:14.434+0000 7f7e873d9700 1 --2- 172.21.15.40:0/369202895 >> [v2:172.21.15.40:6800/1119389001,v1:172.21.15.40:6801/1119389001] conn(0x7f7e6802ff00 0x7f7e680323c0 secure :-1 s=READY pgs=7 cs=0 l=1 rev1=1 rx=0x7f7e7c0096a0 tx=0x7f7e7c006b40).stop
2023-11-17T05:21:26.412 INFO:teuthology.orchestra.run.smithi040.stderr:/usr/bin/ceph:
2023-11-17T05:21:14.434+0000 7f7e873d9700 1 -- 172.21.15.40:0/369202895 >> [v2:172.21.15.40:3300/0,v1:172.21.15.40:6789/0] conn(0x7f7e8006fcd0 msgr2=0x7f7e8010a9b0 secure :-1 s=STATE_CONNECTION_ESTABLISHED l=1).mark_down
2023-11-17T05:21:26.412 INFO:teuthology.orchestra.run.smithi040.stderr:/usr/bin/ceph:
2023-11-17T05:21:14.434+0000 7f7e873d9700 1 --2- 172.21.15.40:0/369202895 >> [v2:172.21.15.40:3300/0,v1:172.21.15.40:6789/0] conn(0x7f7e8006fcd0 0x7f7e8010a9b0 secure :-1 s=READY pgs=84 cs=0 l=1 rev1=1 rx=0x7f7e7000e040 tx=0x7f7e70006ee0).stop
2023-11-17T05:21:26.413 INFO:teuthology.orchestra.run.smithi040.stderr:/usr/bin/ceph:
2023-11-17T05:21:14.434+0000 7f7e873d9700 1 -- 172.21.15.40:0/369202895 shutdown_connections
2023-11-17T05:21:26.413 INFO:teuthology.orchestra.run.smithi040.stderr:/usr/bin/ceph:
2023-11-17T05:21:14.434+0000 7f7e873d9700 1 --2- 172.21.15.40:0/369202895 >> [v2:172.21.15.40:6800/1119389001,v1:172.21.15.40:6801/1119389001] conn(0x7f7e6802ff00 0x7f7e680323c0 unknown :-1 s=CLOSED pgs=7 cs=0 l=1 rev1=1 rx=0 tx=0).stop
2023-11-17T05:21:26.413 INFO:teuthology.orchestra.run.smithi040.stderr:/usr/bin/ceph:
2023-11-17T05:21:14.434+0000 7f7e873d9700 1 --2- 172.21.15.40:0/369202895 >> [v2:172.21.15.40:3300/0,v1:172.21.15.40:6789/0] conn(0x7f7e8006fcd0 0x7f7e8010a9b0 unknown :-1 s=CLOSED pgs=84 cs=0 l=1 rev1=1 rx=0 tx=0).stop
2023-11-17T05:21:26.413 INFO:teuthology.orchestra.run.smithi040.stderr:/usr/bin/ceph:
2023-11-17T05:21:14.434+0000 7f7e873d9700 1 -- 172.21.15.40:0/369202895 >> 172.21.15.40:0/369202895 conn(0x7f7e800f6280 msgr2=0x7f7e800f7e60 unknown :-1 s=STATE_NONE l=0).mark_down
2023-11-17T05:21:26.413 INFO:teuthology.orchestra.run.smithi040.stderr:/usr/bin/ceph:
2023-11-17T05:21:14.434+0000 7f7e873d9700 1 -- 172.21.15.40:0/369202895 shutdown_connections
2023-11-17T05:21:26.413 INFO:teuthology.orchestra.run.smithi040.stderr:/usr/bin/ceph:
2023-11-17T05:21:14.434+0000 7f7e873d9700 1 -- 172.21.15.40:0/369202895 wait complete.
2023-11-17T05:21:26.413 INFO:teuthology.orchestra.run.smithi040.stderr:Fetching dashboard port number...
2023-11-17T05:21:26.413 INFO:teuthology.orchestra.run.smithi040.stderr:Running command: /bin/podman run --rm --ipc=host --no-hosts --net=host --entrypoint /usr/bin/ceph --init -e CONTAINER_IMAGE=docker.io/ceph/ceph:v16.2.4 -e NODE_NAME=smithi040 -e CEPH_USE_RANDOM_NONCE=1 -v /var/log/ceph/ed6470e2-8508-11ee-8dbe-212e2dc638e7:/var/log/ceph:z -v /tmp/ceph-tmpzx79_7_h:/etc/ceph/ceph.client.admin.keyring:z -v /tmp/ceph-tmpru9tjirw:/etc/ceph/ceph.conf:z docker.io/ceph/ceph:v16.2.4 config get mgr mgr/dashboard/ssl_server_port
2023-11-17T05:21:26.413 INFO:teuthology.orchestra.run.smithi040.stderr:/usr/bin/ceph:
2023-11-17T05:21:15.172+0000 7f3d5c643700 1 Processor -- start
2023-11-17T05:21:26.413 INFO:teuthology.orchestra.run.smithi040.stderr:/usr/bin/ceph:
2023-11-17T05:21:15.172+0000 7f3d5c643700 1 -- start start
2023-11-17T05:21:26.413 INFO:teuthology.orchestra.run.smithi040.stderr:/usr/bin/ceph:
2023-11-17T05:21:15.172+0000 7f3d5c643700 1 --2- >> [v2:172.21.15.40:3300/0,v1:172.21.15.40:6789/0] conn(0x7f3d54071cf0 0x7f3d54070290 unknown :-1 s=NONE pgs=0 cs=0 l=0 rev1=0 rx=0 tx=0).connect
2023-11-17T05:21:26.413 INFO:teuthology.orchestra.run.smithi040.stderr:/usr/bin/ceph:
2023-11-17T05:21:15.173+0000 7f3d5c643700 1 -- --> [v2:172.21.15.40:3300/0,v1:172.21.15.40:6789/0] -- mon_getmap magic: 0 v1 -- 0x7f3d54072110 con 0x7f3d54071cf0
2023-11-17T05:21:26.413 INFO:teuthology.orchestra.run.smithi040.stderr:/usr/bin/ceph:
2023-11-17T05:21:15.173+0000 7f3d5a3df700 1 --2- >> [v2:172.21.15.40:3300/0,v1:172.21.15.40:6789/0] conn(0x7f3d54071cf0 0x7f3d54070290 unknown :-1 s=BANNER_CONNECTING pgs=0 cs=0 l=0 rev1=0 rx=0 tx=0)._handle_peer_banner_payload supported=1 required=0
2023-11-17T05:21:26.414 INFO:teuthology.orchestra.run.smithi040.stderr:/usr/bin/ceph:
2023-11-17T05:21:15.173+0000 7f3d5a3df700 1 --2- >> [v2:172.21.15.40:3300/0,v1:172.21.15.40:6789/0] conn(0x7f3d54071cf0 0x7f3d54070290 unknown :-1 s=HELLO_CONNECTING pgs=0 cs=0 l=0 rev1=1 rx=0 tx=0).handle_hello peer v2:172.21.15.40:3300/0 says I am v2:172.21.15.40:43482/0 (socket says 172.21.15.40:43482)
2023-11-17T05:21:26.414 INFO:teuthology.orchestra.run.smithi040.stderr:/usr/bin/ceph:
2023-11-17T05:21:15.173+0000 7f3d5a3df700 1 -- 172.21.15.40:0/3862489893 learned_addr learned my addr 172.21.15.40:0/3862489893 (peer_addr_for_me v2:172.21.15.40:0/0)
2023-11-17T05:21:26.414 INFO:teuthology.orchestra.run.smithi040.stderr:/usr/bin/ceph:
2023-11-17T05:21:15.173+0000 7f3d5a3df700 1 -- 172.21.15.40:0/3862489893 --> [v2:172.21.15.40:3300/0,v1:172.21.15.40:6789/0] -- mon_subscribe({config=0+,monmap=0+}) v3 -- 0x7f3d54070780 con 0x7f3d54071cf0
2023-11-17T05:21:26.415 INFO:teuthology.orchestra.run.smithi040.stderr:/usr/bin/ceph:
2023-11-17T05:21:15.173+0000 7f3d5a3df700 1 --2- 172.21.15.40:0/3862489893 >> [v2:172.21.15.40:3300/0,v1:172.21.15.40:6789/0] conn(0x7f3d54071cf0 0x7f3d54070290 secure :-1 s=READY pgs=85 cs=0 l=1 rev1=1 rx=0x7f3d4400b5f0 tx=0x7f3d44006ee0).ready entity=mon.0 client_cookie=4ce0e6944f01f9e2 server_cookie=0 in_seq=0 out_seq=0
2023-11-17T05:21:26.415 INFO:teuthology.orchestra.run.smithi040.stderr:/usr/bin/ceph:
2023-11-17T05:21:15.173+0000 7f3d593dd700 1 -- 172.21.15.40:0/3862489893 <== mon.0 v2:172.21.15.40:3300/0 1 ==== mon_map magic: 0 v1 ==== 229+0+0 (secure 0 0 0) 0x7f3d4400d600 con 0x7f3d54071cf0
2023-11-17T05:21:26.415 INFO:teuthology.orchestra.run.smithi040.stderr:/usr/bin/ceph:
2023-11-17T05:21:15.173+0000 7f3d593dd700 1 -- 172.21.15.40:0/3862489893 <== mon.0 v2:172.21.15.40:3300/0 2 ==== config(25 keys) v1 ==== 1010+0+0 (secure 0 0 0) 0x7f3d4400dbd0 con 0x7f3d54071cf0
2023-11-17T05:21:26.415 INFO:teuthology.orchestra.run.smithi040.stderr:/usr/bin/ceph:
2023-11-17T05:21:15.173+0000 7f3d593dd700 1 -- 172.21.15.40:0/3862489893 <== mon.0 v2:172.21.15.40:3300/0 3 ==== mon_map magic: 0 v1 ==== 229+0+0 (secure 0 0 0) 0x7f3d44011c00 con 0x7f3d54071cf0
2023-11-17T05:21:26.415 INFO:teuthology.orchestra.run.smithi040.stderr:/usr/bin/ceph:
2023-11-17T05:21:15.174+0000 7f3d5c643700 1 -- 172.21.15.40:0/3862489893 >> [v2:172.21.15.40:3300/0,v1:172.21.15.40:6789/0] conn(0x7f3d54071cf0 msgr2=0x7f3d54070290 secure :-1 s=STATE_CONNECTION_ESTABLISHED l=1).mark_down
2023-11-17T05:21:26.415 INFO:teuthology.orchestra.run.smithi040.stderr:/usr/bin/ceph:
2023-11-17T05:21:15.174+0000 7f3d5c643700 1 --2- 172.21.15.40:0/3862489893 >> [v2:172.21.15.40:3300/0,v1:172.21.15.40:6789/0] conn(0x7f3d54071cf0 0x7f3d54070290 secure :-1 s=READY pgs=85 cs=0 l=1 rev1=1 rx=0x7f3d4400b5f0 tx=0x7f3d44006ee0).stop
2023-11-17T05:21:26.415 INFO:teuthology.orchestra.run.smithi040.stderr:/usr/bin/ceph:
2023-11-17T05:21:15.174+0000 7f3d5c643700 1 -- 172.21.15.40:0/3862489893 shutdown_connections
2023-11-17T05:21:26.415 INFO:teuthology.orchestra.run.smithi040.stderr:/usr/bin/ceph:
2023-11-17T05:21:15.174+0000 7f3d5c643700 1 --2- 172.21.15.40:0/3862489893 >> [v2:172.21.15.40:3300/0,v1:172.21.15.40:6789/0] conn(0x7f3d54071cf0 0x7f3d54070290 unknown :-1 s=CLOSED pgs=85 cs=0 l=1 rev1=1 rx=0 tx=0).stop
2023-11-17T05:21:26.416 INFO:teuthology.orchestra.run.smithi040.stderr:/usr/bin/ceph:
2023-11-17T05:21:15.174+0000 7f3d5c643700 1 -- 172.21.15.40:0/3862489893 >> 172.21.15.40:0/3862489893 conn(0x7f3d540f73f0 msgr2=0x7f3d540f9810 unknown :-1 s=STATE_NONE l=0).mark_down
2023-11-17T05:21:26.416 INFO:teuthology.orchestra.run.smithi040.stderr:/usr/bin/ceph:
2023-11-17T05:21:15.175+0000 7f3d5c643700 1 -- 172.21.15.40:0/3862489893 shutdown_connections
2023-11-17T05:21:26.416 INFO:teuthology.orchestra.run.smithi040.stderr:/usr/bin/ceph:
2023-11-17T05:21:15.175+0000 7f3d5c643700 1 -- 172.21.15.40:0/3862489893 wait complete.
2023-11-17T05:21:26.416 INFO:teuthology.orchestra.run.smithi040.stderr:/usr/bin/ceph:
2023-11-17T05:21:15.175+0000 7f3d5c643700 1 Processor -- start
2023-11-17T05:21:26.416 INFO:teuthology.orchestra.run.smithi040.stderr:/usr/bin/ceph:
2023-11-17T05:21:15.175+0000 7f3d5c643700 1 -- start start
2023-11-17T05:21:26.416 INFO:teuthology.orchestra.run.smithi040.stderr:/usr/bin/ceph:
2023-11-17T05:21:15.175+0000 7f3d5c643700 1 --2- >> [v2:172.21.15.40:3300/0,v1:172.21.15.40:6789/0] conn(0x7f3d54071cf0 0x7f3d54110fb0 unknown :-1 s=NONE pgs=0 cs=0 l=1 rev1=0 rx=0 tx=0).connect
2023-11-17T05:21:26.416 INFO:teuthology.orchestra.run.smithi040.stderr:/usr/bin/ceph:
2023-11-17T05:21:15.175+0000 7f3d5c643700 1 -- --> [v2:172.21.15.40:3300/0,v1:172.21.15.40:6789/0] -- mon_getmap magic: 0 v1 -- 0x7f3d541114a0 con 0x7f3d54071cf0
2023-11-17T05:21:26.416 INFO:teuthology.orchestra.run.smithi040.stderr:/usr/bin/ceph:
2023-11-17T05:21:15.176+0000 7f3d5a3df700 1 --2- >> [v2:172.21.15.40:3300/0,v1:172.21.15.40:6789/0] conn(0x7f3d54071cf0 0x7f3d54110fb0 unknown :-1 s=BANNER_CONNECTING pgs=0 cs=0 l=1 rev1=0 rx=0 tx=0)._handle_peer_banner_payload supported=1 required=0
2023-11-17T05:21:26.416 INFO:teuthology.orchestra.run.smithi040.stderr:/usr/bin/ceph:
2023-11-17T05:21:15.176+0000 7f3d5a3df700 1 --2- >> [v2:172.21.15.40:3300/0,v1:172.21.15.40:6789/0] conn(0x7f3d54071cf0 0x7f3d54110fb0 unknown :-1 s=HELLO_CONNECTING pgs=0 cs=0 l=1 rev1=1 rx=0 tx=0).handle_hello peer v2:172.21.15.40:3300/0 says I am v2:172.21.15.40:43496/0 (socket says 172.21.15.40:43496)
2023-11-17T05:21:26.416 INFO:teuthology.orchestra.run.smithi040.stderr:/usr/bin/ceph:
2023-11-17T05:21:15.176+0000 7f3d5a3df700 1 -- 172.21.15.40:0/1923721708 learned_addr learned my addr 172.21.15.40:0/1923721708 (peer_addr_for_me v2:172.21.15.40:0/0)
2023-11-17T05:21:26.416 INFO:teuthology.orchestra.run.smithi040.stderr:/usr/bin/ceph:
2023-11-17T05:21:15.176+0000 7f3d5a3df700 1 -- 172.21.15.40:0/1923721708 --> [v2:172.21.15.40:3300/0,v1:172.21.15.40:6789/0] -- mon_subscribe({config=0+,monmap=0+}) v3 -- 0x7f3d4400b200 con 0x7f3d54071cf0
2023-11-17T05:21:26.416 INFO:teuthology.orchestra.run.smithi040.stderr:/usr/bin/ceph:
2023-11-17T05:21:15.176+0000 7f3d5a3df700 1 --2- 172.21.15.40:0/1923721708 >> [v2:172.21.15.40:3300/0,v1:172.21.15.40:6789/0] conn(0x7f3d54071cf0 0x7f3d54110fb0 secure :-1 s=READY pgs=86 cs=0 l=1 rev1=1 rx=0x7f3d44011820 tx=0x7f3d44006ee0).ready entity=mon.0 client_cookie=0 server_cookie=0 in_seq=0 out_seq=0
2023-11-17T05:21:26.416 INFO:teuthology.orchestra.run.smithi040.stderr:/usr/bin/ceph:
2023-11-17T05:21:15.176+0000 7f3d42ffd700 1 -- 172.21.15.40:0/1923721708 <== mon.0 v2:172.21.15.40:3300/0 1 ==== mon_map magic: 0 v1 ==== 229+0+0 (secure 0 0 0) 0x7f3d4401b410 con 0x7f3d54071cf0
2023-11-17T05:21:26.417 INFO:teuthology.orchestra.run.smithi040.stderr:/usr/bin/ceph:
2023-11-17T05:21:15.176+0000 7f3d42ffd700 1 -- 172.21.15.40:0/1923721708 <== mon.0 v2:172.21.15.40:3300/0 2 ==== config(25 keys) v1 ==== 1010+0+0 (secure 0 0 0) 0x7f3d4401b9e0 con 0x7f3d54071cf0
2023-11-17T05:21:26.417 INFO:teuthology.orchestra.run.smithi040.stderr:/usr/bin/ceph:
2023-11-17T05:21:15.176+0000 7f3d42ffd700 1 -- 172.21.15.40:0/1923721708 <== mon.0 v2:172.21.15.40:3300/0 3 ==== mon_map magic: 0 v1 ==== 229+0+0 (secure 0 0 0) 0x7f3d4401a8b0 con 0x7f3d54071cf0
2023-11-17T05:21:26.417 INFO:teuthology.orchestra.run.smithi040.stderr:/usr/bin/ceph:
2023-11-17T05:21:15.176+0000 7f3d5c643700 1 -- 172.21.15.40:0/1923721708 --> [v2:172.21.15.40:3300/0,v1:172.21.15.40:6789/0] -- mon_subscribe({mgrmap=0+}) v3 -- 0x7f3d541116a0 con 0x7f3d54071cf0
2023-11-17T05:21:26.417 INFO:teuthology.orchestra.run.smithi040.stderr:/usr/bin/ceph:
2023-11-17T05:21:15.176+0000 7f3d5c643700 1 -- 172.21.15.40:0/1923721708 --> [v2:172.21.15.40:3300/0,v1:172.21.15.40:6789/0] -- mon_subscribe({osdmap=0}) v3 -- 0x7f3d54111ab0 con 0x7f3d54071cf0
2023-11-17T05:21:26.417 INFO:teuthology.orchestra.run.smithi040.stderr:/usr/bin/ceph:
2023-11-17T05:21:15.177+0000 7f3d42ffd700 1 -- 172.21.15.40:0/1923721708 <== mon.0 v2:172.21.15.40:3300/0 4 ==== mgrmap(e 16) v1 ==== 36208+0+0 (secure 0 0 0) 0x7f3d4400f070 con 0x7f3d54071cf0
2023-11-17T05:21:26.417 INFO:teuthology.orchestra.run.smithi040.stderr:/usr/bin/ceph:
2023-11-17T05:21:15.178+0000 7f3d5c643700 1 -- 172.21.15.40:0/1923721708 --> [v2:172.21.15.40:3300/0,v1:172.21.15.40:6789/0] -- mon_command({"prefix": "get_command_descriptions"} v 0) v1 -- 0x7f3d54045ad0 con 0x7f3d54071cf0
2023-11-17T05:21:26.417 INFO:teuthology.orchestra.run.smithi040.stderr:/usr/bin/ceph:
2023-11-17T05:21:15.178+0000 7f3d42ffd700 1 --2- 172.21.15.40:0/1923721708 >> [v2:172.21.15.40:6800/1119389001,v1:172.21.15.40:6801/1119389001] conn(0x7f3d3c02ff00 0x7f3d3c0323c0 unknown :-1 s=NONE pgs=0 cs=0 l=1 rev1=0 rx=0 tx=0).connect
2023-11-17T05:21:26.417 INFO:teuthology.orchestra.run.smithi040.stderr:/usr/bin/ceph:
2023-11-17T05:21:15.178+0000 7f3d42ffd700 1 -- 172.21.15.40:0/1923721708 <== mon.0 v2:172.21.15.40:3300/0 5 ==== osd_map(4..4 src has 1..4) v4 ==== 1270+0+0 (secure 0 0 0) 0x7f3d44041570 con 0x7f3d54071cf0
2023-11-17T05:21:26.417 INFO:teuthology.orchestra.run.smithi040.stderr:/usr/bin/ceph:
2023-11-17T05:21:15.178+0000 7f3d59bde700 1 --2- 172.21.15.40:0/1923721708 >> [v2:172.21.15.40:6800/1119389001,v1:172.21.15.40:6801/1119389001] conn(0x7f3d3c02ff00 0x7f3d3c0323c0 unknown :-1 s=BANNER_CONNECTING pgs=0 cs=0 l=1 rev1=0 rx=0 tx=0)._handle_peer_banner_payload supported=1 required=0
2023-11-17T05:21:26.417 INFO:teuthology.orchestra.run.smithi040.stderr:/usr/bin/ceph:
2023-11-17T05:21:15.178+0000 7f3d59bde700 1 --2- 172.21.15.40:0/1923721708 >> [v2:172.21.15.40:6800/1119389001,v1:172.21.15.40:6801/1119389001] conn(0x7f3d3c02ff00 0x7f3d3c0323c0 secure :-1 s=READY pgs=8 cs=0 l=1 rev1=1 rx=0x7f3d500096a0 tx=0x7f3d50006b40).ready entity=mgr.14164 client_cookie=0 server_cookie=0 in_seq=0 out_seq=0
2023-11-17T05:21:26.417 INFO:teuthology.orchestra.run.smithi040.stderr:/usr/bin/ceph:
2023-11-17T05:21:15.182+0000 7f3d42ffd700 1 -- 172.21.15.40:0/1923721708 <== mon.0 v2:172.21.15.40:3300/0 6 ==== mon_command_ack([{"prefix": "get_command_descriptions"}]=0 v0) v1 ==== 72+0+152212 (secure 0 0 0) 0x7f3d44019cd0 con 0x7f3d54071cf0
2023-11-17T05:21:26.417 INFO:teuthology.orchestra.run.smithi040.stderr:/usr/bin/ceph:
2023-11-17T05:21:15.346+0000 7f3d5c643700 1 -- 172.21.15.40:0/1923721708 --> [v2:172.21.15.40:3300/0,v1:172.21.15.40:6789/0] -- mon_command({"prefix": "config get", "who": "mgr", "key": "mgr/dashboard/ssl_server_port"} v 0) v1 -- 0x7f3d541129f0 con 0x7f3d54071cf0
2023-11-17T05:21:26.417 INFO:teuthology.orchestra.run.smithi040.stderr:/usr/bin/ceph:
2023-11-17T05:21:15.347+0000 7f3d42ffd700 1 -- 172.21.15.40:0/1923721708 <== mon.0 v2:172.21.15.40:3300/0 7 ==== mon_command_ack([{"prefix": "config get", "who": "mgr", "key": "mgr/dashboard/ssl_server_port"}]=0 v9) v1 ==== 112+0+5 (secure 0 0 0) 0x7f3d44016070 con 0x7f3d54071cf0
2023-11-17T05:21:26.418 INFO:teuthology.orchestra.run.smithi040.stderr:/usr/bin/ceph: 8443
2023-11-17T05:21:26.418 INFO:teuthology.orchestra.run.smithi040.stderr:/usr/bin/ceph:
2023-11-17T05:21:15.348+0000 7f3d5c643700 1 -- 172.21.15.40:0/1923721708 >> [v2:172.21.15.40:6800/1119389001,v1:172.21.15.40:6801/1119389001] conn(0x7f3d3c02ff00 msgr2=0x7f3d3c0323c0 secure :-1 s=STATE_CONNECTION_ESTABLISHED l=1).mark_down
2023-11-17T05:21:26.418 INFO:teuthology.orchestra.run.smithi040.stderr:/usr/bin/ceph:
2023-11-17T05:21:15.348+0000 7f3d5c643700 1 --2- 172.21.15.40:0/1923721708 >> [v2:172.21.15.40:6800/1119389001,v1:172.21.15.40:6801/1119389001] conn(0x7f3d3c02ff00 0x7f3d3c0323c0 secure :-1 s=READY pgs=8 cs=0 l=1 rev1=1 rx=0x7f3d500096a0 tx=0x7f3d50006b40).stop
2023-11-17T05:21:26.418 INFO:teuthology.orchestra.run.smithi040.stderr:/usr/bin/ceph:
2023-11-17T05:21:15.348+0000 7f3d5c643700 1 -- 172.21.15.40:0/1923721708 >> [v2:172.21.15.40:3300/0,v1:172.21.15.40:6789/0] conn(0x7f3d54071cf0 msgr2=0x7f3d54110fb0 secure :-1 s=STATE_CONNECTION_ESTABLISHED l=1).mark_down
2023-11-17T05:21:26.418 INFO:teuthology.orchestra.run.smithi040.stderr:/usr/bin/ceph:
2023-11-17T05:21:15.348+0000 7f3d5c643700 1 --2- 172.21.15.40:0/1923721708 >> [v2:172.21.15.40:3300/0,v1:172.21.15.40:6789/0] conn(0x7f3d54071cf0 0x7f3d54110fb0 secure :-1 s=READY pgs=86 cs=0 l=1 rev1=1 rx=0x7f3d44011820 tx=0x7f3d44006ee0).stop
2023-11-17T05:21:26.418 INFO:teuthology.orchestra.run.smithi040.stderr:/usr/bin/ceph:
2023-11-17T05:21:15.349+0000 7f3d5c643700 1 -- 172.21.15.40:0/1923721708 shutdown_connections
2023-11-17T05:21:26.418 INFO:teuthology.orchestra.run.smithi040.stderr:/usr/bin/ceph:
2023-11-17T05:21:15.349+0000 7f3d5c643700 1 --2- 172.21.15.40:0/1923721708 >> [v2:172.21.15.40:6800/1119389001,v1:172.21.15.40:6801/1119389001] conn(0x7f3d3c02ff00 0x7f3d3c0323c0 unknown :-1 s=CLOSED pgs=8 cs=0 l=1 rev1=1 rx=0 tx=0).stop
2023-11-17T05:21:26.418 INFO:teuthology.orchestra.run.smithi040.stderr:/usr/bin/ceph:
2023-11-17T05:21:15.349+0000 7f3d5c643700 1 --2- 172.21.15.40:0/1923721708 >> [v2:172.21.15.40:3300/0,v1:172.21.15.40:6789/0] conn(0x7f3d54071cf0 0x7f3d54110fb0 unknown :-1 s=CLOSED pgs=86 cs=0 l=1 rev1=1 rx=0 tx=0).stop
2023-11-17T05:21:26.418 INFO:teuthology.orchestra.run.smithi040.stderr:/usr/bin/ceph:
2023-11-17T05:21:15.349+0000 7f3d5c643700 1 -- 172.21.15.40:0/1923721708 >> 172.21.15.40:0/1923721708 conn(0x7f3d540f73f0 msgr2=0x7f3d540fcfa0 unknown :-1 s=STATE_NONE l=0).mark_down
2023-11-17T05:21:26.418 INFO:teuthology.orchestra.run.smithi040.stderr:/usr/bin/ceph:
2023-11-17T05:21:15.349+0000 7f3d5c643700 1 -- 172.21.15.40:0/1923721708 shutdown_connections
2023-11-17T05:21:26.418 INFO:teuthology.orchestra.run.smithi040.stderr:/usr/bin/ceph:
2023-11-17T05:21:15.349+0000 7f3d5c643700 1 -- 172.21.15.40:0/1923721708 wait complete.
2023-11-17T05:21:26.418 INFO:teuthology.orchestra.run.smithi040.stderr:Running command: systemctl is-enabled firewalld.service
2023-11-17T05:21:26.419 INFO:teuthology.orchestra.run.smithi040.stderr:systemctl: disabled
2023-11-17T05:21:26.419 INFO:teuthology.orchestra.run.smithi040.stderr:Running command: systemctl is-active firewalld.service
2023-11-17T05:21:26.419 INFO:teuthology.orchestra.run.smithi040.stderr:systemctl: inactive
2023-11-17T05:21:26.419 INFO:teuthology.orchestra.run.smithi040.stderr:firewalld.service is not enabled
2023-11-17T05:21:26.419 INFO:teuthology.orchestra.run.smithi040.stderr:Not possible to open ports <[8443]>. firewalld.service is not available
2023-11-17T05:21:26.419 INFO:teuthology.orchestra.run.smithi040.stderr:Ceph Dashboard is now available at:
2023-11-17T05:21:26.419 INFO:teuthology.orchestra.run.smithi040.stderr:
2023-11-17T05:21:26.419 INFO:teuthology.orchestra.run.smithi040.stderr: URL: https://smithi040.front.sepia.ceph.com:8443/
2023-11-17T05:21:26.419 INFO:teuthology.orchestra.run.smithi040.stderr: User: admin
2023-11-17T05:21:26.419 INFO:teuthology.orchestra.run.smithi040.stderr: Password: 4ln25nhjwe
2023-11-17T05:21:26.419 INFO:teuthology.orchestra.run.smithi040.stderr:
2023-11-17T05:21:26.419 INFO:teuthology.orchestra.run.smithi040.stderr:You can access the Ceph CLI with:
2023-11-17T05:21:26.419 INFO:teuthology.orchestra.run.smithi040.stderr:
2023-11-17T05:21:26.420 INFO:teuthology.orchestra.run.smithi040.stderr: sudo /home/ubuntu/cephtest/cephadm shell --fsid ed6470e2-8508-11ee-8dbe-212e2dc638e7 -c /etc/ceph/ceph.conf -k /etc/ceph/ceph.client.admin.keyring
2023-11-17T05:21:26.420 INFO:teuthology.orchestra.run.smithi040.stderr:
2023-11-17T05:21:26.420 INFO:teuthology.orchestra.run.smithi040.stderr:Please consider enabling telemetry to help improve Ceph:
2023-11-17T05:21:26.420 INFO:teuthology.orchestra.run.smithi040.stderr:
2023-11-17T05:21:26.420 INFO:teuthology.orchestra.run.smithi040.stderr: ceph telemetry on
2023-11-17T05:21:26.420 INFO:teuthology.orchestra.run.smithi040.stderr:
2023-11-17T05:21:26.420 INFO:teuthology.orchestra.run.smithi040.stderr:For more information see:
2023-11-17T05:21:26.420 INFO:teuthology.orchestra.run.smithi040.stderr:
2023-11-17T05:21:26.420 INFO:teuthology.orchestra.run.smithi040.stderr: https://docs.ceph.com/docs/pacific/mgr/telemetry/
2023-11-17T05:21:26.420 INFO:teuthology.orchestra.run.smithi040.stderr:
2023-11-17T05:21:26.420 INFO:teuthology.orchestra.run.smithi040.stderr:Bootstrap complete.
2023-11-17T05:21:26.420 INFO:teuthology.orchestra.run.smithi040.stderr:Releasing lock 139692835310056 on /run/cephadm/ed6470e2-8508-11ee-8dbe-212e2dc638e7.lock
2023-11-17T05:21:26.420 INFO:teuthology.orchestra.run.smithi040.stderr:Lock 139692835310056 released on /run/cephadm/ed6470e2-8508-11ee-8dbe-212e2dc638e7.lock
2023-11-17T05:21:26.421 INFO:tasks.cephadm:Fetching config...
2023-11-17T05:21:26.421 DEBUG:teuthology.orchestra.run.smithi040:> set -ex
2023-11-17T05:21:26.422 DEBUG:teuthology.orchestra.run.smithi040:> dd if=/etc/ceph/ceph.conf of=/dev/stdout
2023-11-17T05:21:26.447 INFO:tasks.cephadm:Fetching client.admin keyring...
2023-11-17T05:21:26.447 DEBUG:teuthology.orchestra.run.smithi040:> set -ex
2023-11-17T05:21:26.447 DEBUG:teuthology.orchestra.run.smithi040:> dd if=/etc/ceph/ceph.client.admin.keyring of=/dev/stdout
2023-11-17T05:21:26.511 INFO:tasks.cephadm:Fetching mon keyring...
2023-11-17T05:21:26.512 DEBUG:teuthology.orchestra.run.smithi040:> set -ex
2023-11-17T05:21:26.512 DEBUG:teuthology.orchestra.run.smithi040:> sudo dd if=/var/lib/ceph/ed6470e2-8508-11ee-8dbe-212e2dc638e7/mon.smithi040/keyring of=/dev/stdout
2023-11-17T05:21:26.591 INFO:tasks.cephadm:Fetching pub ssh key...
2023-11-17T05:21:26.591 DEBUG:teuthology.orchestra.run.smithi040:> set -ex
2023-11-17T05:21:26.591 DEBUG:teuthology.orchestra.run.smithi040:> dd if=/home/ubuntu/cephtest/ceph.pub of=/dev/stdout
2023-11-17T05:21:26.654 INFO:tasks.cephadm:Installing pub ssh key for root users...
2023-11-17T05:21:26.655 DEBUG:teuthology.orchestra.run.smithi040:> sudo install -d -m 0700 /root/.ssh && echo 'ssh-rsa AAAAB3NzaC1yc2EAAAADAQABAAABgQDL+SdWMF1qjsHjggKNNpIDFxDY6oTIkPdEqTXFMkmwahWZQUyjp7g+1PyiRV6tvkqmLIRshV75Qr9NMWGqY8e9+o0VBppbADFtyq254i71kMbLUcWa9YzDpgOslDiF5PpfCba9Bhh2XoIwwmPScUUP653EzFNllt2VVFiPZOT7UShuA0viW2dm+gQSY+L8IdDfSFD75vgPm8V2WQdsxKwIoGB0LRD0m5MAoP5+XrMxgLiymH5i4d2k2KfyNAsXKcEZeSFCrun43rXcziCK3kiCIMWuiUIEme2Kuu46MLaRZzuw2MYz3Fx4p/5akiQYxl2JDuBpDHCCxOw2ZOoAT7Hzr1jOpViifPKQ1lFCDpPsxjci/kDbAKhetG/T9e2D9R3nAMmqi/H3fVMSoOIneIS+cWOtK+ZIpFwxcmfVI7NlHNNV4Ckg0xaqAfx5kf/PwK+8vzfkbutSNAIGJ1o6i4Y+70usB7wkLU9r26fs/UsEH7Lip4rTSdQhp+ToebHpBsc= ceph-ed6470e2-8508-11ee-8dbe-212e2dc638e7' | sudo tee -a /root/.ssh/authorized_keys && sudo chmod 0600 /root/.ssh/authorized_keys
2023-11-17T05:21:26.742 INFO:teuthology.orchestra.run.smithi040.stdout:ssh-rsa AAAAB3NzaC1yc2EAAAADAQABAAABgQDL+SdWMF1qjsHjggKNNpIDFxDY6oTIkPdEqTXFMkmwahWZQUyjp7g+1PyiRV6tvkqmLIRshV75Qr9NMWGqY8e9+o0VBppbADFtyq254i71kMbLUcWa9YzDpgOslDiF5PpfCba9Bhh2XoIwwmPScUUP653EzFNllt2VVFiPZOT7UShuA0viW2dm+gQSY+L8IdDfSFD75vgPm8V2WQdsxKwIoGB0LRD0m5MAoP5+XrMxgLiymH5i4d2k2KfyNAsXKcEZeSFCrun43rXcziCK3kiCIMWuiUIEme2Kuu46MLaRZzuw2MYz3Fx4p/5akiQYxl2JDuBpDHCCxOw2ZOoAT7Hzr1jOpViifPKQ1lFCDpPsxjci/kDbAKhetG/T9e2D9R3nAMmqi/H3fVMSoOIneIS+cWOtK+ZIpFwxcmfVI7NlHNNV4Ckg0xaqAfx5kf/PwK+8vzfkbutSNAIGJ1o6i4Y+70usB7wkLU9r26fs/UsEH7Lip4rTSdQhp+ToebHpBsc= ceph-ed6470e2-8508-11ee-8dbe-212e2dc638e7
2023-11-17T05:21:26.757 DEBUG:teuthology.orchestra.run.smithi066:> sudo install -d -m 0700 /root/.ssh && echo 'ssh-rsa AAAAB3NzaC1yc2EAAAADAQABAAABgQDL+SdWMF1qjsHjggKNNpIDFxDY6oTIkPdEqTXFMkmwahWZQUyjp7g+1PyiRV6tvkqmLIRshV75Qr9NMWGqY8e9+o0VBppbADFtyq254i71kMbLUcWa9YzDpgOslDiF5PpfCba9Bhh2XoIwwmPScUUP653EzFNllt2VVFiPZOT7UShuA0viW2dm+gQSY+L8IdDfSFD75vgPm8V2WQdsxKwIoGB0LRD0m5MAoP5+XrMxgLiymH5i4d2k2KfyNAsXKcEZeSFCrun43rXcziCK3kiCIMWuiUIEme2Kuu46MLaRZzuw2MYz3Fx4p/5akiQYxl2JDuBpDHCCxOw2ZOoAT7Hzr1jOpViifPKQ1lFCDpPsxjci/kDbAKhetG/T9e2D9R3nAMmqi/H3fVMSoOIneIS+cWOtK+ZIpFwxcmfVI7NlHNNV4Ckg0xaqAfx5kf/PwK+8vzfkbutSNAIGJ1o6i4Y+70usB7wkLU9r26fs/UsEH7Lip4rTSdQhp+ToebHpBsc= ceph-ed6470e2-8508-11ee-8dbe-212e2dc638e7' | sudo tee -a /root/.ssh/authorized_keys && sudo chmod 0600 /root/.ssh/authorized_keys
2023-11-17T05:21:26.803 INFO:teuthology.orchestra.run.smithi066.stdout:ssh-rsa AAAAB3NzaC1yc2EAAAADAQABAAABgQDL+SdWMF1qjsHjggKNNpIDFxDY6oTIkPdEqTXFMkmwahWZQUyjp7g+1PyiRV6tvkqmLIRshV75Qr9NMWGqY8e9+o0VBppbADFtyq254i71kMbLUcWa9YzDpgOslDiF5PpfCba9Bhh2XoIwwmPScUUP653EzFNllt2VVFiPZOT7UShuA0viW2dm+gQSY+L8IdDfSFD75vgPm8V2WQdsxKwIoGB0LRD0m5MAoP5+XrMxgLiymH5i4d2k2KfyNAsXKcEZeSFCrun43rXcziCK3kiCIMWuiUIEme2Kuu46MLaRZzuw2MYz3Fx4p/5akiQYxl2JDuBpDHCCxOw2ZOoAT7Hzr1jOpViifPKQ1lFCDpPsxjci/kDbAKhetG/T9e2D9R3nAMmqi/H3fVMSoOIneIS+cWOtK+ZIpFwxcmfVI7NlHNNV4Ckg0xaqAfx5kf/PwK+8vzfkbutSNAIGJ1o6i4Y+70usB7wkLU9r26fs/UsEH7Lip4rTSdQhp+ToebHpBsc= ceph-ed6470e2-8508-11ee-8dbe-212e2dc638e7
2023-11-17T05:21:26.816 DEBUG:teuthology.orchestra.run.smithi040:> sudo /home/ubuntu/cephtest/cephadm --image docker.io/ceph/ceph:v16.2.4 shell -c /etc/ceph/ceph.conf -k /etc/ceph/ceph.client.admin.keyring --fsid ed6470e2-8508-11ee-8dbe-212e2dc638e7 -- ceph config set mgr mgr/cephadm/allow_ptrace true
2023-11-17T05:21:27.986 INFO:teuthology.orchestra.run.smithi040.stderr:2023-11-17T05:21:27.983+0000 7f25ec626700 1 -- 172.21.15.40:0/748611246 >> [v2:172.21.15.40:3300/0,v1:172.21.15.40:6789/0] conn(0x7f25e40f5410 msgr2=0x7f25e40f5830 secure :-1 s=STATE_CONNECTION_ESTABLISHED l=1).mark_down
2023-11-17T05:21:27.987 INFO:teuthology.orchestra.run.smithi040.stderr:2023-11-17T05:21:27.983+0000 7f25ec626700 1 --2- 172.21.15.40:0/748611246 >> [v2:172.21.15.40:3300/0,v1:172.21.15.40:6789/0] conn(0x7f25e40f5410 0x7f25e40f5830 secure :-1 s=READY pgs=87 cs=0 l=1 rev1=1 rx=0x7f25e0009fb0 tx=0x7f25e0009b30).stop
2023-11-17T05:21:27.987 INFO:teuthology.orchestra.run.smithi040.stderr:2023-11-17T05:21:27.983+0000 7f25ec626700 1 -- 172.21.15.40:0/748611246 shutdown_connections
2023-11-17T05:21:27.987 INFO:teuthology.orchestra.run.smithi040.stderr:2023-11-17T05:21:27.983+0000 7f25ec626700 1 --2- 172.21.15.40:0/748611246 >> [v2:172.21.15.40:3300/0,v1:172.21.15.40:6789/0] conn(0x7f25e40f5410 0x7f25e40f5830 unknown :-1 s=CLOSED pgs=87 cs=0 l=1 rev1=1 rx=0 tx=0).stop
2023-11-17T05:21:27.987 INFO:teuthology.orchestra.run.smithi040.stderr:2023-11-17T05:21:27.983+0000 7f25ec626700 1 -- 172.21.15.40:0/748611246 >> 172.21.15.40:0/748611246 conn(0x7f25e40f0b70 msgr2=0x7f25e40f2f90 unknown :-1 s=STATE_NONE l=0).mark_down
2023-11-17T05:21:27.987 INFO:teuthology.orchestra.run.smithi040.stderr:2023-11-17T05:21:27.983+0000 7f25ec626700 1 -- 172.21.15.40:0/748611246 shutdown_connections
2023-11-17T05:21:27.987 INFO:teuthology.orchestra.run.smithi040.stderr:2023-11-17T05:21:27.983+0000 7f25ec626700 1 -- 172.21.15.40:0/748611246 wait complete.
