2023-11-17T05:20:50.399+0000 7ff4d89f4700 1 --2- 172.21.15.40:0/1035506095 >> [v2:172.21.15.40:3300/0,v1:172.21.15.40:6789/0] conn(0x7ff4d406fc10 0x7ff4d40fe860 unknown :-1 s=CLOSED pgs=43 cs=0 l=1 rev1=1 rx=0 tx=0).stop
2023-11-17T05:21:26.308 INFO:teuthology.orchestra.run.smithi040.stderr:/usr/bin/ceph:
2023-11-17T05:20:50.399+0000 7ff4d89f4700 1 -- 172.21.15.40:0/1035506095 >> 172.21.15.40:0/1035506095 conn(0x7ff4d40f6280 msgr2=0x7ff4d40f86a0 unknown :-1 s=STATE_NONE l=0).mark_down
2023-11-17T05:21:26.308 INFO:teuthology.orchestra.run.smithi040.stderr:/usr/bin/ceph:
2023-11-17T05:20:50.399+0000 7ff4d89f4700 1 -- 172.21.15.40:0/1035506095 shutdown_connections
2023-11-17T05:21:26.308 INFO:teuthology.orchestra.run.smithi040.stderr:/usr/bin/ceph:
2023-11-17T05:20:50.399+0000 7ff4d89f4700 1 -- 172.21.15.40:0/1035506095 wait complete.
2023-11-17T05:21:26.309 INFO:teuthology.orchestra.run.smithi040.stderr:/usr/bin/ceph:
2023-11-17T05:20:50.399+0000 7ff4d89f4700 1 Processor -- start
2023-11-17T05:21:26.309 INFO:teuthology.orchestra.run.smithi040.stderr:/usr/bin/ceph:
2023-11-17T05:20:50.399+0000 7ff4d89f4700 1 -- start start
2023-11-17T05:21:26.309 INFO:teuthology.orchestra.run.smithi040.stderr:/usr/bin/ceph:
2023-11-17T05:20:50.400+0000 7ff4d89f4700 1 --2- >> [v2:172.21.15.40:3300/0,v1:172.21.15.40:6789/0] conn(0x7ff4d406fc10 0x7ff4d40fc2e0 unknown :-1 s=NONE pgs=0 cs=0 l=1 rev1=0 rx=0 tx=0).connect
2023-11-17T05:21:26.309 INFO:teuthology.orchestra.run.smithi040.stderr:/usr/bin/ceph:
2023-11-17T05:20:50.400+0000 7ff4d89f4700 1 -- --> [v2:172.21.15.40:3300/0,v1:172.21.15.40:6789/0] -- mon_getmap magic: 0 v1 -- 0x7ff4d40fa760 con 0x7ff4d406fc10
2023-11-17T05:21:26.310 INFO:teuthology.orchestra.run.smithi040.stderr:/usr/bin/ceph:
2023-11-17T05:20:50.400+0000 7ff4d259c700 1 --2- >> [v2:172.21.15.40:3300/0,v1:172.21.15.40:6789/0] conn(0x7ff4d406fc10 0x7ff4d40fc2e0 unknown :-1 s=BANNER_CONNECTING pgs=0 cs=0 l=1 rev1=0 rx=0 tx=0)._handle_peer_banner_payload supported=1 required=0
2023-11-17T05:21:26.310 INFO:teuthology.orchestra.run.smithi040.stderr:/usr/bin/ceph:
2023-11-17T05:20:50.400+0000 7ff4d259c700 1 --2- >> [v2:172.21.15.40:3300/0,v1:172.21.15.40:6789/0] conn(0x7ff4d406fc10 0x7ff4d40fc2e0 unknown :-1 s=HELLO_CONNECTING pgs=0 cs=0 l=1 rev1=1 rx=0 tx=0).handle_hello peer v2:172.21.15.40:3300/0 says I am v2:172.21.15.40:38400/0 (socket says 172.21.15.40:38400)
2023-11-17T05:21:26.310 INFO:teuthology.orchestra.run.smithi040.stderr:/usr/bin/ceph:
2023-11-17T05:20:50.400+0000 7ff4d259c700 1 -- 172.21.15.40:0/3923973603 learned_addr learned my addr 172.21.15.40:0/3923973603 (peer_addr_for_me v2:172.21.15.40:0/0)
2023-11-17T05:21:26.310 INFO:teuthology.orchestra.run.smithi040.stderr:/usr/bin/ceph:
2023-11-17T05:20:50.400+0000 7ff4d259c700 1 -- 172.21.15.40:0/3923973603 --> [v2:172.21.15.40:3300/0,v1:172.21.15.40:6789/0] -- mon_subscribe({config=0+,monmap=0+}) v3 -- 0x7ff4c400b200 con 0x7ff4d406fc10
2023-11-17T05:21:26.310 INFO:teuthology.orchestra.run.smithi040.stderr:/usr/bin/ceph:
2023-11-17T05:20:50.400+0000 7ff4d259c700 1 --2- 172.21.15.40:0/3923973603 >> [v2:172.21.15.40:3300/0,v1:172.21.15.40:6789/0] conn(0x7ff4d406fc10 0x7ff4d40fc2e0 secure :-1 s=READY pgs=44 cs=0 l=1 rev1=1 rx=0x7ff4c4011550 tx=0x7ff4c4006ee0).ready entity=mon.0 client_cookie=0 server_cookie=0 in_seq=0 out_seq=0
2023-11-17T05:21:26.310 INFO:teuthology.orchestra.run.smithi040.stderr:/usr/bin/ceph:
2023-11-17T05:20:50.400+0000 7ff4c2ffd700 1 -- 172.21.15.40:0/3923973603 <== mon.0 v2:172.21.15.40:3300/0 1 ==== mon_map magic: 0 v1 ==== 229+0+0 (secure 0 0 0) 0x7ff4c401b410 con 0x7ff4d406fc10
2023-11-17T05:21:26.310 INFO:teuthology.orchestra.run.smithi040.stderr:/usr/bin/ceph:
2023-11-17T05:20:50.400+0000 7ff4d89f4700 1 -- 172.21.15.40:0/3923973603 --> [v2:172.21.15.40:3300/0,v1:172.21.15.40:6789/0] -- mon_subscribe({mgrmap=0+}) v3 -- 0x7ff4d40fa900 con 0x7ff4d406fc10
2023-11-17T05:21:26.310 INFO:teuthology.orchestra.run.smithi040.stderr:/usr/bin/ceph:
2023-11-17T05:20:50.400+0000 7ff4c2ffd700 1 -- 172.21.15.40:0/3923973603 <== mon.0 v2:172.21.15.40:3300/0 2 ==== config(25 keys) v1 ==== 1010+0+0 (secure 0 0 0) 0x7ff4c401b9e0 con 0x7ff4d406fc10
2023-11-17T05:21:26.310 INFO:teuthology.orchestra.run.smithi040.stderr:/usr/bin/ceph:
2023-11-17T05:20:50.401+0000 7ff4c2ffd700 1 -- 172.21.15.40:0/3923973603 <== mon.0 v2:172.21.15.40:3300/0 3 ==== mon_map magic: 0 v1 ==== 229+0+0 (secure 0 0 0) 0x7ff4c401a7f0 con 0x7ff4d406fc10
2023-11-17T05:21:26.310 INFO:teuthology.orchestra.run.smithi040.stderr:/usr/bin/ceph:
2023-11-17T05:20:50.401+0000 7ff4d89f4700 1 -- 172.21.15.40:0/3923973603 --> [v2:172.21.15.40:3300/0,v1:172.21.15.40:6789/0] -- mon_subscribe({osdmap=0}) v3 -- 0x7ff4d40fad10 con 0x7ff4d406fc10
2023-11-17T05:21:26.310 INFO:teuthology.orchestra.run.smithi040.stderr:/usr/bin/ceph:
2023-11-17T05:20:50.401+0000 7ff4c2ffd700 1 -- 172.21.15.40:0/3923973603 <== mon.0 v2:172.21.15.40:3300/0 4 ==== mgrmap(e 8) v1 ==== 36120+0+0 (secure 0 0 0) 0x7ff4c400f070 con 0x7ff4d406fc10
2023-11-17T05:21:26.310 INFO:teuthology.orchestra.run.smithi040.stderr:/usr/bin/ceph:
2023-11-17T05:20:50.401+0000 7ff4d89f4700 1 -- 172.21.15.40:0/3923973603 --> [v2:172.21.15.40:3300/0,v1:172.21.15.40:6789/0] -- mon_command({"prefix": "get_command_descriptions"} v 0) v1 -- 0x7ff4d4045ad0 con 0x7ff4d406fc10
2023-11-17T05:21:26.310 INFO:teuthology.orchestra.run.smithi040.stderr:/usr/bin/ceph:
2023-11-17T05:20:50.402+0000 7ff4c2ffd700 1 --2- 172.21.15.40:0/3923973603 >> [v2:172.21.15.40:6800/929662169,v1:172.21.15.40:6801/929662169] conn(0x7ff4b802fdb0 0x7ff4b8032270 unknown :-1 s=NONE pgs=0 cs=0 l=1 rev1=0 rx=0 tx=0).connect
2023-11-17T05:21:26.311 INFO:teuthology.orchestra.run.smithi040.stderr:/usr/bin/ceph:
2023-11-17T05:20:50.402+0000 7ff4c2ffd700 1 -- 172.21.15.40:0/3923973603 <== mon.0 v2:172.21.15.40:3300/0 5 ==== osd_map(2..2 src has 1..2) v4 ==== 926+0+0 (secure 0 0 0) 0x7ff4c4041300 con 0x7ff4d406fc10
2023-11-17T05:21:26.311 INFO:teuthology.orchestra.run.smithi040.stderr:/usr/bin/ceph:
2023-11-17T05:20:50.402+0000 7ff4d1d9b700 1 --2- 172.21.15.40:0/3923973603 >> [v2:172.21.15.40:6800/929662169,v1:172.21.15.40:6801/929662169] conn(0x7ff4b802fdb0 0x7ff4b8032270 unknown :-1 s=BANNER_CONNECTING pgs=0 cs=0 l=1 rev1=0 rx=0 tx=0)._handle_peer_banner_payload supported=1 required=0
2023-11-17T05:21:26.311 INFO:teuthology.orchestra.run.smithi040.stderr:/usr/bin/ceph:
2023-11-17T05:20:50.402+0000 7ff4d1d9b700 1 --2- 172.21.15.40:0/3923973603 >> [v2:172.21.15.40:6800/929662169,v1:172.21.15.40:6801/929662169] conn(0x7ff4b802fdb0 0x7ff4b8032270 secure :-1 s=READY pgs=12 cs=0 l=1 rev1=1 rx=0x7ff4c80096a0 tx=0x7ff4c8006b40).ready entity=mgr.14116 client_cookie=0 server_cookie=0 in_seq=0 out_seq=0
2023-11-17T05:21:26.311 INFO:teuthology.orchestra.run.smithi040.stderr:/usr/bin/ceph:
2023-11-17T05:20:50.406+0000 7ff4c2ffd700 1 -- 172.21.15.40:0/3923973603 <== mon.0 v2:172.21.15.40:3300/0 6 ==== mon_command_ack([{"prefix": "get_command_descriptions"}]=0 v0) v1 ==== 72+0+152212 (secure 0 0 0) 0x7ff4c40257e0 con 0x7ff4d406fc10
2023-11-17T05:21:26.311 INFO:teuthology.orchestra.run.smithi040.stderr:/usr/bin/ceph:
2023-11-17T05:20:50.602+0000 7ff4d89f4700 1 -- 172.21.15.40:0/3923973603 --> [v2:172.21.15.40:6800/929662169,v1:172.21.15.40:6801/929662169] -- mgr_command(tid 0: {"prefix": "orch apply", "service_type": "mgr", "target": ["mon-mgr", ""]}) v1 -- 0x7ff4d40ffd40 con 0x7ff4b802fdb0
2023-11-17T05:21:26.311 INFO:teuthology.orchestra.run.smithi040.stderr:/usr/bin/ceph:
2023-11-17T05:20:50.606+0000 7ff4c2ffd700 1 -- 172.21.15.40:0/3923973603 <== mgr.14116 v2:172.21.15.40:6800/929662169 1 ==== mgr_command_reply(tid 0: 0 ) v1 ==== 8+0+24 (secure 0 0 0) 0x7ff4d40ffd40 con 0x7ff4b802fdb0
2023-11-17T05:21:26.311 INFO:teuthology.orchestra.run.smithi040.stderr:/usr/bin/ceph: Scheduled mgr update...
2023-11-17T05:21:26.311 INFO:teuthology.orchestra.run.smithi040.stderr:/usr/bin/ceph:
2023-11-17T05:20:50.608+0000 7ff4d89f4700 1 -- 172.21.15.40:0/3923973603 >> [v2:172.21.15.40:6800/929662169,v1:172.21.15.40:6801/929662169] conn(0x7ff4b802fdb0 msgr2=0x7ff4b8032270 secure :-1 s=STATE_CONNECTION_ESTABLISHED l=1).mark_down
2023-11-17T05:21:26.311 INFO:teuthology.orchestra.run.smithi040.stderr:/usr/bin/ceph:
2023-11-17T05:20:50.608+0000 7ff4d89f4700 1 --2- 172.21.15.40:0/3923973603 >> [v2:172.21.15.40:6800/929662169,v1:172.21.15.40:6801/929662169] conn(0x7ff4b802fdb0 0x7ff4b8032270 secure :-1 s=READY pgs=12 cs=0 l=1 rev1=1 rx=0x7ff4c80096a0 tx=0x7ff4c8006b40).stop
2023-11-17T05:21:26.311 INFO:teuthology.orchestra.run.smithi040.stderr:/usr/bin/ceph:
2023-11-17T05:20:50.608+0000 7ff4d89f4700 1 -- 172.21.15.40:0/3923973603 >> [v2:172.21.15.40:3300/0,v1:172.21.15.40:6789/0] conn(0x7ff4d406fc10 msgr2=0x7ff4d40fc2e0 secure :-1 s=STATE_CONNECTION_ESTABLISHED l=1).mark_down
2023-11-17T05:21:26.311 INFO:teuthology.orchestra.run.smithi040.stderr:/usr/bin/ceph:
2023-11-17T05:20:50.608+0000 7ff4d89f4700 1 --2- 172.21.15.40:0/3923973603 >> [v2:172.21.15.40:3300/0,v1:172.21.15.40:6789/0] conn(0x7ff4d406fc10 0x7ff4d40fc2e0 secure :-1 s=READY pgs=44 cs=0 l=1 rev1=1 rx=0x7ff4c4011550 tx=0x7ff4c4006ee0).stop
2023-11-17T05:21:26.311 INFO:teuthology.orchestra.run.smithi040.stderr:/usr/bin/ceph:
2023-11-17T05:20:50.608+0000 7ff4d89f4700 1 -- 172.21.15.40:0/3923973603 shutdown_connections
2023-11-17T05:21:26.311 INFO:teuthology.orchestra.run.smithi040.stderr:/usr/bin/ceph:
2023-11-17T05:20:50.608+0000 7ff4d89f4700 1 --2- 172.21.15.40:0/3923973603 >> [v2:172.21.15.40:6800/929662169,v1:172.21.15.40:6801/929662169] conn(0x7ff4b802fdb0 0x7ff4b8032270 unknown :-1 s=CLOSED pgs=12 cs=0 l=1 rev1=1 rx=0 tx=0).stop
2023-11-17T05:21:26.311 INFO:teuthology.orchestra.run.smithi040.stderr:/usr/bin/ceph:
2023-11-17T05:20:50.608+0000 7ff4d89f4700 1 --2- 172.21.15.40:0/3923973603 >> [v2:172.21.15.40:3300/0,v1:172.21.15.40:6789/0] conn(0x7ff4d406fc10 0x7ff4d40fc2e0 unknown :-1 s=CLOSED pgs=44 cs=0 l=1 rev1=1 rx=0 tx=0).stop
2023-11-17T05:21:26.312 INFO:teuthology.orchestra.run.smithi040.stderr:/usr/bin/ceph:
2023-11-17T05:20:50.608+0000 7ff4d89f4700 1 -- 172.21.15.40:0/3923973603 >> 172.21.15.40:0/3923973603 conn(0x7ff4d40f6280 msgr2=0x7ff4d40f7eb0 unknown :-1 s=STATE_NONE l=0).mark_down
2023-11-17T05:21:26.312 INFO:teuthology.orchestra.run.smithi040.stderr:/usr/bin/ceph:
2023-11-17T05:20:50.608+0000 7ff4d89f4700 1 -- 172.21.15.40:0/3923973603 shutdown_connections
2023-11-17T05:21:26.312 INFO:teuthology.orchestra.run.smithi040.stderr:/usr/bin/ceph:
2023-11-17T05:20:50.608+0000 7ff4d89f4700 1 -- 172.21.15.40:0/3923973603 wait complete.
2023-11-17T05:21:26.312 INFO:teuthology.orchestra.run.smithi040.stderr:Deploying crash service with default placement...
2023-11-17T05:21:26.312 INFO:teuthology.orchestra.run.smithi040.stderr:Running command: /bin/podman run --rm --ipc=host --no-hosts --net=host --entrypoint /usr/bin/ceph --init -e CONTAINER_IMAGE=docker.io/ceph/ceph:v16.2.4 -e NODE_NAME=smithi040 -e CEPH_USE_RANDOM_NONCE=1 -v /var/log/ceph/ed6470e2-8508-11ee-8dbe-212e2dc638e7:/var/log/ceph:z -v /tmp/ceph-tmpzx79_7_h:/etc/ceph/ceph.client.admin.keyring:z -v /tmp/ceph-tmpru9tjirw:/etc/ceph/ceph.conf:z docker.io/ceph/ceph:v16.2.4 orch apply crash
2023-11-17T05:21:26.312 INFO:teuthology.orchestra.run.smithi040.stderr:/usr/bin/ceph:
2023-11-17T05:20:51.357+0000 7ff99932a700 1 Processor -- start
2023-11-17T05:21:26.312 INFO:teuthology.orchestra.run.smithi040.stderr:/usr/bin/ceph:
2023-11-17T05:20:51.358+0000 7ff99932a700 1 -- start start
2023-11-17T05:21:26.312 INFO:teuthology.orchestra.run.smithi040.stderr:/usr/bin/ceph:
2023-11-17T05:20:51.358+0000 7ff99932a700 1 --2- >> [v2:172.21.15.40:3300/0,v1:172.21.15.40:6789/0] conn(0x7ff9940fb130 0x7ff9940fb550 unknown :-1 s=NONE pgs=0 cs=0 l=0 rev1=0 rx=0 tx=0).connect
2023-11-17T05:21:26.312 INFO:teuthology.orchestra.run.smithi040.stderr:/usr/bin/ceph:
2023-11-17T05:20:51.358+0000 7ff99932a700 1 -- --> [v2:172.21.15.40:3300/0,v1:172.21.15.40:6789/0] -- mon_getmap magic: 0 v1 -- 0x7ff9940fba40 con 0x7ff9940fb130
2023-11-17T05:21:26.312 INFO:teuthology.orchestra.run.smithi040.stderr:/usr/bin/ceph:
2023-11-17T05:20:51.358+0000 7ff992ffd700 1 --2- >> [v2:172.21.15.40:3300/0,v1:172.21.15.40:6789/0] conn(0x7ff9940fb130 0x7ff9940fb550 unknown :-1 s=BANNER_CONNECTING pgs=0 cs=0 l=0 rev1=0 rx=0 tx=0)._handle_peer_banner_payload supported=1 required=0
2023-11-17T05:21:26.312 INFO:teuthology.orchestra.run.smithi040.stderr:/usr/bin/ceph:
2023-11-17T05:20:51.358+0000 7ff992ffd700 1 --2- >> [v2:172.21.15.40:3300/0,v1:172.21.15.40:6789/0] conn(0x7ff9940fb130 0x7ff9940fb550 unknown :-1 s=HELLO_CONNECTING pgs=0 cs=0 l=0 rev1=1 rx=0 tx=0).handle_hello peer v2:172.21.15.40:3300/0 says I am v2:172.21.15.40:38408/0 (socket says 172.21.15.40:38408)
2023-11-17T05:21:26.312 INFO:teuthology.orchestra.run.smithi040.stderr:/usr/bin/ceph:
2023-11-17T05:20:51.358+0000 7ff992ffd700 1 -- 172.21.15.40:0/3733323699 learned_addr learned my addr 172.21.15.40:0/3733323699 (peer_addr_for_me v2:172.21.15.40:0/0)
2023-11-17T05:21:26.312 INFO:teuthology.orchestra.run.smithi040.stderr:/usr/bin/ceph:
2023-11-17T05:20:51.358+0000 7ff992ffd700 1 -- 172.21.15.40:0/3733323699 --> [v2:172.21.15.40:3300/0,v1:172.21.15.40:6789/0] -- mon_subscribe({config=0+,monmap=0+}) v3 -- 0x7ff9940fbb80 con 0x7ff9940fb130
2023-11-17T05:21:26.313 INFO:teuthology.orchestra.run.smithi040.stderr:/usr/bin/ceph:
2023-11-17T05:20:51.358+0000 7ff992ffd700 1 --2- 172.21.15.40:0/3733323699 >> [v2:172.21.15.40:3300/0,v1:172.21.15.40:6789/0] conn(0x7ff9940fb130 0x7ff9940fb550 secure :-1 s=READY pgs=45 cs=0 l=1 rev1=1 rx=0x7ff98400b5f0 tx=0x7ff984006ee0).ready entity=mon.0 client_cookie=bb1c51c39409bbc7 server_cookie=0 in_seq=0 out_seq=0
2023-11-17T05:21:26.313 INFO:teuthology.orchestra.run.smithi040.stderr:/usr/bin/ceph:
2023-11-17T05:20:51.359+0000 7ff991ffb700 1 -- 172.21.15.40:0/3733323699 <== mon.0 v2:172.21.15.40:3300/0 1 ==== mon_map magic: 0 v1 ==== 229+0+0 (secure 0 0 0) 0x7ff98400d600 con 0x7ff9940fb130
2023-11-17T05:21:26.313 INFO:teuthology.orchestra.run.smithi040.stderr:/usr/bin/ceph:
2023-11-17T05:20:51.359+0000 7ff991ffb700 1 -- 172.21.15.40:0/3733323699 <== mon.0 v2:172.21.15.40:3300/0 2 ==== config(25 keys) v1 ==== 1010+0+0 (secure 0 0 0) 0x7ff98400dbd0 con 0x7ff9940fb130
2023-11-17T05:21:26.313 INFO:teuthology.orchestra.run.smithi040.stderr:/usr/bin/ceph:
2023-11-17T05:20:51.359+0000 7ff991ffb700 1 -- 172.21.15.40:0/3733323699 <== mon.0 v2:172.21.15.40:3300/0 3 ==== mon_map magic: 0 v1 ==== 229+0+0 (secure 0 0 0) 0x7ff984011c00 con 0x7ff9940fb130
2023-11-17T05:21:26.313 INFO:teuthology.orchestra.run.smithi040.stderr:/usr/bin/ceph:
2023-11-17T05:20:51.359+0000 7ff99932a700 1 -- 172.21.15.40:0/3733323699 >> [v2:172.21.15.40:3300/0,v1:172.21.15.40:6789/0] conn(0x7ff9940fb130 msgr2=0x7ff9940fb550 secure :-1 s=STATE_CONNECTION_ESTABLISHED l=1).mark_down
2023-11-17T05:21:26.313 INFO:teuthology.orchestra.run.smithi040.stderr:/usr/bin/ceph:
2023-11-17T05:20:51.359+0000 7ff99932a700 1 --2- 172.21.15.40:0/3733323699 >> [v2:172.21.15.40:3300/0,v1:172.21.15.40:6789/0] conn(0x7ff9940fb130 0x7ff9940fb550 secure :-1 s=READY pgs=45 cs=0 l=1 rev1=1 rx=0x7ff98400b5f0 tx=0x7ff984006ee0).stop
2023-11-17T05:21:26.313 INFO:teuthology.orchestra.run.smithi040.stderr:/usr/bin/ceph:
2023-11-17T05:20:51.359+0000 7ff99932a700 1 -- 172.21.15.40:0/3733323699 shutdown_connections
2023-11-17T05:21:26.313 INFO:teuthology.orchestra.run.smithi040.stderr:/usr/bin/ceph:
2023-11-17T05:20:51.359+0000 7ff99932a700 1 --2- 172.21.15.40:0/3733323699 >> [v2:172.21.15.40:3300/0,v1:172.21.15.40:6789/0] conn(0x7ff9940fb130 0x7ff9940fb550 unknown :-1 s=CLOSED pgs=45 cs=0 l=1 rev1=1 rx=0 tx=0).stop
2023-11-17T05:21:26.313 INFO:teuthology.orchestra.run.smithi040.stderr:/usr/bin/ceph:
2023-11-17T05:20:51.359+0000 7ff99932a700 1 -- 172.21.15.40:0/3733323699 >> 172.21.15.40:0/3733323699 conn(0x7ff9940f5a80 msgr2=0x7ff9940f7ea0 unknown :-1 s=STATE_NONE l=0).mark_down
2023-11-17T05:21:26.313 INFO:teuthology.orchestra.run.smithi040.stderr:/usr/bin/ceph:
2023-11-17T05:20:51.359+0000 7ff99932a700 1 -- 172.21.15.40:0/3733323699 shutdown_connections
2023-11-17T05:21:26.313 INFO:teuthology.orchestra.run.smithi040.stderr:/usr/bin/ceph:
2023-11-17T05:20:51.359+0000 7ff99932a700 1 -- 172.21.15.40:0/3733323699 wait complete.
2023-11-17T05:21:26.313 INFO:teuthology.orchestra.run.smithi040.stderr:/usr/bin/ceph:
2023-11-17T05:20:51.360+0000 7ff99932a700 1 Processor -- start
2023-11-17T05:21:26.313 INFO:teuthology.orchestra.run.smithi040.stderr:/usr/bin/ceph:
2023-11-17T05:20:51.360+0000 7ff99932a700 1 -- start start
2023-11-17T05:21:26.313 INFO:teuthology.orchestra.run.smithi040.stderr:/usr/bin/ceph:
2023-11-17T05:20:51.361+0000 7ff99932a700 1 --2- >> [v2:172.21.15.40:3300/0,v1:172.21.15.40:6789/0] conn(0x7ff9940fb130 0x7ff9940ff490 unknown :-1 s=NONE pgs=0 cs=0 l=1 rev1=0 rx=0 tx=0).connect
2023-11-17T05:21:26.314 INFO:teuthology.orchestra.run.smithi040.stderr:/usr/bin/ceph:
2023-11-17T05:20:51.361+0000 7ff99932a700 1 -- --> [v2:172.21.15.40:3300/0,v1:172.21.15.40:6789/0] -- mon_getmap magic: 0 v1 -- 0x7ff9940fd910 con 0x7ff9940fb130
2023-11-17T05:21:26.314 INFO:teuthology.orchestra.run.smithi040.stderr:/usr/bin/ceph:
2023-11-17T05:20:51.361+0000 7ff992ffd700 1 --2- >> [v2:172.21.15.40:3300/0,v1:172.21.15.40:6789/0] conn(0x7ff9940fb130 0x7ff9940ff490 unknown :-1 s=BANNER_CONNECTING pgs=0 cs=0 l=1 rev1=0 rx=0 tx=0)._handle_peer_banner_payload supported=1 required=0
2023-11-17T05:21:26.314 INFO:teuthology.orchestra.run.smithi040.stderr:/usr/bin/ceph:
2023-11-17T05:20:51.361+0000 7ff992ffd700 1 --2- >> [v2:172.21.15.40:3300/0,v1:172.21.15.40:6789/0] conn(0x7ff9940fb130 0x7ff9940ff490 unknown :-1 s=HELLO_CONNECTING pgs=0 cs=0 l=1 rev1=1 rx=0 tx=0).handle_hello peer v2:172.21.15.40:3300/0 says I am v2:172.21.15.40:38418/0 (socket says 172.21.15.40:38418)
2023-11-17T05:21:26.314 INFO:teuthology.orchestra.run.smithi040.stderr:/usr/bin/ceph:
2023-11-17T05:20:51.361+0000 7ff992ffd700 1 -- 172.21.15.40:0/899424046 learned_addr learned my addr 172.21.15.40:0/899424046 (peer_addr_for_me v2:172.21.15.40:0/0)
2023-11-17T05:21:26.314 INFO:teuthology.orchestra.run.smithi040.stderr:/usr/bin/ceph:
2023-11-17T05:20:51.361+0000 7ff992ffd700 1 -- 172.21.15.40:0/899424046 --> [v2:172.21.15.40:3300/0,v1:172.21.15.40:6789/0] -- mon_subscribe({config=0+,monmap=0+}) v3 -- 0x7ff98400b200 con 0x7ff9940fb130
2023-11-17T05:21:26.314 INFO:teuthology.orchestra.run.smithi040.stderr:/usr/bin/ceph:
2023-11-17T05:20:51.361+0000 7ff992ffd700 1 --2- 172.21.15.40:0/899424046 >> [v2:172.21.15.40:3300/0,v1:172.21.15.40:6789/0] conn(0x7ff9940fb130 0x7ff9940ff490 secure :-1 s=READY pgs=46 cs=0 l=1 rev1=1 rx=0x7ff98400e040 tx=0x7ff984006ee0).ready entity=mon.0 client_cookie=0 server_cookie=0 in_seq=0 out_seq=0
2023-11-17T05:21:26.314 INFO:teuthology.orchestra.run.smithi040.stderr:/usr/bin/ceph:
2023-11-17T05:20:51.361+0000 7ff97b7fe700 1 -- 172.21.15.40:0/899424046 <== mon.0 v2:172.21.15.40:3300/0 1 ==== mon_map magic: 0 v1 ==== 229+0+0 (secure 0 0 0) 0x7ff98401b410 con 0x7ff9940fb130
2023-11-17T05:21:26.314 INFO:teuthology.orchestra.run.smithi040.stderr:/usr/bin/ceph:
2023-11-17T05:20:51.361+0000 7ff97b7fe700 1 -- 172.21.15.40:0/899424046 <== mon.0 v2:172.21.15.40:3300/0 2 ==== config(25 keys) v1 ==== 1010+0+0 (secure 0 0 0) 0x7ff98401b9e0 con 0x7ff9940fb130
2023-11-17T05:21:26.314 INFO:teuthology.orchestra.run.smithi040.stderr:/usr/bin/ceph:
2023-11-17T05:20:51.361+0000 7ff99932a700 1 -- 172.21.15.40:0/899424046 --> [v2:172.21.15.40:3300/0,v1:172.21.15.40:6789/0] -- mon_subscribe({mgrmap=0+}) v3 -- 0x7ff9940fdab0 con 0x7ff9940fb130
2023-11-17T05:21:26.314 INFO:teuthology.orchestra.run.smithi040.stderr:/usr/bin/ceph:
2023-11-17T05:20:51.361+0000 7ff97b7fe700 1 -- 172.21.15.40:0/899424046 <== mon.0 v2:172.21.15.40:3300/0 3 ==== mon_map magic: 0 v1 ==== 229+0+0 (secure 0 0 0) 0x7ff98401a770 con 0x7ff9940fb130
2023-11-17T05:21:26.314 INFO:teuthology.orchestra.run.smithi040.stderr:/usr/bin/ceph:
2023-11-17T05:20:51.362+0000 7ff99932a700 1 -- 172.21.15.40:0/899424046 --> [v2:172.21.15.40:3300/0,v1:172.21.15.40:6789/0] -- mon_subscribe({osdmap=0}) v3 -- 0x7ff9940fdec0 con 0x7ff9940fb130
2023-11-17T05:21:26.314 INFO:teuthology.orchestra.run.smithi040.stderr:/usr/bin/ceph:
2023-11-17T05:20:51.362+0000 7ff97b7fe700 1 -- 172.21.15.40:0/899424046 <== mon.0 v2:172.21.15.40:3300/0 4 ==== mgrmap(e 8) v1 ==== 36120+0+0 (secure 0 0 0) 0x7ff98400f070 con 0x7ff9940fb130
2023-11-17T05:21:26.314 INFO:teuthology.orchestra.run.smithi040.stderr:/usr/bin/ceph:
2023-11-17T05:20:51.363+0000 7ff97b7fe700 1 --2- 172.21.15.40:0/899424046 >> [v2:172.21.15.40:6800/929662169,v1:172.21.15.40:6801/929662169] conn(0x7ff98002fe00 0x7ff9800322c0 unknown :-1 s=NONE pgs=0 cs=0 l=1 rev1=0 rx=0 tx=0).connect
2023-11-17T05:21:26.315 INFO:teuthology.orchestra.run.smithi040.stderr:/usr/bin/ceph:
2023-11-17T05:20:51.363+0000 7ff97b7fe700 1 -- 172.21.15.40:0/899424046 <== mon.0 v2:172.21.15.40:3300/0 5 ==== osd_map(2..2 src has 1..2) v4 ==== 926+0+0 (secure 0 0 0) 0x7ff984041050 con 0x7ff9940fb130
2023-11-17T05:21:26.315 INFO:teuthology.orchestra.run.smithi040.stderr:/usr/bin/ceph:
2023-11-17T05:20:51.363+0000 7ff9927fc700 1 --2- 172.21.15.40:0/899424046 >> [v2:172.21.15.40:6800/929662169,v1:172.21.15.40:6801/929662169] conn(0x7ff98002fe00 0x7ff9800322c0 unknown :-1 s=BANNER_CONNECTING pgs=0 cs=0 l=1 rev1=0 rx=0 tx=0)._handle_peer_banner_payload supported=1 required=0
2023-11-17T05:21:26.315 INFO:teuthology.orchestra.run.smithi040.stderr:/usr/bin/ceph:
2023-11-17T05:20:51.363+0000 7ff99932a700 1 -- 172.21.15.40:0/899424046 --> [v2:172.21.15.40:3300/0,v1:172.21.15.40:6789/0] -- mon_command({"prefix": "get_command_descriptions"} v 0) v1 -- 0x7ff994059100 con 0x7ff9940fb130
2023-11-17T05:21:26.315 INFO:teuthology.orchestra.run.smithi040.stderr:/usr/bin/ceph:
2023-11-17T05:20:51.363+0000 7ff9927fc700 1 --2- 172.21.15.40:0/899424046 >> [v2:172.21.15.40:6800/929662169,v1:172.21.15.40:6801/929662169] conn(0x7ff98002fe00 0x7ff9800322c0 secure :-1 s=READY pgs=13 cs=0 l=1 rev1=1 rx=0x7ff9880096a0 tx=0x7ff988006b40).ready entity=mgr.14116 client_cookie=0 server_cookie=0 in_seq=0 out_seq=0
2023-11-17T05:21:26.315 INFO:teuthology.orchestra.run.smithi040.stderr:/usr/bin/ceph:
2023-11-17T05:20:51.367+0000 7ff97b7fe700 1 -- 172.21.15.40:0/899424046 <== mon.0 v2:172.21.15.40:3300/0 6 ==== mon_command_ack([{"prefix": "get_command_descriptions"}]=0 v0) v1 ==== 72+0+152212 (secure 0 0 0) 0x7ff984016070 con 0x7ff9940fb130
2023-11-17T05:21:26.315 INFO:teuthology.orchestra.run.smithi040.stderr:/usr/bin/ceph:
2023-11-17T05:20:51.563+0000 7ff99932a700 1 -- 172.21.15.40:0/899424046 --> [v2:172.21.15.40:6800/929662169,v1:172.21.15.40:6801/929662169] -- mgr_command(tid 0: {"prefix": "orch apply", "service_type": "crash", "target": ["mon-mgr", ""]}) v1 -- 0x7ff9941044e0 con 0x7ff98002fe00
2023-11-17T05:21:26.315 INFO:teuthology.orchestra.run.smithi040.stderr:/usr/bin/ceph:
2023-11-17T05:20:51.567+0000 7ff97b7fe700 1 -- 172.21.15.40:0/899424046 <== mgr.14116 v2:172.21.15.40:6800/929662169 1 ==== mgr_command_reply(tid 0: 0 ) v1 ==== 8+0+26 (secure 0 0 0) 0x7ff9941044e0 con 0x7ff98002fe00
2023-11-17T05:21:26.315 INFO:teuthology.orchestra.run.smithi040.stderr:/usr/bin/ceph: Scheduled crash update...
2023-11-17T05:21:26.315 INFO:teuthology.orchestra.run.smithi040.stderr:/usr/bin/ceph:
2023-11-17T05:20:51.569+0000 7ff99932a700 1 -- 172.21.15.40:0/899424046 >> [v2:172.21.15.40:6800/929662169,v1:172.21.15.40:6801/929662169] conn(0x7ff98002fe00 msgr2=0x7ff9800322c0 secure :-1 s=STATE_CONNECTION_ESTABLISHED l=1).mark_down
2023-11-17T05:21:26.315 INFO:teuthology.orchestra.run.smithi040.stderr:/usr/bin/ceph:
2023-11-17T05:20:51.569+0000 7ff99932a700 1 --2- 172.21.15.40:0/899424046 >> [v2:172.21.15.40:6800/929662169,v1:172.21.15.40:6801/929662169] conn(0x7ff98002fe00 0x7ff9800322c0 secure :-1 s=READY pgs=13 cs=0 l=1 rev1=1 rx=0x7ff9880096a0 tx=0x7ff988006b40).stop
2023-11-17T05:21:26.315 INFO:teuthology.orchestra.run.smithi040.stderr:/usr/bin/ceph:
2023-11-17T05:20:51.569+0000 7ff99932a700 1 -- 172.21.15.40:0/899424046 >> [v2:172.21.15.40:3300/0,v1:172.21.15.40:6789/0] conn(0x7ff9940fb130 msgr2=0x7ff9940ff490 secure :-1 s=STATE_CONNECTION_ESTABLISHED l=1).mark_down
2023-11-17T05:21:26.315 INFO:teuthology.orchestra.run.smithi040.stderr:/usr/bin/ceph:
2023-11-17T05:20:51.569+0000 7ff99932a700 1 --2- 172.21.15.40:0/899424046 >> [v2:172.21.15.40:3300/0,v1:172.21.15.40:6789/0] conn(0x7ff9940fb130 0x7ff9940ff490 secure :-1 s=READY pgs=46 cs=0 l=1 rev1=1 rx=0x7ff98400e040 tx=0x7ff984006ee0).stop
2023-11-17T05:21:26.315 INFO:teuthology.orchestra.run.smithi040.stderr:/usr/bin/ceph:
2023-11-17T05:20:51.569+0000 7ff99932a700 1 -- 172.21.15.40:0/899424046 shutdown_connections
2023-11-17T05:21:26.316 INFO:teuthology.orchestra.run.smithi040.stderr:/usr/bin/ceph:
2023-11-17T05:20:51.569+0000 7ff99932a700 1 --2- 172.21.15.40:0/899424046 >> [v2:172.21.15.40:6800/929662169,v1:172.21.15.40:6801/929662169] conn(0x7ff98002fe00 0x7ff9800322c0 unknown :-1 s=CLOSED pgs=13 cs=0 l=1 rev1=1 rx=0 tx=0).stop
2023-11-17T05:21:26.316 INFO:teuthology.orchestra.run.smithi040.stderr:/usr/bin/ceph:
2023-11-17T05:20:51.569+0000 7ff99932a700 1 --2- 172.21.15.40:0/899424046 >> [v2:172.21.15.40:3300/0,v1:172.21.15.40:6789/0] conn(0x7ff9940fb130 0x7ff9940ff490 unknown :-1 s=CLOSED pgs=46 cs=0 l=1 rev1=1 rx=0 tx=0).stop
2023-11-17T05:21:26.316 INFO:teuthology.orchestra.run.smithi040.stderr:/usr/bin/ceph:
2023-11-17T05:20:51.569+0000 7ff99932a700 1 -- 172.21.15.40:0/899424046 >> 172.21.15.40:0/899424046 conn(0x7ff9940f5a80 msgr2=0x7ff9940fa6d0 unknown :-1 s=STATE_NONE l=0).mark_down
2023-11-17T05:21:26.316 INFO:teuthology.orchestra.run.smithi040.stderr:/usr/bin/ceph:
2023-11-17T05:20:51.569+0000 7ff99932a700 1 -- 172.21.15.40:0/899424046 shutdown_connections
2023-11-17T05:21:26.316 INFO:teuthology.orchestra.run.smithi040.stderr:/usr/bin/ceph:
2023-11-17T05:20:51.569+0000 7ff99932a700 1 -- 172.21.15.40:0/899424046 wait complete.
2023-11-17T05:21:26.317 INFO:teuthology.orchestra.run.smithi040.stderr:Enabling mgr prometheus module...
2023-11-17T05:21:26.317 INFO:teuthology.orchestra.run.smithi040.stderr:Running command: /bin/podman run --rm --ipc=host --no-hosts --net=host --entrypoint /usr/bin/ceph --init -e CONTAINER_IMAGE=docker.io/ceph/ceph:v16.2.4 -e NODE_NAME=smithi040 -e CEPH_USE_RANDOM_NONCE=1 -v /var/log/ceph/ed6470e2-8508-11ee-8dbe-212e2dc638e7:/var/log/ceph:z -v /tmp/ceph-tmpzx79_7_h:/etc/ceph/ceph.client.admin.keyring:z -v /tmp/ceph-tmpru9tjirw:/etc/ceph/ceph.conf:z docker.io/ceph/ceph:v16.2.4 mgr module enable prometheus
2023-11-17T05:21:26.317 INFO:teuthology.orchestra.run.smithi040.stderr:/usr/bin/ceph:
2023-11-17T05:20:52.320+0000 7f6f50bd1700 1 Processor -- start
2023-11-17T05:21:26.317 INFO:teuthology.orchestra.run.smithi040.stderr:/usr/bin/ceph:
2023-11-17T05:20:52.320+0000 7f6f50bd1700 1 -- start start
2023-11-17T05:21:26.317 INFO:teuthology.orchestra.run.smithi040.stderr:/usr/bin/ceph:
2023-11-17T05:20:52.320+0000 7f6f50bd1700 1 --2- >> [v2:172.21.15.40:3300/0,v1:172.21.15.40:6789/0] conn(0x7f6f4c06fc90 0x7f6f4c0fe7e0 unknown :-1 s=NONE pgs=0 cs=0 l=0 rev1=0 rx=0 tx=0).connect
2023-11-17T05:21:26.317 INFO:teuthology.orchestra.run.smithi040.stderr:/usr/bin/ceph:
2023-11-17T05:20:52.320+0000 7f6f50bd1700 1 -- --> [v2:172.21.15.40:3300/0,v1:172.21.15.40:6789/0] -- mon_getmap magic: 0 v1 -- 0x7f6f4c0fed60 con 0x7f6f4c06fc90
2023-11-17T05:21:26.317 INFO:teuthology.orchestra.run.smithi040.stderr:/usr/bin/ceph:
2023-11-17T05:20:52.321+0000 7f6f4a59c700 1 --2- >> [v2:172.21.15.40:3300/0,v1:172.21.15.40:6789/0] conn(0x7f6f4c06fc90 0x7f6f4c0fe7e0 unknown :-1 s=BANNER_CONNECTING pgs=0 cs=0 l=0 rev1=0 rx=0 tx=0)._handle_peer_banner_payload supported=1 required=0
2023-11-17T05:21:26.317 INFO:teuthology.orchestra.run.smithi040.stderr:/usr/bin/ceph:
2023-11-17T05:20:52.321+0000 7f6f4a59c700 1 --2- >> [v2:172.21.15.40:3300/0,v1:172.21.15.40:6789/0] conn(0x7f6f4c06fc90 0x7f6f4c0fe7e0 unknown :-1 s=HELLO_CONNECTING pgs=0 cs=0 l=0 rev1=1 rx=0 tx=0).handle_hello peer v2:172.21.15.40:3300/0 says I am v2:172.21.15.40:38430/0 (socket says 172.21.15.40:38430)
2023-11-17T05:21:26.317 INFO:teuthology.orchestra.run.smithi040.stderr:/usr/bin/ceph:
2023-11-17T05:20:52.321+0000 7f6f4a59c700 1 -- 172.21.15.40:0/1403055114 learned_addr learned my addr 172.21.15.40:0/1403055114 (peer_addr_for_me v2:172.21.15.40:0/0)
2023-11-17T05:21:26.317 INFO:teuthology.orchestra.run.smithi040.stderr:/usr/bin/ceph:
2023-11-17T05:20:52.321+0000 7f6f4a59c700 1 -- 172.21.15.40:0/1403055114 --> [v2:172.21.15.40:3300/0,v1:172.21.15.40:6789/0] -- mon_subscribe({config=0+,monmap=0+}) v3 -- 0x7f6f4c0feea0 con 0x7f6f4c06fc90
2023-11-17T05:21:26.317 INFO:teuthology.orchestra.run.smithi040.stderr:/usr/bin/ceph:
2023-11-17T05:20:52.321+0000 7f6f4a59c700 1 --2- 172.21.15.40:0/1403055114 >> [v2:172.21.15.40:3300/0,v1:172.21.15.40:6789/0] conn(0x7f6f4c06fc90 0x7f6f4c0fe7e0 secure :-1 s=READY pgs=47 cs=0 l=1 rev1=1 rx=0x7f6f3400b5f0 tx=0x7f6f34006ee0).ready entity=mon.0 client_cookie=ec486aeb5ba92f14 server_cookie=0 in_seq=0 out_seq=0
2023-11-17T05:21:26.317 INFO:teuthology.orchestra.run.smithi040.stderr:/usr/bin/ceph:
2023-11-17T05:20:52.321+0000 7f6f4959a700 1 -- 172.21.15.40:0/1403055114 <== mon.0 v2:172.21.15.40:3300/0 1 ==== mon_map magic: 0 v1 ==== 229+0+0 (secure 0 0 0) 0x7f6f3400d600 con 0x7f6f4c06fc90
2023-11-17T05:21:26.317 INFO:teuthology.orchestra.run.smithi040.stderr:/usr/bin/ceph:
2023-11-17T05:20:52.321+0000 7f6f4959a700 1 -- 172.21.15.40:0/1403055114 <== mon.0 v2:172.21.15.40:3300/0 2 ==== config(25 keys) v1 ==== 1010+0+0 (secure 0 0 0) 0x7f6f3400dbd0 con 0x7f6f4c06fc90
2023-11-17T05:21:26.318 INFO:teuthology.orchestra.run.smithi040.stderr:/usr/bin/ceph:
2023-11-17T05:20:52.321+0000 7f6f4959a700 1 -- 172.21.15.40:0/1403055114 <== mon.0 v2:172.21.15.40:3300/0 3 ==== mon_map magic: 0 v1 ==== 229+0+0 (secure 0 0 0) 0x7f6f34011c00 con 0x7f6f4c06fc90
2023-11-17T05:21:26.318 INFO:teuthology.orchestra.run.smithi040.stderr:/usr/bin/ceph:
2023-11-17T05:20:52.322+0000 7f6f50bd1700 1 -- 172.21.15.40:0/1403055114 >> [v2:172.21.15.40:3300/0,v1:172.21.15.40:6789/0] conn(0x7f6f4c06fc90 msgr2=0x7f6f4c0fe7e0 secure :-1 s=STATE_CONNECTION_ESTABLISHED l=1).mark_down
2023-11-17T05:21:26.318 INFO:teuthology.orchestra.run.smithi040.stderr:/usr/bin/ceph:
2023-11-17T05:20:52.322+0000 7f6f50bd1700 1 --2- 172.21.15.40:0/1403055114 >> [v2:172.21.15.40:3300/0,v1:172.21.15.40:6789/0] conn(0x7f6f4c06fc90 0x7f6f4c0fe7e0 secure :-1 s=READY pgs=47 cs=0 l=1 rev1=1 rx=0x7f6f3400b5f0 tx=0x7f6f34006ee0).stop
2023-11-17T05:21:26.318 INFO:teuthology.orchestra.run.smithi040.stderr:/usr/bin/ceph:
2023-11-17T05:20:52.322+0000 7f6f50bd1700 1 -- 172.21.15.40:0/1403055114 shutdown_connections
2023-11-17T05:21:26.318 INFO:teuthology.orchestra.run.smithi040.stderr:/usr/bin/ceph:
2023-11-17T05:20:52.322+0000 7f6f50bd1700 1 --2- 172.21.15.40:0/1403055114 >> [v2:172.21.15.40:3300/0,v1:172.21.15.40:6789/0] conn(0x7f6f4c06fc90 0x7f6f4c0fe7e0 unknown :-1 s=CLOSED pgs=47 cs=0 l=1 rev1=1 rx=0 tx=0).stop
2023-11-17T05:21:26.318 INFO:teuthology.orchestra.run.smithi040.stderr:/usr/bin/ceph:
2023-11-17T05:20:52.322+0000 7f6f50bd1700 1 -- 172.21.15.40:0/1403055114 >> 172.21.15.40:0/1403055114 conn(0x7f6f4c0f6280 msgr2=0x7f6f4c0f86a0 unknown :-1 s=STATE_NONE l=0).mark_down
2023-11-17T05:21:26.318 INFO:teuthology.orchestra.run.smithi040.stderr:/usr/bin/ceph:
2023-11-17T05:20:52.322+0000 7f6f50bd1700 1 -- 172.21.15.40:0/1403055114 shutdown_connections
2023-11-17T05:21:26.318 INFO:teuthology.orchestra.run.smithi040.stderr:/usr/bin/ceph:
2023-11-17T05:20:52.322+0000 7f6f50bd1700 1 -- 172.21.15.40:0/1403055114 wait complete.
2023-11-17T05:21:26.318 INFO:teuthology.orchestra.run.smithi040.stderr:/usr/bin/ceph:
2023-11-17T05:20:52.323+0000 7f6f50bd1700 1 Processor -- start
2023-11-17T05:21:26.318 INFO:teuthology.orchestra.run.smithi040.stderr:/usr/bin/ceph:
2023-11-17T05:20:52.323+0000 7f6f50bd1700 1 -- start start
2023-11-17T05:21:26.318 INFO:teuthology.orchestra.run.smithi040.stderr:/usr/bin/ceph:
2023-11-17T05:20:52.323+0000 7f6f50bd1700 1 --2- >> [v2:172.21.15.40:3300/0,v1:172.21.15.40:6789/0] conn(0x7f6f4c06fc90 0x7f6f4c10a9f0 unknown :-1 s=NONE pgs=0 cs=0 l=1 rev1=0 rx=0 tx=0).connect
2023-11-17T05:21:26.318 INFO:teuthology.orchestra.run.smithi040.stderr:/usr/bin/ceph:
2023-11-17T05:20:52.323+0000 7f6f50bd1700 1 -- --> [v2:172.21.15.40:3300/0,v1:172.21.15.40:6789/0] -- mon_getmap magic: 0 v1 -- 0x7f6f4c10aee0 con 0x7f6f4c06fc90
2023-11-17T05:21:26.318 INFO:teuthology.orchestra.run.smithi040.stderr:/usr/bin/ceph:
2023-11-17T05:20:52.323+0000 7f6f4a59c700 1 --2- >> [v2:172.21.15.40:3300/0,v1:172.21.15.40:6789/0] conn(0x7f6f4c06fc90 0x7f6f4c10a9f0 unknown :-1 s=BANNER_CONNECTING pgs=0 cs=0 l=1 rev1=0 rx=0 tx=0)._handle_peer_banner_payload supported=1 required=0
2023-11-17T05:21:26.319 INFO:teuthology.orchestra.run.smithi040.stderr:/usr/bin/ceph:
2023-11-17T05:20:52.323+0000 7f6f4a59c700 1 --2- >> [v2:172.21.15.40:3300/0,v1:172.21.15.40:6789/0] conn(0x7f6f4c06fc90 0x7f6f4c10a9f0 unknown :-1 s=HELLO_CONNECTING pgs=0 cs=0 l=1 rev1=1 rx=0 tx=0).handle_hello peer v2:172.21.15.40:3300/0 says I am v2:172.21.15.40:38434/0 (socket says 172.21.15.40:38434)
2023-11-17T05:21:26.319 INFO:teuthology.orchestra.run.smithi040.stderr:/usr/bin/ceph:
2023-11-17T05:20:52.323+0000 7f6f4a59c700 1 -- 172.21.15.40:0/4203187453 learned_addr learned my addr 172.21.15.40:0/4203187453 (peer_addr_for_me v2:172.21.15.40:0/0)
2023-11-17T05:21:26.319 INFO:teuthology.orchestra.run.smithi040.stderr:/usr/bin/ceph:
2023-11-17T05:20:52.324+0000 7f6f4a59c700 1 -- 172.21.15.40:0/4203187453 --> [v2:172.21.15.40:3300/0,v1:172.21.15.40:6789/0] -- mon_subscribe({config=0+,monmap=0+}) v3 -- 0x7f6f3400b200 con 0x7f6f4c06fc90
2023-11-17T05:21:26.319 INFO:teuthology.orchestra.run.smithi040.stderr:/usr/bin/ceph:
2023-11-17T05:20:52.324+0000 7f6f4a59c700 1 --2- 172.21.15.40:0/4203187453 >> [v2:172.21.15.40:3300/0,v1:172.21.15.40:6789/0] conn(0x7f6f4c06fc90 0x7f6f4c10a9f0 secure :-1 s=READY pgs=48 cs=0 l=1 rev1=1 rx=0x7f6f34000c00 tx=0x7f6f34006ee0).ready entity=mon.0 client_cookie=0 server_cookie=0 in_seq=0 out_seq=0
2023-11-17T05:21:26.319 INFO:teuthology.orchestra.run.smithi040.stderr:/usr/bin/ceph:
2023-11-17T05:20:52.324+0000 7f6f42ffd700 1 -- 172.21.15.40:0/4203187453 <== mon.0 v2:172.21.15.40:3300/0 1 ==== mon_map magic: 0 v1 ==== 229+0+0 (secure 0 0 0) 0x7f6f34011690 con 0x7f6f4c06fc90
2023-11-17T05:21:26.319 INFO:teuthology.orchestra.run.smithi040.stderr:/usr/bin/ceph:
2023-11-17T05:20:52.324+0000 7f6f42ffd700 1 -- 172.21.15.40:0/4203187453 <== mon.0 v2:172.21.15.40:3300/0 2 ==== config(25 keys) v1 ==== 1010+0+0 (secure 0 0 0) 0x7f6f3400d9f0 con 0x7f6f4c06fc90
2023-11-17T05:21:26.319 INFO:teuthology.orchestra.run.smithi040.stderr:/usr/bin/ceph:
2023-11-17T05:20:52.324+0000 7f6f50bd1700 1 -- 172.21.15.40:0/4203187453 --> [v2:172.21.15.40:3300/0,v1:172.21.15.40:6789/0] -- mon_subscribe({mgrmap=0+}) v3 -- 0x7f6f4c10b0e0 con 0x7f6f4c06fc90
2023-11-17T05:21:26.319 INFO:teuthology.orchestra.run.smithi040.stderr:/usr/bin/ceph:
2023-11-17T05:20:52.324+0000 7f6f42ffd700 1 -- 172.21.15.40:0/4203187453 <== mon.0 v2:172.21.15.40:3300/0 3 ==== mon_map magic: 0 v1 ==== 229+0+0 (secure 0 0 0) 0x7f6f3401b710 con 0x7f6f4c06fc90
2023-11-17T05:21:26.319 INFO:teuthology.orchestra.run.smithi040.stderr:/usr/bin/ceph:
2023-11-17T05:20:52.324+0000 7f6f50bd1700 1 -- 172.21.15.40:0/4203187453 --> [v2:172.21.15.40:3300/0,v1:172.21.15.40:6789/0] -- mon_subscribe({osdmap=0}) v3 -- 0x7f6f4c10b4f0 con 0x7f6f4c06fc90
2023-11-17T05:21:26.319 INFO:teuthology.orchestra.run.smithi040.stderr:/usr/bin/ceph:
2023-11-17T05:20:52.325+0000 7f6f42ffd700 1 -- 172.21.15.40:0/4203187453 <== mon.0 v2:172.21.15.40:3300/0 4 ==== mgrmap(e 8) v1 ==== 36120+0+0 (secure 0 0 0) 0x7f6f3400f070 con 0x7f6f4c06fc90
2023-11-17T05:21:26.319 INFO:teuthology.orchestra.run.smithi040.stderr:/usr/bin/ceph:
2023-11-17T05:20:52.325+0000 7f6f42ffd700 1 --2- 172.21.15.40:0/4203187453 >> [v2:172.21.15.40:6800/929662169,v1:172.21.15.40:6801/929662169] conn(0x7f6f2c02fdb0 0x7f6f2c032270 unknown :-1 s=NONE pgs=0 cs=0 l=1 rev1=0 rx=0 tx=0).connect
2023-11-17T05:21:26.319 INFO:teuthology.orchestra.run.smithi040.stderr:/usr/bin/ceph:
2023-11-17T05:20:52.325+0000 7f6f42ffd700 1 -- 172.21.15.40:0/4203187453 <== mon.0 v2:172.21.15.40:3300/0 5 ==== osd_map(2..2 src has 1..2) v4 ==== 926+0+0 (secure 0 0 0) 0x7f6f340410e0 con 0x7f6f4c06fc90
2023-11-17T05:21:26.319 INFO:teuthology.orchestra.run.smithi040.stderr:/usr/bin/ceph:
2023-11-17T05:20:52.325+0000 7f6f49d9b700 1 --2- 172.21.15.40:0/4203187453 >> [v2:172.21.15.40:6800/929662169,v1:172.21.15.40:6801/929662169] conn(0x7f6f2c02fdb0 0x7f6f2c032270 unknown :-1 s=BANNER_CONNECTING pgs=0 cs=0 l=1 rev1=0 rx=0 tx=0)._handle_peer_banner_payload supported=1 required=0
2023-11-17T05:21:26.319 INFO:teuthology.orchestra.run.smithi040.stderr:/usr/bin/ceph:
2023-11-17T05:20:52.325+0000 7f6f50bd1700 1 -- 172.21.15.40:0/4203187453 --> [v2:172.21.15.40:3300/0,v1:172.21.15.40:6789/0] -- mon_command({"prefix": "get_command_descriptions"} v 0) v1 -- 0x7f6f4c059100 con 0x7f6f4c06fc90
2023-11-17T05:21:26.320 INFO:teuthology.orchestra.run.smithi040.stderr:/usr/bin/ceph:
2023-11-17T05:20:52.325+0000 7f6f49d9b700 1 --2- 172.21.15.40:0/4203187453 >> [v2:172.21.15.40:6800/929662169,v1:172.21.15.40:6801/929662169] conn(0x7f6f2c02fdb0 0x7f6f2c032270 secure :-1 s=READY pgs=14 cs=0 l=1 rev1=1 rx=0x7f6f3c0096a0 tx=0x7f6f3c006b40).ready entity=mgr.14116 client_cookie=0 server_cookie=0 in_seq=0 out_seq=0
2023-11-17T05:21:26.320 INFO:teuthology.orchestra.run.smithi040.stderr:/usr/bin/ceph:
2023-11-17T05:20:52.330+0000 7f6f42ffd700 1 -- 172.21.15.40:0/4203187453 <== mon.0 v2:172.21.15.40:3300/0 6 ==== mon_command_ack([{"prefix": "get_command_descriptions"}]=0 v0) v1 ==== 72+0+152212 (secure 0 0 0) 0x7f6f34016070 con 0x7f6f4c06fc90
2023-11-17T05:21:26.320 INFO:teuthology.orchestra.run.smithi040.stderr:/usr/bin/ceph:
2023-11-17T05:20:52.536+0000 7f6f50bd1700 1 -- 172.21.15.40:0/4203187453 --> [v2:172.21.15.40:3300/0,v1:172.21.15.40:6789/0] -- mon_command({"prefix": "mgr module enable", "module": "prometheus"} v 0) v1 -- 0x7f6f4c045ad0 con 0x7f6f4c06fc90
2023-11-17T05:21:26.320 INFO:teuthology.orchestra.run.smithi040.stderr:/usr/bin/ceph:
2023-11-17T05:20:52.742+0000 7f6f42ffd700 1 -- 172.21.15.40:0/4203187453 <== mon.0 v2:172.21.15.40:3300/0 7 ==== mgrmap(e 9) v1 ==== 36134+0+0 (secure 0 0 0) 0x7f6f3401aaf0 con 0x7f6f4c06fc90
2023-11-17T05:21:26.320 INFO:teuthology.orchestra.run.smithi040.stderr:/usr/bin/ceph:
2023-11-17T05:20:52.743+0000 7f6f42ffd700 1 -- 172.21.15.40:0/4203187453 <== mon.0 v2:172.21.15.40:3300/0 8 ==== mon_command_ack([{"prefix": "mgr module enable", "module": "prometheus"}]=0 v9) v1 ==== 89+0+0 (secure 0 0 0) 0x7f6f3402f8a0 con 0x7f6f4c06fc90
2023-11-17T05:21:26.320 INFO:teuthology.orchestra.run.smithi040.stderr:/usr/bin/ceph:
2023-11-17T05:20:52.746+0000 7f6f50bd1700 1 -- 172.21.15.40:0/4203187453 >> [v2:172.21.15.40:6800/929662169,v1:172.21.15.40:6801/929662169] conn(0x7f6f2c02fdb0 msgr2=0x7f6f2c032270 secure :-1 s=STATE_CONNECTION_ESTABLISHED l=1).mark_down
2023-11-17T05:21:26.320 INFO:teuthology.orchestra.run.smithi040.stderr:/usr/bin/ceph:
2023-11-17T05:20:52.746+0000 7f6f50bd1700 1 --2- 172.21.15.40:0/4203187453 >> [v2:172.21.15.40:6800/929662169,v1:172.21.15.40:6801/929662169] conn(0x7f6f2c02fdb0 0x7f6f2c032270 secure :-1 s=READY pgs=14 cs=0 l=1 rev1=1 rx=0x7f6f3c0096a0 tx=0x7f6f3c006b40).stop
2023-11-17T05:21:26.320 INFO:teuthology.orchestra.run.smithi040.stderr:/usr/bin/ceph:
2023-11-17T05:20:52.746+0000 7f6f50bd1700 1 -- 172.21.15.40:0/4203187453 >> [v2:172.21.15.40:3300/0,v1:172.21.15.40:6789/0] conn(0x7f6f4c06fc90 msgr2=0x7f6f4c10a9f0 secure :-1 s=STATE_CONNECTION_ESTABLISHED l=1).mark_down
2023-11-17T05:21:26.320 INFO:teuthology.orchestra.run.smithi040.stderr:/usr/bin/ceph:
2023-11-17T05:20:52.746+0000 7f6f50bd1700 1 --2- 172.21.15.40:0/4203187453 >> [v2:172.21.15.40:3300/0,v1:172.21.15.40:6789/0] conn(0x7f6f4c06fc90 0x7f6f4c10a9f0 secure :-1 s=READY pgs=48 cs=0 l=1 rev1=1 rx=0x7f6f34000c00 tx=0x7f6f34006ee0).stop
2023-11-17T05:21:26.320 INFO:teuthology.orchestra.run.smithi040.stderr:/usr/bin/ceph:
2023-11-17T05:20:52.747+0000 7f6f50bd1700 1 -- 172.21.15.40:0/4203187453 shutdown_connections
2023-11-17T05:21:26.320 INFO:teuthology.orchestra.run.smithi040.stderr:/usr/bin/ceph:
2023-11-17T05:20:52.747+0000 7f6f50bd1700 1 --2- 172.21.15.40:0/4203187453 >> [v2:172.21.15.40:6800/929662169,v1:172.21.15.40:6801/929662169] conn(0x7f6f2c02fdb0 0x7f6f2c032270 unknown :-1 s=CLOSED pgs=14 cs=0 l=1 rev1=1 rx=0 tx=0).stop
2023-11-17T05:21:26.320 INFO:teuthology.orchestra.run.smithi040.stderr:/usr/bin/ceph:
2023-11-17T05:20:52.747+0000 7f6f50bd1700 1 --2- 172.21.15.40:0/4203187453 >> [v2:172.21.15.40:3300/0,v1:172.21.15.40:6789/0] conn(0x7f6f4c06fc90 0x7f6f4c10a9f0 unknown :-1 s=CLOSED pgs=48 cs=0 l=1 rev1=1 rx=0 tx=0).stop
2023-11-17T05:21:26.320 INFO:teuthology.orchestra.run.smithi040.stderr:/usr/bin/ceph:
2023-11-17T05:20:52.747+0000 7f6f50bd1700 1 -- 172.21.15.40:0/4203187453 >> 172.21.15.40:0/4203187453 conn(0x7f6f4c0f6280 msgr2=0x7f6f4c0f7e70 unknown :-1 s=STATE_NONE l=0).mark_down
2023-11-17T05:21:26.321 INFO:teuthology.orchestra.run.smithi040.stderr:/usr/bin/ceph:
2023-11-17T05:20:52.747+0000 7f6f50bd1700 1 -- 172.21.15.40:0/4203187453 shutdown_connections
2023-11-17T05:21:26.321 INFO:teuthology.orchestra.run.smithi040.stderr:/usr/bin/ceph:
2023-11-17T05:20:52.747+0000 7f6f50bd1700 1 -- 172.21.15.40:0/4203187453 wait complete.
2023-11-17T05:21:26.321 INFO:teuthology.orchestra.run.smithi040.stderr:Deploying prometheus service with default placement...
2023-11-17T05:21:26.321 INFO:teuthology.orchestra.run.smithi040.stderr:Running command: /bin/podman run --rm --ipc=host --no-hosts --net=host --entrypoint /usr/bin/ceph --init -e CONTAINER_IMAGE=docker.io/ceph/ceph:v16.2.4 -e NODE_NAME=smithi040 -e CEPH_USE_RANDOM_NONCE=1 -v /var/log/ceph/ed6470e2-8508-11ee-8dbe-212e2dc638e7:/var/log/ceph:z -v /tmp/ceph-tmpzx79_7_h:/etc/ceph/ceph.client.admin.keyring:z -v /tmp/ceph-tmpru9tjirw:/etc/ceph/ceph.conf:z docker.io/ceph/ceph:v16.2.4 orch apply prometheus
2023-11-17T05:21:26.321 INFO:teuthology.orchestra.run.smithi040.stderr:/usr/bin/ceph:
2023-11-17T05:20:53.608+0000 7f3ef3219700 1 Processor -- start
2023-11-17T05:21:26.321 INFO:teuthology.orchestra.run.smithi040.stderr:/usr/bin/ceph:
2023-11-17T05:20:53.609+0000 7f3ef3219700 1 -- start start
2023-11-17T05:21:26.321 INFO:teuthology.orchestra.run.smithi040.stderr:/usr/bin/ceph:
2023-11-17T05:20:53.609+0000 7f3ef3219700 1 --2- >> [v2:172.21.15.40:3300/0,v1:172.21.15.40:6789/0] conn(0x7f3eec06fbb0 0x7f3eec100ad0 unknown :-1 s=NONE pgs=0 cs=0 l=0 rev1=0 rx=0 tx=0).connect
2023-11-17T05:21:26.321 INFO:teuthology.orchestra.run.smithi040.stderr:/usr/bin/ceph:
2023-11-17T05:20:53.609+0000 7f3ef3219700 1 -- --> [v2:172.21.15.40:3300/0,v1:172.21.15.40:6789/0] -- mon_getmap magic: 0 v1 -- 0x7f3eec0fc4c0 con 0x7f3eec06fbb0
2023-11-17T05:21:26.321 INFO:teuthology.orchestra.run.smithi040.stderr:/usr/bin/ceph:
2023-11-17T05:20:53.609+0000 7f3ef2217700 1 --2- >> [v2:172.21.15.40:3300/0,v1:172.21.15.40:6789/0] conn(0x7f3eec06fbb0 0x7f3eec100ad0 unknown :-1 s=BANNER_CONNECTING pgs=0 cs=0 l=0 rev1=0 rx=0 tx=0)._handle_peer_banner_payload supported=1 required=0
2023-11-17T05:21:26.321 INFO:teuthology.orchestra.run.smithi040.stderr:/usr/bin/ceph:
2023-11-17T05:20:53.609+0000 7f3ef2217700 1 --2- >> [v2:172.21.15.40:3300/0,v1:172.21.15.40:6789/0] conn(0x7f3eec06fbb0 0x7f3eec100ad0 unknown :-1 s=HELLO_CONNECTING pgs=0 cs=0 l=0 rev1=1 rx=0 tx=0).handle_hello peer v2:172.21.15.40:3300/0 says I am v2:172.21.15.40:38464/0 (socket says 172.21.15.40:38464)
2023-11-17T05:21:26.321 INFO:teuthology.orchestra.run.smithi040.stderr:/usr/bin/ceph:
2023-11-17T05:20:53.609+0000 7f3ef2217700 1 -- 172.21.15.40:0/970453907 learned_addr learned my addr 172.21.15.40:0/970453907 (peer_addr_for_me v2:172.21.15.40:0/0)
2023-11-17T05:21:26.321 INFO:teuthology.orchestra.run.smithi040.stderr:/usr/bin/ceph:
2023-11-17T05:20:53.610+0000 7f3ef2217700 1 -- 172.21.15.40:0/970453907 --> [v2:172.21.15.40:3300/0,v1:172.21.15.40:6789/0] -- mon_subscribe({config=0+,monmap=0+}) v3 -- 0x7f3eec100fc0 con 0x7f3eec06fbb0
2023-11-17T05:21:26.321 INFO:teuthology.orchestra.run.smithi040.stderr:/usr/bin/ceph:
2023-11-17T05:20:53.610+0000 7f3ef2217700 1 --2- 172.21.15.40:0/970453907 >> [v2:172.21.15.40:3300/0,v1:172.21.15.40:6789/0] conn(0x7f3eec06fbb0 0x7f3eec100ad0 secure :-1 s=READY pgs=51 cs=0 l=1 rev1=1 rx=0x7f3ee800b5f0 tx=0x7f3ee8006ee0).ready entity=mon.0 client_cookie=5c949c174ed68adb server_cookie=0 in_seq=0 out_seq=0
2023-11-17T05:21:26.321 INFO:teuthology.orchestra.run.smithi040.stderr:/usr/bin/ceph:
2023-11-17T05:20:53.610+0000 7f3ef1215700 1 -- 172.21.15.40:0/970453907 <== mon.0 v2:172.21.15.40:3300/0 1 ==== mon_map magic: 0 v1 ==== 229+0+0 (secure 0 0 0) 0x7f3ee800d600 con 0x7f3eec06fbb0
2023-11-17T05:21:26.322 INFO:teuthology.orchestra.run.smithi040.stderr:/usr/bin/ceph:
2023-11-17T05:20:53.610+0000 7f3ef1215700 1 -- 172.21.15.40:0/970453907 <== mon.0 v2:172.21.15.40:3300/0 2 ==== config(25 keys) v1 ==== 1010+0+0 (secure 0 0 0) 0x7f3ee800dbd0 con 0x7f3eec06fbb0
2023-11-17T05:21:26.322 INFO:teuthology.orchestra.run.smithi040.stderr:/usr/bin/ceph:
2023-11-17T05:20:53.610+0000 7f3ef1215700 1 -- 172.21.15.40:0/970453907 <== mon.0 v2:172.21.15.40:3300/0 3 ==== mon_map magic: 0 v1 ==== 229+0+0 (secure 0 0 0) 0x7f3ee8011c00 con 0x7f3eec06fbb0
2023-11-17T05:21:26.322 INFO:teuthology.orchestra.run.smithi040.stderr:/usr/bin/ceph:
2023-11-17T05:20:53.611+0000 7f3ef3219700 1 -- 172.21.15.40:0/970453907 >> [v2:172.21.15.40:3300/0,v1:172.21.15.40:6789/0] conn(0x7f3eec06fbb0 msgr2=0x7f3eec100ad0 secure :-1 s=STATE_CONNECTION_ESTABLISHED l=1).mark_down
2023-11-17T05:21:26.322 INFO:teuthology.orchestra.run.smithi040.stderr:/usr/bin/ceph:
2023-11-17T05:20:53.611+0000 7f3ef3219700 1 --2- 172.21.15.40:0/970453907 >> [v2:172.21.15.40:3300/0,v1:172.21.15.40:6789/0] conn(0x7f3eec06fbb0 0x7f3eec100ad0 secure :-1 s=READY pgs=51 cs=0 l=1 rev1=1 rx=0x7f3ee800b5f0 tx=0x7f3ee8006ee0).stop
2023-11-17T05:21:26.322 INFO:teuthology.orchestra.run.smithi040.stderr:/usr/bin/ceph:
2023-11-17T05:20:53.611+0000 7f3ef3219700 1 -- 172.21.15.40:0/970453907 shutdown_connections
2023-11-17T05:21:26.322 INFO:teuthology.orchestra.run.smithi040.stderr:/usr/bin/ceph:
2023-11-17T05:20:53.611+0000 7f3ef3219700 1 --2- 172.21.15.40:0/970453907 >> [v2:172.21.15.40:3300/0,v1:172.21.15.40:6789/0] conn(0x7f3eec06fbb0 0x7f3eec100ad0 unknown :-1 s=CLOSED pgs=51 cs=0 l=1 rev1=1 rx=0 tx=0).stop
2023-11-17T05:21:26.322 INFO:teuthology.orchestra.run.smithi040.stderr:/usr/bin/ceph:
2023-11-17T05:20:53.611+0000 7f3ef3219700 1 -- 172.21.15.40:0/970453907 >> 172.21.15.40:0/970453907 conn(0x7f3eec0f6130 msgr2=0x7f3eec0f8550 unknown :-1 s=STATE_NONE l=0).mark_down
2023-11-17T05:21:26.322 INFO:teuthology.orchestra.run.smithi040.stderr:/usr/bin/ceph:
2023-11-17T05:20:53.611+0000 7f3ef3219700 1 -- 172.21.15.40:0/970453907 shutdown_connections
2023-11-17T05:21:26.322 INFO:teuthology.orchestra.run.smithi040.stderr:/usr/bin/ceph:
2023-11-17T05:20:53.611+0000 7f3ef3219700 1 -- 172.21.15.40:0/970453907 wait complete.
2023-11-17T05:21:26.322 INFO:teuthology.orchestra.run.smithi040.stderr:/usr/bin/ceph:
2023-11-17T05:20:53.612+0000 7f3ef3219700 1 Processor -- start
2023-11-17T05:21:26.322 INFO:teuthology.orchestra.run.smithi040.stderr:/usr/bin/ceph:
2023-11-17T05:20:53.612+0000 7f3ef3219700 1 -- start start
2023-11-17T05:21:26.322 INFO:teuthology.orchestra.run.smithi040.stderr:/usr/bin/ceph:
2023-11-17T05:20:53.612+0000 7f3ef3219700 1 --2- >> [v2:172.21.15.40:3300/0,v1:172.21.15.40:6789/0] conn(0x7f3eec06fbb0 0x7f3eec10c9d0 unknown :-1 s=NONE pgs=0 cs=0 l=1 rev1=0 rx=0 tx=0).connect
2023-11-17T05:21:26.322 INFO:teuthology.orchestra.run.smithi040.stderr:/usr/bin/ceph:
2023-11-17T05:20:53.612+0000 7f3ef3219700 1 -- --> [v2:172.21.15.40:3300/0,v1:172.21.15.40:6789/0] -- mon_getmap magic: 0 v1 -- 0x7f3eec10cec0 con 0x7f3eec06fbb0
2023-11-17T05:21:26.323 INFO:teuthology.orchestra.run.smithi040.stderr:/usr/bin/ceph:
2023-11-17T05:20:53.612+0000 7f3ef2217700 1 --2- >> [v2:172.21.15.40:3300/0,v1:172.21.15.40:6789/0] conn(0x7f3eec06fbb0 0x7f3eec10c9d0 unknown :-1 s=BANNER_CONNECTING pgs=0 cs=0 l=1 rev1=0 rx=0 tx=0)._handle_peer_banner_payload supported=1 required=0
2023-11-17T05:21:26.323 INFO:teuthology.orchestra.run.smithi040.stderr:/usr/bin/ceph:
2023-11-17T05:20:53.612+0000 7f3ef2217700 1 --2- >> [v2:172.21.15.40:3300/0,v1:172.21.15.40:6789/0] conn(0x7f3eec06fbb0 0x7f3eec10c9d0 unknown :-1 s=HELLO_CONNECTING pgs=0 cs=0 l=1 rev1=1 rx=0 tx=0).handle_hello peer v2:172.21.15.40:3300/0 says I am v2:172.21.15.40:38466/0 (socket says 172.21.15.40:38466)
2023-11-17T05:21:26.323 INFO:teuthology.orchestra.run.smithi040.stderr:/usr/bin/ceph:
2023-11-17T05:20:53.612+0000 7f3ef2217700 1 -- 172.21.15.40:0/3456363916 learned_addr learned my addr 172.21.15.40:0/3456363916 (peer_addr_for_me v2:172.21.15.40:0/0)
2023-11-17T05:21:26.323 INFO:teuthology.orchestra.run.smithi040.stderr:/usr/bin/ceph:
2023-11-17T05:20:53.613+0000 7f3ef2217700 1 -- 172.21.15.40:0/3456363916 --> [v2:172.21.15.40:3300/0,v1:172.21.15.40:6789/0] -- mon_subscribe({config=0+,monmap=0+}) v3 -- 0x7f3ee800b200 con 0x7f3eec06fbb0
2023-11-17T05:21:26.323 INFO:teuthology.orchestra.run.smithi040.stderr:/usr/bin/ceph:
2023-11-17T05:20:53.613+0000 7f3ef2217700 1 --2- 172.21.15.40:0/3456363916 >> [v2:172.21.15.40:3300/0,v1:172.21.15.40:6789/0] conn(0x7f3eec06fbb0 0x7f3eec10c9d0 secure :-1 s=READY pgs=52 cs=0 l=1 rev1=1 rx=0x7f3ee800e040 tx=0x7f3ee8006ee0).ready entity=mon.0 client_cookie=0 server_cookie=0 in_seq=0 out_seq=0
2023-11-17T05:21:26.323 INFO:teuthology.orchestra.run.smithi040.stderr:/usr/bin/ceph:
