2023-11-17T05:21:25.889 INFO:teuthology.orchestra.run.smithi040.stderr:/usr/bin/ceph: "fsid": "ed6470e2-8508-11ee-8dbe-212e2dc638e7",
2023-11-17T05:21:25.889 INFO:teuthology.orchestra.run.smithi040.stderr:/usr/bin/ceph: "health": {
2023-11-17T05:21:25.889 INFO:teuthology.orchestra.run.smithi040.stderr:/usr/bin/ceph: "status": "HEALTH_OK",
2023-11-17T05:21:25.889 INFO:teuthology.orchestra.run.smithi040.stderr:/usr/bin/ceph: "checks": {},
2023-11-17T05:21:25.890 INFO:teuthology.orchestra.run.smithi040.stderr:/usr/bin/ceph: "mutes": []
2023-11-17T05:21:25.894 INFO:teuthology.orchestra.run.smithi040.stderr:/usr/bin/ceph: },
2023-11-17T05:21:25.895 INFO:teuthology.orchestra.run.smithi040.stderr:/usr/bin/ceph: "election_epoch": 5,
2023-11-17T05:21:25.895 INFO:teuthology.orchestra.run.smithi040.stderr:/usr/bin/ceph: "quorum": [
2023-11-17T05:21:25.895 INFO:teuthology.orchestra.run.smithi040.stderr:/usr/bin/ceph: 0
2023-11-17T05:21:25.895 INFO:teuthology.orchestra.run.smithi040.stderr:/usr/bin/ceph: ],
2023-11-17T05:21:25.895 INFO:teuthology.orchestra.run.smithi040.stderr:/usr/bin/ceph: "quorum_names": [
2023-11-17T05:21:25.895 INFO:teuthology.orchestra.run.smithi040.stderr:/usr/bin/ceph: "smithi040"
2023-11-17T05:21:25.895 INFO:teuthology.orchestra.run.smithi040.stderr:/usr/bin/ceph: ],
2023-11-17T05:21:25.895 INFO:teuthology.orchestra.run.smithi040.stderr:/usr/bin/ceph: "quorum_age": 10,
2023-11-17T05:21:25.895 INFO:teuthology.orchestra.run.smithi040.stderr:/usr/bin/ceph: "monmap": {
2023-11-17T05:21:25.895 INFO:teuthology.orchestra.run.smithi040.stderr:/usr/bin/ceph: "epoch": 1,
2023-11-17T05:21:25.895 INFO:teuthology.orchestra.run.smithi040.stderr:/usr/bin/ceph: "min_mon_release_name": "pacific",
2023-11-17T05:21:25.895 INFO:teuthology.orchestra.run.smithi040.stderr:/usr/bin/ceph: "num_mons": 1
2023-11-17T05:21:25.895 INFO:teuthology.orchestra.run.smithi040.stderr:/usr/bin/ceph: },
2023-11-17T05:21:25.895 INFO:teuthology.orchestra.run.smithi040.stderr:/usr/bin/ceph: "osdmap": {
2023-11-17T05:21:25.896 INFO:teuthology.orchestra.run.smithi040.stderr:/usr/bin/ceph: "epoch": 1,
2023-11-17T05:21:25.896 INFO:teuthology.orchestra.run.smithi040.stderr:/usr/bin/ceph: "num_osds": 0,
2023-11-17T05:21:25.896 INFO:teuthology.orchestra.run.smithi040.stderr:/usr/bin/ceph: "num_up_osds": 0,
2023-11-17T05:21:25.896 INFO:teuthology.orchestra.run.smithi040.stderr:/usr/bin/ceph: "osd_up_since": 0,
2023-11-17T05:21:25.896 INFO:teuthology.orchestra.run.smithi040.stderr:/usr/bin/ceph: "num_in_osds": 0,
2023-11-17T05:21:25.896 INFO:teuthology.orchestra.run.smithi040.stderr:/usr/bin/ceph: "osd_in_since": 0,
2023-11-17T05:21:25.896 INFO:teuthology.orchestra.run.smithi040.stderr:/usr/bin/ceph: "num_remapped_pgs": 0
2023-11-17T05:21:25.896 INFO:teuthology.orchestra.run.smithi040.stderr:/usr/bin/ceph: },
2023-11-17T05:21:25.896 INFO:teuthology.orchestra.run.smithi040.stderr:/usr/bin/ceph: "pgmap": {
2023-11-17T05:21:25.896 INFO:teuthology.orchestra.run.smithi040.stderr:/usr/bin/ceph: "pgs_by_state": [],
2023-11-17T05:21:25.896 INFO:teuthology.orchestra.run.smithi040.stderr:/usr/bin/ceph: "num_pgs": 0,
2023-11-17T05:21:25.896 INFO:teuthology.orchestra.run.smithi040.stderr:/usr/bin/ceph: "num_pools": 0,
2023-11-17T05:21:25.896 INFO:teuthology.orchestra.run.smithi040.stderr:/usr/bin/ceph: "num_objects": 0,
2023-11-17T05:21:25.896 INFO:teuthology.orchestra.run.smithi040.stderr:/usr/bin/ceph: "data_bytes": 0,
2023-11-17T05:21:25.897 INFO:teuthology.orchestra.run.smithi040.stderr:/usr/bin/ceph: "bytes_used": 0,
2023-11-17T05:21:25.897 INFO:teuthology.orchestra.run.smithi040.stderr:/usr/bin/ceph: "bytes_avail": 0,
2023-11-17T05:21:25.897 INFO:teuthology.orchestra.run.smithi040.stderr:/usr/bin/ceph: "bytes_total": 0
2023-11-17T05:21:25.897 INFO:teuthology.orchestra.run.smithi040.stderr:/usr/bin/ceph: },
2023-11-17T05:21:25.897 INFO:teuthology.orchestra.run.smithi040.stderr:/usr/bin/ceph: "fsmap": {
2023-11-17T05:21:25.897 INFO:teuthology.orchestra.run.smithi040.stderr:/usr/bin/ceph: "epoch": 1,
2023-11-17T05:21:25.897 INFO:teuthology.orchestra.run.smithi040.stderr:/usr/bin/ceph: "by_rank": [],
2023-11-17T05:21:25.897 INFO:teuthology.orchestra.run.smithi040.stderr:/usr/bin/ceph: "up:standby": 0
2023-11-17T05:21:25.897 INFO:teuthology.orchestra.run.smithi040.stderr:/usr/bin/ceph: },
2023-11-17T05:21:25.897 INFO:teuthology.orchestra.run.smithi040.stderr:/usr/bin/ceph: "mgrmap": {
2023-11-17T05:21:25.897 INFO:teuthology.orchestra.run.smithi040.stderr:/usr/bin/ceph: "available": true,
2023-11-17T05:21:25.897 INFO:teuthology.orchestra.run.smithi040.stderr:/usr/bin/ceph: "num_standbys": 0,
2023-11-17T05:21:25.897 INFO:teuthology.orchestra.run.smithi040.stderr:/usr/bin/ceph: "modules": [
2023-11-17T05:21:25.898 INFO:teuthology.orchestra.run.smithi040.stderr:/usr/bin/ceph: "iostat",
2023-11-17T05:21:25.898 INFO:teuthology.orchestra.run.smithi040.stderr:/usr/bin/ceph: "restful"
2023-11-17T05:21:25.898 INFO:teuthology.orchestra.run.smithi040.stderr:/usr/bin/ceph: ],
2023-11-17T05:21:25.965 INFO:teuthology.orchestra.run.smithi040.stderr:/usr/bin/ceph: "services": {}
2023-11-17T05:21:25.965 INFO:teuthology.orchestra.run.smithi040.stderr:/usr/bin/ceph: },
2023-11-17T05:21:25.965 INFO:teuthology.orchestra.run.smithi040.stderr:/usr/bin/ceph: "servicemap": {
2023-11-17T05:21:25.965 INFO:teuthology.orchestra.run.smithi040.stderr:/usr/bin/ceph: "epoch": 1,
2023-11-17T05:21:25.965 INFO:teuthology.orchestra.run.smithi040.stderr:/usr/bin/ceph: "modified": "2023-11-17T05:20:15.855428+0000",
2023-11-17T05:21:25.965 INFO:teuthology.orchestra.run.smithi040.stderr:/usr/bin/ceph: "services": {}
2023-11-17T05:21:25.965 INFO:teuthology.orchestra.run.smithi040.stderr:/usr/bin/ceph: },
2023-11-17T05:21:25.965 INFO:teuthology.orchestra.run.smithi040.stderr:/usr/bin/ceph: "progress_events": {}
2023-11-17T05:21:25.965 INFO:teuthology.orchestra.run.smithi040.stderr:/usr/bin/ceph: }
2023-11-17T05:21:25.965 INFO:teuthology.orchestra.run.smithi040.stderr:/usr/bin/ceph:
2023-11-17T05:20:30.318+0000 7ff90ee23700 1 -- 172.21.15.40:0/1036162412 >> [v2:172.21.15.40:6800/74978488,v1:172.21.15.40:6801/74978488] conn(0x7ff8f002fd50 msgr2=0x7ff8f0032210 secure :-1 s=STATE_CONNECTION_ESTABLISHED l=1).mark_down
2023-11-17T05:21:25.965 INFO:teuthology.orchestra.run.smithi040.stderr:/usr/bin/ceph:
2023-11-17T05:20:30.318+0000 7ff90ee23700 1 --2- 172.21.15.40:0/1036162412 >> [v2:172.21.15.40:6800/74978488,v1:172.21.15.40:6801/74978488] conn(0x7ff8f002fd50 0x7ff8f0032210 secure :-1 s=READY pgs=5 cs=0 l=1 rev1=1 rx=0x7ff8f80096a0 tx=0x7ff8f8006b40).stop
2023-11-17T05:21:25.965 INFO:teuthology.orchestra.run.smithi040.stderr:/usr/bin/ceph:
2023-11-17T05:20:30.318+0000 7ff90ee23700 1 -- 172.21.15.40:0/1036162412 >> [v2:172.21.15.40:3300/0,v1:172.21.15.40:6789/0] conn(0x7ff90806fc30 msgr2=0x7ff90810a7e0 secure :-1 s=STATE_CONNECTION_ESTABLISHED l=1).mark_down
2023-11-17T05:21:25.966 INFO:teuthology.orchestra.run.smithi040.stderr:/usr/bin/ceph:
2023-11-17T05:20:30.318+0000 7ff90ee23700 1 --2- 172.21.15.40:0/1036162412 >> [v2:172.21.15.40:3300/0,v1:172.21.15.40:6789/0] conn(0x7ff90806fc30 0x7ff90810a7e0 secure :-1 s=READY pgs=17 cs=0 l=1 rev1=1 rx=0x7ff90400e040 tx=0x7ff904006ee0).stop
2023-11-17T05:21:25.966 INFO:teuthology.orchestra.run.smithi040.stderr:/usr/bin/ceph:
2023-11-17T05:20:30.318+0000 7ff90ee23700 1 -- 172.21.15.40:0/1036162412 shutdown_connections
2023-11-17T05:21:25.966 INFO:teuthology.orchestra.run.smithi040.stderr:/usr/bin/ceph:
2023-11-17T05:20:30.318+0000 7ff90ee23700 1 --2- 172.21.15.40:0/1036162412 >> [v2:172.21.15.40:6800/74978488,v1:172.21.15.40:6801/74978488] conn(0x7ff8f002fd50 0x7ff8f0032210 unknown :-1 s=CLOSED pgs=5 cs=0 l=1 rev1=1 rx=0 tx=0).stop
2023-11-17T05:21:25.966 INFO:teuthology.orchestra.run.smithi040.stderr:/usr/bin/ceph:
2023-11-17T05:20:30.318+0000 7ff90ee23700 1 --2- 172.21.15.40:0/1036162412 >> [v2:172.21.15.40:3300/0,v1:172.21.15.40:6789/0] conn(0x7ff90806fc30 0x7ff90810a7e0 unknown :-1 s=CLOSED pgs=17 cs=0 l=1 rev1=1 rx=0 tx=0).stop
2023-11-17T05:21:25.967 INFO:teuthology.orchestra.run.smithi040.stderr:/usr/bin/ceph:
2023-11-17T05:20:30.318+0000 7ff90ee23700 1 -- 172.21.15.40:0/1036162412 >> 172.21.15.40:0/1036162412 conn(0x7ff9080f6130 msgr2=0x7ff9080f7c60 unknown :-1 s=STATE_NONE l=0).mark_down
2023-11-17T05:21:26.153 INFO:teuthology.orchestra.run.smithi040.stderr:/usr/bin/ceph:
2023-11-17T05:20:30.319+0000 7ff90ee23700 1 -- 172.21.15.40:0/1036162412 shutdown_connections
2023-11-17T05:21:26.153 INFO:teuthology.orchestra.run.smithi040.stderr:/usr/bin/ceph:
2023-11-17T05:20:30.319+0000 7ff90ee23700 1 -- 172.21.15.40:0/1036162412 wait complete.
2023-11-17T05:21:26.153 INFO:journalctl@ceph.mon.smithi040.smithi040.stdout:Nov 17 05:20:30 smithi040 ceph-ed6470e2-8508-11ee-8dbe-212e2dc638e7-mon.smithi040[111758]: audit
2023-11-17T05:20:30.317069+0000 mon.smithi040 (mon.0) 25 : audit [DBG] from='client.? 172.21.15.40:0/1036162412' entity='client.admin' cmd=[{"prefix": "status", "format": "json-pretty"}]: dispatch
2023-11-17T05:21:26.166 INFO:teuthology.orchestra.run.smithi040.stderr:mgr is available
2023-11-17T05:21:26.168 INFO:teuthology.orchestra.run.smithi040.stderr:Enabling cephadm module...
2023-11-17T05:21:26.168 INFO:teuthology.orchestra.run.smithi040.stderr:Running command: /bin/podman run --rm --ipc=host --no-hosts --net=host --entrypoint /usr/bin/ceph --init -e CONTAINER_IMAGE=docker.io/ceph/ceph:v16.2.4 -e NODE_NAME=smithi040 -e CEPH_USE_RANDOM_NONCE=1 -v /var/log/ceph/ed6470e2-8508-11ee-8dbe-212e2dc638e7:/var/log/ceph:z -v /tmp/ceph-tmpzx79_7_h:/etc/ceph/ceph.client.admin.keyring:z -v /tmp/ceph-tmpru9tjirw:/etc/ceph/ceph.conf:z docker.io/ceph/ceph:v16.2.4 mgr module enable cephadm
2023-11-17T05:21:26.168 INFO:teuthology.orchestra.run.smithi040.stderr:/usr/bin/ceph:
2023-11-17T05:20:31.187+0000 7fd2a0ca8700 1 Processor -- start
2023-11-17T05:21:26.168 INFO:teuthology.orchestra.run.smithi040.stderr:/usr/bin/ceph:
2023-11-17T05:20:31.187+0000 7fd2a0ca8700 1 -- start start
2023-11-17T05:21:26.168 INFO:teuthology.orchestra.run.smithi040.stderr:/usr/bin/ceph:
2023-11-17T05:20:31.187+0000 7fd2a0ca8700 1 --2- >> [v2:172.21.15.40:3300/0,v1:172.21.15.40:6789/0] conn(0x7fd29c0f9f60 0x7fd29c0fa380 unknown :-1 s=NONE pgs=0 cs=0 l=0 rev1=0 rx=0 tx=0).connect
2023-11-17T05:21:26.168 INFO:teuthology.orchestra.run.smithi040.stderr:/usr/bin/ceph:
2023-11-17T05:20:31.187+0000 7fd2a0ca8700 1 -- --> [v2:172.21.15.40:3300/0,v1:172.21.15.40:6789/0] -- mon_getmap magic: 0 v1 -- 0x7fd29c0fa900 con 0x7fd29c0f9f60
2023-11-17T05:21:26.168 INFO:teuthology.orchestra.run.smithi040.stderr:/usr/bin/ceph:
2023-11-17T05:20:31.187+0000 7fd29a59c700 1 --2- >> [v2:172.21.15.40:3300/0,v1:172.21.15.40:6789/0] conn(0x7fd29c0f9f60 0x7fd29c0fa380 unknown :-1 s=BANNER_CONNECTING pgs=0 cs=0 l=0 rev1=0 rx=0 tx=0)._handle_peer_banner_payload supported=1 required=0
2023-11-17T05:21:26.169 INFO:teuthology.orchestra.run.smithi040.stderr:/usr/bin/ceph:
2023-11-17T05:20:31.187+0000 7fd29a59c700 1 --2- >> [v2:172.21.15.40:3300/0,v1:172.21.15.40:6789/0] conn(0x7fd29c0f9f60 0x7fd29c0fa380 unknown :-1 s=HELLO_CONNECTING pgs=0 cs=0 l=0 rev1=1 rx=0 tx=0).handle_hello peer v2:172.21.15.40:3300/0 says I am v2:172.21.15.40:54350/0 (socket says 172.21.15.40:54350)
2023-11-17T05:21:26.169 INFO:teuthology.orchestra.run.smithi040.stderr:/usr/bin/ceph:
2023-11-17T05:20:31.187+0000 7fd29a59c700 1 -- 172.21.15.40:0/1546472284 learned_addr learned my addr 172.21.15.40:0/1546472284 (peer_addr_for_me v2:172.21.15.40:0/0)
2023-11-17T05:21:26.169 INFO:teuthology.orchestra.run.smithi040.stderr:/usr/bin/ceph:
2023-11-17T05:20:31.188+0000 7fd29a59c700 1 -- 172.21.15.40:0/1546472284 --> [v2:172.21.15.40:3300/0,v1:172.21.15.40:6789/0] -- mon_subscribe({config=0+,monmap=0+}) v3 -- 0x7fd29c0faa40 con 0x7fd29c0f9f60
2023-11-17T05:21:26.169 INFO:teuthology.orchestra.run.smithi040.stderr:/usr/bin/ceph:
2023-11-17T05:20:31.188+0000 7fd29a59c700 1 --2- 172.21.15.40:0/1546472284 >> [v2:172.21.15.40:3300/0,v1:172.21.15.40:6789/0] conn(0x7fd29c0f9f60 0x7fd29c0fa380 secure :-1 s=READY pgs=18 cs=0 l=1 rev1=1 rx=0x7fd28c00b5f0 tx=0x7fd28c006ee0).ready entity=mon.0 client_cookie=5df3210a12315381 server_cookie=0 in_seq=0 out_seq=0
2023-11-17T05:21:26.169 INFO:teuthology.orchestra.run.smithi040.stderr:/usr/bin/ceph:
2023-11-17T05:20:31.188+0000 7fd29959a700 1 -- 172.21.15.40:0/1546472284 <== mon.0 v2:172.21.15.40:3300/0 1 ==== mon_map magic: 0 v1 ==== 229+0+0 (secure 0 0 0) 0x7fd28c00d600 con 0x7fd29c0f9f60
2023-11-17T05:21:26.169 INFO:teuthology.orchestra.run.smithi040.stderr:/usr/bin/ceph:
2023-11-17T05:20:31.188+0000 7fd29959a700 1 -- 172.21.15.40:0/1546472284 <== mon.0 v2:172.21.15.40:3300/0 2 ==== config(25 keys) v1 ==== 1010+0+0 (secure 0 0 0) 0x7fd28c00dbd0 con 0x7fd29c0f9f60
2023-11-17T05:21:26.169 INFO:teuthology.orchestra.run.smithi040.stderr:/usr/bin/ceph:
2023-11-17T05:20:31.188+0000 7fd29959a700 1 -- 172.21.15.40:0/1546472284 <== mon.0 v2:172.21.15.40:3300/0 3 ==== mon_map magic: 0 v1 ==== 229+0+0 (secure 0 0 0) 0x7fd28c011c00 con 0x7fd29c0f9f60
2023-11-17T05:21:26.169 INFO:teuthology.orchestra.run.smithi040.stderr:/usr/bin/ceph:
2023-11-17T05:20:31.188+0000 7fd2a0ca8700 1 -- 172.21.15.40:0/1546472284 >> [v2:172.21.15.40:3300/0,v1:172.21.15.40:6789/0] conn(0x7fd29c0f9f60 msgr2=0x7fd29c0fa380 secure :-1 s=STATE_CONNECTION_ESTABLISHED l=1).mark_down
2023-11-17T05:21:26.169 INFO:teuthology.orchestra.run.smithi040.stderr:/usr/bin/ceph:
2023-11-17T05:20:31.188+0000 7fd2a0ca8700 1 --2- 172.21.15.40:0/1546472284 >> [v2:172.21.15.40:3300/0,v1:172.21.15.40:6789/0] conn(0x7fd29c0f9f60 0x7fd29c0fa380 secure :-1 s=READY pgs=18 cs=0 l=1 rev1=1 rx=0x7fd28c00b5f0 tx=0x7fd28c006ee0).stop
2023-11-17T05:21:26.169 INFO:teuthology.orchestra.run.smithi040.stderr:/usr/bin/ceph:
2023-11-17T05:20:31.189+0000 7fd2a0ca8700 1 -- 172.21.15.40:0/1546472284 shutdown_connections
2023-11-17T05:21:26.169 INFO:teuthology.orchestra.run.smithi040.stderr:/usr/bin/ceph:
2023-11-17T05:20:31.189+0000 7fd2a0ca8700 1 --2- 172.21.15.40:0/1546472284 >> [v2:172.21.15.40:3300/0,v1:172.21.15.40:6789/0] conn(0x7fd29c0f9f60 0x7fd29c0fa380 unknown :-1 s=CLOSED pgs=18 cs=0 l=1 rev1=1 rx=0 tx=0).stop
2023-11-17T05:21:26.170 INFO:teuthology.orchestra.run.smithi040.stderr:/usr/bin/ceph:
2023-11-17T05:20:31.189+0000 7fd2a0ca8700 1 -- 172.21.15.40:0/1546472284 >> 172.21.15.40:0/1546472284 conn(0x7fd29c0f59e0 msgr2=0x7fd29c0f7e00 unknown :-1 s=STATE_NONE l=0).mark_down
2023-11-17T05:21:26.170 INFO:teuthology.orchestra.run.smithi040.stderr:/usr/bin/ceph:
2023-11-17T05:20:31.189+0000 7fd2a0ca8700 1 -- 172.21.15.40:0/1546472284 shutdown_connections
2023-11-17T05:21:26.170 INFO:teuthology.orchestra.run.smithi040.stderr:/usr/bin/ceph:
2023-11-17T05:20:31.189+0000 7fd2a0ca8700 1 -- 172.21.15.40:0/1546472284 wait complete.
2023-11-17T05:21:26.170 INFO:teuthology.orchestra.run.smithi040.stderr:/usr/bin/ceph:
2023-11-17T05:20:31.189+0000 7fd2a0ca8700 1 Processor -- start
2023-11-17T05:21:26.178 INFO:teuthology.orchestra.run.smithi040.stderr:/usr/bin/ceph:
2023-11-17T05:20:31.189+0000 7fd2a0ca8700 1 -- start start
2023-11-17T05:21:26.181 INFO:teuthology.orchestra.run.smithi040.stderr:/usr/bin/ceph:
2023-11-17T05:20:31.189+0000 7fd2a0ca8700 1 --2- >> [v2:172.21.15.40:3300/0,v1:172.21.15.40:6789/0] conn(0x7fd29c0f9f60 0x7fd29c10cbd0 unknown :-1 s=NONE pgs=0 cs=0 l=1 rev1=0 rx=0 tx=0).connect
2023-11-17T05:21:26.181 INFO:teuthology.orchestra.run.smithi040.stderr:/usr/bin/ceph:
2023-11-17T05:20:31.190+0000 7fd2a0ca8700 1 -- --> [v2:172.21.15.40:3300/0,v1:172.21.15.40:6789/0] -- mon_getmap magic: 0 v1 -- 0x7fd29c10d0c0 con 0x7fd29c0f9f60
2023-11-17T05:21:26.181 INFO:teuthology.orchestra.run.smithi040.stderr:/usr/bin/ceph:
2023-11-17T05:20:31.190+0000 7fd29a59c700 1 --2- >> [v2:172.21.15.40:3300/0,v1:172.21.15.40:6789/0] conn(0x7fd29c0f9f60 0x7fd29c10cbd0 unknown :-1 s=BANNER_CONNECTING pgs=0 cs=0 l=1 rev1=0 rx=0 tx=0)._handle_peer_banner_payload supported=1 required=0
2023-11-17T05:21:26.181 INFO:teuthology.orchestra.run.smithi040.stderr:/usr/bin/ceph:
2023-11-17T05:20:31.190+0000 7fd29a59c700 1 --2- >> [v2:172.21.15.40:3300/0,v1:172.21.15.40:6789/0] conn(0x7fd29c0f9f60 0x7fd29c10cbd0 unknown :-1 s=HELLO_CONNECTING pgs=0 cs=0 l=1 rev1=1 rx=0 tx=0).handle_hello peer v2:172.21.15.40:3300/0 says I am v2:172.21.15.40:54364/0 (socket says 172.21.15.40:54364)
2023-11-17T05:21:26.181 INFO:teuthology.orchestra.run.smithi040.stderr:/usr/bin/ceph:
2023-11-17T05:20:31.190+0000 7fd29a59c700 1 -- 172.21.15.40:0/1801812697 learned_addr learned my addr 172.21.15.40:0/1801812697 (peer_addr_for_me v2:172.21.15.40:0/0)
2023-11-17T05:21:26.181 INFO:teuthology.orchestra.run.smithi040.stderr:/usr/bin/ceph:
2023-11-17T05:20:31.190+0000 7fd29a59c700 1 -- 172.21.15.40:0/1801812697 --> [v2:172.21.15.40:3300/0,v1:172.21.15.40:6789/0] -- mon_subscribe({config=0+,monmap=0+}) v3 -- 0x7fd28c00b200 con 0x7fd29c0f9f60
2023-11-17T05:21:26.181 INFO:teuthology.orchestra.run.smithi040.stderr:/usr/bin/ceph:
2023-11-17T05:20:31.190+0000 7fd29a59c700 1 --2- 172.21.15.40:0/1801812697 >> [v2:172.21.15.40:3300/0,v1:172.21.15.40:6789/0] conn(0x7fd29c0f9f60 0x7fd29c10cbd0 secure :-1 s=READY pgs=19 cs=0 l=1 rev1=1 rx=0x7fd28c00e040 tx=0x7fd28c006ee0).ready entity=mon.0 client_cookie=0 server_cookie=0 in_seq=0 out_seq=0
2023-11-17T05:21:26.181 INFO:teuthology.orchestra.run.smithi040.stderr:/usr/bin/ceph:
2023-11-17T05:20:31.190+0000 7fd292ffd700 1 -- 172.21.15.40:0/1801812697 <== mon.0 v2:172.21.15.40:3300/0 1 ==== mon_map magic: 0 v1 ==== 229+0+0 (secure 0 0 0) 0x7fd28c01b410 con 0x7fd29c0f9f60
2023-11-17T05:21:26.181 INFO:teuthology.orchestra.run.smithi040.stderr:/usr/bin/ceph:
2023-11-17T05:20:31.190+0000 7fd292ffd700 1 -- 172.21.15.40:0/1801812697 <== mon.0 v2:172.21.15.40:3300/0 2 ==== config(25 keys) v1 ==== 1010+0+0 (secure 0 0 0) 0x7fd28c01b9e0 con 0x7fd29c0f9f60
2023-11-17T05:21:26.181 INFO:teuthology.orchestra.run.smithi040.stderr:/usr/bin/ceph:
2023-11-17T05:20:31.190+0000 7fd292ffd700 1 -- 172.21.15.40:0/1801812697 <== mon.0 v2:172.21.15.40:3300/0 3 ==== mon_map magic: 0 v1 ==== 229+0+0 (secure 0 0 0) 0x7fd28c01a770 con 0x7fd29c0f9f60
2023-11-17T05:21:26.181 INFO:teuthology.orchestra.run.smithi040.stderr:/usr/bin/ceph:
2023-11-17T05:20:31.190+0000 7fd2a0ca8700 1 -- 172.21.15.40:0/1801812697 --> [v2:172.21.15.40:3300/0,v1:172.21.15.40:6789/0] -- mon_subscribe({mgrmap=0+}) v3 -- 0x7fd29c10d2c0 con 0x7fd29c0f9f60
2023-11-17T05:21:26.182 INFO:teuthology.orchestra.run.smithi040.stderr:/usr/bin/ceph:
2023-11-17T05:20:31.190+0000 7fd2a0ca8700 1 -- 172.21.15.40:0/1801812697 --> [v2:172.21.15.40:3300/0,v1:172.21.15.40:6789/0] -- mon_subscribe({osdmap=0}) v3 -- 0x7fd29c10d6d0 con 0x7fd29c0f9f60
2023-11-17T05:21:26.182 INFO:teuthology.orchestra.run.smithi040.stderr:/usr/bin/ceph:
2023-11-17T05:20:31.191+0000 7fd292ffd700 1 -- 172.21.15.40:0/1801812697 <== mon.0 v2:172.21.15.40:3300/0 4 ==== mgrmap(e 4) v1 ==== 36109+0+0 (secure 0 0 0) 0x7fd28c00f070 con 0x7fd29c0f9f60
2023-11-17T05:21:26.182 INFO:teuthology.orchestra.run.smithi040.stderr:/usr/bin/ceph:
2023-11-17T05:20:31.191+0000 7fd292ffd700 1 --2- 172.21.15.40:0/1801812697 >> [v2:172.21.15.40:6800/74978488,v1:172.21.15.40:6801/74978488] conn(0x7fd27c02fd50 0x7fd27c032210 unknown :-1 s=NONE pgs=0 cs=0 l=1 rev1=0 rx=0 tx=0).connect
2023-11-17T05:21:26.182 INFO:teuthology.orchestra.run.smithi040.stderr:/usr/bin/ceph:
2023-11-17T05:20:31.191+0000 7fd292ffd700 1 -- 172.21.15.40:0/1801812697 <== mon.0 v2:172.21.15.40:3300/0 5 ==== osd_map(1..1 src has 1..1) v4 ==== 754+0+0 (secure 0 0 0) 0x7fd28c040f00 con 0x7fd29c0f9f60
2023-11-17T05:21:26.182 INFO:teuthology.orchestra.run.smithi040.stderr:/usr/bin/ceph:
2023-11-17T05:20:31.191+0000 7fd2a0ca8700 1 -- 172.21.15.40:0/1801812697 --> [v2:172.21.15.40:3300/0,v1:172.21.15.40:6789/0] -- mon_command({"prefix": "get_command_descriptions"} v 0) v1 -- 0x7fd29c045ad0 con 0x7fd29c0f9f60
2023-11-17T05:21:26.182 INFO:teuthology.orchestra.run.smithi040.stderr:/usr/bin/ceph:
2023-11-17T05:20:31.192+0000 7fd299d9b700 1 --2- 172.21.15.40:0/1801812697 >> [v2:172.21.15.40:6800/74978488,v1:172.21.15.40:6801/74978488] conn(0x7fd27c02fd50 0x7fd27c032210 unknown :-1 s=BANNER_CONNECTING pgs=0 cs=0 l=1 rev1=0 rx=0 tx=0)._handle_peer_banner_payload supported=1 required=0
2023-11-17T05:21:26.182 INFO:teuthology.orchestra.run.smithi040.stderr:/usr/bin/ceph:
2023-11-17T05:20:31.192+0000 7fd299d9b700 1 --2- 172.21.15.40:0/1801812697 >> [v2:172.21.15.40:6800/74978488,v1:172.21.15.40:6801/74978488] conn(0x7fd27c02fd50 0x7fd27c032210 secure :-1 s=READY pgs=6 cs=0 l=1 rev1=1 rx=0x7fd2840096a0 tx=0x7fd284006b40).ready entity=mgr.14100 client_cookie=0 server_cookie=0 in_seq=0 out_seq=0
2023-11-17T05:21:26.182 INFO:teuthology.orchestra.run.smithi040.stderr:/usr/bin/ceph:
2023-11-17T05:20:31.196+0000 7fd292ffd700 1 -- 172.21.15.40:0/1801812697 <== mon.0 v2:172.21.15.40:3300/0 6 ==== mon_command_ack([{"prefix": "get_command_descriptions"}]=0 v0) v1 ==== 72+0+152212 (secure 0 0 0) 0x7fd28c016080 con 0x7fd29c0f9f60
2023-11-17T05:21:26.182 INFO:teuthology.orchestra.run.smithi040.stderr:/usr/bin/ceph:
2023-11-17T05:20:31.402+0000 7fd2a0ca8700 1 -- 172.21.15.40:0/1801812697 --> [v2:172.21.15.40:3300/0,v1:172.21.15.40:6789/0] -- mon_command({"prefix": "mgr module enable", "module": "cephadm"} v 0) v1 -- 0x7fd29c0ffbc0 con 0x7fd29c0f9f60
2023-11-17T05:21:26.182 INFO:teuthology.orchestra.run.smithi040.stderr:/usr/bin/ceph:
2023-11-17T05:20:31.471+0000 7fd292ffd700 1 -- 172.21.15.40:0/1801812697 <== mon.0 v2:172.21.15.40:3300/0 7 ==== mgrmap(e 5) v1 ==== 36120+0+0 (secure 0 0 0) 0x7fd28c01bb50 con 0x7fd29c0f9f60
2023-11-17T05:21:26.182 INFO:teuthology.orchestra.run.smithi040.stderr:/usr/bin/ceph:
2023-11-17T05:20:31.472+0000 7fd292ffd700 1 -- 172.21.15.40:0/1801812697 <== mon.0 v2:172.21.15.40:3300/0 8 ==== mon_command_ack([{"prefix": "mgr module enable", "module": "cephadm"}]=0 v5) v1 ==== 86+0+0 (secure 0 0 0) 0x7fd28c023600 con 0x7fd29c0f9f60
2023-11-17T05:21:26.183 INFO:teuthology.orchestra.run.smithi040.stderr:/usr/bin/ceph:
2023-11-17T05:20:31.474+0000 7fd2a0ca8700 1 -- 172.21.15.40:0/1801812697 >> [v2:172.21.15.40:6800/74978488,v1:172.21.15.40:6801/74978488] conn(0x7fd27c02fd50 msgr2=0x7fd27c032210 secure :-1 s=STATE_CONNECTION_ESTABLISHED l=1).mark_down
2023-11-17T05:21:26.183 INFO:teuthology.orchestra.run.smithi040.stderr:/usr/bin/ceph:
2023-11-17T05:20:31.474+0000 7fd2a0ca8700 1 --2- 172.21.15.40:0/1801812697 >> [v2:172.21.15.40:6800/74978488,v1:172.21.15.40:6801/74978488] conn(0x7fd27c02fd50 0x7fd27c032210 secure :-1 s=READY pgs=6 cs=0 l=1 rev1=1 rx=0x7fd2840096a0 tx=0x7fd284006b40).stop
2023-11-17T05:21:26.183 INFO:teuthology.orchestra.run.smithi040.stderr:/usr/bin/ceph:
2023-11-17T05:20:31.474+0000 7fd2a0ca8700 1 -- 172.21.15.40:0/1801812697 >> [v2:172.21.15.40:3300/0,v1:172.21.15.40:6789/0] conn(0x7fd29c0f9f60 msgr2=0x7fd29c10cbd0 secure :-1 s=STATE_CONNECTION_ESTABLISHED l=1).mark_down
2023-11-17T05:21:26.183 INFO:teuthology.orchestra.run.smithi040.stderr:/usr/bin/ceph:
2023-11-17T05:20:31.474+0000 7fd2a0ca8700 1 --2- 172.21.15.40:0/1801812697 >> [v2:172.21.15.40:3300/0,v1:172.21.15.40:6789/0] conn(0x7fd29c0f9f60 0x7fd29c10cbd0 secure :-1 s=READY pgs=19 cs=0 l=1 rev1=1 rx=0x7fd28c00e040 tx=0x7fd28c006ee0).stop
2023-11-17T05:21:26.183 INFO:teuthology.orchestra.run.smithi040.stderr:/usr/bin/ceph:
2023-11-17T05:20:31.474+0000 7fd2a0ca8700 1 -- 172.21.15.40:0/1801812697 shutdown_connections
2023-11-17T05:21:26.183 INFO:teuthology.orchestra.run.smithi040.stderr:/usr/bin/ceph:
2023-11-17T05:20:31.474+0000 7fd2a0ca8700 1 --2- 172.21.15.40:0/1801812697 >> [v2:172.21.15.40:6800/74978488,v1:172.21.15.40:6801/74978488] conn(0x7fd27c02fd50 0x7fd27c032210 unknown :-1 s=CLOSED pgs=6 cs=0 l=1 rev1=1 rx=0 tx=0).stop
2023-11-17T05:21:26.183 INFO:teuthology.orchestra.run.smithi040.stderr:/usr/bin/ceph:
2023-11-17T05:20:31.474+0000 7fd2a0ca8700 1 --2- 172.21.15.40:0/1801812697 >> [v2:172.21.15.40:3300/0,v1:172.21.15.40:6789/0] conn(0x7fd29c0f9f60 0x7fd29c10cbd0 unknown :-1 s=CLOSED pgs=19 cs=0 l=1 rev1=1 rx=0 tx=0).stop
2023-11-17T05:21:26.183 INFO:teuthology.orchestra.run.smithi040.stderr:/usr/bin/ceph:
2023-11-17T05:20:31.474+0000 7fd2a0ca8700 1 -- 172.21.15.40:0/1801812697 >> 172.21.15.40:0/1801812697 conn(0x7fd29c0f59e0 msgr2=0x7fd29c0f7530 unknown :-1 s=STATE_NONE l=0).mark_down
2023-11-17T05:21:26.183 INFO:teuthology.orchestra.run.smithi040.stderr:/usr/bin/ceph:
2023-11-17T05:20:31.475+0000 7fd2a0ca8700 1 -- 172.21.15.40:0/1801812697 shutdown_connections
2023-11-17T05:21:26.183 INFO:teuthology.orchestra.run.smithi040.stderr:/usr/bin/ceph:
2023-11-17T05:20:31.475+0000 7fd2a0ca8700 1 -- 172.21.15.40:0/1801812697 wait complete.
2023-11-17T05:21:26.184 INFO:journalctl@ceph.mon.smithi040.smithi040.stdout:Nov 17 05:20:31 smithi040 ceph-ed6470e2-8508-11ee-8dbe-212e2dc638e7-mon.smithi040[111758]: audit
2023-11-17T05:20:31.403019+0000 mon.smithi040 (mon.0) 26 : audit [INF] from='client.? 172.21.15.40:0/1801812697' entity='client.admin' cmd=[{"prefix": "mgr module enable", "module": "cephadm"}]: dispatch
2023-11-17T05:21:26.191 INFO:teuthology.orchestra.run.smithi040.stderr:Running command: /bin/podman run --rm --ipc=host --no-hosts --net=host --entrypoint /usr/bin/ceph --init -e CONTAINER_IMAGE=docker.io/ceph/ceph:v16.2.4 -e NODE_NAME=smithi040 -e CEPH_USE_RANDOM_NONCE=1 -v /var/log/ceph/ed6470e2-8508-11ee-8dbe-212e2dc638e7:/var/log/ceph:z -v /tmp/ceph-tmpzx79_7_h:/etc/ceph/ceph.client.admin.keyring:z -v /tmp/ceph-tmpru9tjirw:/etc/ceph/ceph.conf:z docker.io/ceph/ceph:v16.2.4 mgr stat
2023-11-17T05:21:26.191 INFO:teuthology.orchestra.run.smithi040.stderr:/usr/bin/ceph:
2023-11-17T05:20:32.449+0000 7f1d34e41700 1 Processor -- start
2023-11-17T05:21:26.191 INFO:teuthology.orchestra.run.smithi040.stderr:/usr/bin/ceph:
2023-11-17T05:20:32.449+0000 7f1d34e41700 1 -- start start
2023-11-17T05:21:26.194 INFO:teuthology.orchestra.run.smithi040.stderr:/usr/bin/ceph:
2023-11-17T05:20:32.450+0000 7f1d34e41700 1 --2- >> [v2:172.21.15.40:3300/0,v1:172.21.15.40:6789/0] conn(0x7f1d3006fbd0 0x7f1d30100c10 unknown :-1 s=NONE pgs=0 cs=0 l=0 rev1=0 rx=0 tx=0).connect
2023-11-17T05:21:26.194 INFO:teuthology.orchestra.run.smithi040.stderr:/usr/bin/ceph:
2023-11-17T05:20:32.450+0000 7f1d34e41700 1 -- --> [v2:172.21.15.40:3300/0,v1:172.21.15.40:6789/0] -- mon_getmap magic: 0 v1 -- 0x7f1d300fc600 con 0x7f1d3006fbd0
2023-11-17T05:21:26.194 INFO:teuthology.orchestra.run.smithi040.stderr:/usr/bin/ceph:
2023-11-17T05:20:32.450+0000 7f1d2e59c700 1 --2- >> [v2:172.21.15.40:3300/0,v1:172.21.15.40:6789/0] conn(0x7f1d3006fbd0 0x7f1d30100c10 unknown :-1 s=BANNER_CONNECTING pgs=0 cs=0 l=0 rev1=0 rx=0 tx=0)._handle_peer_banner_payload supported=1 required=0
2023-11-17T05:21:26.195 INFO:teuthology.orchestra.run.smithi040.stderr:/usr/bin/ceph:
2023-11-17T05:20:32.450+0000 7f1d2e59c700 1 --2- >> [v2:172.21.15.40:3300/0,v1:172.21.15.40:6789/0] conn(0x7f1d3006fbd0 0x7f1d30100c10 unknown :-1 s=HELLO_CONNECTING pgs=0 cs=0 l=0 rev1=1 rx=0 tx=0).handle_hello peer v2:172.21.15.40:3300/0 says I am v2:172.21.15.40:54402/0 (socket says 172.21.15.40:54402)
2023-11-17T05:21:26.195 INFO:teuthology.orchestra.run.smithi040.stderr:/usr/bin/ceph:
2023-11-17T05:20:32.450+0000 7f1d2e59c700 1 -- 172.21.15.40:0/1679774716 learned_addr learned my addr 172.21.15.40:0/1679774716 (peer_addr_for_me v2:172.21.15.40:0/0)
2023-11-17T05:21:26.195 INFO:teuthology.orchestra.run.smithi040.stderr:/usr/bin/ceph:
2023-11-17T05:20:32.450+0000 7f1d2e59c700 1 -- 172.21.15.40:0/1679774716 --> [v2:172.21.15.40:3300/0,v1:172.21.15.40:6789/0] -- mon_subscribe({config=0+,monmap=0+}) v3 -- 0x7f1d30101100 con 0x7f1d3006fbd0
2023-11-17T05:21:26.195 INFO:teuthology.orchestra.run.smithi040.stderr:/usr/bin/ceph:
2023-11-17T05:20:32.450+0000 7f1d2e59c700 1 --2- 172.21.15.40:0/1679774716 >> [v2:172.21.15.40:3300/0,v1:172.21.15.40:6789/0] conn(0x7f1d3006fbd0 0x7f1d30100c10 secure :-1 s=READY pgs=22 cs=0 l=1 rev1=1 rx=0x7f1d2000b5f0 tx=0x7f1d20006ee0).ready entity=mon.0 client_cookie=24e6975e2a1d8452 server_cookie=0 in_seq=0 out_seq=0
2023-11-17T05:21:26.195 INFO:teuthology.orchestra.run.smithi040.stderr:/usr/bin/ceph:
2023-11-17T05:20:32.451+0000 7f1d2d59a700 1 -- 172.21.15.40:0/1679774716 <== mon.0 v2:172.21.15.40:3300/0 1 ==== mon_map magic: 0 v1 ==== 229+0+0 (secure 0 0 0) 0x7f1d2000d600 con 0x7f1d3006fbd0
2023-11-17T05:21:26.195 INFO:teuthology.orchestra.run.smithi040.stderr:/usr/bin/ceph:
2023-11-17T05:20:32.451+0000 7f1d2d59a700 1 -- 172.21.15.40:0/1679774716 <== mon.0 v2:172.21.15.40:3300/0 2 ==== config(25 keys) v1 ==== 1010+0+0 (secure 0 0 0) 0x7f1d2000dbd0 con 0x7f1d3006fbd0
2023-11-17T05:21:26.195 INFO:teuthology.orchestra.run.smithi040.stderr:/usr/bin/ceph:
2023-11-17T05:20:32.451+0000 7f1d2d59a700 1 -- 172.21.15.40:0/1679774716 <== mon.0 v2:172.21.15.40:3300/0 3 ==== mon_map magic: 0 v1 ==== 229+0+0 (secure 0 0 0) 0x7f1d20011c00 con 0x7f1d3006fbd0
2023-11-17T05:21:26.195 INFO:teuthology.orchestra.run.smithi040.stderr:/usr/bin/ceph:
2023-11-17T05:20:32.451+0000 7f1d34e41700 1 -- 172.21.15.40:0/1679774716 >> [v2:172.21.15.40:3300/0,v1:172.21.15.40:6789/0] conn(0x7f1d3006fbd0 msgr2=0x7f1d30100c10 secure :-1 s=STATE_CONNECTION_ESTABLISHED l=1).mark_down
2023-11-17T05:21:26.195 INFO:teuthology.orchestra.run.smithi040.stderr:/usr/bin/ceph:
2023-11-17T05:20:32.451+0000 7f1d34e41700 1 --2- 172.21.15.40:0/1679774716 >> [v2:172.21.15.40:3300/0,v1:172.21.15.40:6789/0] conn(0x7f1d3006fbd0 0x7f1d30100c10 secure :-1 s=READY pgs=22 cs=0 l=1 rev1=1 rx=0x7f1d2000b5f0 tx=0x7f1d20006ee0).stop
2023-11-17T05:21:26.195 INFO:teuthology.orchestra.run.smithi040.stderr:/usr/bin/ceph:
2023-11-17T05:20:32.452+0000 7f1d34e41700 1 -- 172.21.15.40:0/1679774716 shutdown_connections
2023-11-17T05:21:26.195 INFO:teuthology.orchestra.run.smithi040.stderr:/usr/bin/ceph:
2023-11-17T05:20:32.452+0000 7f1d34e41700 1 --2- 172.21.15.40:0/1679774716 >> [v2:172.21.15.40:3300/0,v1:172.21.15.40:6789/0] conn(0x7f1d3006fbd0 0x7f1d30100c10 unknown :-1 s=CLOSED pgs=22 cs=0 l=1 rev1=1 rx=0 tx=0).stop
2023-11-17T05:21:26.195 INFO:teuthology.orchestra.run.smithi040.stderr:/usr/bin/ceph:
2023-11-17T05:20:32.452+0000 7f1d34e41700 1 -- 172.21.15.40:0/1679774716 >> 172.21.15.40:0/1679774716 conn(0x7f1d300f6270 msgr2=0x7f1d300f8690 unknown :-1 s=STATE_NONE l=0).mark_down
2023-11-17T05:21:26.196 INFO:teuthology.orchestra.run.smithi040.stderr:/usr/bin/ceph:
2023-11-17T05:20:32.452+0000 7f1d34e41700 1 -- 172.21.15.40:0/1679774716 shutdown_connections
2023-11-17T05:21:26.196 INFO:teuthology.orchestra.run.smithi040.stderr:/usr/bin/ceph:
2023-11-17T05:20:32.452+0000 7f1d34e41700 1 -- 172.21.15.40:0/1679774716 wait complete.
2023-11-17T05:21:26.196 INFO:teuthology.orchestra.run.smithi040.stderr:/usr/bin/ceph:
2023-11-17T05:20:32.452+0000 7f1d34e41700 1 Processor -- start
2023-11-17T05:21:26.196 INFO:teuthology.orchestra.run.smithi040.stderr:/usr/bin/ceph:
2023-11-17T05:20:32.452+0000 7f1d34e41700 1 -- start start
2023-11-17T05:21:26.196 INFO:teuthology.orchestra.run.smithi040.stderr:/usr/bin/ceph:
2023-11-17T05:20:32.453+0000 7f1d34e41700 1 --2- >> [v2:172.21.15.40:3300/0,v1:172.21.15.40:6789/0] conn(0x7f1d3006fbd0 0x7f1d3010cac0 unknown :-1 s=NONE pgs=0 cs=0 l=1 rev1=0 rx=0 tx=0).connect
2023-11-17T05:21:26.196 INFO:teuthology.orchestra.run.smithi040.stderr:/usr/bin/ceph:
2023-11-17T05:20:32.453+0000 7f1d34e41700 1 -- --> [v2:172.21.15.40:3300/0,v1:172.21.15.40:6789/0] -- mon_getmap magic: 0 v1 -- 0x7f1d3010cfb0 con 0x7f1d3006fbd0
2023-11-17T05:21:26.196 INFO:teuthology.orchestra.run.smithi040.stderr:/usr/bin/ceph:
2023-11-17T05:20:32.453+0000 7f1d2e59c700 1 --2- >> [v2:172.21.15.40:3300/0,v1:172.21.15.40:6789/0] conn(0x7f1d3006fbd0 0x7f1d3010cac0 unknown :-1 s=BANNER_CONNECTING pgs=0 cs=0 l=1 rev1=0 rx=0 tx=0)._handle_peer_banner_payload supported=1 required=0
2023-11-17T05:21:26.196 INFO:teuthology.orchestra.run.smithi040.stderr:/usr/bin/ceph:
2023-11-17T05:20:32.453+0000 7f1d2e59c700 1 --2- >> [v2:172.21.15.40:3300/0,v1:172.21.15.40:6789/0] conn(0x7f1d3006fbd0 0x7f1d3010cac0 unknown :-1 s=HELLO_CONNECTING pgs=0 cs=0 l=1 rev1=1 rx=0 tx=0).handle_hello peer v2:172.21.15.40:3300/0 says I am v2:172.21.15.40:54412/0 (socket says 172.21.15.40:54412)
2023-11-17T05:21:26.196 INFO:teuthology.orchestra.run.smithi040.stderr:/usr/bin/ceph:
2023-11-17T05:20:32.453+0000 7f1d2e59c700 1 -- 172.21.15.40:0/1268000519 learned_addr learned my addr 172.21.15.40:0/1268000519 (peer_addr_for_me v2:172.21.15.40:0/0)
2023-11-17T05:21:26.196 INFO:teuthology.orchestra.run.smithi040.stderr:/usr/bin/ceph:
2023-11-17T05:20:32.453+0000 7f1d2e59c700 1 -- 172.21.15.40:0/1268000519 --> [v2:172.21.15.40:3300/0,v1:172.21.15.40:6789/0] -- mon_subscribe({config=0+,monmap=0+}) v3 -- 0x7f1d2000b200 con 0x7f1d3006fbd0
2023-11-17T05:21:26.196 INFO:teuthology.orchestra.run.smithi040.stderr:/usr/bin/ceph:
2023-11-17T05:20:32.453+0000 7f1d2e59c700 1 --2- 172.21.15.40:0/1268000519 >> [v2:172.21.15.40:3300/0,v1:172.21.15.40:6789/0] conn(0x7f1d3006fbd0 0x7f1d3010cac0 secure :-1 s=READY pgs=23 cs=0 l=1 rev1=1 rx=0x7f1d20011820 tx=0x7f1d20006ee0).ready entity=mon.0 client_cookie=0 server_cookie=0 in_seq=0 out_seq=0
2023-11-17T05:21:26.197 INFO:teuthology.orchestra.run.smithi040.stderr:/usr/bin/ceph:
2023-11-17T05:20:32.453+0000 7f1d1effd700 1 -- 172.21.15.40:0/1268000519 <== mon.0 v2:172.21.15.40:3300/0 1 ==== mon_map magic: 0 v1 ==== 229+0+0 (secure 0 0 0) 0x7f1d2001b410 con 0x7f1d3006fbd0
2023-11-17T05:21:26.197 INFO:teuthology.orchestra.run.smithi040.stderr:/usr/bin/ceph:
2023-11-17T05:20:32.453+0000 7f1d1effd700 1 -- 172.21.15.40:0/1268000519 <== mon.0 v2:172.21.15.40:3300/0 2 ==== config(25 keys) v1 ==== 1010+0+0 (secure 0 0 0) 0x7f1d2001b9e0 con 0x7f1d3006fbd0
2023-11-17T05:21:26.197 INFO:teuthology.orchestra.run.smithi040.stderr:/usr/bin/ceph:
2023-11-17T05:20:32.453+0000 7f1d34e41700 1 -- 172.21.15.40:0/1268000519 --> [v2:172.21.15.40:3300/0,v1:172.21.15.40:6789/0] -- mon_subscribe({mgrmap=0+}) v3 -- 0x7f1d3010d1b0 con 0x7f1d3006fbd0
2023-11-17T05:21:26.197 INFO:teuthology.orchestra.run.smithi040.stderr:/usr/bin/ceph:
2023-11-17T05:20:32.454+0000 7f1d34e41700 1 -- 172.21.15.40:0/1268000519 --> [v2:172.21.15.40:3300/0,v1:172.21.15.40:6789/0] -- mon_subscribe({osdmap=0}) v3 -- 0x7f1d3010d640 con 0x7f1d3006fbd0
2023-11-17T05:21:26.197 INFO:teuthology.orchestra.run.smithi040.stderr:/usr/bin/ceph:
2023-11-17T05:20:32.454+0000 7f1d1effd700 1 -- 172.21.15.40:0/1268000519 <== mon.0 v2:172.21.15.40:3300/0 3 ==== mon_map magic: 0 v1 ==== 229+0+0 (secure 0 0 0) 0x7f1d2001a8b0 con 0x7f1d3006fbd0
2023-11-17T05:21:26.198 INFO:teuthology.orchestra.run.smithi040.stderr:/usr/bin/ceph:
2023-11-17T05:20:32.455+0000 7f1d1effd700 1 -- 172.21.15.40:0/1268000519 <== mon.0 v2:172.21.15.40:3300/0 4 ==== mgrmap(e 5) v1 ==== 36120+0+0 (secure 0 0 0) 0x7f1d2000f070 con 0x7f1d3006fbd0
2023-11-17T05:21:26.198 INFO:teuthology.orchestra.run.smithi040.stderr:/usr/bin/ceph:
2023-11-17T05:20:32.455+0000 7f1d34e41700 1 -- 172.21.15.40:0/1268000519 --> [v2:172.21.15.40:3300/0,v1:172.21.15.40:6789/0] -- mon_command({"prefix": "get_command_descriptions"} v 0) v1 -- 0x7f1d0c004fa0 con 0x7f1d3006fbd0
2023-11-17T05:21:26.198 INFO:teuthology.orchestra.run.smithi040.stderr:/usr/bin/ceph:
2023-11-17T05:20:32.455+0000 7f1d1effd700 1 --2- 172.21.15.40:0/1268000519 >> [v2:172.21.15.40:6800/74978488,v1:172.21.15.40:6801/74978488] conn(0x7f1d1402fdb0 0x7f1d14032270 unknown :-1 s=NONE pgs=0 cs=0 l=1 rev1=0 rx=0 tx=0).connect
2023-11-17T05:21:26.199 INFO:teuthology.orchestra.run.smithi040.stderr:/usr/bin/ceph:
2023-11-17T05:20:32.455+0000 7f1d1effd700 1 -- 172.21.15.40:0/1268000519 <== mon.0 v2:172.21.15.40:3300/0 5 ==== osd_map(1..1 src has 1..1) v4 ==== 754+0+0 (secure 0 0 0) 0x7f1d20041230 con 0x7f1d3006fbd0
2023-11-17T05:21:26.199 INFO:teuthology.orchestra.run.smithi040.stderr:/usr/bin/ceph:
2023-11-17T05:20:32.455+0000 7f1d2dd9b700 1 -- 172.21.15.40:0/1268000519 >> [v2:172.21.15.40:6800/74978488,v1:172.21.15.40:6801/74978488] conn(0x7f1d1402fdb0 msgr2=0x7f1d14032270 unknown :-1 s=STATE_CONNECTING_RE l=1).process reconnect failed to v2:172.21.15.40:6800/74978488
2023-11-17T05:21:26.199 INFO:teuthology.orchestra.run.smithi040.stderr:/usr/bin/ceph:
2023-11-17T05:20:32.455+0000 7f1d2dd9b700 1 --2- 172.21.15.40:0/1268000519 >> [v2:172.21.15.40:6800/74978488,v1:172.21.15.40:6801/74978488] conn(0x7f1d1402fdb0 0x7f1d14032270 unknown :-1 s=START_CONNECT pgs=0 cs=0 l=1 rev1=0 rx=0 tx=0)._fault waiting 0.200000
2023-11-17T05:21:26.199 INFO:teuthology.orchestra.run.smithi040.stderr:/usr/bin/ceph:
2023-11-17T05:20:32.460+0000 7f1d1effd700 1 -- 172.21.15.40:0/1268000519 <== mon.0 v2:172.21.15.40:3300/0 6 ==== mon_command_ack([{"prefix": "get_command_descriptions"}]=0 v0) v1 ==== 72+0+152212 (secure 0 0 0) 0x7f1d20022d20 con 0x7f1d3006fbd0
2023-11-17T05:21:26.199 INFO:teuthology.orchestra.run.smithi040.stderr:/usr/bin/ceph:
2023-11-17T05:20:32.656+0000 7f1d2dd9b700 1 -- 172.21.15.40:0/1268000519 >> [v2:172.21.15.40:6800/74978488,v1:172.21.15.40:6801/74978488] conn(0x7f1d1402fdb0 msgr2=0x7f1d14032270 unknown :-1 s=STATE_CONNECTING_RE l=1).process reconnect failed to v2:172.21.15.40:6800/74978488
2023-11-17T05:21:26.199 INFO:teuthology.orchestra.run.smithi040.stderr:/usr/bin/ceph:
2023-11-17T05:20:32.656+0000 7f1d2dd9b700 1 --2- 172.21.15.40:0/1268000519 >> [v2:172.21.15.40:6800/74978488,v1:172.21.15.40:6801/74978488] conn(0x7f1d1402fdb0 0x7f1d14032270 unknown :-1 s=START_CONNECT pgs=0 cs=0 l=1 rev1=0 rx=0 tx=0)._fault waiting 0.400000
2023-11-17T05:21:26.202 INFO:teuthology.orchestra.run.smithi040.stderr:/usr/bin/ceph:
2023-11-17T05:20:32.676+0000 7f1d34e41700 1 -- 172.21.15.40:0/1268000519 --> [v2:172.21.15.40:3300/0,v1:172.21.15.40:6789/0] -- mon_command({"prefix": "mgr stat"} v 0) v1 -- 0x7f1d0c005e80 con 0x7f1d3006fbd0
2023-11-17T05:21:26.202 INFO:teuthology.orchestra.run.smithi040.stderr:/usr/bin/ceph:
2023-11-17T05:20:32.677+0000 7f1d1effd700 1 -- 172.21.15.40:0/1268000519 <== mon.0 v2:172.21.15.40:3300/0 7 ==== mon_command_ack([{"prefix": "mgr stat"}]=0 v5) v1 ==== 56+0+103 (secure 0 0 0) 0x7f1d20016070 con 0x7f1d3006fbd0
2023-11-17T05:21:26.202 INFO:teuthology.orchestra.run.smithi040.stderr:/usr/bin/ceph: {
2023-11-17T05:21:26.203 INFO:teuthology.orchestra.run.smithi040.stderr:/usr/bin/ceph: "epoch": 5,
2023-11-17T05:21:26.203 INFO:teuthology.orchestra.run.smithi040.stderr:/usr/bin/ceph: "available": true,
2023-11-17T05:21:26.203 INFO:teuthology.orchestra.run.smithi040.stderr:/usr/bin/ceph: "active_name": "smithi040.ogcprl",
2023-11-17T05:21:26.203 INFO:teuthology.orchestra.run.smithi040.stderr:/usr/bin/ceph: "num_standby": 0
2023-11-17T05:21:26.203 INFO:teuthology.orchestra.run.smithi040.stderr:/usr/bin/ceph: }
2023-11-17T05:21:26.203 INFO:teuthology.orchestra.run.smithi040.stderr:/usr/bin/ceph:
2023-11-17T05:20:32.679+0000 7f1d34e41700 1 -- 172.21.15.40:0/1268000519 >> [v2:172.21.15.40:6800/74978488,v1:172.21.15.40:6801/74978488] conn(0x7f1d1402fdb0 msgr2=0x7f1d14032270 unknown :-1 s=STATE_CONNECTING l=1).mark_down
2023-11-17T05:21:26.204 INFO:teuthology.orchestra.run.smithi040.stderr:/usr/bin/ceph:
2023-11-17T05:20:32.679+0000 7f1d34e41700 1 --2- 172.21.15.40:0/1268000519 >> [v2:172.21.15.40:6800/74978488,v1:172.21.15.40:6801/74978488] conn(0x7f1d1402fdb0 0x7f1d14032270 unknown :-1 s=START_CONNECT pgs=0 cs=0 l=1 rev1=0 rx=0 tx=0).stop
2023-11-17T05:21:26.204 INFO:teuthology.orchestra.run.smithi040.stderr:/usr/bin/ceph:
2023-11-17T05:20:32.679+0000 7f1d34e41700 1 -- 172.21.15.40:0/1268000519 >> [v2:172.21.15.40:3300/0,v1:172.21.15.40:6789/0] conn(0x7f1d3006fbd0 msgr2=0x7f1d3010cac0 secure :-1 s=STATE_CONNECTION_ESTABLISHED l=1).mark_down
2023-11-17T05:21:26.204 INFO:teuthology.orchestra.run.smithi040.stderr:/usr/bin/ceph:
2023-11-17T05:20:32.679+0000 7f1d34e41700 1 --2- 172.21.15.40:0/1268000519 >> [v2:172.21.15.40:3300/0,v1:172.21.15.40:6789/0] conn(0x7f1d3006fbd0 0x7f1d3010cac0 secure :-1 s=READY pgs=23 cs=0 l=1 rev1=1 rx=0x7f1d20011820 tx=0x7f1d20006ee0).stop
2023-11-17T05:21:26.204 INFO:teuthology.orchestra.run.smithi040.stderr:/usr/bin/ceph:
2023-11-17T05:20:32.679+0000 7f1d34e41700 1 -- 172.21.15.40:0/1268000519 shutdown_connections
2023-11-17T05:21:26.204 INFO:teuthology.orchestra.run.smithi040.stderr:/usr/bin/ceph:
2023-11-17T05:20:32.679+0000 7f1d34e41700 1 --2- 172.21.15.40:0/1268000519 >> [v2:172.21.15.40:6800/74978488,v1:172.21.15.40:6801/74978488] conn(0x7f1d1402fdb0 0x7f1d14032270 unknown :-1 s=CLOSED pgs=0 cs=0 l=1 rev1=0 rx=0 tx=0).stop
2023-11-17T05:21:26.204 INFO:teuthology.orchestra.run.smithi040.stderr:/usr/bin/ceph:
2023-11-17T05:20:32.679+0000 7f1d34e41700 1 --2- 172.21.15.40:0/1268000519 >> [v2:172.21.15.40:3300/0,v1:172.21.15.40:6789/0] conn(0x7f1d3006fbd0 0x7f1d3010cac0 unknown :-1 s=CLOSED pgs=23 cs=0 l=1 rev1=1 rx=0 tx=0).stop
2023-11-17T05:21:26.205 INFO:teuthology.orchestra.run.smithi040.stderr:/usr/bin/ceph:
2023-11-17T05:20:32.679+0000 7f1d34e41700 1 -- 172.21.15.40:0/1268000519 >> 172.21.15.40:0/1268000519 conn(0x7f1d300f6270 msgr2=0x7f1d300f7d80 unknown :-1 s=STATE_NONE l=0).mark_down
2023-11-17T05:21:26.205 INFO:teuthology.orchestra.run.smithi040.stderr:/usr/bin/ceph:
2023-11-17T05:20:32.679+0000 7f1d34e41700 1 -- 172.21.15.40:0/1268000519 shutdown_connections
2023-11-17T05:21:26.205 INFO:teuthology.orchestra.run.smithi040.stderr:/usr/bin/ceph:
2023-11-17T05:20:32.679+0000 7f1d34e41700 1 -- 172.21.15.40:0/1268000519 wait complete.
2023-11-17T05:21:26.206 INFO:journalctl@ceph.mon.smithi040.smithi040.stdout:Nov 17 05:20:32 smithi040 ceph-ed6470e2-8508-11ee-8dbe-212e2dc638e7-mon.smithi040[111758]: audit
2023-11-17T05:20:31.472584+0000 mon.smithi040 (mon.0) 27 : audit [INF] from='client.? 172.21.15.40:0/1801812697' entity='client.admin' cmd='[{"prefix": "mgr module enable", "module": "cephadm"}]': finished
2023-11-17T05:21:26.206 INFO:journalctl@ceph.mon.smithi040.smithi040.stdout:Nov 17 05:20:32 smithi040 ceph-ed6470e2-8508-11ee-8dbe-212e2dc638e7-mon.smithi040[111758]: cluster
2023-11-17T05:20:31.472664+0000 mon.smithi040 (mon.0) 28 : cluster [DBG] mgrmap e5: smithi040.ogcprl(active, since 5s)
2023-11-17T05:21:26.206 INFO:journalctl@ceph.mon.smithi040.smithi040.stdout:Nov 17 05:20:33 smithi040 ceph-ed6470e2-8508-11ee-8dbe-212e2dc638e7-mon.smithi040[111758]: audit
2023-11-17T05:20:32.677854+0000 mon.smithi040 (mon.0) 29 : audit [DBG] from='client.? 172.21.15.40:0/1268000519' entity='client.admin' cmd=[{"prefix": "mgr stat"}]: dispatch
2023-11-17T05:21:26.214 INFO:teuthology.orchestra.run.smithi040.stderr:Waiting for the mgr to restart...
2023-11-17T05:21:26.214 INFO:teuthology.orchestra.run.smithi040.stderr:Waiting for mgr epoch 5...
2023-11-17T05:21:26.214 INFO:teuthology.orchestra.run.smithi040.stderr:Running command: /bin/podman run --rm --ipc=host --no-hosts --net=host --entrypoint /usr/bin/ceph --init -e CONTAINER_IMAGE=docker.io/ceph/ceph:v16.2.4 -e NODE_NAME=smithi040 -e CEPH_USE_RANDOM_NONCE=1 -v /var/log/ceph/ed6470e2-8508-11ee-8dbe-212e2dc638e7:/var/log/ceph:z -v /tmp/ceph-tmpzx79_7_h:/etc/ceph/ceph.client.admin.keyring:z -v /tmp/ceph-tmpru9tjirw:/etc/ceph/ceph.conf:z docker.io/ceph/ceph:v16.2.4 tell mgr mgr_status
2023-11-17T05:21:26.214 INFO:teuthology.orchestra.run.smithi040.stderr:/usr/bin/ceph:
2023-11-17T05:20:35.586+0000 7f0b1fd9b700 1 Processor -- start
2023-11-17T05:21:26.214 INFO:teuthology.orchestra.run.smithi040.stderr:/usr/bin/ceph:
2023-11-17T05:20:35.587+0000 7f0b1fd9b700 1 -- start start
2023-11-17T05:21:26.215 INFO:teuthology.orchestra.run.smithi040.stderr:/usr/bin/ceph:
2023-11-17T05:20:35.587+0000 7f0b1fd9b700 1 --2- >> [v2:172.21.15.40:3300/0,v1:172.21.15.40:6789/0] conn(0x7f0b180faae0 0x7f0b180faf00 unknown :-1 s=NONE pgs=0 cs=0 l=0 rev1=0 rx=0 tx=0).connect
2023-11-17T05:21:26.215 INFO:teuthology.orchestra.run.smithi040.stderr:/usr/bin/ceph:
2023-11-17T05:20:35.587+0000 7f0b1fd9b700 1 -- --> [v2:172.21.15.40:3300/0,v1:172.21.15.40:6789/0] -- mon_getmap magic: 0 v1 -- 0x7f0b180fb480 con 0x7f0b180faae0
2023-11-17T05:21:26.215 INFO:teuthology.orchestra.run.smithi040.stderr:/usr/bin/ceph:
2023-11-17T05:20:35.587+0000 7f0b1db37700 1 --2- >> [v2:172.21.15.40:3300/0,v1:172.21.15.40:6789/0] conn(0x7f0b180faae0 0x7f0b180faf00 unknown :-1 s=BANNER_CONNECTING pgs=0 cs=0 l=0 rev1=0 rx=0 tx=0)._handle_peer_banner_payload supported=1 required=0
2023-11-17T05:21:26.215 INFO:teuthology.orchestra.run.smithi040.stderr:/usr/bin/ceph:
2023-11-17T05:20:35.587+0000 7f0b1db37700 1 --2- >> [v2:172.21.15.40:3300/0,v1:172.21.15.40:6789/0] conn(0x7f0b180faae0 0x7f0b180faf00 unknown :-1 s=HELLO_CONNECTING pgs=0 cs=0 l=0 rev1=1 rx=0 tx=0).handle_hello peer v2:172.21.15.40:3300/0 says I am v2:172.21.15.40:51014/0 (socket says 172.21.15.40:51014)
2023-11-17T05:21:26.215 INFO:teuthology.orchestra.run.smithi040.stderr:/usr/bin/ceph:
2023-11-17T05:20:35.587+0000 7f0b1db37700 1 -- 172.21.15.40:0/432994069 learned_addr learned my addr 172.21.15.40:0/432994069 (peer_addr_for_me v2:172.21.15.40:0/0)
2023-11-17T05:21:26.215 INFO:teuthology.orchestra.run.smithi040.stderr:/usr/bin/ceph:
2023-11-17T05:20:35.588+0000 7f0b1db37700 1 -- 172.21.15.40:0/432994069 --> [v2:172.21.15.40:3300/0,v1:172.21.15.40:6789/0] -- mon_subscribe({config=0+,monmap=0+}) v3 -- 0x7f0b180fb5c0 con 0x7f0b180faae0
2023-11-17T05:21:26.216 INFO:teuthology.orchestra.run.smithi040.stderr:/usr/bin/ceph:
2023-11-17T05:20:35.588+0000 7f0b1db37700 1 --2- 172.21.15.40:0/432994069 >> [v2:172.21.15.40:3300/0,v1:172.21.15.40:6789/0] conn(0x7f0b180faae0 0x7f0b180faf00 secure :-1 s=READY pgs=24 cs=0 l=1 rev1=1 rx=0x7f0b1400b5f0 tx=0x7f0b14006ee0).ready entity=mon.0 client_cookie=85c4a829cce82d40 server_cookie=0 in_seq=0 out_seq=0
2023-11-17T05:21:26.216 INFO:teuthology.orchestra.run.smithi040.stderr:/usr/bin/ceph:
2023-11-17T05:20:35.588+0000 7f0b1cb35700 1 -- 172.21.15.40:0/432994069 <== mon.0 v2:172.21.15.40:3300/0 1 ==== mon_map magic: 0 v1 ==== 229+0+0 (secure 0 0 0) 0x7f0b1400d600 con 0x7f0b180faae0
2023-11-17T05:21:26.216 INFO:teuthology.orchestra.run.smithi040.stderr:/usr/bin/ceph:
2023-11-17T05:20:35.588+0000 7f0b1cb35700 1 -- 172.21.15.40:0/432994069 <== mon.0 v2:172.21.15.40:3300/0 2 ==== config(25 keys) v1 ==== 1010+0+0 (secure 0 0 0) 0x7f0b1400dbd0 con 0x7f0b180faae0
2023-11-17T05:21:26.216 INFO:teuthology.orchestra.run.smithi040.stderr:/usr/bin/ceph:
2023-11-17T05:20:35.588+0000 7f0b1cb35700 1 -- 172.21.15.40:0/432994069 <== mon.0 v2:172.21.15.40:3300/0 3 ==== mon_map magic: 0 v1 ==== 229+0+0 (secure 0 0 0) 0x7f0b14011c00 con 0x7f0b180faae0
2023-11-17T05:21:26.216 INFO:teuthology.orchestra.run.smithi040.stderr:/usr/bin/ceph:
2023-11-17T05:20:35.589+0000 7f0b1fd9b700 1 -- 172.21.15.40:0/432994069 >> [v2:172.21.15.40:3300/0,v1:172.21.15.40:6789/0] conn(0x7f0b180faae0 msgr2=0x7f0b180faf00 secure :-1 s=STATE_CONNECTION_ESTABLISHED l=1).mark_down
2023-11-17T05:21:26.216 INFO:teuthology.orchestra.run.smithi040.stderr:/usr/bin/ceph:
2023-11-17T05:20:35.589+0000 7f0b1fd9b700 1 --2- 172.21.15.40:0/432994069 >> [v2:172.21.15.40:3300/0,v1:172.21.15.40:6789/0] conn(0x7f0b180faae0 0x7f0b180faf00 secure :-1 s=READY pgs=24 cs=0 l=1 rev1=1 rx=0x7f0b1400b5f0 tx=0x7f0b14006ee0).stop
2023-11-17T05:21:26.217 INFO:teuthology.orchestra.run.smithi040.stderr:/usr/bin/ceph:
2023-11-17T05:20:35.589+0000 7f0b1fd9b700 1 -- 172.21.15.40:0/432994069 shutdown_connections
2023-11-17T05:21:26.217 INFO:teuthology.orchestra.run.smithi040.stderr:/usr/bin/ceph:
2023-11-17T05:20:35.589+0000 7f0b1fd9b700 1 --2- 172.21.15.40:0/432994069 >> [v2:172.21.15.40:3300/0,v1:172.21.15.40:6789/0] conn(0x7f0b180faae0 0x7f0b180faf00 unknown :-1 s=CLOSED pgs=24 cs=0 l=1 rev1=1 rx=0 tx=0).stop
2023-11-17T05:21:26.217 INFO:teuthology.orchestra.run.smithi040.stderr:/usr/bin/ceph:
2023-11-17T05:20:35.589+0000 7f0b1fd9b700 1 -- 172.21.15.40:0/432994069 >> 172.21.15.40:0/432994069 conn(0x7f0b180f6280 msgr2=0x7f0b180f86a0 unknown :-1 s=STATE_NONE l=0).mark_down
2023-11-17T05:21:26.217 INFO:teuthology.orchestra.run.smithi040.stderr:/usr/bin/ceph:
2023-11-17T05:20:35.589+0000 7f0b1fd9b700 1 -- 172.21.15.40:0/432994069 shutdown_connections
2023-11-17T05:21:26.217 INFO:teuthology.orchestra.run.smithi040.stderr:/usr/bin/ceph:
2023-11-17T05:20:35.589+0000 7f0b1fd9b700 1 -- 172.21.15.40:0/432994069 wait complete.
2023-11-17T05:21:26.217 INFO:teuthology.orchestra.run.smithi040.stderr:/usr/bin/ceph:
2023-11-17T05:20:35.589+0000 7f0b1fd9b700 1 Processor -- start
2023-11-17T05:21:26.218 INFO:teuthology.orchestra.run.smithi040.stderr:/usr/bin/ceph:
2023-11-17T05:20:35.589+0000 7f0b1fd9b700 1 -- start start
2023-11-17T05:21:26.218 INFO:teuthology.orchestra.run.smithi040.stderr:/usr/bin/ceph:
2023-11-17T05:20:35.590+0000 7f0b1fd9b700 1 --2- >> [v2:172.21.15.40:3300/0,v1:172.21.15.40:6789/0] conn(0x7f0b180faae0 0x7f0b18100df0 unknown :-1 s=NONE pgs=0 cs=0 l=1 rev1=0 rx=0 tx=0).connect
2023-11-17T05:21:26.218 INFO:teuthology.orchestra.run.smithi040.stderr:/usr/bin/ceph:
2023-11-17T05:20:35.590+0000 7f0b1fd9b700 1 -- --> [v2:172.21.15.40:3300/0,v1:172.21.15.40:6789/0] -- mon_getmap magic: 0 v1 -- 0x7f0b180ff270 con 0x7f0b180faae0
2023-11-17T05:21:26.218 INFO:teuthology.orchestra.run.smithi040.stderr:/usr/bin/ceph:
2023-11-17T05:20:35.590+0000 7f0b1db37700 1 --2- >> [v2:172.21.15.40:3300/0,v1:172.21.15.40:6789/0] conn(0x7f0b180faae0 0x7f0b18100df0 unknown :-1 s=BANNER_CONNECTING pgs=0 cs=0 l=1 rev1=0 rx=0 tx=0)._handle_peer_banner_payload supported=1 required=0
2023-11-17T05:21:26.218 INFO:teuthology.orchestra.run.smithi040.stderr:/usr/bin/ceph:
2023-11-17T05:20:35.590+0000 7f0b1db37700 1 --2- >> [v2:172.21.15.40:3300/0,v1:172.21.15.40:6789/0] conn(0x7f0b180faae0 0x7f0b18100df0 unknown :-1 s=HELLO_CONNECTING pgs=0 cs=0 l=1 rev1=1 rx=0 tx=0).handle_hello peer v2:172.21.15.40:3300/0 says I am v2:172.21.15.40:51028/0 (socket says 172.21.15.40:51028)
2023-11-17T05:21:26.218 INFO:teuthology.orchestra.run.smithi040.stderr:/usr/bin/ceph:
