2023-11-17T05:21:26.337 INFO:teuthology.orchestra.run.smithi040.stderr:/usr/bin/ceph:
2023-11-17T05:21:02.105+0000 7f7daa206700 1 --2- >> [v2:172.21.15.40:3300/0,v1:172.21.15.40:6789/0] conn(0x7f7da40fd200 0x7f7da410a9e0 unknown :-1 s=NONE pgs=0 cs=0 l=1 rev1=0 rx=0 tx=0).connect
2023-11-17T05:21:26.337 INFO:teuthology.orchestra.run.smithi040.stderr:/usr/bin/ceph:
2023-11-17T05:21:02.105+0000 7f7daa206700 1 -- --> [v2:172.21.15.40:3300/0,v1:172.21.15.40:6789/0] -- mon_getmap magic: 0 v1 -- 0x7f7da410aed0 con 0x7f7da40fd200
2023-11-17T05:21:26.337 INFO:teuthology.orchestra.run.smithi040.stderr:/usr/bin/ceph:
2023-11-17T05:21:02.106+0000 7f7da37fe700 1 --2- >> [v2:172.21.15.40:3300/0,v1:172.21.15.40:6789/0] conn(0x7f7da40fd200 0x7f7da410a9e0 unknown :-1 s=BANNER_CONNECTING pgs=0 cs=0 l=1 rev1=0 rx=0 tx=0)._handle_peer_banner_payload supported=1 required=0
2023-11-17T05:21:26.337 INFO:teuthology.orchestra.run.smithi040.stderr:/usr/bin/ceph:
2023-11-17T05:21:02.106+0000 7f7da37fe700 1 --2- >> [v2:172.21.15.40:3300/0,v1:172.21.15.40:6789/0] conn(0x7f7da40fd200 0x7f7da410a9e0 unknown :-1 s=HELLO_CONNECTING pgs=0 cs=0 l=1 rev1=1 rx=0 tx=0).handle_hello peer v2:172.21.15.40:3300/0 says I am v2:172.21.15.40:60834/0 (socket says 172.21.15.40:60834)
2023-11-17T05:21:26.337 INFO:teuthology.orchestra.run.smithi040.stderr:/usr/bin/ceph:
2023-11-17T05:21:02.106+0000 7f7da37fe700 1 -- 172.21.15.40:0/2008518526 learned_addr learned my addr 172.21.15.40:0/2008518526 (peer_addr_for_me v2:172.21.15.40:0/0)
2023-11-17T05:21:26.337 INFO:teuthology.orchestra.run.smithi040.stderr:/usr/bin/ceph:
2023-11-17T05:21:02.106+0000 7f7da37fe700 1 -- 172.21.15.40:0/2008518526 --> [v2:172.21.15.40:3300/0,v1:172.21.15.40:6789/0] -- mon_subscribe({config=0+,monmap=0+}) v3 -- 0x7f7d9400b200 con 0x7f7da40fd200
2023-11-17T05:21:26.364 INFO:teuthology.orchestra.run.smithi040.stderr:/usr/bin/ceph:
2023-11-17T05:21:02.106+0000 7f7da37fe700 1 --2- 172.21.15.40:0/2008518526 >> [v2:172.21.15.40:3300/0,v1:172.21.15.40:6789/0] conn(0x7f7da40fd200 0x7f7da410a9e0 secure :-1 s=READY pgs=63 cs=0 l=1 rev1=1 rx=0x7f7d9400e040 tx=0x7f7d94006ee0).ready entity=mon.0 client_cookie=0 server_cookie=0 in_seq=0 out_seq=0
2023-11-17T05:21:26.364 INFO:teuthology.orchestra.run.smithi040.stderr:/usr/bin/ceph:
2023-11-17T05:21:02.106+0000 7f7d8bfff700 1 -- 172.21.15.40:0/2008518526 <== mon.0 v2:172.21.15.40:3300/0 1 ==== mon_map magic: 0 v1 ==== 229+0+0 (secure 0 0 0) 0x7f7d9401b410 con 0x7f7da40fd200
2023-11-17T05:21:26.365 INFO:teuthology.orchestra.run.smithi040.stderr:/usr/bin/ceph:
2023-11-17T05:21:02.106+0000 7f7d8bfff700 1 -- 172.21.15.40:0/2008518526 <== mon.0 v2:172.21.15.40:3300/0 2 ==== config(25 keys) v1 ==== 1010+0+0 (secure 0 0 0) 0x7f7d9401b9e0 con 0x7f7da40fd200
2023-11-17T05:21:26.365 INFO:teuthology.orchestra.run.smithi040.stderr:/usr/bin/ceph:
2023-11-17T05:21:02.106+0000 7f7daa206700 1 -- 172.21.15.40:0/2008518526 --> [v2:172.21.15.40:3300/0,v1:172.21.15.40:6789/0] -- mon_subscribe({mgrmap=0+}) v3 -- 0x7f7da410b0d0 con 0x7f7da40fd200
2023-11-17T05:21:26.365 INFO:teuthology.orchestra.run.smithi040.stderr:/usr/bin/ceph:
2023-11-17T05:21:02.106+0000 7f7d8bfff700 1 -- 172.21.15.40:0/2008518526 <== mon.0 v2:172.21.15.40:3300/0 3 ==== mon_map magic: 0 v1 ==== 229+0+0 (secure 0 0 0) 0x7f7d9401a770 con 0x7f7da40fd200
2023-11-17T05:21:26.365 INFO:teuthology.orchestra.run.smithi040.stderr:/usr/bin/ceph:
2023-11-17T05:21:02.106+0000 7f7daa206700 1 -- 172.21.15.40:0/2008518526 --> [v2:172.21.15.40:3300/0,v1:172.21.15.40:6789/0] -- mon_subscribe({osdmap=0}) v3 -- 0x7f7da410b4e0 con 0x7f7da40fd200
2023-11-17T05:21:26.366 INFO:teuthology.orchestra.run.smithi040.stderr:/usr/bin/ceph:
2023-11-17T05:21:02.107+0000 7f7d8bfff700 1 -- 172.21.15.40:0/2008518526 <== mon.0 v2:172.21.15.40:3300/0 4 ==== mgrmap(e 12) v1 ==== 36195+0+0 (secure 0 0 0) 0x7f7d9400f070 con 0x7f7da40fd200
2023-11-17T05:21:26.366 INFO:teuthology.orchestra.run.smithi040.stderr:/usr/bin/ceph:
2023-11-17T05:21:02.107+0000 7f7d8bfff700 1 --2- 172.21.15.40:0/2008518526 >> [v2:172.21.15.40:6800/1381511815,v1:172.21.15.40:6801/1381511815] conn(0x7f7d9002fe60 0x7f7d90032320 unknown :-1 s=NONE pgs=0 cs=0 l=1 rev1=0 rx=0 tx=0).connect
2023-11-17T05:21:26.366 INFO:teuthology.orchestra.run.smithi040.stderr:/usr/bin/ceph:
2023-11-17T05:21:02.107+0000 7f7d8bfff700 1 -- 172.21.15.40:0/2008518526 <== mon.0 v2:172.21.15.40:3300/0 5 ==== osd_map(3..3 src has 1..3) v4 ==== 1098+0+0 (secure 0 0 0) 0x7f7d940411f0 con 0x7f7da40fd200
2023-11-17T05:21:26.366 INFO:teuthology.orchestra.run.smithi040.stderr:/usr/bin/ceph:
2023-11-17T05:21:02.107+0000 7f7da2ffd700 1 --2- 172.21.15.40:0/2008518526 >> [v2:172.21.15.40:6800/1381511815,v1:172.21.15.40:6801/1381511815] conn(0x7f7d9002fe60 0x7f7d90032320 unknown :-1 s=BANNER_CONNECTING pgs=0 cs=0 l=1 rev1=0 rx=0 tx=0)._handle_peer_banner_payload supported=1 required=0
2023-11-17T05:21:26.366 INFO:teuthology.orchestra.run.smithi040.stderr:/usr/bin/ceph:
2023-11-17T05:21:02.108+0000 7f7daa206700 1 -- 172.21.15.40:0/2008518526 --> [v2:172.21.15.40:3300/0,v1:172.21.15.40:6789/0] -- mon_command({"prefix": "get_command_descriptions"} v 0) v1 -- 0x7f7da4059100 con 0x7f7da40fd200
2023-11-17T05:21:26.366 INFO:teuthology.orchestra.run.smithi040.stderr:/usr/bin/ceph:
2023-11-17T05:21:02.108+0000 7f7da2ffd700 1 --2- 172.21.15.40:0/2008518526 >> [v2:172.21.15.40:6800/1381511815,v1:172.21.15.40:6801/1381511815] conn(0x7f7d9002fe60 0x7f7d90032320 secure :-1 s=READY pgs=8 cs=0 l=1 rev1=1 rx=0x7f7d980096a0 tx=0x7f7d98006b40).ready entity=mgr.14144 client_cookie=0 server_cookie=0 in_seq=0 out_seq=0
2023-11-17T05:21:26.366 INFO:teuthology.orchestra.run.smithi040.stderr:/usr/bin/ceph:
2023-11-17T05:21:02.112+0000 7f7d8bfff700 1 -- 172.21.15.40:0/2008518526 <== mon.0 v2:172.21.15.40:3300/0 6 ==== mon_command_ack([{"prefix": "get_command_descriptions"}]=0 v0) v1 ==== 72+0+152212 (secure 0 0 0) 0x7f7d94016070 con 0x7f7da40fd200
2023-11-17T05:21:26.366 INFO:teuthology.orchestra.run.smithi040.stderr:/usr/bin/ceph:
2023-11-17T05:21:02.306+0000 7f7daa206700 1 -- 172.21.15.40:0/2008518526 --> [v2:172.21.15.40:6800/1381511815,v1:172.21.15.40:6801/1381511815] -- mgr_command(tid 0: {"prefix": "orch apply", "service_type": "alertmanager", "target": ["mon-mgr", ""]}) v1 -- 0x7f7da4104550 con 0x7f7d9002fe60
2023-11-17T05:21:26.366 INFO:teuthology.orchestra.run.smithi040.stderr:/usr/bin/ceph:
2023-11-17T05:21:02.310+0000 7f7d8bfff700 1 -- 172.21.15.40:0/2008518526 <== mgr.14144 v2:172.21.15.40:6800/1381511815 1 ==== mgr_command_reply(tid 0: 0 ) v1 ==== 8+0+33 (secure 0 0 0) 0x7f7da4104550 con 0x7f7d9002fe60
2023-11-17T05:21:26.366 INFO:teuthology.orchestra.run.smithi040.stderr:/usr/bin/ceph: Scheduled alertmanager update...
2023-11-17T05:21:26.366 INFO:teuthology.orchestra.run.smithi040.stderr:/usr/bin/ceph:
2023-11-17T05:21:02.312+0000 7f7daa206700 1 -- 172.21.15.40:0/2008518526 >> [v2:172.21.15.40:6800/1381511815,v1:172.21.15.40:6801/1381511815] conn(0x7f7d9002fe60 msgr2=0x7f7d90032320 secure :-1 s=STATE_CONNECTION_ESTABLISHED l=1).mark_down
2023-11-17T05:21:26.367 INFO:teuthology.orchestra.run.smithi040.stderr:/usr/bin/ceph:
2023-11-17T05:21:02.312+0000 7f7daa206700 1 --2- 172.21.15.40:0/2008518526 >> [v2:172.21.15.40:6800/1381511815,v1:172.21.15.40:6801/1381511815] conn(0x7f7d9002fe60 0x7f7d90032320 secure :-1 s=READY pgs=8 cs=0 l=1 rev1=1 rx=0x7f7d980096a0 tx=0x7f7d98006b40).stop
2023-11-17T05:21:26.367 INFO:teuthology.orchestra.run.smithi040.stderr:/usr/bin/ceph:
2023-11-17T05:21:02.312+0000 7f7daa206700 1 -- 172.21.15.40:0/2008518526 >> [v2:172.21.15.40:3300/0,v1:172.21.15.40:6789/0] conn(0x7f7da40fd200 msgr2=0x7f7da410a9e0 secure :-1 s=STATE_CONNECTION_ESTABLISHED l=1).mark_down
2023-11-17T05:21:26.367 INFO:teuthology.orchestra.run.smithi040.stderr:/usr/bin/ceph:
2023-11-17T05:21:02.312+0000 7f7daa206700 1 --2- 172.21.15.40:0/2008518526 >> [v2:172.21.15.40:3300/0,v1:172.21.15.40:6789/0] conn(0x7f7da40fd200 0x7f7da410a9e0 secure :-1 s=READY pgs=63 cs=0 l=1 rev1=1 rx=0x7f7d9400e040 tx=0x7f7d94006ee0).stop
2023-11-17T05:21:26.367 INFO:teuthology.orchestra.run.smithi040.stderr:/usr/bin/ceph:
2023-11-17T05:21:02.312+0000 7f7daa206700 1 -- 172.21.15.40:0/2008518526 shutdown_connections
2023-11-17T05:21:26.367 INFO:teuthology.orchestra.run.smithi040.stderr:/usr/bin/ceph:
2023-11-17T05:21:02.312+0000 7f7daa206700 1 --2- 172.21.15.40:0/2008518526 >> [v2:172.21.15.40:6800/1381511815,v1:172.21.15.40:6801/1381511815] conn(0x7f7d9002fe60 0x7f7d90032320 unknown :-1 s=CLOSED pgs=8 cs=0 l=1 rev1=1 rx=0 tx=0).stop
2023-11-17T05:21:26.367 INFO:teuthology.orchestra.run.smithi040.stderr:/usr/bin/ceph:
2023-11-17T05:21:02.312+0000 7f7daa206700 1 --2- 172.21.15.40:0/2008518526 >> [v2:172.21.15.40:3300/0,v1:172.21.15.40:6789/0] conn(0x7f7da40fd200 0x7f7da410a9e0 unknown :-1 s=CLOSED pgs=63 cs=0 l=1 rev1=1 rx=0 tx=0).stop
2023-11-17T05:21:26.367 INFO:teuthology.orchestra.run.smithi040.stderr:/usr/bin/ceph:
2023-11-17T05:21:02.312+0000 7f7daa206700 1 -- 172.21.15.40:0/2008518526 >> 172.21.15.40:0/2008518526 conn(0x7f7da40f5a80 msgr2=0x7f7da40ff290 unknown :-1 s=STATE_NONE l=0).mark_down
2023-11-17T05:21:26.367 INFO:teuthology.orchestra.run.smithi040.stderr:/usr/bin/ceph:
2023-11-17T05:21:02.312+0000 7f7daa206700 1 -- 172.21.15.40:0/2008518526 shutdown_connections
2023-11-17T05:21:26.367 INFO:teuthology.orchestra.run.smithi040.stderr:/usr/bin/ceph:
2023-11-17T05:21:02.312+0000 7f7daa206700 1 -- 172.21.15.40:0/2008518526 wait complete.
2023-11-17T05:21:26.367 INFO:teuthology.orchestra.run.smithi040.stderr:Running command: /bin/podman run --rm --ipc=host --no-hosts --net=host --entrypoint /usr/bin/ceph --init -e CONTAINER_IMAGE=docker.io/ceph/ceph:v16.2.4 -e NODE_NAME=smithi040 -e CEPH_USE_RANDOM_NONCE=1 -v /var/log/ceph/ed6470e2-8508-11ee-8dbe-212e2dc638e7:/var/log/ceph:z -v /tmp/ceph-tmpzx79_7_h:/etc/ceph/ceph.client.admin.keyring:z -v /tmp/ceph-tmpru9tjirw:/etc/ceph/ceph.conf:z docker.io/ceph/ceph:v16.2.4 config set mgr mgr/cephadm/container_init True --force
2023-11-17T05:21:26.367 INFO:teuthology.orchestra.run.smithi040.stderr:/usr/bin/ceph:
2023-11-17T05:21:03.025+0000 7f190925a700 1 Processor -- start
2023-11-17T05:21:26.368 INFO:teuthology.orchestra.run.smithi040.stderr:/usr/bin/ceph:
2023-11-17T05:21:03.025+0000 7f190925a700 1 -- start start
2023-11-17T05:21:26.368 INFO:teuthology.orchestra.run.smithi040.stderr:/usr/bin/ceph:
2023-11-17T05:21:03.025+0000 7f190925a700 1 --2- >> [v2:172.21.15.40:3300/0,v1:172.21.15.40:6789/0] conn(0x7f190406fc70 0x7f1904100c00 unknown :-1 s=NONE pgs=0 cs=0 l=0 rev1=0 rx=0 tx=0).connect
2023-11-17T05:21:26.368 INFO:teuthology.orchestra.run.smithi040.stderr:/usr/bin/ceph:
2023-11-17T05:21:03.025+0000 7f190925a700 1 -- --> [v2:172.21.15.40:3300/0,v1:172.21.15.40:6789/0] -- mon_getmap magic: 0 v1 -- 0x7f19040fc680 con 0x7f190406fc70
2023-11-17T05:21:26.368 INFO:teuthology.orchestra.run.smithi040.stderr:/usr/bin/ceph:
2023-11-17T05:21:03.026+0000 7f1902d9d700 1 --2- >> [v2:172.21.15.40:3300/0,v1:172.21.15.40:6789/0] conn(0x7f190406fc70 0x7f1904100c00 unknown :-1 s=BANNER_CONNECTING pgs=0 cs=0 l=0 rev1=0 rx=0 tx=0)._handle_peer_banner_payload supported=1 required=0
2023-11-17T05:21:26.368 INFO:teuthology.orchestra.run.smithi040.stderr:/usr/bin/ceph:
2023-11-17T05:21:03.026+0000 7f1902d9d700 1 --2- >> [v2:172.21.15.40:3300/0,v1:172.21.15.40:6789/0] conn(0x7f190406fc70 0x7f1904100c00 unknown :-1 s=HELLO_CONNECTING pgs=0 cs=0 l=0 rev1=1 rx=0 tx=0).handle_hello peer v2:172.21.15.40:3300/0 says I am v2:172.21.15.40:60842/0 (socket says 172.21.15.40:60842)
2023-11-17T05:21:26.368 INFO:teuthology.orchestra.run.smithi040.stderr:/usr/bin/ceph:
2023-11-17T05:21:03.026+0000 7f1902d9d700 1 -- 172.21.15.40:0/3229713827 learned_addr learned my addr 172.21.15.40:0/3229713827 (peer_addr_for_me v2:172.21.15.40:0/0)
2023-11-17T05:21:26.368 INFO:teuthology.orchestra.run.smithi040.stderr:/usr/bin/ceph:
2023-11-17T05:21:03.026+0000 7f1902d9d700 1 -- 172.21.15.40:0/3229713827 --> [v2:172.21.15.40:3300/0,v1:172.21.15.40:6789/0] -- mon_subscribe({config=0+,monmap=0+}) v3 -- 0x7f19041010f0 con 0x7f190406fc70
2023-11-17T05:21:26.368 INFO:teuthology.orchestra.run.smithi040.stderr:/usr/bin/ceph:
2023-11-17T05:21:03.026+0000 7f1902d9d700 1 --2- 172.21.15.40:0/3229713827 >> [v2:172.21.15.40:3300/0,v1:172.21.15.40:6789/0] conn(0x7f190406fc70 0x7f1904100c00 secure :-1 s=READY pgs=64 cs=0 l=1 rev1=1 rx=0x7f18f400b5f0 tx=0x7f18f4006ee0).ready entity=mon.0 client_cookie=1b4d81900db48148 server_cookie=0 in_seq=0 out_seq=0
2023-11-17T05:21:26.368 INFO:teuthology.orchestra.run.smithi040.stderr:/usr/bin/ceph:
2023-11-17T05:21:03.027+0000 7f190259c700 1 -- 172.21.15.40:0/3229713827 <== mon.0 v2:172.21.15.40:3300/0 1 ==== mon_map magic: 0 v1 ==== 229+0+0 (secure 0 0 0) 0x7f18f400d600 con 0x7f190406fc70
2023-11-17T05:21:26.368 INFO:teuthology.orchestra.run.smithi040.stderr:/usr/bin/ceph:
2023-11-17T05:21:03.027+0000 7f190259c700 1 -- 172.21.15.40:0/3229713827 <== mon.0 v2:172.21.15.40:3300/0 2 ==== config(25 keys) v1 ==== 1010+0+0 (secure 0 0 0) 0x7f18f400dbd0 con 0x7f190406fc70
2023-11-17T05:21:26.368 INFO:teuthology.orchestra.run.smithi040.stderr:/usr/bin/ceph:
2023-11-17T05:21:03.027+0000 7f190259c700 1 -- 172.21.15.40:0/3229713827 <== mon.0 v2:172.21.15.40:3300/0 3 ==== mon_map magic: 0 v1 ==== 229+0+0 (secure 0 0 0) 0x7f18f4011c00 con 0x7f190406fc70
2023-11-17T05:21:26.368 INFO:teuthology.orchestra.run.smithi040.stderr:/usr/bin/ceph:
2023-11-17T05:21:03.027+0000 7f190925a700 1 -- 172.21.15.40:0/3229713827 >> [v2:172.21.15.40:3300/0,v1:172.21.15.40:6789/0] conn(0x7f190406fc70 msgr2=0x7f1904100c00 secure :-1 s=STATE_CONNECTION_ESTABLISHED l=1).mark_down
2023-11-17T05:21:26.368 INFO:teuthology.orchestra.run.smithi040.stderr:/usr/bin/ceph:
2023-11-17T05:21:03.027+0000 7f190925a700 1 --2- 172.21.15.40:0/3229713827 >> [v2:172.21.15.40:3300/0,v1:172.21.15.40:6789/0] conn(0x7f190406fc70 0x7f1904100c00 secure :-1 s=READY pgs=64 cs=0 l=1 rev1=1 rx=0x7f18f400b5f0 tx=0x7f18f4006ee0).stop
2023-11-17T05:21:26.368 INFO:teuthology.orchestra.run.smithi040.stderr:/usr/bin/ceph:
2023-11-17T05:21:03.027+0000 7f190925a700 1 -- 172.21.15.40:0/3229713827 shutdown_connections
2023-11-17T05:21:26.369 INFO:teuthology.orchestra.run.smithi040.stderr:/usr/bin/ceph:
2023-11-17T05:21:03.027+0000 7f190925a700 1 --2- 172.21.15.40:0/3229713827 >> [v2:172.21.15.40:3300/0,v1:172.21.15.40:6789/0] conn(0x7f190406fc70 0x7f1904100c00 unknown :-1 s=CLOSED pgs=64 cs=0 l=1 rev1=1 rx=0 tx=0).stop
2023-11-17T05:21:26.369 INFO:teuthology.orchestra.run.smithi040.stderr:/usr/bin/ceph:
2023-11-17T05:21:03.027+0000 7f190925a700 1 -- 172.21.15.40:0/3229713827 >> 172.21.15.40:0/3229713827 conn(0x7f19040f6280 msgr2=0x7f19040f86a0 unknown :-1 s=STATE_NONE l=0).mark_down
2023-11-17T05:21:26.369 INFO:teuthology.orchestra.run.smithi040.stderr:/usr/bin/ceph:
2023-11-17T05:21:03.027+0000 7f190925a700 1 -- 172.21.15.40:0/3229713827 shutdown_connections
2023-11-17T05:21:26.369 INFO:teuthology.orchestra.run.smithi040.stderr:/usr/bin/ceph:
2023-11-17T05:21:03.027+0000 7f190925a700 1 -- 172.21.15.40:0/3229713827 wait complete.
2023-11-17T05:21:26.369 INFO:teuthology.orchestra.run.smithi040.stderr:/usr/bin/ceph:
2023-11-17T05:21:03.028+0000 7f190925a700 1 Processor -- start
2023-11-17T05:21:26.369 INFO:teuthology.orchestra.run.smithi040.stderr:/usr/bin/ceph:
2023-11-17T05:21:03.028+0000 7f190925a700 1 -- start start
2023-11-17T05:21:26.369 INFO:teuthology.orchestra.run.smithi040.stderr:/usr/bin/ceph:
2023-11-17T05:21:03.029+0000 7f190925a700 1 --2- >> [v2:172.21.15.40:3300/0,v1:172.21.15.40:6789/0] conn(0x7f190406fc70 0x7f190410cbe0 unknown :-1 s=NONE pgs=0 cs=0 l=1 rev1=0 rx=0 tx=0).connect
2023-11-17T05:21:26.369 INFO:teuthology.orchestra.run.smithi040.stderr:/usr/bin/ceph:
2023-11-17T05:21:03.029+0000 7f190925a700 1 -- --> [v2:172.21.15.40:3300/0,v1:172.21.15.40:6789/0] -- mon_getmap magic: 0 v1 -- 0x7f190410d0d0 con 0x7f190406fc70
2023-11-17T05:21:26.369 INFO:teuthology.orchestra.run.smithi040.stderr:/usr/bin/ceph:
2023-11-17T05:21:03.029+0000 7f1902d9d700 1 --2- >> [v2:172.21.15.40:3300/0,v1:172.21.15.40:6789/0] conn(0x7f190406fc70 0x7f190410cbe0 unknown :-1 s=BANNER_CONNECTING pgs=0 cs=0 l=1 rev1=0 rx=0 tx=0)._handle_peer_banner_payload supported=1 required=0
2023-11-17T05:21:26.369 INFO:teuthology.orchestra.run.smithi040.stderr:/usr/bin/ceph:
2023-11-17T05:21:03.029+0000 7f1902d9d700 1 --2- >> [v2:172.21.15.40:3300/0,v1:172.21.15.40:6789/0] conn(0x7f190406fc70 0x7f190410cbe0 unknown :-1 s=HELLO_CONNECTING pgs=0 cs=0 l=1 rev1=1 rx=0 tx=0).handle_hello peer v2:172.21.15.40:3300/0 says I am v2:172.21.15.40:60844/0 (socket says 172.21.15.40:60844)
2023-11-17T05:21:26.369 INFO:teuthology.orchestra.run.smithi040.stderr:/usr/bin/ceph:
2023-11-17T05:21:03.029+0000 7f1902d9d700 1 -- 172.21.15.40:0/1383780309 learned_addr learned my addr 172.21.15.40:0/1383780309 (peer_addr_for_me v2:172.21.15.40:0/0)
2023-11-17T05:21:26.369 INFO:teuthology.orchestra.run.smithi040.stderr:/usr/bin/ceph:
2023-11-17T05:21:03.029+0000 7f1902d9d700 1 -- 172.21.15.40:0/1383780309 --> [v2:172.21.15.40:3300/0,v1:172.21.15.40:6789/0] -- mon_subscribe({config=0+,monmap=0+}) v3 -- 0x7f18f400b200 con 0x7f190406fc70
2023-11-17T05:21:26.369 INFO:teuthology.orchestra.run.smithi040.stderr:/usr/bin/ceph:
2023-11-17T05:21:03.029+0000 7f1902d9d700 1 --2- 172.21.15.40:0/1383780309 >> [v2:172.21.15.40:3300/0,v1:172.21.15.40:6789/0] conn(0x7f190406fc70 0x7f190410cbe0 secure :-1 s=READY pgs=65 cs=0 l=1 rev1=1 rx=0x7f18f4000c00 tx=0x7f18f4006ee0).ready entity=mon.0 client_cookie=0 server_cookie=0 in_seq=0 out_seq=0
2023-11-17T05:21:26.370 INFO:teuthology.orchestra.run.smithi040.stderr:/usr/bin/ceph:
2023-11-17T05:21:03.029+0000 7f18fbfff700 1 -- 172.21.15.40:0/1383780309 <== mon.0 v2:172.21.15.40:3300/0 1 ==== mon_map magic: 0 v1 ==== 229+0+0 (secure 0 0 0) 0x7f18f4011690 con 0x7f190406fc70
2023-11-17T05:21:26.370 INFO:teuthology.orchestra.run.smithi040.stderr:/usr/bin/ceph:
2023-11-17T05:21:03.029+0000 7f18fbfff700 1 -- 172.21.15.40:0/1383780309 <== mon.0 v2:172.21.15.40:3300/0 2 ==== config(25 keys) v1 ==== 1010+0+0 (secure 0 0 0) 0x7f18f400d9f0 con 0x7f190406fc70
2023-11-17T05:21:26.370 INFO:teuthology.orchestra.run.smithi040.stderr:/usr/bin/ceph:
2023-11-17T05:21:03.029+0000 7f190925a700 1 -- 172.21.15.40:0/1383780309 --> [v2:172.21.15.40:3300/0,v1:172.21.15.40:6789/0] -- mon_subscribe({mgrmap=0+}) v3 -- 0x7f190410d2d0 con 0x7f190406fc70
2023-11-17T05:21:26.370 INFO:teuthology.orchestra.run.smithi040.stderr:/usr/bin/ceph:
2023-11-17T05:21:03.029+0000 7f18fbfff700 1 -- 172.21.15.40:0/1383780309 <== mon.0 v2:172.21.15.40:3300/0 3 ==== mon_map magic: 0 v1 ==== 229+0+0 (secure 0 0 0) 0x7f18f401b710 con 0x7f190406fc70
2023-11-17T05:21:26.370 INFO:teuthology.orchestra.run.smithi040.stderr:/usr/bin/ceph:
2023-11-17T05:21:03.030+0000 7f190925a700 1 -- 172.21.15.40:0/1383780309 --> [v2:172.21.15.40:3300/0,v1:172.21.15.40:6789/0] -- mon_subscribe({osdmap=0}) v3 -- 0x7f190410d6e0 con 0x7f190406fc70
2023-11-17T05:21:26.370 INFO:teuthology.orchestra.run.smithi040.stderr:/usr/bin/ceph:
2023-11-17T05:21:03.030+0000 7f190925a700 1 -- 172.21.15.40:0/1383780309 --> [v2:172.21.15.40:3300/0,v1:172.21.15.40:6789/0] -- mon_command({"prefix": "get_command_descriptions"} v 0) v1 -- 0x7f1904045ad0 con 0x7f190406fc70
2023-11-17T05:21:26.370 INFO:teuthology.orchestra.run.smithi040.stderr:/usr/bin/ceph:
2023-11-17T05:21:03.031+0000 7f18fbfff700 1 -- 172.21.15.40:0/1383780309 <== mon.0 v2:172.21.15.40:3300/0 4 ==== mgrmap(e 12) v1 ==== 36195+0+0 (secure 0 0 0) 0x7f18f400f070 con 0x7f190406fc70
2023-11-17T05:21:26.370 INFO:teuthology.orchestra.run.smithi040.stderr:/usr/bin/ceph:
2023-11-17T05:21:03.031+0000 7f18fbfff700 1 --2- 172.21.15.40:0/1383780309 >> [v2:172.21.15.40:6800/1381511815,v1:172.21.15.40:6801/1381511815] conn(0x7f18e402fe60 0x7f18e4032320 unknown :-1 s=NONE pgs=0 cs=0 l=1 rev1=0 rx=0 tx=0).connect
2023-11-17T05:21:26.370 INFO:teuthology.orchestra.run.smithi040.stderr:/usr/bin/ceph:
2023-11-17T05:21:03.031+0000 7f18fbfff700 1 -- 172.21.15.40:0/1383780309 <== mon.0 v2:172.21.15.40:3300/0 5 ==== osd_map(3..3 src has 1..3) v4 ==== 1098+0+0 (secure 0 0 0) 0x7f18f40413e0 con 0x7f190406fc70
2023-11-17T05:21:26.370 INFO:teuthology.orchestra.run.smithi040.stderr:/usr/bin/ceph:
2023-11-17T05:21:03.031+0000 7f18fa59c700 1 --2- 172.21.15.40:0/1383780309 >> [v2:172.21.15.40:6800/1381511815,v1:172.21.15.40:6801/1381511815] conn(0x7f18e402fe60 0x7f18e4032320 unknown :-1 s=BANNER_CONNECTING pgs=0 cs=0 l=1 rev1=0 rx=0 tx=0)._handle_peer_banner_payload supported=1 required=0
2023-11-17T05:21:26.370 INFO:teuthology.orchestra.run.smithi040.stderr:/usr/bin/ceph:
2023-11-17T05:21:03.031+0000 7f18fa59c700 1 --2- 172.21.15.40:0/1383780309 >> [v2:172.21.15.40:6800/1381511815,v1:172.21.15.40:6801/1381511815] conn(0x7f18e402fe60 0x7f18e4032320 secure :-1 s=READY pgs=9 cs=0 l=1 rev1=1 rx=0x7f18ec0096a0 tx=0x7f18ec006b40).ready entity=mgr.14144 client_cookie=0 server_cookie=0 in_seq=0 out_seq=0
2023-11-17T05:21:26.370 INFO:teuthology.orchestra.run.smithi040.stderr:/usr/bin/ceph:
2023-11-17T05:21:03.035+0000 7f18fbfff700 1 -- 172.21.15.40:0/1383780309 <== mon.0 v2:172.21.15.40:3300/0 6 ==== mon_command_ack([{"prefix": "get_command_descriptions"}]=0 v0) v1 ==== 72+0+152212 (secure 0 0 0) 0x7f18f40224f0 con 0x7f190406fc70
2023-11-17T05:21:26.371 INFO:teuthology.orchestra.run.smithi040.stderr:/usr/bin/ceph:
2023-11-17T05:21:03.200+0000 7f190925a700 1 -- 172.21.15.40:0/1383780309 --> [v2:172.21.15.40:3300/0,v1:172.21.15.40:6789/0] -- mon_command([{prefix=config set, name=mgr/cephadm/container_init}] v 0) v1 -- 0x7f1904101e20 con 0x7f190406fc70
2023-11-17T05:21:26.371 INFO:teuthology.orchestra.run.smithi040.stderr:/usr/bin/ceph:
2023-11-17T05:21:03.203+0000 7f18fbfff700 1 -- 172.21.15.40:0/1383780309 <== mon.0 v2:172.21.15.40:3300/0 7 ==== mon_command_ack([{prefix=config set, name=mgr/cephadm/container_init}]=0 v8)=0 v8) v1 ==== 142+0+0 (secure 0 0 0) 0x7f18f4016070 con 0x7f190406fc70
2023-11-17T05:21:26.371 INFO:teuthology.orchestra.run.smithi040.stderr:/usr/bin/ceph:
2023-11-17T05:21:03.205+0000 7f190925a700 1 -- 172.21.15.40:0/1383780309 >> [v2:172.21.15.40:6800/1381511815,v1:172.21.15.40:6801/1381511815] conn(0x7f18e402fe60 msgr2=0x7f18e4032320 secure :-1 s=STATE_CONNECTION_ESTABLISHED l=1).mark_down
2023-11-17T05:21:26.371 INFO:teuthology.orchestra.run.smithi040.stderr:/usr/bin/ceph:
2023-11-17T05:21:03.205+0000 7f190925a700 1 --2- 172.21.15.40:0/1383780309 >> [v2:172.21.15.40:6800/1381511815,v1:172.21.15.40:6801/1381511815] conn(0x7f18e402fe60 0x7f18e4032320 secure :-1 s=READY pgs=9 cs=0 l=1 rev1=1 rx=0x7f18ec0096a0 tx=0x7f18ec006b40).stop
2023-11-17T05:21:26.371 INFO:teuthology.orchestra.run.smithi040.stderr:/usr/bin/ceph:
2023-11-17T05:21:03.205+0000 7f190925a700 1 -- 172.21.15.40:0/1383780309 >> [v2:172.21.15.40:3300/0,v1:172.21.15.40:6789/0] conn(0x7f190406fc70 msgr2=0x7f190410cbe0 secure :-1 s=STATE_CONNECTION_ESTABLISHED l=1).mark_down
2023-11-17T05:21:26.371 INFO:teuthology.orchestra.run.smithi040.stderr:/usr/bin/ceph:
2023-11-17T05:21:03.205+0000 7f190925a700 1 --2- 172.21.15.40:0/1383780309 >> [v2:172.21.15.40:3300/0,v1:172.21.15.40:6789/0] conn(0x7f190406fc70 0x7f190410cbe0 secure :-1 s=READY pgs=65 cs=0 l=1 rev1=1 rx=0x7f18f4000c00 tx=0x7f18f4006ee0).stop
2023-11-17T05:21:26.371 INFO:teuthology.orchestra.run.smithi040.stderr:/usr/bin/ceph:
2023-11-17T05:21:03.205+0000 7f190925a700 1 -- 172.21.15.40:0/1383780309 shutdown_connections
2023-11-17T05:21:26.371 INFO:teuthology.orchestra.run.smithi040.stderr:/usr/bin/ceph:
2023-11-17T05:21:03.205+0000 7f190925a700 1 --2- 172.21.15.40:0/1383780309 >> [v2:172.21.15.40:6800/1381511815,v1:172.21.15.40:6801/1381511815] conn(0x7f18e402fe60 0x7f18e4032320 unknown :-1 s=CLOSED pgs=9 cs=0 l=1 rev1=1 rx=0 tx=0).stop
2023-11-17T05:21:26.371 INFO:teuthology.orchestra.run.smithi040.stderr:/usr/bin/ceph:
2023-11-17T05:21:03.205+0000 7f190925a700 1 --2- 172.21.15.40:0/1383780309 >> [v2:172.21.15.40:3300/0,v1:172.21.15.40:6789/0] conn(0x7f190406fc70 0x7f190410cbe0 unknown :-1 s=CLOSED pgs=65 cs=0 l=1 rev1=1 rx=0 tx=0).stop
2023-11-17T05:21:26.371 INFO:teuthology.orchestra.run.smithi040.stderr:/usr/bin/ceph:
2023-11-17T05:21:03.205+0000 7f190925a700 1 -- 172.21.15.40:0/1383780309 >> 172.21.15.40:0/1383780309 conn(0x7f19040f6280 msgr2=0x7f19040f7e80 unknown :-1 s=STATE_NONE l=0).mark_down
2023-11-17T05:21:26.371 INFO:teuthology.orchestra.run.smithi040.stderr:/usr/bin/ceph:
2023-11-17T05:21:03.206+0000 7f190925a700 1 -- 172.21.15.40:0/1383780309 shutdown_connections
2023-11-17T05:21:26.371 INFO:teuthology.orchestra.run.smithi040.stderr:/usr/bin/ceph:
2023-11-17T05:21:03.206+0000 7f190925a700 1 -- 172.21.15.40:0/1383780309 wait complete.
2023-11-17T05:21:26.372 INFO:teuthology.orchestra.run.smithi040.stderr:Running command: /bin/podman run --rm --ipc=host --no-hosts --net=host --entrypoint /usr/bin/ceph --init -e CONTAINER_IMAGE=docker.io/ceph/ceph:v16.2.4 -e NODE_NAME=smithi040 -e CEPH_USE_RANDOM_NONCE=1 -v /var/log/ceph/ed6470e2-8508-11ee-8dbe-212e2dc638e7:/var/log/ceph:z -v /tmp/ceph-tmpzx79_7_h:/etc/ceph/ceph.client.admin.keyring:z -v /tmp/ceph-tmpru9tjirw:/etc/ceph/ceph.conf:z docker.io/ceph/ceph:v16.2.4 config set mgr mgr/dashboard/ssl_server_port 8443
2023-11-17T05:21:26.372 INFO:teuthology.orchestra.run.smithi040.stderr:/usr/bin/ceph:
2023-11-17T05:21:03.950+0000 7f274397d700 1 Processor -- start
2023-11-17T05:21:26.372 INFO:teuthology.orchestra.run.smithi040.stderr:/usr/bin/ceph:
2023-11-17T05:21:03.950+0000 7f274397d700 1 -- start start
2023-11-17T05:21:26.372 INFO:teuthology.orchestra.run.smithi040.stderr:/usr/bin/ceph:
2023-11-17T05:21:03.951+0000 7f274397d700 1 --2- >> [v2:172.21.15.40:3300/0,v1:172.21.15.40:6789/0] conn(0x7f273c06fc50 0x7f273c100c20 unknown :-1 s=NONE pgs=0 cs=0 l=0 rev1=0 rx=0 tx=0).connect
2023-11-17T05:21:26.372 INFO:teuthology.orchestra.run.smithi040.stderr:/usr/bin/ceph:
2023-11-17T05:21:03.951+0000 7f274397d700 1 -- --> [v2:172.21.15.40:3300/0,v1:172.21.15.40:6789/0] -- mon_getmap magic: 0 v1 -- 0x7f273c0fc6a0 con 0x7f273c06fc50
2023-11-17T05:21:26.372 INFO:teuthology.orchestra.run.smithi040.stderr:/usr/bin/ceph:
2023-11-17T05:21:03.951+0000 7f2741719700 1 --2- >> [v2:172.21.15.40:3300/0,v1:172.21.15.40:6789/0] conn(0x7f273c06fc50 0x7f273c100c20 unknown :-1 s=BANNER_CONNECTING pgs=0 cs=0 l=0 rev1=0 rx=0 tx=0)._handle_peer_banner_payload supported=1 required=0
2023-11-17T05:21:26.372 INFO:teuthology.orchestra.run.smithi040.stderr:/usr/bin/ceph:
2023-11-17T05:21:03.951+0000 7f2741719700 1 --2- >> [v2:172.21.15.40:3300/0,v1:172.21.15.40:6789/0] conn(0x7f273c06fc50 0x7f273c100c20 unknown :-1 s=HELLO_CONNECTING pgs=0 cs=0 l=0 rev1=1 rx=0 tx=0).handle_hello peer v2:172.21.15.40:3300/0 says I am v2:172.21.15.40:60860/0 (socket says 172.21.15.40:60860)
2023-11-17T05:21:26.372 INFO:teuthology.orchestra.run.smithi040.stderr:/usr/bin/ceph:
2023-11-17T05:21:03.951+0000 7f2741719700 1 -- 172.21.15.40:0/601550514 learned_addr learned my addr 172.21.15.40:0/601550514 (peer_addr_for_me v2:172.21.15.40:0/0)
2023-11-17T05:21:26.372 INFO:teuthology.orchestra.run.smithi040.stderr:/usr/bin/ceph:
2023-11-17T05:21:03.951+0000 7f2741719700 1 -- 172.21.15.40:0/601550514 --> [v2:172.21.15.40:3300/0,v1:172.21.15.40:6789/0] -- mon_subscribe({config=0+,monmap=0+}) v3 -- 0x7f273c101110 con 0x7f273c06fc50
2023-11-17T05:21:26.372 INFO:teuthology.orchestra.run.smithi040.stderr:/usr/bin/ceph:
2023-11-17T05:21:03.951+0000 7f2741719700 1 --2- 172.21.15.40:0/601550514 >> [v2:172.21.15.40:3300/0,v1:172.21.15.40:6789/0] conn(0x7f273c06fc50 0x7f273c100c20 secure :-1 s=READY pgs=66 cs=0 l=1 rev1=1 rx=0x7f273800b5f0 tx=0x7f2738006ee0).ready entity=mon.0 client_cookie=382f3352e4e90bec server_cookie=0 in_seq=0 out_seq=0
2023-11-17T05:21:26.372 INFO:teuthology.orchestra.run.smithi040.stderr:/usr/bin/ceph:
2023-11-17T05:21:03.951+0000 7f272bfff700 1 -- 172.21.15.40:0/601550514 <== mon.0 v2:172.21.15.40:3300/0 1 ==== mon_map magic: 0 v1 ==== 229+0+0 (secure 0 0 0) 0x7f273800d600 con 0x7f273c06fc50
2023-11-17T05:21:26.372 INFO:teuthology.orchestra.run.smithi040.stderr:/usr/bin/ceph:
2023-11-17T05:21:03.952+0000 7f272bfff700 1 -- 172.21.15.40:0/601550514 <== mon.0 v2:172.21.15.40:3300/0 2 ==== config(25 keys) v1 ==== 1010+0+0 (secure 0 0 0) 0x7f273800dbd0 con 0x7f273c06fc50
2023-11-17T05:21:26.372 INFO:teuthology.orchestra.run.smithi040.stderr:/usr/bin/ceph:
2023-11-17T05:21:03.952+0000 7f272bfff700 1 -- 172.21.15.40:0/601550514 <== mon.0 v2:172.21.15.40:3300/0 3 ==== mon_map magic: 0 v1 ==== 229+0+0 (secure 0 0 0) 0x7f2738011c00 con 0x7f273c06fc50
2023-11-17T05:21:26.372 INFO:teuthology.orchestra.run.smithi040.stderr:/usr/bin/ceph:
2023-11-17T05:21:03.952+0000 7f274397d700 1 -- 172.21.15.40:0/601550514 >> [v2:172.21.15.40:3300/0,v1:172.21.15.40:6789/0] conn(0x7f273c06fc50 msgr2=0x7f273c100c20 secure :-1 s=STATE_CONNECTION_ESTABLISHED l=1).mark_down
2023-11-17T05:21:26.373 INFO:teuthology.orchestra.run.smithi040.stderr:/usr/bin/ceph:
2023-11-17T05:21:03.952+0000 7f274397d700 1 --2- 172.21.15.40:0/601550514 >> [v2:172.21.15.40:3300/0,v1:172.21.15.40:6789/0] conn(0x7f273c06fc50 0x7f273c100c20 secure :-1 s=READY pgs=66 cs=0 l=1 rev1=1 rx=0x7f273800b5f0 tx=0x7f2738006ee0).stop
2023-11-17T05:21:26.373 INFO:teuthology.orchestra.run.smithi040.stderr:/usr/bin/ceph:
2023-11-17T05:21:03.952+0000 7f274397d700 1 -- 172.21.15.40:0/601550514 shutdown_connections
2023-11-17T05:21:26.373 INFO:teuthology.orchestra.run.smithi040.stderr:/usr/bin/ceph:
2023-11-17T05:21:03.952+0000 7f274397d700 1 --2- 172.21.15.40:0/601550514 >> [v2:172.21.15.40:3300/0,v1:172.21.15.40:6789/0] conn(0x7f273c06fc50 0x7f273c100c20 unknown :-1 s=CLOSED pgs=66 cs=0 l=1 rev1=1 rx=0 tx=0).stop
2023-11-17T05:21:26.373 INFO:teuthology.orchestra.run.smithi040.stderr:/usr/bin/ceph:
2023-11-17T05:21:03.952+0000 7f274397d700 1 -- 172.21.15.40:0/601550514 >> 172.21.15.40:0/601550514 conn(0x7f273c0f6280 msgr2=0x7f273c0f86a0 unknown :-1 s=STATE_NONE l=0).mark_down
2023-11-17T05:21:26.373 INFO:teuthology.orchestra.run.smithi040.stderr:/usr/bin/ceph:
2023-11-17T05:21:03.952+0000 7f274397d700 1 -- 172.21.15.40:0/601550514 shutdown_connections
2023-11-17T05:21:26.373 INFO:teuthology.orchestra.run.smithi040.stderr:/usr/bin/ceph:
2023-11-17T05:21:03.952+0000 7f274397d700 1 -- 172.21.15.40:0/601550514 wait complete.
2023-11-17T05:21:26.373 INFO:teuthology.orchestra.run.smithi040.stderr:/usr/bin/ceph:
2023-11-17T05:21:03.953+0000 7f274397d700 1 Processor -- start
2023-11-17T05:21:26.373 INFO:teuthology.orchestra.run.smithi040.stderr:/usr/bin/ceph:
2023-11-17T05:21:03.953+0000 7f274397d700 1 -- start start
2023-11-17T05:21:26.373 INFO:teuthology.orchestra.run.smithi040.stderr:/usr/bin/ceph:
2023-11-17T05:21:03.953+0000 7f274397d700 1 --2- >> [v2:172.21.15.40:3300/0,v1:172.21.15.40:6789/0] conn(0x7f273c06fc50 0x7f273c10ccc0 unknown :-1 s=NONE pgs=0 cs=0 l=1 rev1=0 rx=0 tx=0).connect
2023-11-17T05:21:26.373 INFO:teuthology.orchestra.run.smithi040.stderr:/usr/bin/ceph:
2023-11-17T05:21:03.953+0000 7f274397d700 1 -- --> [v2:172.21.15.40:3300/0,v1:172.21.15.40:6789/0] -- mon_getmap magic: 0 v1 -- 0x7f273c10d1b0 con 0x7f273c06fc50
2023-11-17T05:21:26.373 INFO:teuthology.orchestra.run.smithi040.stderr:/usr/bin/ceph:
2023-11-17T05:21:03.953+0000 7f2741719700 1 --2- >> [v2:172.21.15.40:3300/0,v1:172.21.15.40:6789/0] conn(0x7f273c06fc50 0x7f273c10ccc0 unknown :-1 s=BANNER_CONNECTING pgs=0 cs=0 l=1 rev1=0 rx=0 tx=0)._handle_peer_banner_payload supported=1 required=0
2023-11-17T05:21:26.373 INFO:teuthology.orchestra.run.smithi040.stderr:/usr/bin/ceph:
2023-11-17T05:21:03.954+0000 7f2741719700 1 --2- >> [v2:172.21.15.40:3300/0,v1:172.21.15.40:6789/0] conn(0x7f273c06fc50 0x7f273c10ccc0 unknown :-1 s=HELLO_CONNECTING pgs=0 cs=0 l=1 rev1=1 rx=0 tx=0).handle_hello peer v2:172.21.15.40:3300/0 says I am v2:172.21.15.40:60874/0 (socket says 172.21.15.40:60874)
2023-11-17T05:21:26.373 INFO:teuthology.orchestra.run.smithi040.stderr:/usr/bin/ceph:
2023-11-17T05:21:03.954+0000 7f2741719700 1 -- 172.21.15.40:0/2511549213 learned_addr learned my addr 172.21.15.40:0/2511549213 (peer_addr_for_me v2:172.21.15.40:0/0)
2023-11-17T05:21:26.374 INFO:teuthology.orchestra.run.smithi040.stderr:/usr/bin/ceph:
2023-11-17T05:21:03.954+0000 7f2741719700 1 -- 172.21.15.40:0/2511549213 --> [v2:172.21.15.40:3300/0,v1:172.21.15.40:6789/0] -- mon_subscribe({config=0+,monmap=0+}) v3 -- 0x7f273800b200 con 0x7f273c06fc50
2023-11-17T05:21:26.374 INFO:teuthology.orchestra.run.smithi040.stderr:/usr/bin/ceph:
2023-11-17T05:21:03.954+0000 7f2741719700 1 --2- 172.21.15.40:0/2511549213 >> [v2:172.21.15.40:3300/0,v1:172.21.15.40:6789/0] conn(0x7f273c06fc50 0x7f273c10ccc0 secure :-1 s=READY pgs=67 cs=0 l=1 rev1=1 rx=0x7f273800b1d0 tx=0x7f2738006ee0).ready entity=mon.0 client_cookie=0 server_cookie=0 in_seq=0 out_seq=0
2023-11-17T05:21:26.374 INFO:teuthology.orchestra.run.smithi040.stderr:/usr/bin/ceph:
2023-11-17T05:21:03.954+0000 7f2729ffb700 1 -- 172.21.15.40:0/2511549213 <== mon.0 v2:172.21.15.40:3300/0 1 ==== mon_map magic: 0 v1 ==== 229+0+0 (secure 0 0 0) 0x7f2738011690 con 0x7f273c06fc50
2023-11-17T05:21:26.374 INFO:teuthology.orchestra.run.smithi040.stderr:/usr/bin/ceph:
2023-11-17T05:21:03.954+0000 7f274397d700 1 -- 172.21.15.40:0/2511549213 --> [v2:172.21.15.40:3300/0,v1:172.21.15.40:6789/0] -- mon_subscribe({mgrmap=0+}) v3 -- 0x7f273c10d3b0 con 0x7f273c06fc50
2023-11-17T05:21:26.374 INFO:teuthology.orchestra.run.smithi040.stderr:/usr/bin/ceph:
2023-11-17T05:21:03.954+0000 7f2729ffb700 1 -- 172.21.15.40:0/2511549213 <== mon.0 v2:172.21.15.40:3300/0 2 ==== config(25 keys) v1 ==== 1010+0+0 (secure 0 0 0) 0x7f273801b880 con 0x7f273c06fc50
2023-11-17T05:21:26.374 INFO:teuthology.orchestra.run.smithi040.stderr:/usr/bin/ceph:
2023-11-17T05:21:03.954+0000 7f2729ffb700 1 -- 172.21.15.40:0/2511549213 <== mon.0 v2:172.21.15.40:3300/0 3 ==== mon_map magic: 0 v1 ==== 229+0+0 (secure 0 0 0) 0x7f273801a650 con 0x7f273c06fc50
2023-11-17T05:21:26.374 INFO:teuthology.orchestra.run.smithi040.stderr:/usr/bin/ceph:
2023-11-17T05:21:03.955+0000 7f274397d700 1 -- 172.21.15.40:0/2511549213 --> [v2:172.21.15.40:3300/0,v1:172.21.15.40:6789/0] -- mon_subscribe({osdmap=0}) v3 -- 0x7f273c10d7c0 con 0x7f273c06fc50
2023-11-17T05:21:26.374 INFO:teuthology.orchestra.run.smithi040.stderr:/usr/bin/ceph:
2023-11-17T05:21:03.955+0000 7f2729ffb700 1 -- 172.21.15.40:0/2511549213 <== mon.0 v2:172.21.15.40:3300/0 4 ==== mgrmap(e 12) v1 ==== 36195+0+0 (secure 0 0 0) 0x7f273800f070 con 0x7f273c06fc50
2023-11-17T05:21:26.374 INFO:teuthology.orchestra.run.smithi040.stderr:/usr/bin/ceph:
2023-11-17T05:21:03.956+0000 7f2729ffb700 1 --2- 172.21.15.40:0/2511549213 >> [v2:172.21.15.40:6800/1381511815,v1:172.21.15.40:6801/1381511815] conn(0x7f272402fe60 0x7f2724032320 unknown :-1 s=NONE pgs=0 cs=0 l=1 rev1=0 rx=0 tx=0).connect
2023-11-17T05:21:26.374 INFO:teuthology.orchestra.run.smithi040.stderr:/usr/bin/ceph:
2023-11-17T05:21:03.956+0000 7f274397d700 1 -- 172.21.15.40:0/2511549213 --> [v2:172.21.15.40:3300/0,v1:172.21.15.40:6789/0] -- mon_command({"prefix": "get_command_descriptions"} v 0) v1 -- 0x7f273c045ad0 con 0x7f273c06fc50
2023-11-17T05:21:26.374 INFO:teuthology.orchestra.run.smithi040.stderr:/usr/bin/ceph:
2023-11-17T05:21:03.956+0000 7f2729ffb700 1 -- 172.21.15.40:0/2511549213 <== mon.0 v2:172.21.15.40:3300/0 5 ==== osd_map(3..3 src has 1..3) v4 ==== 1098+0+0 (secure 0 0 0) 0x7f27380412b0 con 0x7f273c06fc50
2023-11-17T05:21:26.374 INFO:teuthology.orchestra.run.smithi040.stderr:/usr/bin/ceph:
2023-11-17T05:21:03.956+0000 7f2740f18700 1 --2- 172.21.15.40:0/2511549213 >> [v2:172.21.15.40:6800/1381511815,v1:172.21.15.40:6801/1381511815] conn(0x7f272402fe60 0x7f2724032320 unknown :-1 s=BANNER_CONNECTING pgs=0 cs=0 l=1 rev1=0 rx=0 tx=0)._handle_peer_banner_payload supported=1 required=0
2023-11-17T05:21:26.374 INFO:teuthology.orchestra.run.smithi040.stderr:/usr/bin/ceph:
2023-11-17T05:21:03.956+0000 7f2740f18700 1 --2- 172.21.15.40:0/2511549213 >> [v2:172.21.15.40:6800/1381511815,v1:172.21.15.40:6801/1381511815] conn(0x7f272402fe60 0x7f2724032320 secure :-1 s=READY pgs=10 cs=0 l=1 rev1=1 rx=0x7f272c0096a0 tx=0x7f272c006b40).ready entity=mgr.14144 client_cookie=0 server_cookie=0 in_seq=0 out_seq=0
2023-11-17T05:21:26.374 INFO:teuthology.orchestra.run.smithi040.stderr:/usr/bin/ceph:
2023-11-17T05:21:03.960+0000 7f2729ffb700 1 -- 172.21.15.40:0/2511549213 <== mon.0 v2:172.21.15.40:3300/0 6 ==== mon_command_ack([{"prefix": "get_command_descriptions"}]=0 v0) v1 ==== 72+0+152212 (secure 0 0 0) 0x7f27380224f0 con 0x7f273c06fc50
2023-11-17T05:21:26.375 INFO:teuthology.orchestra.run.smithi040.stderr:/usr/bin/ceph:
2023-11-17T05:21:04.125+0000 7f274397d700 1 -- 172.21.15.40:0/2511549213 --> [v2:172.21.15.40:3300/0,v1:172.21.15.40:6789/0] -- mon_command([{prefix=config set, name=mgr/dashboard/ssl_server_port}] v 0) v1 -- 0x7f273c101de0 con 0x7f273c06fc50
2023-11-17T05:21:26.375 INFO:teuthology.orchestra.run.smithi040.stderr:/usr/bin/ceph:
2023-11-17T05:21:04.129+0000 7f2729ffb700 1 -- 172.21.15.40:0/2511549213 <== mon.0 v2:172.21.15.40:3300/0 7 ==== mon_command_ack([{prefix=config set, name=mgr/dashboard/ssl_server_port}]=0 v9)=0 v9) v1 ==== 130+0+0 (secure 0 0 0) 0x7f2738016030 con 0x7f273c06fc50
2023-11-17T05:21:26.375 INFO:teuthology.orchestra.run.smithi040.stderr:/usr/bin/ceph:
2023-11-17T05:21:04.131+0000 7f274397d700 1 -- 172.21.15.40:0/2511549213 >> [v2:172.21.15.40:6800/1381511815,v1:172.21.15.40:6801/1381511815] conn(0x7f272402fe60 msgr2=0x7f2724032320 secure :-1 s=STATE_CONNECTION_ESTABLISHED l=1).mark_down
2023-11-17T05:21:26.375 INFO:teuthology.orchestra.run.smithi040.stderr:/usr/bin/ceph:
2023-11-17T05:21:04.131+0000 7f274397d700 1 --2- 172.21.15.40:0/2511549213 >> [v2:172.21.15.40:6800/1381511815,v1:172.21.15.40:6801/1381511815] conn(0x7f272402fe60 0x7f2724032320 secure :-1 s=READY pgs=10 cs=0 l=1 rev1=1 rx=0x7f272c0096a0 tx=0x7f272c006b40).stop
2023-11-17T05:21:26.375 INFO:teuthology.orchestra.run.smithi040.stderr:/usr/bin/ceph:
2023-11-17T05:21:04.131+0000 7f274397d700 1 -- 172.21.15.40:0/2511549213 >> [v2:172.21.15.40:3300/0,v1:172.21.15.40:6789/0] conn(0x7f273c06fc50 msgr2=0x7f273c10ccc0 secure :-1 s=STATE_CONNECTION_ESTABLISHED l=1).mark_down
2023-11-17T05:21:26.375 INFO:teuthology.orchestra.run.smithi040.stderr:/usr/bin/ceph:
2023-11-17T05:21:04.131+0000 7f274397d700 1 --2- 172.21.15.40:0/2511549213 >> [v2:172.21.15.40:3300/0,v1:172.21.15.40:6789/0] conn(0x7f273c06fc50 0x7f273c10ccc0 secure :-1 s=READY pgs=67 cs=0 l=1 rev1=1 rx=0x7f273800b1d0 tx=0x7f2738006ee0).stop
2023-11-17T05:21:26.375 INFO:teuthology.orchestra.run.smithi040.stderr:/usr/bin/ceph:
2023-11-17T05:21:04.131+0000 7f274397d700 1 -- 172.21.15.40:0/2511549213 shutdown_connections
2023-11-17T05:21:26.375 INFO:teuthology.orchestra.run.smithi040.stderr:/usr/bin/ceph:
2023-11-17T05:21:04.131+0000 7f274397d700 1 --2- 172.21.15.40:0/2511549213 >> [v2:172.21.15.40:6800/1381511815,v1:172.21.15.40:6801/1381511815] conn(0x7f272402fe60 0x7f2724032320 unknown :-1 s=CLOSED pgs=10 cs=0 l=1 rev1=1 rx=0 tx=0).stop
2023-11-17T05:21:26.375 INFO:teuthology.orchestra.run.smithi040.stderr:/usr/bin/ceph:
2023-11-17T05:21:04.131+0000 7f274397d700 1 --2- 172.21.15.40:0/2511549213 >> [v2:172.21.15.40:3300/0,v1:172.21.15.40:6789/0] conn(0x7f273c06fc50 0x7f273c10ccc0 unknown :-1 s=CLOSED pgs=67 cs=0 l=1 rev1=1 rx=0 tx=0).stop
2023-11-17T05:21:26.375 INFO:teuthology.orchestra.run.smithi040.stderr:/usr/bin/ceph:
2023-11-17T05:21:04.131+0000 7f274397d700 1 -- 172.21.15.40:0/2511549213 >> 172.21.15.40:0/2511549213 conn(0x7f273c0f6280 msgr2=0x7f273c0f7f10 unknown :-1 s=STATE_NONE l=0).mark_down
2023-11-17T05:21:26.375 INFO:teuthology.orchestra.run.smithi040.stderr:/usr/bin/ceph:
2023-11-17T05:21:04.131+0000 7f274397d700 1 -- 172.21.15.40:0/2511549213 shutdown_connections
2023-11-17T05:21:26.375 INFO:teuthology.orchestra.run.smithi040.stderr:/usr/bin/ceph:
2023-11-17T05:21:04.131+0000 7f274397d700 1 -- 172.21.15.40:0/2511549213 wait complete.
2023-11-17T05:21:26.375 INFO:teuthology.orchestra.run.smithi040.stderr:Enabling the dashboard module...
2023-11-17T05:21:26.376 INFO:teuthology.orchestra.run.smithi040.stderr:Running command: /bin/podman run --rm --ipc=host --no-hosts --net=host --entrypoint /usr/bin/ceph --init -e CONTAINER_IMAGE=docker.io/ceph/ceph:v16.2.4 -e NODE_NAME=smithi040 -e CEPH_USE_RANDOM_NONCE=1 -v /var/log/ceph/ed6470e2-8508-11ee-8dbe-212e2dc638e7:/var/log/ceph:z -v /tmp/ceph-tmpzx79_7_h:/etc/ceph/ceph.client.admin.keyring:z -v /tmp/ceph-tmpru9tjirw:/etc/ceph/ceph.conf:z docker.io/ceph/ceph:v16.2.4 mgr module enable dashboard
2023-11-17T05:21:26.376 INFO:teuthology.orchestra.run.smithi040.stderr:/usr/bin/ceph:
2023-11-17T05:21:04.865+0000 7f0db4d37700 1 Processor -- start
2023-11-17T05:21:26.376 INFO:teuthology.orchestra.run.smithi040.stderr:/usr/bin/ceph:
2023-11-17T05:21:04.865+0000 7f0db4d37700 1 -- start start
2023-11-17T05:21:26.377 INFO:teuthology.orchestra.run.smithi040.stderr:/usr/bin/ceph:
2023-11-17T05:21:04.866+0000 7f0db4d37700 1 --2- >> [v2:172.21.15.40:3300/0,v1:172.21.15.40:6789/0] conn(0x7f0db00fd200 0x7f0db00fd620 unknown :-1 s=NONE pgs=0 cs=0 l=0 rev1=0 rx=0 tx=0).connect
2023-11-17T05:21:26.377 INFO:teuthology.orchestra.run.smithi040.stderr:/usr/bin/ceph:
2023-11-17T05:21:04.866+0000 7f0db4d37700 1 -- --> [v2:172.21.15.40:3300/0,v1:172.21.15.40:6789/0] -- mon_getmap magic: 0 v1 -- 0x7f0db00fdb10 con 0x7f0db00fd200
2023-11-17T05:21:26.377 INFO:teuthology.orchestra.run.smithi040.stderr:/usr/bin/ceph:
2023-11-17T05:21:04.866+0000 7f0dae59c700 1 --2- >> [v2:172.21.15.40:3300/0,v1:172.21.15.40:6789/0] conn(0x7f0db00fd200 0x7f0db00fd620 unknown :-1 s=BANNER_CONNECTING pgs=0 cs=0 l=0 rev1=0 rx=0 tx=0)._handle_peer_banner_payload supported=1 required=0
2023-11-17T05:21:26.377 INFO:teuthology.orchestra.run.smithi040.stderr:/usr/bin/ceph:
2023-11-17T05:21:04.866+0000 7f0dae59c700 1 --2- >> [v2:172.21.15.40:3300/0,v1:172.21.15.40:6789/0] conn(0x7f0db00fd200 0x7f0db00fd620 unknown :-1 s=HELLO_CONNECTING pgs=0 cs=0 l=0 rev1=1 rx=0 tx=0).handle_hello peer v2:172.21.15.40:3300/0 says I am v2:172.21.15.40:45606/0 (socket says 172.21.15.40:45606)
2023-11-17T05:21:26.377 INFO:teuthology.orchestra.run.smithi040.stderr:/usr/bin/ceph:
2023-11-17T05:21:04.866+0000 7f0dae59c700 1 -- 172.21.15.40:0/3080714779 learned_addr learned my addr 172.21.15.40:0/3080714779 (peer_addr_for_me v2:172.21.15.40:0/0)
2023-11-17T05:21:26.377 INFO:teuthology.orchestra.run.smithi040.stderr:/usr/bin/ceph:
2023-11-17T05:21:04.866+0000 7f0dae59c700 1 -- 172.21.15.40:0/3080714779 --> [v2:172.21.15.40:3300/0,v1:172.21.15.40:6789/0] -- mon_subscribe({config=0+,monmap=0+}) v3 -- 0x7f0db00fdc50 con 0x7f0db00fd200
2023-11-17T05:21:26.377 INFO:teuthology.orchestra.run.smithi040.stderr:/usr/bin/ceph:
2023-11-17T05:21:04.866+0000 7f0dae59c700 1 --2- 172.21.15.40:0/3080714779 >> [v2:172.21.15.40:3300/0,v1:172.21.15.40:6789/0] conn(0x7f0db00fd200 0x7f0db00fd620 secure :-1 s=READY pgs=68 cs=0 l=1 rev1=1 rx=0x7f0da000b5f0 tx=0x7f0da0006ee0).ready entity=mon.0 client_cookie=e52282fd6505114d server_cookie=0 in_seq=0 out_seq=0
2023-11-17T05:21:26.377 INFO:teuthology.orchestra.run.smithi040.stderr:/usr/bin/ceph:
2023-11-17T05:21:04.867+0000 7f0dad59a700 1 -- 172.21.15.40:0/3080714779 <== mon.0 v2:172.21.15.40:3300/0 1 ==== mon_map magic: 0 v1 ==== 229+0+0 (secure 0 0 0) 0x7f0da000d600 con 0x7f0db00fd200
2023-11-17T05:21:26.378 INFO:teuthology.orchestra.run.smithi040.stderr:/usr/bin/ceph:
2023-11-17T05:21:04.867+0000 7f0dad59a700 1 -- 172.21.15.40:0/3080714779 <== mon.0 v2:172.21.15.40:3300/0 2 ==== config(25 keys) v1 ==== 1010+0+0 (secure 0 0 0) 0x7f0da000dbd0 con 0x7f0db00fd200
2023-11-17T05:21:26.378 INFO:teuthology.orchestra.run.smithi040.stderr:/usr/bin/ceph:
2023-11-17T05:21:04.867+0000 7f0dad59a700 1 -- 172.21.15.40:0/3080714779 <== mon.0 v2:172.21.15.40:3300/0 3 ==== mon_map magic: 0 v1 ==== 229+0+0 (secure 0 0 0) 0x7f0da0011c00 con 0x7f0db00fd200
2023-11-17T05:21:26.378 INFO:teuthology.orchestra.run.smithi040.stderr:/usr/bin/ceph:
2023-11-17T05:21:04.867+0000 7f0db4d37700 1 -- 172.21.15.40:0/3080714779 >> [v2:172.21.15.40:3300/0,v1:172.21.15.40:6789/0] conn(0x7f0db00fd200 msgr2=0x7f0db00fd620 secure :-1 s=STATE_CONNECTION_ESTABLISHED l=1).mark_down
2023-11-17T05:21:26.379 INFO:teuthology.orchestra.run.smithi040.stderr:/usr/bin/ceph:
2023-11-17T05:21:04.867+0000 7f0db4d37700 1 --2- 172.21.15.40:0/3080714779 >> [v2:172.21.15.40:3300/0,v1:172.21.15.40:6789/0] conn(0x7f0db00fd200 0x7f0db00fd620 secure :-1 s=READY pgs=68 cs=0 l=1 rev1=1 rx=0x7f0da000b5f0 tx=0x7f0da0006ee0).stop
2023-11-17T05:21:26.379 INFO:teuthology.orchestra.run.smithi040.stderr:/usr/bin/ceph:
2023-11-17T05:21:04.867+0000 7f0db4d37700 1 -- 172.21.15.40:0/3080714779 shutdown_connections
2023-11-17T05:21:26.379 INFO:teuthology.orchestra.run.smithi040.stderr:/usr/bin/ceph:
2023-11-17T05:21:04.867+0000 7f0db4d37700 1 --2- 172.21.15.40:0/3080714779 >> [v2:172.21.15.40:3300/0,v1:172.21.15.40:6789/0] conn(0x7f0db00fd200 0x7f0db00fd620 unknown :-1 s=CLOSED pgs=68 cs=0 l=1 rev1=1 rx=0 tx=0).stop
2023-11-17T05:21:26.380 INFO:teuthology.orchestra.run.smithi040.stderr:/usr/bin/ceph:
2023-11-17T05:21:04.867+0000 7f0db4d37700 1 -- 172.21.15.40:0/3080714779 >> 172.21.15.40:0/3080714779 conn(0x7f0db00f5a80 msgr2=0x7f0db00f7ea0 unknown :-1 s=STATE_NONE l=0).mark_down
2023-11-17T05:21:26.380 INFO:teuthology.orchestra.run.smithi040.stderr:/usr/bin/ceph:
2023-11-17T05:21:04.867+0000 7f0db4d37700 1 -- 172.21.15.40:0/3080714779 shutdown_connections
2023-11-17T05:21:26.380 INFO:teuthology.orchestra.run.smithi040.stderr:/usr/bin/ceph:
2023-11-17T05:21:04.867+0000 7f0db4d37700 1 -- 172.21.15.40:0/3080714779 wait complete.
2023-11-17T05:21:26.380 INFO:teuthology.orchestra.run.smithi040.stderr:/usr/bin/ceph:
2023-11-17T05:21:04.868+0000 7f0db4d37700 1 Processor -- start
2023-11-17T05:21:26.380 INFO:teuthology.orchestra.run.smithi040.stderr:/usr/bin/ceph:
2023-11-17T05:21:04.868+0000 7f0db4d37700 1 -- start start
2023-11-17T05:21:26.380 INFO:teuthology.orchestra.run.smithi040.stderr:/usr/bin/ceph:
2023-11-17T05:21:04.868+0000 7f0db4d37700 1 --2- >> [v2:172.21.15.40:3300/0,v1:172.21.15.40:6789/0] conn(0x7f0db00fd200 0x7f0db00fcad0 unknown :-1 s=NONE pgs=0 cs=0 l=1 rev1=0 rx=0 tx=0).connect
2023-11-17T05:21:26.380 INFO:teuthology.orchestra.run.smithi040.stderr:/usr/bin/ceph:
2023-11-17T05:21:04.868+0000 7f0db4d37700 1 -- --> [v2:172.21.15.40:3300/0,v1:172.21.15.40:6789/0] -- mon_getmap magic: 0 v1 -- 0x7f0db00faf50 con 0x7f0db00fd200
2023-11-17T05:21:26.380 INFO:teuthology.orchestra.run.smithi040.stderr:/usr/bin/ceph:
2023-11-17T05:21:04.868+0000 7f0dae59c700 1 --2- >> [v2:172.21.15.40:3300/0,v1:172.21.15.40:6789/0] conn(0x7f0db00fd200 0x7f0db00fcad0 unknown :-1 s=BANNER_CONNECTING pgs=0 cs=0 l=1 rev1=0 rx=0 tx=0)._handle_peer_banner_payload supported=1 required=0
2023-11-17T05:21:26.385 INFO:teuthology.orchestra.run.smithi040.stderr:/usr/bin/ceph:
2023-11-17T05:21:04.868+0000 7f0dae59c700 1 --2- >> [v2:172.21.15.40:3300/0,v1:172.21.15.40:6789/0] conn(0x7f0db00fd200 0x7f0db00fcad0 unknown :-1 s=HELLO_CONNECTING pgs=0 cs=0 l=1 rev1=1 rx=0 tx=0).handle_hello peer v2:172.21.15.40:3300/0 says I am v2:172.21.15.40:45608/0 (socket says 172.21.15.40:45608)
2023-11-17T05:21:26.385 INFO:teuthology.orchestra.run.smithi040.stderr:/usr/bin/ceph:
2023-11-17T05:21:04.868+0000 7f0dae59c700 1 -- 172.21.15.40:0/4006425044 learned_addr learned my addr 172.21.15.40:0/4006425044 (peer_addr_for_me v2:172.21.15.40:0/0)
2023-11-17T05:21:26.385 INFO:teuthology.orchestra.run.smithi040.stderr:/usr/bin/ceph:
2023-11-17T05:21:04.869+0000 7f0dae59c700 1 -- 172.21.15.40:0/4006425044 --> [v2:172.21.15.40:3300/0,v1:172.21.15.40:6789/0] -- mon_subscribe({config=0+,monmap=0+}) v3 -- 0x7f0da000b200 con 0x7f0db00fd200
2023-11-17T05:21:26.385 INFO:teuthology.orchestra.run.smithi040.stderr:/usr/bin/ceph:
2023-11-17T05:21:04.869+0000 7f0dae59c700 1 --2- 172.21.15.40:0/4006425044 >> [v2:172.21.15.40:3300/0,v1:172.21.15.40:6789/0] conn(0x7f0db00fd200 0x7f0db00fcad0 secure :-1 s=READY pgs=69 cs=0 l=1 rev1=1 rx=0x7f0da000e040 tx=0x7f0da0006ee0).ready entity=mon.0 client_cookie=0 server_cookie=0 in_seq=0 out_seq=0
2023-11-17T05:21:26.386 INFO:teuthology.orchestra.run.smithi040.stderr:/usr/bin/ceph:
2023-11-17T05:21:04.869+0000 7f0d9effd700 1 -- 172.21.15.40:0/4006425044 <== mon.0 v2:172.21.15.40:3300/0 1 ==== mon_map magic: 0 v1 ==== 229+0+0 (secure 0 0 0) 0x7f0da001b410 con 0x7f0db00fd200
2023-11-17T05:21:26.386 INFO:teuthology.orchestra.run.smithi040.stderr:/usr/bin/ceph:
2023-11-17T05:21:04.869+0000 7f0d9effd700 1 -- 172.21.15.40:0/4006425044 <== mon.0 v2:172.21.15.40:3300/0 2 ==== config(25 keys) v1 ==== 1010+0+0 (secure 0 0 0) 0x7f0da001b9e0 con 0x7f0db00fd200
2023-11-17T05:21:26.386 INFO:teuthology.orchestra.run.smithi040.stderr:/usr/bin/ceph:
2023-11-17T05:21:04.869+0000 7f0db4d37700 1 -- 172.21.15.40:0/4006425044 --> [v2:172.21.15.40:3300/0,v1:172.21.15.40:6789/0] -- mon_subscribe({mgrmap=0+}) v3 -- 0x7f0db00fb0f0 con 0x7f0db00fd200
2023-11-17T05:21:26.386 INFO:teuthology.orchestra.run.smithi040.stderr:/usr/bin/ceph:
2023-11-17T05:21:04.869+0000 7f0d9effd700 1 -- 172.21.15.40:0/4006425044 <== mon.0 v2:172.21.15.40:3300/0 3 ==== mon_map magic: 0 v1 ==== 229+0+0 (secure 0 0 0) 0x7f0da001a770 con 0x7f0db00fd200
2023-11-17T05:21:26.386 INFO:teuthology.orchestra.run.smithi040.stderr:/usr/bin/ceph:
2023-11-17T05:21:04.869+0000 7f0db4d37700 1 -- 172.21.15.40:0/4006425044 --> [v2:172.21.15.40:3300/0,v1:172.21.15.40:6789/0] -- mon_subscribe({osdmap=0}) v3 -- 0x7f0db00fb500 con 0x7f0db00fd200
2023-11-17T05:21:26.386 INFO:teuthology.orchestra.run.smithi040.stderr:/usr/bin/ceph:
2023-11-17T05:21:04.870+0000 7f0d9effd700 1 -- 172.21.15.40:0/4006425044 <== mon.0 v2:172.21.15.40:3300/0 4 ==== mgrmap(e 12) v1 ==== 36195+0+0 (secure 0 0 0) 0x7f0da000f070 con 0x7f0db00fd200
