2023-11-17T05:25:29.326+0000 7f3508a98700 1 -- 172.21.15.3:0/549890255 >> [v2:172.21.15.3:6800/17534166,v1:172.21.15.3:6801/17534166] conn(0x7f34e402fdc0 msgr2=0x7f34e4032280 secure :-1 s=STATE_CONNECTION_ESTABLISHED l=1).mark_down
2023-11-17T05:25:29.331 INFO:teuthology.orchestra.run.smithi003.stderr:/usr/bin/ceph:
2023-11-17T05:25:29.326+0000 7f3508a98700 1 --2- 172.21.15.3:0/549890255 >> [v2:172.21.15.3:6800/17534166,v1:172.21.15.3:6801/17534166] conn(0x7f34e402fdc0 0x7f34e4032280 secure :-1 s=READY pgs=6 cs=0 l=1 rev1=1 rx=0x7f34ec0096a0 tx=0x7f34ec006b40).stop
2023-11-17T05:25:29.331 INFO:teuthology.orchestra.run.smithi003.stderr:/usr/bin/ceph:
2023-11-17T05:25:29.326+0000 7f3508a98700 1 -- 172.21.15.3:0/549890255 >> [v2:172.21.15.3:3300/0,v1:172.21.15.3:6789/0] conn(0x7f3504071cb0 msgr2=0x7f350410cbb0 secure :-1 s=STATE_CONNECTION_ESTABLISHED l=1).mark_down
2023-11-17T05:25:29.331 INFO:teuthology.orchestra.run.smithi003.stderr:/usr/bin/ceph:
2023-11-17T05:25:29.326+0000 7f3508a98700 1 --2- 172.21.15.3:0/549890255 >> [v2:172.21.15.3:3300/0,v1:172.21.15.3:6789/0] conn(0x7f3504071cb0 0x7f350410cbb0 secure :-1 s=READY pgs=82 cs=0 l=1 rev1=1 rx=0x7f34f400e040 tx=0x7f34f4006ee0).stop
2023-11-17T05:25:29.331 INFO:teuthology.orchestra.run.smithi003.stderr:/usr/bin/ceph:
2023-11-17T05:25:29.327+0000 7f3508a98700 1 -- 172.21.15.3:0/549890255 shutdown_connections
2023-11-17T05:25:29.331 INFO:teuthology.orchestra.run.smithi003.stderr:/usr/bin/ceph:
2023-11-17T05:25:29.327+0000 7f3508a98700 1 --2- 172.21.15.3:0/549890255 >> [v2:172.21.15.3:6800/17534166,v1:172.21.15.3:6801/17534166] conn(0x7f34e402fdc0 0x7f34e4032280 unknown :-1 s=CLOSED pgs=6 cs=0 l=1 rev1=1 rx=0 tx=0).stop
2023-11-17T05:25:29.331 INFO:teuthology.orchestra.run.smithi003.stderr:/usr/bin/ceph:
2023-11-17T05:25:29.327+0000 7f3508a98700 1 --2- 172.21.15.3:0/549890255 >> [v2:172.21.15.3:3300/0,v1:172.21.15.3:6789/0] conn(0x7f3504071cb0 0x7f350410cbb0 unknown :-1 s=CLOSED pgs=82 cs=0 l=1 rev1=1 rx=0 tx=0).stop
2023-11-17T05:25:29.331 INFO:teuthology.orchestra.run.smithi003.stderr:/usr/bin/ceph:
2023-11-17T05:25:29.327+0000 7f3508a98700 1 -- 172.21.15.3:0/549890255 >> 172.21.15.3:0/549890255 conn(0x7f35040f73e0 msgr2=0x7f35040f8fd0 unknown :-1 s=STATE_NONE l=0).mark_down
2023-11-17T05:25:29.331 INFO:teuthology.orchestra.run.smithi003.stderr:/usr/bin/ceph:
2023-11-17T05:25:29.327+0000 7f3508a98700 1 -- 172.21.15.3:0/549890255 shutdown_connections
2023-11-17T05:25:29.332 INFO:teuthology.orchestra.run.smithi003.stderr:/usr/bin/ceph:
2023-11-17T05:25:29.327+0000 7f3508a98700 1 -- 172.21.15.3:0/549890255 wait complete.
2023-11-17T05:25:29.611 INFO:journalctl@ceph.mon.smithi003.smithi003.stdout:Nov 17 05:25:29 smithi003 ceph-851feb1e-8509-11ee-8dbe-212e2dc638e7-mon.smithi003[111810]: audit
2023-11-17T05:25:28.395740+0000 mgr.smithi003.eddcuc (mgr.14164) 1 : audit [DBG] from='client.14168 -' entity='client.admin' cmd=[{"prefix": "get_command_descriptions"}]: dispatch
2023-11-17T05:25:29.611 INFO:journalctl@ceph.mon.smithi003.smithi003.stdout:Nov 17 05:25:29 smithi003 ceph-851feb1e-8509-11ee-8dbe-212e2dc638e7-mon.smithi003[111810]: cluster
2023-11-17T05:25:28.395839+0000 mon.smithi003 (mon.0) 103 : cluster [DBG] mgrmap e15: smithi003.eddcuc(active, since 1.06219s)
2023-11-17T05:25:29.611 INFO:journalctl@ceph.mon.smithi003.smithi003.stdout:Nov 17 05:25:29 smithi003 ceph-851feb1e-8509-11ee-8dbe-212e2dc638e7-mon.smithi003[111810]: audit
2023-11-17T05:25:28.403008+0000 mgr.smithi003.eddcuc (mgr.14164) 2 : audit [DBG] from='client.14168 -' entity='client.admin' cmd=[{"prefix": "mgr_status"}]: dispatch
2023-11-17T05:25:29.611 INFO:journalctl@ceph.mon.smithi003.smithi003.stdout:Nov 17 05:25:29 smithi003 ceph-851feb1e-8509-11ee-8dbe-212e2dc638e7-mon.smithi003[111810]: audit
2023-11-17T05:25:29.323261+0000 mon.smithi003 (mon.0) 104 : audit [INF] from='mgr.14164 172.21.15.3:0/529273834' entity='mgr.smithi003.eddcuc'
2023-11-17T05:25:29.611 INFO:journalctl@ceph.mon.smithi003.smithi003.stdout:Nov 17 05:25:29 smithi003 ceph-851feb1e-8509-11ee-8dbe-212e2dc638e7-mon.smithi003[111810]: audit
2023-11-17T05:25:29.326047+0000 mon.smithi003 (mon.0) 105 : audit [INF] from='mgr.14164 172.21.15.3:0/529273834' entity='mgr.smithi003.eddcuc'
2023-11-17T05:25:29.691 INFO:teuthology.orchestra.run.smithi003.stderr:Creating initial admin user...
2023-11-17T05:25:29.692 INFO:teuthology.orchestra.run.smithi003.stderr:Running command: /bin/podman run --rm --ipc=host --no-hosts --net=host --entrypoint /usr/bin/ceph --init -e CONTAINER_IMAGE=docker.io/ceph/ceph:v16.2.4 -e NODE_NAME=smithi003 -e CEPH_USE_RANDOM_NONCE=1 -v /var/log/ceph/851feb1e-8509-11ee-8dbe-212e2dc638e7:/var/log/ceph:z -v /tmp/ceph-tmptcuja8tf:/etc/ceph/ceph.client.admin.keyring:z -v /tmp/ceph-tmpk7o1jie2:/etc/ceph/ceph.conf:z -v /tmp/ceph-tmpj2uant2s:/tmp/dashboard.pw:z docker.io/ceph/ceph:v16.2.4 dashboard ac-user-create admin -i /tmp/dashboard.pw administrator --force-password --pwd-update-required
2023-11-17T05:25:30.091 INFO:teuthology.orchestra.run.smithi003.stderr:/usr/bin/ceph:
2023-11-17T05:25:30.083+0000 7f2f17db6700 1 Processor -- start
2023-11-17T05:25:30.091 INFO:teuthology.orchestra.run.smithi003.stderr:/usr/bin/ceph:
2023-11-17T05:25:30.084+0000 7f2f17db6700 1 -- start start
2023-11-17T05:25:30.091 INFO:teuthology.orchestra.run.smithi003.stderr:/usr/bin/ceph:
2023-11-17T05:25:30.084+0000 7f2f17db6700 1 --2- >> [v2:172.21.15.3:3300/0,v1:172.21.15.3:6789/0] conn(0x7f2f100fc210 0x7f2f100fc630 unknown :-1 s=NONE pgs=0 cs=0 l=0 rev1=0 rx=0 tx=0).connect
2023-11-17T05:25:30.091 INFO:teuthology.orchestra.run.smithi003.stderr:/usr/bin/ceph:
2023-11-17T05:25:30.084+0000 7f2f17db6700 1 -- --> [v2:172.21.15.3:3300/0,v1:172.21.15.3:6789/0] -- mon_getmap magic: 0 v1 -- 0x7f2f100fcb20 con 0x7f2f100fc210
2023-11-17T05:25:30.091 INFO:teuthology.orchestra.run.smithi003.stderr:/usr/bin/ceph:
2023-11-17T05:25:30.084+0000 7f2f15b52700 1 --2- >> [v2:172.21.15.3:3300/0,v1:172.21.15.3:6789/0] conn(0x7f2f100fc210 0x7f2f100fc630 unknown :-1 s=BANNER_CONNECTING pgs=0 cs=0 l=0 rev1=0 rx=0 tx=0)._handle_peer_banner_payload supported=1 required=0
2023-11-17T05:25:30.091 INFO:teuthology.orchestra.run.smithi003.stderr:/usr/bin/ceph:
2023-11-17T05:25:30.084+0000 7f2f15b52700 1 --2- >> [v2:172.21.15.3:3300/0,v1:172.21.15.3:6789/0] conn(0x7f2f100fc210 0x7f2f100fc630 unknown :-1 s=HELLO_CONNECTING pgs=0 cs=0 l=0 rev1=1 rx=0 tx=0).handle_hello peer v2:172.21.15.3:3300/0 says I am v2:172.21.15.3:52116/0 (socket says 172.21.15.3:52116)
2023-11-17T05:25:30.091 INFO:teuthology.orchestra.run.smithi003.stderr:/usr/bin/ceph:
2023-11-17T05:25:30.084+0000 7f2f15b52700 1 -- 172.21.15.3:0/3656554028 learned_addr learned my addr 172.21.15.3:0/3656554028 (peer_addr_for_me v2:172.21.15.3:0/0)
2023-11-17T05:25:30.091 INFO:teuthology.orchestra.run.smithi003.stderr:/usr/bin/ceph:
2023-11-17T05:25:30.084+0000 7f2f15b52700 1 -- 172.21.15.3:0/3656554028 --> [v2:172.21.15.3:3300/0,v1:172.21.15.3:6789/0] -- mon_subscribe({config=0+,monmap=0+}) v3 -- 0x7f2f100fcc60 con 0x7f2f100fc210
2023-11-17T05:25:30.091 INFO:teuthology.orchestra.run.smithi003.stderr:/usr/bin/ceph:
2023-11-17T05:25:30.084+0000 7f2f15b52700 1 --2- 172.21.15.3:0/3656554028 >> [v2:172.21.15.3:3300/0,v1:172.21.15.3:6789/0] conn(0x7f2f100fc210 0x7f2f100fc630 secure :-1 s=READY pgs=83 cs=0 l=1 rev1=1 rx=0x7f2f0c00b5f0 tx=0x7f2f0c006ee0).ready entity=mon.0 client_cookie=dd555ceca93d9708 server_cookie=0 in_seq=0 out_seq=0
2023-11-17T05:25:30.091 INFO:teuthology.orchestra.run.smithi003.stderr:/usr/bin/ceph:
2023-11-17T05:25:30.085+0000 7f2f14b50700 1 -- 172.21.15.3:0/3656554028 <== mon.0 v2:172.21.15.3:3300/0 1 ==== mon_map magic: 0 v1 ==== 229+0+0 (secure 0 0 0) 0x7f2f0c00d600 con 0x7f2f100fc210
2023-11-17T05:25:30.092 INFO:teuthology.orchestra.run.smithi003.stderr:/usr/bin/ceph:
2023-11-17T05:25:30.085+0000 7f2f14b50700 1 -- 172.21.15.3:0/3656554028 <== mon.0 v2:172.21.15.3:3300/0 2 ==== config(25 keys) v1 ==== 1010+0+0 (secure 0 0 0) 0x7f2f0c00dbd0 con 0x7f2f100fc210
2023-11-17T05:25:30.092 INFO:teuthology.orchestra.run.smithi003.stderr:/usr/bin/ceph:
2023-11-17T05:25:30.085+0000 7f2f14b50700 1 -- 172.21.15.3:0/3656554028 <== mon.0 v2:172.21.15.3:3300/0 3 ==== mon_map magic: 0 v1 ==== 229+0+0 (secure 0 0 0) 0x7f2f0c011c00 con 0x7f2f100fc210
2023-11-17T05:25:30.092 INFO:teuthology.orchestra.run.smithi003.stderr:/usr/bin/ceph:
2023-11-17T05:25:30.085+0000 7f2f17db6700 1 -- 172.21.15.3:0/3656554028 >> [v2:172.21.15.3:3300/0,v1:172.21.15.3:6789/0] conn(0x7f2f100fc210 msgr2=0x7f2f100fc630 secure :-1 s=STATE_CONNECTION_ESTABLISHED l=1).mark_down
2023-11-17T05:25:30.092 INFO:teuthology.orchestra.run.smithi003.stderr:/usr/bin/ceph:
2023-11-17T05:25:30.085+0000 7f2f17db6700 1 --2- 172.21.15.3:0/3656554028 >> [v2:172.21.15.3:3300/0,v1:172.21.15.3:6789/0] conn(0x7f2f100fc210 0x7f2f100fc630 secure :-1 s=READY pgs=83 cs=0 l=1 rev1=1 rx=0x7f2f0c00b5f0 tx=0x7f2f0c006ee0).stop
2023-11-17T05:25:30.092 INFO:teuthology.orchestra.run.smithi003.stderr:/usr/bin/ceph:
2023-11-17T05:25:30.085+0000 7f2f17db6700 1 -- 172.21.15.3:0/3656554028 shutdown_connections
2023-11-17T05:25:30.092 INFO:teuthology.orchestra.run.smithi003.stderr:/usr/bin/ceph:
2023-11-17T05:25:30.085+0000 7f2f17db6700 1 --2- 172.21.15.3:0/3656554028 >> [v2:172.21.15.3:3300/0,v1:172.21.15.3:6789/0] conn(0x7f2f100fc210 0x7f2f100fc630 unknown :-1 s=CLOSED pgs=83 cs=0 l=1 rev1=1 rx=0 tx=0).stop
2023-11-17T05:25:30.092 INFO:teuthology.orchestra.run.smithi003.stderr:/usr/bin/ceph:
2023-11-17T05:25:30.085+0000 7f2f17db6700 1 -- 172.21.15.3:0/3656554028 >> 172.21.15.3:0/3656554028 conn(0x7f2f100f5a80 msgr2=0x7f2f100f7ea0 unknown :-1 s=STATE_NONE l=0).mark_down
2023-11-17T05:25:30.092 INFO:teuthology.orchestra.run.smithi003.stderr:/usr/bin/ceph:
2023-11-17T05:25:30.085+0000 7f2f17db6700 1 -- 172.21.15.3:0/3656554028 shutdown_connections
2023-11-17T05:25:30.092 INFO:teuthology.orchestra.run.smithi003.stderr:/usr/bin/ceph:
2023-11-17T05:25:30.086+0000 7f2f17db6700 1 -- 172.21.15.3:0/3656554028 wait complete.
2023-11-17T05:25:30.092 INFO:teuthology.orchestra.run.smithi003.stderr:/usr/bin/ceph:
2023-11-17T05:25:30.086+0000 7f2f17db6700 1 Processor -- start
2023-11-17T05:25:30.092 INFO:teuthology.orchestra.run.smithi003.stderr:/usr/bin/ceph:
2023-11-17T05:25:30.086+0000 7f2f17db6700 1 -- start start
2023-11-17T05:25:30.092 INFO:teuthology.orchestra.run.smithi003.stderr:/usr/bin/ceph:
2023-11-17T05:25:30.086+0000 7f2f17db6700 1 --2- >> [v2:172.21.15.3:3300/0,v1:172.21.15.3:6789/0] conn(0x7f2f100fc210 0x7f2f1010cc00 unknown :-1 s=NONE pgs=0 cs=0 l=1 rev1=0 rx=0 tx=0).connect
2023-11-17T05:25:30.092 INFO:teuthology.orchestra.run.smithi003.stderr:/usr/bin/ceph:
2023-11-17T05:25:30.086+0000 7f2f17db6700 1 -- --> [v2:172.21.15.3:3300/0,v1:172.21.15.3:6789/0] -- mon_getmap magic: 0 v1 -- 0x7f2f1010d0f0 con 0x7f2f100fc210
2023-11-17T05:25:30.093 INFO:teuthology.orchestra.run.smithi003.stderr:/usr/bin/ceph:
2023-11-17T05:25:30.086+0000 7f2f15b52700 1 --2- >> [v2:172.21.15.3:3300/0,v1:172.21.15.3:6789/0] conn(0x7f2f100fc210 0x7f2f1010cc00 unknown :-1 s=BANNER_CONNECTING pgs=0 cs=0 l=1 rev1=0 rx=0 tx=0)._handle_peer_banner_payload supported=1 required=0
2023-11-17T05:25:30.093 INFO:teuthology.orchestra.run.smithi003.stderr:/usr/bin/ceph:
2023-11-17T05:25:30.087+0000 7f2f15b52700 1 --2- >> [v2:172.21.15.3:3300/0,v1:172.21.15.3:6789/0] conn(0x7f2f100fc210 0x7f2f1010cc00 unknown :-1 s=HELLO_CONNECTING pgs=0 cs=0 l=1 rev1=1 rx=0 tx=0).handle_hello peer v2:172.21.15.3:3300/0 says I am v2:172.21.15.3:52122/0 (socket says 172.21.15.3:52122)
2023-11-17T05:25:30.093 INFO:teuthology.orchestra.run.smithi003.stderr:/usr/bin/ceph:
2023-11-17T05:25:30.087+0000 7f2f15b52700 1 -- 172.21.15.3:0/2331007705 learned_addr learned my addr 172.21.15.3:0/2331007705 (peer_addr_for_me v2:172.21.15.3:0/0)
2023-11-17T05:25:30.093 INFO:teuthology.orchestra.run.smithi003.stderr:/usr/bin/ceph:
2023-11-17T05:25:30.087+0000 7f2f15b52700 1 -- 172.21.15.3:0/2331007705 --> [v2:172.21.15.3:3300/0,v1:172.21.15.3:6789/0] -- mon_subscribe({config=0+,monmap=0+}) v3 -- 0x7f2f0c00b200 con 0x7f2f100fc210
2023-11-17T05:25:30.093 INFO:teuthology.orchestra.run.smithi003.stderr:/usr/bin/ceph:
2023-11-17T05:25:30.087+0000 7f2f15b52700 1 --2- 172.21.15.3:0/2331007705 >> [v2:172.21.15.3:3300/0,v1:172.21.15.3:6789/0] conn(0x7f2f100fc210 0x7f2f1010cc00 secure :-1 s=READY pgs=84 cs=0 l=1 rev1=1 rx=0x7f2f0c00e040 tx=0x7f2f0c006ee0).ready entity=mon.0 client_cookie=0 server_cookie=0 in_seq=0 out_seq=0
2023-11-17T05:25:30.093 INFO:teuthology.orchestra.run.smithi003.stderr:/usr/bin/ceph:
2023-11-17T05:25:30.087+0000 7f2efe7fc700 1 -- 172.21.15.3:0/2331007705 <== mon.0 v2:172.21.15.3:3300/0 1 ==== mon_map magic: 0 v1 ==== 229+0+0 (secure 0 0 0) 0x7f2f0c01b410 con 0x7f2f100fc210
2023-11-17T05:25:30.093 INFO:teuthology.orchestra.run.smithi003.stderr:/usr/bin/ceph:
2023-11-17T05:25:30.087+0000 7f2efe7fc700 1 -- 172.21.15.3:0/2331007705 <== mon.0 v2:172.21.15.3:3300/0 2 ==== config(25 keys) v1 ==== 1010+0+0 (secure 0 0 0) 0x7f2f0c01b9e0 con 0x7f2f100fc210
2023-11-17T05:25:30.094 INFO:teuthology.orchestra.run.smithi003.stderr:/usr/bin/ceph:
2023-11-17T05:25:30.087+0000 7f2f17db6700 1 -- 172.21.15.3:0/2331007705 --> [v2:172.21.15.3:3300/0,v1:172.21.15.3:6789/0] -- mon_subscribe({mgrmap=0+}) v3 -- 0x7f2f1010d2f0 con 0x7f2f100fc210
2023-11-17T05:25:30.095 INFO:teuthology.orchestra.run.smithi003.stderr:/usr/bin/ceph:
2023-11-17T05:25:30.087+0000 7f2efe7fc700 1 -- 172.21.15.3:0/2331007705 <== mon.0 v2:172.21.15.3:3300/0 3 ==== mon_map magic: 0 v1 ==== 229+0+0 (secure 0 0 0) 0x7f2f0c01a770 con 0x7f2f100fc210
2023-11-17T05:25:30.095 INFO:teuthology.orchestra.run.smithi003.stderr:/usr/bin/ceph:
2023-11-17T05:25:30.087+0000 7f2f17db6700 1 -- 172.21.15.3:0/2331007705 --> [v2:172.21.15.3:3300/0,v1:172.21.15.3:6789/0] -- mon_subscribe({osdmap=0}) v3 -- 0x7f2f1010d700 con 0x7f2f100fc210
2023-11-17T05:25:30.095 INFO:teuthology.orchestra.run.smithi003.stderr:/usr/bin/ceph:
2023-11-17T05:25:30.088+0000 7f2efe7fc700 1 -- 172.21.15.3:0/2331007705 <== mon.0 v2:172.21.15.3:3300/0 4 ==== mgrmap(e 15) v1 ==== 36067+0+0 (secure 0 0 0) 0x7f2f0c00f070 con 0x7f2f100fc210
2023-11-17T05:25:30.095 INFO:teuthology.orchestra.run.smithi003.stderr:/usr/bin/ceph:
2023-11-17T05:25:30.088+0000 7f2f17db6700 1 -- 172.21.15.3:0/2331007705 --> [v2:172.21.15.3:3300/0,v1:172.21.15.3:6789/0] -- mon_command({"prefix": "get_command_descriptions"} v 0) v1 -- 0x7f2f10045ad0 con 0x7f2f100fc210
2023-11-17T05:25:30.096 INFO:teuthology.orchestra.run.smithi003.stderr:/usr/bin/ceph:
2023-11-17T05:25:30.088+0000 7f2efe7fc700 1 --2- 172.21.15.3:0/2331007705 >> [v2:172.21.15.3:6800/17534166,v1:172.21.15.3:6801/17534166] conn(0x7f2ef802fd50 0x7f2ef8032210 unknown :-1 s=NONE pgs=0 cs=0 l=1 rev1=0 rx=0 tx=0).connect
2023-11-17T05:25:30.096 INFO:teuthology.orchestra.run.smithi003.stderr:/usr/bin/ceph:
2023-11-17T05:25:30.089+0000 7f2efe7fc700 1 -- 172.21.15.3:0/2331007705 <== mon.0 v2:172.21.15.3:3300/0 5 ==== osd_map(4..4 src has 1..4) v4 ==== 1270+0+0 (secure 0 0 0) 0x7f2f0c041150 con 0x7f2f100fc210
2023-11-17T05:25:30.096 INFO:teuthology.orchestra.run.smithi003.stderr:/usr/bin/ceph:
2023-11-17T05:25:30.089+0000 7f2f15351700 1 --2- 172.21.15.3:0/2331007705 >> [v2:172.21.15.3:6800/17534166,v1:172.21.15.3:6801/17534166] conn(0x7f2ef802fd50 0x7f2ef8032210 unknown :-1 s=BANNER_CONNECTING pgs=0 cs=0 l=1 rev1=0 rx=0 tx=0)._handle_peer_banner_payload supported=1 required=0
2023-11-17T05:25:30.096 INFO:teuthology.orchestra.run.smithi003.stderr:/usr/bin/ceph:
2023-11-17T05:25:30.089+0000 7f2f15351700 1 --2- 172.21.15.3:0/2331007705 >> [v2:172.21.15.3:6800/17534166,v1:172.21.15.3:6801/17534166] conn(0x7f2ef802fd50 0x7f2ef8032210 secure :-1 s=READY pgs=7 cs=0 l=1 rev1=1 rx=0x7f2f000096a0 tx=0x7f2f00006b40).ready entity=mgr.14164 client_cookie=0 server_cookie=0 in_seq=0 out_seq=0
2023-11-17T05:25:30.096 INFO:teuthology.orchestra.run.smithi003.stderr:/usr/bin/ceph:
2023-11-17T05:25:30.093+0000 7f2efe7fc700 1 -- 172.21.15.3:0/2331007705 <== mon.0 v2:172.21.15.3:3300/0 6 ==== mon_command_ack([{"prefix": "get_command_descriptions"}]=0 v0) v1 ==== 72+0+152212 (secure 0 0 0) 0x7f2f0c024410 con 0x7f2f100fc210
2023-11-17T05:25:30.275 INFO:teuthology.orchestra.run.smithi003.stderr:/usr/bin/ceph:
2023-11-17T05:25:30.273+0000 7f2f17db6700 1 -- 172.21.15.3:0/2331007705 --> [v2:172.21.15.3:6800/17534166,v1:172.21.15.3:6801/17534166] -- mgr_command(tid 0: {"prefix": "dashboard ac-user-create", "username": "admin", "rolename": "administrator", "force_password": true, "pwd_update_required": true, "target": ["mon-mgr", ""]}) v1 -- 0x7f2f10106bc0 con 0x7f2ef802fd50
2023-11-17T05:25:30.327 INFO:teuthology.orchestra.run.smithi003.stderr:/usr/bin/ceph:
2023-11-17T05:25:30.325+0000 7f2efe7fc700 1 -- 172.21.15.3:0/2331007705 <== mon.0 v2:172.21.15.3:3300/0 7 ==== mgrmap(e 16) v1 ==== 36208+0+0 (secure 0 0 0) 0x7f2f0c010dd0 con 0x7f2f100fc210
2023-11-17T05:25:30.527 INFO:teuthology.orchestra.run.smithi003.stderr:/usr/bin/ceph:
2023-11-17T05:25:30.525+0000 7f2efe7fc700 1 -- 172.21.15.3:0/2331007705 <== mgr.14164 v2:172.21.15.3:6800/17534166 1 ==== mgr_command_reply(tid 0: 0 ) v1 ==== 8+0+252 (secure 0 0 0) 0x7f2f10106bc0 con 0x7f2ef802fd50
2023-11-17T05:25:30.527 INFO:teuthology.orchestra.run.smithi003.stderr:/usr/bin/ceph: {"username": "admin", "password": "$2b$12$kIBPeB7b3meQIV4LrSIKSOPpY/0Ofr/wEG0gAwdf.qtZna.sWXKyK", "roles": ["administrator"], "name": null, "email": null, "lastUpdate": 1700198730, "enabled": true, "pwdExpirationDate": null, "pwdUpdateRequired": true}
2023-11-17T05:25:30.529 INFO:teuthology.orchestra.run.smithi003.stderr:/usr/bin/ceph:
2023-11-17T05:25:30.527+0000 7f2f17db6700 1 -- 172.21.15.3:0/2331007705 >> [v2:172.21.15.3:6800/17534166,v1:172.21.15.3:6801/17534166] conn(0x7f2ef802fd50 msgr2=0x7f2ef8032210 secure :-1 s=STATE_CONNECTION_ESTABLISHED l=1).mark_down
2023-11-17T05:25:30.529 INFO:teuthology.orchestra.run.smithi003.stderr:/usr/bin/ceph:
2023-11-17T05:25:30.527+0000 7f2f17db6700 1 --2- 172.21.15.3:0/2331007705 >> [v2:172.21.15.3:6800/17534166,v1:172.21.15.3:6801/17534166] conn(0x7f2ef802fd50 0x7f2ef8032210 secure :-1 s=READY pgs=7 cs=0 l=1 rev1=1 rx=0x7f2f000096a0 tx=0x7f2f00006b40).stop
2023-11-17T05:25:30.529 INFO:teuthology.orchestra.run.smithi003.stderr:/usr/bin/ceph:
2023-11-17T05:25:30.527+0000 7f2f17db6700 1 -- 172.21.15.3:0/2331007705 >> [v2:172.21.15.3:3300/0,v1:172.21.15.3:6789/0] conn(0x7f2f100fc210 msgr2=0x7f2f1010cc00 secure :-1 s=STATE_CONNECTION_ESTABLISHED l=1).mark_down
2023-11-17T05:25:30.529 INFO:teuthology.orchestra.run.smithi003.stderr:/usr/bin/ceph:
2023-11-17T05:25:30.527+0000 7f2f17db6700 1 --2- 172.21.15.3:0/2331007705 >> [v2:172.21.15.3:3300/0,v1:172.21.15.3:6789/0] conn(0x7f2f100fc210 0x7f2f1010cc00 secure :-1 s=READY pgs=84 cs=0 l=1 rev1=1 rx=0x7f2f0c00e040 tx=0x7f2f0c006ee0).stop
2023-11-17T05:25:30.530 INFO:teuthology.orchestra.run.smithi003.stderr:/usr/bin/ceph:
2023-11-17T05:25:30.527+0000 7f2f17db6700 1 -- 172.21.15.3:0/2331007705 shutdown_connections
2023-11-17T05:25:30.530 INFO:teuthology.orchestra.run.smithi003.stderr:/usr/bin/ceph:
2023-11-17T05:25:30.527+0000 7f2f17db6700 1 --2- 172.21.15.3:0/2331007705 >> [v2:172.21.15.3:6800/17534166,v1:172.21.15.3:6801/17534166] conn(0x7f2ef802fd50 0x7f2ef8032210 unknown :-1 s=CLOSED pgs=7 cs=0 l=1 rev1=1 rx=0 tx=0).stop
2023-11-17T05:25:30.530 INFO:teuthology.orchestra.run.smithi003.stderr:/usr/bin/ceph:
2023-11-17T05:25:30.527+0000 7f2f17db6700 1 --2- 172.21.15.3:0/2331007705 >> [v2:172.21.15.3:3300/0,v1:172.21.15.3:6789/0] conn(0x7f2f100fc210 0x7f2f1010cc00 unknown :-1 s=CLOSED pgs=84 cs=0 l=1 rev1=1 rx=0 tx=0).stop
2023-11-17T05:25:30.530 INFO:teuthology.orchestra.run.smithi003.stderr:/usr/bin/ceph:
2023-11-17T05:25:30.527+0000 7f2f17db6700 1 -- 172.21.15.3:0/2331007705 >> 172.21.15.3:0/2331007705 conn(0x7f2f100f5a80 msgr2=0x7f2f100f7640 unknown :-1 s=STATE_NONE l=0).mark_down
2023-11-17T05:25:30.530 INFO:teuthology.orchestra.run.smithi003.stderr:/usr/bin/ceph:
2023-11-17T05:25:30.528+0000 7f2f17db6700 1 -- 172.21.15.3:0/2331007705 shutdown_connections
2023-11-17T05:25:30.530 INFO:teuthology.orchestra.run.smithi003.stderr:/usr/bin/ceph:
2023-11-17T05:25:30.528+0000 7f2f17db6700 1 -- 172.21.15.3:0/2331007705 wait complete.
2023-11-17T05:25:30.698 INFO:journalctl@ceph.mon.smithi003.smithi003.stdout:Nov 17 05:25:30 smithi003 ceph-851feb1e-8509-11ee-8dbe-212e2dc638e7-mon.smithi003[111810]: audit
2023-11-17T05:25:29.272796+0000 mgr.smithi003.eddcuc (mgr.14164) 3 : audit [DBG] from='client.14174 -' entity='client.admin' cmd=[{"prefix": "dashboard create-self-signed-cert", "target": ["mon-mgr", ""]}]: dispatch
2023-11-17T05:25:30.698 INFO:journalctl@ceph.mon.smithi003.smithi003.stdout:Nov 17 05:25:30 smithi003 ceph-851feb1e-8509-11ee-8dbe-212e2dc638e7-mon.smithi003[111810]: cluster
2023-11-17T05:25:30.328560+0000 mon.smithi003 (mon.0) 106 : cluster [DBG] mgrmap e16: smithi003.eddcuc(active, since 2s)
2023-11-17T05:25:30.874 INFO:teuthology.orchestra.run.smithi003.stderr:Fetching dashboard port number...
2023-11-17T05:25:30.874 INFO:teuthology.orchestra.run.smithi003.stderr:Running command: /bin/podman run --rm --ipc=host --no-hosts --net=host --entrypoint /usr/bin/ceph --init -e CONTAINER_IMAGE=docker.io/ceph/ceph:v16.2.4 -e NODE_NAME=smithi003 -e CEPH_USE_RANDOM_NONCE=1 -v /var/log/ceph/851feb1e-8509-11ee-8dbe-212e2dc638e7:/var/log/ceph:z -v /tmp/ceph-tmptcuja8tf:/etc/ceph/ceph.client.admin.keyring:z -v /tmp/ceph-tmpk7o1jie2:/etc/ceph/ceph.conf:z docker.io/ceph/ceph:v16.2.4 config get mgr mgr/dashboard/ssl_server_port
2023-11-17T05:25:31.261 INFO:teuthology.orchestra.run.smithi003.stderr:/usr/bin/ceph:
2023-11-17T05:25:31.259+0000 7f58f76a0700 1 Processor -- start
2023-11-17T05:25:31.261 INFO:teuthology.orchestra.run.smithi003.stderr:/usr/bin/ceph:
2023-11-17T05:25:31.259+0000 7f58f76a0700 1 -- start start
2023-11-17T05:25:31.261 INFO:teuthology.orchestra.run.smithi003.stderr:/usr/bin/ceph:
2023-11-17T05:25:31.260+0000 7f58f76a0700 1 --2- >> [v2:172.21.15.3:3300/0,v1:172.21.15.3:6789/0] conn(0x7f58f006fcd0 0x7f58f00fe7a0 unknown :-1 s=NONE pgs=0 cs=0 l=0 rev1=0 rx=0 tx=0).connect
2023-11-17T05:25:31.264 INFO:teuthology.orchestra.run.smithi003.stderr:/usr/bin/ceph:
2023-11-17T05:25:31.260+0000 7f58f76a0700 1 -- --> [v2:172.21.15.3:3300/0,v1:172.21.15.3:6789/0] -- mon_getmap magic: 0 v1 -- 0x7f58f00fed20 con 0x7f58f006fcd0
2023-11-17T05:25:31.264 INFO:teuthology.orchestra.run.smithi003.stderr:/usr/bin/ceph:
2023-11-17T05:25:31.260+0000 7f58f543c700 1 --2- >> [v2:172.21.15.3:3300/0,v1:172.21.15.3:6789/0] conn(0x7f58f006fcd0 0x7f58f00fe7a0 unknown :-1 s=BANNER_CONNECTING pgs=0 cs=0 l=0 rev1=0 rx=0 tx=0)._handle_peer_banner_payload supported=1 required=0
2023-11-17T05:25:31.264 INFO:teuthology.orchestra.run.smithi003.stderr:/usr/bin/ceph:
2023-11-17T05:25:31.260+0000 7f58f543c700 1 --2- >> [v2:172.21.15.3:3300/0,v1:172.21.15.3:6789/0] conn(0x7f58f006fcd0 0x7f58f00fe7a0 unknown :-1 s=HELLO_CONNECTING pgs=0 cs=0 l=0 rev1=1 rx=0 tx=0).handle_hello peer v2:172.21.15.3:3300/0 says I am v2:172.21.15.3:52136/0 (socket says 172.21.15.3:52136)
2023-11-17T05:25:31.264 INFO:teuthology.orchestra.run.smithi003.stderr:/usr/bin/ceph:
2023-11-17T05:25:31.260+0000 7f58f543c700 1 -- 172.21.15.3:0/2446830422 learned_addr learned my addr 172.21.15.3:0/2446830422 (peer_addr_for_me v2:172.21.15.3:0/0)
2023-11-17T05:25:31.264 INFO:teuthology.orchestra.run.smithi003.stderr:/usr/bin/ceph:
2023-11-17T05:25:31.260+0000 7f58f543c700 1 -- 172.21.15.3:0/2446830422 --> [v2:172.21.15.3:3300/0,v1:172.21.15.3:6789/0] -- mon_subscribe({config=0+,monmap=0+}) v3 -- 0x7f58f00fee60 con 0x7f58f006fcd0
2023-11-17T05:25:31.264 INFO:teuthology.orchestra.run.smithi003.stderr:/usr/bin/ceph:
2023-11-17T05:25:31.260+0000 7f58f543c700 1 --2- 172.21.15.3:0/2446830422 >> [v2:172.21.15.3:3300/0,v1:172.21.15.3:6789/0] conn(0x7f58f006fcd0 0x7f58f00fe7a0 secure :-1 s=READY pgs=85 cs=0 l=1 rev1=1 rx=0x7f58e400b5f0 tx=0x7f58e4006ee0).ready entity=mon.0 client_cookie=307039f66e1a99bd server_cookie=0 in_seq=0 out_seq=0
2023-11-17T05:25:31.264 INFO:teuthology.orchestra.run.smithi003.stderr:/usr/bin/ceph:
2023-11-17T05:25:31.261+0000 7f58e3fff700 1 -- 172.21.15.3:0/2446830422 <== mon.0 v2:172.21.15.3:3300/0 1 ==== mon_map magic: 0 v1 ==== 229+0+0 (secure 0 0 0) 0x7f58e400d600 con 0x7f58f006fcd0
2023-11-17T05:25:31.264 INFO:teuthology.orchestra.run.smithi003.stderr:/usr/bin/ceph:
2023-11-17T05:25:31.261+0000 7f58e3fff700 1 -- 172.21.15.3:0/2446830422 <== mon.0 v2:172.21.15.3:3300/0 2 ==== config(25 keys) v1 ==== 1010+0+0 (secure 0 0 0) 0x7f58e400dbd0 con 0x7f58f006fcd0
2023-11-17T05:25:31.264 INFO:teuthology.orchestra.run.smithi003.stderr:/usr/bin/ceph:
2023-11-17T05:25:31.261+0000 7f58e3fff700 1 -- 172.21.15.3:0/2446830422 <== mon.0 v2:172.21.15.3:3300/0 3 ==== mon_map magic: 0 v1 ==== 229+0+0 (secure 0 0 0) 0x7f58e4011c00 con 0x7f58f006fcd0
2023-11-17T05:25:31.265 INFO:teuthology.orchestra.run.smithi003.stderr:/usr/bin/ceph:
2023-11-17T05:25:31.261+0000 7f58f76a0700 1 -- 172.21.15.3:0/2446830422 >> [v2:172.21.15.3:3300/0,v1:172.21.15.3:6789/0] conn(0x7f58f006fcd0 msgr2=0x7f58f00fe7a0 secure :-1 s=STATE_CONNECTION_ESTABLISHED l=1).mark_down
2023-11-17T05:25:31.265 INFO:teuthology.orchestra.run.smithi003.stderr:/usr/bin/ceph:
2023-11-17T05:25:31.261+0000 7f58f76a0700 1 --2- 172.21.15.3:0/2446830422 >> [v2:172.21.15.3:3300/0,v1:172.21.15.3:6789/0] conn(0x7f58f006fcd0 0x7f58f00fe7a0 secure :-1 s=READY pgs=85 cs=0 l=1 rev1=1 rx=0x7f58e400b5f0 tx=0x7f58e4006ee0).stop
2023-11-17T05:25:31.265 INFO:teuthology.orchestra.run.smithi003.stderr:/usr/bin/ceph:
2023-11-17T05:25:31.262+0000 7f58f76a0700 1 -- 172.21.15.3:0/2446830422 shutdown_connections
2023-11-17T05:25:31.265 INFO:teuthology.orchestra.run.smithi003.stderr:/usr/bin/ceph:
2023-11-17T05:25:31.262+0000 7f58f76a0700 1 --2- 172.21.15.3:0/2446830422 >> [v2:172.21.15.3:3300/0,v1:172.21.15.3:6789/0] conn(0x7f58f006fcd0 0x7f58f00fe7a0 unknown :-1 s=CLOSED pgs=85 cs=0 l=1 rev1=1 rx=0 tx=0).stop
2023-11-17T05:25:31.265 INFO:teuthology.orchestra.run.smithi003.stderr:/usr/bin/ceph:
2023-11-17T05:25:31.262+0000 7f58f76a0700 1 -- 172.21.15.3:0/2446830422 >> 172.21.15.3:0/2446830422 conn(0x7f58f00f6280 msgr2=0x7f58f00f86a0 unknown :-1 s=STATE_NONE l=0).mark_down
2023-11-17T05:25:31.265 INFO:teuthology.orchestra.run.smithi003.stderr:/usr/bin/ceph:
2023-11-17T05:25:31.262+0000 7f58f76a0700 1 -- 172.21.15.3:0/2446830422 shutdown_connections
2023-11-17T05:25:31.265 INFO:teuthology.orchestra.run.smithi003.stderr:/usr/bin/ceph:
2023-11-17T05:25:31.262+0000 7f58f76a0700 1 -- 172.21.15.3:0/2446830422 wait complete.
2023-11-17T05:25:31.265 INFO:teuthology.orchestra.run.smithi003.stderr:/usr/bin/ceph:
2023-11-17T05:25:31.262+0000 7f58f76a0700 1 Processor -- start
2023-11-17T05:25:31.265 INFO:teuthology.orchestra.run.smithi003.stderr:/usr/bin/ceph:
2023-11-17T05:25:31.262+0000 7f58f76a0700 1 -- start start
2023-11-17T05:25:31.265 INFO:teuthology.orchestra.run.smithi003.stderr:/usr/bin/ceph:
2023-11-17T05:25:31.262+0000 7f58f76a0700 1 --2- >> [v2:172.21.15.3:3300/0,v1:172.21.15.3:6789/0] conn(0x7f58f006fcd0 0x7f58f00fc220 unknown :-1 s=NONE pgs=0 cs=0 l=1 rev1=0 rx=0 tx=0).connect
2023-11-17T05:25:31.265 INFO:teuthology.orchestra.run.smithi003.stderr:/usr/bin/ceph:
2023-11-17T05:25:31.262+0000 7f58f76a0700 1 -- --> [v2:172.21.15.3:3300/0,v1:172.21.15.3:6789/0] -- mon_getmap magic: 0 v1 -- 0x7f58f00fa6a0 con 0x7f58f006fcd0
2023-11-17T05:25:31.269 INFO:teuthology.orchestra.run.smithi003.stderr:/usr/bin/ceph:
2023-11-17T05:25:31.263+0000 7f58f543c700 1 --2- >> [v2:172.21.15.3:3300/0,v1:172.21.15.3:6789/0] conn(0x7f58f006fcd0 0x7f58f00fc220 unknown :-1 s=BANNER_CONNECTING pgs=0 cs=0 l=1 rev1=0 rx=0 tx=0)._handle_peer_banner_payload supported=1 required=0
2023-11-17T05:25:31.269 INFO:teuthology.orchestra.run.smithi003.stderr:/usr/bin/ceph:
2023-11-17T05:25:31.263+0000 7f58f543c700 1 --2- >> [v2:172.21.15.3:3300/0,v1:172.21.15.3:6789/0] conn(0x7f58f006fcd0 0x7f58f00fc220 unknown :-1 s=HELLO_CONNECTING pgs=0 cs=0 l=1 rev1=1 rx=0 tx=0).handle_hello peer v2:172.21.15.3:3300/0 says I am v2:172.21.15.3:52144/0 (socket says 172.21.15.3:52144)
2023-11-17T05:25:31.269 INFO:teuthology.orchestra.run.smithi003.stderr:/usr/bin/ceph:
2023-11-17T05:25:31.263+0000 7f58f543c700 1 -- 172.21.15.3:0/81259246 learned_addr learned my addr 172.21.15.3:0/81259246 (peer_addr_for_me v2:172.21.15.3:0/0)
2023-11-17T05:25:31.270 INFO:teuthology.orchestra.run.smithi003.stderr:/usr/bin/ceph:
2023-11-17T05:25:31.263+0000 7f58f543c700 1 -- 172.21.15.3:0/81259246 --> [v2:172.21.15.3:3300/0,v1:172.21.15.3:6789/0] -- mon_subscribe({config=0+,monmap=0+}) v3 -- 0x7f58e400b200 con 0x7f58f006fcd0
2023-11-17T05:25:31.270 INFO:teuthology.orchestra.run.smithi003.stderr:/usr/bin/ceph:
2023-11-17T05:25:31.263+0000 7f58f543c700 1 --2- 172.21.15.3:0/81259246 >> [v2:172.21.15.3:3300/0,v1:172.21.15.3:6789/0] conn(0x7f58f006fcd0 0x7f58f00fc220 secure :-1 s=READY pgs=86 cs=0 l=1 rev1=1 rx=0x7f58e400e040 tx=0x7f58e4006ee0).ready entity=mon.0 client_cookie=0 server_cookie=0 in_seq=0 out_seq=0
2023-11-17T05:25:31.270 INFO:teuthology.orchestra.run.smithi003.stderr:/usr/bin/ceph:
2023-11-17T05:25:31.263+0000 7f58e1ffb700 1 -- 172.21.15.3:0/81259246 <== mon.0 v2:172.21.15.3:3300/0 1 ==== mon_map magic: 0 v1 ==== 229+0+0 (secure 0 0 0) 0x7f58e401b410 con 0x7f58f006fcd0
2023-11-17T05:25:31.270 INFO:teuthology.orchestra.run.smithi003.stderr:/usr/bin/ceph:
2023-11-17T05:25:31.263+0000 7f58e1ffb700 1 -- 172.21.15.3:0/81259246 <== mon.0 v2:172.21.15.3:3300/0 2 ==== config(25 keys) v1 ==== 1010+0+0 (secure 0 0 0) 0x7f58e401b9e0 con 0x7f58f006fcd0
2023-11-17T05:25:31.270 INFO:teuthology.orchestra.run.smithi003.stderr:/usr/bin/ceph:
2023-11-17T05:25:31.263+0000 7f58f76a0700 1 -- 172.21.15.3:0/81259246 --> [v2:172.21.15.3:3300/0,v1:172.21.15.3:6789/0] -- mon_subscribe({mgrmap=0+}) v3 -- 0x7f58f00fa840 con 0x7f58f006fcd0
2023-11-17T05:25:31.271 INFO:teuthology.orchestra.run.smithi003.stderr:/usr/bin/ceph:
2023-11-17T05:25:31.263+0000 7f58e1ffb700 1 -- 172.21.15.3:0/81259246 <== mon.0 v2:172.21.15.3:3300/0 3 ==== mon_map magic: 0 v1 ==== 229+0+0 (secure 0 0 0) 0x7f58e401a770 con 0x7f58f006fcd0
2023-11-17T05:25:31.271 INFO:teuthology.orchestra.run.smithi003.stderr:/usr/bin/ceph:
2023-11-17T05:25:31.264+0000 7f58f76a0700 1 -- 172.21.15.3:0/81259246 --> [v2:172.21.15.3:3300/0,v1:172.21.15.3:6789/0] -- mon_subscribe({osdmap=0}) v3 -- 0x7f58f00fac50 con 0x7f58f006fcd0
2023-11-17T05:25:31.271 INFO:teuthology.orchestra.run.smithi003.stderr:/usr/bin/ceph:
2023-11-17T05:25:31.265+0000 7f58e1ffb700 1 -- 172.21.15.3:0/81259246 <== mon.0 v2:172.21.15.3:3300/0 4 ==== mgrmap(e 16) v1 ==== 36208+0+0 (secure 0 0 0) 0x7f58e400f070 con 0x7f58f006fcd0
2023-11-17T05:25:31.271 INFO:teuthology.orchestra.run.smithi003.stderr:/usr/bin/ceph:
2023-11-17T05:25:31.265+0000 7f58e1ffb700 1 --2- 172.21.15.3:0/81259246 >> [v2:172.21.15.3:6800/17534166,v1:172.21.15.3:6801/17534166] conn(0x7f58d802ff00 0x7f58d80323c0 unknown :-1 s=NONE pgs=0 cs=0 l=1 rev1=0 rx=0 tx=0).connect
2023-11-17T05:25:31.271 INFO:teuthology.orchestra.run.smithi003.stderr:/usr/bin/ceph:
2023-11-17T05:25:31.265+0000 7f58f76a0700 1 -- 172.21.15.3:0/81259246 --> [v2:172.21.15.3:3300/0,v1:172.21.15.3:6789/0] -- mon_command({"prefix": "get_command_descriptions"} v 0) v1 -- 0x7f58f0045ad0 con 0x7f58f006fcd0
2023-11-17T05:25:31.272 INFO:teuthology.orchestra.run.smithi003.stderr:/usr/bin/ceph:
2023-11-17T05:25:31.265+0000 7f58e1ffb700 1 -- 172.21.15.3:0/81259246 <== mon.0 v2:172.21.15.3:3300/0 5 ==== osd_map(4..4 src has 1..4) v4 ==== 1270+0+0 (secure 0 0 0) 0x7f58e4041240 con 0x7f58f006fcd0
2023-11-17T05:25:31.272 INFO:teuthology.orchestra.run.smithi003.stderr:/usr/bin/ceph:
2023-11-17T05:25:31.265+0000 7f58f4c3b700 1 --2- 172.21.15.3:0/81259246 >> [v2:172.21.15.3:6800/17534166,v1:172.21.15.3:6801/17534166] conn(0x7f58d802ff00 0x7f58d80323c0 unknown :-1 s=BANNER_CONNECTING pgs=0 cs=0 l=1 rev1=0 rx=0 tx=0)._handle_peer_banner_payload supported=1 required=0
2023-11-17T05:25:31.272 INFO:teuthology.orchestra.run.smithi003.stderr:/usr/bin/ceph:
2023-11-17T05:25:31.265+0000 7f58f4c3b700 1 --2- 172.21.15.3:0/81259246 >> [v2:172.21.15.3:6800/17534166,v1:172.21.15.3:6801/17534166] conn(0x7f58d802ff00 0x7f58d80323c0 secure :-1 s=READY pgs=8 cs=0 l=1 rev1=1 rx=0x7f58ec0096a0 tx=0x7f58ec006b40).ready entity=mgr.14164 client_cookie=0 server_cookie=0 in_seq=0 out_seq=0
2023-11-17T05:25:31.272 INFO:teuthology.orchestra.run.smithi003.stderr:/usr/bin/ceph:
2023-11-17T05:25:31.269+0000 7f58e1ffb700 1 -- 172.21.15.3:0/81259246 <== mon.0 v2:172.21.15.3:3300/0 6 ==== mon_command_ack([{"prefix": "get_command_descriptions"}]=0 v0) v1 ==== 72+0+152212 (secure 0 0 0) 0x7f58e4016070 con 0x7f58f006fcd0
2023-11-17T05:25:31.437 INFO:teuthology.orchestra.run.smithi003.stderr:/usr/bin/ceph:
2023-11-17T05:25:31.436+0000 7f58f76a0700 1 -- 172.21.15.3:0/81259246 --> [v2:172.21.15.3:3300/0,v1:172.21.15.3:6789/0] -- mon_command({"prefix": "config get", "who": "mgr", "key": "mgr/dashboard/ssl_server_port"} v 0) v1 -- 0x7f58f00ffc90 con 0x7f58f006fcd0
2023-11-17T05:25:31.438 INFO:teuthology.orchestra.run.smithi003.stderr:/usr/bin/ceph:
2023-11-17T05:25:31.436+0000 7f58e1ffb700 1 -- 172.21.15.3:0/81259246 <== mon.0 v2:172.21.15.3:3300/0 7 ==== mon_command_ack([{"prefix": "config get", "who": "mgr", "key": "mgr/dashboard/ssl_server_port"}]=0 v9) v1 ==== 112+0+5 (secure 0 0 0) 0x7f58e4010580 con 0x7f58f006fcd0
2023-11-17T05:25:31.438 INFO:teuthology.orchestra.run.smithi003.stderr:/usr/bin/ceph: 8443
2023-11-17T05:25:31.440 INFO:teuthology.orchestra.run.smithi003.stderr:/usr/bin/ceph:
2023-11-17T05:25:31.438+0000 7f58f76a0700 1 -- 172.21.15.3:0/81259246 >> [v2:172.21.15.3:6800/17534166,v1:172.21.15.3:6801/17534166] conn(0x7f58d802ff00 msgr2=0x7f58d80323c0 secure :-1 s=STATE_CONNECTION_ESTABLISHED l=1).mark_down
2023-11-17T05:25:31.440 INFO:teuthology.orchestra.run.smithi003.stderr:/usr/bin/ceph:
2023-11-17T05:25:31.438+0000 7f58f76a0700 1 --2- 172.21.15.3:0/81259246 >> [v2:172.21.15.3:6800/17534166,v1:172.21.15.3:6801/17534166] conn(0x7f58d802ff00 0x7f58d80323c0 secure :-1 s=READY pgs=8 cs=0 l=1 rev1=1 rx=0x7f58ec0096a0 tx=0x7f58ec006b40).stop
2023-11-17T05:25:31.441 INFO:teuthology.orchestra.run.smithi003.stderr:/usr/bin/ceph:
2023-11-17T05:25:31.438+0000 7f58f76a0700 1 -- 172.21.15.3:0/81259246 >> [v2:172.21.15.3:3300/0,v1:172.21.15.3:6789/0] conn(0x7f58f006fcd0 msgr2=0x7f58f00fc220 secure :-1 s=STATE_CONNECTION_ESTABLISHED l=1).mark_down
2023-11-17T05:25:31.441 INFO:teuthology.orchestra.run.smithi003.stderr:/usr/bin/ceph:
2023-11-17T05:25:31.438+0000 7f58f76a0700 1 --2- 172.21.15.3:0/81259246 >> [v2:172.21.15.3:3300/0,v1:172.21.15.3:6789/0] conn(0x7f58f006fcd0 0x7f58f00fc220 secure :-1 s=READY pgs=86 cs=0 l=1 rev1=1 rx=0x7f58e400e040 tx=0x7f58e4006ee0).stop
2023-11-17T05:25:31.441 INFO:teuthology.orchestra.run.smithi003.stderr:/usr/bin/ceph:
2023-11-17T05:25:31.438+0000 7f58f76a0700 1 -- 172.21.15.3:0/81259246 shutdown_connections
2023-11-17T05:25:31.441 INFO:teuthology.orchestra.run.smithi003.stderr:/usr/bin/ceph:
2023-11-17T05:25:31.438+0000 7f58f76a0700 1 --2- 172.21.15.3:0/81259246 >> [v2:172.21.15.3:6800/17534166,v1:172.21.15.3:6801/17534166] conn(0x7f58d802ff00 0x7f58d80323c0 unknown :-1 s=CLOSED pgs=8 cs=0 l=1 rev1=1 rx=0 tx=0).stop
2023-11-17T05:25:31.441 INFO:teuthology.orchestra.run.smithi003.stderr:/usr/bin/ceph:
2023-11-17T05:25:31.438+0000 7f58f76a0700 1 --2- 172.21.15.3:0/81259246 >> [v2:172.21.15.3:3300/0,v1:172.21.15.3:6789/0] conn(0x7f58f006fcd0 0x7f58f00fc220 unknown :-1 s=CLOSED pgs=86 cs=0 l=1 rev1=1 rx=0 tx=0).stop
2023-11-17T05:25:31.441 INFO:teuthology.orchestra.run.smithi003.stderr:/usr/bin/ceph:
2023-11-17T05:25:31.438+0000 7f58f76a0700 1 -- 172.21.15.3:0/81259246 >> 172.21.15.3:0/81259246 conn(0x7f58f00f6280 msgr2=0x7f58f00f7e20 unknown :-1 s=STATE_NONE l=0).mark_down
2023-11-17T05:25:31.441 INFO:teuthology.orchestra.run.smithi003.stderr:/usr/bin/ceph:
2023-11-17T05:25:31.438+0000 7f58f76a0700 1 -- 172.21.15.3:0/81259246 shutdown_connections
2023-11-17T05:25:31.441 INFO:teuthology.orchestra.run.smithi003.stderr:/usr/bin/ceph:
2023-11-17T05:25:31.438+0000 7f58f76a0700 1 -- 172.21.15.3:0/81259246 wait complete.
2023-11-17T05:25:31.770 INFO:journalctl@ceph.mon.smithi003.smithi003.stdout:Nov 17 05:25:31 smithi003 ceph-851feb1e-8509-11ee-8dbe-212e2dc638e7-mon.smithi003[111810]: audit
2023-11-17T05:25:30.275525+0000 mgr.smithi003.eddcuc (mgr.14164) 4 : audit [DBG] from='client.14176 -' entity='client.admin' cmd=[{"prefix": "dashboard ac-user-create", "username": "admin", "rolename": "administrator", "force_password": true, "pwd_update_required": true, "target": ["mon-mgr", ""]}]: dispatch
2023-11-17T05:25:31.770 INFO:journalctl@ceph.mon.smithi003.smithi003.stdout:Nov 17 05:25:31 smithi003 ceph-851feb1e-8509-11ee-8dbe-212e2dc638e7-mon.smithi003[111810]: audit
2023-11-17T05:25:30.527072+0000 mon.smithi003 (mon.0) 107 : audit [INF] from='mgr.14164 172.21.15.3:0/529273834' entity='mgr.smithi003.eddcuc'
2023-11-17T05:25:31.771 INFO:journalctl@ceph.mon.smithi003.smithi003.stdout:Nov 17 05:25:31 smithi003 ceph-851feb1e-8509-11ee-8dbe-212e2dc638e7-mon.smithi003[111810]: audit
2023-11-17T05:25:31.437767+0000 mon.smithi003 (mon.0) 108 : audit [DBG] from='client.? 172.21.15.3:0/81259246' entity='client.admin' cmd=[{"prefix": "config get", "who": "mgr", "key": "mgr/dashboard/ssl_server_port"}]: dispatch
2023-11-17T05:25:31.808 INFO:teuthology.orchestra.run.smithi003.stderr:Running command: systemctl is-enabled firewalld.service
2023-11-17T05:25:31.819 INFO:teuthology.orchestra.run.smithi003.stderr:systemctl: disabled
2023-11-17T05:25:31.820 INFO:teuthology.orchestra.run.smithi003.stderr:Running command: systemctl is-active firewalld.service
2023-11-17T05:25:31.829 INFO:teuthology.orchestra.run.smithi003.stderr:systemctl: inactive
2023-11-17T05:25:31.830 INFO:teuthology.orchestra.run.smithi003.stderr:firewalld.service is not enabled
2023-11-17T05:25:31.830 INFO:teuthology.orchestra.run.smithi003.stderr:Not possible to open ports <[8443]>. firewalld.service is not available
2023-11-17T05:25:31.832 INFO:teuthology.orchestra.run.smithi003.stderr:Ceph Dashboard is now available at:
2023-11-17T05:25:31.832 INFO:teuthology.orchestra.run.smithi003.stderr:
2023-11-17T05:25:31.832 INFO:teuthology.orchestra.run.smithi003.stderr: URL: https://smithi003.front.sepia.ceph.com:8443/
2023-11-17T05:25:31.832 INFO:teuthology.orchestra.run.smithi003.stderr: User: admin
2023-11-17T05:25:31.832 INFO:teuthology.orchestra.run.smithi003.stderr: Password: 2n327yqnan
2023-11-17T05:25:31.833 INFO:teuthology.orchestra.run.smithi003.stderr:
2023-11-17T05:25:31.833 INFO:teuthology.orchestra.run.smithi003.stderr:You can access the Ceph CLI with:
2023-11-17T05:25:31.833 INFO:teuthology.orchestra.run.smithi003.stderr:
2023-11-17T05:25:31.833 INFO:teuthology.orchestra.run.smithi003.stderr: sudo /home/ubuntu/cephtest/cephadm shell --fsid 851feb1e-8509-11ee-8dbe-212e2dc638e7 -c /etc/ceph/ceph.conf -k /etc/ceph/ceph.client.admin.keyring
2023-11-17T05:25:31.833 INFO:teuthology.orchestra.run.smithi003.stderr:
2023-11-17T05:25:31.834 INFO:teuthology.orchestra.run.smithi003.stderr:Please consider enabling telemetry to help improve Ceph:
2023-11-17T05:25:31.834 INFO:teuthology.orchestra.run.smithi003.stderr:
2023-11-17T05:25:31.834 INFO:teuthology.orchestra.run.smithi003.stderr: ceph telemetry on
2023-11-17T05:25:31.834 INFO:teuthology.orchestra.run.smithi003.stderr:
2023-11-17T05:25:31.834 INFO:teuthology.orchestra.run.smithi003.stderr:For more information see:
2023-11-17T05:25:31.834 INFO:teuthology.orchestra.run.smithi003.stderr:
2023-11-17T05:25:31.834 INFO:teuthology.orchestra.run.smithi003.stderr: https://docs.ceph.com/docs/pacific/mgr/telemetry/
2023-11-17T05:25:31.834 INFO:teuthology.orchestra.run.smithi003.stderr:
2023-11-17T05:25:31.834 INFO:teuthology.orchestra.run.smithi003.stderr:Bootstrap complete.
2023-11-17T05:25:31.834 INFO:teuthology.orchestra.run.smithi003.stderr:Releasing lock 140593299061224 on /run/cephadm/851feb1e-8509-11ee-8dbe-212e2dc638e7.lock
2023-11-17T05:25:31.835 INFO:teuthology.orchestra.run.smithi003.stderr:Lock 140593299061224 released on /run/cephadm/851feb1e-8509-11ee-8dbe-212e2dc638e7.lock
2023-11-17T05:25:31.874 INFO:tasks.cephadm:Fetching config...
2023-11-17T05:25:31.874 DEBUG:teuthology.orchestra.run.smithi003:> set -ex
2023-11-17T05:25:31.875 DEBUG:teuthology.orchestra.run.smithi003:> dd if=/etc/ceph/ceph.conf of=/dev/stdout
2023-11-17T05:25:31.896 INFO:tasks.cephadm:Fetching client.admin keyring...
2023-11-17T05:25:31.896 DEBUG:teuthology.orchestra.run.smithi003:> set -ex
2023-11-17T05:25:31.896 DEBUG:teuthology.orchestra.run.smithi003:> dd if=/etc/ceph/ceph.client.admin.keyring of=/dev/stdout
2023-11-17T05:25:31.960 INFO:tasks.cephadm:Fetching mon keyring...
2023-11-17T05:25:31.960 DEBUG:teuthology.orchestra.run.smithi003:> set -ex
2023-11-17T05:25:31.960 DEBUG:teuthology.orchestra.run.smithi003:> sudo dd if=/var/lib/ceph/851feb1e-8509-11ee-8dbe-212e2dc638e7/mon.smithi003/keyring of=/dev/stdout
2023-11-17T05:25:32.035 INFO:tasks.cephadm:Fetching pub ssh key...
2023-11-17T05:25:32.036 DEBUG:teuthology.orchestra.run.smithi003:> set -ex
2023-11-17T05:25:32.036 DEBUG:teuthology.orchestra.run.smithi003:> dd if=/home/ubuntu/cephtest/ceph.pub of=/dev/stdout
2023-11-17T05:25:32.099 INFO:tasks.cephadm:Installing pub ssh key for root users...
2023-11-17T05:25:32.099 DEBUG:teuthology.orchestra.run.smithi003:> sudo install -d -m 0700 /root/.ssh && echo 'ssh-rsa AAAAB3NzaC1yc2EAAAADAQABAAABgQDrzTHMzFX2NWVwNhuoufWlyf/uJpnw9PgXmv2GlMM71C50xs9YU4jzcVV3I6GU9YnqHwEjMLwjwA1H0VePmw+83pyfhzq7WbqCIvAZUXNHnMKD272bIQ8jLVM+2piyZOCo+tvmpcvncbTV34nouTQ0+IDcHOzDHNXq8KOmU3t9e/mGS+YHU3upQ/C9a8t2JQlxFfIBjYjxSRa7znX+gFikk2eABQ3Xst5jpMhuJWrTAOnA9Mlq9MhVyr8NXJmdRmZ5tuu6Lzi6Za31q3/0Gtq8rhpty7SwYN6BFY1achyEZUOI6gN4GyHT7sD/pRJGw3IAOhjTBaQ3ygjq10I9/5Q9R4pgaS2QTBbG6WRGwRuhYg1h0YwBWQ8uvNOBByYTU+RsjNU+KDi0fnlVYhj4qQkeBN7QggLcob8maIDJv92STaKZnoD/ZaoUispkCxJGlN3xq4WxK0J8O1XGQ7V5d6Fz8N14p4C1iMmMPsP+Q5Y89PLknYcPq2k3eBwJu1FA0wk= ceph-851feb1e-8509-11ee-8dbe-212e2dc638e7' | sudo tee -a /root/.ssh/authorized_keys && sudo chmod 0600 /root/.ssh/authorized_keys
2023-11-17T05:25:32.188 INFO:teuthology.orchestra.run.smithi003.stdout:ssh-rsa AAAAB3NzaC1yc2EAAAADAQABAAABgQDrzTHMzFX2NWVwNhuoufWlyf/uJpnw9PgXmv2GlMM71C50xs9YU4jzcVV3I6GU9YnqHwEjMLwjwA1H0VePmw+83pyfhzq7WbqCIvAZUXNHnMKD272bIQ8jLVM+2piyZOCo+tvmpcvncbTV34nouTQ0+IDcHOzDHNXq8KOmU3t9e/mGS+YHU3upQ/C9a8t2JQlxFfIBjYjxSRa7znX+gFikk2eABQ3Xst5jpMhuJWrTAOnA9Mlq9MhVyr8NXJmdRmZ5tuu6Lzi6Za31q3/0Gtq8rhpty7SwYN6BFY1achyEZUOI6gN4GyHT7sD/pRJGw3IAOhjTBaQ3ygjq10I9/5Q9R4pgaS2QTBbG6WRGwRuhYg1h0YwBWQ8uvNOBByYTU+RsjNU+KDi0fnlVYhj4qQkeBN7QggLcob8maIDJv92STaKZnoD/ZaoUispkCxJGlN3xq4WxK0J8O1XGQ7V5d6Fz8N14p4C1iMmMPsP+Q5Y89PLknYcPq2k3eBwJu1FA0wk= ceph-851feb1e-8509-11ee-8dbe-212e2dc638e7
2023-11-17T05:25:32.201 DEBUG:teuthology.orchestra.run.smithi160:> sudo install -d -m 0700 /root/.ssh && echo 'ssh-rsa AAAAB3NzaC1yc2EAAAADAQABAAABgQDrzTHMzFX2NWVwNhuoufWlyf/uJpnw9PgXmv2GlMM71C50xs9YU4jzcVV3I6GU9YnqHwEjMLwjwA1H0VePmw+83pyfhzq7WbqCIvAZUXNHnMKD272bIQ8jLVM+2piyZOCo+tvmpcvncbTV34nouTQ0+IDcHOzDHNXq8KOmU3t9e/mGS+YHU3upQ/C9a8t2JQlxFfIBjYjxSRa7znX+gFikk2eABQ3Xst5jpMhuJWrTAOnA9Mlq9MhVyr8NXJmdRmZ5tuu6Lzi6Za31q3/0Gtq8rhpty7SwYN6BFY1achyEZUOI6gN4GyHT7sD/pRJGw3IAOhjTBaQ3ygjq10I9/5Q9R4pgaS2QTBbG6WRGwRuhYg1h0YwBWQ8uvNOBByYTU+RsjNU+KDi0fnlVYhj4qQkeBN7QggLcob8maIDJv92STaKZnoD/ZaoUispkCxJGlN3xq4WxK0J8O1XGQ7V5d6Fz8N14p4C1iMmMPsP+Q5Y89PLknYcPq2k3eBwJu1FA0wk= ceph-851feb1e-8509-11ee-8dbe-212e2dc638e7' | sudo tee -a /root/.ssh/authorized_keys && sudo chmod 0600 /root/.ssh/authorized_keys
2023-11-17T05:25:32.248 INFO:teuthology.orchestra.run.smithi160.stdout:ssh-rsa AAAAB3NzaC1yc2EAAAADAQABAAABgQDrzTHMzFX2NWVwNhuoufWlyf/uJpnw9PgXmv2GlMM71C50xs9YU4jzcVV3I6GU9YnqHwEjMLwjwA1H0VePmw+83pyfhzq7WbqCIvAZUXNHnMKD272bIQ8jLVM+2piyZOCo+tvmpcvncbTV34nouTQ0+IDcHOzDHNXq8KOmU3t9e/mGS+YHU3upQ/C9a8t2JQlxFfIBjYjxSRa7znX+gFikk2eABQ3Xst5jpMhuJWrTAOnA9Mlq9MhVyr8NXJmdRmZ5tuu6Lzi6Za31q3/0Gtq8rhpty7SwYN6BFY1achyEZUOI6gN4GyHT7sD/pRJGw3IAOhjTBaQ3ygjq10I9/5Q9R4pgaS2QTBbG6WRGwRuhYg1h0YwBWQ8uvNOBByYTU+RsjNU+KDi0fnlVYhj4qQkeBN7QggLcob8maIDJv92STaKZnoD/ZaoUispkCxJGlN3xq4WxK0J8O1XGQ7V5d6Fz8N14p4C1iMmMPsP+Q5Y89PLknYcPq2k3eBwJu1FA0wk= ceph-851feb1e-8509-11ee-8dbe-212e2dc638e7
2023-11-17T05:25:32.260 DEBUG:teuthology.orchestra.run.smithi003:> sudo /home/ubuntu/cephtest/cephadm --image docker.io/ceph/ceph:v16.2.4 shell -c /etc/ceph/ceph.conf -k /etc/ceph/ceph.client.admin.keyring --fsid 851feb1e-8509-11ee-8dbe-212e2dc638e7 -- ceph config set mgr mgr/cephadm/allow_ptrace true
2023-11-17T05:25:33.457 INFO:teuthology.orchestra.run.smithi003.stderr:2023-11-17T05:25:33.455+0000 7fa6557ff700 1 -- 172.21.15.3:0/1431531680 >> [v2:172.21.15.3:3300/0,v1:172.21.15.3:6789/0] conn(0x7fa650060280 msgr2=0x7fa6500f8ea0 secure :-1 s=STATE_CONNECTION_ESTABLISHED l=1).mark_down
2023-11-17T05:25:33.458 INFO:teuthology.orchestra.run.smithi003.stderr:2023-11-17T05:25:33.455+0000 7fa6557ff700 1 --2- 172.21.15.3:0/1431531680 >> [v2:172.21.15.3:3300/0,v1:172.21.15.3:6789/0] conn(0x7fa650060280 0x7fa6500f8ea0 secure :-1 s=READY pgs=87 cs=0 l=1 rev1=1 rx=0x7fa638009fb0 tx=0x7fa638009b30).stop
2023-11-17T05:25:33.458 INFO:teuthology.orchestra.run.smithi003.stderr:2023-11-17T05:25:33.455+0000 7fa6557ff700 1 -- 172.21.15.3:0/1431531680 shutdown_connections
2023-11-17T05:25:33.458 INFO:teuthology.orchestra.run.smithi003.stderr:2023-11-17T05:25:33.455+0000 7fa6557ff700 1 --2- 172.21.15.3:0/1431531680 >> [v2:172.21.15.3:3300/0,v1:172.21.15.3:6789/0] conn(0x7fa650060280 0x7fa6500f8ea0 unknown :-1 s=CLOSED pgs=87 cs=0 l=1 rev1=1 rx=0 tx=0).stop
2023-11-17T05:25:33.458 INFO:teuthology.orchestra.run.smithi003.stderr:2023-11-17T05:25:33.455+0000 7fa6557ff700 1 -- 172.21.15.3:0/1431531680 >> 172.21.15.3:0/1431531680 conn(0x7fa6500f0920 msgr2=0x7fa6500f2d40 unknown :-1 s=STATE_NONE l=0).mark_down
2023-11-17T05:25:33.458 INFO:teuthology.orchestra.run.smithi003.stderr:2023-11-17T05:25:33.455+0000 7fa6557ff700 1 -- 172.21.15.3:0/1431531680 shutdown_connections
2023-11-17T05:25:33.458 INFO:teuthology.orchestra.run.smithi003.stderr:2023-11-17T05:25:33.455+0000 7fa6557ff700 1 -- 172.21.15.3:0/1431531680 wait complete.
2023-11-17T05:25:33.458 INFO:teuthology.orchestra.run.smithi003.stderr:2023-11-17T05:25:33.456+0000 7fa6557ff700 1 Processor -- start
2023-11-17T05:25:33.458 INFO:teuthology.orchestra.run.smithi003.stderr:2023-11-17T05:25:33.456+0000 7fa6557ff700 1 -- start start
2023-11-17T05:25:33.458 INFO:teuthology.orchestra.run.smithi003.stderr:2023-11-17T05:25:33.456+0000 7fa6557ff700 1 --2- >> [v2:172.21.15.3:3300/0,v1:172.21.15.3:6789/0] conn(0x7fa650060280 0x7fa6501064c0 unknown :-1 s=NONE pgs=0 cs=0 l=1 rev1=0 rx=0 tx=0).connect
2023-11-17T05:25:33.458 INFO:teuthology.orchestra.run.smithi003.stderr:2023-11-17T05:25:33.456+0000 7fa6557ff700 1 -- --> [v2:172.21.15.3:3300/0,v1:172.21.15.3:6789/0] -- mon_getmap magic: 0 v1 -- 0x7fa6501069b0 con 0x7fa650060280
2023-11-17T05:25:33.458 INFO:teuthology.orchestra.run.smithi003.stderr:2023-11-17T05:25:33.456+0000 7fa64effd700 1 --2- >> [v2:172.21.15.3:3300/0,v1:172.21.15.3:6789/0] conn(0x7fa650060280 0x7fa6501064c0 unknown :-1 s=BANNER_CONNECTING pgs=0 cs=0 l=1 rev1=0 rx=0 tx=0)._handle_peer_banner_payload supported=1 required=0
2023-11-17T05:25:33.459 INFO:teuthology.orchestra.run.smithi003.stderr:2023-11-17T05:25:33.456+0000 7fa64effd700 1 --2- >> [v2:172.21.15.3:3300/0,v1:172.21.15.3:6789/0] conn(0x7fa650060280 0x7fa6501064c0 unknown :-1 s=HELLO_CONNECTING pgs=0 cs=0 l=1 rev1=1 rx=0 tx=0).handle_hello peer v2:172.21.15.3:3300/0 says I am v2:172.21.15.3:52172/0 (socket says 172.21.15.3:52172)
2023-11-17T05:25:33.459 INFO:teuthology.orchestra.run.smithi003.stderr:2023-11-17T05:25:33.456+0000 7fa64effd700 1 -- 172.21.15.3:0/3838812907 learned_addr learned my addr 172.21.15.3:0/3838812907 (peer_addr_for_me v2:172.21.15.3:0/0)
2023-11-17T05:25:33.460 INFO:teuthology.orchestra.run.smithi003.stderr:2023-11-17T05:25:33.457+0000 7fa64effd700 1 -- 172.21.15.3:0/3838812907 --> [v2:172.21.15.3:3300/0,v1:172.21.15.3:6789/0] -- mon_subscribe({config=0+,monmap=0+}) v3 -- 0x7fa638005040 con 0x7fa650060280
2023-11-17T05:25:33.460 INFO:teuthology.orchestra.run.smithi003.stderr:2023-11-17T05:25:33.457+0000 7fa64effd700 1 --2- 172.21.15.3:0/3838812907 >> [v2:172.21.15.3:3300/0,v1:172.21.15.3:6789/0] conn(0x7fa650060280 0x7fa6501064c0 secure :-1 s=READY pgs=88 cs=0 l=1 rev1=1 rx=0x7fa638002040 tx=0x7fa63800b040).ready entity=mon.0 client_cookie=0 server_cookie=0 in_seq=0 out_seq=0
2023-11-17T05:25:33.460 INFO:teuthology.orchestra.run.smithi003.stderr:2023-11-17T05:25:33.457+0000 7fa6477fe700 1 -- 172.21.15.3:0/3838812907 <== mon.0 v2:172.21.15.3:3300/0 1 ==== mon_map magic: 0 v1 ==== 229+0+0 (secure 0 0 0) 0x7fa6380095f0 con 0x7fa650060280
2023-11-17T05:25:33.460 INFO:teuthology.orchestra.run.smithi003.stderr:2023-11-17T05:25:33.457+0000 7fa6557ff700 1 -- 172.21.15.3:0/3838812907 --> [v2:172.21.15.3:3300/0,v1:172.21.15.3:6789/0] -- mon_subscribe({mgrmap=0+}) v3 -- 0x7fa650106bb0 con 0x7fa650060280
2023-11-17T05:25:33.460 INFO:teuthology.orchestra.run.smithi003.stderr:2023-11-17T05:25:33.457+0000 7fa6477fe700 1 -- 172.21.15.3:0/3838812907 <== mon.0 v2:172.21.15.3:3300/0 2 ==== config(25 keys) v1 ==== 1010+0+0 (secure 0 0 0) 0x7fa638007e30 con 0x7fa650060280
2023-11-17T05:25:33.460 INFO:teuthology.orchestra.run.smithi003.stderr:2023-11-17T05:25:33.457+0000 7fa6477fe700 1 -- 172.21.15.3:0/3838812907 <== mon.0 v2:172.21.15.3:3300/0 3 ==== mon_map magic: 0 v1 ==== 229+0+0 (secure 0 0 0) 0x7fa638014d20 con 0x7fa650060280
