2023-11-17T05:25:04.514+0000 7fd664935700 1 -- 172.21.15.3:0/1417506963 >> [v2:172.21.15.3:6800/2575681100,v1:172.21.15.3:6801/2575681100] conn(0x7fd64402fd50 msgr2=0x7fd644032210 secure :-1 s=STATE_CONNECTION_ESTABLISHED l=1).mark_down
2023-11-17T05:25:04.516 INFO:teuthology.orchestra.run.smithi003.stderr:/usr/bin/ceph:
2023-11-17T05:25:04.514+0000 7fd664935700 1 --2- 172.21.15.3:0/1417506963 >> [v2:172.21.15.3:6800/2575681100,v1:172.21.15.3:6801/2575681100] conn(0x7fd64402fd50 0x7fd644032210 secure :-1 s=READY pgs=10 cs=0 l=1 rev1=1 rx=0x7fd6500096a0 tx=0x7fd650006b40).stop
2023-11-17T05:25:04.517 INFO:teuthology.orchestra.run.smithi003.stderr:/usr/bin/ceph:
2023-11-17T05:25:04.514+0000 7fd664935700 1 -- 172.21.15.3:0/1417506963 >> [v2:172.21.15.3:3300/0,v1:172.21.15.3:6789/0] conn(0x7fd6600faae0 msgr2=0x7fd660100df0 secure :-1 s=STATE_CONNECTION_ESTABLISHED l=1).mark_down
2023-11-17T05:25:04.517 INFO:teuthology.orchestra.run.smithi003.stderr:/usr/bin/ceph:
2023-11-17T05:25:04.514+0000 7fd664935700 1 --2- 172.21.15.3:0/1417506963 >> [v2:172.21.15.3:3300/0,v1:172.21.15.3:6789/0] conn(0x7fd6600faae0 0x7fd660100df0 secure :-1 s=READY pgs=40 cs=0 l=1 rev1=1 rx=0x7fd654002f40 tx=0x7fd654006ee0).stop
2023-11-17T05:25:04.517 INFO:teuthology.orchestra.run.smithi003.stderr:/usr/bin/ceph:
2023-11-17T05:25:04.514+0000 7fd664935700 1 -- 172.21.15.3:0/1417506963 shutdown_connections
2023-11-17T05:25:04.517 INFO:teuthology.orchestra.run.smithi003.stderr:/usr/bin/ceph:
2023-11-17T05:25:04.514+0000 7fd664935700 1 --2- 172.21.15.3:0/1417506963 >> [v2:172.21.15.3:6800/2575681100,v1:172.21.15.3:6801/2575681100] conn(0x7fd64402fd50 0x7fd644032210 unknown :-1 s=CLOSED pgs=10 cs=0 l=1 rev1=1 rx=0 tx=0).stop
2023-11-17T05:25:04.517 INFO:teuthology.orchestra.run.smithi003.stderr:/usr/bin/ceph:
2023-11-17T05:25:04.514+0000 7fd664935700 1 --2- 172.21.15.3:0/1417506963 >> [v2:172.21.15.3:3300/0,v1:172.21.15.3:6789/0] conn(0x7fd6600faae0 0x7fd660100df0 unknown :-1 s=CLOSED pgs=40 cs=0 l=1 rev1=1 rx=0 tx=0).stop
2023-11-17T05:25:04.517 INFO:teuthology.orchestra.run.smithi003.stderr:/usr/bin/ceph:
2023-11-17T05:25:04.514+0000 7fd664935700 1 -- 172.21.15.3:0/1417506963 >> 172.21.15.3:0/1417506963 conn(0x7fd6600f6280 msgr2=0x7fd66006f890 unknown :-1 s=STATE_NONE l=0).mark_down
2023-11-17T05:25:04.517 INFO:teuthology.orchestra.run.smithi003.stderr:/usr/bin/ceph:
2023-11-17T05:25:04.514+0000 7fd664935700 1 -- 172.21.15.3:0/1417506963 shutdown_connections
2023-11-17T05:25:04.517 INFO:teuthology.orchestra.run.smithi003.stderr:/usr/bin/ceph:
2023-11-17T05:25:04.515+0000 7fd664935700 1 -- 172.21.15.3:0/1417506963 wait complete.
2023-11-17T05:25:04.826 INFO:teuthology.orchestra.run.smithi003.stderr:Deploying mon service with default placement...
2023-11-17T05:25:04.826 INFO:teuthology.orchestra.run.smithi003.stderr:Running command: /bin/podman run --rm --ipc=host --no-hosts --net=host --entrypoint /usr/bin/ceph --init -e CONTAINER_IMAGE=docker.io/ceph/ceph:v16.2.4 -e NODE_NAME=smithi003 -e CEPH_USE_RANDOM_NONCE=1 -v /var/log/ceph/851feb1e-8509-11ee-8dbe-212e2dc638e7:/var/log/ceph:z -v /tmp/ceph-tmptcuja8tf:/etc/ceph/ceph.client.admin.keyring:z -v /tmp/ceph-tmpk7o1jie2:/etc/ceph/ceph.conf:z docker.io/ceph/ceph:v16.2.4 orch apply mon
2023-11-17T05:25:05.213 INFO:teuthology.orchestra.run.smithi003.stderr:/usr/bin/ceph:
2023-11-17T05:25:05.209+0000 7f8778380700 1 Processor -- start
2023-11-17T05:25:05.213 INFO:teuthology.orchestra.run.smithi003.stderr:/usr/bin/ceph:
2023-11-17T05:25:05.209+0000 7f8778380700 1 -- start start
2023-11-17T05:25:05.213 INFO:teuthology.orchestra.run.smithi003.stderr:/usr/bin/ceph:
2023-11-17T05:25:05.210+0000 7f8778380700 1 --2- >> [v2:172.21.15.3:3300/0,v1:172.21.15.3:6789/0] conn(0x7f877006fc50 0x7f8770100c20 unknown :-1 s=NONE pgs=0 cs=0 l=0 rev1=0 rx=0 tx=0).connect
2023-11-17T05:25:05.213 INFO:teuthology.orchestra.run.smithi003.stderr:/usr/bin/ceph:
2023-11-17T05:25:05.210+0000 7f8778380700 1 -- --> [v2:172.21.15.3:3300/0,v1:172.21.15.3:6789/0] -- mon_getmap magic: 0 v1 -- 0x7f87700fc6a0 con 0x7f877006fc50
2023-11-17T05:25:05.214 INFO:teuthology.orchestra.run.smithi003.stderr:/usr/bin/ceph:
2023-11-17T05:25:05.210+0000 7f877611c700 1 --2- >> [v2:172.21.15.3:3300/0,v1:172.21.15.3:6789/0] conn(0x7f877006fc50 0x7f8770100c20 unknown :-1 s=BANNER_CONNECTING pgs=0 cs=0 l=0 rev1=0 rx=0 tx=0)._handle_peer_banner_payload supported=1 required=0
2023-11-17T05:25:05.214 INFO:teuthology.orchestra.run.smithi003.stderr:/usr/bin/ceph:
2023-11-17T05:25:05.210+0000 7f877611c700 1 --2- >> [v2:172.21.15.3:3300/0,v1:172.21.15.3:6789/0] conn(0x7f877006fc50 0x7f8770100c20 unknown :-1 s=HELLO_CONNECTING pgs=0 cs=0 l=0 rev1=1 rx=0 tx=0).handle_hello peer v2:172.21.15.3:3300/0 says I am v2:172.21.15.3:35470/0 (socket says 172.21.15.3:35470)
2023-11-17T05:25:05.214 INFO:teuthology.orchestra.run.smithi003.stderr:/usr/bin/ceph:
2023-11-17T05:25:05.210+0000 7f877611c700 1 -- 172.21.15.3:0/2640433701 learned_addr learned my addr 172.21.15.3:0/2640433701 (peer_addr_for_me v2:172.21.15.3:0/0)
2023-11-17T05:25:05.214 INFO:teuthology.orchestra.run.smithi003.stderr:/usr/bin/ceph:
2023-11-17T05:25:05.210+0000 7f877611c700 1 -- 172.21.15.3:0/2640433701 --> [v2:172.21.15.3:3300/0,v1:172.21.15.3:6789/0] -- mon_subscribe({config=0+,monmap=0+}) v3 -- 0x7f8770101110 con 0x7f877006fc50
2023-11-17T05:25:05.214 INFO:teuthology.orchestra.run.smithi003.stderr:/usr/bin/ceph:
2023-11-17T05:25:05.210+0000 7f877611c700 1 --2- 172.21.15.3:0/2640433701 >> [v2:172.21.15.3:3300/0,v1:172.21.15.3:6789/0] conn(0x7f877006fc50 0x7f8770100c20 secure :-1 s=READY pgs=41 cs=0 l=1 rev1=1 rx=0x7f876c00b5f0 tx=0x7f876c006ee0).ready entity=mon.0 client_cookie=46aeff03fb161242 server_cookie=0 in_seq=0 out_seq=0
2023-11-17T05:25:05.214 INFO:teuthology.orchestra.run.smithi003.stderr:/usr/bin/ceph:
2023-11-17T05:25:05.211+0000 7f877511a700 1 -- 172.21.15.3:0/2640433701 <== mon.0 v2:172.21.15.3:3300/0 1 ==== mon_map magic: 0 v1 ==== 229+0+0 (secure 0 0 0) 0x7f876c00d600 con 0x7f877006fc50
2023-11-17T05:25:05.214 INFO:teuthology.orchestra.run.smithi003.stderr:/usr/bin/ceph:
2023-11-17T05:25:05.211+0000 7f877511a700 1 -- 172.21.15.3:0/2640433701 <== mon.0 v2:172.21.15.3:3300/0 2 ==== config(25 keys) v1 ==== 1010+0+0 (secure 0 0 0) 0x7f876c00dbd0 con 0x7f877006fc50
2023-11-17T05:25:05.214 INFO:teuthology.orchestra.run.smithi003.stderr:/usr/bin/ceph:
2023-11-17T05:25:05.211+0000 7f877511a700 1 -- 172.21.15.3:0/2640433701 <== mon.0 v2:172.21.15.3:3300/0 3 ==== mon_map magic: 0 v1 ==== 229+0+0 (secure 0 0 0) 0x7f876c011c00 con 0x7f877006fc50
2023-11-17T05:25:05.214 INFO:teuthology.orchestra.run.smithi003.stderr:/usr/bin/ceph:
2023-11-17T05:25:05.211+0000 7f8778380700 1 -- 172.21.15.3:0/2640433701 >> [v2:172.21.15.3:3300/0,v1:172.21.15.3:6789/0] conn(0x7f877006fc50 msgr2=0x7f8770100c20 secure :-1 s=STATE_CONNECTION_ESTABLISHED l=1).mark_down
2023-11-17T05:25:05.214 INFO:teuthology.orchestra.run.smithi003.stderr:/usr/bin/ceph:
2023-11-17T05:25:05.211+0000 7f8778380700 1 --2- 172.21.15.3:0/2640433701 >> [v2:172.21.15.3:3300/0,v1:172.21.15.3:6789/0] conn(0x7f877006fc50 0x7f8770100c20 secure :-1 s=READY pgs=41 cs=0 l=1 rev1=1 rx=0x7f876c00b5f0 tx=0x7f876c006ee0).stop
2023-11-17T05:25:05.214 INFO:teuthology.orchestra.run.smithi003.stderr:/usr/bin/ceph:
2023-11-17T05:25:05.211+0000 7f8778380700 1 -- 172.21.15.3:0/2640433701 shutdown_connections
2023-11-17T05:25:05.215 INFO:teuthology.orchestra.run.smithi003.stderr:/usr/bin/ceph:
2023-11-17T05:25:05.211+0000 7f8778380700 1 --2- 172.21.15.3:0/2640433701 >> [v2:172.21.15.3:3300/0,v1:172.21.15.3:6789/0] conn(0x7f877006fc50 0x7f8770100c20 unknown :-1 s=CLOSED pgs=41 cs=0 l=1 rev1=1 rx=0 tx=0).stop
2023-11-17T05:25:05.215 INFO:teuthology.orchestra.run.smithi003.stderr:/usr/bin/ceph:
2023-11-17T05:25:05.211+0000 7f8778380700 1 -- 172.21.15.3:0/2640433701 >> 172.21.15.3:0/2640433701 conn(0x7f87700f6280 msgr2=0x7f87700f86a0 unknown :-1 s=STATE_NONE l=0).mark_down
2023-11-17T05:25:05.215 INFO:teuthology.orchestra.run.smithi003.stderr:/usr/bin/ceph:
2023-11-17T05:25:05.211+0000 7f8778380700 1 -- 172.21.15.3:0/2640433701 shutdown_connections
2023-11-17T05:25:05.215 INFO:teuthology.orchestra.run.smithi003.stderr:/usr/bin/ceph:
2023-11-17T05:25:05.211+0000 7f8778380700 1 -- 172.21.15.3:0/2640433701 wait complete.
2023-11-17T05:25:05.215 INFO:teuthology.orchestra.run.smithi003.stderr:/usr/bin/ceph:
2023-11-17T05:25:05.212+0000 7f8778380700 1 Processor -- start
2023-11-17T05:25:05.215 INFO:teuthology.orchestra.run.smithi003.stderr:/usr/bin/ceph:
2023-11-17T05:25:05.212+0000 7f8778380700 1 -- start start
2023-11-17T05:25:05.217 INFO:teuthology.orchestra.run.smithi003.stderr:/usr/bin/ceph:
2023-11-17T05:25:05.212+0000 7f8778380700 1 --2- >> [v2:172.21.15.3:3300/0,v1:172.21.15.3:6789/0] conn(0x7f877006fc50 0x7f877010ccc0 unknown :-1 s=NONE pgs=0 cs=0 l=1 rev1=0 rx=0 tx=0).connect
2023-11-17T05:25:05.217 INFO:teuthology.orchestra.run.smithi003.stderr:/usr/bin/ceph:
2023-11-17T05:25:05.212+0000 7f8778380700 1 -- --> [v2:172.21.15.3:3300/0,v1:172.21.15.3:6789/0] -- mon_getmap magic: 0 v1 -- 0x7f877010d1b0 con 0x7f877006fc50
2023-11-17T05:25:05.217 INFO:teuthology.orchestra.run.smithi003.stderr:/usr/bin/ceph:
2023-11-17T05:25:05.212+0000 7f877611c700 1 --2- >> [v2:172.21.15.3:3300/0,v1:172.21.15.3:6789/0] conn(0x7f877006fc50 0x7f877010ccc0 unknown :-1 s=BANNER_CONNECTING pgs=0 cs=0 l=1 rev1=0 rx=0 tx=0)._handle_peer_banner_payload supported=1 required=0
2023-11-17T05:25:05.217 INFO:teuthology.orchestra.run.smithi003.stderr:/usr/bin/ceph:
2023-11-17T05:25:05.212+0000 7f877611c700 1 --2- >> [v2:172.21.15.3:3300/0,v1:172.21.15.3:6789/0] conn(0x7f877006fc50 0x7f877010ccc0 unknown :-1 s=HELLO_CONNECTING pgs=0 cs=0 l=1 rev1=1 rx=0 tx=0).handle_hello peer v2:172.21.15.3:3300/0 says I am v2:172.21.15.3:35472/0 (socket says 172.21.15.3:35472)
2023-11-17T05:25:05.217 INFO:teuthology.orchestra.run.smithi003.stderr:/usr/bin/ceph:
2023-11-17T05:25:05.212+0000 7f877611c700 1 -- 172.21.15.3:0/2387815131 learned_addr learned my addr 172.21.15.3:0/2387815131 (peer_addr_for_me v2:172.21.15.3:0/0)
2023-11-17T05:25:05.217 INFO:teuthology.orchestra.run.smithi003.stderr:/usr/bin/ceph:
2023-11-17T05:25:05.213+0000 7f877611c700 1 -- 172.21.15.3:0/2387815131 --> [v2:172.21.15.3:3300/0,v1:172.21.15.3:6789/0] -- mon_subscribe({config=0+,monmap=0+}) v3 -- 0x7f876c00b200 con 0x7f877006fc50
2023-11-17T05:25:05.217 INFO:teuthology.orchestra.run.smithi003.stderr:/usr/bin/ceph:
2023-11-17T05:25:05.213+0000 7f877611c700 1 --2- 172.21.15.3:0/2387815131 >> [v2:172.21.15.3:3300/0,v1:172.21.15.3:6789/0] conn(0x7f877006fc50 0x7f877010ccc0 secure :-1 s=READY pgs=42 cs=0 l=1 rev1=1 rx=0x7f876c006c70 tx=0x7f876c006ee0).ready entity=mon.0 client_cookie=0 server_cookie=0 in_seq=0 out_seq=0
2023-11-17T05:25:05.217 INFO:teuthology.orchestra.run.smithi003.stderr:/usr/bin/ceph:
2023-11-17T05:25:05.213+0000 7f875effd700 1 -- 172.21.15.3:0/2387815131 <== mon.0 v2:172.21.15.3:3300/0 1 ==== mon_map magic: 0 v1 ==== 229+0+0 (secure 0 0 0) 0x7f876c011690 con 0x7f877006fc50
2023-11-17T05:25:05.217 INFO:teuthology.orchestra.run.smithi003.stderr:/usr/bin/ceph:
2023-11-17T05:25:05.213+0000 7f8778380700 1 -- 172.21.15.3:0/2387815131 --> [v2:172.21.15.3:3300/0,v1:172.21.15.3:6789/0] -- mon_subscribe({mgrmap=0+}) v3 -- 0x7f877010d3b0 con 0x7f877006fc50
2023-11-17T05:25:05.218 INFO:teuthology.orchestra.run.smithi003.stderr:/usr/bin/ceph:
2023-11-17T05:25:05.213+0000 7f875effd700 1 -- 172.21.15.3:0/2387815131 <== mon.0 v2:172.21.15.3:3300/0 2 ==== config(25 keys) v1 ==== 1010+0+0 (secure 0 0 0) 0x7f876c01b880 con 0x7f877006fc50
2023-11-17T05:25:05.218 INFO:teuthology.orchestra.run.smithi003.stderr:/usr/bin/ceph:
2023-11-17T05:25:05.213+0000 7f875effd700 1 -- 172.21.15.3:0/2387815131 <== mon.0 v2:172.21.15.3:3300/0 3 ==== mon_map magic: 0 v1 ==== 229+0+0 (secure 0 0 0) 0x7f876c01a650 con 0x7f877006fc50
2023-11-17T05:25:05.218 INFO:teuthology.orchestra.run.smithi003.stderr:/usr/bin/ceph:
2023-11-17T05:25:05.213+0000 7f8778380700 1 -- 172.21.15.3:0/2387815131 --> [v2:172.21.15.3:3300/0,v1:172.21.15.3:6789/0] -- mon_subscribe({osdmap=0}) v3 -- 0x7f877010d7c0 con 0x7f877006fc50
2023-11-17T05:25:05.218 INFO:teuthology.orchestra.run.smithi003.stderr:/usr/bin/ceph:
2023-11-17T05:25:05.214+0000 7f875effd700 1 -- 172.21.15.3:0/2387815131 <== mon.0 v2:172.21.15.3:3300/0 4 ==== mgrmap(e 8) v1 ==== 36120+0+0 (secure 0 0 0) 0x7f876c00f070 con 0x7f877006fc50
2023-11-17T05:25:05.218 INFO:teuthology.orchestra.run.smithi003.stderr:/usr/bin/ceph:
2023-11-17T05:25:05.214+0000 7f875effd700 1 --2- 172.21.15.3:0/2387815131 >> [v2:172.21.15.3:6800/2575681100,v1:172.21.15.3:6801/2575681100] conn(0x7f875802fd50 0x7f8758032210 unknown :-1 s=NONE pgs=0 cs=0 l=1 rev1=0 rx=0 tx=0).connect
2023-11-17T05:25:05.218 INFO:teuthology.orchestra.run.smithi003.stderr:/usr/bin/ceph:
2023-11-17T05:25:05.214+0000 7f875effd700 1 -- 172.21.15.3:0/2387815131 <== mon.0 v2:172.21.15.3:3300/0 5 ==== osd_map(2..2 src has 1..2) v4 ==== 926+0+0 (secure 0 0 0) 0x7f876c041230 con 0x7f877006fc50
2023-11-17T05:25:05.218 INFO:teuthology.orchestra.run.smithi003.stderr:/usr/bin/ceph:
2023-11-17T05:25:05.214+0000 7f8778380700 1 -- 172.21.15.3:0/2387815131 --> [v2:172.21.15.3:3300/0,v1:172.21.15.3:6789/0] -- mon_command({"prefix": "get_command_descriptions"} v 0) v1 -- 0x7f8770045ad0 con 0x7f877006fc50
2023-11-17T05:25:05.218 INFO:teuthology.orchestra.run.smithi003.stderr:/usr/bin/ceph:
2023-11-17T05:25:05.214+0000 7f877591b700 1 --2- 172.21.15.3:0/2387815131 >> [v2:172.21.15.3:6800/2575681100,v1:172.21.15.3:6801/2575681100] conn(0x7f875802fd50 0x7f8758032210 unknown :-1 s=BANNER_CONNECTING pgs=0 cs=0 l=1 rev1=0 rx=0 tx=0)._handle_peer_banner_payload supported=1 required=0
2023-11-17T05:25:05.218 INFO:teuthology.orchestra.run.smithi003.stderr:/usr/bin/ceph:
2023-11-17T05:25:05.215+0000 7f877591b700 1 --2- 172.21.15.3:0/2387815131 >> [v2:172.21.15.3:6800/2575681100,v1:172.21.15.3:6801/2575681100] conn(0x7f875802fd50 0x7f8758032210 secure :-1 s=READY pgs=11 cs=0 l=1 rev1=1 rx=0x7f87600096a0 tx=0x7f8760006b40).ready entity=mgr.14116 client_cookie=0 server_cookie=0 in_seq=0 out_seq=0
2023-11-17T05:25:05.220 INFO:teuthology.orchestra.run.smithi003.stderr:/usr/bin/ceph:
2023-11-17T05:25:05.219+0000 7f875effd700 1 -- 172.21.15.3:0/2387815131 <== mon.0 v2:172.21.15.3:3300/0 6 ==== mon_command_ack([{"prefix": "get_command_descriptions"}]=0 v0) v1 ==== 72+0+152212 (secure 0 0 0) 0x7f876c016070 con 0x7f877006fc50
2023-11-17T05:25:05.270 INFO:journalctl@ceph.mon.smithi003.smithi003.stdout:Nov 17 05:25:05 smithi003 ceph-851feb1e-8509-11ee-8dbe-212e2dc638e7-mon.smithi003[111810]: audit
2023-11-17T05:25:03.870722+0000 mgr.smithi003.eddcuc (mgr.14116) 8 : audit [DBG] from='client.14134 -' entity='client.admin' cmd=[{"prefix": "orch host add", "hostname": "smithi003", "addr": "172.21.15.3", "target": ["mon-mgr", ""]}]: dispatch
2023-11-17T05:25:05.270 INFO:journalctl@ceph.mon.smithi003.smithi003.stdout:Nov 17 05:25:05 smithi003 ceph-851feb1e-8509-11ee-8dbe-212e2dc638e7-mon.smithi003[111810]: audit
2023-11-17T05:25:04.512250+0000 mon.smithi003 (mon.0) 55 : audit [INF] from='mgr.14116 172.21.15.3:0/2120313347' entity='mgr.smithi003.eddcuc'
2023-11-17T05:25:05.270 INFO:journalctl@ceph.mon.smithi003.smithi003.stdout:Nov 17 05:25:05 smithi003 ceph-851feb1e-8509-11ee-8dbe-212e2dc638e7-mon.smithi003[111810]: audit
2023-11-17T05:25:04.512898+0000 mon.smithi003 (mon.0) 56 : audit [DBG] from='mgr.14116 172.21.15.3:0/2120313347' entity='mgr.smithi003.eddcuc' cmd=[{"prefix": "config dump", "format": "json"}]: dispatch
2023-11-17T05:25:05.415 INFO:teuthology.orchestra.run.smithi003.stderr:/usr/bin/ceph:
2023-11-17T05:25:05.414+0000 7f8778380700 1 -- 172.21.15.3:0/2387815131 --> [v2:172.21.15.3:6800/2575681100,v1:172.21.15.3:6801/2575681100] -- mgr_command(tid 0: {"prefix": "orch apply", "service_type": "mon", "target": ["mon-mgr", ""]}) v1 -- 0x7f877010ecf0 con 0x7f875802fd50
2023-11-17T05:25:05.423 INFO:teuthology.orchestra.run.smithi003.stderr:/usr/bin/ceph:
2023-11-17T05:25:05.418+0000 7f875effd700 1 -- 172.21.15.3:0/2387815131 <== mgr.14116 v2:172.21.15.3:6800/2575681100 1 ==== mgr_command_reply(tid 0: 0 ) v1 ==== 8+0+24 (secure 0 0 0) 0x7f877010ecf0 con 0x7f875802fd50
2023-11-17T05:25:05.423 INFO:teuthology.orchestra.run.smithi003.stderr:/usr/bin/ceph: Scheduled mon update...
2023-11-17T05:25:05.423 INFO:teuthology.orchestra.run.smithi003.stderr:/usr/bin/ceph:
2023-11-17T05:25:05.420+0000 7f8778380700 1 -- 172.21.15.3:0/2387815131 >> [v2:172.21.15.3:6800/2575681100,v1:172.21.15.3:6801/2575681100] conn(0x7f875802fd50 msgr2=0x7f8758032210 secure :-1 s=STATE_CONNECTION_ESTABLISHED l=1).mark_down
2023-11-17T05:25:05.424 INFO:teuthology.orchestra.run.smithi003.stderr:/usr/bin/ceph:
2023-11-17T05:25:05.420+0000 7f8778380700 1 --2- 172.21.15.3:0/2387815131 >> [v2:172.21.15.3:6800/2575681100,v1:172.21.15.3:6801/2575681100] conn(0x7f875802fd50 0x7f8758032210 secure :-1 s=READY pgs=11 cs=0 l=1 rev1=1 rx=0x7f87600096a0 tx=0x7f8760006b40).stop
2023-11-17T05:25:05.424 INFO:teuthology.orchestra.run.smithi003.stderr:/usr/bin/ceph:
2023-11-17T05:25:05.420+0000 7f8778380700 1 -- 172.21.15.3:0/2387815131 >> [v2:172.21.15.3:3300/0,v1:172.21.15.3:6789/0] conn(0x7f877006fc50 msgr2=0x7f877010ccc0 secure :-1 s=STATE_CONNECTION_ESTABLISHED l=1).mark_down
2023-11-17T05:25:05.424 INFO:teuthology.orchestra.run.smithi003.stderr:/usr/bin/ceph:
2023-11-17T05:25:05.420+0000 7f8778380700 1 --2- 172.21.15.3:0/2387815131 >> [v2:172.21.15.3:3300/0,v1:172.21.15.3:6789/0] conn(0x7f877006fc50 0x7f877010ccc0 secure :-1 s=READY pgs=42 cs=0 l=1 rev1=1 rx=0x7f876c006c70 tx=0x7f876c006ee0).stop
2023-11-17T05:25:05.424 INFO:teuthology.orchestra.run.smithi003.stderr:/usr/bin/ceph:
2023-11-17T05:25:05.420+0000 7f8778380700 1 -- 172.21.15.3:0/2387815131 shutdown_connections
2023-11-17T05:25:05.424 INFO:teuthology.orchestra.run.smithi003.stderr:/usr/bin/ceph:
2023-11-17T05:25:05.420+0000 7f8778380700 1 --2- 172.21.15.3:0/2387815131 >> [v2:172.21.15.3:6800/2575681100,v1:172.21.15.3:6801/2575681100] conn(0x7f875802fd50 0x7f8758032210 unknown :-1 s=CLOSED pgs=11 cs=0 l=1 rev1=1 rx=0 tx=0).stop
2023-11-17T05:25:05.424 INFO:teuthology.orchestra.run.smithi003.stderr:/usr/bin/ceph:
2023-11-17T05:25:05.420+0000 7f8778380700 1 --2- 172.21.15.3:0/2387815131 >> [v2:172.21.15.3:3300/0,v1:172.21.15.3:6789/0] conn(0x7f877006fc50 0x7f877010ccc0 unknown :-1 s=CLOSED pgs=42 cs=0 l=1 rev1=1 rx=0 tx=0).stop
2023-11-17T05:25:05.424 INFO:teuthology.orchestra.run.smithi003.stderr:/usr/bin/ceph:
2023-11-17T05:25:05.420+0000 7f8778380700 1 -- 172.21.15.3:0/2387815131 >> 172.21.15.3:0/2387815131 conn(0x7f87700f6280 msgr2=0x7f87700f7e40 unknown :-1 s=STATE_NONE l=0).mark_down
2023-11-17T05:25:05.424 INFO:teuthology.orchestra.run.smithi003.stderr:/usr/bin/ceph:
2023-11-17T05:25:05.420+0000 7f8778380700 1 -- 172.21.15.3:0/2387815131 shutdown_connections
2023-11-17T05:25:05.424 INFO:teuthology.orchestra.run.smithi003.stderr:/usr/bin/ceph:
2023-11-17T05:25:05.420+0000 7f8778380700 1 -- 172.21.15.3:0/2387815131 wait complete.
2023-11-17T05:25:05.771 INFO:teuthology.orchestra.run.smithi003.stderr:Deploying mgr service with default placement...
2023-11-17T05:25:05.771 INFO:teuthology.orchestra.run.smithi003.stderr:Running command: /bin/podman run --rm --ipc=host --no-hosts --net=host --entrypoint /usr/bin/ceph --init -e CONTAINER_IMAGE=docker.io/ceph/ceph:v16.2.4 -e NODE_NAME=smithi003 -e CEPH_USE_RANDOM_NONCE=1 -v /var/log/ceph/851feb1e-8509-11ee-8dbe-212e2dc638e7:/var/log/ceph:z -v /tmp/ceph-tmptcuja8tf:/etc/ceph/ceph.client.admin.keyring:z -v /tmp/ceph-tmpk7o1jie2:/etc/ceph/ceph.conf:z docker.io/ceph/ceph:v16.2.4 orch apply mgr
2023-11-17T05:25:06.173 INFO:teuthology.orchestra.run.smithi003.stderr:/usr/bin/ceph:
2023-11-17T05:25:06.167+0000 7f9adb728700 1 Processor -- start
2023-11-17T05:25:06.173 INFO:teuthology.orchestra.run.smithi003.stderr:/usr/bin/ceph:
2023-11-17T05:25:06.167+0000 7f9adb728700 1 -- start start
2023-11-17T05:25:06.173 INFO:teuthology.orchestra.run.smithi003.stderr:/usr/bin/ceph:
2023-11-17T05:25:06.167+0000 7f9adb728700 1 --2- >> [v2:172.21.15.3:3300/0,v1:172.21.15.3:6789/0] conn(0x7f9ad406fc90 0x7f9ad40fe7e0 unknown :-1 s=NONE pgs=0 cs=0 l=0 rev1=0 rx=0 tx=0).connect
2023-11-17T05:25:06.173 INFO:teuthology.orchestra.run.smithi003.stderr:/usr/bin/ceph:
2023-11-17T05:25:06.167+0000 7f9adb728700 1 -- --> [v2:172.21.15.3:3300/0,v1:172.21.15.3:6789/0] -- mon_getmap magic: 0 v1 -- 0x7f9ad40fed60 con 0x7f9ad406fc90
2023-11-17T05:25:06.173 INFO:teuthology.orchestra.run.smithi003.stderr:/usr/bin/ceph:
2023-11-17T05:25:06.167+0000 7f9ad94c4700 1 --2- >> [v2:172.21.15.3:3300/0,v1:172.21.15.3:6789/0] conn(0x7f9ad406fc90 0x7f9ad40fe7e0 unknown :-1 s=BANNER_CONNECTING pgs=0 cs=0 l=0 rev1=0 rx=0 tx=0)._handle_peer_banner_payload supported=1 required=0
2023-11-17T05:25:06.173 INFO:teuthology.orchestra.run.smithi003.stderr:/usr/bin/ceph:
2023-11-17T05:25:06.167+0000 7f9ad94c4700 1 --2- >> [v2:172.21.15.3:3300/0,v1:172.21.15.3:6789/0] conn(0x7f9ad406fc90 0x7f9ad40fe7e0 unknown :-1 s=HELLO_CONNECTING pgs=0 cs=0 l=0 rev1=1 rx=0 tx=0).handle_hello peer v2:172.21.15.3:3300/0 says I am v2:172.21.15.3:35480/0 (socket says 172.21.15.3:35480)
2023-11-17T05:25:06.173 INFO:teuthology.orchestra.run.smithi003.stderr:/usr/bin/ceph:
2023-11-17T05:25:06.168+0000 7f9ad94c4700 1 -- 172.21.15.3:0/1323592439 learned_addr learned my addr 172.21.15.3:0/1323592439 (peer_addr_for_me v2:172.21.15.3:0/0)
2023-11-17T05:25:06.173 INFO:teuthology.orchestra.run.smithi003.stderr:/usr/bin/ceph:
2023-11-17T05:25:06.168+0000 7f9ad94c4700 1 -- 172.21.15.3:0/1323592439 --> [v2:172.21.15.3:3300/0,v1:172.21.15.3:6789/0] -- mon_subscribe({config=0+,monmap=0+}) v3 -- 0x7f9ad40feea0 con 0x7f9ad406fc90
2023-11-17T05:25:06.174 INFO:teuthology.orchestra.run.smithi003.stderr:/usr/bin/ceph:
2023-11-17T05:25:06.168+0000 7f9ad94c4700 1 --2- 172.21.15.3:0/1323592439 >> [v2:172.21.15.3:3300/0,v1:172.21.15.3:6789/0] conn(0x7f9ad406fc90 0x7f9ad40fe7e0 secure :-1 s=READY pgs=43 cs=0 l=1 rev1=1 rx=0x7f9ad000b5f0 tx=0x7f9ad0006ee0).ready entity=mon.0 client_cookie=fef077febeee045a server_cookie=0 in_seq=0 out_seq=0
2023-11-17T05:25:06.174 INFO:teuthology.orchestra.run.smithi003.stderr:/usr/bin/ceph:
2023-11-17T05:25:06.168+0000 7f9ac3fff700 1 -- 172.21.15.3:0/1323592439 <== mon.0 v2:172.21.15.3:3300/0 1 ==== mon_map magic: 0 v1 ==== 229+0+0 (secure 0 0 0) 0x7f9ad000d600 con 0x7f9ad406fc90
2023-11-17T05:25:06.174 INFO:teuthology.orchestra.run.smithi003.stderr:/usr/bin/ceph:
2023-11-17T05:25:06.168+0000 7f9ac3fff700 1 -- 172.21.15.3:0/1323592439 <== mon.0 v2:172.21.15.3:3300/0 2 ==== config(25 keys) v1 ==== 1010+0+0 (secure 0 0 0) 0x7f9ad000dbd0 con 0x7f9ad406fc90
2023-11-17T05:25:06.175 INFO:teuthology.orchestra.run.smithi003.stderr:/usr/bin/ceph:
2023-11-17T05:25:06.168+0000 7f9ac3fff700 1 -- 172.21.15.3:0/1323592439 <== mon.0 v2:172.21.15.3:3300/0 3 ==== mon_map magic: 0 v1 ==== 229+0+0 (secure 0 0 0) 0x7f9ad0011c00 con 0x7f9ad406fc90
2023-11-17T05:25:06.175 INFO:teuthology.orchestra.run.smithi003.stderr:/usr/bin/ceph:
2023-11-17T05:25:06.169+0000 7f9adb728700 1 -- 172.21.15.3:0/1323592439 >> [v2:172.21.15.3:3300/0,v1:172.21.15.3:6789/0] conn(0x7f9ad406fc90 msgr2=0x7f9ad40fe7e0 secure :-1 s=STATE_CONNECTION_ESTABLISHED l=1).mark_down
2023-11-17T05:25:06.175 INFO:teuthology.orchestra.run.smithi003.stderr:/usr/bin/ceph:
2023-11-17T05:25:06.169+0000 7f9adb728700 1 --2- 172.21.15.3:0/1323592439 >> [v2:172.21.15.3:3300/0,v1:172.21.15.3:6789/0] conn(0x7f9ad406fc90 0x7f9ad40fe7e0 secure :-1 s=READY pgs=43 cs=0 l=1 rev1=1 rx=0x7f9ad000b5f0 tx=0x7f9ad0006ee0).stop
2023-11-17T05:25:06.176 INFO:teuthology.orchestra.run.smithi003.stderr:/usr/bin/ceph:
2023-11-17T05:25:06.169+0000 7f9adb728700 1 -- 172.21.15.3:0/1323592439 shutdown_connections
2023-11-17T05:25:06.176 INFO:teuthology.orchestra.run.smithi003.stderr:/usr/bin/ceph:
2023-11-17T05:25:06.169+0000 7f9adb728700 1 --2- 172.21.15.3:0/1323592439 >> [v2:172.21.15.3:3300/0,v1:172.21.15.3:6789/0] conn(0x7f9ad406fc90 0x7f9ad40fe7e0 unknown :-1 s=CLOSED pgs=43 cs=0 l=1 rev1=1 rx=0 tx=0).stop
2023-11-17T05:25:06.176 INFO:teuthology.orchestra.run.smithi003.stderr:/usr/bin/ceph:
2023-11-17T05:25:06.169+0000 7f9adb728700 1 -- 172.21.15.3:0/1323592439 >> 172.21.15.3:0/1323592439 conn(0x7f9ad40f6280 msgr2=0x7f9ad40f86a0 unknown :-1 s=STATE_NONE l=0).mark_down
2023-11-17T05:25:06.176 INFO:teuthology.orchestra.run.smithi003.stderr:/usr/bin/ceph:
2023-11-17T05:25:06.169+0000 7f9adb728700 1 -- 172.21.15.3:0/1323592439 shutdown_connections
2023-11-17T05:25:06.176 INFO:teuthology.orchestra.run.smithi003.stderr:/usr/bin/ceph:
2023-11-17T05:25:06.169+0000 7f9adb728700 1 -- 172.21.15.3:0/1323592439 wait complete.
2023-11-17T05:25:06.176 INFO:teuthology.orchestra.run.smithi003.stderr:/usr/bin/ceph:
2023-11-17T05:25:06.170+0000 7f9adb728700 1 Processor -- start
2023-11-17T05:25:06.176 INFO:teuthology.orchestra.run.smithi003.stderr:/usr/bin/ceph:
2023-11-17T05:25:06.170+0000 7f9adb728700 1 -- start start
2023-11-17T05:25:06.176 INFO:teuthology.orchestra.run.smithi003.stderr:/usr/bin/ceph:
2023-11-17T05:25:06.170+0000 7f9adb728700 1 --2- >> [v2:172.21.15.3:3300/0,v1:172.21.15.3:6789/0] conn(0x7f9ad406fc90 0x7f9ad40fc260 unknown :-1 s=NONE pgs=0 cs=0 l=1 rev1=0 rx=0 tx=0).connect
2023-11-17T05:25:06.176 INFO:teuthology.orchestra.run.smithi003.stderr:/usr/bin/ceph:
2023-11-17T05:25:06.170+0000 7f9adb728700 1 -- --> [v2:172.21.15.3:3300/0,v1:172.21.15.3:6789/0] -- mon_getmap magic: 0 v1 -- 0x7f9ad40fa6e0 con 0x7f9ad406fc90
2023-11-17T05:25:06.176 INFO:teuthology.orchestra.run.smithi003.stderr:/usr/bin/ceph:
2023-11-17T05:25:06.170+0000 7f9ad94c4700 1 --2- >> [v2:172.21.15.3:3300/0,v1:172.21.15.3:6789/0] conn(0x7f9ad406fc90 0x7f9ad40fc260 unknown :-1 s=BANNER_CONNECTING pgs=0 cs=0 l=1 rev1=0 rx=0 tx=0)._handle_peer_banner_payload supported=1 required=0
2023-11-17T05:25:06.177 INFO:teuthology.orchestra.run.smithi003.stderr:/usr/bin/ceph:
2023-11-17T05:25:06.170+0000 7f9ad94c4700 1 --2- >> [v2:172.21.15.3:3300/0,v1:172.21.15.3:6789/0] conn(0x7f9ad406fc90 0x7f9ad40fc260 unknown :-1 s=HELLO_CONNECTING pgs=0 cs=0 l=1 rev1=1 rx=0 tx=0).handle_hello peer v2:172.21.15.3:3300/0 says I am v2:172.21.15.3:35488/0 (socket says 172.21.15.3:35488)
2023-11-17T05:25:06.177 INFO:teuthology.orchestra.run.smithi003.stderr:/usr/bin/ceph:
2023-11-17T05:25:06.170+0000 7f9ad94c4700 1 -- 172.21.15.3:0/3896167169 learned_addr learned my addr 172.21.15.3:0/3896167169 (peer_addr_for_me v2:172.21.15.3:0/0)
2023-11-17T05:25:06.177 INFO:teuthology.orchestra.run.smithi003.stderr:/usr/bin/ceph:
2023-11-17T05:25:06.171+0000 7f9ad94c4700 1 -- 172.21.15.3:0/3896167169 --> [v2:172.21.15.3:3300/0,v1:172.21.15.3:6789/0] -- mon_subscribe({config=0+,monmap=0+}) v3 -- 0x7f9ad000b200 con 0x7f9ad406fc90
2023-11-17T05:25:06.177 INFO:teuthology.orchestra.run.smithi003.stderr:/usr/bin/ceph:
2023-11-17T05:25:06.171+0000 7f9ad94c4700 1 --2- 172.21.15.3:0/3896167169 >> [v2:172.21.15.3:3300/0,v1:172.21.15.3:6789/0] conn(0x7f9ad406fc90 0x7f9ad40fc260 secure :-1 s=READY pgs=44 cs=0 l=1 rev1=1 rx=0x7f9ad000e040 tx=0x7f9ad0006ee0).ready entity=mon.0 client_cookie=0 server_cookie=0 in_seq=0 out_seq=0
2023-11-17T05:25:06.177 INFO:teuthology.orchestra.run.smithi003.stderr:/usr/bin/ceph:
2023-11-17T05:25:06.171+0000 7f9ac1ffb700 1 -- 172.21.15.3:0/3896167169 <== mon.0 v2:172.21.15.3:3300/0 1 ==== mon_map magic: 0 v1 ==== 229+0+0 (secure 0 0 0) 0x7f9ad001b410 con 0x7f9ad406fc90
2023-11-17T05:25:06.177 INFO:teuthology.orchestra.run.smithi003.stderr:/usr/bin/ceph:
2023-11-17T05:25:06.171+0000 7f9adb728700 1 -- 172.21.15.3:0/3896167169 --> [v2:172.21.15.3:3300/0,v1:172.21.15.3:6789/0] -- mon_subscribe({mgrmap=0+}) v3 -- 0x7f9ad40fa880 con 0x7f9ad406fc90
2023-11-17T05:25:06.177 INFO:teuthology.orchestra.run.smithi003.stderr:/usr/bin/ceph:
2023-11-17T05:25:06.171+0000 7f9ac1ffb700 1 -- 172.21.15.3:0/3896167169 <== mon.0 v2:172.21.15.3:3300/0 2 ==== config(25 keys) v1 ==== 1010+0+0 (secure 0 0 0) 0x7f9ad001b9e0 con 0x7f9ad406fc90
2023-11-17T05:25:06.177 INFO:teuthology.orchestra.run.smithi003.stderr:/usr/bin/ceph:
2023-11-17T05:25:06.171+0000 7f9ac1ffb700 1 -- 172.21.15.3:0/3896167169 <== mon.0 v2:172.21.15.3:3300/0 3 ==== mon_map magic: 0 v1 ==== 229+0+0 (secure 0 0 0) 0x7f9ad001a770 con 0x7f9ad406fc90
2023-11-17T05:25:06.178 INFO:teuthology.orchestra.run.smithi003.stderr:/usr/bin/ceph:
2023-11-17T05:25:06.171+0000 7f9adb728700 1 -- 172.21.15.3:0/3896167169 --> [v2:172.21.15.3:3300/0,v1:172.21.15.3:6789/0] -- mon_subscribe({osdmap=0}) v3 -- 0x7f9ad40fac90 con 0x7f9ad406fc90
2023-11-17T05:25:06.178 INFO:teuthology.orchestra.run.smithi003.stderr:/usr/bin/ceph:
2023-11-17T05:25:06.172+0000 7f9ac1ffb700 1 -- 172.21.15.3:0/3896167169 <== mon.0 v2:172.21.15.3:3300/0 4 ==== mgrmap(e 8) v1 ==== 36120+0+0 (secure 0 0 0) 0x7f9ad000f070 con 0x7f9ad406fc90
2023-11-17T05:25:06.178 INFO:teuthology.orchestra.run.smithi003.stderr:/usr/bin/ceph:
2023-11-17T05:25:06.172+0000 7f9ac1ffb700 1 --2- 172.21.15.3:0/3896167169 >> [v2:172.21.15.3:6800/2575681100,v1:172.21.15.3:6801/2575681100] conn(0x7f9abc02fd50 0x7f9abc032210 unknown :-1 s=NONE pgs=0 cs=0 l=1 rev1=0 rx=0 tx=0).connect
2023-11-17T05:25:06.178 INFO:teuthology.orchestra.run.smithi003.stderr:/usr/bin/ceph:
2023-11-17T05:25:06.172+0000 7f9ac1ffb700 1 -- 172.21.15.3:0/3896167169 <== mon.0 v2:172.21.15.3:3300/0 5 ==== osd_map(2..2 src has 1..2) v4 ==== 926+0+0 (secure 0 0 0) 0x7f9ad0041040 con 0x7f9ad406fc90
2023-11-17T05:25:06.178 INFO:teuthology.orchestra.run.smithi003.stderr:/usr/bin/ceph:
2023-11-17T05:25:06.172+0000 7f9ad8cc3700 1 --2- 172.21.15.3:0/3896167169 >> [v2:172.21.15.3:6800/2575681100,v1:172.21.15.3:6801/2575681100] conn(0x7f9abc02fd50 0x7f9abc032210 unknown :-1 s=BANNER_CONNECTING pgs=0 cs=0 l=1 rev1=0 rx=0 tx=0)._handle_peer_banner_payload supported=1 required=0
2023-11-17T05:25:06.178 INFO:teuthology.orchestra.run.smithi003.stderr:/usr/bin/ceph:
2023-11-17T05:25:06.173+0000 7f9ad8cc3700 1 --2- 172.21.15.3:0/3896167169 >> [v2:172.21.15.3:6800/2575681100,v1:172.21.15.3:6801/2575681100] conn(0x7f9abc02fd50 0x7f9abc032210 secure :-1 s=READY pgs=12 cs=0 l=1 rev1=1 rx=0x7f9ac40096a0 tx=0x7f9ac4006b40).ready entity=mgr.14116 client_cookie=0 server_cookie=0 in_seq=0 out_seq=0
2023-11-17T05:25:06.178 INFO:teuthology.orchestra.run.smithi003.stderr:/usr/bin/ceph:
2023-11-17T05:25:06.173+0000 7f9adb728700 1 -- 172.21.15.3:0/3896167169 --> [v2:172.21.15.3:3300/0,v1:172.21.15.3:6789/0] -- mon_command({"prefix": "get_command_descriptions"} v 0) v1 -- 0x7f9ad4059100 con 0x7f9ad406fc90
2023-11-17T05:25:06.178 INFO:teuthology.orchestra.run.smithi003.stderr:/usr/bin/ceph:
2023-11-17T05:25:06.177+0000 7f9ac1ffb700 1 -- 172.21.15.3:0/3896167169 <== mon.0 v2:172.21.15.3:3300/0 6 ==== mon_command_ack([{"prefix": "get_command_descriptions"}]=0 v0) v1 ==== 72+0+152212 (secure 0 0 0) 0x7f9ad0016070 con 0x7f9ad406fc90
2023-11-17T05:25:06.378 INFO:teuthology.orchestra.run.smithi003.stderr:/usr/bin/ceph:
2023-11-17T05:25:06.375+0000 7f9adb728700 1 -- 172.21.15.3:0/3896167169 --> [v2:172.21.15.3:6800/2575681100,v1:172.21.15.3:6801/2575681100] -- mgr_command(tid 0: {"prefix": "orch apply", "service_type": "mgr", "target": ["mon-mgr", ""]}) v1 -- 0x7f9ad40ffc40 con 0x7f9abc02fd50
2023-11-17T05:25:06.381 INFO:teuthology.orchestra.run.smithi003.stderr:/usr/bin/ceph:
2023-11-17T05:25:06.379+0000 7f9ac1ffb700 1 -- 172.21.15.3:0/3896167169 <== mgr.14116 v2:172.21.15.3:6800/2575681100 1 ==== mgr_command_reply(tid 0: 0 ) v1 ==== 8+0+24 (secure 0 0 0) 0x7f9ad40ffc40 con 0x7f9abc02fd50
2023-11-17T05:25:06.381 INFO:teuthology.orchestra.run.smithi003.stderr:/usr/bin/ceph: Scheduled mgr update...
2023-11-17T05:25:06.383 INFO:teuthology.orchestra.run.smithi003.stderr:/usr/bin/ceph:
2023-11-17T05:25:06.381+0000 7f9adb728700 1 -- 172.21.15.3:0/3896167169 >> [v2:172.21.15.3:6800/2575681100,v1:172.21.15.3:6801/2575681100] conn(0x7f9abc02fd50 msgr2=0x7f9abc032210 secure :-1 s=STATE_CONNECTION_ESTABLISHED l=1).mark_down
2023-11-17T05:25:06.384 INFO:teuthology.orchestra.run.smithi003.stderr:/usr/bin/ceph:
2023-11-17T05:25:06.381+0000 7f9adb728700 1 --2- 172.21.15.3:0/3896167169 >> [v2:172.21.15.3:6800/2575681100,v1:172.21.15.3:6801/2575681100] conn(0x7f9abc02fd50 0x7f9abc032210 secure :-1 s=READY pgs=12 cs=0 l=1 rev1=1 rx=0x7f9ac40096a0 tx=0x7f9ac4006b40).stop
2023-11-17T05:25:06.384 INFO:teuthology.orchestra.run.smithi003.stderr:/usr/bin/ceph:
2023-11-17T05:25:06.381+0000 7f9adb728700 1 -- 172.21.15.3:0/3896167169 >> [v2:172.21.15.3:3300/0,v1:172.21.15.3:6789/0] conn(0x7f9ad406fc90 msgr2=0x7f9ad40fc260 secure :-1 s=STATE_CONNECTION_ESTABLISHED l=1).mark_down
2023-11-17T05:25:06.384 INFO:teuthology.orchestra.run.smithi003.stderr:/usr/bin/ceph:
2023-11-17T05:25:06.381+0000 7f9adb728700 1 --2- 172.21.15.3:0/3896167169 >> [v2:172.21.15.3:3300/0,v1:172.21.15.3:6789/0] conn(0x7f9ad406fc90 0x7f9ad40fc260 secure :-1 s=READY pgs=44 cs=0 l=1 rev1=1 rx=0x7f9ad000e040 tx=0x7f9ad0006ee0).stop
2023-11-17T05:25:06.384 INFO:teuthology.orchestra.run.smithi003.stderr:/usr/bin/ceph:
2023-11-17T05:25:06.381+0000 7f9adb728700 1 -- 172.21.15.3:0/3896167169 shutdown_connections
2023-11-17T05:25:06.384 INFO:teuthology.orchestra.run.smithi003.stderr:/usr/bin/ceph:
2023-11-17T05:25:06.381+0000 7f9adb728700 1 --2- 172.21.15.3:0/3896167169 >> [v2:172.21.15.3:6800/2575681100,v1:172.21.15.3:6801/2575681100] conn(0x7f9abc02fd50 0x7f9abc032210 unknown :-1 s=CLOSED pgs=12 cs=0 l=1 rev1=1 rx=0 tx=0).stop
2023-11-17T05:25:06.384 INFO:teuthology.orchestra.run.smithi003.stderr:/usr/bin/ceph:
2023-11-17T05:25:06.381+0000 7f9adb728700 1 --2- 172.21.15.3:0/3896167169 >> [v2:172.21.15.3:3300/0,v1:172.21.15.3:6789/0] conn(0x7f9ad406fc90 0x7f9ad40fc260 unknown :-1 s=CLOSED pgs=44 cs=0 l=1 rev1=1 rx=0 tx=0).stop
2023-11-17T05:25:06.384 INFO:teuthology.orchestra.run.smithi003.stderr:/usr/bin/ceph:
2023-11-17T05:25:06.381+0000 7f9adb728700 1 -- 172.21.15.3:0/3896167169 >> 172.21.15.3:0/3896167169 conn(0x7f9ad40f6280 msgr2=0x7f9ad40f7e50 unknown :-1 s=STATE_NONE l=0).mark_down
2023-11-17T05:25:06.384 INFO:teuthology.orchestra.run.smithi003.stderr:/usr/bin/ceph:
2023-11-17T05:25:06.382+0000 7f9adb728700 1 -- 172.21.15.3:0/3896167169 shutdown_connections
2023-11-17T05:25:06.385 INFO:teuthology.orchestra.run.smithi003.stderr:/usr/bin/ceph:
2023-11-17T05:25:06.382+0000 7f9adb728700 1 -- 172.21.15.3:0/3896167169 wait complete.
2023-11-17T05:25:06.415 INFO:journalctl@ceph.mon.smithi003.smithi003.stdout:Nov 17 05:25:06 smithi003 ceph-851feb1e-8509-11ee-8dbe-212e2dc638e7-mon.smithi003[111810]: cephadm
2023-11-17T05:25:04.512622+0000 mgr.smithi003.eddcuc (mgr.14116) 9 : cephadm [INF] Added host smithi003
2023-11-17T05:25:06.415 INFO:journalctl@ceph.mon.smithi003.smithi003.stdout:Nov 17 05:25:06 smithi003 ceph-851feb1e-8509-11ee-8dbe-212e2dc638e7-mon.smithi003[111810]: audit
2023-11-17T05:25:05.419845+0000 mon.smithi003 (mon.0) 57 : audit [INF] from='mgr.14116 172.21.15.3:0/2120313347' entity='mgr.smithi003.eddcuc'
2023-11-17T05:25:06.828 INFO:teuthology.orchestra.run.smithi003.stderr:Deploying crash service with default placement...
2023-11-17T05:25:06.828 INFO:teuthology.orchestra.run.smithi003.stderr:Running command: /bin/podman run --rm --ipc=host --no-hosts --net=host --entrypoint /usr/bin/ceph --init -e CONTAINER_IMAGE=docker.io/ceph/ceph:v16.2.4 -e NODE_NAME=smithi003 -e CEPH_USE_RANDOM_NONCE=1 -v /var/log/ceph/851feb1e-8509-11ee-8dbe-212e2dc638e7:/var/log/ceph:z -v /tmp/ceph-tmptcuja8tf:/etc/ceph/ceph.client.admin.keyring:z -v /tmp/ceph-tmpk7o1jie2:/etc/ceph/ceph.conf:z docker.io/ceph/ceph:v16.2.4 orch apply crash
2023-11-17T05:25:07.222 INFO:teuthology.orchestra.run.smithi003.stderr:/usr/bin/ceph:
2023-11-17T05:25:07.217+0000 7f740fc29700 1 Processor -- start
2023-11-17T05:25:07.222 INFO:teuthology.orchestra.run.smithi003.stderr:/usr/bin/ceph:
2023-11-17T05:25:07.217+0000 7f740fc29700 1 -- start start
2023-11-17T05:25:07.222 INFO:teuthology.orchestra.run.smithi003.stderr:/usr/bin/ceph:
2023-11-17T05:25:07.217+0000 7f740fc29700 1 --2- >> [v2:172.21.15.3:3300/0,v1:172.21.15.3:6789/0] conn(0x7f74080faae0 0x7f74080faf00 unknown :-1 s=NONE pgs=0 cs=0 l=0 rev1=0 rx=0 tx=0).connect
2023-11-17T05:25:07.222 INFO:teuthology.orchestra.run.smithi003.stderr:/usr/bin/ceph:
2023-11-17T05:25:07.217+0000 7f740fc29700 1 -- --> [v2:172.21.15.3:3300/0,v1:172.21.15.3:6789/0] -- mon_getmap magic: 0 v1 -- 0x7f74080fb480 con 0x7f74080faae0
2023-11-17T05:25:07.222 INFO:teuthology.orchestra.run.smithi003.stderr:/usr/bin/ceph:
2023-11-17T05:25:07.217+0000 7f740d9c5700 1 --2- >> [v2:172.21.15.3:3300/0,v1:172.21.15.3:6789/0] conn(0x7f74080faae0 0x7f74080faf00 unknown :-1 s=BANNER_CONNECTING pgs=0 cs=0 l=0 rev1=0 rx=0 tx=0)._handle_peer_banner_payload supported=1 required=0
2023-11-17T05:25:07.222 INFO:teuthology.orchestra.run.smithi003.stderr:/usr/bin/ceph:
2023-11-17T05:25:07.217+0000 7f740d9c5700 1 --2- >> [v2:172.21.15.3:3300/0,v1:172.21.15.3:6789/0] conn(0x7f74080faae0 0x7f74080faf00 unknown :-1 s=HELLO_CONNECTING pgs=0 cs=0 l=0 rev1=1 rx=0 tx=0).handle_hello peer v2:172.21.15.3:3300/0 says I am v2:172.21.15.3:35504/0 (socket says 172.21.15.3:35504)
2023-11-17T05:25:07.223 INFO:teuthology.orchestra.run.smithi003.stderr:/usr/bin/ceph:
2023-11-17T05:25:07.217+0000 7f740d9c5700 1 -- 172.21.15.3:0/1964022847 learned_addr learned my addr 172.21.15.3:0/1964022847 (peer_addr_for_me v2:172.21.15.3:0/0)
2023-11-17T05:25:07.223 INFO:teuthology.orchestra.run.smithi003.stderr:/usr/bin/ceph:
2023-11-17T05:25:07.218+0000 7f740d9c5700 1 -- 172.21.15.3:0/1964022847 --> [v2:172.21.15.3:3300/0,v1:172.21.15.3:6789/0] -- mon_subscribe({config=0+,monmap=0+}) v3 -- 0x7f74080fb5c0 con 0x7f74080faae0
2023-11-17T05:25:07.223 INFO:teuthology.orchestra.run.smithi003.stderr:/usr/bin/ceph:
2023-11-17T05:25:07.218+0000 7f740d9c5700 1 --2- 172.21.15.3:0/1964022847 >> [v2:172.21.15.3:3300/0,v1:172.21.15.3:6789/0] conn(0x7f74080faae0 0x7f74080faf00 secure :-1 s=READY pgs=45 cs=0 l=1 rev1=1 rx=0x7f740400b5f0 tx=0x7f7404006ee0).ready entity=mon.0 client_cookie=111ed068378dc946 server_cookie=0 in_seq=0 out_seq=0
2023-11-17T05:25:07.223 INFO:teuthology.orchestra.run.smithi003.stderr:/usr/bin/ceph:
2023-11-17T05:25:07.218+0000 7f740c9c3700 1 -- 172.21.15.3:0/1964022847 <== mon.0 v2:172.21.15.3:3300/0 1 ==== mon_map magic: 0 v1 ==== 229+0+0 (secure 0 0 0) 0x7f740400d600 con 0x7f74080faae0
2023-11-17T05:25:07.223 INFO:teuthology.orchestra.run.smithi003.stderr:/usr/bin/ceph:
2023-11-17T05:25:07.218+0000 7f740c9c3700 1 -- 172.21.15.3:0/1964022847 <== mon.0 v2:172.21.15.3:3300/0 2 ==== config(25 keys) v1 ==== 1010+0+0 (secure 0 0 0) 0x7f740400dbd0 con 0x7f74080faae0
2023-11-17T05:25:07.223 INFO:teuthology.orchestra.run.smithi003.stderr:/usr/bin/ceph:
2023-11-17T05:25:07.218+0000 7f740c9c3700 1 -- 172.21.15.3:0/1964022847 <== mon.0 v2:172.21.15.3:3300/0 3 ==== mon_map magic: 0 v1 ==== 229+0+0 (secure 0 0 0) 0x7f7404011c00 con 0x7f74080faae0
2023-11-17T05:25:07.223 INFO:teuthology.orchestra.run.smithi003.stderr:/usr/bin/ceph:
2023-11-17T05:25:07.219+0000 7f740fc29700 1 -- 172.21.15.3:0/1964022847 >> [v2:172.21.15.3:3300/0,v1:172.21.15.3:6789/0] conn(0x7f74080faae0 msgr2=0x7f74080faf00 secure :-1 s=STATE_CONNECTION_ESTABLISHED l=1).mark_down
2023-11-17T05:25:07.224 INFO:teuthology.orchestra.run.smithi003.stderr:/usr/bin/ceph:
2023-11-17T05:25:07.219+0000 7f740fc29700 1 --2- 172.21.15.3:0/1964022847 >> [v2:172.21.15.3:3300/0,v1:172.21.15.3:6789/0] conn(0x7f74080faae0 0x7f74080faf00 secure :-1 s=READY pgs=45 cs=0 l=1 rev1=1 rx=0x7f740400b5f0 tx=0x7f7404006ee0).stop
2023-11-17T05:25:07.224 INFO:teuthology.orchestra.run.smithi003.stderr:/usr/bin/ceph:
2023-11-17T05:25:07.219+0000 7f740fc29700 1 -- 172.21.15.3:0/1964022847 shutdown_connections
2023-11-17T05:25:07.224 INFO:teuthology.orchestra.run.smithi003.stderr:/usr/bin/ceph:
2023-11-17T05:25:07.219+0000 7f740fc29700 1 --2- 172.21.15.3:0/1964022847 >> [v2:172.21.15.3:3300/0,v1:172.21.15.3:6789/0] conn(0x7f74080faae0 0x7f74080faf00 unknown :-1 s=CLOSED pgs=45 cs=0 l=1 rev1=1 rx=0 tx=0).stop
2023-11-17T05:25:07.224 INFO:teuthology.orchestra.run.smithi003.stderr:/usr/bin/ceph:
2023-11-17T05:25:07.219+0000 7f740fc29700 1 -- 172.21.15.3:0/1964022847 >> 172.21.15.3:0/1964022847 conn(0x7f74080f6280 msgr2=0x7f74080f86a0 unknown :-1 s=STATE_NONE l=0).mark_down
2023-11-17T05:25:07.224 INFO:teuthology.orchestra.run.smithi003.stderr:/usr/bin/ceph:
2023-11-17T05:25:07.219+0000 7f740fc29700 1 -- 172.21.15.3:0/1964022847 shutdown_connections
2023-11-17T05:25:07.224 INFO:teuthology.orchestra.run.smithi003.stderr:/usr/bin/ceph:
2023-11-17T05:25:07.219+0000 7f740fc29700 1 -- 172.21.15.3:0/1964022847 wait complete.
2023-11-17T05:25:07.224 INFO:teuthology.orchestra.run.smithi003.stderr:/usr/bin/ceph:
2023-11-17T05:25:07.220+0000 7f740fc29700 1 Processor -- start
2023-11-17T05:25:07.225 INFO:teuthology.orchestra.run.smithi003.stderr:/usr/bin/ceph:
2023-11-17T05:25:07.220+0000 7f740fc29700 1 -- start start
2023-11-17T05:25:07.225 INFO:teuthology.orchestra.run.smithi003.stderr:/usr/bin/ceph:
2023-11-17T05:25:07.220+0000 7f740fc29700 1 --2- >> [v2:172.21.15.3:3300/0,v1:172.21.15.3:6789/0] conn(0x7f74080faae0 0x7f740810d6f0 unknown :-1 s=NONE pgs=0 cs=0 l=1 rev1=0 rx=0 tx=0).connect
2023-11-17T05:25:07.225 INFO:teuthology.orchestra.run.smithi003.stderr:/usr/bin/ceph:
2023-11-17T05:25:07.220+0000 7f740fc29700 1 -- --> [v2:172.21.15.3:3300/0,v1:172.21.15.3:6789/0] -- mon_getmap magic: 0 v1 -- 0x7f740806fc50 con 0x7f74080faae0
2023-11-17T05:25:07.225 INFO:teuthology.orchestra.run.smithi003.stderr:/usr/bin/ceph:
2023-11-17T05:25:07.220+0000 7f740d9c5700 1 --2- >> [v2:172.21.15.3:3300/0,v1:172.21.15.3:6789/0] conn(0x7f74080faae0 0x7f740810d6f0 unknown :-1 s=BANNER_CONNECTING pgs=0 cs=0 l=1 rev1=0 rx=0 tx=0)._handle_peer_banner_payload supported=1 required=0
2023-11-17T05:25:07.225 INFO:teuthology.orchestra.run.smithi003.stderr:/usr/bin/ceph:
2023-11-17T05:25:07.220+0000 7f740d9c5700 1 --2- >> [v2:172.21.15.3:3300/0,v1:172.21.15.3:6789/0] conn(0x7f74080faae0 0x7f740810d6f0 unknown :-1 s=HELLO_CONNECTING pgs=0 cs=0 l=1 rev1=1 rx=0 tx=0).handle_hello peer v2:172.21.15.3:3300/0 says I am v2:172.21.15.3:35514/0 (socket says 172.21.15.3:35514)
2023-11-17T05:25:07.225 INFO:teuthology.orchestra.run.smithi003.stderr:/usr/bin/ceph:
2023-11-17T05:25:07.220+0000 7f740d9c5700 1 -- 172.21.15.3:0/3328144882 learned_addr learned my addr 172.21.15.3:0/3328144882 (peer_addr_for_me v2:172.21.15.3:0/0)
2023-11-17T05:25:07.225 INFO:teuthology.orchestra.run.smithi003.stderr:/usr/bin/ceph:
2023-11-17T05:25:07.220+0000 7f740d9c5700 1 -- 172.21.15.3:0/3328144882 --> [v2:172.21.15.3:3300/0,v1:172.21.15.3:6789/0] -- mon_subscribe({config=0+,monmap=0+}) v3 -- 0x7f740400b200 con 0x7f74080faae0
2023-11-17T05:25:07.226 INFO:teuthology.orchestra.run.smithi003.stderr:/usr/bin/ceph:
2023-11-17T05:25:07.221+0000 7f740d9c5700 1 --2- 172.21.15.3:0/3328144882 >> [v2:172.21.15.3:3300/0,v1:172.21.15.3:6789/0] conn(0x7f74080faae0 0x7f740810d6f0 secure :-1 s=READY pgs=46 cs=0 l=1 rev1=1 rx=0x7f740400b1d0 tx=0x7f7404006ee0).ready entity=mon.0 client_cookie=0 server_cookie=0 in_seq=0 out_seq=0
2023-11-17T05:25:07.226 INFO:teuthology.orchestra.run.smithi003.stderr:/usr/bin/ceph:
2023-11-17T05:25:07.221+0000 7f73f67fc700 1 -- 172.21.15.3:0/3328144882 <== mon.0 v2:172.21.15.3:3300/0 1 ==== mon_map magic: 0 v1 ==== 229+0+0 (secure 0 0 0) 0x7f7404011a20 con 0x7f74080faae0
2023-11-17T05:25:07.226 INFO:teuthology.orchestra.run.smithi003.stderr:/usr/bin/ceph:
2023-11-17T05:25:07.221+0000 7f73f67fc700 1 -- 172.21.15.3:0/3328144882 <== mon.0 v2:172.21.15.3:3300/0 2 ==== config(25 keys) v1 ==== 1010+0+0 (secure 0 0 0) 0x7f740401b880 con 0x7f74080faae0
2023-11-17T05:25:07.226 INFO:teuthology.orchestra.run.smithi003.stderr:/usr/bin/ceph:
2023-11-17T05:25:07.221+0000 7f740fc29700 1 -- 172.21.15.3:0/3328144882 --> [v2:172.21.15.3:3300/0,v1:172.21.15.3:6789/0] -- mon_subscribe({mgrmap=0+}) v3 -- 0x7f740806fe50 con 0x7f74080faae0
2023-11-17T05:25:07.226 INFO:teuthology.orchestra.run.smithi003.stderr:/usr/bin/ceph:
2023-11-17T05:25:07.221+0000 7f73f67fc700 1 -- 172.21.15.3:0/3328144882 <== mon.0 v2:172.21.15.3:3300/0 3 ==== mon_map magic: 0 v1 ==== 229+0+0 (secure 0 0 0) 0x7f740401a700 con 0x7f74080faae0
2023-11-17T05:25:07.226 INFO:teuthology.orchestra.run.smithi003.stderr:/usr/bin/ceph:
2023-11-17T05:25:07.221+0000 7f740fc29700 1 -- 172.21.15.3:0/3328144882 --> [v2:172.21.15.3:3300/0,v1:172.21.15.3:6789/0] -- mon_subscribe({osdmap=0}) v3 -- 0x7f740810dda0 con 0x7f74080faae0
2023-11-17T05:25:07.227 INFO:teuthology.orchestra.run.smithi003.stderr:/usr/bin/ceph:
2023-11-17T05:25:07.222+0000 7f73f67fc700 1 -- 172.21.15.3:0/3328144882 <== mon.0 v2:172.21.15.3:3300/0 4 ==== mgrmap(e 8) v1 ==== 36120+0+0 (secure 0 0 0) 0x7f740400f070 con 0x7f74080faae0
2023-11-17T05:25:07.227 INFO:teuthology.orchestra.run.smithi003.stderr:/usr/bin/ceph:
2023-11-17T05:25:07.222+0000 7f740fc29700 1 -- 172.21.15.3:0/3328144882 --> [v2:172.21.15.3:3300/0,v1:172.21.15.3:6789/0] -- mon_command({"prefix": "get_command_descriptions"} v 0) v1 -- 0x7f7408045ad0 con 0x7f74080faae0
2023-11-17T05:25:07.227 INFO:teuthology.orchestra.run.smithi003.stderr:/usr/bin/ceph:
2023-11-17T05:25:07.222+0000 7f73f67fc700 1 --2- 172.21.15.3:0/3328144882 >> [v2:172.21.15.3:6800/2575681100,v1:172.21.15.3:6801/2575681100] conn(0x7f73f002fdb0 0x7f73f0032270 unknown :-1 s=NONE pgs=0 cs=0 l=1 rev1=0 rx=0 tx=0).connect
2023-11-17T05:25:07.227 INFO:teuthology.orchestra.run.smithi003.stderr:/usr/bin/ceph:
2023-11-17T05:25:07.222+0000 7f73f67fc700 1 -- 172.21.15.3:0/3328144882 <== mon.0 v2:172.21.15.3:3300/0 5 ==== osd_map(2..2 src has 1..2) v4 ==== 926+0+0 (secure 0 0 0) 0x7f7404041190 con 0x7f74080faae0
2023-11-17T05:25:07.227 INFO:teuthology.orchestra.run.smithi003.stderr:/usr/bin/ceph:
2023-11-17T05:25:07.222+0000 7f740d1c4700 1 --2- 172.21.15.3:0/3328144882 >> [v2:172.21.15.3:6800/2575681100,v1:172.21.15.3:6801/2575681100] conn(0x7f73f002fdb0 0x7f73f0032270 unknown :-1 s=BANNER_CONNECTING pgs=0 cs=0 l=1 rev1=0 rx=0 tx=0)._handle_peer_banner_payload supported=1 required=0
2023-11-17T05:25:07.227 INFO:teuthology.orchestra.run.smithi003.stderr:/usr/bin/ceph:
2023-11-17T05:25:07.223+0000 7f740d1c4700 1 --2- 172.21.15.3:0/3328144882 >> [v2:172.21.15.3:6800/2575681100,v1:172.21.15.3:6801/2575681100] conn(0x7f73f002fdb0 0x7f73f0032270 secure :-1 s=READY pgs=13 cs=0 l=1 rev1=1 rx=0x7f73f80096a0 tx=0x7f73f8006b40).ready entity=mgr.14116 client_cookie=0 server_cookie=0 in_seq=0 out_seq=0
2023-11-17T05:25:07.228 INFO:teuthology.orchestra.run.smithi003.stderr:/usr/bin/ceph:
2023-11-17T05:25:07.227+0000 7f73f67fc700 1 -- 172.21.15.3:0/3328144882 <== mon.0 v2:172.21.15.3:3300/0 6 ==== mon_command_ack([{"prefix": "get_command_descriptions"}]=0 v0) v1 ==== 72+0+152212 (secure 0 0 0) 0x7f7404022310 con 0x7f74080faae0
2023-11-17T05:25:07.271 INFO:journalctl@ceph.mon.smithi003.smithi003.stdout:Nov 17 05:25:07 smithi003 ceph-851feb1e-8509-11ee-8dbe-212e2dc638e7-mon.smithi003[111810]: audit
2023-11-17T05:25:05.416444+0000 mgr.smithi003.eddcuc (mgr.14116) 10 : audit [DBG] from='client.14136 -' entity='client.admin' cmd=[{"prefix": "orch apply", "service_type": "mon", "target": ["mon-mgr", ""]}]: dispatch
2023-11-17T05:25:07.271 INFO:journalctl@ceph.mon.smithi003.smithi003.stdout:Nov 17 05:25:07 smithi003 ceph-851feb1e-8509-11ee-8dbe-212e2dc638e7-mon.smithi003[111810]: cephadm
2023-11-17T05:25:05.417244+0000 mgr.smithi003.eddcuc (mgr.14116) 11 : cephadm [INF] Saving service mon spec with placement count:5
2023-11-17T05:25:07.271 INFO:journalctl@ceph.mon.smithi003.smithi003.stdout:Nov 17 05:25:07 smithi003 ceph-851feb1e-8509-11ee-8dbe-212e2dc638e7-mon.smithi003[111810]: audit
2023-11-17T05:25:06.380631+0000 mon.smithi003 (mon.0) 58 : audit [INF] from='mgr.14116 172.21.15.3:0/2120313347' entity='mgr.smithi003.eddcuc'
2023-11-17T05:25:07.423 INFO:teuthology.orchestra.run.smithi003.stderr:/usr/bin/ceph:
2023-11-17T05:25:07.421+0000 7f740fc29700 1 -- 172.21.15.3:0/3328144882 --> [v2:172.21.15.3:6800/2575681100,v1:172.21.15.3:6801/2575681100] -- mgr_command(tid 0: {"prefix": "orch apply", "service_type": "crash", "target": ["mon-mgr", ""]}) v1 -- 0x7f74080fca30 con 0x7f73f002fdb0
2023-11-17T05:25:07.427 INFO:teuthology.orchestra.run.smithi003.stderr:/usr/bin/ceph:
2023-11-17T05:25:07.426+0000 7f73f67fc700 1 -- 172.21.15.3:0/3328144882 <== mgr.14116 v2:172.21.15.3:6800/2575681100 1 ==== mgr_command_reply(tid 0: 0 ) v1 ==== 8+0+26 (secure 0 0 0) 0x7f74080fca30 con 0x7f73f002fdb0
2023-11-17T05:25:07.427 INFO:teuthology.orchestra.run.smithi003.stderr:/usr/bin/ceph: Scheduled crash update...
2023-11-17T05:25:07.430 INFO:teuthology.orchestra.run.smithi003.stderr:/usr/bin/ceph:
2023-11-17T05:25:07.428+0000 7f740fc29700 1 -- 172.21.15.3:0/3328144882 >> [v2:172.21.15.3:6800/2575681100,v1:172.21.15.3:6801/2575681100] conn(0x7f73f002fdb0 msgr2=0x7f73f0032270 secure :-1 s=STATE_CONNECTION_ESTABLISHED l=1).mark_down
2023-11-17T05:25:07.430 INFO:teuthology.orchestra.run.smithi003.stderr:/usr/bin/ceph:
2023-11-17T05:25:07.428+0000 7f740fc29700 1 --2- 172.21.15.3:0/3328144882 >> [v2:172.21.15.3:6800/2575681100,v1:172.21.15.3:6801/2575681100] conn(0x7f73f002fdb0 0x7f73f0032270 secure :-1 s=READY pgs=13 cs=0 l=1 rev1=1 rx=0x7f73f80096a0 tx=0x7f73f8006b40).stop
2023-11-17T05:25:07.430 INFO:teuthology.orchestra.run.smithi003.stderr:/usr/bin/ceph:
2023-11-17T05:25:07.428+0000 7f740fc29700 1 -- 172.21.15.3:0/3328144882 >> [v2:172.21.15.3:3300/0,v1:172.21.15.3:6789/0] conn(0x7f74080faae0 msgr2=0x7f740810d6f0 secure :-1 s=STATE_CONNECTION_ESTABLISHED l=1).mark_down
2023-11-17T05:25:07.430 INFO:teuthology.orchestra.run.smithi003.stderr:/usr/bin/ceph:
