2023-11-17T05:25:16.629+0000 7fa50affd700 1 -- 172.21.15.3:0/1359422889 <== mon.0 v2:172.21.15.3:3300/0 3 ==== mon_map magic: 0 v1 ==== 229+0+0 (secure 0 0 0) 0x7fa4fc011c00 con 0x7fa50c0fa8f0
2023-11-17T05:25:16.632 INFO:teuthology.orchestra.run.smithi003.stderr:/usr/bin/ceph:
2023-11-17T05:25:16.629+0000 7fa5113a0700 1 -- 172.21.15.3:0/1359422889 >> [v2:172.21.15.3:3300/0,v1:172.21.15.3:6789/0] conn(0x7fa50c0fa8f0 msgr2=0x7fa50c0fad10 secure :-1 s=STATE_CONNECTION_ESTABLISHED l=1).mark_down
2023-11-17T05:25:16.632 INFO:teuthology.orchestra.run.smithi003.stderr:/usr/bin/ceph:
2023-11-17T05:25:16.629+0000 7fa5113a0700 1 --2- 172.21.15.3:0/1359422889 >> [v2:172.21.15.3:3300/0,v1:172.21.15.3:6789/0] conn(0x7fa50c0fa8f0 0x7fa50c0fad10 secure :-1 s=READY pgs=58 cs=0 l=1 rev1=1 rx=0x7fa4fc00b5f0 tx=0x7fa4fc006ee0).stop
2023-11-17T05:25:16.632 INFO:teuthology.orchestra.run.smithi003.stderr:/usr/bin/ceph:
2023-11-17T05:25:16.629+0000 7fa5113a0700 1 -- 172.21.15.3:0/1359422889 shutdown_connections
2023-11-17T05:25:16.633 INFO:teuthology.orchestra.run.smithi003.stderr:/usr/bin/ceph:
2023-11-17T05:25:16.629+0000 7fa5113a0700 1 --2- 172.21.15.3:0/1359422889 >> [v2:172.21.15.3:3300/0,v1:172.21.15.3:6789/0] conn(0x7fa50c0fa8f0 0x7fa50c0fad10 unknown :-1 s=CLOSED pgs=58 cs=0 l=1 rev1=1 rx=0 tx=0).stop
2023-11-17T05:25:16.633 INFO:teuthology.orchestra.run.smithi003.stderr:/usr/bin/ceph:
2023-11-17T05:25:16.629+0000 7fa5113a0700 1 -- 172.21.15.3:0/1359422889 >> 172.21.15.3:0/1359422889 conn(0x7fa50c0f6130 msgr2=0x7fa50c0f8550 unknown :-1 s=STATE_NONE l=0).mark_down
2023-11-17T05:25:16.633 INFO:teuthology.orchestra.run.smithi003.stderr:/usr/bin/ceph:
2023-11-17T05:25:16.629+0000 7fa5113a0700 1 -- 172.21.15.3:0/1359422889 shutdown_connections
2023-11-17T05:25:16.633 INFO:teuthology.orchestra.run.smithi003.stderr:/usr/bin/ceph:
2023-11-17T05:25:16.629+0000 7fa5113a0700 1 -- 172.21.15.3:0/1359422889 wait complete.
2023-11-17T05:25:16.633 INFO:teuthology.orchestra.run.smithi003.stderr:/usr/bin/ceph:
2023-11-17T05:25:16.630+0000 7fa5113a0700 1 Processor -- start
2023-11-17T05:25:16.633 INFO:teuthology.orchestra.run.smithi003.stderr:/usr/bin/ceph:
2023-11-17T05:25:16.630+0000 7fa5113a0700 1 -- start start
2023-11-17T05:25:16.634 INFO:teuthology.orchestra.run.smithi003.stderr:/usr/bin/ceph:
2023-11-17T05:25:16.630+0000 7fa5113a0700 1 --2- >> [v2:172.21.15.3:3300/0,v1:172.21.15.3:6789/0] conn(0x7fa50c0fa8f0 0x7fa50c10a790 unknown :-1 s=NONE pgs=0 cs=0 l=1 rev1=0 rx=0 tx=0).connect
2023-11-17T05:25:16.634 INFO:teuthology.orchestra.run.smithi003.stderr:/usr/bin/ceph:
2023-11-17T05:25:16.630+0000 7fa5113a0700 1 -- --> [v2:172.21.15.3:3300/0,v1:172.21.15.3:6789/0] -- mon_getmap magic: 0 v1 -- 0x7fa50c10ac80 con 0x7fa50c0fa8f0
2023-11-17T05:25:16.635 INFO:teuthology.orchestra.run.smithi003.stderr:/usr/bin/ceph:
2023-11-17T05:25:16.631+0000 7fa50bfff700 1 --2- >> [v2:172.21.15.3:3300/0,v1:172.21.15.3:6789/0] conn(0x7fa50c0fa8f0 0x7fa50c10a790 unknown :-1 s=BANNER_CONNECTING pgs=0 cs=0 l=1 rev1=0 rx=0 tx=0)._handle_peer_banner_payload supported=1 required=0
2023-11-17T05:25:16.635 INFO:teuthology.orchestra.run.smithi003.stderr:/usr/bin/ceph:
2023-11-17T05:25:16.631+0000 7fa50bfff700 1 --2- >> [v2:172.21.15.3:3300/0,v1:172.21.15.3:6789/0] conn(0x7fa50c0fa8f0 0x7fa50c10a790 unknown :-1 s=HELLO_CONNECTING pgs=0 cs=0 l=1 rev1=1 rx=0 tx=0).handle_hello peer v2:172.21.15.3:3300/0 says I am v2:172.21.15.3:43380/0 (socket says 172.21.15.3:43380)
2023-11-17T05:25:16.635 INFO:teuthology.orchestra.run.smithi003.stderr:/usr/bin/ceph:
2023-11-17T05:25:16.631+0000 7fa50bfff700 1 -- 172.21.15.3:0/3716197585 learned_addr learned my addr 172.21.15.3:0/3716197585 (peer_addr_for_me v2:172.21.15.3:0/0)
2023-11-17T05:25:16.635 INFO:teuthology.orchestra.run.smithi003.stderr:/usr/bin/ceph:
2023-11-17T05:25:16.631+0000 7fa50bfff700 1 -- 172.21.15.3:0/3716197585 --> [v2:172.21.15.3:3300/0,v1:172.21.15.3:6789/0] -- mon_subscribe({config=0+,monmap=0+}) v3 -- 0x7fa4fc00b200 con 0x7fa50c0fa8f0
2023-11-17T05:25:16.635 INFO:teuthology.orchestra.run.smithi003.stderr:/usr/bin/ceph:
2023-11-17T05:25:16.631+0000 7fa50bfff700 1 --2- 172.21.15.3:0/3716197585 >> [v2:172.21.15.3:3300/0,v1:172.21.15.3:6789/0] conn(0x7fa50c0fa8f0 0x7fa50c10a790 secure :-1 s=READY pgs=59 cs=0 l=1 rev1=1 rx=0x7fa4fc00e040 tx=0x7fa4fc006ee0).ready entity=mon.0 client_cookie=0 server_cookie=0 in_seq=0 out_seq=0
2023-11-17T05:25:16.635 INFO:teuthology.orchestra.run.smithi003.stderr:/usr/bin/ceph:
2023-11-17T05:25:16.631+0000 7fa508ff9700 1 -- 172.21.15.3:0/3716197585 <== mon.0 v2:172.21.15.3:3300/0 1 ==== mon_map magic: 0 v1 ==== 229+0+0 (secure 0 0 0) 0x7fa4fc01b410 con 0x7fa50c0fa8f0
2023-11-17T05:25:16.635 INFO:teuthology.orchestra.run.smithi003.stderr:/usr/bin/ceph:
2023-11-17T05:25:16.631+0000 7fa5113a0700 1 -- 172.21.15.3:0/3716197585 --> [v2:172.21.15.3:3300/0,v1:172.21.15.3:6789/0] -- mon_subscribe({mgrmap=0+}) v3 -- 0x7fa50c10ae80 con 0x7fa50c0fa8f0
2023-11-17T05:25:16.635 INFO:teuthology.orchestra.run.smithi003.stderr:/usr/bin/ceph:
2023-11-17T05:25:16.631+0000 7fa508ff9700 1 -- 172.21.15.3:0/3716197585 <== mon.0 v2:172.21.15.3:3300/0 2 ==== config(25 keys) v1 ==== 1010+0+0 (secure 0 0 0) 0x7fa4fc01b9e0 con 0x7fa50c0fa8f0
2023-11-17T05:25:16.635 INFO:teuthology.orchestra.run.smithi003.stderr:/usr/bin/ceph:
2023-11-17T05:25:16.631+0000 7fa508ff9700 1 -- 172.21.15.3:0/3716197585 <== mon.0 v2:172.21.15.3:3300/0 3 ==== mon_map magic: 0 v1 ==== 229+0+0 (secure 0 0 0) 0x7fa4fc01a820 con 0x7fa50c0fa8f0
2023-11-17T05:25:16.635 INFO:teuthology.orchestra.run.smithi003.stderr:/usr/bin/ceph:
2023-11-17T05:25:16.631+0000 7fa5113a0700 1 -- 172.21.15.3:0/3716197585 --> [v2:172.21.15.3:3300/0,v1:172.21.15.3:6789/0] -- mon_subscribe({osdmap=0}) v3 -- 0x7fa50c10b290 con 0x7fa50c0fa8f0
2023-11-17T05:25:16.635 INFO:teuthology.orchestra.run.smithi003.stderr:/usr/bin/ceph:
2023-11-17T05:25:16.632+0000 7fa5113a0700 1 -- 172.21.15.3:0/3716197585 --> [v2:172.21.15.3:3300/0,v1:172.21.15.3:6789/0] -- mon_command({"prefix": "get_command_descriptions"} v 0) v1 -- 0x7fa50c045ad0 con 0x7fa50c0fa8f0
2023-11-17T05:25:16.636 INFO:teuthology.orchestra.run.smithi003.stderr:/usr/bin/ceph:
2023-11-17T05:25:16.632+0000 7fa508ff9700 1 -- 172.21.15.3:0/3716197585 <== mon.0 v2:172.21.15.3:3300/0 4 ==== mgrmap(e 11) v1 ==== 36054+0+0 (secure 0 0 0) 0x7fa4fc00f070 con 0x7fa50c0fa8f0
2023-11-17T05:25:16.636 INFO:teuthology.orchestra.run.smithi003.stderr:/usr/bin/ceph:
2023-11-17T05:25:16.633+0000 7fa508ff9700 1 --2- 172.21.15.3:0/3716197585 >> [v2:172.21.15.3:6800/2830354403,v1:172.21.15.3:6801/2830354403] conn(0x7fa4f802fcf0 0x7fa4f80321b0 unknown :-1 s=NONE pgs=0 cs=0 l=1 rev1=0 rx=0 tx=0).connect
2023-11-17T05:25:16.636 INFO:teuthology.orchestra.run.smithi003.stderr:/usr/bin/ceph:
2023-11-17T05:25:16.633+0000 7fa508ff9700 1 -- 172.21.15.3:0/3716197585 <== mon.0 v2:172.21.15.3:3300/0 5 ==== osd_map(3..3 src has 1..3) v4 ==== 1098+0+0 (secure 0 0 0) 0x7fa4fc041430 con 0x7fa50c0fa8f0
2023-11-17T05:25:16.636 INFO:teuthology.orchestra.run.smithi003.stderr:/usr/bin/ceph:
2023-11-17T05:25:16.633+0000 7fa50b7fe700 1 --2- 172.21.15.3:0/3716197585 >> [v2:172.21.15.3:6800/2830354403,v1:172.21.15.3:6801/2830354403] conn(0x7fa4f802fcf0 0x7fa4f80321b0 unknown :-1 s=BANNER_CONNECTING pgs=0 cs=0 l=1 rev1=0 rx=0 tx=0)._handle_peer_banner_payload supported=1 required=0
2023-11-17T05:25:16.636 INFO:teuthology.orchestra.run.smithi003.stderr:/usr/bin/ceph:
2023-11-17T05:25:16.633+0000 7fa50b7fe700 1 --2- 172.21.15.3:0/3716197585 >> [v2:172.21.15.3:6800/2830354403,v1:172.21.15.3:6801/2830354403] conn(0x7fa4f802fcf0 0x7fa4f80321b0 secure :-1 s=READY pgs=6 cs=0 l=1 rev1=1 rx=0x7fa5000096a0 tx=0x7fa500006b40).ready entity=mgr.14144 client_cookie=0 server_cookie=0 in_seq=0 out_seq=0
2023-11-17T05:25:16.639 INFO:teuthology.orchestra.run.smithi003.stderr:/usr/bin/ceph:
2023-11-17T05:25:16.638+0000 7fa508ff9700 1 -- 172.21.15.3:0/3716197585 <== mon.0 v2:172.21.15.3:3300/0 6 ==== mon_command_ack([{"prefix": "get_command_descriptions"}]=0 v0) v1 ==== 72+0+152212 (secure 0 0 0) 0x7fa4fc019cd0 con 0x7fa50c0fa8f0
2023-11-17T05:25:16.838 INFO:teuthology.orchestra.run.smithi003.stderr:/usr/bin/ceph:
2023-11-17T05:25:16.834+0000 7fa5113a0700 1 -- 172.21.15.3:0/3716197585 --> [v2:172.21.15.3:6800/2830354403,v1:172.21.15.3:6801/2830354403] -- mgr_command(tid 0: {"prefix": "orch apply", "service_type": "grafana", "target": ["mon-mgr", ""]}) v1 -- 0x7fa50c10bb70 con 0x7fa4f802fcf0
2023-11-17T05:25:16.840 INFO:teuthology.orchestra.run.smithi003.stderr:/usr/bin/ceph:
2023-11-17T05:25:16.838+0000 7fa508ff9700 1 -- 172.21.15.3:0/3716197585 <== mgr.14144 v2:172.21.15.3:6800/2830354403 1 ==== mgr_command_reply(tid 0: 0 ) v1 ==== 8+0+28 (secure 0 0 0) 0x7fa50c10bb70 con 0x7fa4f802fcf0
2023-11-17T05:25:16.840 INFO:teuthology.orchestra.run.smithi003.stderr:/usr/bin/ceph: Scheduled grafana update...
2023-11-17T05:25:16.843 INFO:teuthology.orchestra.run.smithi003.stderr:/usr/bin/ceph:
2023-11-17T05:25:16.840+0000 7fa5113a0700 1 -- 172.21.15.3:0/3716197585 >> [v2:172.21.15.3:6800/2830354403,v1:172.21.15.3:6801/2830354403] conn(0x7fa4f802fcf0 msgr2=0x7fa4f80321b0 secure :-1 s=STATE_CONNECTION_ESTABLISHED l=1).mark_down
2023-11-17T05:25:16.843 INFO:teuthology.orchestra.run.smithi003.stderr:/usr/bin/ceph:
2023-11-17T05:25:16.840+0000 7fa5113a0700 1 --2- 172.21.15.3:0/3716197585 >> [v2:172.21.15.3:6800/2830354403,v1:172.21.15.3:6801/2830354403] conn(0x7fa4f802fcf0 0x7fa4f80321b0 secure :-1 s=READY pgs=6 cs=0 l=1 rev1=1 rx=0x7fa5000096a0 tx=0x7fa500006b40).stop
2023-11-17T05:25:16.843 INFO:teuthology.orchestra.run.smithi003.stderr:/usr/bin/ceph:
2023-11-17T05:25:16.840+0000 7fa5113a0700 1 -- 172.21.15.3:0/3716197585 >> [v2:172.21.15.3:3300/0,v1:172.21.15.3:6789/0] conn(0x7fa50c0fa8f0 msgr2=0x7fa50c10a790 secure :-1 s=STATE_CONNECTION_ESTABLISHED l=1).mark_down
2023-11-17T05:25:16.843 INFO:teuthology.orchestra.run.smithi003.stderr:/usr/bin/ceph:
2023-11-17T05:25:16.840+0000 7fa5113a0700 1 --2- 172.21.15.3:0/3716197585 >> [v2:172.21.15.3:3300/0,v1:172.21.15.3:6789/0] conn(0x7fa50c0fa8f0 0x7fa50c10a790 secure :-1 s=READY pgs=59 cs=0 l=1 rev1=1 rx=0x7fa4fc00e040 tx=0x7fa4fc006ee0).stop
2023-11-17T05:25:16.843 INFO:teuthology.orchestra.run.smithi003.stderr:/usr/bin/ceph:
2023-11-17T05:25:16.840+0000 7fa5113a0700 1 -- 172.21.15.3:0/3716197585 shutdown_connections
2023-11-17T05:25:16.843 INFO:teuthology.orchestra.run.smithi003.stderr:/usr/bin/ceph:
2023-11-17T05:25:16.840+0000 7fa5113a0700 1 --2- 172.21.15.3:0/3716197585 >> [v2:172.21.15.3:6800/2830354403,v1:172.21.15.3:6801/2830354403] conn(0x7fa4f802fcf0 0x7fa4f80321b0 unknown :-1 s=CLOSED pgs=6 cs=0 l=1 rev1=1 rx=0 tx=0).stop
2023-11-17T05:25:16.843 INFO:teuthology.orchestra.run.smithi003.stderr:/usr/bin/ceph:
2023-11-17T05:25:16.840+0000 7fa5113a0700 1 --2- 172.21.15.3:0/3716197585 >> [v2:172.21.15.3:3300/0,v1:172.21.15.3:6789/0] conn(0x7fa50c0fa8f0 0x7fa50c10a790 unknown :-1 s=CLOSED pgs=59 cs=0 l=1 rev1=1 rx=0 tx=0).stop
2023-11-17T05:25:16.843 INFO:teuthology.orchestra.run.smithi003.stderr:/usr/bin/ceph:
2023-11-17T05:25:16.840+0000 7fa5113a0700 1 -- 172.21.15.3:0/3716197585 >> 172.21.15.3:0/3716197585 conn(0x7fa50c0f6130 msgr2=0x7fa50c06f810 unknown :-1 s=STATE_NONE l=0).mark_down
2023-11-17T05:25:16.843 INFO:teuthology.orchestra.run.smithi003.stderr:/usr/bin/ceph:
2023-11-17T05:25:16.841+0000 7fa5113a0700 1 -- 172.21.15.3:0/3716197585 shutdown_connections
2023-11-17T05:25:16.844 INFO:teuthology.orchestra.run.smithi003.stderr:/usr/bin/ceph:
2023-11-17T05:25:16.841+0000 7fa5113a0700 1 -- 172.21.15.3:0/3716197585 wait complete.
2023-11-17T05:25:17.162 INFO:journalctl@ceph.mon.smithi003.smithi003.stdout:Nov 17 05:25:16 smithi003 ceph-851feb1e-8509-11ee-8dbe-212e2dc638e7-mon.smithi003[111810]: cluster
2023-11-17T05:25:15.915183+0000 mon.smithi003 (mon.0) 77 : cluster [DBG] mgrmap e11: smithi003.eddcuc(active, since 1.21027s)
2023-11-17T05:25:17.163 INFO:journalctl@ceph.mon.smithi003.smithi003.stdout:Nov 17 05:25:16 smithi003 ceph-851feb1e-8509-11ee-8dbe-212e2dc638e7-mon.smithi003[111810]: cephadm
2023-11-17T05:25:15.916548+0000 mgr.smithi003.eddcuc (mgr.14144) 2 : cephadm [INF] Saving service prometheus spec with placement count:1
2023-11-17T05:25:17.163 INFO:journalctl@ceph.mon.smithi003.smithi003.stdout:Nov 17 05:25:16 smithi003 ceph-851feb1e-8509-11ee-8dbe-212e2dc638e7-mon.smithi003[111810]: audit
2023-11-17T05:25:15.918795+0000 mon.smithi003 (mon.0) 78 : audit [INF] from='mgr.14144 172.21.15.3:0/3813803755' entity='mgr.smithi003.eddcuc'
2023-11-17T05:25:17.163 INFO:journalctl@ceph.mon.smithi003.smithi003.stdout:Nov 17 05:25:16 smithi003 ceph-851feb1e-8509-11ee-8dbe-212e2dc638e7-mon.smithi003[111810]: audit
2023-11-17T05:25:16.840058+0000 mon.smithi003 (mon.0) 79 : audit [INF] from='mgr.14144 172.21.15.3:0/3813803755' entity='mgr.smithi003.eddcuc'
2023-11-17T05:25:17.193 INFO:teuthology.orchestra.run.smithi003.stderr:Deploying node-exporter service with default placement...
2023-11-17T05:25:17.193 INFO:teuthology.orchestra.run.smithi003.stderr:Running command: /bin/podman run --rm --ipc=host --no-hosts --net=host --entrypoint /usr/bin/ceph --init -e CONTAINER_IMAGE=docker.io/ceph/ceph:v16.2.4 -e NODE_NAME=smithi003 -e CEPH_USE_RANDOM_NONCE=1 -v /var/log/ceph/851feb1e-8509-11ee-8dbe-212e2dc638e7:/var/log/ceph:z -v /tmp/ceph-tmptcuja8tf:/etc/ceph/ceph.client.admin.keyring:z -v /tmp/ceph-tmpk7o1jie2:/etc/ceph/ceph.conf:z docker.io/ceph/ceph:v16.2.4 orch apply node-exporter
2023-11-17T05:25:17.560 INFO:teuthology.orchestra.run.smithi003.stderr:/usr/bin/ceph:
2023-11-17T05:25:17.557+0000 7f6524339700 1 Processor -- start
2023-11-17T05:25:17.561 INFO:teuthology.orchestra.run.smithi003.stderr:/usr/bin/ceph:
2023-11-17T05:25:17.558+0000 7f6524339700 1 -- start start
2023-11-17T05:25:17.561 INFO:teuthology.orchestra.run.smithi003.stderr:/usr/bin/ceph:
2023-11-17T05:25:17.558+0000 7f6524339700 1 --2- >> [v2:172.21.15.3:3300/0,v1:172.21.15.3:6789/0] conn(0x7f651c0fc090 0x7f651c0fc4b0 unknown :-1 s=NONE pgs=0 cs=0 l=0 rev1=0 rx=0 tx=0).connect
2023-11-17T05:25:17.561 INFO:teuthology.orchestra.run.smithi003.stderr:/usr/bin/ceph:
2023-11-17T05:25:17.558+0000 7f6524339700 1 -- --> [v2:172.21.15.3:3300/0,v1:172.21.15.3:6789/0] -- mon_getmap magic: 0 v1 -- 0x7f651c0fc9a0 con 0x7f651c0fc090
2023-11-17T05:25:17.561 INFO:teuthology.orchestra.run.smithi003.stderr:/usr/bin/ceph:
2023-11-17T05:25:17.559+0000 7f65220d5700 1 --2- >> [v2:172.21.15.3:3300/0,v1:172.21.15.3:6789/0] conn(0x7f651c0fc090 0x7f651c0fc4b0 unknown :-1 s=BANNER_CONNECTING pgs=0 cs=0 l=0 rev1=0 rx=0 tx=0)._handle_peer_banner_payload supported=1 required=0
2023-11-17T05:25:17.561 INFO:teuthology.orchestra.run.smithi003.stderr:/usr/bin/ceph:
2023-11-17T05:25:17.559+0000 7f65220d5700 1 --2- >> [v2:172.21.15.3:3300/0,v1:172.21.15.3:6789/0] conn(0x7f651c0fc090 0x7f651c0fc4b0 unknown :-1 s=HELLO_CONNECTING pgs=0 cs=0 l=0 rev1=1 rx=0 tx=0).handle_hello peer v2:172.21.15.3:3300/0 says I am v2:172.21.15.3:43396/0 (socket says 172.21.15.3:43396)
2023-11-17T05:25:17.561 INFO:teuthology.orchestra.run.smithi003.stderr:/usr/bin/ceph:
2023-11-17T05:25:17.559+0000 7f65220d5700 1 -- 172.21.15.3:0/3302199656 learned_addr learned my addr 172.21.15.3:0/3302199656 (peer_addr_for_me v2:172.21.15.3:0/0)
2023-11-17T05:25:17.561 INFO:teuthology.orchestra.run.smithi003.stderr:/usr/bin/ceph:
2023-11-17T05:25:17.559+0000 7f65220d5700 1 -- 172.21.15.3:0/3302199656 --> [v2:172.21.15.3:3300/0,v1:172.21.15.3:6789/0] -- mon_subscribe({config=0+,monmap=0+}) v3 -- 0x7f651c0fcae0 con 0x7f651c0fc090
2023-11-17T05:25:17.563 INFO:teuthology.orchestra.run.smithi003.stderr:/usr/bin/ceph:
2023-11-17T05:25:17.559+0000 7f65220d5700 1 --2- 172.21.15.3:0/3302199656 >> [v2:172.21.15.3:3300/0,v1:172.21.15.3:6789/0] conn(0x7f651c0fc090 0x7f651c0fc4b0 secure :-1 s=READY pgs=60 cs=0 l=1 rev1=1 rx=0x7f651800b870 tx=0x7f6518006f70).ready entity=mon.0 client_cookie=b65ce6ee410994b1 server_cookie=0 in_seq=0 out_seq=0
2023-11-17T05:25:17.563 INFO:teuthology.orchestra.run.smithi003.stderr:/usr/bin/ceph:
2023-11-17T05:25:17.559+0000 7f65210d3700 1 -- 172.21.15.3:0/3302199656 <== mon.0 v2:172.21.15.3:3300/0 1 ==== mon_map magic: 0 v1 ==== 229+0+0 (secure 0 0 0) 0x7f651800da20 con 0x7f651c0fc090
2023-11-17T05:25:17.563 INFO:teuthology.orchestra.run.smithi003.stderr:/usr/bin/ceph:
2023-11-17T05:25:17.559+0000 7f65210d3700 1 -- 172.21.15.3:0/3302199656 <== mon.0 v2:172.21.15.3:3300/0 2 ==== config(25 keys) v1 ==== 1010+0+0 (secure 0 0 0) 0x7f6518010470 con 0x7f651c0fc090
2023-11-17T05:25:17.563 INFO:teuthology.orchestra.run.smithi003.stderr:/usr/bin/ceph:
2023-11-17T05:25:17.559+0000 7f65210d3700 1 -- 172.21.15.3:0/3302199656 <== mon.0 v2:172.21.15.3:3300/0 3 ==== mon_map magic: 0 v1 ==== 229+0+0 (secure 0 0 0) 0x7f651800f5b0 con 0x7f651c0fc090
2023-11-17T05:25:17.563 INFO:teuthology.orchestra.run.smithi003.stderr:/usr/bin/ceph:
2023-11-17T05:25:17.560+0000 7f6524339700 1 -- 172.21.15.3:0/3302199656 >> [v2:172.21.15.3:3300/0,v1:172.21.15.3:6789/0] conn(0x7f651c0fc090 msgr2=0x7f651c0fc4b0 secure :-1 s=STATE_CONNECTION_ESTABLISHED l=1).mark_down
2023-11-17T05:25:17.563 INFO:teuthology.orchestra.run.smithi003.stderr:/usr/bin/ceph:
2023-11-17T05:25:17.560+0000 7f6524339700 1 --2- 172.21.15.3:0/3302199656 >> [v2:172.21.15.3:3300/0,v1:172.21.15.3:6789/0] conn(0x7f651c0fc090 0x7f651c0fc4b0 secure :-1 s=READY pgs=60 cs=0 l=1 rev1=1 rx=0x7f651800b870 tx=0x7f6518006f70).stop
2023-11-17T05:25:17.564 INFO:teuthology.orchestra.run.smithi003.stderr:/usr/bin/ceph:
2023-11-17T05:25:17.560+0000 7f6524339700 1 -- 172.21.15.3:0/3302199656 shutdown_connections
2023-11-17T05:25:17.564 INFO:teuthology.orchestra.run.smithi003.stderr:/usr/bin/ceph:
2023-11-17T05:25:17.560+0000 7f6524339700 1 --2- 172.21.15.3:0/3302199656 >> [v2:172.21.15.3:3300/0,v1:172.21.15.3:6789/0] conn(0x7f651c0fc090 0x7f651c0fc4b0 unknown :-1 s=CLOSED pgs=60 cs=0 l=1 rev1=1 rx=0 tx=0).stop
2023-11-17T05:25:17.564 INFO:teuthology.orchestra.run.smithi003.stderr:/usr/bin/ceph:
2023-11-17T05:25:17.560+0000 7f6524339700 1 -- 172.21.15.3:0/3302199656 >> 172.21.15.3:0/3302199656 conn(0x7f651c0f5a80 msgr2=0x7f651c0f7ea0 unknown :-1 s=STATE_NONE l=0).mark_down
2023-11-17T05:25:17.564 INFO:teuthology.orchestra.run.smithi003.stderr:/usr/bin/ceph:
2023-11-17T05:25:17.560+0000 7f6524339700 1 -- 172.21.15.3:0/3302199656 shutdown_connections
2023-11-17T05:25:17.564 INFO:teuthology.orchestra.run.smithi003.stderr:/usr/bin/ceph:
2023-11-17T05:25:17.560+0000 7f6524339700 1 -- 172.21.15.3:0/3302199656 wait complete.
2023-11-17T05:25:17.564 INFO:teuthology.orchestra.run.smithi003.stderr:/usr/bin/ceph:
2023-11-17T05:25:17.561+0000 7f6524339700 1 Processor -- start
2023-11-17T05:25:17.564 INFO:teuthology.orchestra.run.smithi003.stderr:/usr/bin/ceph:
2023-11-17T05:25:17.561+0000 7f6524339700 1 -- start start
2023-11-17T05:25:17.564 INFO:teuthology.orchestra.run.smithi003.stderr:/usr/bin/ceph:
2023-11-17T05:25:17.561+0000 7f6524339700 1 --2- >> [v2:172.21.15.3:3300/0,v1:172.21.15.3:6789/0] conn(0x7f651c0fc090 0x7f651c10cb60 unknown :-1 s=NONE pgs=0 cs=0 l=1 rev1=0 rx=0 tx=0).connect
2023-11-17T05:25:17.564 INFO:teuthology.orchestra.run.smithi003.stderr:/usr/bin/ceph:
2023-11-17T05:25:17.561+0000 7f6524339700 1 -- --> [v2:172.21.15.3:3300/0,v1:172.21.15.3:6789/0] -- mon_getmap magic: 0 v1 -- 0x7f651c10d050 con 0x7f651c0fc090
2023-11-17T05:25:17.564 INFO:teuthology.orchestra.run.smithi003.stderr:/usr/bin/ceph:
2023-11-17T05:25:17.561+0000 7f65220d5700 1 --2- >> [v2:172.21.15.3:3300/0,v1:172.21.15.3:6789/0] conn(0x7f651c0fc090 0x7f651c10cb60 unknown :-1 s=BANNER_CONNECTING pgs=0 cs=0 l=1 rev1=0 rx=0 tx=0)._handle_peer_banner_payload supported=1 required=0
2023-11-17T05:25:17.564 INFO:teuthology.orchestra.run.smithi003.stderr:/usr/bin/ceph:
2023-11-17T05:25:17.561+0000 7f65220d5700 1 --2- >> [v2:172.21.15.3:3300/0,v1:172.21.15.3:6789/0] conn(0x7f651c0fc090 0x7f651c10cb60 unknown :-1 s=HELLO_CONNECTING pgs=0 cs=0 l=1 rev1=1 rx=0 tx=0).handle_hello peer v2:172.21.15.3:3300/0 says I am v2:172.21.15.3:43410/0 (socket says 172.21.15.3:43410)
2023-11-17T05:25:17.564 INFO:teuthology.orchestra.run.smithi003.stderr:/usr/bin/ceph:
2023-11-17T05:25:17.561+0000 7f65220d5700 1 -- 172.21.15.3:0/957205149 learned_addr learned my addr 172.21.15.3:0/957205149 (peer_addr_for_me v2:172.21.15.3:0/0)
2023-11-17T05:25:17.565 INFO:teuthology.orchestra.run.smithi003.stderr:/usr/bin/ceph:
2023-11-17T05:25:17.562+0000 7f65220d5700 1 -- 172.21.15.3:0/957205149 --> [v2:172.21.15.3:3300/0,v1:172.21.15.3:6789/0] -- mon_subscribe({config=0+,monmap=0+}) v3 -- 0x7f651800b480 con 0x7f651c0fc090
2023-11-17T05:25:17.565 INFO:teuthology.orchestra.run.smithi003.stderr:/usr/bin/ceph:
2023-11-17T05:25:17.562+0000 7f65220d5700 1 --2- 172.21.15.3:0/957205149 >> [v2:172.21.15.3:3300/0,v1:172.21.15.3:6789/0] conn(0x7f651c0fc090 0x7f651c10cb60 secure :-1 s=READY pgs=61 cs=0 l=1 rev1=1 rx=0x7f6518006b80 tx=0x7f6518006f70).ready entity=mon.0 client_cookie=0 server_cookie=0 in_seq=0 out_seq=0
2023-11-17T05:25:17.566 INFO:teuthology.orchestra.run.smithi003.stderr:/usr/bin/ceph:
2023-11-17T05:25:17.562+0000 7f650affd700 1 -- 172.21.15.3:0/957205149 <== mon.0 v2:172.21.15.3:3300/0 1 ==== mon_map magic: 0 v1 ==== 229+0+0 (secure 0 0 0) 0x7f651800de10 con 0x7f651c0fc090
2023-11-17T05:25:17.566 INFO:teuthology.orchestra.run.smithi003.stderr:/usr/bin/ceph:
2023-11-17T05:25:17.562+0000 7f650affd700 1 -- 172.21.15.3:0/957205149 <== mon.0 v2:172.21.15.3:3300/0 2 ==== config(25 keys) v1 ==== 1010+0+0 (secure 0 0 0) 0x7f651800fef0 con 0x7f651c0fc090
2023-11-17T05:25:17.566 INFO:teuthology.orchestra.run.smithi003.stderr:/usr/bin/ceph:
2023-11-17T05:25:17.562+0000 7f650affd700 1 -- 172.21.15.3:0/957205149 <== mon.0 v2:172.21.15.3:3300/0 3 ==== mon_map magic: 0 v1 ==== 229+0+0 (secure 0 0 0) 0x7f6518019de0 con 0x7f651c0fc090
2023-11-17T05:25:17.566 INFO:teuthology.orchestra.run.smithi003.stderr:/usr/bin/ceph:
2023-11-17T05:25:17.562+0000 7f6524339700 1 -- 172.21.15.3:0/957205149 --> [v2:172.21.15.3:3300/0,v1:172.21.15.3:6789/0] -- mon_subscribe({mgrmap=0+}) v3 -- 0x7f651c10d250 con 0x7f651c0fc090
2023-11-17T05:25:17.566 INFO:teuthology.orchestra.run.smithi003.stderr:/usr/bin/ceph:
2023-11-17T05:25:17.562+0000 7f6524339700 1 -- 172.21.15.3:0/957205149 --> [v2:172.21.15.3:3300/0,v1:172.21.15.3:6789/0] -- mon_subscribe({osdmap=0}) v3 -- 0x7f651c10d660 con 0x7f651c0fc090
2023-11-17T05:25:17.566 INFO:teuthology.orchestra.run.smithi003.stderr:/usr/bin/ceph:
2023-11-17T05:25:17.563+0000 7f650affd700 1 -- 172.21.15.3:0/957205149 <== mon.0 v2:172.21.15.3:3300/0 4 ==== mgrmap(e 12) v1 ==== 36195+0+0 (secure 0 0 0) 0x7f6518016030 con 0x7f651c0fc090
2023-11-17T05:25:17.566 INFO:teuthology.orchestra.run.smithi003.stderr:/usr/bin/ceph:
2023-11-17T05:25:17.563+0000 7f650affd700 1 --2- 172.21.15.3:0/957205149 >> [v2:172.21.15.3:6800/2830354403,v1:172.21.15.3:6801/2830354403] conn(0x7f650402feb0 0x7f6504032370 unknown :-1 s=NONE pgs=0 cs=0 l=1 rev1=0 rx=0 tx=0).connect
2023-11-17T05:25:17.566 INFO:teuthology.orchestra.run.smithi003.stderr:/usr/bin/ceph:
2023-11-17T05:25:17.563+0000 7f650affd700 1 -- 172.21.15.3:0/957205149 <== mon.0 v2:172.21.15.3:3300/0 5 ==== osd_map(3..3 src has 1..3) v4 ==== 1098+0+0 (secure 0 0 0) 0x7f6518041cb0 con 0x7f651c0fc090
2023-11-17T05:25:17.566 INFO:teuthology.orchestra.run.smithi003.stderr:/usr/bin/ceph:
2023-11-17T05:25:17.563+0000 7f65218d4700 1 --2- 172.21.15.3:0/957205149 >> [v2:172.21.15.3:6800/2830354403,v1:172.21.15.3:6801/2830354403] conn(0x7f650402feb0 0x7f6504032370 unknown :-1 s=BANNER_CONNECTING pgs=0 cs=0 l=1 rev1=0 rx=0 tx=0)._handle_peer_banner_payload supported=1 required=0
2023-11-17T05:25:17.567 INFO:teuthology.orchestra.run.smithi003.stderr:/usr/bin/ceph:
2023-11-17T05:25:17.563+0000 7f6524339700 1 -- 172.21.15.3:0/957205149 --> [v2:172.21.15.3:3300/0,v1:172.21.15.3:6789/0] -- mon_command({"prefix": "get_command_descriptions"} v 0) v1 -- 0x7f651c059100 con 0x7f651c0fc090
2023-11-17T05:25:17.567 INFO:teuthology.orchestra.run.smithi003.stderr:/usr/bin/ceph:
2023-11-17T05:25:17.564+0000 7f65218d4700 1 --2- 172.21.15.3:0/957205149 >> [v2:172.21.15.3:6800/2830354403,v1:172.21.15.3:6801/2830354403] conn(0x7f650402feb0 0x7f6504032370 secure :-1 s=READY pgs=7 cs=0 l=1 rev1=1 rx=0x7f650c0096a0 tx=0x7f650c006b40).ready entity=mgr.14144 client_cookie=0 server_cookie=0 in_seq=0 out_seq=0
2023-11-17T05:25:17.569 INFO:teuthology.orchestra.run.smithi003.stderr:/usr/bin/ceph:
2023-11-17T05:25:17.568+0000 7f650affd700 1 -- 172.21.15.3:0/957205149 <== mon.0 v2:172.21.15.3:3300/0 6 ==== mon_command_ack([{"prefix": "get_command_descriptions"}]=0 v0) v1 ==== 72+0+152212 (secure 0 0 0) 0x7f6518014020 con 0x7f651c0fc090
2023-11-17T05:25:17.764 INFO:teuthology.orchestra.run.smithi003.stderr:/usr/bin/ceph:
2023-11-17T05:25:17.762+0000 7f6524339700 1 -- 172.21.15.3:0/957205149 --> [v2:172.21.15.3:6800/2830354403,v1:172.21.15.3:6801/2830354403] -- mgr_command(tid 0: {"prefix": "orch apply", "service_type": "node-exporter", "target": ["mon-mgr", ""]}) v1 -- 0x7f651c102620 con 0x7f650402feb0
2023-11-17T05:25:17.768 INFO:teuthology.orchestra.run.smithi003.stderr:/usr/bin/ceph:
2023-11-17T05:25:17.767+0000 7f650affd700 1 -- 172.21.15.3:0/957205149 <== mgr.14144 v2:172.21.15.3:6800/2830354403 1 ==== mgr_command_reply(tid 0: 0 ) v1 ==== 8+0+34 (secure 0 0 0) 0x7f651c102620 con 0x7f650402feb0
2023-11-17T05:25:17.768 INFO:teuthology.orchestra.run.smithi003.stderr:/usr/bin/ceph: Scheduled node-exporter update...
2023-11-17T05:25:17.771 INFO:teuthology.orchestra.run.smithi003.stderr:/usr/bin/ceph:
2023-11-17T05:25:17.769+0000 7f6524339700 1 -- 172.21.15.3:0/957205149 >> [v2:172.21.15.3:6800/2830354403,v1:172.21.15.3:6801/2830354403] conn(0x7f650402feb0 msgr2=0x7f6504032370 secure :-1 s=STATE_CONNECTION_ESTABLISHED l=1).mark_down
2023-11-17T05:25:17.771 INFO:teuthology.orchestra.run.smithi003.stderr:/usr/bin/ceph:
2023-11-17T05:25:17.769+0000 7f6524339700 1 --2- 172.21.15.3:0/957205149 >> [v2:172.21.15.3:6800/2830354403,v1:172.21.15.3:6801/2830354403] conn(0x7f650402feb0 0x7f6504032370 secure :-1 s=READY pgs=7 cs=0 l=1 rev1=1 rx=0x7f650c0096a0 tx=0x7f650c006b40).stop
2023-11-17T05:25:17.771 INFO:teuthology.orchestra.run.smithi003.stderr:/usr/bin/ceph:
2023-11-17T05:25:17.769+0000 7f6524339700 1 -- 172.21.15.3:0/957205149 >> [v2:172.21.15.3:3300/0,v1:172.21.15.3:6789/0] conn(0x7f651c0fc090 msgr2=0x7f651c10cb60 secure :-1 s=STATE_CONNECTION_ESTABLISHED l=1).mark_down
2023-11-17T05:25:17.771 INFO:teuthology.orchestra.run.smithi003.stderr:/usr/bin/ceph:
2023-11-17T05:25:17.769+0000 7f6524339700 1 --2- 172.21.15.3:0/957205149 >> [v2:172.21.15.3:3300/0,v1:172.21.15.3:6789/0] conn(0x7f651c0fc090 0x7f651c10cb60 secure :-1 s=READY pgs=61 cs=0 l=1 rev1=1 rx=0x7f6518006b80 tx=0x7f6518006f70).stop
2023-11-17T05:25:17.771 INFO:teuthology.orchestra.run.smithi003.stderr:/usr/bin/ceph:
2023-11-17T05:25:17.769+0000 7f6524339700 1 -- 172.21.15.3:0/957205149 shutdown_connections
2023-11-17T05:25:17.771 INFO:teuthology.orchestra.run.smithi003.stderr:/usr/bin/ceph:
2023-11-17T05:25:17.769+0000 7f6524339700 1 --2- 172.21.15.3:0/957205149 >> [v2:172.21.15.3:6800/2830354403,v1:172.21.15.3:6801/2830354403] conn(0x7f650402feb0 0x7f6504032370 unknown :-1 s=CLOSED pgs=7 cs=0 l=1 rev1=1 rx=0 tx=0).stop
2023-11-17T05:25:17.772 INFO:teuthology.orchestra.run.smithi003.stderr:/usr/bin/ceph:
2023-11-17T05:25:17.769+0000 7f6524339700 1 --2- 172.21.15.3:0/957205149 >> [v2:172.21.15.3:3300/0,v1:172.21.15.3:6789/0] conn(0x7f651c0fc090 0x7f651c10cb60 unknown :-1 s=CLOSED pgs=61 cs=0 l=1 rev1=1 rx=0 tx=0).stop
2023-11-17T05:25:17.772 INFO:teuthology.orchestra.run.smithi003.stderr:/usr/bin/ceph:
2023-11-17T05:25:17.769+0000 7f6524339700 1 -- 172.21.15.3:0/957205149 >> 172.21.15.3:0/957205149 conn(0x7f651c0f5a80 msgr2=0x7f651c0ff890 unknown :-1 s=STATE_NONE l=0).mark_down
2023-11-17T05:25:17.772 INFO:teuthology.orchestra.run.smithi003.stderr:/usr/bin/ceph:
2023-11-17T05:25:17.769+0000 7f6524339700 1 -- 172.21.15.3:0/957205149 shutdown_connections
2023-11-17T05:25:17.772 INFO:teuthology.orchestra.run.smithi003.stderr:/usr/bin/ceph:
2023-11-17T05:25:17.769+0000 7f6524339700 1 -- 172.21.15.3:0/957205149 wait complete.
2023-11-17T05:25:18.071 INFO:journalctl@ceph.mon.smithi003.smithi003.stdout:Nov 17 05:25:17 smithi003 ceph-851feb1e-8509-11ee-8dbe-212e2dc638e7-mon.smithi003[111810]: audit
2023-11-17T05:25:16.837137+0000 mgr.smithi003.eddcuc (mgr.14144) 3 : audit [DBG] from='client.14152 -' entity='client.admin' cmd=[{"prefix": "orch apply", "service_type": "grafana", "target": ["mon-mgr", ""]}]: dispatch
2023-11-17T05:25:18.071 INFO:journalctl@ceph.mon.smithi003.smithi003.stdout:Nov 17 05:25:17 smithi003 ceph-851feb1e-8509-11ee-8dbe-212e2dc638e7-mon.smithi003[111810]: cephadm
2023-11-17T05:25:16.837713+0000 mgr.smithi003.eddcuc (mgr.14144) 4 : cephadm [INF] Saving service grafana spec with placement count:1
2023-11-17T05:25:18.071 INFO:journalctl@ceph.mon.smithi003.smithi003.stdout:Nov 17 05:25:17 smithi003 ceph-851feb1e-8509-11ee-8dbe-212e2dc638e7-mon.smithi003[111810]: cluster
2023-11-17T05:25:16.920609+0000 mon.smithi003 (mon.0) 80 : cluster [DBG] mgrmap e12: smithi003.eddcuc(active, since 2s)
2023-11-17T05:25:18.071 INFO:journalctl@ceph.mon.smithi003.smithi003.stdout:Nov 17 05:25:17 smithi003 ceph-851feb1e-8509-11ee-8dbe-212e2dc638e7-mon.smithi003[111810]: audit
2023-11-17T05:25:17.768381+0000 mon.smithi003 (mon.0) 81 : audit [INF] from='mgr.14144 172.21.15.3:0/3813803755' entity='mgr.smithi003.eddcuc'
2023-11-17T05:25:18.126 INFO:teuthology.orchestra.run.smithi003.stderr:Deploying alertmanager service with default placement...
2023-11-17T05:25:18.126 INFO:teuthology.orchestra.run.smithi003.stderr:Running command: /bin/podman run --rm --ipc=host --no-hosts --net=host --entrypoint /usr/bin/ceph --init -e CONTAINER_IMAGE=docker.io/ceph/ceph:v16.2.4 -e NODE_NAME=smithi003 -e CEPH_USE_RANDOM_NONCE=1 -v /var/log/ceph/851feb1e-8509-11ee-8dbe-212e2dc638e7:/var/log/ceph:z -v /tmp/ceph-tmptcuja8tf:/etc/ceph/ceph.client.admin.keyring:z -v /tmp/ceph-tmpk7o1jie2:/etc/ceph/ceph.conf:z docker.io/ceph/ceph:v16.2.4 orch apply alertmanager
2023-11-17T05:25:18.558 INFO:teuthology.orchestra.run.smithi003.stderr:/usr/bin/ceph:
2023-11-17T05:25:18.552+0000 7f01757ca700 1 Processor -- start
2023-11-17T05:25:18.558 INFO:teuthology.orchestra.run.smithi003.stderr:/usr/bin/ceph:
2023-11-17T05:25:18.552+0000 7f01757ca700 1 -- start start
2023-11-17T05:25:18.558 INFO:teuthology.orchestra.run.smithi003.stderr:/usr/bin/ceph:
2023-11-17T05:25:18.552+0000 7f01757ca700 1 --2- >> [v2:172.21.15.3:3300/0,v1:172.21.15.3:6789/0] conn(0x7f01700fc0c0 0x7f01700fc4e0 unknown :-1 s=NONE pgs=0 cs=0 l=0 rev1=0 rx=0 tx=0).connect
2023-11-17T05:25:18.558 INFO:teuthology.orchestra.run.smithi003.stderr:/usr/bin/ceph:
2023-11-17T05:25:18.552+0000 7f01757ca700 1 -- --> [v2:172.21.15.3:3300/0,v1:172.21.15.3:6789/0] -- mon_getmap magic: 0 v1 -- 0x7f01700fc9d0 con 0x7f01700fc0c0
2023-11-17T05:25:18.558 INFO:teuthology.orchestra.run.smithi003.stderr:/usr/bin/ceph:
2023-11-17T05:25:18.553+0000 7f016effd700 1 --2- >> [v2:172.21.15.3:3300/0,v1:172.21.15.3:6789/0] conn(0x7f01700fc0c0 0x7f01700fc4e0 unknown :-1 s=BANNER_CONNECTING pgs=0 cs=0 l=0 rev1=0 rx=0 tx=0)._handle_peer_banner_payload supported=1 required=0
2023-11-17T05:25:18.558 INFO:teuthology.orchestra.run.smithi003.stderr:/usr/bin/ceph:
2023-11-17T05:25:18.553+0000 7f016effd700 1 --2- >> [v2:172.21.15.3:3300/0,v1:172.21.15.3:6789/0] conn(0x7f01700fc0c0 0x7f01700fc4e0 unknown :-1 s=HELLO_CONNECTING pgs=0 cs=0 l=0 rev1=1 rx=0 tx=0).handle_hello peer v2:172.21.15.3:3300/0 says I am v2:172.21.15.3:55358/0 (socket says 172.21.15.3:55358)
2023-11-17T05:25:18.558 INFO:teuthology.orchestra.run.smithi003.stderr:/usr/bin/ceph:
2023-11-17T05:25:18.553+0000 7f016effd700 1 -- 172.21.15.3:0/145794975 learned_addr learned my addr 172.21.15.3:0/145794975 (peer_addr_for_me v2:172.21.15.3:0/0)
2023-11-17T05:25:18.558 INFO:teuthology.orchestra.run.smithi003.stderr:/usr/bin/ceph:
2023-11-17T05:25:18.553+0000 7f016effd700 1 -- 172.21.15.3:0/145794975 --> [v2:172.21.15.3:3300/0,v1:172.21.15.3:6789/0] -- mon_subscribe({config=0+,monmap=0+}) v3 -- 0x7f01700fcb10 con 0x7f01700fc0c0
2023-11-17T05:25:18.558 INFO:teuthology.orchestra.run.smithi003.stderr:/usr/bin/ceph:
2023-11-17T05:25:18.553+0000 7f016effd700 1 --2- 172.21.15.3:0/145794975 >> [v2:172.21.15.3:3300/0,v1:172.21.15.3:6789/0] conn(0x7f01700fc0c0 0x7f01700fc4e0 secure :-1 s=READY pgs=62 cs=0 l=1 rev1=1 rx=0x7f0160009960 tx=0x7f01600092d0).ready entity=mon.0 client_cookie=b5318f223c94ce86 server_cookie=0 in_seq=0 out_seq=0
2023-11-17T05:25:18.558 INFO:teuthology.orchestra.run.smithi003.stderr:/usr/bin/ceph:
2023-11-17T05:25:18.553+0000 7f016dffb700 1 -- 172.21.15.3:0/145794975 <== mon.0 v2:172.21.15.3:3300/0 1 ==== mon_map magic: 0 v1 ==== 229+0+0 (secure 0 0 0) 0x7f016000b9c0 con 0x7f01700fc0c0
2023-11-17T05:25:18.559 INFO:teuthology.orchestra.run.smithi003.stderr:/usr/bin/ceph:
2023-11-17T05:25:18.553+0000 7f016dffb700 1 -- 172.21.15.3:0/145794975 <== mon.0 v2:172.21.15.3:3300/0 2 ==== config(25 keys) v1 ==== 1010+0+0 (secure 0 0 0) 0x7f0160011400 con 0x7f01700fc0c0
2023-11-17T05:25:18.559 INFO:teuthology.orchestra.run.smithi003.stderr:/usr/bin/ceph:
2023-11-17T05:25:18.553+0000 7f016dffb700 1 -- 172.21.15.3:0/145794975 <== mon.0 v2:172.21.15.3:3300/0 3 ==== mon_map magic: 0 v1 ==== 229+0+0 (secure 0 0 0) 0x7f01600103a0 con 0x7f01700fc0c0
2023-11-17T05:25:18.559 INFO:teuthology.orchestra.run.smithi003.stderr:/usr/bin/ceph:
2023-11-17T05:25:18.554+0000 7f01757ca700 1 -- 172.21.15.3:0/145794975 >> [v2:172.21.15.3:3300/0,v1:172.21.15.3:6789/0] conn(0x7f01700fc0c0 msgr2=0x7f01700fc4e0 secure :-1 s=STATE_CONNECTION_ESTABLISHED l=1).mark_down
2023-11-17T05:25:18.559 INFO:teuthology.orchestra.run.smithi003.stderr:/usr/bin/ceph:
2023-11-17T05:25:18.554+0000 7f01757ca700 1 --2- 172.21.15.3:0/145794975 >> [v2:172.21.15.3:3300/0,v1:172.21.15.3:6789/0] conn(0x7f01700fc0c0 0x7f01700fc4e0 secure :-1 s=READY pgs=62 cs=0 l=1 rev1=1 rx=0x7f0160009960 tx=0x7f01600092d0).stop
2023-11-17T05:25:18.559 INFO:teuthology.orchestra.run.smithi003.stderr:/usr/bin/ceph:
2023-11-17T05:25:18.554+0000 7f01757ca700 1 -- 172.21.15.3:0/145794975 shutdown_connections
2023-11-17T05:25:18.559 INFO:teuthology.orchestra.run.smithi003.stderr:/usr/bin/ceph:
2023-11-17T05:25:18.554+0000 7f01757ca700 1 --2- 172.21.15.3:0/145794975 >> [v2:172.21.15.3:3300/0,v1:172.21.15.3:6789/0] conn(0x7f01700fc0c0 0x7f01700fc4e0 unknown :-1 s=CLOSED pgs=62 cs=0 l=1 rev1=1 rx=0 tx=0).stop
2023-11-17T05:25:18.559 INFO:teuthology.orchestra.run.smithi003.stderr:/usr/bin/ceph:
2023-11-17T05:25:18.554+0000 7f01757ca700 1 -- 172.21.15.3:0/145794975 >> 172.21.15.3:0/145794975 conn(0x7f01700f5a80 msgr2=0x7f01700f7ea0 unknown :-1 s=STATE_NONE l=0).mark_down
2023-11-17T05:25:18.559 INFO:teuthology.orchestra.run.smithi003.stderr:/usr/bin/ceph:
2023-11-17T05:25:18.554+0000 7f01757ca700 1 -- 172.21.15.3:0/145794975 shutdown_connections
2023-11-17T05:25:18.559 INFO:teuthology.orchestra.run.smithi003.stderr:/usr/bin/ceph:
2023-11-17T05:25:18.554+0000 7f01757ca700 1 -- 172.21.15.3:0/145794975 wait complete.
2023-11-17T05:25:18.559 INFO:teuthology.orchestra.run.smithi003.stderr:/usr/bin/ceph:
2023-11-17T05:25:18.555+0000 7f01757ca700 1 Processor -- start
2023-11-17T05:25:18.559 INFO:teuthology.orchestra.run.smithi003.stderr:/usr/bin/ceph:
2023-11-17T05:25:18.555+0000 7f01757ca700 1 -- start start
2023-11-17T05:25:18.560 INFO:teuthology.orchestra.run.smithi003.stderr:/usr/bin/ceph:
2023-11-17T05:25:18.555+0000 7f01757ca700 1 --2- >> [v2:172.21.15.3:3300/0,v1:172.21.15.3:6789/0] conn(0x7f01700fc0c0 0x7f01700ff450 unknown :-1 s=NONE pgs=0 cs=0 l=1 rev1=0 rx=0 tx=0).connect
2023-11-17T05:25:18.560 INFO:teuthology.orchestra.run.smithi003.stderr:/usr/bin/ceph:
2023-11-17T05:25:18.555+0000 7f01757ca700 1 -- --> [v2:172.21.15.3:3300/0,v1:172.21.15.3:6789/0] -- mon_getmap magic: 0 v1 -- 0x7f01700fd8d0 con 0x7f01700fc0c0
2023-11-17T05:25:18.560 INFO:teuthology.orchestra.run.smithi003.stderr:/usr/bin/ceph:
2023-11-17T05:25:18.555+0000 7f016effd700 1 --2- >> [v2:172.21.15.3:3300/0,v1:172.21.15.3:6789/0] conn(0x7f01700fc0c0 0x7f01700ff450 unknown :-1 s=BANNER_CONNECTING pgs=0 cs=0 l=1 rev1=0 rx=0 tx=0)._handle_peer_banner_payload supported=1 required=0
2023-11-17T05:25:18.560 INFO:teuthology.orchestra.run.smithi003.stderr:/usr/bin/ceph:
2023-11-17T05:25:18.555+0000 7f016effd700 1 --2- >> [v2:172.21.15.3:3300/0,v1:172.21.15.3:6789/0] conn(0x7f01700fc0c0 0x7f01700ff450 unknown :-1 s=HELLO_CONNECTING pgs=0 cs=0 l=1 rev1=1 rx=0 tx=0).handle_hello peer v2:172.21.15.3:3300/0 says I am v2:172.21.15.3:55364/0 (socket says 172.21.15.3:55364)
2023-11-17T05:25:18.560 INFO:teuthology.orchestra.run.smithi003.stderr:/usr/bin/ceph:
2023-11-17T05:25:18.555+0000 7f016effd700 1 -- 172.21.15.3:0/604012438 learned_addr learned my addr 172.21.15.3:0/604012438 (peer_addr_for_me v2:172.21.15.3:0/0)
2023-11-17T05:25:18.560 INFO:teuthology.orchestra.run.smithi003.stderr:/usr/bin/ceph:
2023-11-17T05:25:18.555+0000 7f016effd700 1 -- 172.21.15.3:0/604012438 --> [v2:172.21.15.3:3300/0,v1:172.21.15.3:6789/0] -- mon_subscribe({config=0+,monmap=0+}) v3 -- 0x7f0160009570 con 0x7f01700fc0c0
2023-11-17T05:25:18.560 INFO:teuthology.orchestra.run.smithi003.stderr:/usr/bin/ceph:
2023-11-17T05:25:18.556+0000 7f016effd700 1 --2- 172.21.15.3:0/604012438 >> [v2:172.21.15.3:3300/0,v1:172.21.15.3:6789/0] conn(0x7f01700fc0c0 0x7f01700ff450 secure :-1 s=READY pgs=63 cs=0 l=1 rev1=1 rx=0x7f016000bac0 tx=0x7f01600092d0).ready entity=mon.0 client_cookie=0 server_cookie=0 in_seq=0 out_seq=0
2023-11-17T05:25:18.560 INFO:teuthology.orchestra.run.smithi003.stderr:/usr/bin/ceph:
2023-11-17T05:25:18.556+0000 7f01677fe700 1 -- 172.21.15.3:0/604012438 <== mon.0 v2:172.21.15.3:3300/0 1 ==== mon_map magic: 0 v1 ==== 229+0+0 (secure 0 0 0) 0x7f0160010870 con 0x7f01700fc0c0
2023-11-17T05:25:18.560 INFO:teuthology.orchestra.run.smithi003.stderr:/usr/bin/ceph:
2023-11-17T05:25:18.556+0000 7f01677fe700 1 -- 172.21.15.3:0/604012438 <== mon.0 v2:172.21.15.3:3300/0 2 ==== config(25 keys) v1 ==== 1010+0+0 (secure 0 0 0) 0x7f0160010e40 con 0x7f01700fc0c0
2023-11-17T05:25:18.560 INFO:teuthology.orchestra.run.smithi003.stderr:/usr/bin/ceph:
2023-11-17T05:25:18.556+0000 7f01757ca700 1 -- 172.21.15.3:0/604012438 --> [v2:172.21.15.3:3300/0,v1:172.21.15.3:6789/0] -- mon_subscribe({mgrmap=0+}) v3 -- 0x7f01700fda70 con 0x7f01700fc0c0
2023-11-17T05:25:18.560 INFO:teuthology.orchestra.run.smithi003.stderr:/usr/bin/ceph:
2023-11-17T05:25:18.556+0000 7f01677fe700 1 -- 172.21.15.3:0/604012438 <== mon.0 v2:172.21.15.3:3300/0 3 ==== mon_map magic: 0 v1 ==== 229+0+0 (secure 0 0 0) 0x7f016001ae00 con 0x7f01700fc0c0
2023-11-17T05:25:18.560 INFO:teuthology.orchestra.run.smithi003.stderr:/usr/bin/ceph:
2023-11-17T05:25:18.556+0000 7f01757ca700 1 -- 172.21.15.3:0/604012438 --> [v2:172.21.15.3:3300/0,v1:172.21.15.3:6789/0] -- mon_subscribe({osdmap=0}) v3 -- 0x7f01700fde80 con 0x7f01700fc0c0
2023-11-17T05:25:18.561 INFO:teuthology.orchestra.run.smithi003.stderr:/usr/bin/ceph:
2023-11-17T05:25:18.557+0000 7f01677fe700 1 -- 172.21.15.3:0/604012438 <== mon.0 v2:172.21.15.3:3300/0 4 ==== mgrmap(e 12) v1 ==== 36195+0+0 (secure 0 0 0) 0x7f016000f070 con 0x7f01700fc0c0
2023-11-17T05:25:18.561 INFO:teuthology.orchestra.run.smithi003.stderr:/usr/bin/ceph:
2023-11-17T05:25:18.557+0000 7f01677fe700 1 --2- 172.21.15.3:0/604012438 >> [v2:172.21.15.3:6800/2830354403,v1:172.21.15.3:6801/2830354403] conn(0x7f015002fe40 0x7f0150032300 unknown :-1 s=NONE pgs=0 cs=0 l=1 rev1=0 rx=0 tx=0).connect
2023-11-17T05:25:18.561 INFO:teuthology.orchestra.run.smithi003.stderr:/usr/bin/ceph:
2023-11-17T05:25:18.557+0000 7f01677fe700 1 -- 172.21.15.3:0/604012438 <== mon.0 v2:172.21.15.3:3300/0 5 ==== osd_map(3..3 src has 1..3) v4 ==== 1098+0+0 (secure 0 0 0) 0x7f0160041fd0 con 0x7f01700fc0c0
2023-11-17T05:25:18.562 INFO:teuthology.orchestra.run.smithi003.stderr:/usr/bin/ceph:
2023-11-17T05:25:18.557+0000 7f016e7fc700 1 --2- 172.21.15.3:0/604012438 >> [v2:172.21.15.3:6800/2830354403,v1:172.21.15.3:6801/2830354403] conn(0x7f015002fe40 0x7f0150032300 unknown :-1 s=BANNER_CONNECTING pgs=0 cs=0 l=1 rev1=0 rx=0 tx=0)._handle_peer_banner_payload supported=1 required=0
2023-11-17T05:25:18.562 INFO:teuthology.orchestra.run.smithi003.stderr:/usr/bin/ceph:
2023-11-17T05:25:18.558+0000 7f01757ca700 1 -- 172.21.15.3:0/604012438 --> [v2:172.21.15.3:3300/0,v1:172.21.15.3:6789/0] -- mon_command({"prefix": "get_command_descriptions"} v 0) v1 -- 0x7f0170059100 con 0x7f01700fc0c0
2023-11-17T05:25:18.562 INFO:teuthology.orchestra.run.smithi003.stderr:/usr/bin/ceph:
2023-11-17T05:25:18.558+0000 7f016e7fc700 1 --2- 172.21.15.3:0/604012438 >> [v2:172.21.15.3:6800/2830354403,v1:172.21.15.3:6801/2830354403] conn(0x7f015002fe40 0x7f0150032300 secure :-1 s=READY pgs=8 cs=0 l=1 rev1=1 rx=0x7f01580096a0 tx=0x7f0158006b40).ready entity=mgr.14144 client_cookie=0 server_cookie=0 in_seq=0 out_seq=0
2023-11-17T05:25:18.563 INFO:teuthology.orchestra.run.smithi003.stderr:/usr/bin/ceph:
2023-11-17T05:25:18.562+0000 7f01677fe700 1 -- 172.21.15.3:0/604012438 <== mon.0 v2:172.21.15.3:3300/0 6 ==== mon_command_ack([{"prefix": "get_command_descriptions"}]=0 v0) v1 ==== 72+0+152212 (secure 0 0 0) 0x7f016001e020 con 0x7f01700fc0c0
2023-11-17T05:25:18.758 INFO:teuthology.orchestra.run.smithi003.stderr:/usr/bin/ceph:
2023-11-17T05:25:18.756+0000 7f01757ca700 1 -- 172.21.15.3:0/604012438 --> [v2:172.21.15.3:6800/2830354403,v1:172.21.15.3:6801/2830354403] -- mgr_command(tid 0: {"prefix": "orch apply", "service_type": "alertmanager", "target": ["mon-mgr", ""]}) v1 -- 0x7f01701044a0 con 0x7f015002fe40
2023-11-17T05:25:18.761 INFO:teuthology.orchestra.run.smithi003.stderr:/usr/bin/ceph:
2023-11-17T05:25:18.760+0000 7f01677fe700 1 -- 172.21.15.3:0/604012438 <== mgr.14144 v2:172.21.15.3:6800/2830354403 1 ==== mgr_command_reply(tid 0: 0 ) v1 ==== 8+0+33 (secure 0 0 0) 0x7f01701044a0 con 0x7f015002fe40
2023-11-17T05:25:18.762 INFO:teuthology.orchestra.run.smithi003.stderr:/usr/bin/ceph: Scheduled alertmanager update...
2023-11-17T05:25:18.764 INFO:teuthology.orchestra.run.smithi003.stderr:/usr/bin/ceph:
2023-11-17T05:25:18.762+0000 7f01757ca700 1 -- 172.21.15.3:0/604012438 >> [v2:172.21.15.3:6800/2830354403,v1:172.21.15.3:6801/2830354403] conn(0x7f015002fe40 msgr2=0x7f0150032300 secure :-1 s=STATE_CONNECTION_ESTABLISHED l=1).mark_down
2023-11-17T05:25:18.764 INFO:teuthology.orchestra.run.smithi003.stderr:/usr/bin/ceph:
2023-11-17T05:25:18.762+0000 7f01757ca700 1 --2- 172.21.15.3:0/604012438 >> [v2:172.21.15.3:6800/2830354403,v1:172.21.15.3:6801/2830354403] conn(0x7f015002fe40 0x7f0150032300 secure :-1 s=READY pgs=8 cs=0 l=1 rev1=1 rx=0x7f01580096a0 tx=0x7f0158006b40).stop
2023-11-17T05:25:18.764 INFO:teuthology.orchestra.run.smithi003.stderr:/usr/bin/ceph:
2023-11-17T05:25:18.762+0000 7f01757ca700 1 -- 172.21.15.3:0/604012438 >> [v2:172.21.15.3:3300/0,v1:172.21.15.3:6789/0] conn(0x7f01700fc0c0 msgr2=0x7f01700ff450 secure :-1 s=STATE_CONNECTION_ESTABLISHED l=1).mark_down
2023-11-17T05:25:18.764 INFO:teuthology.orchestra.run.smithi003.stderr:/usr/bin/ceph:
2023-11-17T05:25:18.762+0000 7f01757ca700 1 --2- 172.21.15.3:0/604012438 >> [v2:172.21.15.3:3300/0,v1:172.21.15.3:6789/0] conn(0x7f01700fc0c0 0x7f01700ff450 secure :-1 s=READY pgs=63 cs=0 l=1 rev1=1 rx=0x7f016000bac0 tx=0x7f01600092d0).stop
2023-11-17T05:25:18.764 INFO:teuthology.orchestra.run.smithi003.stderr:/usr/bin/ceph:
2023-11-17T05:25:18.762+0000 7f01757ca700 1 -- 172.21.15.3:0/604012438 shutdown_connections
2023-11-17T05:25:18.764 INFO:teuthology.orchestra.run.smithi003.stderr:/usr/bin/ceph:
2023-11-17T05:25:18.762+0000 7f01757ca700 1 --2- 172.21.15.3:0/604012438 >> [v2:172.21.15.3:6800/2830354403,v1:172.21.15.3:6801/2830354403] conn(0x7f015002fe40 0x7f0150032300 unknown :-1 s=CLOSED pgs=8 cs=0 l=1 rev1=1 rx=0 tx=0).stop
2023-11-17T05:25:18.764 INFO:teuthology.orchestra.run.smithi003.stderr:/usr/bin/ceph:
2023-11-17T05:25:18.762+0000 7f01757ca700 1 --2- 172.21.15.3:0/604012438 >> [v2:172.21.15.3:3300/0,v1:172.21.15.3:6789/0] conn(0x7f01700fc0c0 0x7f01700ff450 unknown :-1 s=CLOSED pgs=63 cs=0 l=1 rev1=1 rx=0 tx=0).stop
2023-11-17T05:25:18.765 INFO:teuthology.orchestra.run.smithi003.stderr:/usr/bin/ceph:
2023-11-17T05:25:18.762+0000 7f01757ca700 1 -- 172.21.15.3:0/604012438 >> 172.21.15.3:0/604012438 conn(0x7f01700f5a80 msgr2=0x7f01700fa670 unknown :-1 s=STATE_NONE l=0).mark_down
2023-11-17T05:25:18.765 INFO:teuthology.orchestra.run.smithi003.stderr:/usr/bin/ceph:
2023-11-17T05:25:18.762+0000 7f01757ca700 1 -- 172.21.15.3:0/604012438 shutdown_connections
2023-11-17T05:25:18.765 INFO:teuthology.orchestra.run.smithi003.stderr:/usr/bin/ceph:
2023-11-17T05:25:18.762+0000 7f01757ca700 1 -- 172.21.15.3:0/604012438 wait complete.
2023-11-17T05:25:19.046 INFO:journalctl@ceph.mon.smithi003.smithi003.stdout:Nov 17 05:25:18 smithi003 ceph-851feb1e-8509-11ee-8dbe-212e2dc638e7-mon.smithi003[111810]: audit
2023-11-17T05:25:17.765202+0000 mgr.smithi003.eddcuc (mgr.14144) 5 : audit [DBG] from='client.14154 -' entity='client.admin' cmd=[{"prefix": "orch apply", "service_type": "node-exporter", "target": ["mon-mgr", ""]}]: dispatch
2023-11-17T05:25:19.047 INFO:journalctl@ceph.mon.smithi003.smithi003.stdout:Nov 17 05:25:18 smithi003 ceph-851feb1e-8509-11ee-8dbe-212e2dc638e7-mon.smithi003[111810]: cephadm
2023-11-17T05:25:17.765961+0000 mgr.smithi003.eddcuc (mgr.14144) 6 : cephadm [INF] Saving service node-exporter spec with placement *
2023-11-17T05:25:19.047 INFO:journalctl@ceph.mon.smithi003.smithi003.stdout:Nov 17 05:25:18 smithi003 ceph-851feb1e-8509-11ee-8dbe-212e2dc638e7-mon.smithi003[111810]: audit
2023-11-17T05:25:18.761583+0000 mon.smithi003 (mon.0) 82 : audit [INF] from='mgr.14144 172.21.15.3:0/3813803755' entity='mgr.smithi003.eddcuc'
2023-11-17T05:25:19.111 INFO:teuthology.orchestra.run.smithi003.stderr:Running command: /bin/podman run --rm --ipc=host --no-hosts --net=host --entrypoint /usr/bin/ceph --init -e CONTAINER_IMAGE=docker.io/ceph/ceph:v16.2.4 -e NODE_NAME=smithi003 -e CEPH_USE_RANDOM_NONCE=1 -v /var/log/ceph/851feb1e-8509-11ee-8dbe-212e2dc638e7:/var/log/ceph:z -v /tmp/ceph-tmptcuja8tf:/etc/ceph/ceph.client.admin.keyring:z -v /tmp/ceph-tmpk7o1jie2:/etc/ceph/ceph.conf:z docker.io/ceph/ceph:v16.2.4 config set mgr mgr/cephadm/container_init True --force
2023-11-17T05:25:19.549 INFO:teuthology.orchestra.run.smithi003.stderr:/usr/bin/ceph:
2023-11-17T05:25:19.542+0000 7f3a07b36700 1 Processor -- start
2023-11-17T05:25:19.549 INFO:teuthology.orchestra.run.smithi003.stderr:/usr/bin/ceph:
2023-11-17T05:25:19.542+0000 7f3a07b36700 1 -- start start
2023-11-17T05:25:19.550 INFO:teuthology.orchestra.run.smithi003.stderr:/usr/bin/ceph:
2023-11-17T05:25:19.542+0000 7f3a07b36700 1 --2- >> [v2:172.21.15.3:3300/0,v1:172.21.15.3:6789/0] conn(0x7f3a000fd2a0 0x7f3a000fd6c0 unknown :-1 s=NONE pgs=0 cs=0 l=0 rev1=0 rx=0 tx=0).connect
2023-11-17T05:25:19.550 INFO:teuthology.orchestra.run.smithi003.stderr:/usr/bin/ceph:
2023-11-17T05:25:19.542+0000 7f3a07b36700 1 -- --> [v2:172.21.15.3:3300/0,v1:172.21.15.3:6789/0] -- mon_getmap magic: 0 v1 -- 0x7f3a000fdbb0 con 0x7f3a000fd2a0
2023-11-17T05:25:19.554 INFO:teuthology.orchestra.run.smithi003.stderr:/usr/bin/ceph:
2023-11-17T05:25:19.542+0000 7f3a058d2700 1 --2- >> [v2:172.21.15.3:3300/0,v1:172.21.15.3:6789/0] conn(0x7f3a000fd2a0 0x7f3a000fd6c0 unknown :-1 s=BANNER_CONNECTING pgs=0 cs=0 l=0 rev1=0 rx=0 tx=0)._handle_peer_banner_payload supported=1 required=0
2023-11-17T05:25:19.554 INFO:teuthology.orchestra.run.smithi003.stderr:/usr/bin/ceph:
2023-11-17T05:25:19.542+0000 7f3a058d2700 1 --2- >> [v2:172.21.15.3:3300/0,v1:172.21.15.3:6789/0] conn(0x7f3a000fd2a0 0x7f3a000fd6c0 unknown :-1 s=HELLO_CONNECTING pgs=0 cs=0 l=0 rev1=1 rx=0 tx=0).handle_hello peer v2:172.21.15.3:3300/0 says I am v2:172.21.15.3:55366/0 (socket says 172.21.15.3:55366)
2023-11-17T05:25:19.554 INFO:teuthology.orchestra.run.smithi003.stderr:/usr/bin/ceph:
2023-11-17T05:25:19.542+0000 7f3a058d2700 1 -- 172.21.15.3:0/185554992 learned_addr learned my addr 172.21.15.3:0/185554992 (peer_addr_for_me v2:172.21.15.3:0/0)
2023-11-17T05:25:19.554 INFO:teuthology.orchestra.run.smithi003.stderr:/usr/bin/ceph:
2023-11-17T05:25:19.543+0000 7f3a058d2700 1 -- 172.21.15.3:0/185554992 --> [v2:172.21.15.3:3300/0,v1:172.21.15.3:6789/0] -- mon_subscribe({config=0+,monmap=0+}) v3 -- 0x7f3a000fdcf0 con 0x7f3a000fd2a0
2023-11-17T05:25:19.555 INFO:teuthology.orchestra.run.smithi003.stderr:/usr/bin/ceph:
2023-11-17T05:25:19.543+0000 7f3a058d2700 1 --2- 172.21.15.3:0/185554992 >> [v2:172.21.15.3:3300/0,v1:172.21.15.3:6789/0] conn(0x7f3a000fd2a0 0x7f3a000fd6c0 secure :-1 s=READY pgs=64 cs=0 l=1 rev1=1 rx=0x7f39fc00b5f0 tx=0x7f39fc006ee0).ready entity=mon.0 client_cookie=65d98a9a42d08f3b server_cookie=0 in_seq=0 out_seq=0
2023-11-17T05:25:19.555 INFO:teuthology.orchestra.run.smithi003.stderr:/usr/bin/ceph:
2023-11-17T05:25:19.543+0000 7f3a048d0700 1 -- 172.21.15.3:0/185554992 <== mon.0 v2:172.21.15.3:3300/0 1 ==== mon_map magic: 0 v1 ==== 229+0+0 (secure 0 0 0) 0x7f39fc00d600 con 0x7f3a000fd2a0
2023-11-17T05:25:19.555 INFO:teuthology.orchestra.run.smithi003.stderr:/usr/bin/ceph:
2023-11-17T05:25:19.543+0000 7f3a048d0700 1 -- 172.21.15.3:0/185554992 <== mon.0 v2:172.21.15.3:3300/0 2 ==== config(25 keys) v1 ==== 1010+0+0 (secure 0 0 0) 0x7f39fc00dbd0 con 0x7f3a000fd2a0
2023-11-17T05:25:19.555 INFO:teuthology.orchestra.run.smithi003.stderr:/usr/bin/ceph:
2023-11-17T05:25:19.543+0000 7f3a048d0700 1 -- 172.21.15.3:0/185554992 <== mon.0 v2:172.21.15.3:3300/0 3 ==== mon_map magic: 0 v1 ==== 229+0+0 (secure 0 0 0) 0x7f39fc011c00 con 0x7f3a000fd2a0
2023-11-17T05:25:19.555 INFO:teuthology.orchestra.run.smithi003.stderr:/usr/bin/ceph:
