2023-11-17T05:25:22.543 INFO:teuthology.orchestra.run.smithi003.stderr:/usr/bin/ceph:
2023-11-17T05:25:22.540+0000 7f014a465700 1 --2- >> [v2:172.21.15.3:3300/0,v1:172.21.15.3:6789/0] conn(0x7f014406fc50 0x7f014410cbd0 unknown :-1 s=BANNER_CONNECTING pgs=0 cs=0 l=1 rev1=0 rx=0 tx=0)._handle_peer_banner_payload supported=1 required=0
2023-11-17T05:25:22.543 INFO:teuthology.orchestra.run.smithi003.stderr:/usr/bin/ceph:
2023-11-17T05:25:22.540+0000 7f014a465700 1 --2- >> [v2:172.21.15.3:3300/0,v1:172.21.15.3:6789/0] conn(0x7f014406fc50 0x7f014410cbd0 unknown :-1 s=HELLO_CONNECTING pgs=0 cs=0 l=1 rev1=1 rx=0 tx=0).handle_hello peer v2:172.21.15.3:3300/0 says I am v2:172.21.15.3:55452/0 (socket says 172.21.15.3:55452)
2023-11-17T05:25:22.543 INFO:teuthology.orchestra.run.smithi003.stderr:/usr/bin/ceph:
2023-11-17T05:25:22.540+0000 7f014a465700 1 -- 172.21.15.3:0/197701154 learned_addr learned my addr 172.21.15.3:0/197701154 (peer_addr_for_me v2:172.21.15.3:0/0)
2023-11-17T05:25:22.543 INFO:teuthology.orchestra.run.smithi003.stderr:/usr/bin/ceph:
2023-11-17T05:25:22.540+0000 7f014a465700 1 -- 172.21.15.3:0/197701154 --> [v2:172.21.15.3:3300/0,v1:172.21.15.3:6789/0] -- mon_subscribe({config=0+,monmap=0+}) v3 -- 0x7f014000b200 con 0x7f014406fc50
2023-11-17T05:25:22.543 INFO:teuthology.orchestra.run.smithi003.stderr:/usr/bin/ceph:
2023-11-17T05:25:22.540+0000 7f014a465700 1 --2- 172.21.15.3:0/197701154 >> [v2:172.21.15.3:3300/0,v1:172.21.15.3:6789/0] conn(0x7f014406fc50 0x7f014410cbd0 secure :-1 s=READY pgs=73 cs=0 l=1 rev1=1 rx=0x7f014000b1d0 tx=0x7f0140006ee0).ready entity=mon.0 client_cookie=0 server_cookie=0 in_seq=0 out_seq=0
2023-11-17T05:25:22.543 INFO:teuthology.orchestra.run.smithi003.stderr:/usr/bin/ceph:
2023-11-17T05:25:22.541+0000 7f0132ffd700 1 -- 172.21.15.3:0/197701154 <== mon.0 v2:172.21.15.3:3300/0 1 ==== mon_map magic: 0 v1 ==== 229+0+0 (secure 0 0 0) 0x7f0140011690 con 0x7f014406fc50
2023-11-17T05:25:22.545 INFO:teuthology.orchestra.run.smithi003.stderr:/usr/bin/ceph:
2023-11-17T05:25:22.541+0000 7f0132ffd700 1 -- 172.21.15.3:0/197701154 <== mon.0 v2:172.21.15.3:3300/0 2 ==== config(25 keys) v1 ==== 1010+0+0 (secure 0 0 0) 0x7f014001b880 con 0x7f014406fc50
2023-11-17T05:25:22.545 INFO:teuthology.orchestra.run.smithi003.stderr:/usr/bin/ceph:
2023-11-17T05:25:22.541+0000 7f014c6c9700 1 -- 172.21.15.3:0/197701154 --> [v2:172.21.15.3:3300/0,v1:172.21.15.3:6789/0] -- mon_subscribe({mgrmap=0+}) v3 -- 0x7f014410d2c0 con 0x7f014406fc50
2023-11-17T05:25:22.545 INFO:teuthology.orchestra.run.smithi003.stderr:/usr/bin/ceph:
2023-11-17T05:25:22.541+0000 7f0132ffd700 1 -- 172.21.15.3:0/197701154 <== mon.0 v2:172.21.15.3:3300/0 3 ==== mon_map magic: 0 v1 ==== 229+0+0 (secure 0 0 0) 0x7f014001a650 con 0x7f014406fc50
2023-11-17T05:25:22.545 INFO:teuthology.orchestra.run.smithi003.stderr:/usr/bin/ceph:
2023-11-17T05:25:22.541+0000 7f014c6c9700 1 -- 172.21.15.3:0/197701154 --> [v2:172.21.15.3:3300/0,v1:172.21.15.3:6789/0] -- mon_subscribe({osdmap=0}) v3 -- 0x7f014410d6d0 con 0x7f014406fc50
2023-11-17T05:25:22.545 INFO:teuthology.orchestra.run.smithi003.stderr:/usr/bin/ceph:
2023-11-17T05:25:22.542+0000 7f0132ffd700 1 -- 172.21.15.3:0/197701154 <== mon.0 v2:172.21.15.3:3300/0 4 ==== mgrmap(e 13) v1 ==== 36208+0+0 (secure 0 0 0) 0x7f014000f070 con 0x7f014406fc50
2023-11-17T05:25:22.545 INFO:teuthology.orchestra.run.smithi003.stderr:/usr/bin/ceph:
2023-11-17T05:25:22.542+0000 7f0132ffd700 1 --2- 172.21.15.3:0/197701154 >> [v2:172.21.15.3:6800/2830354403,v1:172.21.15.3:6801/2830354403] conn(0x7f012c02ff00 0x7f012c0323c0 unknown :-1 s=NONE pgs=0 cs=0 l=1 rev1=0 rx=0 tx=0).connect
2023-11-17T05:25:22.545 INFO:teuthology.orchestra.run.smithi003.stderr:/usr/bin/ceph:
2023-11-17T05:25:22.542+0000 7f0132ffd700 1 -- 172.21.15.3:0/197701154 <== mon.0 v2:172.21.15.3:3300/0 5 ==== osd_map(3..3 src has 1..3) v4 ==== 1098+0+0 (secure 0 0 0) 0x7f0140041170 con 0x7f014406fc50
2023-11-17T05:25:22.545 INFO:teuthology.orchestra.run.smithi003.stderr:/usr/bin/ceph:
2023-11-17T05:25:22.542+0000 7f0149c64700 1 -- 172.21.15.3:0/197701154 >> [v2:172.21.15.3:6800/2830354403,v1:172.21.15.3:6801/2830354403] conn(0x7f012c02ff00 msgr2=0x7f012c0323c0 unknown :-1 s=STATE_CONNECTING_RE l=1).process reconnect failed to v2:172.21.15.3:6800/2830354403
2023-11-17T05:25:22.545 INFO:teuthology.orchestra.run.smithi003.stderr:/usr/bin/ceph:
2023-11-17T05:25:22.542+0000 7f0149c64700 1 --2- 172.21.15.3:0/197701154 >> [v2:172.21.15.3:6800/2830354403,v1:172.21.15.3:6801/2830354403] conn(0x7f012c02ff00 0x7f012c0323c0 unknown :-1 s=START_CONNECT pgs=0 cs=0 l=1 rev1=0 rx=0 tx=0)._fault waiting 0.200000
2023-11-17T05:25:22.545 INFO:teuthology.orchestra.run.smithi003.stderr:/usr/bin/ceph:
2023-11-17T05:25:22.542+0000 7f014c6c9700 1 -- 172.21.15.3:0/197701154 --> [v2:172.21.15.3:3300/0,v1:172.21.15.3:6789/0] -- mon_command({"prefix": "get_command_descriptions"} v 0) v1 -- 0x7f0144059100 con 0x7f014406fc50
2023-11-17T05:25:22.548 INFO:teuthology.orchestra.run.smithi003.stderr:/usr/bin/ceph:
2023-11-17T05:25:22.547+0000 7f0132ffd700 1 -- 172.21.15.3:0/197701154 <== mon.0 v2:172.21.15.3:3300/0 6 ==== mon_command_ack([{"prefix": "get_command_descriptions"}]=0 v0) v1 ==== 72+0+152212 (secure 0 0 0) 0x7f0140016070 con 0x7f014406fc50
2023-11-17T05:25:22.744 INFO:teuthology.orchestra.run.smithi003.stderr:/usr/bin/ceph:
2023-11-17T05:25:22.743+0000 7f0149c64700 1 -- 172.21.15.3:0/197701154 >> [v2:172.21.15.3:6800/2830354403,v1:172.21.15.3:6801/2830354403] conn(0x7f012c02ff00 msgr2=0x7f012c0323c0 unknown :-1 s=STATE_CONNECTING_RE l=1).process reconnect failed to v2:172.21.15.3:6800/2830354403
2023-11-17T05:25:22.745 INFO:teuthology.orchestra.run.smithi003.stderr:/usr/bin/ceph:
2023-11-17T05:25:22.743+0000 7f0149c64700 1 --2- 172.21.15.3:0/197701154 >> [v2:172.21.15.3:6800/2830354403,v1:172.21.15.3:6801/2830354403] conn(0x7f012c02ff00 0x7f012c0323c0 unknown :-1 s=START_CONNECT pgs=0 cs=0 l=1 rev1=0 rx=0 tx=0)._fault waiting 0.400000
2023-11-17T05:25:22.802 INFO:teuthology.orchestra.run.smithi003.stderr:/usr/bin/ceph:
2023-11-17T05:25:22.800+0000 7f014c6c9700 1 -- 172.21.15.3:0/197701154 --> [v2:172.21.15.3:3300/0,v1:172.21.15.3:6789/0] -- mon_command({"prefix": "mgr stat"} v 0) v1 -- 0x7f0144106af0 con 0x7f014406fc50
2023-11-17T05:25:22.803 INFO:teuthology.orchestra.run.smithi003.stderr:/usr/bin/ceph:
2023-11-17T05:25:22.801+0000 7f0132ffd700 1 -- 172.21.15.3:0/197701154 <== mon.0 v2:172.21.15.3:3300/0 7 ==== mon_command_ack([{"prefix": "mgr stat"}]=0 v13) v1 ==== 56+0+104 (secure 0 0 0) 0x7f01400224f0 con 0x7f014406fc50
2023-11-17T05:25:22.803 INFO:teuthology.orchestra.run.smithi003.stderr:/usr/bin/ceph: {
2023-11-17T05:25:22.803 INFO:teuthology.orchestra.run.smithi003.stderr:/usr/bin/ceph: "epoch": 13,
2023-11-17T05:25:22.803 INFO:teuthology.orchestra.run.smithi003.stderr:/usr/bin/ceph: "available": true,
2023-11-17T05:25:22.803 INFO:teuthology.orchestra.run.smithi003.stderr:/usr/bin/ceph: "active_name": "smithi003.eddcuc",
2023-11-17T05:25:22.804 INFO:teuthology.orchestra.run.smithi003.stderr:/usr/bin/ceph: "num_standby": 0
2023-11-17T05:25:22.804 INFO:teuthology.orchestra.run.smithi003.stderr:/usr/bin/ceph: }
2023-11-17T05:25:22.805 INFO:teuthology.orchestra.run.smithi003.stderr:/usr/bin/ceph:
2023-11-17T05:25:22.802+0000 7f014c6c9700 1 -- 172.21.15.3:0/197701154 >> [v2:172.21.15.3:6800/2830354403,v1:172.21.15.3:6801/2830354403] conn(0x7f012c02ff00 msgr2=0x7f012c0323c0 unknown :-1 s=STATE_CONNECTING l=1).mark_down
2023-11-17T05:25:22.805 INFO:teuthology.orchestra.run.smithi003.stderr:/usr/bin/ceph:
2023-11-17T05:25:22.802+0000 7f014c6c9700 1 --2- 172.21.15.3:0/197701154 >> [v2:172.21.15.3:6800/2830354403,v1:172.21.15.3:6801/2830354403] conn(0x7f012c02ff00 0x7f012c0323c0 unknown :-1 s=START_CONNECT pgs=0 cs=0 l=1 rev1=0 rx=0 tx=0).stop
2023-11-17T05:25:22.805 INFO:teuthology.orchestra.run.smithi003.stderr:/usr/bin/ceph:
2023-11-17T05:25:22.802+0000 7f014c6c9700 1 -- 172.21.15.3:0/197701154 >> [v2:172.21.15.3:3300/0,v1:172.21.15.3:6789/0] conn(0x7f014406fc50 msgr2=0x7f014410cbd0 secure :-1 s=STATE_CONNECTION_ESTABLISHED l=1).mark_down
2023-11-17T05:25:22.805 INFO:teuthology.orchestra.run.smithi003.stderr:/usr/bin/ceph:
2023-11-17T05:25:22.802+0000 7f014c6c9700 1 --2- 172.21.15.3:0/197701154 >> [v2:172.21.15.3:3300/0,v1:172.21.15.3:6789/0] conn(0x7f014406fc50 0x7f014410cbd0 secure :-1 s=READY pgs=73 cs=0 l=1 rev1=1 rx=0x7f014000b1d0 tx=0x7f0140006ee0).stop
2023-11-17T05:25:22.805 INFO:teuthology.orchestra.run.smithi003.stderr:/usr/bin/ceph:
2023-11-17T05:25:22.803+0000 7f014c6c9700 1 -- 172.21.15.3:0/197701154 shutdown_connections
2023-11-17T05:25:22.805 INFO:teuthology.orchestra.run.smithi003.stderr:/usr/bin/ceph:
2023-11-17T05:25:22.803+0000 7f014c6c9700 1 --2- 172.21.15.3:0/197701154 >> [v2:172.21.15.3:6800/2830354403,v1:172.21.15.3:6801/2830354403] conn(0x7f012c02ff00 0x7f012c0323c0 unknown :-1 s=CLOSED pgs=0 cs=0 l=1 rev1=0 rx=0 tx=0).stop
2023-11-17T05:25:22.805 INFO:teuthology.orchestra.run.smithi003.stderr:/usr/bin/ceph:
2023-11-17T05:25:22.803+0000 7f014c6c9700 1 --2- 172.21.15.3:0/197701154 >> [v2:172.21.15.3:3300/0,v1:172.21.15.3:6789/0] conn(0x7f014406fc50 0x7f014410cbd0 unknown :-1 s=CLOSED pgs=73 cs=0 l=1 rev1=1 rx=0 tx=0).stop
2023-11-17T05:25:22.806 INFO:teuthology.orchestra.run.smithi003.stderr:/usr/bin/ceph:
2023-11-17T05:25:22.803+0000 7f014c6c9700 1 -- 172.21.15.3:0/197701154 >> 172.21.15.3:0/197701154 conn(0x7f01440f6280 msgr2=0x7f01440f7e30 unknown :-1 s=STATE_NONE l=0).mark_down
2023-11-17T05:25:22.806 INFO:teuthology.orchestra.run.smithi003.stderr:/usr/bin/ceph:
2023-11-17T05:25:22.803+0000 7f014c6c9700 1 -- 172.21.15.3:0/197701154 shutdown_connections
2023-11-17T05:25:22.806 INFO:teuthology.orchestra.run.smithi003.stderr:/usr/bin/ceph:
2023-11-17T05:25:22.803+0000 7f014c6c9700 1 -- 172.21.15.3:0/197701154 wait complete.
2023-11-17T05:25:22.961 INFO:journalctl@ceph.mon.smithi003.smithi003.stdout:Nov 17 05:25:22 smithi003 ceph-851feb1e-8509-11ee-8dbe-212e2dc638e7-mon.smithi003[111810]: audit
2023-11-17T05:25:21.636195+0000 mon.smithi003 (mon.0) 86 : audit [INF] from='client.? 172.21.15.3:0/1125902663' entity='client.admin' cmd='[{"prefix": "mgr module enable", "module": "dashboard"}]': finished
2023-11-17T05:25:23.021 INFO:journalctl@ceph.mon.smithi003.smithi003.stdout:Nov 17 05:25:22 smithi003 ceph-851feb1e-8509-11ee-8dbe-212e2dc638e7-mon.smithi003[111810]: cluster
2023-11-17T05:25:21.636256+0000 mon.smithi003 (mon.0) 87 : cluster [DBG] mgrmap e13: smithi003.eddcuc(active, since 6s)
2023-11-17T05:25:23.284 INFO:teuthology.orchestra.run.smithi003.stderr:Waiting for the mgr to restart...
2023-11-17T05:25:23.285 INFO:teuthology.orchestra.run.smithi003.stderr:Waiting for mgr epoch 13...
2023-11-17T05:25:23.285 INFO:teuthology.orchestra.run.smithi003.stderr:Running command: /bin/podman run --rm --ipc=host --no-hosts --net=host --entrypoint /usr/bin/ceph --init -e CONTAINER_IMAGE=docker.io/ceph/ceph:v16.2.4 -e NODE_NAME=smithi003 -e CEPH_USE_RANDOM_NONCE=1 -v /var/log/ceph/851feb1e-8509-11ee-8dbe-212e2dc638e7:/var/log/ceph:z -v /tmp/ceph-tmptcuja8tf:/etc/ceph/ceph.client.admin.keyring:z -v /tmp/ceph-tmpk7o1jie2:/etc/ceph/ceph.conf:z docker.io/ceph/ceph:v16.2.4 tell mgr mgr_status
2023-11-17T05:25:23.684 INFO:teuthology.orchestra.run.smithi003.stderr:/usr/bin/ceph:
2023-11-17T05:25:23.682+0000 7fcf9becf700 1 Processor -- start
2023-11-17T05:25:23.696 INFO:teuthology.orchestra.run.smithi003.stderr:/usr/bin/ceph:
2023-11-17T05:25:23.682+0000 7fcf9becf700 1 -- start start
2023-11-17T05:25:23.696 INFO:teuthology.orchestra.run.smithi003.stderr:/usr/bin/ceph:
2023-11-17T05:25:23.682+0000 7fcf9becf700 1 --2- >> [v2:172.21.15.3:3300/0,v1:172.21.15.3:6789/0] conn(0x7fcf9406fc70 0x7fcf94100c00 unknown :-1 s=NONE pgs=0 cs=0 l=0 rev1=0 rx=0 tx=0).connect
2023-11-17T05:25:23.696 INFO:teuthology.orchestra.run.smithi003.stderr:/usr/bin/ceph:
2023-11-17T05:25:23.682+0000 7fcf9becf700 1 -- --> [v2:172.21.15.3:3300/0,v1:172.21.15.3:6789/0] -- mon_getmap magic: 0 v1 -- 0x7fcf940fc680 con 0x7fcf9406fc70
2023-11-17T05:25:23.696 INFO:teuthology.orchestra.run.smithi003.stderr:/usr/bin/ceph:
2023-11-17T05:25:23.683+0000 7fcf99c6b700 1 --2- >> [v2:172.21.15.3:3300/0,v1:172.21.15.3:6789/0] conn(0x7fcf9406fc70 0x7fcf94100c00 unknown :-1 s=BANNER_CONNECTING pgs=0 cs=0 l=0 rev1=0 rx=0 tx=0)._handle_peer_banner_payload supported=1 required=0
2023-11-17T05:25:23.696 INFO:teuthology.orchestra.run.smithi003.stderr:/usr/bin/ceph:
2023-11-17T05:25:23.683+0000 7fcf99c6b700 1 --2- >> [v2:172.21.15.3:3300/0,v1:172.21.15.3:6789/0] conn(0x7fcf9406fc70 0x7fcf94100c00 unknown :-1 s=HELLO_CONNECTING pgs=0 cs=0 l=0 rev1=1 rx=0 tx=0).handle_hello peer v2:172.21.15.3:3300/0 says I am v2:172.21.15.3:55466/0 (socket says 172.21.15.3:55466)
2023-11-17T05:25:23.697 INFO:teuthology.orchestra.run.smithi003.stderr:/usr/bin/ceph:
2023-11-17T05:25:23.683+0000 7fcf99c6b700 1 -- 172.21.15.3:0/1804748318 learned_addr learned my addr 172.21.15.3:0/1804748318 (peer_addr_for_me v2:172.21.15.3:0/0)
2023-11-17T05:25:23.697 INFO:teuthology.orchestra.run.smithi003.stderr:/usr/bin/ceph:
2023-11-17T05:25:23.683+0000 7fcf99c6b700 1 -- 172.21.15.3:0/1804748318 --> [v2:172.21.15.3:3300/0,v1:172.21.15.3:6789/0] -- mon_subscribe({config=0+,monmap=0+}) v3 -- 0x7fcf941010f0 con 0x7fcf9406fc70
2023-11-17T05:25:23.697 INFO:teuthology.orchestra.run.smithi003.stderr:/usr/bin/ceph:
2023-11-17T05:25:23.683+0000 7fcf99c6b700 1 --2- 172.21.15.3:0/1804748318 >> [v2:172.21.15.3:3300/0,v1:172.21.15.3:6789/0] conn(0x7fcf9406fc70 0x7fcf94100c00 secure :-1 s=READY pgs=74 cs=0 l=1 rev1=1 rx=0x7fcf9000b5f0 tx=0x7fcf90006ee0).ready entity=mon.0 client_cookie=7b4647e1191af261 server_cookie=0 in_seq=0 out_seq=0
2023-11-17T05:25:23.697 INFO:teuthology.orchestra.run.smithi003.stderr:/usr/bin/ceph:
2023-11-17T05:25:23.683+0000 7fcf98c69700 1 -- 172.21.15.3:0/1804748318 <== mon.0 v2:172.21.15.3:3300/0 1 ==== mon_map magic: 0 v1 ==== 229+0+0 (secure 0 0 0) 0x7fcf9000d600 con 0x7fcf9406fc70
2023-11-17T05:25:23.697 INFO:teuthology.orchestra.run.smithi003.stderr:/usr/bin/ceph:
2023-11-17T05:25:23.683+0000 7fcf98c69700 1 -- 172.21.15.3:0/1804748318 <== mon.0 v2:172.21.15.3:3300/0 2 ==== config(25 keys) v1 ==== 1010+0+0 (secure 0 0 0) 0x7fcf9000dbd0 con 0x7fcf9406fc70
2023-11-17T05:25:23.697 INFO:teuthology.orchestra.run.smithi003.stderr:/usr/bin/ceph:
2023-11-17T05:25:23.683+0000 7fcf98c69700 1 -- 172.21.15.3:0/1804748318 <== mon.0 v2:172.21.15.3:3300/0 3 ==== mon_map magic: 0 v1 ==== 229+0+0 (secure 0 0 0) 0x7fcf90011c00 con 0x7fcf9406fc70
2023-11-17T05:25:23.697 INFO:teuthology.orchestra.run.smithi003.stderr:/usr/bin/ceph:
2023-11-17T05:25:23.684+0000 7fcf9becf700 1 -- 172.21.15.3:0/1804748318 >> [v2:172.21.15.3:3300/0,v1:172.21.15.3:6789/0] conn(0x7fcf9406fc70 msgr2=0x7fcf94100c00 secure :-1 s=STATE_CONNECTION_ESTABLISHED l=1).mark_down
2023-11-17T05:25:23.697 INFO:teuthology.orchestra.run.smithi003.stderr:/usr/bin/ceph:
2023-11-17T05:25:23.684+0000 7fcf9becf700 1 --2- 172.21.15.3:0/1804748318 >> [v2:172.21.15.3:3300/0,v1:172.21.15.3:6789/0] conn(0x7fcf9406fc70 0x7fcf94100c00 secure :-1 s=READY pgs=74 cs=0 l=1 rev1=1 rx=0x7fcf9000b5f0 tx=0x7fcf90006ee0).stop
2023-11-17T05:25:23.697 INFO:teuthology.orchestra.run.smithi003.stderr:/usr/bin/ceph:
2023-11-17T05:25:23.684+0000 7fcf9becf700 1 -- 172.21.15.3:0/1804748318 shutdown_connections
2023-11-17T05:25:23.697 INFO:teuthology.orchestra.run.smithi003.stderr:/usr/bin/ceph:
2023-11-17T05:25:23.684+0000 7fcf9becf700 1 --2- 172.21.15.3:0/1804748318 >> [v2:172.21.15.3:3300/0,v1:172.21.15.3:6789/0] conn(0x7fcf9406fc70 0x7fcf94100c00 unknown :-1 s=CLOSED pgs=74 cs=0 l=1 rev1=1 rx=0 tx=0).stop
2023-11-17T05:25:23.697 INFO:teuthology.orchestra.run.smithi003.stderr:/usr/bin/ceph:
2023-11-17T05:25:23.684+0000 7fcf9becf700 1 -- 172.21.15.3:0/1804748318 >> 172.21.15.3:0/1804748318 conn(0x7fcf940f6280 msgr2=0x7fcf940f86a0 unknown :-1 s=STATE_NONE l=0).mark_down
2023-11-17T05:25:23.697 INFO:teuthology.orchestra.run.smithi003.stderr:/usr/bin/ceph:
2023-11-17T05:25:23.684+0000 7fcf9becf700 1 -- 172.21.15.3:0/1804748318 shutdown_connections
2023-11-17T05:25:23.697 INFO:teuthology.orchestra.run.smithi003.stderr:/usr/bin/ceph:
2023-11-17T05:25:23.684+0000 7fcf9becf700 1 -- 172.21.15.3:0/1804748318 wait complete.
2023-11-17T05:25:23.698 INFO:teuthology.orchestra.run.smithi003.stderr:/usr/bin/ceph:
2023-11-17T05:25:23.685+0000 7fcf9becf700 1 Processor -- start
2023-11-17T05:25:23.698 INFO:teuthology.orchestra.run.smithi003.stderr:/usr/bin/ceph:
2023-11-17T05:25:23.685+0000 7fcf9becf700 1 -- start start
2023-11-17T05:25:23.698 INFO:teuthology.orchestra.run.smithi003.stderr:/usr/bin/ceph:
2023-11-17T05:25:23.685+0000 7fcf9becf700 1 --2- >> [v2:172.21.15.3:3300/0,v1:172.21.15.3:6789/0] conn(0x7fcf9406fc70 0x7fcf9410cba0 unknown :-1 s=NONE pgs=0 cs=0 l=1 rev1=0 rx=0 tx=0).connect
2023-11-17T05:25:23.698 INFO:teuthology.orchestra.run.smithi003.stderr:/usr/bin/ceph:
2023-11-17T05:25:23.685+0000 7fcf9becf700 1 -- --> [v2:172.21.15.3:3300/0,v1:172.21.15.3:6789/0] -- mon_getmap magic: 0 v1 -- 0x7fcf9410d090 con 0x7fcf9406fc70
2023-11-17T05:25:23.698 INFO:teuthology.orchestra.run.smithi003.stderr:/usr/bin/ceph:
2023-11-17T05:25:23.685+0000 7fcf99c6b700 1 --2- >> [v2:172.21.15.3:3300/0,v1:172.21.15.3:6789/0] conn(0x7fcf9406fc70 0x7fcf9410cba0 unknown :-1 s=BANNER_CONNECTING pgs=0 cs=0 l=1 rev1=0 rx=0 tx=0)._handle_peer_banner_payload supported=1 required=0
2023-11-17T05:25:23.698 INFO:teuthology.orchestra.run.smithi003.stderr:/usr/bin/ceph:
2023-11-17T05:25:23.685+0000 7fcf99c6b700 1 --2- >> [v2:172.21.15.3:3300/0,v1:172.21.15.3:6789/0] conn(0x7fcf9406fc70 0x7fcf9410cba0 unknown :-1 s=HELLO_CONNECTING pgs=0 cs=0 l=1 rev1=1 rx=0 tx=0).handle_hello peer v2:172.21.15.3:3300/0 says I am v2:172.21.15.3:55474/0 (socket says 172.21.15.3:55474)
2023-11-17T05:25:23.698 INFO:teuthology.orchestra.run.smithi003.stderr:/usr/bin/ceph:
2023-11-17T05:25:23.685+0000 7fcf99c6b700 1 -- 172.21.15.3:0/14640177 learned_addr learned my addr 172.21.15.3:0/14640177 (peer_addr_for_me v2:172.21.15.3:0/0)
2023-11-17T05:25:23.698 INFO:teuthology.orchestra.run.smithi003.stderr:/usr/bin/ceph:
2023-11-17T05:25:23.686+0000 7fcf99c6b700 1 -- 172.21.15.3:0/14640177 --> [v2:172.21.15.3:3300/0,v1:172.21.15.3:6789/0] -- mon_subscribe({config=0+,monmap=0+}) v3 -- 0x7fcf9000b200 con 0x7fcf9406fc70
2023-11-17T05:25:23.698 INFO:teuthology.orchestra.run.smithi003.stderr:/usr/bin/ceph:
2023-11-17T05:25:23.686+0000 7fcf99c6b700 1 --2- 172.21.15.3:0/14640177 >> [v2:172.21.15.3:3300/0,v1:172.21.15.3:6789/0] conn(0x7fcf9406fc70 0x7fcf9410cba0 secure :-1 s=READY pgs=75 cs=0 l=1 rev1=1 rx=0x7fcf9000e040 tx=0x7fcf90006ee0).ready entity=mon.0 client_cookie=0 server_cookie=0 in_seq=0 out_seq=0
2023-11-17T05:25:23.698 INFO:teuthology.orchestra.run.smithi003.stderr:/usr/bin/ceph:
2023-11-17T05:25:23.686+0000 7fcf827fc700 1 -- 172.21.15.3:0/14640177 <== mon.0 v2:172.21.15.3:3300/0 1 ==== mon_map magic: 0 v1 ==== 229+0+0 (secure 0 0 0) 0x7fcf9001b410 con 0x7fcf9406fc70
2023-11-17T05:25:23.698 INFO:teuthology.orchestra.run.smithi003.stderr:/usr/bin/ceph:
2023-11-17T05:25:23.686+0000 7fcf827fc700 1 -- 172.21.15.3:0/14640177 <== mon.0 v2:172.21.15.3:3300/0 2 ==== config(25 keys) v1 ==== 1010+0+0 (secure 0 0 0) 0x7fcf9001b9e0 con 0x7fcf9406fc70
2023-11-17T05:25:23.729 INFO:teuthology.orchestra.run.smithi003.stderr:/usr/bin/ceph:
2023-11-17T05:25:23.686+0000 7fcf9becf700 1 -- 172.21.15.3:0/14640177 --> [v2:172.21.15.3:3300/0,v1:172.21.15.3:6789/0] -- mon_subscribe({mgrmap=0+}) v3 -- 0x7fcf9410d290 con 0x7fcf9406fc70
2023-11-17T05:25:23.788 INFO:teuthology.orchestra.run.smithi003.stderr:/usr/bin/ceph:
2023-11-17T05:25:23.686+0000 7fcf827fc700 1 -- 172.21.15.3:0/14640177 <== mon.0 v2:172.21.15.3:3300/0 3 ==== mon_map magic: 0 v1 ==== 229+0+0 (secure 0 0 0) 0x7fcf9001a770 con 0x7fcf9406fc70
2023-11-17T05:25:23.874 INFO:teuthology.orchestra.run.smithi003.stderr:/usr/bin/ceph:
2023-11-17T05:25:23.686+0000 7fcf9becf700 1 -- 172.21.15.3:0/14640177 --> [v2:172.21.15.3:3300/0,v1:172.21.15.3:6789/0] -- mon_subscribe({osdmap=0}) v3 -- 0x7fcf9410d6a0 con 0x7fcf9406fc70
2023-11-17T05:25:23.874 INFO:teuthology.orchestra.run.smithi003.stderr:/usr/bin/ceph:
2023-11-17T05:25:23.687+0000 7fcf827fc700 1 -- 172.21.15.3:0/14640177 <== mon.0 v2:172.21.15.3:3300/0 4 ==== mgrmap(e 13) v1 ==== 36208+0+0 (secure 0 0 0) 0x7fcf9000f070 con 0x7fcf9406fc70
2023-11-17T05:25:23.874 INFO:teuthology.orchestra.run.smithi003.stderr:/usr/bin/ceph:
2023-11-17T05:25:23.687+0000 7fcf827fc700 1 --2- 172.21.15.3:0/14640177 >> [v2:172.21.15.3:6800/2830354403,v1:172.21.15.3:6801/2830354403] conn(0x7fcf7c02feb0 0x7fcf7c032370 unknown :-1 s=NONE pgs=0 cs=0 l=1 rev1=0 rx=0 tx=0).connect
2023-11-17T05:25:23.874 INFO:teuthology.orchestra.run.smithi003.stderr:/usr/bin/ceph:
2023-11-17T05:25:23.687+0000 7fcf9becf700 1 -- 172.21.15.3:0/14640177 --> [v2:172.21.15.3:6800/2830354403,v1:172.21.15.3:6801/2830354403] -- command(tid 0: {"prefix": "get_command_descriptions"}) v1 -- 0x7fcf94059100 con 0x7fcf7c02feb0
2023-11-17T05:25:23.874 INFO:teuthology.orchestra.run.smithi003.stderr:/usr/bin/ceph:
2023-11-17T05:25:23.687+0000 7fcf827fc700 1 -- 172.21.15.3:0/14640177 <== mon.0 v2:172.21.15.3:3300/0 5 ==== osd_map(3..3 src has 1..3) v4 ==== 1098+0+0 (secure 0 0 0) 0x7fcf90041200 con 0x7fcf9406fc70
2023-11-17T05:25:23.874 INFO:teuthology.orchestra.run.smithi003.stderr:/usr/bin/ceph:
2023-11-17T05:25:23.687+0000 7fcf9946a700 1 -- 172.21.15.3:0/14640177 >> [v2:172.21.15.3:6800/2830354403,v1:172.21.15.3:6801/2830354403] conn(0x7fcf7c02feb0 msgr2=0x7fcf7c032370 unknown :-1 s=STATE_CONNECTING_RE l=1).process reconnect failed to v2:172.21.15.3:6800/2830354403
2023-11-17T05:25:23.874 INFO:teuthology.orchestra.run.smithi003.stderr:/usr/bin/ceph:
2023-11-17T05:25:23.687+0000 7fcf9946a700 1 --2- 172.21.15.3:0/14640177 >> [v2:172.21.15.3:6800/2830354403,v1:172.21.15.3:6801/2830354403] conn(0x7fcf7c02feb0 0x7fcf7c032370 unknown :-1 s=START_CONNECT pgs=0 cs=0 l=1 rev1=0 rx=0 tx=0)._fault waiting 0.200000
2023-11-17T05:25:23.889 INFO:teuthology.orchestra.run.smithi003.stderr:/usr/bin/ceph:
2023-11-17T05:25:23.888+0000 7fcf9946a700 1 -- 172.21.15.3:0/14640177 >> [v2:172.21.15.3:6800/2830354403,v1:172.21.15.3:6801/2830354403] conn(0x7fcf7c02feb0 msgr2=0x7fcf7c032370 unknown :-1 s=STATE_CONNECTING_RE l=1).process reconnect failed to v2:172.21.15.3:6800/2830354403
2023-11-17T05:25:23.889 INFO:teuthology.orchestra.run.smithi003.stderr:/usr/bin/ceph:
2023-11-17T05:25:23.888+0000 7fcf9946a700 1 --2- 172.21.15.3:0/14640177 >> [v2:172.21.15.3:6800/2830354403,v1:172.21.15.3:6801/2830354403] conn(0x7fcf7c02feb0 0x7fcf7c032370 unknown :-1 s=START_CONNECT pgs=0 cs=0 l=1 rev1=0 rx=0 tx=0)._fault waiting 0.400000
2023-11-17T05:25:24.020 INFO:journalctl@ceph.mon.smithi003.smithi003.stdout:Nov 17 05:25:23 smithi003 ceph-851feb1e-8509-11ee-8dbe-212e2dc638e7-mon.smithi003[111810]: audit
2023-11-17T05:25:22.802510+0000 mon.smithi003 (mon.0) 88 : audit [DBG] from='client.? 172.21.15.3:0/197701154' entity='client.admin' cmd=[{"prefix": "mgr stat"}]: dispatch
2023-11-17T05:25:24.290 INFO:teuthology.orchestra.run.smithi003.stderr:/usr/bin/ceph:
2023-11-17T05:25:24.289+0000 7fcf9946a700 1 -- 172.21.15.3:0/14640177 >> [v2:172.21.15.3:6800/2830354403,v1:172.21.15.3:6801/2830354403] conn(0x7fcf7c02feb0 msgr2=0x7fcf7c032370 unknown :-1 s=STATE_CONNECTING_RE l=1).process reconnect failed to v2:172.21.15.3:6800/2830354403
2023-11-17T05:25:24.291 INFO:teuthology.orchestra.run.smithi003.stderr:/usr/bin/ceph:
2023-11-17T05:25:24.289+0000 7fcf9946a700 1 --2- 172.21.15.3:0/14640177 >> [v2:172.21.15.3:6800/2830354403,v1:172.21.15.3:6801/2830354403] conn(0x7fcf7c02feb0 0x7fcf7c032370 unknown :-1 s=START_CONNECT pgs=0 cs=0 l=1 rev1=0 rx=0 tx=0)._fault waiting 0.800000
2023-11-17T05:25:25.091 INFO:teuthology.orchestra.run.smithi003.stderr:/usr/bin/ceph:
2023-11-17T05:25:25.090+0000 7fcf9946a700 1 -- 172.21.15.3:0/14640177 >> [v2:172.21.15.3:6800/2830354403,v1:172.21.15.3:6801/2830354403] conn(0x7fcf7c02feb0 msgr2=0x7fcf7c032370 unknown :-1 s=STATE_CONNECTING_RE l=1).process reconnect failed to v2:172.21.15.3:6800/2830354403
2023-11-17T05:25:25.091 INFO:teuthology.orchestra.run.smithi003.stderr:/usr/bin/ceph:
2023-11-17T05:25:25.090+0000 7fcf9946a700 1 --2- 172.21.15.3:0/14640177 >> [v2:172.21.15.3:6800/2830354403,v1:172.21.15.3:6801/2830354403] conn(0x7fcf7c02feb0 0x7fcf7c032370 unknown :-1 s=START_CONNECT pgs=0 cs=0 l=1 rev1=0 rx=0 tx=0)._fault waiting 1.600000
2023-11-17T05:25:26.693 INFO:teuthology.orchestra.run.smithi003.stderr:/usr/bin/ceph:
2023-11-17T05:25:26.691+0000 7fcf9946a700 1 -- 172.21.15.3:0/14640177 >> [v2:172.21.15.3:6800/2830354403,v1:172.21.15.3:6801/2830354403] conn(0x7fcf7c02feb0 msgr2=0x7fcf7c032370 unknown :-1 s=STATE_CONNECTING_RE l=1).process reconnect failed to v2:172.21.15.3:6800/2830354403
2023-11-17T05:25:26.693 INFO:teuthology.orchestra.run.smithi003.stderr:/usr/bin/ceph:
2023-11-17T05:25:26.691+0000 7fcf9946a700 1 --2- 172.21.15.3:0/14640177 >> [v2:172.21.15.3:6800/2830354403,v1:172.21.15.3:6801/2830354403] conn(0x7fcf7c02feb0 0x7fcf7c032370 unknown :-1 s=START_CONNECT pgs=0 cs=0 l=1 rev1=0 rx=0 tx=0)._fault waiting 3.200000
2023-11-17T05:25:27.386 INFO:teuthology.orchestra.run.smithi003.stderr:/usr/bin/ceph:
2023-11-17T05:25:27.384+0000 7fcf827fc700 1 -- 172.21.15.3:0/14640177 <== mon.0 v2:172.21.15.3:3300/0 6 ==== mgrmap(e 14) v1 ==== 35997+0+0 (secure 0 0 0) 0x7fcf90024790 con 0x7fcf9406fc70
2023-11-17T05:25:27.386 INFO:teuthology.orchestra.run.smithi003.stderr:/usr/bin/ceph:
2023-11-17T05:25:27.384+0000 7fcf827fc700 1 -- 172.21.15.3:0/14640177 >> [v2:172.21.15.3:6800/2830354403,v1:172.21.15.3:6801/2830354403] conn(0x7fcf7c02feb0 msgr2=0x7fcf7c032370 unknown :-1 s=STATE_CONNECTING l=1).mark_down
2023-11-17T05:25:27.386 INFO:teuthology.orchestra.run.smithi003.stderr:/usr/bin/ceph:
2023-11-17T05:25:27.384+0000 7fcf827fc700 1 --2- 172.21.15.3:0/14640177 >> [v2:172.21.15.3:6800/2830354403,v1:172.21.15.3:6801/2830354403] conn(0x7fcf7c02feb0 0x7fcf7c032370 unknown :-1 s=START_CONNECT pgs=0 cs=0 l=1 rev1=0 rx=0 tx=0).stop
2023-11-17T05:25:27.650 INFO:journalctl@ceph.mon.smithi003.smithi003.stdout:Nov 17 05:25:27 smithi003 ceph-851feb1e-8509-11ee-8dbe-212e2dc638e7-mon.smithi003[111810]: cluster
2023-11-17T05:25:27.333287+0000 mon.smithi003 (mon.0) 89 : cluster [INF] Active manager daemon smithi003.eddcuc restarted
2023-11-17T05:25:27.650 INFO:journalctl@ceph.mon.smithi003.smithi003.stdout:Nov 17 05:25:27 smithi003 ceph-851feb1e-8509-11ee-8dbe-212e2dc638e7-mon.smithi003[111810]: cluster
2023-11-17T05:25:27.333733+0000 mon.smithi003 (mon.0) 90 : cluster [INF] Activating manager daemon smithi003.eddcuc
2023-11-17T05:25:27.651 INFO:journalctl@ceph.mon.smithi003.smithi003.stdout:Nov 17 05:25:27 smithi003 ceph-851feb1e-8509-11ee-8dbe-212e2dc638e7-mon.smithi003[111810]: cluster
2023-11-17T05:25:27.335661+0000 mon.smithi003 (mon.0) 91 : cluster [DBG] osdmap e4: 0 total, 0 up, 0 in
2023-11-17T05:25:28.395 INFO:teuthology.orchestra.run.smithi003.stderr:/usr/bin/ceph:
2023-11-17T05:25:28.391+0000 7fcf827fc700 1 -- 172.21.15.3:0/14640177 <== mon.0 v2:172.21.15.3:3300/0 7 ==== mgrmap(e 15) v1 ==== 36067+0+0 (secure 0 0 0) 0x7fcf90019300 con 0x7fcf9406fc70
2023-11-17T05:25:28.396 INFO:teuthology.orchestra.run.smithi003.stderr:/usr/bin/ceph:
2023-11-17T05:25:28.392+0000 7fcf827fc700 1 --2- 172.21.15.3:0/14640177 >> [v2:172.21.15.3:6800/17534166,v1:172.21.15.3:6801/17534166] conn(0x7fcf7c033990 0x7fcf7c035d80 unknown :-1 s=NONE pgs=0 cs=0 l=1 rev1=0 rx=0 tx=0).connect
2023-11-17T05:25:28.396 INFO:teuthology.orchestra.run.smithi003.stderr:/usr/bin/ceph:
2023-11-17T05:25:28.392+0000 7fcf827fc700 1 -- 172.21.15.3:0/14640177 --> [v2:172.21.15.3:6800/17534166,v1:172.21.15.3:6801/17534166] -- command(tid 0: {"prefix": "get_command_descriptions"}) v1 -- 0x7fcf94059100 con 0x7fcf7c033990
2023-11-17T05:25:28.396 INFO:teuthology.orchestra.run.smithi003.stderr:/usr/bin/ceph:
2023-11-17T05:25:28.393+0000 7fcf9946a700 1 --2- 172.21.15.3:0/14640177 >> [v2:172.21.15.3:6800/17534166,v1:172.21.15.3:6801/17534166] conn(0x7fcf7c033990 0x7fcf7c035d80 unknown :-1 s=BANNER_CONNECTING pgs=0 cs=0 l=1 rev1=0 rx=0 tx=0)._handle_peer_banner_payload supported=1 required=0
2023-11-17T05:25:28.396 INFO:teuthology.orchestra.run.smithi003.stderr:/usr/bin/ceph:
2023-11-17T05:25:28.394+0000 7fcf9946a700 1 --2- 172.21.15.3:0/14640177 >> [v2:172.21.15.3:6800/17534166,v1:172.21.15.3:6801/17534166] conn(0x7fcf7c033990 0x7fcf7c035d80 secure :-1 s=READY pgs=4 cs=0 l=1 rev1=1 rx=0x7fcf84006fd0 tx=0x7fcf84006cf0).ready entity=mgr.14164 client_cookie=0 server_cookie=0 in_seq=0 out_seq=0
2023-11-17T05:25:28.396 INFO:teuthology.orchestra.run.smithi003.stderr:/usr/bin/ceph:
2023-11-17T05:25:28.394+0000 7fcf827fc700 1 -- 172.21.15.3:0/14640177 <== mgr.14164 v2:172.21.15.3:6800/17534166 1 ==== command_reply(tid 0: 0 ) v1 ==== 8+0+6438 (secure 0 0 0) 0x7fcf94059100 con 0x7fcf7c033990
2023-11-17T05:25:28.410 INFO:teuthology.orchestra.run.smithi003.stderr:/usr/bin/ceph:
2023-11-17T05:25:28.401+0000 7fcf9becf700 1 -- 172.21.15.3:0/14640177 --> [v2:172.21.15.3:6800/17534166,v1:172.21.15.3:6801/17534166] -- command(tid 1: {"prefix": "mgr_status"}) v1 -- 0x7fcf94045ad0 con 0x7fcf7c033990
2023-11-17T05:25:28.411 INFO:teuthology.orchestra.run.smithi003.stderr:/usr/bin/ceph:
2023-11-17T05:25:28.401+0000 7fcf827fc700 1 -- 172.21.15.3:0/14640177 <== mgr.14164 v2:172.21.15.3:6800/17534166 2 ==== command_reply(tid 1: 0 ) v1 ==== 8+0+52 (secure 0 0 0) 0x7fcf94045ad0 con 0x7fcf7c033990
2023-11-17T05:25:28.411 INFO:teuthology.orchestra.run.smithi003.stderr:/usr/bin/ceph: {
2023-11-17T05:25:28.411 INFO:teuthology.orchestra.run.smithi003.stderr:/usr/bin/ceph: "mgrmap_epoch": 15,
2023-11-17T05:25:28.412 INFO:teuthology.orchestra.run.smithi003.stderr:/usr/bin/ceph: "initialized": true
2023-11-17T05:25:28.413 INFO:teuthology.orchestra.run.smithi003.stderr:/usr/bin/ceph: }
2023-11-17T05:25:28.413 INFO:teuthology.orchestra.run.smithi003.stderr:/usr/bin/ceph:
2023-11-17T05:25:28.402+0000 7fcf9becf700 1 -- 172.21.15.3:0/14640177 >> [v2:172.21.15.3:6800/17534166,v1:172.21.15.3:6801/17534166] conn(0x7fcf7c033990 msgr2=0x7fcf7c035d80 secure :-1 s=STATE_CONNECTION_ESTABLISHED l=1).mark_down
2023-11-17T05:25:28.413 INFO:teuthology.orchestra.run.smithi003.stderr:/usr/bin/ceph:
2023-11-17T05:25:28.402+0000 7fcf9becf700 1 --2- 172.21.15.3:0/14640177 >> [v2:172.21.15.3:6800/17534166,v1:172.21.15.3:6801/17534166] conn(0x7fcf7c033990 0x7fcf7c035d80 secure :-1 s=READY pgs=4 cs=0 l=1 rev1=1 rx=0x7fcf84006fd0 tx=0x7fcf84006cf0).stop
2023-11-17T05:25:28.414 INFO:teuthology.orchestra.run.smithi003.stderr:/usr/bin/ceph:
2023-11-17T05:25:28.402+0000 7fcf9becf700 1 -- 172.21.15.3:0/14640177 >> [v2:172.21.15.3:3300/0,v1:172.21.15.3:6789/0] conn(0x7fcf9406fc70 msgr2=0x7fcf9410cba0 secure :-1 s=STATE_CONNECTION_ESTABLISHED l=1).mark_down
2023-11-17T05:25:28.414 INFO:teuthology.orchestra.run.smithi003.stderr:/usr/bin/ceph:
2023-11-17T05:25:28.402+0000 7fcf9becf700 1 --2- 172.21.15.3:0/14640177 >> [v2:172.21.15.3:3300/0,v1:172.21.15.3:6789/0] conn(0x7fcf9406fc70 0x7fcf9410cba0 secure :-1 s=READY pgs=75 cs=0 l=1 rev1=1 rx=0x7fcf9000e040 tx=0x7fcf90006ee0).stop
2023-11-17T05:25:28.415 INFO:teuthology.orchestra.run.smithi003.stderr:/usr/bin/ceph:
2023-11-17T05:25:28.402+0000 7fcf9becf700 1 -- 172.21.15.3:0/14640177 shutdown_connections
2023-11-17T05:25:28.415 INFO:teuthology.orchestra.run.smithi003.stderr:/usr/bin/ceph:
2023-11-17T05:25:28.402+0000 7fcf9becf700 1 --2- 172.21.15.3:0/14640177 >> [v2:172.21.15.3:6800/17534166,v1:172.21.15.3:6801/17534166] conn(0x7fcf7c033990 0x7fcf7c035d80 unknown :-1 s=CLOSED pgs=4 cs=0 l=1 rev1=1 rx=0 tx=0).stop
2023-11-17T05:25:28.415 INFO:teuthology.orchestra.run.smithi003.stderr:/usr/bin/ceph:
2023-11-17T05:25:28.402+0000 7fcf9becf700 1 --2- 172.21.15.3:0/14640177 >> [v2:172.21.15.3:3300/0,v1:172.21.15.3:6789/0] conn(0x7fcf9406fc70 0x7fcf9410cba0 unknown :-1 s=CLOSED pgs=75 cs=0 l=1 rev1=1 rx=0 tx=0).stop
2023-11-17T05:25:28.416 INFO:teuthology.orchestra.run.smithi003.stderr:/usr/bin/ceph:
2023-11-17T05:25:28.402+0000 7fcf9becf700 1 --2- 172.21.15.3:0/14640177 >> [v2:172.21.15.3:6800/2830354403,v1:172.21.15.3:6801/2830354403] conn(0x7fcf7c02feb0 0x7fcf7c032370 unknown :-1 s=CLOSED pgs=0 cs=0 l=1 rev1=0 rx=0 tx=0).stop
2023-11-17T05:25:28.416 INFO:teuthology.orchestra.run.smithi003.stderr:/usr/bin/ceph:
2023-11-17T05:25:28.402+0000 7fcf9becf700 1 -- 172.21.15.3:0/14640177 >> 172.21.15.3:0/14640177 conn(0x7fcf940f6280 msgr2=0x7fcf940f7e30 unknown :-1 s=STATE_NONE l=0).mark_down
2023-11-17T05:25:28.416 INFO:teuthology.orchestra.run.smithi003.stderr:/usr/bin/ceph:
2023-11-17T05:25:28.402+0000 7fcf9becf700 1 -- 172.21.15.3:0/14640177 shutdown_connections
2023-11-17T05:25:28.417 INFO:teuthology.orchestra.run.smithi003.stderr:/usr/bin/ceph:
2023-11-17T05:25:28.402+0000 7fcf9becf700 1 -- 172.21.15.3:0/14640177 wait complete.
2023-11-17T05:25:28.700 INFO:teuthology.orchestra.run.smithi003.stderr:mgr epoch 13 is available
2023-11-17T05:25:28.700 INFO:teuthology.orchestra.run.smithi003.stderr:Generating a dashboard self-signed certificate...
2023-11-17T05:25:28.700 INFO:teuthology.orchestra.run.smithi003.stderr:Running command: /bin/podman run --rm --ipc=host --no-hosts --net=host --entrypoint /usr/bin/ceph --init -e CONTAINER_IMAGE=docker.io/ceph/ceph:v16.2.4 -e NODE_NAME=smithi003 -e CEPH_USE_RANDOM_NONCE=1 -v /var/log/ceph/851feb1e-8509-11ee-8dbe-212e2dc638e7:/var/log/ceph:z -v /tmp/ceph-tmptcuja8tf:/etc/ceph/ceph.client.admin.keyring:z -v /tmp/ceph-tmpk7o1jie2:/etc/ceph/ceph.conf:z docker.io/ceph/ceph:v16.2.4 dashboard create-self-signed-cert
2023-11-17T05:25:28.703 INFO:journalctl@ceph.mon.smithi003.smithi003.stdout:Nov 17 05:25:28 smithi003 ceph-851feb1e-8509-11ee-8dbe-212e2dc638e7-mon.smithi003[111810]: cluster
2023-11-17T05:25:27.386439+0000 mon.smithi003 (mon.0) 92 : cluster [DBG] mgrmap e14: smithi003.eddcuc(active, starting, since 0.0528004s)
2023-11-17T05:25:28.703 INFO:journalctl@ceph.mon.smithi003.smithi003.stdout:Nov 17 05:25:28 smithi003 ceph-851feb1e-8509-11ee-8dbe-212e2dc638e7-mon.smithi003[111810]: audit
2023-11-17T05:25:27.389523+0000 mon.smithi003 (mon.0) 93 : audit [DBG] from='mgr.14164 172.21.15.3:0/529273834' entity='mgr.smithi003.eddcuc' cmd=[{"prefix": "mon metadata", "id": "smithi003"}]: dispatch
2023-11-17T05:25:28.703 INFO:journalctl@ceph.mon.smithi003.smithi003.stdout:Nov 17 05:25:28 smithi003 ceph-851feb1e-8509-11ee-8dbe-212e2dc638e7-mon.smithi003[111810]: audit
2023-11-17T05:25:27.389826+0000 mon.smithi003 (mon.0) 94 : audit [DBG] from='mgr.14164 172.21.15.3:0/529273834' entity='mgr.smithi003.eddcuc' cmd=[{"prefix": "mgr metadata", "who": "smithi003.eddcuc", "id": "smithi003.eddcuc"}]: dispatch
2023-11-17T05:25:28.703 INFO:journalctl@ceph.mon.smithi003.smithi003.stdout:Nov 17 05:25:28 smithi003 ceph-851feb1e-8509-11ee-8dbe-212e2dc638e7-mon.smithi003[111810]: audit
2023-11-17T05:25:27.390117+0000 mon.smithi003 (mon.0) 95 : audit [DBG] from='mgr.14164 172.21.15.3:0/529273834' entity='mgr.smithi003.eddcuc' cmd=[{"prefix": "mds metadata"}]: dispatch
2023-11-17T05:25:28.703 INFO:journalctl@ceph.mon.smithi003.smithi003.stdout:Nov 17 05:25:28 smithi003 ceph-851feb1e-8509-11ee-8dbe-212e2dc638e7-mon.smithi003[111810]: audit
2023-11-17T05:25:27.390270+0000 mon.smithi003 (mon.0) 96 : audit [DBG] from='mgr.14164 172.21.15.3:0/529273834' entity='mgr.smithi003.eddcuc' cmd=[{"prefix": "osd metadata"}]: dispatch
2023-11-17T05:25:28.703 INFO:journalctl@ceph.mon.smithi003.smithi003.stdout:Nov 17 05:25:28 smithi003 ceph-851feb1e-8509-11ee-8dbe-212e2dc638e7-mon.smithi003[111810]: audit
2023-11-17T05:25:27.390429+0000 mon.smithi003 (mon.0) 97 : audit [DBG] from='mgr.14164 172.21.15.3:0/529273834' entity='mgr.smithi003.eddcuc' cmd=[{"prefix": "mon metadata"}]: dispatch
2023-11-17T05:25:28.703 INFO:journalctl@ceph.mon.smithi003.smithi003.stdout:Nov 17 05:25:28 smithi003 ceph-851feb1e-8509-11ee-8dbe-212e2dc638e7-mon.smithi003[111810]: cluster
2023-11-17T05:25:27.404251+0000 mon.smithi003 (mon.0) 98 : cluster [INF] Manager daemon smithi003.eddcuc is now available
2023-11-17T05:25:28.704 INFO:journalctl@ceph.mon.smithi003.smithi003.stdout:Nov 17 05:25:28 smithi003 ceph-851feb1e-8509-11ee-8dbe-212e2dc638e7-mon.smithi003[111810]: audit
2023-11-17T05:25:27.516656+0000 mon.smithi003 (mon.0) 99 : audit [DBG] from='mgr.14164 172.21.15.3:0/529273834' entity='mgr.smithi003.eddcuc' cmd=[{"prefix": "config dump", "format": "json"}]: dispatch
2023-11-17T05:25:28.704 INFO:journalctl@ceph.mon.smithi003.smithi003.stdout:Nov 17 05:25:28 smithi003 ceph-851feb1e-8509-11ee-8dbe-212e2dc638e7-mon.smithi003[111810]: audit
2023-11-17T05:25:27.519420+0000 mon.smithi003 (mon.0) 100 : audit [DBG] from='mgr.14164 172.21.15.3:0/529273834' entity='mgr.smithi003.eddcuc' cmd=[{"prefix": "config dump", "format": "json"}]: dispatch
2023-11-17T05:25:28.704 INFO:journalctl@ceph.mon.smithi003.smithi003.stdout:Nov 17 05:25:28 smithi003 ceph-851feb1e-8509-11ee-8dbe-212e2dc638e7-mon.smithi003[111810]: audit
2023-11-17T05:25:27.543778+0000 mon.smithi003 (mon.0) 101 : audit [INF] from='mgr.14164 172.21.15.3:0/529273834' entity='mgr.smithi003.eddcuc' cmd=[{"prefix":"config rm","who":"mgr","name":"mgr/rbd_support/smithi003.eddcuc/mirror_snapshot_schedule"}]: dispatch
2023-11-17T05:25:28.704 INFO:journalctl@ceph.mon.smithi003.smithi003.stdout:Nov 17 05:25:28 smithi003 ceph-851feb1e-8509-11ee-8dbe-212e2dc638e7-mon.smithi003[111810]: audit
2023-11-17T05:25:27.547831+0000 mon.smithi003 (mon.0) 102 : audit [INF] from='mgr.14164 172.21.15.3:0/529273834' entity='mgr.smithi003.eddcuc' cmd=[{"prefix":"config rm","who":"mgr","name":"mgr/rbd_support/smithi003.eddcuc/trash_purge_schedule"}]: dispatch
2023-11-17T05:25:29.094 INFO:teuthology.orchestra.run.smithi003.stderr:/usr/bin/ceph:
2023-11-17T05:25:29.090+0000 7f3508a98700 1 Processor -- start
2023-11-17T05:25:29.094 INFO:teuthology.orchestra.run.smithi003.stderr:/usr/bin/ceph:
2023-11-17T05:25:29.090+0000 7f3508a98700 1 -- start start
2023-11-17T05:25:29.094 INFO:teuthology.orchestra.run.smithi003.stderr:/usr/bin/ceph:
2023-11-17T05:25:29.091+0000 7f3508a98700 1 --2- >> [v2:172.21.15.3:3300/0,v1:172.21.15.3:6789/0] conn(0x7f3504071cb0 0x7f3504070250 unknown :-1 s=NONE pgs=0 cs=0 l=0 rev1=0 rx=0 tx=0).connect
2023-11-17T05:25:29.094 INFO:teuthology.orchestra.run.smithi003.stderr:/usr/bin/ceph:
2023-11-17T05:25:29.091+0000 7f3508a98700 1 -- --> [v2:172.21.15.3:3300/0,v1:172.21.15.3:6789/0] -- mon_getmap magic: 0 v1 -- 0x7f35040720d0 con 0x7f3504071cb0
2023-11-17T05:25:29.094 INFO:teuthology.orchestra.run.smithi003.stderr:/usr/bin/ceph:
2023-11-17T05:25:29.091+0000 7f350259c700 1 --2- >> [v2:172.21.15.3:3300/0,v1:172.21.15.3:6789/0] conn(0x7f3504071cb0 0x7f3504070250 unknown :-1 s=BANNER_CONNECTING pgs=0 cs=0 l=0 rev1=0 rx=0 tx=0)._handle_peer_banner_payload supported=1 required=0
2023-11-17T05:25:29.094 INFO:teuthology.orchestra.run.smithi003.stderr:/usr/bin/ceph:
2023-11-17T05:25:29.091+0000 7f350259c700 1 --2- >> [v2:172.21.15.3:3300/0,v1:172.21.15.3:6789/0] conn(0x7f3504071cb0 0x7f3504070250 unknown :-1 s=HELLO_CONNECTING pgs=0 cs=0 l=0 rev1=1 rx=0 tx=0).handle_hello peer v2:172.21.15.3:3300/0 says I am v2:172.21.15.3:52110/0 (socket says 172.21.15.3:52110)
2023-11-17T05:25:29.094 INFO:teuthology.orchestra.run.smithi003.stderr:/usr/bin/ceph:
2023-11-17T05:25:29.091+0000 7f350259c700 1 -- 172.21.15.3:0/505524070 learned_addr learned my addr 172.21.15.3:0/505524070 (peer_addr_for_me v2:172.21.15.3:0/0)
2023-11-17T05:25:29.094 INFO:teuthology.orchestra.run.smithi003.stderr:/usr/bin/ceph:
2023-11-17T05:25:29.091+0000 7f350259c700 1 -- 172.21.15.3:0/505524070 --> [v2:172.21.15.3:3300/0,v1:172.21.15.3:6789/0] -- mon_subscribe({config=0+,monmap=0+}) v3 -- 0x7f3504070740 con 0x7f3504071cb0
2023-11-17T05:25:29.094 INFO:teuthology.orchestra.run.smithi003.stderr:/usr/bin/ceph:
2023-11-17T05:25:29.092+0000 7f350259c700 1 --2- 172.21.15.3:0/505524070 >> [v2:172.21.15.3:3300/0,v1:172.21.15.3:6789/0] conn(0x7f3504071cb0 0x7f3504070250 secure :-1 s=READY pgs=81 cs=0 l=1 rev1=1 rx=0x7f34f400b5f0 tx=0x7f34f4006ee0).ready entity=mon.0 client_cookie=14f71103fd204e50 server_cookie=0 in_seq=0 out_seq=0
2023-11-17T05:25:29.094 INFO:teuthology.orchestra.run.smithi003.stderr:/usr/bin/ceph:
2023-11-17T05:25:29.092+0000 7f350159a700 1 -- 172.21.15.3:0/505524070 <== mon.0 v2:172.21.15.3:3300/0 1 ==== mon_map magic: 0 v1 ==== 229+0+0 (secure 0 0 0) 0x7f34f400d600 con 0x7f3504071cb0
2023-11-17T05:25:29.095 INFO:teuthology.orchestra.run.smithi003.stderr:/usr/bin/ceph:
2023-11-17T05:25:29.092+0000 7f350159a700 1 -- 172.21.15.3:0/505524070 <== mon.0 v2:172.21.15.3:3300/0 2 ==== config(25 keys) v1 ==== 1010+0+0 (secure 0 0 0) 0x7f34f400dbd0 con 0x7f3504071cb0
2023-11-17T05:25:29.095 INFO:teuthology.orchestra.run.smithi003.stderr:/usr/bin/ceph:
2023-11-17T05:25:29.092+0000 7f350159a700 1 -- 172.21.15.3:0/505524070 <== mon.0 v2:172.21.15.3:3300/0 3 ==== mon_map magic: 0 v1 ==== 229+0+0 (secure 0 0 0) 0x7f34f4011c00 con 0x7f3504071cb0
2023-11-17T05:25:29.095 INFO:teuthology.orchestra.run.smithi003.stderr:/usr/bin/ceph:
2023-11-17T05:25:29.092+0000 7f3508a98700 1 -- 172.21.15.3:0/505524070 >> [v2:172.21.15.3:3300/0,v1:172.21.15.3:6789/0] conn(0x7f3504071cb0 msgr2=0x7f3504070250 secure :-1 s=STATE_CONNECTION_ESTABLISHED l=1).mark_down
2023-11-17T05:25:29.097 INFO:teuthology.orchestra.run.smithi003.stderr:/usr/bin/ceph:
2023-11-17T05:25:29.092+0000 7f3508a98700 1 --2- 172.21.15.3:0/505524070 >> [v2:172.21.15.3:3300/0,v1:172.21.15.3:6789/0] conn(0x7f3504071cb0 0x7f3504070250 secure :-1 s=READY pgs=81 cs=0 l=1 rev1=1 rx=0x7f34f400b5f0 tx=0x7f34f4006ee0).stop
2023-11-17T05:25:29.097 INFO:teuthology.orchestra.run.smithi003.stderr:/usr/bin/ceph:
2023-11-17T05:25:29.093+0000 7f3508a98700 1 -- 172.21.15.3:0/505524070 shutdown_connections
2023-11-17T05:25:29.097 INFO:teuthology.orchestra.run.smithi003.stderr:/usr/bin/ceph:
2023-11-17T05:25:29.093+0000 7f3508a98700 1 --2- 172.21.15.3:0/505524070 >> [v2:172.21.15.3:3300/0,v1:172.21.15.3:6789/0] conn(0x7f3504071cb0 0x7f3504070250 unknown :-1 s=CLOSED pgs=81 cs=0 l=1 rev1=1 rx=0 tx=0).stop
2023-11-17T05:25:29.098 INFO:teuthology.orchestra.run.smithi003.stderr:/usr/bin/ceph:
2023-11-17T05:25:29.093+0000 7f3508a98700 1 -- 172.21.15.3:0/505524070 >> 172.21.15.3:0/505524070 conn(0x7f35040f73e0 msgr2=0x7f35040f9800 unknown :-1 s=STATE_NONE l=0).mark_down
2023-11-17T05:25:29.098 INFO:teuthology.orchestra.run.smithi003.stderr:/usr/bin/ceph:
2023-11-17T05:25:29.093+0000 7f3508a98700 1 -- 172.21.15.3:0/505524070 shutdown_connections
2023-11-17T05:25:29.098 INFO:teuthology.orchestra.run.smithi003.stderr:/usr/bin/ceph:
2023-11-17T05:25:29.093+0000 7f3508a98700 1 -- 172.21.15.3:0/505524070 wait complete.
2023-11-17T05:25:29.098 INFO:teuthology.orchestra.run.smithi003.stderr:/usr/bin/ceph:
2023-11-17T05:25:29.093+0000 7f3508a98700 1 Processor -- start
2023-11-17T05:25:29.098 INFO:teuthology.orchestra.run.smithi003.stderr:/usr/bin/ceph:
2023-11-17T05:25:29.093+0000 7f3508a98700 1 -- start start
2023-11-17T05:25:29.098 INFO:teuthology.orchestra.run.smithi003.stderr:/usr/bin/ceph:
2023-11-17T05:25:29.093+0000 7f3508a98700 1 --2- >> [v2:172.21.15.3:3300/0,v1:172.21.15.3:6789/0] conn(0x7f3504071cb0 0x7f350410cbb0 unknown :-1 s=NONE pgs=0 cs=0 l=1 rev1=0 rx=0 tx=0).connect
2023-11-17T05:25:29.098 INFO:teuthology.orchestra.run.smithi003.stderr:/usr/bin/ceph:
2023-11-17T05:25:29.093+0000 7f3508a98700 1 -- --> [v2:172.21.15.3:3300/0,v1:172.21.15.3:6789/0] -- mon_getmap magic: 0 v1 -- 0x7f350410d0a0 con 0x7f3504071cb0
2023-11-17T05:25:29.098 INFO:teuthology.orchestra.run.smithi003.stderr:/usr/bin/ceph:
2023-11-17T05:25:29.094+0000 7f350259c700 1 --2- >> [v2:172.21.15.3:3300/0,v1:172.21.15.3:6789/0] conn(0x7f3504071cb0 0x7f350410cbb0 unknown :-1 s=BANNER_CONNECTING pgs=0 cs=0 l=1 rev1=0 rx=0 tx=0)._handle_peer_banner_payload supported=1 required=0
2023-11-17T05:25:29.098 INFO:teuthology.orchestra.run.smithi003.stderr:/usr/bin/ceph:
2023-11-17T05:25:29.094+0000 7f350259c700 1 --2- >> [v2:172.21.15.3:3300/0,v1:172.21.15.3:6789/0] conn(0x7f3504071cb0 0x7f350410cbb0 unknown :-1 s=HELLO_CONNECTING pgs=0 cs=0 l=1 rev1=1 rx=0 tx=0).handle_hello peer v2:172.21.15.3:3300/0 says I am v2:172.21.15.3:52114/0 (socket says 172.21.15.3:52114)
2023-11-17T05:25:29.098 INFO:teuthology.orchestra.run.smithi003.stderr:/usr/bin/ceph:
2023-11-17T05:25:29.094+0000 7f350259c700 1 -- 172.21.15.3:0/549890255 learned_addr learned my addr 172.21.15.3:0/549890255 (peer_addr_for_me v2:172.21.15.3:0/0)
2023-11-17T05:25:29.098 INFO:teuthology.orchestra.run.smithi003.stderr:/usr/bin/ceph:
2023-11-17T05:25:29.094+0000 7f350259c700 1 -- 172.21.15.3:0/549890255 --> [v2:172.21.15.3:3300/0,v1:172.21.15.3:6789/0] -- mon_subscribe({config=0+,monmap=0+}) v3 -- 0x7f34f400b200 con 0x7f3504071cb0
2023-11-17T05:25:29.098 INFO:teuthology.orchestra.run.smithi003.stderr:/usr/bin/ceph:
2023-11-17T05:25:29.094+0000 7f350259c700 1 --2- 172.21.15.3:0/549890255 >> [v2:172.21.15.3:3300/0,v1:172.21.15.3:6789/0] conn(0x7f3504071cb0 0x7f350410cbb0 secure :-1 s=READY pgs=82 cs=0 l=1 rev1=1 rx=0x7f34f400e040 tx=0x7f34f4006ee0).ready entity=mon.0 client_cookie=0 server_cookie=0 in_seq=0 out_seq=0
2023-11-17T05:25:29.098 INFO:teuthology.orchestra.run.smithi003.stderr:/usr/bin/ceph:
2023-11-17T05:25:29.094+0000 7f34faffd700 1 -- 172.21.15.3:0/549890255 <== mon.0 v2:172.21.15.3:3300/0 1 ==== mon_map magic: 0 v1 ==== 229+0+0 (secure 0 0 0) 0x7f34f400d9f0 con 0x7f3504071cb0
2023-11-17T05:25:29.099 INFO:teuthology.orchestra.run.smithi003.stderr:/usr/bin/ceph:
2023-11-17T05:25:29.094+0000 7f34faffd700 1 -- 172.21.15.3:0/549890255 <== mon.0 v2:172.21.15.3:3300/0 2 ==== config(25 keys) v1 ==== 1010+0+0 (secure 0 0 0) 0x7f34f401a9f0 con 0x7f3504071cb0
2023-11-17T05:25:29.099 INFO:teuthology.orchestra.run.smithi003.stderr:/usr/bin/ceph:
2023-11-17T05:25:29.094+0000 7f3508a98700 1 -- 172.21.15.3:0/549890255 --> [v2:172.21.15.3:3300/0,v1:172.21.15.3:6789/0] -- mon_subscribe({mgrmap=0+}) v3 -- 0x7f350410d2a0 con 0x7f3504071cb0
2023-11-17T05:25:29.099 INFO:teuthology.orchestra.run.smithi003.stderr:/usr/bin/ceph:
2023-11-17T05:25:29.094+0000 7f34faffd700 1 -- 172.21.15.3:0/549890255 <== mon.0 v2:172.21.15.3:3300/0 3 ==== mon_map magic: 0 v1 ==== 229+0+0 (secure 0 0 0) 0x7f34f401b8c0 con 0x7f3504071cb0
2023-11-17T05:25:29.099 INFO:teuthology.orchestra.run.smithi003.stderr:/usr/bin/ceph:
2023-11-17T05:25:29.094+0000 7f3508a98700 1 -- 172.21.15.3:0/549890255 --> [v2:172.21.15.3:3300/0,v1:172.21.15.3:6789/0] -- mon_subscribe({osdmap=0}) v3 -- 0x7f350410d6b0 con 0x7f3504071cb0
2023-11-17T05:25:29.099 INFO:teuthology.orchestra.run.smithi003.stderr:/usr/bin/ceph:
2023-11-17T05:25:29.095+0000 7f34faffd700 1 -- 172.21.15.3:0/549890255 <== mon.0 v2:172.21.15.3:3300/0 4 ==== mgrmap(e 15) v1 ==== 36067+0+0 (secure 0 0 0) 0x7f34f400f070 con 0x7f3504071cb0
2023-11-17T05:25:29.099 INFO:teuthology.orchestra.run.smithi003.stderr:/usr/bin/ceph:
2023-11-17T05:25:29.095+0000 7f34faffd700 1 --2- 172.21.15.3:0/549890255 >> [v2:172.21.15.3:6800/17534166,v1:172.21.15.3:6801/17534166] conn(0x7f34e402fdc0 0x7f34e4032280 unknown :-1 s=NONE pgs=0 cs=0 l=1 rev1=0 rx=0 tx=0).connect
2023-11-17T05:25:29.099 INFO:teuthology.orchestra.run.smithi003.stderr:/usr/bin/ceph:
2023-11-17T05:25:29.095+0000 7f34faffd700 1 -- 172.21.15.3:0/549890255 <== mon.0 v2:172.21.15.3:3300/0 5 ==== osd_map(4..4 src has 1..4) v4 ==== 1270+0+0 (secure 0 0 0) 0x7f34f401ab60 con 0x7f3504071cb0
2023-11-17T05:25:29.099 INFO:teuthology.orchestra.run.smithi003.stderr:/usr/bin/ceph:
2023-11-17T05:25:29.095+0000 7f3501d9b700 1 --2- 172.21.15.3:0/549890255 >> [v2:172.21.15.3:6800/17534166,v1:172.21.15.3:6801/17534166] conn(0x7f34e402fdc0 0x7f34e4032280 unknown :-1 s=BANNER_CONNECTING pgs=0 cs=0 l=1 rev1=0 rx=0 tx=0)._handle_peer_banner_payload supported=1 required=0
2023-11-17T05:25:29.099 INFO:teuthology.orchestra.run.smithi003.stderr:/usr/bin/ceph:
2023-11-17T05:25:29.095+0000 7f3508a98700 1 -- 172.21.15.3:0/549890255 --> [v2:172.21.15.3:3300/0,v1:172.21.15.3:6789/0] -- mon_command({"prefix": "get_command_descriptions"} v 0) v1 -- 0x7f3504059100 con 0x7f3504071cb0
2023-11-17T05:25:29.099 INFO:teuthology.orchestra.run.smithi003.stderr:/usr/bin/ceph:
2023-11-17T05:25:29.096+0000 7f3501d9b700 1 --2- 172.21.15.3:0/549890255 >> [v2:172.21.15.3:6800/17534166,v1:172.21.15.3:6801/17534166] conn(0x7f34e402fdc0 0x7f34e4032280 secure :-1 s=READY pgs=6 cs=0 l=1 rev1=1 rx=0x7f34ec0096a0 tx=0x7f34ec006b40).ready entity=mgr.14164 client_cookie=0 server_cookie=0 in_seq=0 out_seq=0
2023-11-17T05:25:29.101 INFO:teuthology.orchestra.run.smithi003.stderr:/usr/bin/ceph:
2023-11-17T05:25:29.100+0000 7f34faffd700 1 -- 172.21.15.3:0/549890255 <== mon.0 v2:172.21.15.3:3300/0 6 ==== mon_command_ack([{"prefix": "get_command_descriptions"}]=0 v0) v1 ==== 72+0+152212 (secure 0 0 0) 0x7f34f4016070 con 0x7f3504071cb0
2023-11-17T05:25:29.272 INFO:teuthology.orchestra.run.smithi003.stderr:/usr/bin/ceph:
2023-11-17T05:25:29.270+0000 7f3508a98700 1 -- 172.21.15.3:0/549890255 --> [v2:172.21.15.3:6800/17534166,v1:172.21.15.3:6801/17534166] -- mgr_command(tid 0: {"prefix": "dashboard create-self-signed-cert", "target": ["mon-mgr", ""]}) v1 -- 0x7f3504106a30 con 0x7f34e402fdc0
2023-11-17T05:25:29.326 INFO:teuthology.orchestra.run.smithi003.stderr:/usr/bin/ceph:
2023-11-17T05:25:29.324+0000 7f34faffd700 1 -- 172.21.15.3:0/549890255 <== mgr.14164 v2:172.21.15.3:6800/17534166 1 ==== mgr_command_reply(tid 0: 0 ) v1 ==== 8+0+32 (secure 0 0 0) 0x7f3504106a30 con 0x7f34e402fdc0
2023-11-17T05:25:29.326 INFO:teuthology.orchestra.run.smithi003.stderr:/usr/bin/ceph: Self-signed certificate created
2023-11-17T05:25:29.331 INFO:teuthology.orchestra.run.smithi003.stderr:/usr/bin/ceph:
